Jul 31 06:42:05.956595 np0000187763 devstack@neutron-api.service[101913]: DEBUG neutron.api.extensions [None req-55fbaee3-7083-4717-9d80-0b94a9b69454 None None] Ext name="Auto Allocated Topology Services" alias="auto-allocated-topology" description="Auto Allocated Topology Services." updated="2016-01-01T00:00:00-00:00" {{(pid=101913) _check_extension /opt/stack/neutron/neutron/api/extensions.py:415}}
Jul 31 06:42:05.956845 np0000187763 devstack@neutron-api.service[101912]: INFO neutron.api.extensions [None req-4284197c-ceca-4688-b794-ce7fff1663d2 None None] Loaded extension: fip-port-details
Jul 31 06:42:05.957185 np0000187763 devstack@neutron-api.service[101913]: INFO neutron.api.extensions [None req-55fbaee3-7083-4717-9d80-0b94a9b69454 None None] Loaded extension: auto-allocated-topology
Jul 31 06:42:05.957430 np0000187763 devstack@neutron-api.service[101912]: DEBUG neutron.api.extensions [None req-4284197c-ceca-4688-b794-ce7fff1663d2 None None] Loading extension file: flavors.py {{(pid=101912) _load_all_extensions_from_path /opt/stack/neutron/neutron/api/extensions.py:449}}
Jul 31 06:42:05.957668 np0000187763 devstack@neutron-api.service[101913]: DEBUG neutron.api.extensions [None req-55fbaee3-7083-4717-9d80-0b94a9b69454 None None] Loading extension file: availability_zone.py {{(pid=101913) _load_all_extensions_from_path /opt/stack/neutron/neutron/api/extensions.py:449}}
Jul 31 06:42:05.957668 np0000187763 devstack@neutron-api.service[101913]: DEBUG neutron.api.extensions [None req-55fbaee3-7083-4717-9d80-0b94a9b69454 None None] Ext name="Availability Zone" alias="availability_zone" description="The availability zone extension." updated="2015-01-01T10:00:00-00:00" {{(pid=101913) _check_extension /opt/stack/neutron/neutron/api/extensions.py:415}}
Jul 31 06:42:05.957989 np0000187763 devstack@neutron-api.service[101912]: DEBUG neutron.api.extensions [None req-4284197c-ceca-4688-b794-ce7fff1663d2 None None] Ext name="Neutron Service Flavors" alias="flavors" description="Flavor specification for Neutron advanced services." updated="2015-09-17T10:00:00-00:00" {{(pid=101912) _check_extension /opt/stack/neutron/neutron/api/extensions.py:415}}
Jul 31 06:42:05.958242 np0000187763 devstack@neutron-api.service[101913]: INFO neutron.api.extensions [None req-55fbaee3-7083-4717-9d80-0b94a9b69454 None None] Loaded extension: availability_zone
Jul 31 06:42:05.958242 np0000187763 devstack@neutron-api.service[101913]: DEBUG neutron.api.extensions [None req-55fbaee3-7083-4717-9d80-0b94a9b69454 None None] Loading extension file: availability_zone_filter.py {{(pid=101913) _load_all_extensions_from_path /opt/stack/neutron/neutron/api/extensions.py:449}}
Jul 31 06:42:05.958516 np0000187763 devstack@neutron-api.service[101912]: INFO neutron.api.extensions [None req-4284197c-ceca-4688-b794-ce7fff1663d2 None None] Loaded extension: flavors
Jul 31 06:42:05.958516 np0000187763 devstack@neutron-api.service[101912]: DEBUG neutron.api.extensions [None req-4284197c-ceca-4688-b794-ce7fff1663d2 None None] Loading extension file: floating_ip_port_forwarding.py {{(pid=101912) _load_all_extensions_from_path /opt/stack/neutron/neutron/api/extensions.py:449}}
Jul 31 06:42:05.958818 np0000187763 devstack@neutron-api.service[101913]: DEBUG neutron.api.extensions [None req-55fbaee3-7083-4717-9d80-0b94a9b69454 None None] Ext name="Availability Zone Filter Extension" alias="availability_zone_filter" description="Add filter parameters to AvailabilityZone resource" updated="2018-06-22T10:00:00-00:00" {{(pid=101913) _check_extension /opt/stack/neutron/neutron/api/extensions.py:415}}
Jul 31 06:42:05.959108 np0000187763 devstack@neutron-api.service[101912]: DEBUG neutron.api.extensions [None req-4284197c-ceca-4688-b794-ce7fff1663d2 None None] Ext name="Floating IP Port Forwarding" alias="floating-ip-port-forwarding" description="Allow port forwarding from floating IP port to an internal port" updated="2018-01-19T10:00:00-00:00" {{(pid=101912) _check_extension /opt/stack/neutron/neutron/api/extensions.py:415}}
Jul 31 06:42:05.959384 np0000187763 devstack@neutron-api.service[101913]: INFO neutron.api.extensions [None req-55fbaee3-7083-4717-9d80-0b94a9b69454 None None] Extension availability_zone_filter not supported by any of loaded plugins
Jul 31 06:42:05.959384 np0000187763 devstack@neutron-api.service[101913]: DEBUG neutron.api.extensions [None req-55fbaee3-7083-4717-9d80-0b94a9b69454 None None] Loading extension file: data_plane_status.py {{(pid=101913) _load_all_extensions_from_path /opt/stack/neutron/neutron/api/extensions.py:449}}
Jul 31 06:42:05.959686 np0000187763 devstack@neutron-api.service[101912]: INFO neutron.api.extensions [None req-4284197c-ceca-4688-b794-ce7fff1663d2 None None] Extension floating-ip-port-forwarding not supported by any of loaded plugins
Jul 31 06:42:05.959686 np0000187763 devstack@neutron-api.service[101912]: DEBUG neutron.api.extensions [None req-4284197c-ceca-4688-b794-ce7fff1663d2 None None] Loading extension file: floatingip_pools.py {{(pid=101912) _load_all_extensions_from_path /opt/stack/neutron/neutron/api/extensions.py:449}}
Jul 31 06:42:05.960041 np0000187763 devstack@neutron-api.service[101913]: DEBUG neutron.api.extensions [None req-55fbaee3-7083-4717-9d80-0b94a9b69454 None None] Ext name="Port data plane status extension" alias="data-plane-status" description="Expose status of underlying data plane" updated="2017-01-24T10:00:00-00:00" {{(pid=101913) _check_extension /opt/stack/neutron/neutron/api/extensions.py:415}}
Jul 31 06:42:05.960294 np0000187763 devstack@neutron-api.service[101911]: DEBUG neutron_lib.callbacks.manager [None req-4cabab79-1f35-40bd-ba71-8ceaf1e158b7 None None] Subscribe: > router before_delete 55550000, False {{(pid=101911) subscribe /opt/stack/data/venv/lib/python3.12/site-packages/neutron_lib/callbacks/manager.py:52}}
Jul 31 06:42:05.960294 np0000187763 devstack@neutron-api.service[101911]: DEBUG neutron_lib.callbacks.manager [None req-4cabab79-1f35-40bd-ba71-8ceaf1e158b7 None None] Subscribe: port before_update 55550000, False {{(pid=101911) subscribe /opt/stack/data/venv/lib/python3.12/site-packages/neutron_lib/callbacks/manager.py:52}}
Jul 31 06:42:05.960596 np0000187763 devstack@neutron-api.service[101913]: INFO neutron.api.extensions [None req-55fbaee3-7083-4717-9d80-0b94a9b69454 None None] Extension data-plane-status not supported by any of loaded plugins
Jul 31 06:42:05.960859 np0000187763 devstack@neutron-api.service[101912]: DEBUG neutron.api.extensions [None req-4284197c-ceca-4688-b794-ce7fff1663d2 None None] Ext name="Floating IP Pools Extension" alias="floatingip-pools" description="Provides a floating IP pools API." updated="2018-03-21T10:00:00-00:00" {{(pid=101912) _check_extension /opt/stack/neutron/neutron/api/extensions.py:415}}
Jul 31 06:42:05.961205 np0000187763 devstack@neutron-api.service[101913]: DEBUG neutron.api.extensions [None req-55fbaee3-7083-4717-9d80-0b94a9b69454 None None] Loading extension file: default_subnetpools.py {{(pid=101913) _load_all_extensions_from_path /opt/stack/neutron/neutron/api/extensions.py:449}}
Jul 31 06:42:05.961490 np0000187763 devstack@neutron-api.service[101911]: DEBUG neutron_lib.callbacks.manager [None req-4cabab79-1f35-40bd-ba71-8ceaf1e158b7 None None] Subscribe: port after_update 55550000, False {{(pid=101911) subscribe /opt/stack/data/venv/lib/python3.12/site-packages/neutron_lib/callbacks/manager.py:52}}
Jul 31 06:42:05.961819 np0000187763 devstack@neutron-api.service[101912]: INFO neutron.api.extensions [None req-4284197c-ceca-4688-b794-ce7fff1663d2 None None] Loaded extension: floatingip-pools
Jul 31 06:42:05.962123 np0000187763 devstack@neutron-api.service[101911]: DEBUG neutron_lib.callbacks.manager [None req-4cabab79-1f35-40bd-ba71-8ceaf1e158b7 None None] Subscribe: > port precommit_delete 55550000, False {{(pid=101911) subscribe /opt/stack/data/venv/lib/python3.12/site-packages/neutron_lib/callbacks/manager.py:52}}
Jul 31 06:42:05.962419 np0000187763 devstack@neutron-api.service[101912]: DEBUG neutron.api.extensions [None req-4284197c-ceca-4688-b794-ce7fff1663d2 None None] Loading extension file: ip_allocation.py {{(pid=101912) _load_all_extensions_from_path /opt/stack/neutron/neutron/api/extensions.py:449}}
Jul 31 06:42:05.962675 np0000187763 devstack@neutron-api.service[101911]: DEBUG neutron_lib.callbacks.manager [None req-4cabab79-1f35-40bd-ba71-8ceaf1e158b7 None None] Subscribe: port before_update 55550000, False {{(pid=101911) subscribe /opt/stack/data/venv/lib/python3.12/site-packages/neutron_lib/callbacks/manager.py:52}}
Jul 31 06:42:05.962675 np0000187763 devstack@neutron-api.service[101911]: DEBUG neutron_lib.callbacks.manager [None req-4cabab79-1f35-40bd-ba71-8ceaf1e158b7 None None] Subscribe: port before_delete 55550000, False {{(pid=101911) subscribe /opt/stack/data/venv/lib/python3.12/site-packages/neutron_lib/callbacks/manager.py:52}}
Jul 31 06:42:05.962976 np0000187763 devstack@neutron-api.service[101912]: DEBUG neutron.api.extensions [None req-4284197c-ceca-4688-b794-ce7fff1663d2 None None] Ext name="IP Allocation" alias="ip_allocation" description="IP allocation extension." updated="2016-06-10T23:00:00-00:00" {{(pid=101912) _check_extension /opt/stack/neutron/neutron/api/extensions.py:415}}
Jul 31 06:42:05.963212 np0000187763 devstack@neutron-api.service[101911]: DEBUG neutron_lib.callbacks.manager [None req-4cabab79-1f35-40bd-ba71-8ceaf1e158b7 None None] Subscribe: > router precommit_create 55550000, False {{(pid=101911) subscribe /opt/stack/data/venv/lib/python3.12/site-packages/neutron_lib/callbacks/manager.py:52}}
Jul 31 06:42:05.963445 np0000187763 devstack@neutron-api.service[101913]: DEBUG neutron.api.extensions [None req-55fbaee3-7083-4717-9d80-0b94a9b69454 None None] Ext name="Default Subnetpools" alias="default-subnetpools" description="Provides ability to mark and use a subnetpool as the default." updated="2016-02-18T18:00:00-00:00" {{(pid=101913) _check_extension /opt/stack/neutron/neutron/api/extensions.py:415}}
Jul 31 06:42:05.963536 np0000187763 devstack@neutron-api.service[101911]: DEBUG neutron_lib.callbacks.manager [None req-4cabab79-1f35-40bd-ba71-8ceaf1e158b7 None None] Subscribe: > router precommit_create 55550000, False {{(pid=101911) subscribe /opt/stack/data/venv/lib/python3.12/site-packages/neutron_lib/callbacks/manager.py:52}}
Jul 31 06:42:05.963780 np0000187763 devstack@neutron-api.service[101912]: INFO neutron.api.extensions [None req-4284197c-ceca-4688-b794-ce7fff1663d2 None None] Extension ip_allocation not supported by any of loaded plugins
Jul 31 06:42:05.963864 np0000187763 devstack@neutron-api.service[101913]: INFO neutron.api.extensions [None req-55fbaee3-7083-4717-9d80-0b94a9b69454 None None] Loaded extension: default-subnetpools
Jul 31 06:42:05.964074 np0000187763 devstack@neutron-api.service[101911]: DEBUG neutron_lib.callbacks.manager [None req-4cabab79-1f35-40bd-ba71-8ceaf1e158b7 None None] Subscribe: > router precommit_update 55550000, False {{(pid=101911) subscribe /opt/stack/data/venv/lib/python3.12/site-packages/neutron_lib/callbacks/manager.py:52}}
Jul 31 06:42:05.964181 np0000187763 devstack@neutron-api.service[101912]: DEBUG neutron.api.extensions [None req-4284197c-ceca-4688-b794-ce7fff1663d2 None None] Loading extension file: ip_substring_port_filtering.py {{(pid=101912) _load_all_extensions_from_path /opt/stack/neutron/neutron/api/extensions.py:449}}
Jul 31 06:42:05.964735 np0000187763 devstack@neutron-api.service[101913]: DEBUG neutron.api.extensions [None req-55fbaee3-7083-4717-9d80-0b94a9b69454 None None] Loading extension file: dhcpagentscheduler.py {{(pid=101913) _load_all_extensions_from_path /opt/stack/neutron/neutron/api/extensions.py:449}}
Jul 31 06:42:05.965015 np0000187763 devstack@neutron-api.service[101911]: DEBUG neutron_lib.callbacks.manager [None req-4cabab79-1f35-40bd-ba71-8ceaf1e158b7 None None] Subscribe: subnet after_update 55550000, False {{(pid=101911) subscribe /opt/stack/data/venv/lib/python3.12/site-packages/neutron_lib/callbacks/manager.py:52}}
Jul 31 06:42:05.965262 np0000187763 devstack@neutron-api.service[101912]: DEBUG neutron.api.extensions [None req-4284197c-ceca-4688-b794-ce7fff1663d2 None None] Ext name="IP address substring filtering" alias="ip-substring-filtering" description="Provides IP address substring filtering when listing ports" updated="2017-11-28T09:00:00-00:00" {{(pid=101912) _check_extension /opt/stack/neutron/neutron/api/extensions.py:415}}
Jul 31 06:42:05.965509 np0000187763 devstack@neutron-api.service[101911]: DEBUG neutron.quota.resource_registry [None req-4cabab79-1f35-40bd-ba71-8ceaf1e158b7 None None] Tracking information for resource: router configured {{(pid=101911) set_tracked_resource /opt/stack/neutron/neutron/quota/resource_registry.py:203}}
Jul 31 06:42:05.965509 np0000187763 devstack@neutron-api.service[101911]: DEBUG neutron.quota.resource_registry [None req-4cabab79-1f35-40bd-ba71-8ceaf1e158b7 None None] Tracking information for resource: floatingip configured {{(pid=101911) set_tracked_resource /opt/stack/neutron/neutron/quota/resource_registry.py:203}}
Jul 31 06:42:05.965800 np0000187763 devstack@neutron-api.service[101912]: INFO neutron.api.extensions [None req-4284197c-ceca-4688-b794-ce7fff1663d2 None None] Extension ip-substring-filtering not supported by any of loaded plugins
Jul 31 06:42:05.966094 np0000187763 devstack@neutron-api.service[101913]: DEBUG neutron.api.extensions [None req-55fbaee3-7083-4717-9d80-0b94a9b69454 None None] Ext name="DHCP Agent Scheduler" alias="dhcp_agent_scheduler" description="Schedule networks among dhcp agents" updated="2013-02-07T10:00:00-00:00" {{(pid=101913) _check_extension /opt/stack/neutron/neutron/api/extensions.py:415}}
Jul 31 06:42:05.966361 np0000187763 devstack@neutron-api.service[101911]: INFO neutron.services.ovn_l3.plugin [None req-4cabab79-1f35-40bd-ba71-8ceaf1e158b7 None None] Starting OVNL3RouterPlugin
Jul 31 06:42:05.966656 np0000187763 devstack@neutron-api.service[101912]: DEBUG neutron.api.extensions [None req-4284197c-ceca-4688-b794-ce7fff1663d2 None None] Loading extension file: l2_adjacency.py {{(pid=101912) _load_all_extensions_from_path /opt/stack/neutron/neutron/api/extensions.py:449}}
Jul 31 06:42:05.966903 np0000187763 devstack@neutron-api.service[101913]: INFO neutron.api.extensions [None req-55fbaee3-7083-4717-9d80-0b94a9b69454 None None] Loaded extension: dhcp_agent_scheduler
Jul 31 06:42:05.966903 np0000187763 devstack@neutron-api.service[101913]: DEBUG neutron.api.extensions [None req-55fbaee3-7083-4717-9d80-0b94a9b69454 None None] Loading extension file: dns.py {{(pid=101913) _load_all_extensions_from_path /opt/stack/neutron/neutron/api/extensions.py:449}}
Jul 31 06:42:05.967038 np0000187763 devstack@neutron-api.service[101911]: DEBUG neutron_lib.callbacks.manager [None req-4cabab79-1f35-40bd-ba71-8ceaf1e158b7 None None] Subscribe: > port_forwarding_plugin after_init 55550000, False {{(pid=101911) subscribe /opt/stack/data/venv/lib/python3.12/site-packages/neutron_lib/callbacks/manager.py:52}}
Jul 31 06:42:05.967122 np0000187763 devstack@neutron-api.service[101912]: DEBUG neutron.api.extensions [None req-4284197c-ceca-4688-b794-ce7fff1663d2 None None] Ext name="L2 Adjacency" alias="l2_adjacency" description="Display L2 Adjacency for Neutron Networks." updated="2016-04-12T16:00:00-00:00" {{(pid=101912) _check_extension /opt/stack/neutron/neutron/api/extensions.py:415}}
Jul 31 06:42:05.967122 np0000187763 devstack@neutron-api.service[101912]: INFO neutron.api.extensions [None req-4284197c-ceca-4688-b794-ce7fff1663d2 None None] Extension l2_adjacency not supported by any of loaded plugins
Jul 31 06:42:05.967228 np0000187763 devstack@neutron-api.service[101911]: DEBUG neutron_lib.callbacks.manager [None req-4cabab79-1f35-40bd-ba71-8ceaf1e158b7 None None] Subscribe: > router before_create 55550100, False {{(pid=101911) subscribe /opt/stack/data/venv/lib/python3.12/site-packages/neutron_lib/callbacks/manager.py:52}}
Jul 31 06:42:05.967318 np0000187763 devstack@neutron-api.service[101913]: DEBUG neutron.api.extensions [None req-55fbaee3-7083-4717-9d80-0b94a9b69454 None None] Ext name="DNS Integration" alias="dns-integration" description="Provides integration with DNS." updated="2015-08-15T18:00:00-00:00" {{(pid=101913) _check_extension /opt/stack/neutron/neutron/api/extensions.py:415}}
Jul 31 06:42:05.967428 np0000187763 devstack@neutron-api.service[101912]: DEBUG neutron.api.extensions [None req-4284197c-ceca-4688-b794-ce7fff1663d2 None None] Loading extension file: l3.py {{(pid=101912) _load_all_extensions_from_path /opt/stack/neutron/neutron/api/extensions.py:449}}
Jul 31 06:42:05.967702 np0000187763 devstack@neutron-api.service[101911]: DEBUG neutron_lib.callbacks.manager [None req-4cabab79-1f35-40bd-ba71-8ceaf1e158b7 None None] Subscribe: > router precommit_delete 55550100, False {{(pid=101911) subscribe /opt/stack/data/venv/lib/python3.12/site-packages/neutron_lib/callbacks/manager.py:52}}
Jul 31 06:42:05.967936 np0000187763 devstack@neutron-api.service[101913]: INFO neutron.api.extensions [None req-55fbaee3-7083-4717-9d80-0b94a9b69454 None None] Loaded extension: dns-integration
Jul 31 06:42:05.968068 np0000187763 devstack@neutron-api.service[101911]: DEBUG neutron_lib.callbacks.manager [None req-4cabab79-1f35-40bd-ba71-8ceaf1e158b7 None None] Subscribe: > router precommit_create 55550100, False {{(pid=101911) subscribe /opt/stack/data/venv/lib/python3.12/site-packages/neutron_lib/callbacks/manager.py:52}}
Jul 31 06:42:05.968194 np0000187763 devstack@neutron-api.service[101913]: DEBUG neutron.api.extensions [None req-55fbaee3-7083-4717-9d80-0b94a9b69454 None None] Loading extension file: dns_domain_ports.py {{(pid=101913) _load_all_extensions_from_path /opt/stack/neutron/neutron/api/extensions.py:449}}
Jul 31 06:42:05.968313 np0000187763 devstack@neutron-api.service[101911]: DEBUG neutron_lib.callbacks.manager [None req-4cabab79-1f35-40bd-ba71-8ceaf1e158b7 None None] Subscribe: > router precommit_update 55550100, False {{(pid=101911) subscribe /opt/stack/data/venv/lib/python3.12/site-packages/neutron_lib/callbacks/manager.py:52}}
Jul 31 06:42:05.968423 np0000187763 devstack@neutron-api.service[101912]: DEBUG neutron.api.extensions [None req-4284197c-ceca-4688-b794-ce7fff1663d2 None None] Ext name="Neutron L3 Router" alias="router" description="Router abstraction for basic L3 forwarding between L2 Neutron networks and access to external networks via a NAT gateway." updated="2012-07-20T10:00:00-00:00" {{(pid=101912) _check_extension /opt/stack/neutron/neutron/api/extensions.py:415}}
Jul 31 06:42:05.968653 np0000187763 devstack@neutron-api.service[101913]: DEBUG neutron.api.extensions [None req-55fbaee3-7083-4717-9d80-0b94a9b69454 None None] Ext name="dns_domain for ports" alias="dns-domain-ports" description="Allows the DNS domain to be specified for a network port." updated="2017-04-24T10:00:00-00:00" {{(pid=101913) _check_extension /opt/stack/neutron/neutron/api/extensions.py:415}}
Jul 31 06:42:05.968831 np0000187763 devstack@neutron-api.service[101912]: INFO neutron.api.extensions [None req-4284197c-ceca-4688-b794-ce7fff1663d2 None None] Loaded extension: router
Jul 31 06:42:05.968952 np0000187763 devstack@neutron-api.service[101913]: INFO neutron.api.extensions [None req-55fbaee3-7083-4717-9d80-0b94a9b69454 None None] Loaded extension: dns-domain-ports
Jul 31 06:42:05.969054 np0000187763 devstack@neutron-api.service[101912]: DEBUG neutron.api.extensions [None req-4284197c-ceca-4688-b794-ce7fff1663d2 None None] Loading extension file: l3_agent_scheduler_ha_chassis_priority.py {{(pid=101912) _load_all_extensions_from_path /opt/stack/neutron/neutron/api/extensions.py:449}}
Jul 31 06:42:05.969207 np0000187763 devstack@neutron-api.service[101913]: DEBUG neutron.api.extensions [None req-55fbaee3-7083-4717-9d80-0b94a9b69454 None None] Loading extension file: dns_integration_domain_keywords.py {{(pid=101913) _load_all_extensions_from_path /opt/stack/neutron/neutron/api/extensions.py:449}}
Jul 31 06:42:05.969365 np0000187763 devstack@neutron-api.service[101912]: DEBUG neutron.api.extensions [None req-4284197c-ceca-4688-b794-ce7fff1663d2 None None] Ext name="L3 Agent Scheduler HA Chassis Priority" alias="l3-agent-scheduler-ha-chassis-priority" description="Exposes the HA_Chassis priority in the L3 Agent Scheduler API responses and allows setting priority when scheduling a router to a chassis." updated="2026-03-31T00:00:00-00:00" {{(pid=101912) _check_extension /opt/stack/neutron/neutron/api/extensions.py:415}}
Jul 31 06:42:05.969458 np0000187763 devstack@neutron-api.service[101913]: DEBUG neutron.api.extensions [None req-55fbaee3-7083-4717-9d80-0b94a9b69454 None None] Ext name="DNS domain names with keywords allowed" alias="dns-integration-domain-keywords" description="Allows to use keywords like , , and as DNS domain name" updated="2020-06-15T18:00:00-00:00" {{(pid=101913) _check_extension /opt/stack/neutron/neutron/api/extensions.py:415}}
Jul 31 06:42:05.969587 np0000187763 devstack@neutron-api.service[101912]: INFO neutron.api.extensions [None req-4284197c-ceca-4688-b794-ce7fff1663d2 None None] Loaded extension: l3-agent-scheduler-ha-chassis-priority
Jul 31 06:42:05.969587 np0000187763 devstack@neutron-api.service[101912]: DEBUG neutron.api.extensions [None req-4284197c-ceca-4688-b794-ce7fff1663d2 None None] Loading extension file: l3_conntrack_helper.py {{(pid=101912) _load_all_extensions_from_path /opt/stack/neutron/neutron/api/extensions.py:449}}
Jul 31 06:42:05.969769 np0000187763 devstack@neutron-api.service[101913]: INFO neutron.api.extensions [None req-55fbaee3-7083-4717-9d80-0b94a9b69454 None None] Loaded extension: dns-integration-domain-keywords
Jul 31 06:42:05.969769 np0000187763 devstack@neutron-api.service[101913]: DEBUG neutron.api.extensions [None req-55fbaee3-7083-4717-9d80-0b94a9b69454 None None] Loading extension file: dvr.py {{(pid=101913) _load_all_extensions_from_path /opt/stack/neutron/neutron/api/extensions.py:449}}
Jul 31 06:42:05.969769 np0000187763 devstack@neutron-api.service[101913]: DEBUG neutron.api.extensions [None req-55fbaee3-7083-4717-9d80-0b94a9b69454 None None] Ext name="Distributed Virtual Router" alias="dvr" description="Enables configuration of Distributed Virtual Routers." updated="2014-06-1T10:00:00-00:00" {{(pid=101913) _check_extension /opt/stack/neutron/neutron/api/extensions.py:415}}
Jul 31 06:42:05.970012 np0000187763 devstack@neutron-api.service[101912]: DEBUG neutron.api.extensions [None req-4284197c-ceca-4688-b794-ce7fff1663d2 None None] Ext name="L3 Conntrack helper" alias="l3-conntrack-helper" description="Allow adding CT target rules for conntrack helper" updated="2019-04-04T10:00:00-00:00" {{(pid=101912) _check_extension /opt/stack/neutron/neutron/api/extensions.py:415}}
Jul 31 06:42:05.970186 np0000187763 devstack@neutron-api.service[101913]: INFO neutron.api.extensions [None req-55fbaee3-7083-4717-9d80-0b94a9b69454 None None] Extension dvr not supported by any of loaded plugins
Jul 31 06:42:05.970186 np0000187763 devstack@neutron-api.service[101913]: DEBUG neutron.api.extensions [None req-55fbaee3-7083-4717-9d80-0b94a9b69454 None None] Loading extension file: ecmp_routes.py {{(pid=101913) _load_all_extensions_from_path /opt/stack/neutron/neutron/api/extensions.py:449}}
Jul 31 06:42:05.970331 np0000187763 devstack@neutron-api.service[101912]: INFO neutron.api.extensions [None req-4284197c-ceca-4688-b794-ce7fff1663d2 None None] Extension l3-conntrack-helper not supported by any of loaded plugins
Jul 31 06:42:05.970331 np0000187763 devstack@neutron-api.service[101912]: DEBUG neutron.api.extensions [None req-4284197c-ceca-4688-b794-ce7fff1663d2 None None] Loading extension file: l3_enable_default_route_bfd.py {{(pid=101912) _load_all_extensions_from_path /opt/stack/neutron/neutron/api/extensions.py:449}}
Jul 31 06:42:05.970752 np0000187763 devstack@neutron-api.service[101913]: DEBUG neutron.api.extensions [None req-55fbaee3-7083-4717-9d80-0b94a9b69454 None None] Ext name="Equal Cost Multipath Routing" alias="ecmp_routes" description="Allows traffic to reach thesame destination via multiple different links " updated="2020-11-26T18:00:00-00:00" {{(pid=101913) _check_extension /opt/stack/neutron/neutron/api/extensions.py:415}}
Jul 31 06:42:05.971115 np0000187763 devstack@neutron-api.service[101912]: DEBUG neutron.api.extensions [None req-4284197c-ceca-4688-b794-ce7fff1663d2 None None] Ext name="Enable Default Route BFD" alias="enable-default-route-bfd" description="Enables configurable BFD behavior for default routes" updated="2023-02-27T00:00:00-00:00" {{(pid=101912) _check_extension /opt/stack/neutron/neutron/api/extensions.py:415}}
Jul 31 06:42:05.971268 np0000187763 devstack@neutron-api.service[101913]: INFO neutron.api.extensions [None req-55fbaee3-7083-4717-9d80-0b94a9b69454 None None] Extension ecmp_routes not supported by any of loaded plugins
Jul 31 06:42:05.971268 np0000187763 devstack@neutron-api.service[101913]: DEBUG neutron.api.extensions [None req-55fbaee3-7083-4717-9d80-0b94a9b69454 None None] Loading extension file: empty_string_filtering.py {{(pid=101913) _load_all_extensions_from_path /opt/stack/neutron/neutron/api/extensions.py:449}}
Jul 31 06:42:05.971412 np0000187763 devstack@neutron-api.service[101912]: INFO neutron.api.extensions [None req-4284197c-ceca-4688-b794-ce7fff1663d2 None None] Loaded extension: enable-default-route-bfd
Jul 31 06:42:05.971412 np0000187763 devstack@neutron-api.service[101912]: DEBUG neutron.api.extensions [None req-4284197c-ceca-4688-b794-ce7fff1663d2 None None] Loading extension file: l3_enable_default_route_ecmp.py {{(pid=101912) _load_all_extensions_from_path /opt/stack/neutron/neutron/api/extensions.py:449}}
Jul 31 06:42:05.971561 np0000187763 devstack@neutron-api.service[101913]: DEBUG neutron.api.extensions [None req-55fbaee3-7083-4717-9d80-0b94a9b69454 None None] Ext name="Empty String Filtering Extension" alias="empty-string-filtering" description="Allow filtering by attributes with empty string value" updated="2018-05-01T10:00:00-00:00" {{(pid=101913) _check_extension /opt/stack/neutron/neutron/api/extensions.py:415}}
Jul 31 06:42:05.971561 np0000187763 devstack@neutron-api.service[101913]: INFO neutron.api.extensions [None req-55fbaee3-7083-4717-9d80-0b94a9b69454 None None] Loaded extension: empty-string-filtering
Jul 31 06:42:05.971740 np0000187763 devstack@neutron-api.service[101912]: DEBUG neutron.api.extensions [None req-4284197c-ceca-4688-b794-ce7fff1663d2 None None] Ext name="Enable Default Route ECMP" alias="enable-default-route-ecmp" description="Enables configurable ECMP behavior for default routes" updated="2023-02-27T00:00:00-00:00" {{(pid=101912) _check_extension /opt/stack/neutron/neutron/api/extensions.py:415}}
Jul 31 06:42:05.971903 np0000187763 devstack@neutron-api.service[101913]: DEBUG neutron.api.extensions [None req-55fbaee3-7083-4717-9d80-0b94a9b69454 None None] Loading extension file: evpn.py {{(pid=101913) _load_all_extensions_from_path /opt/stack/neutron/neutron/api/extensions.py:449}}
Jul 31 06:42:05.972040 np0000187763 devstack@neutron-api.service[101912]: INFO neutron.api.extensions [None req-4284197c-ceca-4688-b794-ce7fff1663d2 None None] Loaded extension: enable-default-route-ecmp
Jul 31 06:42:05.972040 np0000187763 devstack@neutron-api.service[101912]: DEBUG neutron.api.extensions [None req-4284197c-ceca-4688-b794-ce7fff1663d2 None None] Loading extension file: l3_ext_gw_mode.py {{(pid=101912) _load_all_extensions_from_path /opt/stack/neutron/neutron/api/extensions.py:449}}
Jul 31 06:42:05.972207 np0000187763 devstack@neutron-api.service[101913]: DEBUG neutron.api.extensions [None req-55fbaee3-7083-4717-9d80-0b94a9b69454 None None] Ext name="EVPN" alias="evpn" description="Router extension to support EVPN Type-5 route advertisement" updated="2026-04-28T00:00:00-00:00" {{(pid=101913) _check_extension /opt/stack/neutron/neutron/api/extensions.py:415}}
Jul 31 06:42:05.972207 np0000187763 devstack@neutron-api.service[101913]: INFO neutron.api.extensions [None req-55fbaee3-7083-4717-9d80-0b94a9b69454 None None] Extension evpn not supported by any of loaded plugins
Jul 31 06:42:05.972393 np0000187763 devstack@neutron-api.service[101912]: DEBUG neutron.api.extensions [None req-4284197c-ceca-4688-b794-ce7fff1663d2 None None] Ext name="Neutron L3 Configurable external gateway mode" alias="ext-gw-mode" description="Extension of the router abstraction for specifying whether SNAT should occur on the external gateway" updated="2013-03-28T10:00:00-00:00" {{(pid=101912) _check_extension /opt/stack/neutron/neutron/api/extensions.py:415}}
Jul 31 06:42:05.972574 np0000187763 devstack@neutron-api.service[101913]: DEBUG neutron.api.extensions [None req-55fbaee3-7083-4717-9d80-0b94a9b69454 None None] Loading extension file: expose_l3_conntrack_helper.py {{(pid=101913) _load_all_extensions_from_path /opt/stack/neutron/neutron/api/extensions.py:449}}
Jul 31 06:42:05.972728 np0000187763 devstack@neutron-api.service[101912]: INFO neutron.api.extensions [None req-4284197c-ceca-4688-b794-ce7fff1663d2 None None] Loaded extension: ext-gw-mode
Jul 31 06:42:05.972728 np0000187763 devstack@neutron-api.service[101912]: DEBUG neutron.api.extensions [None req-4284197c-ceca-4688-b794-ce7fff1663d2 None None] Loading extension file: l3_ext_ha_mode.py {{(pid=101912) _load_all_extensions_from_path /opt/stack/neutron/neutron/api/extensions.py:449}}
Jul 31 06:42:05.972934 np0000187763 devstack@neutron-api.service[101913]: DEBUG neutron.api.extensions [None req-55fbaee3-7083-4717-9d80-0b94a9b69454 None None] Ext name="Expose CT target rules for conntrack helper" alias="expose-l3-conntrack-helper" description="Expose allow adding CT target rules for conntrack helper" updated="2019-04-04T10:00:00-00:00" {{(pid=101913) _check_extension /opt/stack/neutron/neutron/api/extensions.py:415}}
Jul 31 06:42:05.972934 np0000187763 devstack@neutron-api.service[101913]: INFO neutron.api.extensions [None req-55fbaee3-7083-4717-9d80-0b94a9b69454 None None] Extension expose-l3-conntrack-helper not supported by any of loaded plugins
Jul 31 06:42:05.973070 np0000187763 devstack@neutron-api.service[101911]: DEBUG neutron.services.provider_configuration [None req-4cabab79-1f35-40bd-ba71-8ceaf1e158b7 None None] Service providers = [] {{(pid=101911) parse_service_provider_opt /opt/stack/neutron/neutron/services/provider_configuration.py:170}}
Jul 31 06:42:05.973149 np0000187763 devstack@neutron-api.service[101912]: DEBUG neutron.api.extensions [None req-4284197c-ceca-4688-b794-ce7fff1663d2 None None] Ext name="HA Router extension" alias="l3-ha" description="Adds HA capability to routers." updated="2014-04-26T00:00:00-00:00" {{(pid=101912) _check_extension /opt/stack/neutron/neutron/api/extensions.py:415}}
Jul 31 06:42:05.973221 np0000187763 devstack@neutron-api.service[101913]: DEBUG neutron.api.extensions [None req-55fbaee3-7083-4717-9d80-0b94a9b69454 None None] Loading extension file: expose_port_forwarding_in_fip.py {{(pid=101913) _load_all_extensions_from_path /opt/stack/neutron/neutron/api/extensions.py:449}}
Jul 31 06:42:05.973275 np0000187763 devstack@neutron-api.service[101911]: DEBUG neutron.db.servicetype_db [None req-4cabab79-1f35-40bd-ba71-8ceaf1e158b7 None None] Adding provider configuration for service L3_ROUTER_NAT {{(pid=101911) add_provider_configuration /opt/stack/neutron/neutron/db/servicetype_db.py:45}}
Jul 31 06:42:05.973330 np0000187763 devstack@neutron-api.service[101912]: INFO neutron.api.extensions [None req-4284197c-ceca-4688-b794-ce7fff1663d2 None None] Loaded extension: l3-ha
Jul 31 06:42:05.973330 np0000187763 devstack@neutron-api.service[101912]: DEBUG neutron.api.extensions [None req-4284197c-ceca-4688-b794-ce7fff1663d2 None None] Loading extension file: l3_ext_ndp_proxy.py {{(pid=101912) _load_all_extensions_from_path /opt/stack/neutron/neutron/api/extensions.py:449}}
Jul 31 06:42:05.973416 np0000187763 devstack@neutron-api.service[101913]: DEBUG neutron.api.extensions [None req-55fbaee3-7083-4717-9d80-0b94a9b69454 None None] Ext name="Expose Floating IP port forwardings" alias="expose-port-forwarding-in-fip" description="Expose port forwarding fields in floating IP response" updated="2018-06-28T16:00:00-00:00" {{(pid=101913) _check_extension /opt/stack/neutron/neutron/api/extensions.py:415}}
Jul 31 06:42:05.973416 np0000187763 devstack@neutron-api.service[101913]: INFO neutron.api.extensions [None req-55fbaee3-7083-4717-9d80-0b94a9b69454 None None] Extension expose-port-forwarding-in-fip not supported by any of loaded plugins
Jul 31 06:42:05.973503 np0000187763 devstack@neutron-api.service[101912]: DEBUG neutron.api.extensions [None req-4284197c-ceca-4688-b794-ce7fff1663d2 None None] Ext name="Router support to enable NDP proxy" alias="l3-ext-ndp-proxy" description="Router extension to enable ndp proxy" updated="2020-08-25T00:00:00-00:00" {{(pid=101912) _check_extension /opt/stack/neutron/neutron/api/extensions.py:415}}
Jul 31 06:42:05.973595 np0000187763 devstack@neutron-api.service[101913]: DEBUG neutron.api.extensions [None req-55fbaee3-7083-4717-9d80-0b94a9b69454 None None] Loading extension file: external_net.py {{(pid=101913) _load_all_extensions_from_path /opt/stack/neutron/neutron/api/extensions.py:449}}
Jul 31 06:42:05.973709 np0000187763 devstack@neutron-api.service[101912]: INFO neutron.api.extensions [None req-4284197c-ceca-4688-b794-ce7fff1663d2 None None] Extension l3-ext-ndp-proxy not supported by any of loaded plugins
Jul 31 06:42:05.973870 np0000187763 devstack@neutron-api.service[101913]: DEBUG neutron.api.extensions [None req-55fbaee3-7083-4717-9d80-0b94a9b69454 None None] Ext name="Neutron external network" alias="external-net" description="Adds external network attribute to network resource." updated="2013-01-14T10:00:00-00:00" {{(pid=101913) _check_extension /opt/stack/neutron/neutron/api/extensions.py:415}}
Jul 31 06:42:05.974041 np0000187763 devstack@neutron-api.service[101912]: DEBUG neutron.api.extensions [None req-4284197c-ceca-4688-b794-ce7fff1663d2 None None] Loading extension file: l3_extra_gws.py {{(pid=101912) _load_all_extensions_from_path /opt/stack/neutron/neutron/api/extensions.py:449}}
Jul 31 06:42:05.974201 np0000187763 devstack@neutron-api.service[101913]: INFO neutron.api.extensions [None req-55fbaee3-7083-4717-9d80-0b94a9b69454 None None] Loaded extension: external-net
Jul 31 06:42:05.974360 np0000187763 devstack@neutron-api.service[101912]: DEBUG neutron.api.extensions [None req-4284197c-ceca-4688-b794-ce7fff1663d2 None None] Ext name="Neutron L3 External Gateway Multihoming" alias="external-gateway-multihoming" description="Allow multiple external gateway ports per router" updated="2023-01-18T00:00:00-00:00" {{(pid=101912) _check_extension /opt/stack/neutron/neutron/api/extensions.py:415}}
Jul 31 06:42:05.974553 np0000187763 devstack@neutron-api.service[101913]: DEBUG neutron.api.extensions [None req-55fbaee3-7083-4717-9d80-0b94a9b69454 None None] Loading extension file: extra_dhcp_opt.py {{(pid=101913) _load_all_extensions_from_path /opt/stack/neutron/neutron/api/extensions.py:449}}
Jul 31 06:42:05.974706 np0000187763 devstack@neutron-api.service[101912]: INFO neutron.api.extensions [None req-4284197c-ceca-4688-b794-ce7fff1663d2 None None] Loaded extension: external-gateway-multihoming
Jul 31 06:42:05.974811 np0000187763 devstack@neutron-api.service[101913]: DEBUG neutron.api.extensions [None req-55fbaee3-7083-4717-9d80-0b94a9b69454 None None] Ext name="Neutron Extra DHCP options" alias="extra_dhcp_opt" description="Extra options configuration for DHCP. For example PXE boot options to DHCP clients can be specified (e.g. tftp-server, server-ip-address, bootfile-name)" updated="2013-03-17T12:00:00-00:00" {{(pid=101913) _check_extension /opt/stack/neutron/neutron/api/extensions.py:415}}
Jul 31 06:42:05.975056 np0000187763 devstack@neutron-api.service[101911]: DEBUG neutron_lib.callbacks.manager [None req-4cabab79-1f35-40bd-ba71-8ceaf1e158b7 None None] Subscribe: > router precommit_create 55549900, False {{(pid=101911) subscribe /opt/stack/data/venv/lib/python3.12/site-packages/neutron_lib/callbacks/manager.py:52}}
Jul 31 06:42:05.975243 np0000187763 devstack@neutron-api.service[101912]: DEBUG neutron.api.extensions [None req-4284197c-ceca-4688-b794-ce7fff1663d2 None None] Loading extension file: l3_flavors.py {{(pid=101912) _load_all_extensions_from_path /opt/stack/neutron/neutron/api/extensions.py:449}}
Jul 31 06:42:05.975393 np0000187763 devstack@neutron-api.service[101911]: DEBUG neutron_lib.callbacks.manager [None req-4cabab79-1f35-40bd-ba71-8ceaf1e158b7 None None] Subscribe: > router_interface after_create 55550000, False {{(pid=101911) subscribe /opt/stack/data/venv/lib/python3.12/site-packages/neutron_lib/callbacks/manager.py:52}}
Jul 31 06:42:05.975581 np0000187763 devstack@neutron-api.service[101913]: INFO neutron.api.extensions [None req-55fbaee3-7083-4717-9d80-0b94a9b69454 None None] Loaded extension: extra_dhcp_opt
Jul 31 06:42:05.975812 np0000187763 devstack@neutron-api.service[101911]: DEBUG neutron_lib.callbacks.manager [None req-4cabab79-1f35-40bd-ba71-8ceaf1e158b7 None None] Subscribe: > floatingip after_create 55550000, False {{(pid=101911) subscribe /opt/stack/data/venv/lib/python3.12/site-packages/neutron_lib/callbacks/manager.py:52}}
Jul 31 06:42:05.976116 np0000187763 devstack@neutron-api.service[101913]: DEBUG neutron.api.extensions [None req-55fbaee3-7083-4717-9d80-0b94a9b69454 None None] Loading extension file: extraroute.py {{(pid=101913) _load_all_extensions_from_path /opt/stack/neutron/neutron/api/extensions.py:449}}
Jul 31 06:42:05.976316 np0000187763 devstack@neutron-api.service[101911]: DEBUG neutron_lib.callbacks.manager [None req-4cabab79-1f35-40bd-ba71-8ceaf1e158b7 None None] Subscribe: > floatingip precommit_create 55550000, False {{(pid=101911) subscribe /opt/stack/data/venv/lib/python3.12/site-packages/neutron_lib/callbacks/manager.py:52}}
Jul 31 06:42:05.976469 np0000187763 devstack@neutron-api.service[101912]: DEBUG neutron.api.extensions [None req-4284197c-ceca-4688-b794-ce7fff1663d2 None None] Ext name="Router Flavor Extension" alias="l3-flavors" description="Flavor support for routers." updated="2016-05-17T00:00:00-00:00" {{(pid=101912) _check_extension /opt/stack/neutron/neutron/api/extensions.py:415}}
Jul 31 06:42:05.976681 np0000187763 devstack@neutron-api.service[101911]: DEBUG neutron_lib.callbacks.manager [None req-4cabab79-1f35-40bd-ba71-8ceaf1e158b7 None None] Subscribe: > floatingip precommit_update 55550000, False {{(pid=101911) subscribe /opt/stack/data/venv/lib/python3.12/site-packages/neutron_lib/callbacks/manager.py:52}}
Jul 31 06:42:05.976841 np0000187763 devstack@neutron-api.service[101913]: DEBUG neutron.api.extensions [None req-55fbaee3-7083-4717-9d80-0b94a9b69454 None None] Ext name="Neutron Extra Route" alias="extraroute" description="Extra routes configuration for L3 router" updated="2013-02-01T10:00:00-00:00" {{(pid=101913) _check_extension /opt/stack/neutron/neutron/api/extensions.py:415}}
Jul 31 06:42:05.977013 np0000187763 devstack@neutron-api.service[101911]: DEBUG neutron_lib.callbacks.manager [None req-4cabab79-1f35-40bd-ba71-8ceaf1e158b7 None None] Subscribe: > floatingip after_delete 55550000, False {{(pid=101911) subscribe /opt/stack/data/venv/lib/python3.12/site-packages/neutron_lib/callbacks/manager.py:52}}
Jul 31 06:42:05.977079 np0000187763 devstack@neutron-api.service[101912]: INFO neutron.api.extensions [None req-4284197c-ceca-4688-b794-ce7fff1663d2 None None] Loaded extension: l3-flavors
Jul 31 06:42:05.977169 np0000187763 devstack@neutron-api.service[101911]: DEBUG neutron_lib.callbacks.manager [None req-4cabab79-1f35-40bd-ba71-8ceaf1e158b7 None None] Subscribe: > floatingip after_status_update 55550000, False {{(pid=101911) subscribe /opt/stack/data/venv/lib/python3.12/site-packages/neutron_lib/callbacks/manager.py:52}}
Jul 31 06:42:05.977226 np0000187763 devstack@neutron-api.service[101912]: DEBUG neutron.api.extensions [None req-4284197c-ceca-4688-b794-ce7fff1663d2 None None] Loading extension file: l3_ndp_proxy.py {{(pid=101912) _load_all_extensions_from_path /opt/stack/neutron/neutron/api/extensions.py:449}}
Jul 31 06:42:05.977283 np0000187763 devstack@neutron-api.service[101913]: INFO neutron.api.extensions [None req-55fbaee3-7083-4717-9d80-0b94a9b69454 None None] Loaded extension: extraroute
Jul 31 06:42:05.977338 np0000187763 devstack@neutron-api.service[101911]: DEBUG neutron_lib.callbacks.manager [None req-4cabab79-1f35-40bd-ba71-8ceaf1e158b7 None None] Subscribe: > floatingip after_update 55550000, False {{(pid=101911) subscribe /opt/stack/data/venv/lib/python3.12/site-packages/neutron_lib/callbacks/manager.py:52}}
Jul 31 06:42:05.977428 np0000187763 devstack@neutron-api.service[101913]: DEBUG neutron.api.extensions [None req-55fbaee3-7083-4717-9d80-0b94a9b69454 None None] Loading extension file: extraroute_atomic.py {{(pid=101913) _load_all_extensions_from_path /opt/stack/neutron/neutron/api/extensions.py:449}}
Jul 31 06:42:05.977483 np0000187763 devstack@neutron-api.service[101911]: DEBUG neutron_lib.callbacks.manager [None req-4cabab79-1f35-40bd-ba71-8ceaf1e158b7 None None] Subscribe: > port_forwarding after_create 55550000, False {{(pid=101911) subscribe /opt/stack/data/venv/lib/python3.12/site-packages/neutron_lib/callbacks/manager.py:52}}
Jul 31 06:42:05.977483 np0000187763 devstack@neutron-api.service[101911]: DEBUG neutron_lib.callbacks.manager [None req-4cabab79-1f35-40bd-ba71-8ceaf1e158b7 None None] Subscribe: > router_interface after_delete 55550000, False {{(pid=101911) subscribe /opt/stack/data/venv/lib/python3.12/site-packages/neutron_lib/callbacks/manager.py:52}}
Jul 31 06:42:05.977483 np0000187763 devstack@neutron-api.service[101911]: DEBUG neutron_lib.callbacks.manager [None req-4cabab79-1f35-40bd-ba71-8ceaf1e158b7 None None] Subscribe: > router after_create 55550000, False {{(pid=101911) subscribe /opt/stack/data/venv/lib/python3.12/site-packages/neutron_lib/callbacks/manager.py:52}}
Jul 31 06:42:05.977602 np0000187763 devstack@neutron-api.service[101913]: DEBUG neutron.api.extensions [None req-55fbaee3-7083-4717-9d80-0b94a9b69454 None None] Ext name="Atomically add/remove extra routes" alias="extraroute-atomic" description="Edit extra routes of a router on server side by atomically adding/removing extra routes" updated="2019-07-10T00:00:00+00:00" {{(pid=101913) _check_extension /opt/stack/neutron/neutron/api/extensions.py:415}}
Jul 31 06:42:05.977672 np0000187763 devstack@neutron-api.service[101912]: DEBUG neutron.api.extensions [None req-4284197c-ceca-4688-b794-ce7fff1663d2 None None] Ext name="name" alias="l3-ndp-proxy" description="description" updated="2021-06-29T10:00:00-00:00" {{(pid=101912) _check_extension /opt/stack/neutron/neutron/api/extensions.py:415}}
Jul 31 06:42:05.977735 np0000187763 devstack@neutron-api.service[101911]: DEBUG neutron_lib.callbacks.manager [None req-4cabab79-1f35-40bd-ba71-8ceaf1e158b7 None None] Subscribe: > router precommit_create 55550000, False {{(pid=101911) subscribe /opt/stack/data/venv/lib/python3.12/site-packages/neutron_lib/callbacks/manager.py:52}}
Jul 31 06:42:05.977735 np0000187763 devstack@neutron-api.service[101911]: DEBUG neutron_lib.callbacks.manager [None req-4cabab79-1f35-40bd-ba71-8ceaf1e158b7 None None] Subscribe: > router after_delete 55550000, False {{(pid=101911) subscribe /opt/stack/data/venv/lib/python3.12/site-packages/neutron_lib/callbacks/manager.py:52}}
Jul 31 06:42:05.977824 np0000187763 devstack@neutron-api.service[101913]: INFO neutron.api.extensions [None req-55fbaee3-7083-4717-9d80-0b94a9b69454 None None] Loaded extension: extraroute-atomic
Jul 31 06:42:05.977824 np0000187763 devstack@neutron-api.service[101913]: DEBUG neutron.api.extensions [None req-55fbaee3-7083-4717-9d80-0b94a9b69454 None None] Loading extension file: filter_validation.py {{(pid=101913) _load_all_extensions_from_path /opt/stack/neutron/neutron/api/extensions.py:449}}
Jul 31 06:42:05.977918 np0000187763 devstack@neutron-api.service[101911]: DEBUG neutron_lib.callbacks.manager [None req-4cabab79-1f35-40bd-ba71-8ceaf1e158b7 None None] Subscribe: > router after_update 55550000, False {{(pid=101911) subscribe /opt/stack/data/venv/lib/python3.12/site-packages/neutron_lib/callbacks/manager.py:52}}
Jul 31 06:42:05.977978 np0000187763 devstack@neutron-api.service[101912]: INFO neutron.api.extensions [None req-4284197c-ceca-4688-b794-ce7fff1663d2 None None] Extension l3-ndp-proxy not supported by any of loaded plugins
Jul 31 06:42:05.978034 np0000187763 devstack@neutron-api.service[101911]: DEBUG neutron.services.service_base [None req-4cabab79-1f35-40bd-ba71-8ceaf1e158b7 None None] Loaded 'neutron.services.ovn_l3.service_providers.ovn.OvnDriver' provider for service L3_ROUTER_NAT {{(pid=101911) load_drivers /opt/stack/neutron/neutron/services/service_base.py:49}}
Jul 31 06:42:05.978091 np0000187763 devstack@neutron-api.service[101912]: DEBUG neutron.api.extensions [None req-4284197c-ceca-4688-b794-ce7fff1663d2 None None] Loading extension file: l3_port_ip_change_not_allowed.py {{(pid=101912) _load_all_extensions_from_path /opt/stack/neutron/neutron/api/extensions.py:449}}
Jul 31 06:42:05.978145 np0000187763 devstack@neutron-api.service[101911]: DEBUG neutron_lib.callbacks.manager [None req-4cabab79-1f35-40bd-ba71-8ceaf1e158b7 None None] Subscribe: > process after_init 55550001, True {{(pid=101911) subscribe /opt/stack/data/venv/lib/python3.12/site-packages/neutron_lib/callbacks/manager.py:52}}
Jul 31 06:42:05.978200 np0000187763 devstack@neutron-api.service[101913]: DEBUG neutron.api.extensions [None req-55fbaee3-7083-4717-9d80-0b94a9b69454 None None] Ext name="Filter parameters validation" alias="filter-validation" description="Provides validation on filter parameters." updated="2018-07-04T10:00:00-00:00" {{(pid=101913) _check_extension /opt/stack/neutron/neutron/api/extensions.py:415}}
Jul 31 06:42:05.978264 np0000187763 devstack@neutron-api.service[101911]: DEBUG neutron.manager [None req-4cabab79-1f35-40bd-ba71-8ceaf1e158b7 None None] Successfully loaded L3_ROUTER_NAT plugin. Description: L3 Router Service Plugin for basic L3 forwarding using OVN {{(pid=101911) _create_and_add_service_plugin /opt/stack/neutron/neutron/manager.py:236}}
Jul 31 06:42:05.978264 np0000187763 devstack@neutron-api.service[101911]: INFO neutron.manager [None req-4cabab79-1f35-40bd-ba71-8ceaf1e158b7 None None] Loading Plugin: auto_allocate
Jul 31 06:42:05.978351 np0000187763 devstack@neutron-api.service[101912]: DEBUG neutron.api.extensions [None req-4284197c-ceca-4688-b794-ce7fff1663d2 None None] Ext name="Prevent L3 router ports IP address change extension" alias="l3-port-ip-change-not-allowed" description="Prevent change of IP address for some L3 router ports" updated="2018-10-09T10:00:00-00:00" {{(pid=101912) _check_extension /opt/stack/neutron/neutron/api/extensions.py:415}}
Jul 31 06:42:05.978420 np0000187763 devstack@neutron-api.service[101913]: INFO neutron.api.extensions [None req-55fbaee3-7083-4717-9d80-0b94a9b69454 None None] Loaded extension: filter-validation
Jul 31 06:42:05.978420 np0000187763 devstack@neutron-api.service[101913]: DEBUG neutron.api.extensions [None req-55fbaee3-7083-4717-9d80-0b94a9b69454 None None] Loading extension file: fip_pf_description.py {{(pid=101913) _load_all_extensions_from_path /opt/stack/neutron/neutron/api/extensions.py:449}}
Jul 31 06:42:05.978504 np0000187763 devstack@neutron-api.service[101912]: INFO neutron.api.extensions [None req-4284197c-ceca-4688-b794-ce7fff1663d2 None None] Extension l3-port-ip-change-not-allowed not supported by any of loaded plugins
Jul 31 06:42:05.978504 np0000187763 devstack@neutron-api.service[101912]: DEBUG neutron.api.extensions [None req-4284197c-ceca-4688-b794-ce7fff1663d2 None None] Loading extension file: l3agentscheduler.py {{(pid=101912) _load_all_extensions_from_path /opt/stack/neutron/neutron/api/extensions.py:449}}
Jul 31 06:42:05.978580 np0000187763 devstack@neutron-api.service[101913]: DEBUG neutron.api.extensions [None req-55fbaee3-7083-4717-9d80-0b94a9b69454 None None] Ext name="Floating IP Port Forwarding new attribute description" alias="floating-ip-port-forwarding-description" description="Add a description field to Port Forwarding rules" updated="2019-11-01T10:00:00-00:00" {{(pid=101913) _check_extension /opt/stack/neutron/neutron/api/extensions.py:415}}
Jul 31 06:42:05.978580 np0000187763 devstack@neutron-api.service[101913]: INFO neutron.api.extensions [None req-55fbaee3-7083-4717-9d80-0b94a9b69454 None None] Extension floating-ip-port-forwarding-description not supported by any of loaded plugins
Jul 31 06:42:05.978580 np0000187763 devstack@neutron-api.service[101913]: DEBUG neutron.api.extensions [None req-55fbaee3-7083-4717-9d80-0b94a9b69454 None None] Loading extension file: fip_pf_detail.py {{(pid=101913) _load_all_extensions_from_path /opt/stack/neutron/neutron/api/extensions.py:449}}
Jul 31 06:42:05.978580 np0000187763 devstack@neutron-api.service[101913]: DEBUG neutron.api.extensions [None req-55fbaee3-7083-4717-9d80-0b94a9b69454 None None] Ext name="Floating IP port forwarding detail" alias="floating-ip-port-forwarding-detail" description="Allow list floating ip return more port forwarding data, include'id' and 'internal_port_id'" updated="2022-05-06T10:00:00-00:00" {{(pid=101913) _check_extension /opt/stack/neutron/neutron/api/extensions.py:415}}
Jul 31 06:42:05.978729 np0000187763 devstack@neutron-api.service[101911]: DEBUG neutron_lib.callbacks.manager [None req-4cabab79-1f35-40bd-ba71-8ceaf1e158b7 None None] Subscribe: network precommit_update 55550000, False {{(pid=101911) subscribe /opt/stack/data/venv/lib/python3.12/site-packages/neutron_lib/callbacks/manager.py:52}}
