May 06 15:06:14.622120 np0000172282 systemd[1]: Starting devstack@n-api-meta.service - Devstack devstack@n-api-meta.service...
May 06 15:06:14.632081 np0000172282 devstack@n-api-meta.service[108467]: [uWSGI] getting INI configuration from /etc/nova/nova-metadata-uwsgi.ini
May 06 15:06:14.635311 np0000172282 devstack@n-api-meta.service[108467]: *** Starting uWSGI 2.0.24-debian (64bit) on [Wed May 6 15:06:14 2026] ***
May 06 15:06:14.635311 np0000172282 devstack@n-api-meta.service[108467]: compiled with version: 13.2.0 on 17 April 2024 16:23:48
May 06 15:06:14.635311 np0000172282 devstack@n-api-meta.service[108467]: os: Linux-6.8.0-110-generic #110-Ubuntu SMP PREEMPT_DYNAMIC Thu Mar 19 15:09:20 UTC 2026
May 06 15:06:14.635311 np0000172282 devstack@n-api-meta.service[108467]: nodename: np0000172282
May 06 15:06:14.635311 np0000172282 devstack@n-api-meta.service[108467]: machine: x86_64
May 06 15:06:14.635311 np0000172282 devstack@n-api-meta.service[108467]: clock source: unix
May 06 15:06:14.635311 np0000172282 devstack@n-api-meta.service[108467]: pcre jit disabled
May 06 15:06:14.635311 np0000172282 devstack@n-api-meta.service[108467]: detected number of CPU cores: 16
May 06 15:06:14.635311 np0000172282 devstack@n-api-meta.service[108467]: current working directory: /
May 06 15:06:14.635311 np0000172282 devstack@n-api-meta.service[108467]: detected binary path: /usr/bin/uwsgi-core
May 06 15:06:14.635311 np0000172282 devstack@n-api-meta.service[108467]: your processes number limit is 256917
May 06 15:06:14.635311 np0000172282 devstack@n-api-meta.service[108467]: your memory page size is 4096 bytes
May 06 15:06:14.635311 np0000172282 devstack@n-api-meta.service[108467]: detected max file descriptor number: 2048
May 06 15:06:14.635311 np0000172282 devstack@n-api-meta.service[108467]: lock engine: pthread robust mutexes
May 06 15:06:14.636156 np0000172282 devstack@n-api-meta.service[108467]: thunder lock: enabled
May 06 15:06:14.636156 np0000172282 devstack@n-api-meta.service[108467]: uWSGI http bound on 0.0.0.0:8775 fd 5
May 06 15:06:14.636156 np0000172282 devstack@n-api-meta.service[108467]: uwsgi socket 0 bound to TCP address 127.0.0.1:46723 (port auto-assigned) fd 4
May 06 15:06:14.636156 np0000172282 devstack@n-api-meta.service[108467]: Python version: 3.12.3 (main, Mar 23 2026, 19:04:32) [GCC 13.3.0]
May 06 15:06:14.636156 np0000172282 devstack@n-api-meta.service[108467]: PEP 405 virtualenv detected: /opt/stack/data/venv
May 06 15:06:14.636156 np0000172282 devstack@n-api-meta.service[108467]: Set PythonHome to /opt/stack/data/venv
May 06 15:06:14.672074 np0000172282 devstack@n-api-meta.service[108467]: Python main interpreter initialized at 0x705a632a3668
May 06 15:06:14.672074 np0000172282 devstack@n-api-meta.service[108467]: python threads support enabled
May 06 15:06:14.672074 np0000172282 devstack@n-api-meta.service[108467]: your server socket listen backlog is limited to 100 connections
May 06 15:06:14.672074 np0000172282 devstack@n-api-meta.service[108467]: your mercy for graceful operations on workers is 80 seconds
May 06 15:06:14.672568 np0000172282 devstack@n-api-meta.service[108467]: mapped 671795 bytes (656 KB) for 4 cores
May 06 15:06:14.672730 np0000172282 devstack@n-api-meta.service[108467]: *** Operational MODE: preforking ***
May 06 15:06:14.672938 np0000172282 devstack@n-api-meta.service[108467]: *** uWSGI is running in multiple interpreter mode ***
May 06 15:06:14.672938 np0000172282 devstack@n-api-meta.service[108467]: spawned uWSGI master process (pid: 108467)
May 06 15:06:14.673095 np0000172282 systemd[1]: Started devstack@n-api-meta.service - Devstack devstack@n-api-meta.service.
May 06 15:06:14.673571 np0000172282 devstack@n-api-meta.service[108467]: spawned uWSGI worker 1 (pid: 108468, cores: 1)
May 06 15:06:14.674274 np0000172282 devstack@n-api-meta.service[108467]: spawned uWSGI worker 2 (pid: 108469, cores: 1)
May 06 15:06:14.674767 np0000172282 devstack@n-api-meta.service[108467]: spawned uWSGI worker 3 (pid: 108470, cores: 1)
May 06 15:06:14.675202 np0000172282 devstack@n-api-meta.service[108467]: spawned uWSGI worker 4 (pid: 108471, cores: 1)
May 06 15:06:14.675707 np0000172282 devstack@n-api-meta.service[108467]: spawned uWSGI http 1 (pid: 108472)
May 06 15:06:14.675707 np0000172282 devstack@n-api-meta.service[108467]: running "unix_signal:15 gracefully_kill_them_all" (master-start)...
May 06 15:06:14.973752 np0000172282 devstack@n-api-meta.service[108470]: /opt/stack/data/venv/lib/python3.12/site-packages/oslo_concurrency/lockutils.py:41: EventletDeprecationWarning:
May 06 15:06:14.973752 np0000172282 devstack@n-api-meta.service[108470]: Eventlet is deprecated. It is currently being maintained in bugfix mode, and
May 06 15:06:14.973752 np0000172282 devstack@n-api-meta.service[108470]: we strongly recommend against using it for new projects.
May 06 15:06:14.973752 np0000172282 devstack@n-api-meta.service[108470]: If you are already using Eventlet, we recommend migrating to a different
May 06 15:06:14.973752 np0000172282 devstack@n-api-meta.service[108470]: framework. For more detail see
May 06 15:06:14.973752 np0000172282 devstack@n-api-meta.service[108470]: https://eventlet.readthedocs.io/en/latest/asyncio/migration.html
May 06 15:06:14.973752 np0000172282 devstack@n-api-meta.service[108470]: import eventlet
May 06 15:06:14.994048 np0000172282 devstack@n-api-meta.service[108471]: /opt/stack/data/venv/lib/python3.12/site-packages/oslo_concurrency/lockutils.py:41: EventletDeprecationWarning:
May 06 15:06:14.994048 np0000172282 devstack@n-api-meta.service[108471]: Eventlet is deprecated. It is currently being maintained in bugfix mode, and
May 06 15:06:14.994048 np0000172282 devstack@n-api-meta.service[108471]: we strongly recommend against using it for new projects.
May 06 15:06:14.994048 np0000172282 devstack@n-api-meta.service[108471]: If you are already using Eventlet, we recommend migrating to a different
May 06 15:06:14.994048 np0000172282 devstack@n-api-meta.service[108471]: framework. For more detail see
May 06 15:06:14.994048 np0000172282 devstack@n-api-meta.service[108471]: https://eventlet.readthedocs.io/en/latest/asyncio/migration.html
May 06 15:06:14.994048 np0000172282 devstack@n-api-meta.service[108471]: import eventlet
May 06 15:06:15.023251 np0000172282 devstack@n-api-meta.service[108470]: Service is starting with native threading. This is currently experimental. Do not use it in production without first testing it in pre-production.
May 06 15:06:15.034199 np0000172282 devstack@n-api-meta.service[108469]: /opt/stack/data/venv/lib/python3.12/site-packages/oslo_concurrency/lockutils.py:41: EventletDeprecationWarning:
May 06 15:06:15.034199 np0000172282 devstack@n-api-meta.service[108469]: Eventlet is deprecated. It is currently being maintained in bugfix mode, and
May 06 15:06:15.034199 np0000172282 devstack@n-api-meta.service[108469]: we strongly recommend against using it for new projects.
May 06 15:06:15.034199 np0000172282 devstack@n-api-meta.service[108469]: If you are already using Eventlet, we recommend migrating to a different
May 06 15:06:15.034199 np0000172282 devstack@n-api-meta.service[108469]: framework. For more detail see
May 06 15:06:15.034199 np0000172282 devstack@n-api-meta.service[108469]: https://eventlet.readthedocs.io/en/latest/asyncio/migration.html
May 06 15:06:15.034199 np0000172282 devstack@n-api-meta.service[108469]: import eventlet
May 06 15:06:15.040185 np0000172282 devstack@n-api-meta.service[108468]: /opt/stack/data/venv/lib/python3.12/site-packages/oslo_concurrency/lockutils.py:41: EventletDeprecationWarning:
May 06 15:06:15.040185 np0000172282 devstack@n-api-meta.service[108468]: Eventlet is deprecated. It is currently being maintained in bugfix mode, and
May 06 15:06:15.040185 np0000172282 devstack@n-api-meta.service[108468]: we strongly recommend against using it for new projects.
May 06 15:06:15.040185 np0000172282 devstack@n-api-meta.service[108468]: If you are already using Eventlet, we recommend migrating to a different
May 06 15:06:15.040185 np0000172282 devstack@n-api-meta.service[108468]: framework. For more detail see
May 06 15:06:15.040185 np0000172282 devstack@n-api-meta.service[108468]: https://eventlet.readthedocs.io/en/latest/asyncio/migration.html
May 06 15:06:15.040185 np0000172282 devstack@n-api-meta.service[108468]: import eventlet
May 06 15:06:15.044311 np0000172282 devstack@n-api-meta.service[108471]: Service is starting with native threading. This is currently experimental. Do not use it in production without first testing it in pre-production.
May 06 15:06:15.091232 np0000172282 devstack@n-api-meta.service[108468]: Service is starting with native threading. This is currently experimental. Do not use it in production without first testing it in pre-production.
May 06 15:06:15.133486 np0000172282 devstack@n-api-meta.service[108469]: Service is starting with native threading. This is currently experimental. Do not use it in production without first testing it in pre-production.
May 06 15:06:16.576731 np0000172282 devstack@n-api-meta.service[108470]: INFO dbcounter [None req-ae599c6e-9c97-4630-ac11-101ff51cf2a1 None None] Registered counter for database nova_api
May 06 15:06:16.595178 np0000172282 devstack@n-api-meta.service[108470]: DEBUG oslo_db.sqlalchemy.engines [None req-ae599c6e-9c97-4630-ac11-101ff51cf2a1 None None] MySQL server mode set to STRICT_TRANS_TABLES,STRICT_ALL_TABLES,NO_ZERO_IN_DATE,NO_ZERO_DATE,ERROR_FOR_DIVISION_BY_ZERO,TRADITIONAL,NO_ENGINE_SUBSTITUTION {{(pid=108470) _check_effective_sql_mode /opt/stack/data/venv/lib/python3.12/site-packages/oslo_db/sqlalchemy/engines.py:325}}
May 06 15:06:16.610715 np0000172282 devstack@n-api-meta.service[108471]: INFO dbcounter [None req-bbcded7c-0883-44c0-8f40-247779323db6 None None] Registered counter for database nova_api
May 06 15:06:16.629062 np0000172282 devstack@n-api-meta.service[108471]: DEBUG oslo_db.sqlalchemy.engines [None req-bbcded7c-0883-44c0-8f40-247779323db6 None None] MySQL server mode set to STRICT_TRANS_TABLES,STRICT_ALL_TABLES,NO_ZERO_IN_DATE,NO_ZERO_DATE,ERROR_FOR_DIVISION_BY_ZERO,TRADITIONAL,NO_ENGINE_SUBSTITUTION {{(pid=108471) _check_effective_sql_mode /opt/stack/data/venv/lib/python3.12/site-packages/oslo_db/sqlalchemy/engines.py:325}}
May 06 15:06:16.630417 np0000172282 devstack@n-api-meta.service[108470]: DEBUG dbcounter [-] [108470] Writer thread running {{(pid=108470) stat_writer /opt/stack/data/venv/lib/python3.12/site-packages/dbcounter.py:102}}
May 06 15:06:16.632939 np0000172282 devstack@n-api-meta.service[108470]: DEBUG nova.context [None req-ae599c6e-9c97-4630-ac11-101ff51cf2a1 None None] Found 2 cells: 00000000-0000-0000-0000-000000000000(cell0),e922a173-301a-4ec6-995f-c1f4d285dd4b(cell1) {{(pid=108470) load_cells /opt/stack/nova/nova/context.py:509}}
May 06 15:06:16.633162 np0000172282 devstack@n-api-meta.service[108470]: INFO nova.utils [None req-ae599c6e-9c97-4630-ac11-101ff51cf2a1 None None] The cell worker thread pool MainProcess.cell_worker is initialized
May 06 15:06:16.634984 np0000172282 devstack@n-api-meta.service[108470]: DEBUG oslo_concurrency.lockutils [None req-ae599c6e-9c97-4630-ac11-101ff51cf2a1 None None] Acquiring lock "00000000-0000-0000-0000-000000000000" by "nova.context.set_target_cell..get_or_set_cached_cell_and_set_connections" {{(pid=108470) inner /opt/stack/data/venv/lib/python3.12/site-packages/oslo_concurrency/lockutils.py:506}}
May 06 15:06:16.635136 np0000172282 devstack@n-api-meta.service[108470]: DEBUG oslo_concurrency.lockutils [None req-ae599c6e-9c97-4630-ac11-101ff51cf2a1 None None] Lock "00000000-0000-0000-0000-000000000000" acquired by "nova.context.set_target_cell..get_or_set_cached_cell_and_set_connections" :: waited 0.000s {{(pid=108470) inner /opt/stack/data/venv/lib/python3.12/site-packages/oslo_concurrency/lockutils.py:519}}
May 06 15:06:16.635506 np0000172282 devstack@n-api-meta.service[108470]: DEBUG oslo_concurrency.lockutils [None req-ae599c6e-9c97-4630-ac11-101ff51cf2a1 None None] Lock "00000000-0000-0000-0000-000000000000" "released" by "nova.context.set_target_cell..get_or_set_cached_cell_and_set_connections" :: held 0.000s {{(pid=108470) inner /opt/stack/data/venv/lib/python3.12/site-packages/oslo_concurrency/lockutils.py:538}}
May 06 15:06:16.636096 np0000172282 devstack@n-api-meta.service[108470]: DEBUG oslo_concurrency.lockutils [None req-ae599c6e-9c97-4630-ac11-101ff51cf2a1 None None] Acquiring lock "e922a173-301a-4ec6-995f-c1f4d285dd4b" by "nova.context.set_target_cell..get_or_set_cached_cell_and_set_connections" {{(pid=108470) inner /opt/stack/data/venv/lib/python3.12/site-packages/oslo_concurrency/lockutils.py:506}}
May 06 15:06:16.637678 np0000172282 devstack@n-api-meta.service[108470]: INFO dbcounter [None req-ae599c6e-9c97-4630-ac11-101ff51cf2a1 None None] Registered counter for database nova_cell0
May 06 15:06:16.638721 np0000172282 devstack@n-api-meta.service[108470]: DEBUG oslo_concurrency.lockutils [None req-ae599c6e-9c97-4630-ac11-101ff51cf2a1 None None] Lock "e922a173-301a-4ec6-995f-c1f4d285dd4b" acquired by "nova.context.set_target_cell..get_or_set_cached_cell_and_set_connections" :: waited 0.001s {{(pid=108470) inner /opt/stack/data/venv/lib/python3.12/site-packages/oslo_concurrency/lockutils.py:519}}
May 06 15:06:16.640229 np0000172282 devstack@n-api-meta.service[108470]: DEBUG oslo_concurrency.lockutils [None req-ae599c6e-9c97-4630-ac11-101ff51cf2a1 None None] Lock "e922a173-301a-4ec6-995f-c1f4d285dd4b" "released" by "nova.context.set_target_cell..get_or_set_cached_cell_and_set_connections" :: held 0.003s {{(pid=108470) inner /opt/stack/data/venv/lib/python3.12/site-packages/oslo_concurrency/lockutils.py:538}}
May 06 15:06:16.642499 np0000172282 devstack@n-api-meta.service[108468]: INFO dbcounter [None req-137aa925-3bfe-4b52-ba41-dbd44a3fa010 None None] Registered counter for database nova_api
May 06 15:06:16.643938 np0000172282 devstack@n-api-meta.service[108470]: INFO dbcounter [None req-ae599c6e-9c97-4630-ac11-101ff51cf2a1 None None] Registered counter for database nova_cell1
May 06 15:06:16.654938 np0000172282 devstack@n-api-meta.service[108470]: DEBUG oslo_db.sqlalchemy.engines [None req-ae599c6e-9c97-4630-ac11-101ff51cf2a1 None None] MySQL server mode set to STRICT_TRANS_TABLES,STRICT_ALL_TABLES,NO_ZERO_IN_DATE,NO_ZERO_DATE,ERROR_FOR_DIVISION_BY_ZERO,TRADITIONAL,NO_ENGINE_SUBSTITUTION {{(pid=108470) _check_effective_sql_mode /opt/stack/data/venv/lib/python3.12/site-packages/oslo_db/sqlalchemy/engines.py:325}}
May 06 15:06:16.663330 np0000172282 devstack@n-api-meta.service[108469]: INFO dbcounter [None req-42e39b8f-2b6e-45d7-9c2b-07a9315fb157 None None] Registered counter for database nova_api
May 06 15:06:16.664389 np0000172282 devstack@n-api-meta.service[108468]: DEBUG oslo_db.sqlalchemy.engines [None req-137aa925-3bfe-4b52-ba41-dbd44a3fa010 None None] MySQL server mode set to STRICT_TRANS_TABLES,STRICT_ALL_TABLES,NO_ZERO_IN_DATE,NO_ZERO_DATE,ERROR_FOR_DIVISION_BY_ZERO,TRADITIONAL,NO_ENGINE_SUBSTITUTION {{(pid=108468) _check_effective_sql_mode /opt/stack/data/venv/lib/python3.12/site-packages/oslo_db/sqlalchemy/engines.py:325}}
May 06 15:06:16.666573 np0000172282 devstack@n-api-meta.service[108470]: DEBUG oslo_db.sqlalchemy.engines [None req-ae599c6e-9c97-4630-ac11-101ff51cf2a1 None None] MySQL server mode set to STRICT_TRANS_TABLES,STRICT_ALL_TABLES,NO_ZERO_IN_DATE,NO_ZERO_DATE,ERROR_FOR_DIVISION_BY_ZERO,TRADITIONAL,NO_ENGINE_SUBSTITUTION {{(pid=108470) _check_effective_sql_mode /opt/stack/data/venv/lib/python3.12/site-packages/oslo_db/sqlalchemy/engines.py:325}}
May 06 15:06:16.667323 np0000172282 devstack@n-api-meta.service[108471]: DEBUG dbcounter [-] [108471] Writer thread running {{(pid=108471) stat_writer /opt/stack/data/venv/lib/python3.12/site-packages/dbcounter.py:102}}
May 06 15:06:16.670187 np0000172282 devstack@n-api-meta.service[108471]: DEBUG nova.context [None req-bbcded7c-0883-44c0-8f40-247779323db6 None None] Found 2 cells: 00000000-0000-0000-0000-000000000000(cell0),e922a173-301a-4ec6-995f-c1f4d285dd4b(cell1) {{(pid=108471) load_cells /opt/stack/nova/nova/context.py:509}}
May 06 15:06:16.670440 np0000172282 devstack@n-api-meta.service[108471]: INFO nova.utils [None req-bbcded7c-0883-44c0-8f40-247779323db6 None None] The cell worker thread pool MainProcess.cell_worker is initialized
May 06 15:06:16.672393 np0000172282 devstack@n-api-meta.service[108471]: DEBUG oslo_concurrency.lockutils [None req-bbcded7c-0883-44c0-8f40-247779323db6 None None] Acquiring lock "00000000-0000-0000-0000-000000000000" by "nova.context.set_target_cell..get_or_set_cached_cell_and_set_connections" {{(pid=108471) inner /opt/stack/data/venv/lib/python3.12/site-packages/oslo_concurrency/lockutils.py:506}}
May 06 15:06:16.672577 np0000172282 devstack@n-api-meta.service[108471]: DEBUG oslo_concurrency.lockutils [None req-bbcded7c-0883-44c0-8f40-247779323db6 None None] Lock "00000000-0000-0000-0000-000000000000" acquired by "nova.context.set_target_cell..get_or_set_cached_cell_and_set_connections" :: waited 0.000s {{(pid=108471) inner /opt/stack/data/venv/lib/python3.12/site-packages/oslo_concurrency/lockutils.py:519}}
May 06 15:06:16.672952 np0000172282 devstack@n-api-meta.service[108471]: DEBUG oslo_concurrency.lockutils [None req-bbcded7c-0883-44c0-8f40-247779323db6 None None] Lock "00000000-0000-0000-0000-000000000000" "released" by "nova.context.set_target_cell..get_or_set_cached_cell_and_set_connections" :: held 0.000s {{(pid=108471) inner /opt/stack/data/venv/lib/python3.12/site-packages/oslo_concurrency/lockutils.py:538}}
May 06 15:06:16.673831 np0000172282 devstack@n-api-meta.service[108471]: DEBUG oslo_concurrency.lockutils [None req-bbcded7c-0883-44c0-8f40-247779323db6 None None] Acquiring lock "e922a173-301a-4ec6-995f-c1f4d285dd4b" by "nova.context.set_target_cell..get_or_set_cached_cell_and_set_connections" {{(pid=108471) inner /opt/stack/data/venv/lib/python3.12/site-packages/oslo_concurrency/lockutils.py:506}}
May 06 15:06:16.673960 np0000172282 devstack@n-api-meta.service[108471]: DEBUG oslo_concurrency.lockutils [None req-bbcded7c-0883-44c0-8f40-247779323db6 None None] Lock "e922a173-301a-4ec6-995f-c1f4d285dd4b" acquired by "nova.context.set_target_cell..get_or_set_cached_cell_and_set_connections" :: waited 0.000s {{(pid=108471) inner /opt/stack/data/venv/lib/python3.12/site-packages/oslo_concurrency/lockutils.py:519}}
May 06 15:06:16.675041 np0000172282 devstack@n-api-meta.service[108471]: DEBUG oslo_concurrency.lockutils [None req-bbcded7c-0883-44c0-8f40-247779323db6 None None] Lock "e922a173-301a-4ec6-995f-c1f4d285dd4b" "released" by "nova.context.set_target_cell..get_or_set_cached_cell_and_set_connections" :: held 0.001s {{(pid=108471) inner /opt/stack/data/venv/lib/python3.12/site-packages/oslo_concurrency/lockutils.py:538}}
May 06 15:06:16.678705 np0000172282 devstack@n-api-meta.service[108471]: INFO dbcounter [None req-bbcded7c-0883-44c0-8f40-247779323db6 None None] Registered counter for database nova_cell0
May 06 15:06:16.683899 np0000172282 devstack@n-api-meta.service[108469]: DEBUG oslo_db.sqlalchemy.engines [None req-42e39b8f-2b6e-45d7-9c2b-07a9315fb157 None None] MySQL server mode set to STRICT_TRANS_TABLES,STRICT_ALL_TABLES,NO_ZERO_IN_DATE,NO_ZERO_DATE,ERROR_FOR_DIVISION_BY_ZERO,TRADITIONAL,NO_ENGINE_SUBSTITUTION {{(pid=108469) _check_effective_sql_mode /opt/stack/data/venv/lib/python3.12/site-packages/oslo_db/sqlalchemy/engines.py:325}}
May 06 15:06:16.685539 np0000172282 devstack@n-api-meta.service[108471]: INFO dbcounter [None req-bbcded7c-0883-44c0-8f40-247779323db6 None None] Registered counter for database nova_cell1
May 06 15:06:16.697211 np0000172282 devstack@n-api-meta.service[108471]: DEBUG oslo_db.sqlalchemy.engines [None req-bbcded7c-0883-44c0-8f40-247779323db6 None None] MySQL server mode set to STRICT_TRANS_TABLES,STRICT_ALL_TABLES,NO_ZERO_IN_DATE,NO_ZERO_DATE,ERROR_FOR_DIVISION_BY_ZERO,TRADITIONAL,NO_ENGINE_SUBSTITUTION {{(pid=108471) _check_effective_sql_mode /opt/stack/data/venv/lib/python3.12/site-packages/oslo_db/sqlalchemy/engines.py:325}}
May 06 15:06:16.702223 np0000172282 devstack@n-api-meta.service[108468]: DEBUG dbcounter [-] [108468] Writer thread running {{(pid=108468) stat_writer /opt/stack/data/venv/lib/python3.12/site-packages/dbcounter.py:102}}
May 06 15:06:16.705460 np0000172282 devstack@n-api-meta.service[108468]: DEBUG nova.context [None req-137aa925-3bfe-4b52-ba41-dbd44a3fa010 None None] Found 2 cells: 00000000-0000-0000-0000-000000000000(cell0),e922a173-301a-4ec6-995f-c1f4d285dd4b(cell1) {{(pid=108468) load_cells /opt/stack/nova/nova/context.py:509}}
May 06 15:06:16.705818 np0000172282 devstack@n-api-meta.service[108468]: INFO nova.utils [None req-137aa925-3bfe-4b52-ba41-dbd44a3fa010 None None] The cell worker thread pool MainProcess.cell_worker is initialized
May 06 15:06:16.709231 np0000172282 devstack@n-api-meta.service[108468]: DEBUG oslo_concurrency.lockutils [None req-137aa925-3bfe-4b52-ba41-dbd44a3fa010 None None] Acquiring lock "00000000-0000-0000-0000-000000000000" by "nova.context.set_target_cell..get_or_set_cached_cell_and_set_connections" {{(pid=108468) inner /opt/stack/data/venv/lib/python3.12/site-packages/oslo_concurrency/lockutils.py:506}}
May 06 15:06:16.709231 np0000172282 devstack@n-api-meta.service[108468]: DEBUG oslo_concurrency.lockutils [None req-137aa925-3bfe-4b52-ba41-dbd44a3fa010 None None] Lock "00000000-0000-0000-0000-000000000000" acquired by "nova.context.set_target_cell..get_or_set_cached_cell_and_set_connections" :: waited 0.000s {{(pid=108468) inner /opt/stack/data/venv/lib/python3.12/site-packages/oslo_concurrency/lockutils.py:519}}
May 06 15:06:16.709231 np0000172282 devstack@n-api-meta.service[108468]: DEBUG oslo_concurrency.lockutils [None req-137aa925-3bfe-4b52-ba41-dbd44a3fa010 None None] Lock "00000000-0000-0000-0000-000000000000" "released" by "nova.context.set_target_cell..get_or_set_cached_cell_and_set_connections" :: held 0.000s {{(pid=108468) inner /opt/stack/data/venv/lib/python3.12/site-packages/oslo_concurrency/lockutils.py:538}}
May 06 15:06:16.709541 np0000172282 devstack@n-api-meta.service[108471]: DEBUG oslo_db.sqlalchemy.engines [None req-bbcded7c-0883-44c0-8f40-247779323db6 None None] MySQL server mode set to STRICT_TRANS_TABLES,STRICT_ALL_TABLES,NO_ZERO_IN_DATE,NO_ZERO_DATE,ERROR_FOR_DIVISION_BY_ZERO,TRADITIONAL,NO_ENGINE_SUBSTITUTION {{(pid=108471) _check_effective_sql_mode /opt/stack/data/venv/lib/python3.12/site-packages/oslo_db/sqlalchemy/engines.py:325}}
May 06 15:06:16.709763 np0000172282 devstack@n-api-meta.service[108468]: DEBUG oslo_concurrency.lockutils [None req-137aa925-3bfe-4b52-ba41-dbd44a3fa010 None None] Acquiring lock "e922a173-301a-4ec6-995f-c1f4d285dd4b" by "nova.context.set_target_cell..get_or_set_cached_cell_and_set_connections" {{(pid=108468) inner /opt/stack/data/venv/lib/python3.12/site-packages/oslo_concurrency/lockutils.py:506}}
May 06 15:06:16.709889 np0000172282 devstack@n-api-meta.service[108468]: DEBUG oslo_concurrency.lockutils [None req-137aa925-3bfe-4b52-ba41-dbd44a3fa010 None None] Lock "e922a173-301a-4ec6-995f-c1f4d285dd4b" acquired by "nova.context.set_target_cell..get_or_set_cached_cell_and_set_connections" :: waited 0.000s {{(pid=108468) inner /opt/stack/data/venv/lib/python3.12/site-packages/oslo_concurrency/lockutils.py:519}}
May 06 15:06:16.710810 np0000172282 devstack@n-api-meta.service[108468]: DEBUG oslo_concurrency.lockutils [None req-137aa925-3bfe-4b52-ba41-dbd44a3fa010 None None] Lock "e922a173-301a-4ec6-995f-c1f4d285dd4b" "released" by "nova.context.set_target_cell..get_or_set_cached_cell_and_set_connections" :: held 0.001s {{(pid=108468) inner /opt/stack/data/venv/lib/python3.12/site-packages/oslo_concurrency/lockutils.py:538}}
May 06 15:06:16.715061 np0000172282 devstack@n-api-meta.service[108468]: INFO dbcounter [None req-137aa925-3bfe-4b52-ba41-dbd44a3fa010 None None] Registered counter for database nova_cell0
May 06 15:06:16.719269 np0000172282 devstack@n-api-meta.service[108469]: DEBUG dbcounter [-] [108469] Writer thread running {{(pid=108469) stat_writer /opt/stack/data/venv/lib/python3.12/site-packages/dbcounter.py:102}}
May 06 15:06:16.721391 np0000172282 devstack@n-api-meta.service[108468]: INFO dbcounter [None req-137aa925-3bfe-4b52-ba41-dbd44a3fa010 None None] Registered counter for database nova_cell1
May 06 15:06:16.721890 np0000172282 devstack@n-api-meta.service[108469]: DEBUG nova.context [None req-42e39b8f-2b6e-45d7-9c2b-07a9315fb157 None None] Found 2 cells: 00000000-0000-0000-0000-000000000000(cell0),e922a173-301a-4ec6-995f-c1f4d285dd4b(cell1) {{(pid=108469) load_cells /opt/stack/nova/nova/context.py:509}}
May 06 15:06:16.722132 np0000172282 devstack@n-api-meta.service[108469]: INFO nova.utils [None req-42e39b8f-2b6e-45d7-9c2b-07a9315fb157 None None] The cell worker thread pool MainProcess.cell_worker is initialized
May 06 15:06:16.723947 np0000172282 devstack@n-api-meta.service[108469]: DEBUG oslo_concurrency.lockutils [None req-42e39b8f-2b6e-45d7-9c2b-07a9315fb157 None None] Acquiring lock "00000000-0000-0000-0000-000000000000" by "nova.context.set_target_cell..get_or_set_cached_cell_and_set_connections" {{(pid=108469) inner /opt/stack/data/venv/lib/python3.12/site-packages/oslo_concurrency/lockutils.py:506}}
May 06 15:06:16.724129 np0000172282 devstack@n-api-meta.service[108469]: DEBUG oslo_concurrency.lockutils [None req-42e39b8f-2b6e-45d7-9c2b-07a9315fb157 None None] Lock "00000000-0000-0000-0000-000000000000" acquired by "nova.context.set_target_cell..get_or_set_cached_cell_and_set_connections" :: waited 0.000s {{(pid=108469) inner /opt/stack/data/venv/lib/python3.12/site-packages/oslo_concurrency/lockutils.py:519}}
May 06 15:06:16.724499 np0000172282 devstack@n-api-meta.service[108469]: DEBUG oslo_concurrency.lockutils [None req-42e39b8f-2b6e-45d7-9c2b-07a9315fb157 None None] Lock "00000000-0000-0000-0000-000000000000" "released" by "nova.context.set_target_cell..get_or_set_cached_cell_and_set_connections" :: held 0.000s {{(pid=108469) inner /opt/stack/data/venv/lib/python3.12/site-packages/oslo_concurrency/lockutils.py:538}}
May 06 15:06:16.725470 np0000172282 devstack@n-api-meta.service[108469]: DEBUG oslo_concurrency.lockutils [None req-42e39b8f-2b6e-45d7-9c2b-07a9315fb157 None None] Acquiring lock "e922a173-301a-4ec6-995f-c1f4d285dd4b" by "nova.context.set_target_cell..get_or_set_cached_cell_and_set_connections" {{(pid=108469) inner /opt/stack/data/venv/lib/python3.12/site-packages/oslo_concurrency/lockutils.py:506}}
May 06 15:06:16.725649 np0000172282 devstack@n-api-meta.service[108469]: DEBUG oslo_concurrency.lockutils [None req-42e39b8f-2b6e-45d7-9c2b-07a9315fb157 None None] Lock "e922a173-301a-4ec6-995f-c1f4d285dd4b" acquired by "nova.context.set_target_cell..get_or_set_cached_cell_and_set_connections" :: waited 0.000s {{(pid=108469) inner /opt/stack/data/venv/lib/python3.12/site-packages/oslo_concurrency/lockutils.py:519}}
May 06 15:06:16.726412 np0000172282 devstack@n-api-meta.service[108469]: DEBUG oslo_concurrency.lockutils [None req-42e39b8f-2b6e-45d7-9c2b-07a9315fb157 None None] Lock "e922a173-301a-4ec6-995f-c1f4d285dd4b" "released" by "nova.context.set_target_cell..get_or_set_cached_cell_and_set_connections" :: held 0.001s {{(pid=108469) inner /opt/stack/data/venv/lib/python3.12/site-packages/oslo_concurrency/lockutils.py:538}}
May 06 15:06:16.731011 np0000172282 devstack@n-api-meta.service[108469]: INFO dbcounter [None req-42e39b8f-2b6e-45d7-9c2b-07a9315fb157 None None] Registered counter for database nova_cell0
May 06 15:06:16.732024 np0000172282 devstack@n-api-meta.service[108468]: DEBUG oslo_db.sqlalchemy.engines [None req-137aa925-3bfe-4b52-ba41-dbd44a3fa010 None None] MySQL server mode set to STRICT_TRANS_TABLES,STRICT_ALL_TABLES,NO_ZERO_IN_DATE,NO_ZERO_DATE,ERROR_FOR_DIVISION_BY_ZERO,TRADITIONAL,NO_ENGINE_SUBSTITUTION {{(pid=108468) _check_effective_sql_mode /opt/stack/data/venv/lib/python3.12/site-packages/oslo_db/sqlalchemy/engines.py:325}}
May 06 15:06:16.737776 np0000172282 devstack@n-api-meta.service[108468]: DEBUG oslo_db.sqlalchemy.engines [None req-137aa925-3bfe-4b52-ba41-dbd44a3fa010 None None] MySQL server mode set to STRICT_TRANS_TABLES,STRICT_ALL_TABLES,NO_ZERO_IN_DATE,NO_ZERO_DATE,ERROR_FOR_DIVISION_BY_ZERO,TRADITIONAL,NO_ENGINE_SUBSTITUTION {{(pid=108468) _check_effective_sql_mode /opt/stack/data/venv/lib/python3.12/site-packages/oslo_db/sqlalchemy/engines.py:325}}
May 06 15:06:16.737903 np0000172282 devstack@n-api-meta.service[108469]: INFO dbcounter [None req-42e39b8f-2b6e-45d7-9c2b-07a9315fb157 None None] Registered counter for database nova_cell1
May 06 15:06:16.748765 np0000172282 devstack@n-api-meta.service[108469]: DEBUG oslo_db.sqlalchemy.engines [None req-42e39b8f-2b6e-45d7-9c2b-07a9315fb157 None None] MySQL server mode set to STRICT_TRANS_TABLES,STRICT_ALL_TABLES,NO_ZERO_IN_DATE,NO_ZERO_DATE,ERROR_FOR_DIVISION_BY_ZERO,TRADITIONAL,NO_ENGINE_SUBSTITUTION {{(pid=108469) _check_effective_sql_mode /opt/stack/data/venv/lib/python3.12/site-packages/oslo_db/sqlalchemy/engines.py:325}}
May 06 15:06:16.755072 np0000172282 devstack@n-api-meta.service[108470]: DEBUG dbcounter [-] [108470] Writer thread running {{(pid=108470) stat_writer /opt/stack/data/venv/lib/python3.12/site-packages/dbcounter.py:102}}
May 06 15:06:16.757873 np0000172282 devstack@n-api-meta.service[108469]: DEBUG oslo_db.sqlalchemy.engines [None req-42e39b8f-2b6e-45d7-9c2b-07a9315fb157 None None] MySQL server mode set to STRICT_TRANS_TABLES,STRICT_ALL_TABLES,NO_ZERO_IN_DATE,NO_ZERO_DATE,ERROR_FOR_DIVISION_BY_ZERO,TRADITIONAL,NO_ENGINE_SUBSTITUTION {{(pid=108469) _check_effective_sql_mode /opt/stack/data/venv/lib/python3.12/site-packages/oslo_db/sqlalchemy/engines.py:325}}
May 06 15:06:16.760911 np0000172282 devstack@n-api-meta.service[108470]: DEBUG dbcounter [-] [108470] Writer thread running {{(pid=108470) stat_writer /opt/stack/data/venv/lib/python3.12/site-packages/dbcounter.py:102}}
May 06 15:06:16.763978 np0000172282 devstack@n-api-meta.service[108470]: INFO dbcounter [None req-ae599c6e-9c97-4630-ac11-101ff51cf2a1 None None] Registered counter for database nova_cell0
May 06 15:06:16.776584 np0000172282 devstack@n-api-meta.service[108470]: DEBUG oslo_db.sqlalchemy.engines [None req-ae599c6e-9c97-4630-ac11-101ff51cf2a1 None None] MySQL server mode set to STRICT_TRANS_TABLES,STRICT_ALL_TABLES,NO_ZERO_IN_DATE,NO_ZERO_DATE,ERROR_FOR_DIVISION_BY_ZERO,TRADITIONAL,NO_ENGINE_SUBSTITUTION {{(pid=108470) _check_effective_sql_mode /opt/stack/data/venv/lib/python3.12/site-packages/oslo_db/sqlalchemy/engines.py:325}}
May 06 15:06:16.786672 np0000172282 devstack@n-api-meta.service[108470]: DEBUG dbcounter [-] [108470] Writer thread running {{(pid=108470) stat_writer /opt/stack/data/venv/lib/python3.12/site-packages/dbcounter.py:102}}
May 06 15:06:16.806049 np0000172282 devstack@n-api-meta.service[108471]: DEBUG dbcounter [-] [108471] Writer thread running {{(pid=108471) stat_writer /opt/stack/data/venv/lib/python3.12/site-packages/dbcounter.py:102}}
May 06 15:06:16.808866 np0000172282 devstack@n-api-meta.service[108471]: DEBUG dbcounter [-] [108471] Writer thread running {{(pid=108471) stat_writer /opt/stack/data/venv/lib/python3.12/site-packages/dbcounter.py:102}}
May 06 15:06:16.817047 np0000172282 devstack@n-api-meta.service[108471]: INFO dbcounter [None req-bbcded7c-0883-44c0-8f40-247779323db6 None None] Registered counter for database nova_cell0
May 06 15:06:16.829539 np0000172282 devstack@n-api-meta.service[108471]: DEBUG oslo_db.sqlalchemy.engines [None req-bbcded7c-0883-44c0-8f40-247779323db6 None None] MySQL server mode set to STRICT_TRANS_TABLES,STRICT_ALL_TABLES,NO_ZERO_IN_DATE,NO_ZERO_DATE,ERROR_FOR_DIVISION_BY_ZERO,TRADITIONAL,NO_ENGINE_SUBSTITUTION {{(pid=108471) _check_effective_sql_mode /opt/stack/data/venv/lib/python3.12/site-packages/oslo_db/sqlalchemy/engines.py:325}}
May 06 15:06:16.833387 np0000172282 devstack@n-api-meta.service[108470]: WARNING nova.api.metadata.handler [None req-ae599c6e-9c97-4630-ac11-101ff51cf2a1 None None] metadata_proxy_shared_secret is not configured, the metadata information returned by the proxy cannot be trusted
May 06 15:06:16.835589 np0000172282 devstack@n-api-meta.service[108470]: DEBUG nova.api.openstack.wsgi_app [None req-ae599c6e-9c97-4630-ac11-101ff51cf2a1 None None] ******************************************************************************** {{(pid=108470) log_opt_values /opt/stack/data/venv/lib/python3.12/site-packages/oslo_config/cfg.py:2979}}
May 06 15:06:16.835751 np0000172282 devstack@n-api-meta.service[108470]: DEBUG nova.api.openstack.wsgi_app [None req-ae599c6e-9c97-4630-ac11-101ff51cf2a1 None None] Configuration options gathered from: {{(pid=108470) log_opt_values /opt/stack/data/venv/lib/python3.12/site-packages/oslo_config/cfg.py:2980}}
May 06 15:06:16.835833 np0000172282 devstack@n-api-meta.service[108470]: DEBUG nova.api.openstack.wsgi_app [None req-ae599c6e-9c97-4630-ac11-101ff51cf2a1 None None] command line args: [] {{(pid=108470) log_opt_values /opt/stack/data/venv/lib/python3.12/site-packages/oslo_config/cfg.py:2981}}
May 06 15:06:16.836012 np0000172282 devstack@n-api-meta.service[108470]: DEBUG nova.api.openstack.wsgi_app [None req-ae599c6e-9c97-4630-ac11-101ff51cf2a1 None None] config files: ['/etc/nova/api-paste.ini', '/etc/nova/nova.conf'] {{(pid=108470) log_opt_values /opt/stack/data/venv/lib/python3.12/site-packages/oslo_config/cfg.py:2982}}
May 06 15:06:16.836104 np0000172282 devstack@n-api-meta.service[108470]: DEBUG nova.api.openstack.wsgi_app [None req-ae599c6e-9c97-4630-ac11-101ff51cf2a1 None None] ================================================================================ {{(pid=108470) log_opt_values /opt/stack/data/venv/lib/python3.12/site-packages/oslo_config/cfg.py:2987}}
May 06 15:06:16.836277 np0000172282 devstack@n-api-meta.service[108470]: DEBUG nova.api.openstack.wsgi_app [None req-ae599c6e-9c97-4630-ac11-101ff51cf2a1 None None] allow_resize_to_same_host = True {{(pid=108470) log_opt_values /opt/stack/data/venv/lib/python3.12/site-packages/oslo_config/cfg.py:2995}}
May 06 15:06:16.836412 np0000172282 devstack@n-api-meta.service[108470]: DEBUG nova.api.openstack.wsgi_app [None req-ae599c6e-9c97-4630-ac11-101ff51cf2a1 None None] arq_binding_timeout = 300 {{(pid=108470) log_opt_values /opt/stack/data/venv/lib/python3.12/site-packages/oslo_config/cfg.py:2995}}
May 06 15:06:16.836544 np0000172282 devstack@n-api-meta.service[108470]: DEBUG nova.api.openstack.wsgi_app [None req-ae599c6e-9c97-4630-ac11-101ff51cf2a1 None None] block_device_allocate_retries = 60 {{(pid=108470) log_opt_values /opt/stack/data/venv/lib/python3.12/site-packages/oslo_config/cfg.py:2995}}
May 06 15:06:16.836710 np0000172282 devstack@n-api-meta.service[108470]: DEBUG nova.api.openstack.wsgi_app [None req-ae599c6e-9c97-4630-ac11-101ff51cf2a1 None None] block_device_allocate_retries_interval = 3 {{(pid=108470) log_opt_values /opt/stack/data/venv/lib/python3.12/site-packages/oslo_config/cfg.py:2995}}
May 06 15:06:16.836829 np0000172282 devstack@n-api-meta.service[108470]: DEBUG nova.api.openstack.wsgi_app [None req-ae599c6e-9c97-4630-ac11-101ff51cf2a1 None None] cell_worker_thread_pool_size = 5 {{(pid=108470) log_opt_values /opt/stack/data/venv/lib/python3.12/site-packages/oslo_config/cfg.py:2995}}
May 06 15:06:16.836970 np0000172282 devstack@n-api-meta.service[108470]: DEBUG nova.api.openstack.wsgi_app [None req-ae599c6e-9c97-4630-ac11-101ff51cf2a1 None None] cert = self.pem {{(pid=108470) log_opt_values /opt/stack/data/venv/lib/python3.12/site-packages/oslo_config/cfg.py:2995}}
May 06 15:06:16.837092 np0000172282 devstack@n-api-meta.service[108470]: DEBUG nova.api.openstack.wsgi_app [None req-ae599c6e-9c97-4630-ac11-101ff51cf2a1 None None] compute_driver = libvirt.LibvirtDriver {{(pid=108470) log_opt_values /opt/stack/data/venv/lib/python3.12/site-packages/oslo_config/cfg.py:2995}}
May 06 15:06:16.837230 np0000172282 devstack@n-api-meta.service[108470]: DEBUG nova.api.openstack.wsgi_app [None req-ae599c6e-9c97-4630-ac11-101ff51cf2a1 None None] compute_monitors = [] {{(pid=108470) log_opt_values /opt/stack/data/venv/lib/python3.12/site-packages/oslo_config/cfg.py:2995}}
May 06 15:06:16.837385 np0000172282 devstack@n-api-meta.service[108470]: DEBUG nova.api.openstack.wsgi_app [None req-ae599c6e-9c97-4630-ac11-101ff51cf2a1 None None] config_dir = [] {{(pid=108470) log_opt_values /opt/stack/data/venv/lib/python3.12/site-packages/oslo_config/cfg.py:2995}}
May 06 15:06:16.837512 np0000172282 devstack@n-api-meta.service[108470]: DEBUG nova.api.openstack.wsgi_app [None req-ae599c6e-9c97-4630-ac11-101ff51cf2a1 None None] config_drive_format = iso9660 {{(pid=108470) log_opt_values /opt/stack/data/venv/lib/python3.12/site-packages/oslo_config/cfg.py:2995}}
May 06 15:06:16.837641 np0000172282 devstack@n-api-meta.service[108470]: DEBUG nova.api.openstack.wsgi_app [None req-ae599c6e-9c97-4630-ac11-101ff51cf2a1 None None] config_file = ['/etc/nova/api-paste.ini', '/etc/nova/nova.conf'] {{(pid=108470) log_opt_values /opt/stack/data/venv/lib/python3.12/site-packages/oslo_config/cfg.py:2995}}
May 06 15:06:16.837771 np0000172282 devstack@n-api-meta.service[108470]: DEBUG nova.api.openstack.wsgi_app [None req-ae599c6e-9c97-4630-ac11-101ff51cf2a1 None None] config_source = [] {{(pid=108470) log_opt_values /opt/stack/data/venv/lib/python3.12/site-packages/oslo_config/cfg.py:2995}}
May 06 15:06:16.837911 np0000172282 devstack@n-api-meta.service[108470]: DEBUG nova.api.openstack.wsgi_app [None req-ae599c6e-9c97-4630-ac11-101ff51cf2a1 None None] console_host = np0000172282 {{(pid=108470) log_opt_values /opt/stack/data/venv/lib/python3.12/site-packages/oslo_config/cfg.py:2995}}
May 06 15:06:16.838046 np0000172282 devstack@n-api-meta.service[108470]: DEBUG nova.api.openstack.wsgi_app [None req-ae599c6e-9c97-4630-ac11-101ff51cf2a1 None None] control_exchange = nova {{(pid=108470) log_opt_values /opt/stack/data/venv/lib/python3.12/site-packages/oslo_config/cfg.py:2995}}
May 06 15:06:16.838175 np0000172282 devstack@n-api-meta.service[108470]: DEBUG nova.api.openstack.wsgi_app [None req-ae599c6e-9c97-4630-ac11-101ff51cf2a1 None None] cpu_allocation_ratio = None {{(pid=108470) log_opt_values /opt/stack/data/venv/lib/python3.12/site-packages/oslo_config/cfg.py:2995}}
May 06 15:06:16.838301 np0000172282 devstack@n-api-meta.service[108470]: DEBUG nova.api.openstack.wsgi_app [None req-ae599c6e-9c97-4630-ac11-101ff51cf2a1 None None] daemon = False {{(pid=108470) log_opt_values /opt/stack/data/venv/lib/python3.12/site-packages/oslo_config/cfg.py:2995}}
May 06 15:06:16.838432 np0000172282 devstack@n-api-meta.service[108470]: DEBUG nova.api.openstack.wsgi_app [None req-ae599c6e-9c97-4630-ac11-101ff51cf2a1 None None] debug = True {{(pid=108470) log_opt_values /opt/stack/data/venv/lib/python3.12/site-packages/oslo_config/cfg.py:2995}}
May 06 15:06:16.838560 np0000172282 devstack@n-api-meta.service[108470]: DEBUG nova.api.openstack.wsgi_app [None req-ae599c6e-9c97-4630-ac11-101ff51cf2a1 None None] default_access_ip_network_name = None {{(pid=108470) log_opt_values /opt/stack/data/venv/lib/python3.12/site-packages/oslo_config/cfg.py:2995}}
May 06 15:06:16.838711 np0000172282 devstack@n-api-meta.service[108470]: DEBUG nova.api.openstack.wsgi_app [None req-ae599c6e-9c97-4630-ac11-101ff51cf2a1 None None] default_availability_zone = nova {{(pid=108470) log_opt_values /opt/stack/data/venv/lib/python3.12/site-packages/oslo_config/cfg.py:2995}}
May 06 15:06:16.838842 np0000172282 devstack@n-api-meta.service[108470]: DEBUG nova.api.openstack.wsgi_app [None req-ae599c6e-9c97-4630-ac11-101ff51cf2a1 None None] default_ephemeral_format = ext4 {{(pid=108470) log_opt_values /opt/stack/data/venv/lib/python3.12/site-packages/oslo_config/cfg.py:2995}}
May 06 15:06:16.838970 np0000172282 devstack@n-api-meta.service[108470]: DEBUG nova.api.openstack.wsgi_app [None req-ae599c6e-9c97-4630-ac11-101ff51cf2a1 None None] default_green_pool_size = 1000 {{(pid=108470) log_opt_values /opt/stack/data/venv/lib/python3.12/site-packages/oslo_config/cfg.py:2995}}
May 06 15:06:16.839183 np0000172282 devstack@n-api-meta.service[108470]: DEBUG nova.api.openstack.wsgi_app [None req-ae599c6e-9c97-4630-ac11-101ff51cf2a1 None None] default_log_levels = ['amqp=WARN', 'boto=WARN', 'sqlalchemy=WARN', 'suds=INFO', 'oslo.messaging=INFO', 'oslo_messaging=INFO', 'iso8601=WARN', 'requests.packages.urllib3.connectionpool=WARN', 'urllib3.connectionpool=WARN', 'websocket=WARN', 'requests.packages.urllib3.util.retry=WARN', 'urllib3.util.retry=WARN', 'keystonemiddleware=WARN', 'routes.middleware=WARN', 'stevedore=WARN', 'taskflow=WARN', 'keystoneauth=WARN', 'oslo.cache=INFO', 'oslo_policy=INFO', 'dogpile.core.dogpile=INFO', 'glanceclient=WARN', 'oslo.privsep.daemon=INFO'] {{(pid=108470) log_opt_values /opt/stack/data/venv/lib/python3.12/site-packages/oslo_config/cfg.py:2995}}
May 06 15:06:16.839365 np0000172282 devstack@n-api-meta.service[108470]: DEBUG nova.api.openstack.wsgi_app [None req-ae599c6e-9c97-4630-ac11-101ff51cf2a1 None None] default_schedule_zone = None {{(pid=108470) log_opt_values /opt/stack/data/venv/lib/python3.12/site-packages/oslo_config/cfg.py:2995}}
May 06 15:06:16.839440 np0000172282 devstack@n-api-meta.service[108470]: DEBUG nova.api.openstack.wsgi_app [None req-ae599c6e-9c97-4630-ac11-101ff51cf2a1 None None] default_thread_pool_size = 10 {{(pid=108470) log_opt_values /opt/stack/data/venv/lib/python3.12/site-packages/oslo_config/cfg.py:2995}}
May 06 15:06:16.839534 np0000172282 devstack@n-api-meta.service[108470]: DEBUG nova.api.openstack.wsgi_app [None req-ae599c6e-9c97-4630-ac11-101ff51cf2a1 None None] disk_allocation_ratio = None {{(pid=108470) log_opt_values /opt/stack/data/venv/lib/python3.12/site-packages/oslo_config/cfg.py:2995}}
May 06 15:06:16.839696 np0000172282 devstack@n-api-meta.service[108470]: DEBUG nova.api.openstack.wsgi_app [None req-ae599c6e-9c97-4630-ac11-101ff51cf2a1 None None] enable_new_services = True {{(pid=108470) log_opt_values /opt/stack/data/venv/lib/python3.12/site-packages/oslo_config/cfg.py:2995}}
May 06 15:06:16.839814 np0000172282 devstack@n-api-meta.service[108470]: DEBUG nova.api.openstack.wsgi_app [None req-ae599c6e-9c97-4630-ac11-101ff51cf2a1 None None] flat_injected = False {{(pid=108470) log_opt_values /opt/stack/data/venv/lib/python3.12/site-packages/oslo_config/cfg.py:2995}}
May 06 15:06:16.839966 np0000172282 devstack@n-api-meta.service[108470]: DEBUG nova.api.openstack.wsgi_app [None req-ae599c6e-9c97-4630-ac11-101ff51cf2a1 None None] force_config_drive = False {{(pid=108470) log_opt_values /opt/stack/data/venv/lib/python3.12/site-packages/oslo_config/cfg.py:2995}}
May 06 15:06:16.840099 np0000172282 devstack@n-api-meta.service[108470]: DEBUG nova.api.openstack.wsgi_app [None req-ae599c6e-9c97-4630-ac11-101ff51cf2a1 None None] force_raw_images = True {{(pid=108470) log_opt_values /opt/stack/data/venv/lib/python3.12/site-packages/oslo_config/cfg.py:2995}}
May 06 15:06:16.840236 np0000172282 devstack@n-api-meta.service[108470]: DEBUG nova.api.openstack.wsgi_app [None req-ae599c6e-9c97-4630-ac11-101ff51cf2a1 None None] graceful_shutdown_timeout = 5 {{(pid=108470) log_opt_values /opt/stack/data/venv/lib/python3.12/site-packages/oslo_config/cfg.py:2995}}
May 06 15:06:16.840340 np0000172282 devstack@n-api-meta.service[108471]: DEBUG dbcounter [-] [108471] Writer thread running {{(pid=108471) stat_writer /opt/stack/data/venv/lib/python3.12/site-packages/dbcounter.py:102}}
May 06 15:06:16.840385 np0000172282 devstack@n-api-meta.service[108470]: DEBUG nova.api.openstack.wsgi_app [None req-ae599c6e-9c97-4630-ac11-101ff51cf2a1 None None] heal_instance_info_cache_interval = -1 {{(pid=108470) log_opt_values /opt/stack/data/venv/lib/python3.12/site-packages/oslo_config/cfg.py:2995}}
May 06 15:06:16.840543 np0000172282 devstack@n-api-meta.service[108470]: DEBUG nova.api.openstack.wsgi_app [None req-ae599c6e-9c97-4630-ac11-101ff51cf2a1 None None] host = np0000172282 {{(pid=108470) log_opt_values /opt/stack/data/venv/lib/python3.12/site-packages/oslo_config/cfg.py:2995}}
May 06 15:06:16.840721 np0000172282 devstack@n-api-meta.service[108470]: DEBUG nova.api.openstack.wsgi_app [None req-ae599c6e-9c97-4630-ac11-101ff51cf2a1 None None] initial_cpu_allocation_ratio = 4.0 {{(pid=108470) log_opt_values /opt/stack/data/venv/lib/python3.12/site-packages/oslo_config/cfg.py:2995}}
May 06 15:06:16.840853 np0000172282 devstack@n-api-meta.service[108470]: DEBUG nova.api.openstack.wsgi_app [None req-ae599c6e-9c97-4630-ac11-101ff51cf2a1 None None] initial_disk_allocation_ratio = 1.0 {{(pid=108470) log_opt_values /opt/stack/data/venv/lib/python3.12/site-packages/oslo_config/cfg.py:2995}}
May 06 15:06:16.840988 np0000172282 devstack@n-api-meta.service[108470]: DEBUG nova.api.openstack.wsgi_app [None req-ae599c6e-9c97-4630-ac11-101ff51cf2a1 None None] initial_ram_allocation_ratio = 1.0 {{(pid=108470) log_opt_values /opt/stack/data/venv/lib/python3.12/site-packages/oslo_config/cfg.py:2995}}
May 06 15:06:16.841164 np0000172282 devstack@n-api-meta.service[108470]: DEBUG nova.api.openstack.wsgi_app [None req-ae599c6e-9c97-4630-ac11-101ff51cf2a1 None None] injected_network_template = /opt/stack/nova/nova/virt/interfaces.template {{(pid=108470) log_opt_values /opt/stack/data/venv/lib/python3.12/site-packages/oslo_config/cfg.py:2995}}
May 06 15:06:16.841297 np0000172282 devstack@n-api-meta.service[108470]: DEBUG nova.api.openstack.wsgi_app [None req-ae599c6e-9c97-4630-ac11-101ff51cf2a1 None None] instance_build_timeout = 0 {{(pid=108470) log_opt_values /opt/stack/data/venv/lib/python3.12/site-packages/oslo_config/cfg.py:2995}}
May 06 15:06:16.841467 np0000172282 devstack@n-api-meta.service[108470]: DEBUG nova.api.openstack.wsgi_app [None req-ae599c6e-9c97-4630-ac11-101ff51cf2a1 None None] instance_delete_interval = 300 {{(pid=108470) log_opt_values /opt/stack/data/venv/lib/python3.12/site-packages/oslo_config/cfg.py:2995}}
May 06 15:06:16.841615 np0000172282 devstack@n-api-meta.service[108470]: DEBUG nova.api.openstack.wsgi_app [None req-ae599c6e-9c97-4630-ac11-101ff51cf2a1 None None] instance_format = [instance: %(uuid)s] {{(pid=108470) log_opt_values /opt/stack/data/venv/lib/python3.12/site-packages/oslo_config/cfg.py:2995}}
May 06 15:06:16.841779 np0000172282 devstack@n-api-meta.service[108470]: DEBUG nova.api.openstack.wsgi_app [None req-ae599c6e-9c97-4630-ac11-101ff51cf2a1 None None] instance_name_template = instance-%08x {{(pid=108470) log_opt_values /opt/stack/data/venv/lib/python3.12/site-packages/oslo_config/cfg.py:2995}}
May 06 15:06:16.841908 np0000172282 devstack@n-api-meta.service[108470]: DEBUG nova.api.openstack.wsgi_app [None req-ae599c6e-9c97-4630-ac11-101ff51cf2a1 None None] instance_usage_audit = False {{(pid=108470) log_opt_values /opt/stack/data/venv/lib/python3.12/site-packages/oslo_config/cfg.py:2995}}
May 06 15:06:16.842046 np0000172282 devstack@n-api-meta.service[108470]: DEBUG nova.api.openstack.wsgi_app [None req-ae599c6e-9c97-4630-ac11-101ff51cf2a1 None None] instance_usage_audit_period = month {{(pid=108470) log_opt_values /opt/stack/data/venv/lib/python3.12/site-packages/oslo_config/cfg.py:2995}}
May 06 15:06:16.842179 np0000172282 devstack@n-api-meta.service[108470]: DEBUG nova.api.openstack.wsgi_app [None req-ae599c6e-9c97-4630-ac11-101ff51cf2a1 None None] instance_uuid_format = [instance: %(uuid)s] {{(pid=108470) log_opt_values /opt/stack/data/venv/lib/python3.12/site-packages/oslo_config/cfg.py:2995}}
May 06 15:06:16.842310 np0000172282 devstack@n-api-meta.service[108470]: DEBUG nova.api.openstack.wsgi_app [None req-ae599c6e-9c97-4630-ac11-101ff51cf2a1 None None] instances_path = /opt/stack/data/nova/instances {{(pid=108470) log_opt_values /opt/stack/data/venv/lib/python3.12/site-packages/oslo_config/cfg.py:2995}}
May 06 15:06:16.842444 np0000172282 devstack@n-api-meta.service[108470]: DEBUG nova.api.openstack.wsgi_app [None req-ae599c6e-9c97-4630-ac11-101ff51cf2a1 None None] internal_service_availability_zone = internal {{(pid=108470) log_opt_values /opt/stack/data/venv/lib/python3.12/site-packages/oslo_config/cfg.py:2995}}
May 06 15:06:16.842571 np0000172282 devstack@n-api-meta.service[108470]: DEBUG nova.api.openstack.wsgi_app [None req-ae599c6e-9c97-4630-ac11-101ff51cf2a1 None None] key = None {{(pid=108470) log_opt_values /opt/stack/data/venv/lib/python3.12/site-packages/oslo_config/cfg.py:2995}}
May 06 15:06:16.842719 np0000172282 devstack@n-api-meta.service[108470]: DEBUG nova.api.openstack.wsgi_app [None req-ae599c6e-9c97-4630-ac11-101ff51cf2a1 None None] live_migration_retry_count = 30 {{(pid=108470) log_opt_values /opt/stack/data/venv/lib/python3.12/site-packages/oslo_config/cfg.py:2995}}
May 06 15:06:16.842854 np0000172282 devstack@n-api-meta.service[108470]: DEBUG nova.api.openstack.wsgi_app [None req-ae599c6e-9c97-4630-ac11-101ff51cf2a1 None None] log_color = False {{(pid=108470) log_opt_values /opt/stack/data/venv/lib/python3.12/site-packages/oslo_config/cfg.py:2995}}
May 06 15:06:16.842988 np0000172282 devstack@n-api-meta.service[108470]: DEBUG nova.api.openstack.wsgi_app [None req-ae599c6e-9c97-4630-ac11-101ff51cf2a1 None None] log_config_append = None {{(pid=108470) log_opt_values /opt/stack/data/venv/lib/python3.12/site-packages/oslo_config/cfg.py:2995}}
May 06 15:06:16.843129 np0000172282 devstack@n-api-meta.service[108470]: DEBUG nova.api.openstack.wsgi_app [None req-ae599c6e-9c97-4630-ac11-101ff51cf2a1 None None] log_date_format = %Y-%m-%d %H:%M:%S {{(pid=108470) log_opt_values /opt/stack/data/venv/lib/python3.12/site-packages/oslo_config/cfg.py:2995}}
May 06 15:06:16.843260 np0000172282 devstack@n-api-meta.service[108470]: DEBUG nova.api.openstack.wsgi_app [None req-ae599c6e-9c97-4630-ac11-101ff51cf2a1 None None] log_dir = None {{(pid=108470) log_opt_values /opt/stack/data/venv/lib/python3.12/site-packages/oslo_config/cfg.py:2995}}
