May 06 15:05:44.499038 np0000172282 neutron-periodic-workers[105199]: DEBUG cotyledon.oslo_config_glue [-] network_log.local_output_log_base = None {{(pid=105199) log_opt_values /opt/stack/data/venv/lib/python3.12/site-packages/oslo_config/cfg.py:3006}}
May 06 15:05:44.499084 np0000172282 neutron-periodic-workers[105199]: DEBUG cotyledon.oslo_config_glue [-] network_log.rate_limit = 100 {{(pid=105199) log_opt_values /opt/stack/data/venv/lib/python3.12/site-packages/oslo_config/cfg.py:3006}}
May 06 15:05:44.499451 np0000172282 neutron-periodic-workers[105199]: DEBUG cotyledon.oslo_config_glue [-] database.asyncio_connection = **** {{(pid=105199) log_opt_values /opt/stack/data/venv/lib/python3.12/site-packages/oslo_config/cfg.py:3006}}
May 06 15:05:44.499451 np0000172282 neutron-periodic-workers[105199]: DEBUG cotyledon.oslo_config_glue [-] database.asyncio_slave_connection = **** {{(pid=105199) log_opt_values /opt/stack/data/venv/lib/python3.12/site-packages/oslo_config/cfg.py:3006}}
May 06 15:05:44.499451 np0000172282 neutron-periodic-workers[105199]: DEBUG cotyledon.oslo_config_glue [-] database.backend = sqlalchemy {{(pid=105199) log_opt_values /opt/stack/data/venv/lib/python3.12/site-packages/oslo_config/cfg.py:3006}}
May 06 15:05:44.499451 np0000172282 neutron-periodic-workers[105199]: DEBUG cotyledon.oslo_config_glue [-] database.connection = **** {{(pid=105199) log_opt_values /opt/stack/data/venv/lib/python3.12/site-packages/oslo_config/cfg.py:3006}}
May 06 15:05:44.499451 np0000172282 neutron-periodic-workers[105199]: DEBUG cotyledon.oslo_config_glue [-] database.connection_debug = 0 {{(pid=105199) log_opt_values /opt/stack/data/venv/lib/python3.12/site-packages/oslo_config/cfg.py:3006}}
May 06 15:05:44.499451 np0000172282 neutron-periodic-workers[105199]: DEBUG cotyledon.oslo_config_glue [-] database.connection_parameters = {{(pid=105199) log_opt_values /opt/stack/data/venv/lib/python3.12/site-packages/oslo_config/cfg.py:3006}}
May 06 15:05:44.499451 np0000172282 neutron-periodic-workers[105199]: DEBUG cotyledon.oslo_config_glue [-] database.connection_recycle_time = 3600 {{(pid=105199) log_opt_values /opt/stack/data/venv/lib/python3.12/site-packages/oslo_config/cfg.py:3006}}
May 06 15:05:44.499451 np0000172282 neutron-periodic-workers[105199]: DEBUG cotyledon.oslo_config_glue [-] database.connection_trace = False {{(pid=105199) log_opt_values /opt/stack/data/venv/lib/python3.12/site-packages/oslo_config/cfg.py:3006}}
May 06 15:05:44.499451 np0000172282 neutron-periodic-workers[105199]: DEBUG cotyledon.oslo_config_glue [-] database.db_inc_retry_interval = True {{(pid=105199) log_opt_values /opt/stack/data/venv/lib/python3.12/site-packages/oslo_config/cfg.py:3006}}
May 06 15:05:44.499713 np0000172282 neutron-periodic-workers[105199]: DEBUG cotyledon.oslo_config_glue [-] database.db_max_retries = 20 {{(pid=105199) log_opt_values /opt/stack/data/venv/lib/python3.12/site-packages/oslo_config/cfg.py:3006}}
May 06 15:05:44.499713 np0000172282 neutron-periodic-workers[105199]: DEBUG cotyledon.oslo_config_glue [-] database.db_max_retry_interval = 10 {{(pid=105199) log_opt_values /opt/stack/data/venv/lib/python3.12/site-packages/oslo_config/cfg.py:3006}}
May 06 15:05:44.499713 np0000172282 neutron-periodic-workers[105199]: DEBUG cotyledon.oslo_config_glue [-] database.db_retry_interval = 1 {{(pid=105199) log_opt_values /opt/stack/data/venv/lib/python3.12/site-packages/oslo_config/cfg.py:3006}}
May 06 15:05:44.499713 np0000172282 neutron-periodic-workers[105199]: DEBUG cotyledon.oslo_config_glue [-] database.max_overflow = 50 {{(pid=105199) log_opt_values /opt/stack/data/venv/lib/python3.12/site-packages/oslo_config/cfg.py:3006}}
May 06 15:05:44.499713 np0000172282 neutron-periodic-workers[105199]: DEBUG cotyledon.oslo_config_glue [-] database.max_pool_size = 5 {{(pid=105199) log_opt_values /opt/stack/data/venv/lib/python3.12/site-packages/oslo_config/cfg.py:3006}}
May 06 15:05:44.500190 np0000172282 neutron-periodic-workers[105199]: DEBUG cotyledon.oslo_config_glue [-] database.max_retries = 10 {{(pid=105199) log_opt_values /opt/stack/data/venv/lib/python3.12/site-packages/oslo_config/cfg.py:3006}}
May 06 15:05:44.500190 np0000172282 neutron-periodic-workers[105199]: DEBUG cotyledon.oslo_config_glue [-] database.mysql_sql_mode = TRADITIONAL {{(pid=105199) log_opt_values /opt/stack/data/venv/lib/python3.12/site-packages/oslo_config/cfg.py:3006}}
May 06 15:05:44.500190 np0000172282 neutron-periodic-workers[105199]: DEBUG cotyledon.oslo_config_glue [-] database.mysql_wsrep_sync_wait = None {{(pid=105199) log_opt_values /opt/stack/data/venv/lib/python3.12/site-packages/oslo_config/cfg.py:3006}}
May 06 15:05:44.500190 np0000172282 neutron-periodic-workers[105199]: DEBUG cotyledon.oslo_config_glue [-] database.pool_timeout = None {{(pid=105199) log_opt_values /opt/stack/data/venv/lib/python3.12/site-packages/oslo_config/cfg.py:3006}}
May 06 15:05:44.500190 np0000172282 neutron-periodic-workers[105199]: DEBUG cotyledon.oslo_config_glue [-] database.retry_interval = 10 {{(pid=105199) log_opt_values /opt/stack/data/venv/lib/python3.12/site-packages/oslo_config/cfg.py:3006}}
May 06 15:05:44.500190 np0000172282 neutron-periodic-workers[105199]: DEBUG cotyledon.oslo_config_glue [-] database.slave_connection = **** {{(pid=105199) log_opt_values /opt/stack/data/venv/lib/python3.12/site-packages/oslo_config/cfg.py:3006}}
May 06 15:05:44.500190 np0000172282 neutron-periodic-workers[105199]: DEBUG cotyledon.oslo_config_glue [-] database.sqlite_synchronous = True {{(pid=105199) log_opt_values /opt/stack/data/venv/lib/python3.12/site-packages/oslo_config/cfg.py:3006}}
May 06 15:05:44.500190 np0000172282 neutron-periodic-workers[105199]: DEBUG cotyledon.oslo_config_glue [-] database.synchronous_reader = True {{(pid=105199) log_opt_values /opt/stack/data/venv/lib/python3.12/site-packages/oslo_config/cfg.py:3006}}
May 06 15:05:44.500190 np0000172282 neutron-periodic-workers[105199]: DEBUG cotyledon.oslo_config_glue [-] database.use_db_reconnect = False {{(pid=105199) log_opt_values /opt/stack/data/venv/lib/python3.12/site-packages/oslo_config/cfg.py:3006}}
May 06 15:05:44.500412 np0000172282 neutron-periodic-workers[105199]: DEBUG cotyledon.oslo_config_glue [-] ovn.bfd_min_rx = 1000 {{(pid=105199) log_opt_values /opt/stack/data/venv/lib/python3.12/site-packages/oslo_config/cfg.py:3006}}
May 06 15:05:44.500412 np0000172282 neutron-periodic-workers[105199]: DEBUG cotyledon.oslo_config_glue [-] ovn.bfd_min_tx = 100 {{(pid=105199) log_opt_values /opt/stack/data/venv/lib/python3.12/site-packages/oslo_config/cfg.py:3006}}
May 06 15:05:44.500412 np0000172282 neutron-periodic-workers[105199]: DEBUG cotyledon.oslo_config_glue [-] ovn.bfd_mult = 3 {{(pid=105199) log_opt_values /opt/stack/data/venv/lib/python3.12/site-packages/oslo_config/cfg.py:3006}}
May 06 15:05:44.500412 np0000172282 neutron-periodic-workers[105199]: DEBUG cotyledon.oslo_config_glue [-] ovn.broadcast_arps_to_all_routers = True {{(pid=105199) log_opt_values /opt/stack/data/venv/lib/python3.12/site-packages/oslo_config/cfg.py:3006}}
May 06 15:05:44.500412 np0000172282 neutron-periodic-workers[105199]: DEBUG cotyledon.oslo_config_glue [-] ovn.dhcp_default_lease_time = 43200 {{(pid=105199) log_opt_values /opt/stack/data/venv/lib/python3.12/site-packages/oslo_config/cfg.py:3006}}
May 06 15:05:44.500412 np0000172282 neutron-periodic-workers[105199]: DEBUG cotyledon.oslo_config_glue [-] ovn.disable_ovn_dhcp_for_baremetal_ports = False {{(pid=105199) log_opt_values /opt/stack/data/venv/lib/python3.12/site-packages/oslo_config/cfg.py:3006}}
May 06 15:05:44.500412 np0000172282 neutron-periodic-workers[105199]: DEBUG cotyledon.oslo_config_glue [-] ovn.dns_records_ovn_owned = False {{(pid=105199) log_opt_values /opt/stack/data/venv/lib/python3.12/site-packages/oslo_config/cfg.py:3006}}
May 06 15:05:44.500412 np0000172282 neutron-periodic-workers[105199]: DEBUG cotyledon.oslo_config_glue [-] ovn.dns_servers = [] {{(pid=105199) log_opt_values /opt/stack/data/venv/lib/python3.12/site-packages/oslo_config/cfg.py:3006}}
May 06 15:05:44.500412 np0000172282 neutron-periodic-workers[105199]: DEBUG cotyledon.oslo_config_glue [-] ovn.enable_distributed_floating_ip = False {{(pid=105199) log_opt_values /opt/stack/data/venv/lib/python3.12/site-packages/oslo_config/cfg.py:3006}}
May 06 15:05:44.500632 np0000172282 neutron-periodic-workers[105199]: DEBUG cotyledon.oslo_config_glue [-] ovn.fdb_age_threshold = 300 {{(pid=105199) log_opt_values /opt/stack/data/venv/lib/python3.12/site-packages/oslo_config/cfg.py:3006}}
May 06 15:05:44.500632 np0000172282 neutron-periodic-workers[105199]: DEBUG cotyledon.oslo_config_glue [-] ovn.ha_failover_strategy = normal {{(pid=105199) log_opt_values /opt/stack/data/venv/lib/python3.12/site-packages/oslo_config/cfg.py:3006}}
May 06 15:05:44.500632 np0000172282 neutron-periodic-workers[105199]: DEBUG cotyledon.oslo_config_glue [-] ovn.live_migration_activation_strategy = rarp {{(pid=105199) log_opt_values /opt/stack/data/venv/lib/python3.12/site-packages/oslo_config/cfg.py:3006}}
May 06 15:05:44.500632 np0000172282 neutron-periodic-workers[105199]: DEBUG cotyledon.oslo_config_glue [-] ovn.localnet_learn_fdb = False {{(pid=105199) log_opt_values /opt/stack/data/venv/lib/python3.12/site-packages/oslo_config/cfg.py:3006}}
May 06 15:05:44.500632 np0000172282 neutron-periodic-workers[105199]: DEBUG cotyledon.oslo_config_glue [-] ovn.mac_binding_age_threshold = 300 {{(pid=105199) log_opt_values /opt/stack/data/venv/lib/python3.12/site-packages/oslo_config/cfg.py:3006}}
May 06 15:05:44.500757 np0000172282 neutron-periodic-workers[105199]: DEBUG cotyledon.oslo_config_glue [-] ovn.neutron_sync_mode = log {{(pid=105199) log_opt_values /opt/stack/data/venv/lib/python3.12/site-packages/oslo_config/cfg.py:3006}}
May 06 15:05:44.500757 np0000172282 neutron-periodic-workers[105199]: DEBUG cotyledon.oslo_config_glue [-] ovn.ovn_dhcp4_global_options = {} {{(pid=105199) log_opt_values /opt/stack/data/venv/lib/python3.12/site-packages/oslo_config/cfg.py:3006}}
May 06 15:05:44.500757 np0000172282 neutron-periodic-workers[105199]: DEBUG cotyledon.oslo_config_glue [-] ovn.ovn_dhcp6_global_options = {} {{(pid=105199) log_opt_values /opt/stack/data/venv/lib/python3.12/site-packages/oslo_config/cfg.py:3006}}
May 06 15:05:44.500833 np0000172282 neutron-periodic-workers[105199]: DEBUG cotyledon.oslo_config_glue [-] ovn.ovn_l3_scheduler = leastloaded {{(pid=105199) log_opt_values /opt/stack/data/venv/lib/python3.12/site-packages/oslo_config/cfg.py:3006}}
May 06 15:05:44.500862 np0000172282 neutron-periodic-workers[105199]: DEBUG cotyledon.oslo_config_glue [-] ovn.ovn_metadata_enabled = True {{(pid=105199) log_opt_values /opt/stack/data/venv/lib/python3.12/site-packages/oslo_config/cfg.py:3006}}
May 06 15:05:44.500918 np0000172282 neutron-periodic-workers[105199]: DEBUG cotyledon.oslo_config_glue [-] ovn.ovn_nb_ca_cert = /opt/stack/data/CA/int-ca/ca-chain.pem {{(pid=105199) log_opt_values /opt/stack/data/venv/lib/python3.12/site-packages/oslo_config/cfg.py:3006}}
May 06 15:05:44.500988 np0000172282 neutron-periodic-workers[105199]: DEBUG cotyledon.oslo_config_glue [-] ovn.ovn_nb_certificate = /opt/stack/data/CA/int-ca/devstack-cert.crt {{(pid=105199) log_opt_values /opt/stack/data/venv/lib/python3.12/site-packages/oslo_config/cfg.py:3006}}
May 06 15:05:44.501031 np0000172282 neutron-periodic-workers[105199]: DEBUG cotyledon.oslo_config_glue [-] ovn.ovn_nb_connection = ['ssl:199.204.45.210:6641'] {{(pid=105199) log_opt_values /opt/stack/data/venv/lib/python3.12/site-packages/oslo_config/cfg.py:3006}}
May 06 15:05:44.501074 np0000172282 neutron-periodic-workers[105199]: DEBUG cotyledon.oslo_config_glue [-] ovn.ovn_nb_private_key = /opt/stack/data/CA/int-ca/private/devstack-cert.key {{(pid=105199) log_opt_values /opt/stack/data/venv/lib/python3.12/site-packages/oslo_config/cfg.py:3006}}
May 06 15:05:44.501175 np0000172282 neutron-periodic-workers[105199]: DEBUG cotyledon.oslo_config_glue [-] ovn.ovn_router_indirect_snat = False {{(pid=105199) log_opt_values /opt/stack/data/venv/lib/python3.12/site-packages/oslo_config/cfg.py:3006}}
May 06 15:05:44.501175 np0000172282 neutron-periodic-workers[105199]: DEBUG cotyledon.oslo_config_glue [-] ovn.ovn_sb_ca_cert = /opt/stack/data/CA/int-ca/ca-chain.pem {{(pid=105199) log_opt_values /opt/stack/data/venv/lib/python3.12/site-packages/oslo_config/cfg.py:3006}}
May 06 15:05:44.501225 np0000172282 neutron-periodic-workers[105199]: DEBUG cotyledon.oslo_config_glue [-] ovn.ovn_sb_certificate = /opt/stack/data/CA/int-ca/devstack-cert.crt {{(pid=105199) log_opt_values /opt/stack/data/venv/lib/python3.12/site-packages/oslo_config/cfg.py:3006}}
May 06 15:05:44.501225 np0000172282 neutron-periodic-workers[105199]: DEBUG cotyledon.oslo_config_glue [-] ovn.ovn_sb_connection = ['ssl:199.204.45.210:6642'] {{(pid=105199) log_opt_values /opt/stack/data/venv/lib/python3.12/site-packages/oslo_config/cfg.py:3006}}
May 06 15:05:44.501272 np0000172282 neutron-periodic-workers[105199]: DEBUG cotyledon.oslo_config_glue [-] ovn.ovn_sb_private_key = /opt/stack/data/CA/int-ca/private/devstack-cert.key {{(pid=105199) log_opt_values /opt/stack/data/venv/lib/python3.12/site-packages/oslo_config/cfg.py:3006}}
May 06 15:05:44.501314 np0000172282 neutron-periodic-workers[105199]: DEBUG cotyledon.oslo_config_glue [-] ovn.ovs_create_tap = False {{(pid=105199) log_opt_values /opt/stack/data/venv/lib/python3.12/site-packages/oslo_config/cfg.py:3006}}
May 06 15:05:44.501356 np0000172282 neutron-periodic-workers[105199]: DEBUG cotyledon.oslo_config_glue [-] ovn.ovsdb_connection_timeout = 180 {{(pid=105199) log_opt_values /opt/stack/data/venv/lib/python3.12/site-packages/oslo_config/cfg.py:3006}}
May 06 15:05:44.501391 np0000172282 neutron-periodic-workers[105199]: DEBUG cotyledon.oslo_config_glue [-] ovn.ovsdb_log_level = INFO {{(pid=105199) log_opt_values /opt/stack/data/venv/lib/python3.12/site-packages/oslo_config/cfg.py:3006}}
May 06 15:05:44.501436 np0000172282 neutron-periodic-workers[105199]: DEBUG cotyledon.oslo_config_glue [-] ovn.ovsdb_probe_interval = 60000 {{(pid=105199) log_opt_values /opt/stack/data/venv/lib/python3.12/site-packages/oslo_config/cfg.py:3006}}
May 06 15:05:44.501477 np0000172282 neutron-periodic-workers[105199]: DEBUG cotyledon.oslo_config_glue [-] ovn.ovsdb_retry_max_interval = 180 {{(pid=105199) log_opt_values /opt/stack/data/venv/lib/python3.12/site-packages/oslo_config/cfg.py:3006}}
May 06 15:05:44.501518 np0000172282 neutron-periodic-workers[105199]: DEBUG cotyledon.oslo_config_glue [-] ovn.stateless_nat_enabled = False {{(pid=105199) log_opt_values /opt/stack/data/venv/lib/python3.12/site-packages/oslo_config/cfg.py:3006}}
May 06 15:05:44.501567 np0000172282 neutron-periodic-workers[105199]: DEBUG cotyledon.oslo_config_glue [-] ovn.vhost_sock_dir = /var/run/openvswitch {{(pid=105199) log_opt_values /opt/stack/data/venv/lib/python3.12/site-packages/oslo_config/cfg.py:3006}}
May 06 15:05:44.501650 np0000172282 neutron-periodic-workers[105199]: DEBUG cotyledon.oslo_config_glue [-] OVS.bridge_mac_table_size = 50000 {{(pid=105199) log_opt_values /opt/stack/data/venv/lib/python3.12/site-packages/oslo_config/cfg.py:3006}}
May 06 15:05:44.501702 np0000172282 neutron-periodic-workers[105199]: DEBUG cotyledon.oslo_config_glue [-] OVS.igmp_flood = False {{(pid=105199) log_opt_values /opt/stack/data/venv/lib/python3.12/site-packages/oslo_config/cfg.py:3006}}
May 06 15:05:44.501745 np0000172282 neutron-periodic-workers[105199]: DEBUG cotyledon.oslo_config_glue [-] OVS.igmp_flood_reports = True {{(pid=105199) log_opt_values /opt/stack/data/venv/lib/python3.12/site-packages/oslo_config/cfg.py:3006}}
May 06 15:05:44.501795 np0000172282 neutron-periodic-workers[105199]: DEBUG cotyledon.oslo_config_glue [-] OVS.igmp_flood_unregistered = False {{(pid=105199) log_opt_values /opt/stack/data/venv/lib/python3.12/site-packages/oslo_config/cfg.py:3006}}
May 06 15:05:44.501847 np0000172282 neutron-periodic-workers[105199]: DEBUG cotyledon.oslo_config_glue [-] OVS.igmp_snooping_enable = False {{(pid=105199) log_opt_values /opt/stack/data/venv/lib/python3.12/site-packages/oslo_config/cfg.py:3006}}
May 06 15:05:44.501888 np0000172282 neutron-periodic-workers[105199]: DEBUG cotyledon.oslo_config_glue [-] OVS.ovsdb_timeout = 10 {{(pid=105199) log_opt_values /opt/stack/data/venv/lib/python3.12/site-packages/oslo_config/cfg.py:3006}}
May 06 15:05:44.501946 np0000172282 neutron-periodic-workers[105199]: DEBUG cotyledon.oslo_config_glue [-] ovn_nb_global.fdb_removal_limit = 0 {{(pid=105199) log_opt_values /opt/stack/data/venv/lib/python3.12/site-packages/oslo_config/cfg.py:3006}}
May 06 15:05:44.501995 np0000172282 neutron-periodic-workers[105199]: DEBUG cotyledon.oslo_config_glue [-] ovn_nb_global.ignore_lsp_down = False {{(pid=105199) log_opt_values /opt/stack/data/venv/lib/python3.12/site-packages/oslo_config/cfg.py:3006}}
May 06 15:05:44.502044 np0000172282 neutron-periodic-workers[105199]: DEBUG cotyledon.oslo_config_glue [-] ovn_nb_global.mac_binding_removal_limit = 0 {{(pid=105199) log_opt_values /opt/stack/data/venv/lib/python3.12/site-packages/oslo_config/cfg.py:3006}}
May 06 15:05:44.502087 np0000172282 neutron-periodic-workers[105199]: DEBUG cotyledon.oslo_config_glue [-] ******************************************************************************** {{(pid=105199) log_opt_values /opt/stack/data/venv/lib/python3.12/site-packages/oslo_config/cfg.py:3013}}
May 06 15:05:44.502249 np0000172282 neutron-periodic-workers[105199]: DEBUG cotyledon._service_worker [-] Run service ServiceWrapper(0) [105199] {{(pid=105199) wait_forever /opt/stack/data/venv/lib/python3.12/site-packages/cotyledon/_service_worker.py:218}}
May 06 15:05:54.142408 np0000172282 neutron-periodic-workers[104335]: DEBUG dbcounter [-] [104335] Writing DB stats neutron:SELECT=4 {{(pid=104335) stat_writer /opt/stack/data/venv/lib/python3.12/site-packages/dbcounter.py:115}}
May 06 15:05:59.455508 np0000172282 neutron-periodic-workers[105175]: DEBUG oslo_db.sqlalchemy.engines [None req-722d58a8-369f-4cda-ac64-91399f7d5cb8 None None] Parent process 104335 forked (105175) with an open database connection, which is being discarded and recreated. {{(pid=105175) checkout /opt/stack/data/venv/lib/python3.12/site-packages/oslo_db/sqlalchemy/engines.py:402}}
May 06 15:05:59.479710 np0000172282 neutron-periodic-workers[105175]: DEBUG dbcounter [-] [105175] Writer thread running {{(pid=105175) stat_writer /opt/stack/data/venv/lib/python3.12/site-packages/dbcounter.py:102}}
May 06 15:05:59.490901 np0000172282 neutron-periodic-workers[105175]: DEBUG oslo.service.backend._threading.loopingcall [None req-722d58a8-369f-4cda-ac64-91399f7d5cb8 None None] Fixed interval looping call 'neutron.services.ovn_l3.plugin.L3_NAT_dbonly_mixin._clean_garbage' sleeping for 299.95 seconds {{(pid=105175) _run_loop /opt/stack/data/venv/lib/python3.12/site-packages/oslo_service/backend/_threading/loopingcall.py:125}}
May 06 15:06:09.480131 np0000172282 neutron-periodic-workers[105175]: DEBUG dbcounter [-] [105175] Writing DB stats neutron:SELECT=1 {{(pid=105175) stat_writer /opt/stack/data/venv/lib/python3.12/site-packages/dbcounter.py:115}}
May 06 15:06:25.490005 np0000172282 neutron-periodic-workers[105180]: DEBUG dbcounter [-] [105180] Writer thread running {{(pid=105180) stat_writer /opt/stack/data/venv/lib/python3.12/site-packages/dbcounter.py:102}}
May 06 15:06:25.499105 np0000172282 neutron-periodic-workers[105180]: DEBUG oslo.service.backend._threading.loopingcall [None req-a60e3ef0-0577-4372-a64e-9e26654c094e None None] Fixed interval looping call 'neutron.plugins.ml2.plugin.DhcpAgentSchedulerDbMixin.remove_networks_from_down_agents' sleeping for 36.98 seconds {{(pid=105180) _run_loop /opt/stack/data/venv/lib/python3.12/site-packages/oslo_service/backend/_threading/loopingcall.py:125}}
May 06 15:06:35.498683 np0000172282 neutron-periodic-workers[105180]: DEBUG dbcounter [-] [105180] Writing DB stats neutron:SELECT=3 {{(pid=105180) stat_writer /opt/stack/data/venv/lib/python3.12/site-packages/dbcounter.py:115}}
May 06 15:06:58.504835 np0000172282 neutron-periodic-workers[105189]: DEBUG dbcounter [-] [105189] Writer thread running {{(pid=105189) stat_writer /opt/stack/data/venv/lib/python3.12/site-packages/dbcounter.py:102}}
May 06 15:06:58.508704 np0000172282 neutron-periodic-workers[105189]: DEBUG neutron.db.agents_db [None req-bcf0c7ac-85e6-41e3-923e-0a1871fa150c None None] Agent healthcheck: found 0 active agents {{(pid=105189) agent_health_check /opt/stack/neutron/neutron/db/agents_db.py:322}}
May 06 15:06:58.508924 np0000172282 neutron-periodic-workers[105189]: DEBUG oslo.service.backend._threading.loopingcall [None req-bcf0c7ac-85e6-41e3-923e-0a1871fa150c None None] Fixed interval looping call 'neutron.plugins.ml2.plugin.AgentDbMixin.agent_health_check' sleeping for 36.98 seconds {{(pid=105189) _run_loop /opt/stack/data/venv/lib/python3.12/site-packages/oslo_service/backend/_threading/loopingcall.py:125}}
May 06 15:07:02.492929 np0000172282 neutron-periodic-workers[105180]: DEBUG oslo.service.backend._threading.loopingcall [None req-a60e3ef0-0577-4372-a64e-9e26654c094e None None] Fixed interval looping call 'neutron.plugins.ml2.plugin.DhcpAgentSchedulerDbMixin.remove_networks_from_down_agents' sleeping for 36.99 seconds {{(pid=105180) _run_loop /opt/stack/data/venv/lib/python3.12/site-packages/oslo_service/backend/_threading/loopingcall.py:125}}
May 06 15:07:08.505443 np0000172282 neutron-periodic-workers[105189]: DEBUG dbcounter [-] [105189] Writing DB stats neutron:SELECT=1 {{(pid=105189) stat_writer /opt/stack/data/venv/lib/python3.12/site-packages/dbcounter.py:115}}
May 06 15:07:12.491670 np0000172282 neutron-periodic-workers[105180]: DEBUG dbcounter [-] [105180] Writing DB stats neutron:SELECT=3 {{(pid=105180) stat_writer /opt/stack/data/venv/lib/python3.12/site-packages/dbcounter.py:115}}
May 06 15:07:35.494379 np0000172282 neutron-periodic-workers[105189]: DEBUG neutron.db.agents_db [None req-bcf0c7ac-85e6-41e3-923e-0a1871fa150c None None] Agent healthcheck: found 0 active agents {{(pid=105189) agent_health_check /opt/stack/neutron/neutron/db/agents_db.py:322}}
May 06 15:07:35.495071 np0000172282 neutron-periodic-workers[105189]: DEBUG oslo.service.backend._threading.loopingcall [None req-bcf0c7ac-85e6-41e3-923e-0a1871fa150c None None] Fixed interval looping call 'neutron.plugins.ml2.plugin.AgentDbMixin.agent_health_check' sleeping for 36.99 seconds {{(pid=105189) _run_loop /opt/stack/data/venv/lib/python3.12/site-packages/oslo_service/backend/_threading/loopingcall.py:125}}
May 06 15:07:39.493706 np0000172282 neutron-periodic-workers[105180]: DEBUG oslo.service.backend._threading.loopingcall [None req-a60e3ef0-0577-4372-a64e-9e26654c094e None None] Fixed interval looping call 'neutron.plugins.ml2.plugin.DhcpAgentSchedulerDbMixin.remove_networks_from_down_agents' sleeping for 36.99 seconds {{(pid=105180) _run_loop /opt/stack/data/venv/lib/python3.12/site-packages/oslo_service/backend/_threading/loopingcall.py:125}}
May 06 15:07:44.516199 np0000172282 neutron-periodic-workers[105199]: DEBUG dbcounter [-] [105199] Writer thread running {{(pid=105199) stat_writer /opt/stack/data/venv/lib/python3.12/site-packages/dbcounter.py:102}}
May 06 15:07:44.517693 np0000172282 neutron-periodic-workers[105199]: DEBUG oslo.service.backend._threading.loopingcall [None req-0b541b2a-cb08-45ad-9a35-379b4bb43699 None None] Fixed interval looping call 'neutron.db.quota.driver_nolock.DbQuotaNoLockDriver._remove_expired_reservations' sleeping for 119.99 seconds {{(pid=105199) _run_loop /opt/stack/data/venv/lib/python3.12/site-packages/oslo_service/backend/_threading/loopingcall.py:125}}
May 06 15:07:45.493580 np0000172282 neutron-periodic-workers[105189]: DEBUG dbcounter [-] [105189] Writing DB stats neutron:SELECT=1 {{(pid=105189) stat_writer /opt/stack/data/venv/lib/python3.12/site-packages/dbcounter.py:115}}
May 06 15:07:49.491744 np0000172282 neutron-periodic-workers[105180]: DEBUG dbcounter [-] [105180] Writing DB stats neutron:SELECT=3 {{(pid=105180) stat_writer /opt/stack/data/venv/lib/python3.12/site-packages/dbcounter.py:115}}
May 06 15:07:54.516871 np0000172282 neutron-periodic-workers[105199]: DEBUG dbcounter [-] [105199] Writing DB stats neutron:DELETE=1 {{(pid=105199) stat_writer /opt/stack/data/venv/lib/python3.12/site-packages/dbcounter.py:115}}
May 06 15:08:12.491924 np0000172282 neutron-periodic-workers[105189]: DEBUG neutron.db.agents_db [None req-bcf0c7ac-85e6-41e3-923e-0a1871fa150c None None] Agent healthcheck: found 0 active agents {{(pid=105189) agent_health_check /opt/stack/neutron/neutron/db/agents_db.py:322}}
May 06 15:08:12.492685 np0000172282 neutron-periodic-workers[105189]: DEBUG oslo.service.backend._threading.loopingcall [None req-bcf0c7ac-85e6-41e3-923e-0a1871fa150c None None] Fixed interval looping call 'neutron.plugins.ml2.plugin.AgentDbMixin.agent_health_check' sleeping for 36.99 seconds {{(pid=105189) _run_loop /opt/stack/data/venv/lib/python3.12/site-packages/oslo_service/backend/_threading/loopingcall.py:125}}
May 06 15:08:16.491597 np0000172282 neutron-periodic-workers[105180]: DEBUG oslo.service.backend._threading.loopingcall [None req-a60e3ef0-0577-4372-a64e-9e26654c094e None None] Fixed interval looping call 'neutron.plugins.ml2.plugin.DhcpAgentSchedulerDbMixin.remove_networks_from_down_agents' sleeping for 36.99 seconds {{(pid=105180) _run_loop /opt/stack/data/venv/lib/python3.12/site-packages/oslo_service/backend/_threading/loopingcall.py:125}}
May 06 15:08:22.489465 np0000172282 neutron-periodic-workers[105189]: DEBUG dbcounter [-] [105189] Writing DB stats neutron:SELECT=1 {{(pid=105189) stat_writer /opt/stack/data/venv/lib/python3.12/site-packages/dbcounter.py:115}}
May 06 15:08:26.490568 np0000172282 neutron-periodic-workers[105180]: DEBUG dbcounter [-] [105180] Writing DB stats neutron:SELECT=3 {{(pid=105180) stat_writer /opt/stack/data/venv/lib/python3.12/site-packages/dbcounter.py:115}}
May 06 15:08:49.489386 np0000172282 neutron-periodic-workers[105189]: DEBUG neutron.db.agents_db [None req-bcf0c7ac-85e6-41e3-923e-0a1871fa150c None None] Agent healthcheck: found 0 active agents {{(pid=105189) agent_health_check /opt/stack/neutron/neutron/db/agents_db.py:322}}
May 06 15:08:49.489909 np0000172282 neutron-periodic-workers[105189]: DEBUG oslo.service.backend._threading.loopingcall [None req-bcf0c7ac-85e6-41e3-923e-0a1871fa150c None None] Fixed interval looping call 'neutron.plugins.ml2.plugin.AgentDbMixin.agent_health_check' sleeping for 36.99 seconds {{(pid=105189) _run_loop /opt/stack/data/venv/lib/python3.12/site-packages/oslo_service/backend/_threading/loopingcall.py:125}}
May 06 15:08:53.489529 np0000172282 neutron-periodic-workers[105180]: DEBUG oslo.service.backend._threading.loopingcall [None req-a60e3ef0-0577-4372-a64e-9e26654c094e None None] Fixed interval looping call 'neutron.plugins.ml2.plugin.DhcpAgentSchedulerDbMixin.remove_networks_from_down_agents' sleeping for 36.99 seconds {{(pid=105180) _run_loop /opt/stack/data/venv/lib/python3.12/site-packages/oslo_service/backend/_threading/loopingcall.py:125}}
May 06 15:08:59.486445 np0000172282 neutron-periodic-workers[105189]: DEBUG dbcounter [-] [105189] Writing DB stats neutron:SELECT=1 {{(pid=105189) stat_writer /opt/stack/data/venv/lib/python3.12/site-packages/dbcounter.py:115}}
May 06 15:09:03.488531 np0000172282 neutron-periodic-workers[105180]: DEBUG dbcounter [-] [105180] Writing DB stats neutron:SELECT=3 {{(pid=105180) stat_writer /opt/stack/data/venv/lib/python3.12/site-packages/dbcounter.py:115}}
May 06 15:09:26.486631 np0000172282 neutron-periodic-workers[105189]: DEBUG neutron.db.agents_db [None req-bcf0c7ac-85e6-41e3-923e-0a1871fa150c None None] Agent healthcheck: found 0 active agents {{(pid=105189) agent_health_check /opt/stack/neutron/neutron/db/agents_db.py:322}}
May 06 15:09:26.487232 np0000172282 neutron-periodic-workers[105189]: DEBUG oslo.service.backend._threading.loopingcall [None req-bcf0c7ac-85e6-41e3-923e-0a1871fa150c None None] Fixed interval looping call 'neutron.plugins.ml2.plugin.AgentDbMixin.agent_health_check' sleeping for 36.99 seconds {{(pid=105189) _run_loop /opt/stack/data/venv/lib/python3.12/site-packages/oslo_service/backend/_threading/loopingcall.py:125}}
May 06 15:09:30.489884 np0000172282 neutron-periodic-workers[105180]: DEBUG oslo.service.backend._threading.loopingcall [None req-a60e3ef0-0577-4372-a64e-9e26654c094e None None] Fixed interval looping call 'neutron.plugins.ml2.plugin.DhcpAgentSchedulerDbMixin.remove_networks_from_down_agents' sleeping for 36.99 seconds {{(pid=105180) _run_loop /opt/stack/data/venv/lib/python3.12/site-packages/oslo_service/backend/_threading/loopingcall.py:125}}
May 06 15:09:36.484390 np0000172282 neutron-periodic-workers[105189]: DEBUG dbcounter [-] [105189] Writing DB stats neutron:SELECT=1 {{(pid=105189) stat_writer /opt/stack/data/venv/lib/python3.12/site-packages/dbcounter.py:115}}
May 06 15:09:40.488655 np0000172282 neutron-periodic-workers[105180]: DEBUG dbcounter [-] [105180] Writing DB stats neutron:SELECT=3 {{(pid=105180) stat_writer /opt/stack/data/venv/lib/python3.12/site-packages/dbcounter.py:115}}
May 06 15:09:44.512964 np0000172282 neutron-periodic-workers[105199]: DEBUG oslo.service.backend._threading.loopingcall [None req-0b541b2a-cb08-45ad-9a35-379b4bb43699 None None] Fixed interval looping call 'neutron.db.quota.driver_nolock.DbQuotaNoLockDriver._remove_expired_reservations' sleeping for 120.00 seconds {{(pid=105199) _run_loop /opt/stack/data/venv/lib/python3.12/site-packages/oslo_service/backend/_threading/loopingcall.py:125}}
May 06 15:09:54.511924 np0000172282 neutron-periodic-workers[105199]: DEBUG dbcounter [-] [105199] Writing DB stats neutron:DELETE=1 {{(pid=105199) stat_writer /opt/stack/data/venv/lib/python3.12/site-packages/dbcounter.py:115}}
May 06 15:10:03.480949 np0000172282 neutron-periodic-workers[105189]: DEBUG neutron.db.agents_db [None req-bcf0c7ac-85e6-41e3-923e-0a1871fa150c None None] Agent healthcheck: found 0 active agents {{(pid=105189) agent_health_check /opt/stack/neutron/neutron/db/agents_db.py:322}}
May 06 15:10:03.481456 np0000172282 neutron-periodic-workers[105189]: DEBUG oslo.service.backend._threading.loopingcall [None req-bcf0c7ac-85e6-41e3-923e-0a1871fa150c None None] Fixed interval looping call 'neutron.plugins.ml2.plugin.AgentDbMixin.agent_health_check' sleeping for 37.00 seconds {{(pid=105189) _run_loop /opt/stack/data/venv/lib/python3.12/site-packages/oslo_service/backend/_threading/loopingcall.py:125}}
May 06 15:10:07.489381 np0000172282 neutron-periodic-workers[105180]: DEBUG oslo.service.backend._threading.loopingcall [None req-a60e3ef0-0577-4372-a64e-9e26654c094e None None] Fixed interval looping call 'neutron.plugins.ml2.plugin.DhcpAgentSchedulerDbMixin.remove_networks_from_down_agents' sleeping for 36.99 seconds {{(pid=105180) _run_loop /opt/stack/data/venv/lib/python3.12/site-packages/oslo_service/backend/_threading/loopingcall.py:125}}
May 06 15:10:13.480159 np0000172282 neutron-periodic-workers[105189]: DEBUG dbcounter [-] [105189] Writing DB stats neutron:SELECT=1 {{(pid=105189) stat_writer /opt/stack/data/venv/lib/python3.12/site-packages/dbcounter.py:115}}
May 06 15:10:17.488385 np0000172282 neutron-periodic-workers[105180]: DEBUG dbcounter [-] [105180] Writing DB stats neutron:SELECT=3 {{(pid=105180) stat_writer /opt/stack/data/venv/lib/python3.12/site-packages/dbcounter.py:115}}
May 06 15:10:40.485595 np0000172282 neutron-periodic-workers[105189]: DEBUG neutron.db.agents_db [None req-bcf0c7ac-85e6-41e3-923e-0a1871fa150c None None] Agent healthcheck: found 0 active agents {{(pid=105189) agent_health_check /opt/stack/neutron/neutron/db/agents_db.py:322}}
May 06 15:10:40.486387 np0000172282 neutron-periodic-workers[105189]: DEBUG oslo.service.backend._threading.loopingcall [None req-bcf0c7ac-85e6-41e3-923e-0a1871fa150c None None] Fixed interval looping call 'neutron.plugins.ml2.plugin.AgentDbMixin.agent_health_check' sleeping for 37.00 seconds {{(pid=105189) _run_loop /opt/stack/data/venv/lib/python3.12/site-packages/oslo_service/backend/_threading/loopingcall.py:125}}
May 06 15:10:44.486801 np0000172282 neutron-periodic-workers[105180]: DEBUG oslo.service.backend._threading.loopingcall [None req-a60e3ef0-0577-4372-a64e-9e26654c094e None None] Fixed interval looping call 'neutron.plugins.ml2.plugin.DhcpAgentSchedulerDbMixin.remove_networks_from_down_agents' sleeping for 36.99 seconds {{(pid=105180) _run_loop /opt/stack/data/venv/lib/python3.12/site-packages/oslo_service/backend/_threading/loopingcall.py:125}}
May 06 15:10:50.484798 np0000172282 neutron-periodic-workers[105189]: DEBUG dbcounter [-] [105189] Writing DB stats neutron:SELECT=1 {{(pid=105189) stat_writer /opt/stack/data/venv/lib/python3.12/site-packages/dbcounter.py:115}}
May 06 15:10:54.485943 np0000172282 neutron-periodic-workers[105180]: DEBUG dbcounter [-] [105180] Writing DB stats neutron:SELECT=3 {{(pid=105180) stat_writer /opt/stack/data/venv/lib/python3.12/site-packages/dbcounter.py:115}}
May 06 15:10:59.456919 np0000172282 neutron-periodic-workers[105175]: DEBUG oslo.service.backend._threading.loopingcall [None req-722d58a8-369f-4cda-ac64-91399f7d5cb8 None None] Fixed interval looping call 'neutron.services.ovn_l3.plugin.L3_NAT_dbonly_mixin._clean_garbage' sleeping for 299.98 seconds {{(pid=105175) _run_loop /opt/stack/data/venv/lib/python3.12/site-packages/oslo_service/backend/_threading/loopingcall.py:125}}
May 06 15:11:09.449096 np0000172282 neutron-periodic-workers[105175]: DEBUG dbcounter [-] [105175] Writing DB stats neutron:SELECT=1 {{(pid=105175) stat_writer /opt/stack/data/venv/lib/python3.12/site-packages/dbcounter.py:115}}
May 06 15:11:17.515291 np0000172282 neutron-periodic-workers[105189]: DEBUG neutron.db.agents_db [None req-bcf0c7ac-85e6-41e3-923e-0a1871fa150c None None] Agent healthcheck: found 0 active agents {{(pid=105189) agent_health_check /opt/stack/neutron/neutron/db/agents_db.py:322}}
May 06 15:11:17.516028 np0000172282 neutron-periodic-workers[105189]: DEBUG oslo.service.backend._threading.loopingcall [None req-bcf0c7ac-85e6-41e3-923e-0a1871fa150c None None] Fixed interval looping call 'neutron.plugins.ml2.plugin.AgentDbMixin.agent_health_check' sleeping for 36.98 seconds {{(pid=105189) _run_loop /opt/stack/data/venv/lib/python3.12/site-packages/oslo_service/backend/_threading/loopingcall.py:125}}
May 06 15:11:21.487362 np0000172282 neutron-periodic-workers[105180]: DEBUG oslo.service.backend._threading.loopingcall [None req-a60e3ef0-0577-4372-a64e-9e26654c094e None None] Fixed interval looping call 'neutron.plugins.ml2.plugin.DhcpAgentSchedulerDbMixin.remove_networks_from_down_agents' sleeping for 36.99 seconds {{(pid=105180) _run_loop /opt/stack/data/venv/lib/python3.12/site-packages/oslo_service/backend/_threading/loopingcall.py:125}}
May 06 15:11:27.510666 np0000172282 neutron-periodic-workers[105189]: DEBUG dbcounter [-] [105189] Writing DB stats neutron:SELECT=1 {{(pid=105189) stat_writer /opt/stack/data/venv/lib/python3.12/site-packages/dbcounter.py:115}}
May 06 15:11:31.485838 np0000172282 neutron-periodic-workers[105180]: DEBUG dbcounter [-] [105180] Writing DB stats neutron:SELECT=3 {{(pid=105180) stat_writer /opt/stack/data/venv/lib/python3.12/site-packages/dbcounter.py:115}}
May 06 15:11:44.519121 np0000172282 neutron-periodic-workers[105199]: DEBUG oslo.service.backend._threading.loopingcall [None req-0b541b2a-cb08-45ad-9a35-379b4bb43699 None None] Fixed interval looping call 'neutron.db.quota.driver_nolock.DbQuotaNoLockDriver._remove_expired_reservations' sleeping for 119.99 seconds {{(pid=105199) _run_loop /opt/stack/data/venv/lib/python3.12/site-packages/oslo_service/backend/_threading/loopingcall.py:125}}
May 06 15:11:54.501345 np0000172282 neutron-periodic-workers[105189]: DEBUG neutron.db.agents_db [None req-bcf0c7ac-85e6-41e3-923e-0a1871fa150c None None] Agent healthcheck: found 0 active agents {{(pid=105189) agent_health_check /opt/stack/neutron/neutron/db/agents_db.py:322}}
May 06 15:11:54.501921 np0000172282 neutron-periodic-workers[105189]: DEBUG oslo.service.backend._threading.loopingcall [None req-bcf0c7ac-85e6-41e3-923e-0a1871fa150c None None] Fixed interval looping call 'neutron.plugins.ml2.plugin.AgentDbMixin.agent_health_check' sleeping for 36.99 seconds {{(pid=105189) _run_loop /opt/stack/data/venv/lib/python3.12/site-packages/oslo_service/backend/_threading/loopingcall.py:125}}
May 06 15:11:54.517821 np0000172282 neutron-periodic-workers[105199]: DEBUG dbcounter [-] [105199] Writing DB stats neutron:DELETE=1 {{(pid=105199) stat_writer /opt/stack/data/venv/lib/python3.12/site-packages/dbcounter.py:115}}
May 06 15:11:58.489436 np0000172282 neutron-periodic-workers[105180]: DEBUG oslo.service.backend._threading.loopingcall [None req-a60e3ef0-0577-4372-a64e-9e26654c094e None None] Fixed interval looping call 'neutron.plugins.ml2.plugin.DhcpAgentSchedulerDbMixin.remove_networks_from_down_agents' sleeping for 36.99 seconds {{(pid=105180) _run_loop /opt/stack/data/venv/lib/python3.12/site-packages/oslo_service/backend/_threading/loopingcall.py:125}}
May 06 15:12:04.499871 np0000172282 neutron-periodic-workers[105189]: DEBUG dbcounter [-] [105189] Writing DB stats neutron:SELECT=1 {{(pid=105189) stat_writer /opt/stack/data/venv/lib/python3.12/site-packages/dbcounter.py:115}}
May 06 15:12:08.488658 np0000172282 neutron-periodic-workers[105180]: DEBUG dbcounter [-] [105180] Writing DB stats neutron:SELECT=3 {{(pid=105180) stat_writer /opt/stack/data/venv/lib/python3.12/site-packages/dbcounter.py:115}}
May 06 15:12:31.498272 np0000172282 neutron-periodic-workers[105189]: DEBUG neutron.db.agents_db [None req-bcf0c7ac-85e6-41e3-923e-0a1871fa150c None None] Agent healthcheck: found 0 active agents {{(pid=105189) agent_health_check /opt/stack/neutron/neutron/db/agents_db.py:322}}
May 06 15:12:31.498272 np0000172282 neutron-periodic-workers[105189]: DEBUG oslo.service.backend._threading.loopingcall [None req-bcf0c7ac-85e6-41e3-923e-0a1871fa150c None None] Fixed interval looping call 'neutron.plugins.ml2.plugin.AgentDbMixin.agent_health_check' sleeping for 36.99 seconds {{(pid=105189) _run_loop /opt/stack/data/venv/lib/python3.12/site-packages/oslo_service/backend/_threading/loopingcall.py:125}}
May 06 15:12:35.492887 np0000172282 neutron-periodic-workers[105180]: DEBUG oslo.service.backend._threading.loopingcall [None req-a60e3ef0-0577-4372-a64e-9e26654c094e None None] Fixed interval looping call 'neutron.plugins.ml2.plugin.DhcpAgentSchedulerDbMixin.remove_networks_from_down_agents' sleeping for 36.99 seconds {{(pid=105180) _run_loop /opt/stack/data/venv/lib/python3.12/site-packages/oslo_service/backend/_threading/loopingcall.py:125}}
May 06 15:12:41.496429 np0000172282 neutron-periodic-workers[105189]: DEBUG dbcounter [-] [105189] Writing DB stats neutron:SELECT=1 {{(pid=105189) stat_writer /opt/stack/data/venv/lib/python3.12/site-packages/dbcounter.py:115}}
May 06 15:12:45.491798 np0000172282 neutron-periodic-workers[105180]: DEBUG dbcounter [-] [105180] Writing DB stats neutron:SELECT=3 {{(pid=105180) stat_writer /opt/stack/data/venv/lib/python3.12/site-packages/dbcounter.py:115}}
May 06 15:13:08.494065 np0000172282 neutron-periodic-workers[105189]: DEBUG neutron.db.agents_db [None req-bcf0c7ac-85e6-41e3-923e-0a1871fa150c None None] Agent healthcheck: found 0 active agents {{(pid=105189) agent_health_check /opt/stack/neutron/neutron/db/agents_db.py:322}}
May 06 15:13:08.494701 np0000172282 neutron-periodic-workers[105189]: DEBUG oslo.service.backend._threading.loopingcall [None req-bcf0c7ac-85e6-41e3-923e-0a1871fa150c None None] Fixed interval looping call 'neutron.plugins.ml2.plugin.AgentDbMixin.agent_health_check' sleeping for 36.99 seconds {{(pid=105189) _run_loop /opt/stack/data/venv/lib/python3.12/site-packages/oslo_service/backend/_threading/loopingcall.py:125}}
May 06 15:13:12.491108 np0000172282 neutron-periodic-workers[105180]: DEBUG oslo.service.backend._threading.loopingcall [None req-a60e3ef0-0577-4372-a64e-9e26654c094e None None] Fixed interval looping call 'neutron.plugins.ml2.plugin.DhcpAgentSchedulerDbMixin.remove_networks_from_down_agents' sleeping for 36.99 seconds {{(pid=105180) _run_loop /opt/stack/data/venv/lib/python3.12/site-packages/oslo_service/backend/_threading/loopingcall.py:125}}
May 06 15:13:18.492658 np0000172282 neutron-periodic-workers[105189]: DEBUG dbcounter [-] [105189] Writing DB stats neutron:SELECT=1 {{(pid=105189) stat_writer /opt/stack/data/venv/lib/python3.12/site-packages/dbcounter.py:115}}
May 06 15:13:22.490539 np0000172282 neutron-periodic-workers[105180]: DEBUG dbcounter [-] [105180] Writing DB stats neutron:SELECT=3 {{(pid=105180) stat_writer /opt/stack/data/venv/lib/python3.12/site-packages/dbcounter.py:115}}
May 06 15:13:44.520247 np0000172282 neutron-periodic-workers[105199]: DEBUG oslo.service.backend._threading.loopingcall [None req-0b541b2a-cb08-45ad-9a35-379b4bb43699 None None] Fixed interval looping call 'neutron.db.quota.driver_nolock.DbQuotaNoLockDriver._remove_expired_reservations' sleeping for 119.99 seconds {{(pid=105199) _run_loop /opt/stack/data/venv/lib/python3.12/site-packages/oslo_service/backend/_threading/loopingcall.py:125}}
May 06 15:13:45.491952 np0000172282 neutron-periodic-workers[105189]: DEBUG neutron.db.agents_db [None req-bcf0c7ac-85e6-41e3-923e-0a1871fa150c None None] Agent healthcheck: found 0 active agents {{(pid=105189) agent_health_check /opt/stack/neutron/neutron/db/agents_db.py:322}}
May 06 15:13:45.492470 np0000172282 neutron-periodic-workers[105189]: DEBUG oslo.service.backend._threading.loopingcall [None req-bcf0c7ac-85e6-41e3-923e-0a1871fa150c None None] Fixed interval looping call 'neutron.plugins.ml2.plugin.AgentDbMixin.agent_health_check' sleeping for 36.99 seconds {{(pid=105189) _run_loop /opt/stack/data/venv/lib/python3.12/site-packages/oslo_service/backend/_threading/loopingcall.py:125}}
May 06 15:13:49.495135 np0000172282 neutron-periodic-workers[105180]: DEBUG oslo.service.backend._threading.loopingcall [None req-a60e3ef0-0577-4372-a64e-9e26654c094e None None] Fixed interval looping call 'neutron.plugins.ml2.plugin.DhcpAgentSchedulerDbMixin.remove_networks_from_down_agents' sleeping for 36.99 seconds {{(pid=105180) _run_loop /opt/stack/data/venv/lib/python3.12/site-packages/oslo_service/backend/_threading/loopingcall.py:125}}
May 06 15:13:54.522266 np0000172282 neutron-periodic-workers[105199]: DEBUG dbcounter [-] [105199] Writing DB stats neutron:DELETE=1 {{(pid=105199) stat_writer /opt/stack/data/venv/lib/python3.12/site-packages/dbcounter.py:115}}
May 06 15:13:55.489591 np0000172282 neutron-periodic-workers[105189]: DEBUG dbcounter [-] [105189] Writing DB stats neutron:SELECT=1 {{(pid=105189) stat_writer /opt/stack/data/venv/lib/python3.12/site-packages/dbcounter.py:115}}
May 06 15:13:59.494080 np0000172282 neutron-periodic-workers[105180]: DEBUG dbcounter [-] [105180] Writing DB stats neutron:SELECT=3 {{(pid=105180) stat_writer /opt/stack/data/venv/lib/python3.12/site-packages/dbcounter.py:115}}
May 06 15:14:22.490405 np0000172282 neutron-periodic-workers[105189]: DEBUG neutron.db.agents_db [None req-bcf0c7ac-85e6-41e3-923e-0a1871fa150c None None] Agent healthcheck: found 0 active agents {{(pid=105189) agent_health_check /opt/stack/neutron/neutron/db/agents_db.py:322}}
May 06 15:14:22.490826 np0000172282 neutron-periodic-workers[105189]: DEBUG oslo.service.backend._threading.loopingcall [None req-bcf0c7ac-85e6-41e3-923e-0a1871fa150c None None] Fixed interval looping call 'neutron.plugins.ml2.plugin.AgentDbMixin.agent_health_check' sleeping for 36.99 seconds {{(pid=105189) _run_loop /opt/stack/data/venv/lib/python3.12/site-packages/oslo_service/backend/_threading/loopingcall.py:125}}
May 06 15:14:26.495914 np0000172282 neutron-periodic-workers[105180]: DEBUG oslo.service.backend._threading.loopingcall [None req-a60e3ef0-0577-4372-a64e-9e26654c094e None None] Fixed interval looping call 'neutron.plugins.ml2.plugin.DhcpAgentSchedulerDbMixin.remove_networks_from_down_agents' sleeping for 36.99 seconds {{(pid=105180) _run_loop /opt/stack/data/venv/lib/python3.12/site-packages/oslo_service/backend/_threading/loopingcall.py:125}}
May 06 15:14:32.489174 np0000172282 neutron-periodic-workers[105189]: DEBUG dbcounter [-] [105189] Writing DB stats neutron:SELECT=1 {{(pid=105189) stat_writer /opt/stack/data/venv/lib/python3.12/site-packages/dbcounter.py:115}}
May 06 15:14:36.494479 np0000172282 neutron-periodic-workers[105180]: DEBUG dbcounter [-] [105180] Writing DB stats neutron:SELECT=3 {{(pid=105180) stat_writer /opt/stack/data/venv/lib/python3.12/site-packages/dbcounter.py:115}}
May 06 15:14:59.486991 np0000172282 neutron-periodic-workers[105189]: DEBUG neutron.db.agents_db [None req-bcf0c7ac-85e6-41e3-923e-0a1871fa150c None None] Agent healthcheck: found 0 active agents {{(pid=105189) agent_health_check /opt/stack/neutron/neutron/db/agents_db.py:322}}
May 06 15:14:59.487539 np0000172282 neutron-periodic-workers[105189]: DEBUG oslo.service.backend._threading.loopingcall [None req-bcf0c7ac-85e6-41e3-923e-0a1871fa150c None None] Fixed interval looping call 'neutron.plugins.ml2.plugin.AgentDbMixin.agent_health_check' sleeping for 36.99 seconds {{(pid=105189) _run_loop /opt/stack/data/venv/lib/python3.12/site-packages/oslo_service/backend/_threading/loopingcall.py:125}}
May 06 15:15:03.496424 np0000172282 neutron-periodic-workers[105180]: DEBUG oslo.service.backend._threading.loopingcall [None req-a60e3ef0-0577-4372-a64e-9e26654c094e None None] Fixed interval looping call 'neutron.plugins.ml2.plugin.DhcpAgentSchedulerDbMixin.remove_networks_from_down_agents' sleeping for 36.99 seconds {{(pid=105180) _run_loop /opt/stack/data/venv/lib/python3.12/site-packages/oslo_service/backend/_threading/loopingcall.py:125}}
May 06 15:15:09.485259 np0000172282 neutron-periodic-workers[105189]: DEBUG dbcounter [-] [105189] Writing DB stats neutron:SELECT=1 {{(pid=105189) stat_writer /opt/stack/data/venv/lib/python3.12/site-packages/dbcounter.py:115}}
May 06 15:15:13.495558 np0000172282 neutron-periodic-workers[105180]: DEBUG dbcounter [-] [105180] Writing DB stats neutron:SELECT=3 {{(pid=105180) stat_writer /opt/stack/data/venv/lib/python3.12/site-packages/dbcounter.py:115}}
May 06 15:15:36.485820 np0000172282 neutron-periodic-workers[105189]: DEBUG neutron.db.agents_db [None req-bcf0c7ac-85e6-41e3-923e-0a1871fa150c None None] Agent healthcheck: found 0 active agents {{(pid=105189) agent_health_check /opt/stack/neutron/neutron/db/agents_db.py:322}}
May 06 15:15:36.486713 np0000172282 neutron-periodic-workers[105189]: DEBUG oslo.service.backend._threading.loopingcall [None req-bcf0c7ac-85e6-41e3-923e-0a1871fa150c None None] Fixed interval looping call 'neutron.plugins.ml2.plugin.AgentDbMixin.agent_health_check' sleeping for 36.99 seconds {{(pid=105189) _run_loop /opt/stack/data/venv/lib/python3.12/site-packages/oslo_service/backend/_threading/loopingcall.py:125}}
May 06 15:15:40.495981 np0000172282 neutron-periodic-workers[105180]: DEBUG oslo.service.backend._threading.loopingcall [None req-a60e3ef0-0577-4372-a64e-9e26654c094e None None] Fixed interval looping call 'neutron.plugins.ml2.plugin.DhcpAgentSchedulerDbMixin.remove_networks_from_down_agents' sleeping for 36.99 seconds {{(pid=105180) _run_loop /opt/stack/data/venv/lib/python3.12/site-packages/oslo_service/backend/_threading/loopingcall.py:125}}
May 06 15:15:44.515901 np0000172282 neutron-periodic-workers[105199]: DEBUG oslo.service.backend._threading.loopingcall [None req-0b541b2a-cb08-45ad-9a35-379b4bb43699 None None] Fixed interval looping call 'neutron.db.quota.driver_nolock.DbQuotaNoLockDriver._remove_expired_reservations' sleeping for 120.00 seconds {{(pid=105199) _run_loop /opt/stack/data/venv/lib/python3.12/site-packages/oslo_service/backend/_threading/loopingcall.py:125}}
May 06 15:15:46.482577 np0000172282 neutron-periodic-workers[105189]: DEBUG dbcounter [-] [105189] Writing DB stats neutron:SELECT=1 {{(pid=105189) stat_writer /opt/stack/data/venv/lib/python3.12/site-packages/dbcounter.py:115}}
May 06 15:15:50.497216 np0000172282 neutron-periodic-workers[105180]: DEBUG dbcounter [-] [105180] Writing DB stats neutron:SELECT=3 {{(pid=105180) stat_writer /opt/stack/data/venv/lib/python3.12/site-packages/dbcounter.py:115}}
May 06 15:15:54.514618 np0000172282 neutron-periodic-workers[105199]: DEBUG dbcounter [-] [105199] Writing DB stats neutron:DELETE=1 {{(pid=105199) stat_writer /opt/stack/data/venv/lib/python3.12/site-packages/dbcounter.py:115}}
May 06 15:15:59.447096 np0000172282 neutron-periodic-workers[105175]: DEBUG oslo.service.backend._threading.loopingcall [None req-722d58a8-369f-4cda-ac64-91399f7d5cb8 None None] Fixed interval looping call 'neutron.services.ovn_l3.plugin.L3_NAT_dbonly_mixin._clean_garbage' sleeping for 299.99 seconds {{(pid=105175) _run_loop /opt/stack/data/venv/lib/python3.12/site-packages/oslo_service/backend/_threading/loopingcall.py:125}}
May 06 15:16:09.439893 np0000172282 neutron-periodic-workers[105175]: DEBUG dbcounter [-] [105175] Writing DB stats neutron:SELECT=1 {{(pid=105175) stat_writer /opt/stack/data/venv/lib/python3.12/site-packages/dbcounter.py:115}}
May 06 15:16:13.481650 np0000172282 neutron-periodic-workers[105189]: DEBUG neutron.db.agents_db [None req-bcf0c7ac-85e6-41e3-923e-0a1871fa150c None None] Agent healthcheck: found 0 active agents {{(pid=105189) agent_health_check /opt/stack/neutron/neutron/db/agents_db.py:322}}
