May 18 18:36:33.938473 np0000174536 devstack@n-api.service[100176]: INFO nova.api.openstack.wsgi [None req-cf581dc1-369a-41cb-835d-50db1240a0e3 admin admin] HTTP exception thrown: Flavor ds2G could not be found.
May 18 18:36:33.938673 np0000174536 devstack@n-api.service[100176]: DEBUG nova.api.openstack.wsgi [None req-cf581dc1-369a-41cb-835d-50db1240a0e3 admin admin] Returning 404 to user: Flavor ds2G could not be found. {{(pid=100176) __call__ /opt/stack/nova/nova/api/openstack/wsgi.py:908}}
May 18 18:36:33.939025 np0000174536 devstack@n-api.service[100176]: INFO nova.api.openstack.requestlog [None req-cf581dc1-369a-41cb-835d-50db1240a0e3 admin admin] 199.19.213.66 "GET /compute/v2.1/flavors/ds2G" status: 404 len: 77 microversion: 2.61 time: 0.010666
May 18 18:36:33.939274 np0000174536 devstack@n-api.service[100176]: [pid: 100176|app: 0|req: 14/50] 199.19.213.66 () {68 vars in 1383 bytes} [Mon May 18 18:36:33 2026] GET /compute/v2.1/flavors/ds2G => generated 77 bytes in 11 msecs (HTTP/1.1 404) 9 headers in 380 bytes (1 switches on core 0)
May 18 18:36:33.957871 np0000174536 devstack@n-api.service[100174]: DEBUG nova.api.openstack.wsgi [None req-4c05a57d-5e14-4cea-9e18-a990b0e576a7 admin admin] Calling method '>' {{(pid=100174) _process_stack /opt/stack/nova/nova/api/openstack/wsgi.py:551}}
May 18 18:36:33.975387 np0000174536 devstack@n-api.service[100174]: INFO nova.api.openstack.requestlog [None req-4c05a57d-5e14-4cea-9e18-a990b0e576a7 admin admin] 199.19.213.66 "GET /compute/v2.1/flavors/detail?is_public=None" status: 200 len: 4710 microversion: 2.61 time: 0.020703
May 18 18:36:33.975627 np0000174536 devstack@n-api.service[100174]: [pid: 100174|app: 0|req: 13/51] 199.19.213.66 () {68 vars in 1431 bytes} [Mon May 18 18:36:33 2026] GET /compute/v2.1/flavors/detail?is_public=None => generated 4710 bytes in 21 msecs (HTTP/1.1 200) 9 headers in 360 bytes (1 switches on core 0)
May 18 18:36:34.003861 np0000174536 devstack@n-api.service[100173]: DEBUG nova.api.openstack.wsgi [None req-28fa0985-8e67-4050-bd7a-a64c4f286050 admin admin] Action: 'create', calling method: >, body: {"extra_specs": {"hw_rng:allowed": "True", "hw_rng:rate_bytes": "1024", "hw_rng:rate_period": "1"}} {{(pid=100173) _process_stack /opt/stack/nova/nova/api/openstack/wsgi.py:549}}
May 18 18:36:34.036297 np0000174536 devstack@n-api.service[100173]: INFO nova.api.openstack.requestlog [None req-28fa0985-8e67-4050-bd7a-a64c4f286050 admin admin] 199.19.213.66 "POST /compute/v2.1/flavors/d3/os-extra_specs" status: 200 len: 99 microversion: 2.61 time: 0.035889
May 18 18:36:34.036694 np0000174536 devstack@n-api.service[100173]: [pid: 100173|app: 0|req: 13/52] 199.19.213.66 () {72 vars in 1475 bytes} [Mon May 18 18:36:33 2026] POST /compute/v2.1/flavors/d3/os-extra_specs => generated 99 bytes in 37 msecs (HTTP/1.1 200) 9 headers in 358 bytes (1 switches on core 0)
May 18 18:36:34.239009 np0000174536 devstack@n-api.service[100175]: DEBUG nova.api.openstack.wsgi [None req-a68f8751-e7b1-4da4-8657-969ee2d378ee admin admin] Calling method '>' {{(pid=100175) _process_stack /opt/stack/nova/nova/api/openstack/wsgi.py:551}}
May 18 18:36:34.245058 np0000174536 devstack@n-api.service[100175]: INFO nova.api.openstack.wsgi [None req-a68f8751-e7b1-4da4-8657-969ee2d378ee admin admin] HTTP exception thrown: Flavor ds4G could not be found.
May 18 18:36:34.245343 np0000174536 devstack@n-api.service[100175]: DEBUG nova.api.openstack.wsgi [None req-a68f8751-e7b1-4da4-8657-969ee2d378ee admin admin] Returning 404 to user: Flavor ds4G could not be found. {{(pid=100175) __call__ /opt/stack/nova/nova/api/openstack/wsgi.py:908}}
May 18 18:36:34.245783 np0000174536 devstack@n-api.service[100175]: INFO nova.api.openstack.requestlog [None req-a68f8751-e7b1-4da4-8657-969ee2d378ee admin admin] 199.19.213.66 "GET /compute/v2.1/flavors/ds4G" status: 404 len: 77 microversion: 2.61 time: 0.010637
May 18 18:36:34.246194 np0000174536 devstack@n-api.service[100175]: [pid: 100175|app: 0|req: 13/53] 199.19.213.66 () {68 vars in 1383 bytes} [Mon May 18 18:36:34 2026] GET /compute/v2.1/flavors/ds4G => generated 77 bytes in 11 msecs (HTTP/1.1 404) 9 headers in 380 bytes (1 switches on core 0)
May 18 18:36:34.262424 np0000174536 devstack@n-api.service[100176]: DEBUG nova.api.openstack.wsgi [None req-5d7c510d-8231-4497-beb5-963310620e11 admin admin] Calling method '>' {{(pid=100176) _process_stack /opt/stack/nova/nova/api/openstack/wsgi.py:551}}
May 18 18:36:34.281131 np0000174536 devstack@n-api.service[100176]: INFO nova.api.openstack.requestlog [None req-5d7c510d-8231-4497-beb5-963310620e11 admin admin] 199.19.213.66 "GET /compute/v2.1/flavors/detail?is_public=None" status: 200 len: 4766 microversion: 2.61 time: 0.022646
May 18 18:36:34.281446 np0000174536 devstack@n-api.service[100176]: [pid: 100176|app: 0|req: 15/54] 199.19.213.66 () {68 vars in 1431 bytes} [Mon May 18 18:36:34 2026] GET /compute/v2.1/flavors/detail?is_public=None => generated 4766 bytes in 23 msecs (HTTP/1.1 200) 9 headers in 360 bytes (1 switches on core 0)
May 18 18:36:34.311476 np0000174536 devstack@n-api.service[100174]: DEBUG nova.api.openstack.wsgi [None req-95a1aea2-e014-419d-a392-cb386de2692e admin admin] Action: 'create', calling method: >, body: {"extra_specs": {"hw_rng:allowed": "True", "hw_rng:rate_bytes": "1024", "hw_rng:rate_period": "1"}} {{(pid=100174) _process_stack /opt/stack/nova/nova/api/openstack/wsgi.py:549}}
May 18 18:36:34.362837 np0000174536 devstack@n-api.service[100174]: INFO nova.api.openstack.requestlog [None req-95a1aea2-e014-419d-a392-cb386de2692e admin admin] 199.19.213.66 "POST /compute/v2.1/flavors/d4/os-extra_specs" status: 200 len: 99 microversion: 2.61 time: 0.057003
May 18 18:36:34.363200 np0000174536 devstack@n-api.service[100174]: [pid: 100174|app: 0|req: 14/55] 199.19.213.66 () {72 vars in 1475 bytes} [Mon May 18 18:36:34 2026] POST /compute/v2.1/flavors/d4/os-extra_specs => generated 99 bytes in 58 msecs (HTTP/1.1 200) 9 headers in 358 bytes (1 switches on core 0)
May 18 18:36:40.291395 np0000174536 devstack@n-api.service[100173]: DEBUG nova.api.openstack.wsgi [None req-5dd8c9a8-85e4-493e-949b-1e3888ea56e1 admin admin] Calling method '>' {{(pid=100173) _process_stack /opt/stack/nova/nova/api/openstack/wsgi.py:551}}
May 18 18:36:40.318552 np0000174536 devstack@n-api.service[100173]: INFO nova.api.openstack.requestlog [None req-5dd8c9a8-85e4-493e-949b-1e3888ea56e1 admin admin] 199.19.213.66 "GET /compute/v2.1/flavors/detail?is_public=True" status: 200 len: 4822 microversion: 2.61 time: 0.030627
May 18 18:36:40.318830 np0000174536 devstack@n-api.service[100173]: [pid: 100173|app: 0|req: 14/56] 199.19.213.66 () {68 vars in 1431 bytes} [Mon May 18 18:36:40 2026] GET /compute/v2.1/flavors/detail?is_public=True => generated 4822 bytes in 33 msecs (HTTP/1.1 200) 9 headers in 360 bytes (1 switches on core 0)
May 18 18:36:40.558683 np0000174536 devstack@n-api.service[100175]: DEBUG nova.api.openstack.wsgi [None req-8033918d-b995-4fc6-ba69-aaf151163a93 admin admin] Action: 'create', calling method: >, body: {"flavor": {"vcpus": 1, "disk": 5, "name": "manila-service-flavor", "id": "100", "os-flavor-access:is_public": true, "OS-FLV-EXT-DATA:ephemeral": 0, "ram": 512, "swap": 0, "rxtx_factor": 1.0}} {{(pid=100175) _process_stack /opt/stack/nova/nova/api/openstack/wsgi.py:549}}
May 18 18:36:40.583183 np0000174536 devstack@n-api.service[100175]: INFO nova.api.openstack.requestlog [None req-8033918d-b995-4fc6-ba69-aaf151163a93 admin admin] 199.19.213.66 "POST /compute/v2.1/flavors" status: 200 len: 428 microversion: 2.61 time: 0.027859
May 18 18:36:40.583564 np0000174536 devstack@n-api.service[100175]: [pid: 100175|app: 0|req: 14/57] 199.19.213.66 () {72 vars in 1422 bytes} [Mon May 18 18:36:40 2026] POST /compute/v2.1/flavors => generated 428 bytes in 29 msecs (HTTP/1.1 200) 9 headers in 359 bytes (1 switches on core 0)
May 18 18:36:44.266728 np0000174536 devstack@n-api.service[100176]: DEBUG dbcounter [-] [100176] Writing DB stats nova_api:SELECT=12,nova_api:SAVEPOINT=6,nova_api:RELEASE=6,nova_api:INSERT=4 {{(pid=100176) stat_writer /opt/stack/data/venv/lib/python3.12/site-packages/dbcounter.py:115}}
May 18 18:36:44.359742 np0000174536 devstack@n-api.service[100174]: DEBUG dbcounter [-] [100174] Writing DB stats nova_api:SELECT=14,nova_api:SAVEPOINT=9,nova_api:RELEASE=9,nova_api:INSERT=6 {{(pid=100174) stat_writer /opt/stack/data/venv/lib/python3.12/site-packages/dbcounter.py:115}}
May 18 18:36:50.303687 np0000174536 devstack@n-api.service[100173]: DEBUG dbcounter [-] [100173] Writing DB stats nova_api:SELECT=14,nova_api:SAVEPOINT=9,nova_api:RELEASE=9,nova_api:INSERT=6 {{(pid=100173) stat_writer /opt/stack/data/venv/lib/python3.12/site-packages/dbcounter.py:115}}
May 18 18:36:50.577121 np0000174536 devstack@n-api.service[100175]: DEBUG dbcounter [-] [100175] Writing DB stats nova_api:SELECT=13,nova_api:SAVEPOINT=6,nova_api:RELEASE=6,nova_api:INSERT=5 {{(pid=100175) stat_writer /opt/stack/data/venv/lib/python3.12/site-packages/dbcounter.py:115}}
May 18 18:42:35.408703 np0000174536 devstack@n-api.service[100176]: DEBUG nova.api.openstack.wsgi [None req-10dab130-ccee-475f-986e-116c96dbbd79 admin admin] Calling method '>' {{(pid=100176) _process_stack /opt/stack/nova/nova/api/openstack/wsgi.py:551}}
May 18 18:42:35.413314 np0000174536 devstack@n-api.service[100176]: WARNING oslo_db.sqlalchemy.utils [None req-10dab130-ccee-475f-986e-116c96dbbd79 admin admin] Unique keys not in sort_keys. The sorting order may be unstable.
May 18 18:42:35.423842 np0000174536 devstack@n-api.service[100176]: INFO nova.api.openstack.requestlog [None req-10dab130-ccee-475f-986e-116c96dbbd79 admin admin] 199.19.213.66 "GET /compute/v2.1/os-keypairs" status: 200 len: 16 microversion: 2.10 time: 0.102813
May 18 18:42:35.424549 np0000174536 devstack@n-api.service[100176]: [pid: 100176|app: 0|req: 16/58] 199.19.213.66 () {68 vars in 1393 bytes} [Mon May 18 18:42:35 2026] GET /compute/v2.1/os-keypairs => generated 16 bytes in 104 msecs (HTTP/1.1 200) 9 headers in 358 bytes (1 switches on core 0)
May 18 18:42:35.670292 np0000174536 devstack@n-api.service[100174]: DEBUG nova.api.openstack.wsgi [None req-caff45f2-eecb-4fb2-b3fa-a1e8e0964e76 admin admin] Action: 'create', calling method: >, body: {"keypair": {"name": "manila-service", "public_key": "ecdsa-sha2-nistp256 AAAAE2VjZHNhLXNoYTItbmlzdHAyNTYAAAAIbmlzdHAyNTYAAABBBMfWR//mUp0UiLBs1IpIc8xAoCDECkYHwXWi6nrYwo9Vh92r2EOWHetHG+3q8A9YG87omDwNgKqjRDRfTd85kJk= stack@np0000174536\n"}} {{(pid=100174) _process_stack /opt/stack/nova/nova/api/openstack/wsgi.py:549}}
May 18 18:42:35.689748 np0000174536 devstack@n-api.service[100174]: DEBUG nova.quota [None req-caff45f2-eecb-4fb2-b3fa-a1e8e0964e76 admin admin] Getting quotas for project 47e7f6a5531a412bab8d7c0860b7df07. Resources: {'key_pairs'} {{(pid=100174) _get_quotas /opt/stack/nova/nova/quota.py:392}}
May 18 18:42:35.694474 np0000174536 devstack@n-api.service[100174]: DEBUG nova.quota [None req-caff45f2-eecb-4fb2-b3fa-a1e8e0964e76 admin admin] Getting quotas for user 72e319d898b9450aaa54a64ca8cc840e and project 47e7f6a5531a412bab8d7c0860b7df07. Resources: {'key_pairs'} {{(pid=100174) _get_quotas /opt/stack/nova/nova/quota.py:382}}
May 18 18:42:35.736757 np0000174536 devstack@n-api.service[100174]: INFO nova.api.openstack.requestlog [None req-caff45f2-eecb-4fb2-b3fa-a1e8e0964e76 admin admin] 199.19.213.66 "POST /compute/v2.1/os-keypairs" status: 201 len: 366 microversion: 2.10 time: 0.070005
May 18 18:42:35.737681 np0000174536 devstack@n-api.service[100174]: [pid: 100174|app: 0|req: 15/59] 199.19.213.66 () {72 vars in 1434 bytes} [Mon May 18 18:42:35 2026] POST /compute/v2.1/os-keypairs => generated 366 bytes in 72 msecs (HTTP/1.1 201) 9 headers in 364 bytes (1 switches on core 0)
May 18 18:42:45.418918 np0000174536 devstack@n-api.service[100176]: DEBUG dbcounter [-] [100176] Writing DB stats nova_api:SELECT=1 {{(pid=100176) stat_writer /opt/stack/data/venv/lib/python3.12/site-packages/dbcounter.py:115}}
May 18 18:42:45.702859 np0000174536 devstack@n-api.service[100174]: DEBUG dbcounter [-] [100174] Writing DB stats nova_cell0:SELECT=2 {{(pid=100174) stat_writer /opt/stack/data/venv/lib/python3.12/site-packages/dbcounter.py:115}}
May 18 18:42:45.723146 np0000174536 devstack@n-api.service[100174]: DEBUG dbcounter [-] [100174] Writing DB stats nova_api:SELECT=5,nova_api:INSERT=1 {{(pid=100174) stat_writer /opt/stack/data/venv/lib/python3.12/site-packages/dbcounter.py:115}}
May 18 18:43:08.863531 np0000174536 devstack@n-api.service[100173]: DEBUG nova.api.openstack.wsgi [None req-1dfd5c96-2e75-494d-94e2-8e04aedaed56 admin admin] Calling method '>' {{(pid=100173) _process_stack /opt/stack/nova/nova/api/openstack/wsgi.py:551}}
May 18 18:43:08.866345 np0000174536 devstack@n-api.service[100173]: DEBUG oslo_concurrency.lockutils [None req-1dfd5c96-2e75-494d-94e2-8e04aedaed56 admin admin] Acquiring lock "00000000-0000-0000-0000-000000000000" by "nova.context.set_target_cell..get_or_set_cached_cell_and_set_connections" {{(pid=100173) inner /opt/stack/data/venv/lib/python3.12/site-packages/oslo_concurrency/lockutils.py:506}}
May 18 18:43:08.866541 np0000174536 devstack@n-api.service[100173]: DEBUG oslo_concurrency.lockutils [None req-1dfd5c96-2e75-494d-94e2-8e04aedaed56 admin admin] Lock "00000000-0000-0000-0000-000000000000" acquired by "nova.context.set_target_cell..get_or_set_cached_cell_and_set_connections" :: waited 0.000s {{(pid=100173) inner /opt/stack/data/venv/lib/python3.12/site-packages/oslo_concurrency/lockutils.py:519}}
May 18 18:43:08.866649 np0000174536 devstack@n-api.service[100173]: DEBUG oslo_concurrency.lockutils [None req-1dfd5c96-2e75-494d-94e2-8e04aedaed56 admin admin] Lock "00000000-0000-0000-0000-000000000000" "released" by "nova.context.set_target_cell..get_or_set_cached_cell_and_set_connections" :: held 0.000s {{(pid=100173) inner /opt/stack/data/venv/lib/python3.12/site-packages/oslo_concurrency/lockutils.py:538}}
May 18 18:43:08.867635 np0000174536 devstack@n-api.service[100173]: DEBUG oslo_concurrency.lockutils [None req-1dfd5c96-2e75-494d-94e2-8e04aedaed56 admin admin] Acquiring lock "757cab4c-6b80-4771-b280-5b9d22358a22" by "nova.context.set_target_cell..get_or_set_cached_cell_and_set_connections" {{(pid=100173) inner /opt/stack/data/venv/lib/python3.12/site-packages/oslo_concurrency/lockutils.py:506}}
May 18 18:43:08.867792 np0000174536 devstack@n-api.service[100173]: DEBUG oslo_concurrency.lockutils [None req-1dfd5c96-2e75-494d-94e2-8e04aedaed56 admin admin] Lock "757cab4c-6b80-4771-b280-5b9d22358a22" acquired by "nova.context.set_target_cell..get_or_set_cached_cell_and_set_connections" :: waited 0.000s {{(pid=100173) inner /opt/stack/data/venv/lib/python3.12/site-packages/oslo_concurrency/lockutils.py:519}}
May 18 18:43:08.867937 np0000174536 devstack@n-api.service[100173]: DEBUG oslo_concurrency.lockutils [None req-1dfd5c96-2e75-494d-94e2-8e04aedaed56 admin admin] Lock "757cab4c-6b80-4771-b280-5b9d22358a22" "released" by "nova.context.set_target_cell..get_or_set_cached_cell_and_set_connections" :: held 0.000s {{(pid=100173) inner /opt/stack/data/venv/lib/python3.12/site-packages/oslo_concurrency/lockutils.py:538}}
May 18 18:43:08.897710 np0000174536 devstack@n-api.service[100173]: INFO nova.api.openstack.requestlog [None req-1dfd5c96-2e75-494d-94e2-8e04aedaed56 admin admin] 199.19.213.66 "GET /compute/v2.1/os-services?binary=nova-compute&host=np0000174536" status: 200 len: 255 microversion: 2.69 time: 0.038238
May 18 18:43:08.898123 np0000174536 devstack@n-api.service[100173]: [pid: 100173|app: 0|req: 15/60] 199.19.213.66 () {68 vars in 1468 bytes} [Mon May 18 18:43:08 2026] GET /compute/v2.1/os-services?binary=nova-compute&host=np0000174536 => generated 255 bytes in 40 msecs (HTTP/1.1 200) 9 headers in 359 bytes (1 switches on core 0)
May 18 18:43:18.873042 np0000174536 devstack@n-api.service[100173]: DEBUG dbcounter [-] [100173] Writing DB stats nova_cell0:SELECT=1 {{(pid=100173) stat_writer /opt/stack/data/venv/lib/python3.12/site-packages/dbcounter.py:115}}
May 18 18:43:18.874234 np0000174536 devstack@n-api.service[100173]: DEBUG dbcounter [-] [100173] Writing DB stats nova_cell1:SELECT=1 {{(pid=100173) stat_writer /opt/stack/data/venv/lib/python3.12/site-packages/dbcounter.py:115}}
May 18 18:43:18.888671 np0000174536 devstack@n-api.service[100173]: DEBUG dbcounter [-] [100173] Writing DB stats nova_api:SELECT=2 {{(pid=100173) stat_writer /opt/stack/data/venv/lib/python3.12/site-packages/dbcounter.py:115}}
May 18 18:43:45.998052 np0000174536 devstack@n-api.service[100175]: DEBUG nova.api.openstack.wsgi [None req-8033918d-b995-4fc6-ba69-aaf151163a93 admin admin] Calling method '>' {{(pid=100175) _process_stack /opt/stack/nova/nova/api/openstack/wsgi.py:551}}
May 18 18:43:46.003159 np0000174536 devstack@n-api.service[100175]: INFO nova.api.openstack.requestlog [None req-8033918d-b995-4fc6-ba69-aaf151163a93 admin admin] 199.19.213.66 "GET /compute/v2.1" status: 200 len: 392 microversion: 2.1 time: 0.005838
May 18 18:43:46.003477 np0000174536 devstack@n-api.service[100175]: [pid: 100175|app: 0|req: 15/61] 199.19.213.66 () {62 vars in 1056 bytes} [Mon May 18 18:43:45 2026] GET /compute/v2.1 => generated 392 bytes in 6 msecs (HTTP/1.1 200) 9 headers in 357 bytes (1 switches on core 0)
May 18 18:43:46.048270 np0000174536 devstack@n-api.service[100176]: DEBUG nova.api.openstack.wsgi [None req-10dab130-ccee-475f-986e-116c96dbbd79 admin admin] Calling method '>' {{(pid=100176) _process_stack /opt/stack/nova/nova/api/openstack/wsgi.py:551}}
May 18 18:43:46.052927 np0000174536 devstack@n-api.service[100176]: INFO nova.api.openstack.requestlog [None req-10dab130-ccee-475f-986e-116c96dbbd79 admin admin] 199.19.213.66 "GET /compute/v2.1/" status: 200 len: 392 microversion: 2.1 time: 0.005167
May 18 18:43:46.053221 np0000174536 devstack@n-api.service[100176]: [pid: 100176|app: 0|req: 17/62] 199.19.213.66 () {62 vars in 1059 bytes} [Mon May 18 18:43:46 2026] GET /compute/v2.1/ => generated 392 bytes in 6 msecs (HTTP/1.1 200) 9 headers in 357 bytes (1 switches on core 0)
May 18 18:43:46.097059 np0000174536 devstack@n-api.service[100174]: DEBUG nova.api.openstack.wsgi [None req-2a1dacbe-eb52-4e9e-93b9-e4fb431cb866 demo demo] Calling method '>' {{(pid=100174) _process_stack /opt/stack/nova/nova/api/openstack/wsgi.py:551}}
May 18 18:43:46.124536 np0000174536 devstack@n-api.service[100174]: INFO nova.api.openstack.requestlog [None req-2a1dacbe-eb52-4e9e-93b9-e4fb431cb866 demo demo] 199.19.213.66 "GET /compute/v2.1/flavors/detail?is_public=None" status: 200 len: 5240 microversion: 2.61 time: 0.030117
May 18 18:43:46.124883 np0000174536 devstack@n-api.service[100174]: [pid: 100174|app: 0|req: 16/63] 199.19.213.66 () {68 vars in 1417 bytes} [Mon May 18 18:43:46 2026] GET /compute/v2.1/flavors/detail?is_public=None => generated 5240 bytes in 31 msecs (HTTP/1.1 200) 9 headers in 360 bytes (1 switches on core 0)
May 18 18:43:46.185737 np0000174536 devstack@n-api.service[100173]: DEBUG nova.api.openstack.wsgi [None req-45516e07-3849-4f86-8c63-4c1456d90b63 demo demo] Calling method '>' {{(pid=100173) _process_stack /opt/stack/nova/nova/api/openstack/wsgi.py:551}}
May 18 18:43:46.216605 np0000174536 devstack@n-api.service[100173]: INFO nova.api.openstack.requestlog [None req-45516e07-3849-4f86-8c63-4c1456d90b63 demo demo] 199.19.213.66 "GET /compute/v2.1/flavors/detail?is_public=None" status: 200 len: 5240 microversion: 2.61 time: 0.033213
May 18 18:43:46.217593 np0000174536 devstack@n-api.service[100173]: [pid: 100173|app: 0|req: 16/64] 199.19.213.66 () {68 vars in 1417 bytes} [Mon May 18 18:43:46 2026] GET /compute/v2.1/flavors/detail?is_public=None => generated 5240 bytes in 34 msecs (HTTP/1.1 200) 9 headers in 360 bytes (1 switches on core 0)
May 18 18:43:46.553772 np0000174536 devstack@n-api.service[100175]: DEBUG nova.api.openstack.wsgi [None req-8033918d-b995-4fc6-ba69-aaf151163a93 admin admin] Calling method '>' {{(pid=100175) _process_stack /opt/stack/nova/nova/api/openstack/wsgi.py:551}}
May 18 18:43:46.559835 np0000174536 devstack@n-api.service[100175]: INFO nova.api.openstack.requestlog [None req-8033918d-b995-4fc6-ba69-aaf151163a93 admin admin] 199.19.213.66 "GET /compute/v2.1" status: 200 len: 392 microversion: 2.1 time: 0.006451
May 18 18:43:46.560215 np0000174536 devstack@n-api.service[100175]: [pid: 100175|app: 0|req: 16/65] 199.19.213.66 () {62 vars in 1056 bytes} [Mon May 18 18:43:46 2026] GET /compute/v2.1 => generated 392 bytes in 7 msecs (HTTP/1.1 200) 9 headers in 357 bytes (1 switches on core 0)
May 18 18:43:46.606146 np0000174536 devstack@n-api.service[100176]: DEBUG nova.api.openstack.wsgi [None req-10dab130-ccee-475f-986e-116c96dbbd79 admin admin] Calling method '>' {{(pid=100176) _process_stack /opt/stack/nova/nova/api/openstack/wsgi.py:551}}
May 18 18:43:46.611160 np0000174536 devstack@n-api.service[100176]: INFO nova.api.openstack.requestlog [None req-10dab130-ccee-475f-986e-116c96dbbd79 admin admin] 199.19.213.66 "GET /compute/v2.1/" status: 200 len: 392 microversion: 2.1 time: 0.005683
May 18 18:43:46.611542 np0000174536 devstack@n-api.service[100176]: [pid: 100176|app: 0|req: 18/66] 199.19.213.66 () {62 vars in 1059 bytes} [Mon May 18 18:43:46 2026] GET /compute/v2.1/ => generated 392 bytes in 7 msecs (HTTP/1.1 200) 9 headers in 357 bytes (1 switches on core 0)
May 18 18:43:46.658286 np0000174536 devstack@n-api.service[100174]: DEBUG nova.api.openstack.wsgi [None req-690a950c-5f1c-4574-8988-2ab9733b35d9 demo demo] Calling method '>' {{(pid=100174) _process_stack /opt/stack/nova/nova/api/openstack/wsgi.py:551}}
May 18 18:43:46.686667 np0000174536 devstack@n-api.service[100174]: INFO nova.api.openstack.requestlog [None req-690a950c-5f1c-4574-8988-2ab9733b35d9 demo demo] 199.19.213.66 "GET /compute/v2.1/flavors/detail?is_public=None" status: 200 len: 5240 microversion: 2.61 time: 0.031965
May 18 18:43:46.687002 np0000174536 devstack@n-api.service[100174]: [pid: 100174|app: 0|req: 17/67] 199.19.213.66 () {68 vars in 1417 bytes} [Mon May 18 18:43:46 2026] GET /compute/v2.1/flavors/detail?is_public=None => generated 5240 bytes in 33 msecs (HTTP/1.1 200) 9 headers in 360 bytes (1 switches on core 0)
May 18 18:43:46.746741 np0000174536 devstack@n-api.service[100173]: DEBUG nova.api.openstack.wsgi [None req-807e58de-cb61-4727-9449-6fef8b1ab2ba demo demo] Calling method '>' {{(pid=100173) _process_stack /opt/stack/nova/nova/api/openstack/wsgi.py:551}}
May 18 18:43:46.773989 np0000174536 devstack@n-api.service[100173]: INFO nova.api.openstack.requestlog [None req-807e58de-cb61-4727-9449-6fef8b1ab2ba demo demo] 199.19.213.66 "GET /compute/v2.1/flavors/detail?is_public=None" status: 200 len: 5240 microversion: 2.61 time: 0.030266
May 18 18:43:46.774568 np0000174536 devstack@n-api.service[100173]: [pid: 100173|app: 0|req: 17/68] 199.19.213.66 () {68 vars in 1417 bytes} [Mon May 18 18:43:46 2026] GET /compute/v2.1/flavors/detail?is_public=None => generated 5240 bytes in 31 msecs (HTTP/1.1 200) 9 headers in 360 bytes (1 switches on core 0)
May 18 18:43:51.067071 np0000174536 devstack@n-api.service[100175]: DEBUG nova.api.openstack.wsgi [None req-8033918d-b995-4fc6-ba69-aaf151163a93 admin admin] Calling method '>' {{(pid=100175) _process_stack /opt/stack/nova/nova/api/openstack/wsgi.py:551}}
May 18 18:43:51.073276 np0000174536 devstack@n-api.service[100175]: INFO nova.api.openstack.requestlog [None req-8033918d-b995-4fc6-ba69-aaf151163a93 admin admin] 199.19.213.66 "GET /compute/v2.1" status: 200 len: 392 microversion: 2.1 time: 0.006675
May 18 18:43:51.073549 np0000174536 devstack@n-api.service[100175]: [pid: 100175|app: 0|req: 17/69] 199.19.213.66 () {62 vars in 1056 bytes} [Mon May 18 18:43:51 2026] GET /compute/v2.1 => generated 392 bytes in 7 msecs (HTTP/1.1 200) 9 headers in 357 bytes (1 switches on core 0)
May 18 18:43:51.120707 np0000174536 devstack@n-api.service[100176]: DEBUG nova.api.openstack.wsgi [None req-10dab130-ccee-475f-986e-116c96dbbd79 admin admin] Calling method '>' {{(pid=100176) _process_stack /opt/stack/nova/nova/api/openstack/wsgi.py:551}}
May 18 18:43:51.125609 np0000174536 devstack@n-api.service[100176]: INFO nova.api.openstack.requestlog [None req-10dab130-ccee-475f-986e-116c96dbbd79 admin admin] 199.19.213.66 "GET /compute/v2.1/" status: 200 len: 392 microversion: 2.1 time: 0.005068
May 18 18:43:51.126026 np0000174536 devstack@n-api.service[100176]: [pid: 100176|app: 0|req: 19/70] 199.19.213.66 () {62 vars in 1059 bytes} [Mon May 18 18:43:51 2026] GET /compute/v2.1/ => generated 392 bytes in 6 msecs (HTTP/1.1 200) 9 headers in 357 bytes (1 switches on core 0)
May 18 18:43:51.174864 np0000174536 devstack@n-api.service[100174]: DEBUG nova.api.openstack.wsgi [None req-3e258cec-e970-4fd2-9ce6-fe8b91db4fe5 demo demo] Calling method '>' {{(pid=100174) _process_stack /opt/stack/nova/nova/api/openstack/wsgi.py:551}}
May 18 18:43:51.195787 np0000174536 devstack@n-api.service[100174]: INFO nova.api.openstack.requestlog [None req-3e258cec-e970-4fd2-9ce6-fe8b91db4fe5 demo demo] 199.19.213.66 "GET /compute/v2.1/flavors/detail?is_public=None" status: 200 len: 5240 microversion: 2.61 time: 0.023357
May 18 18:43:51.196173 np0000174536 devstack@n-api.service[100174]: [pid: 100174|app: 0|req: 18/71] 199.19.213.66 () {68 vars in 1417 bytes} [Mon May 18 18:43:51 2026] GET /compute/v2.1/flavors/detail?is_public=None => generated 5240 bytes in 24 msecs (HTTP/1.1 200) 9 headers in 360 bytes (1 switches on core 0)
May 18 18:43:51.256934 np0000174536 devstack@n-api.service[100173]: DEBUG nova.api.openstack.wsgi [None req-6a101301-86e8-413c-b2bd-1a6191f42dec demo demo] Calling method '>' {{(pid=100173) _process_stack /opt/stack/nova/nova/api/openstack/wsgi.py:551}}
May 18 18:43:51.280006 np0000174536 devstack@n-api.service[100173]: INFO nova.api.openstack.requestlog [None req-6a101301-86e8-413c-b2bd-1a6191f42dec demo demo] 199.19.213.66 "GET /compute/v2.1/flavors/detail?is_public=None" status: 200 len: 5240 microversion: 2.61 time: 0.026912
May 18 18:43:51.280394 np0000174536 devstack@n-api.service[100173]: [pid: 100173|app: 0|req: 18/72] 199.19.213.66 () {68 vars in 1417 bytes} [Mon May 18 18:43:51 2026] GET /compute/v2.1/flavors/detail?is_public=None => generated 5240 bytes in 28 msecs (HTTP/1.1 200) 9 headers in 360 bytes (1 switches on core 0)
May 18 18:43:51.475795 np0000174536 devstack@n-api.service[100175]: DEBUG nova.api.openstack.wsgi [None req-8033918d-b995-4fc6-ba69-aaf151163a93 admin admin] Calling method '>' {{(pid=100175) _process_stack /opt/stack/nova/nova/api/openstack/wsgi.py:551}}
May 18 18:43:51.479609 np0000174536 devstack@n-api.service[100175]: INFO nova.api.openstack.requestlog [None req-8033918d-b995-4fc6-ba69-aaf151163a93 admin admin] 199.19.213.66 "GET /compute/v2.1" status: 200 len: 392 microversion: 2.1 time: 0.004247
May 18 18:43:51.479828 np0000174536 devstack@n-api.service[100175]: [pid: 100175|app: 0|req: 18/73] 199.19.213.66 () {62 vars in 1056 bytes} [Mon May 18 18:43:51 2026] GET /compute/v2.1 => generated 392 bytes in 5 msecs (HTTP/1.1 200) 9 headers in 357 bytes (1 switches on core 0)
May 18 18:43:51.519718 np0000174536 devstack@n-api.service[100176]: DEBUG nova.api.openstack.wsgi [None req-10dab130-ccee-475f-986e-116c96dbbd79 admin admin] Calling method '>' {{(pid=100176) _process_stack /opt/stack/nova/nova/api/openstack/wsgi.py:551}}
May 18 18:43:51.525806 np0000174536 devstack@n-api.service[100176]: INFO nova.api.openstack.requestlog [None req-10dab130-ccee-475f-986e-116c96dbbd79 admin admin] 199.19.213.66 "GET /compute/v2.1/" status: 200 len: 392 microversion: 2.1 time: 0.006476
May 18 18:43:51.526172 np0000174536 devstack@n-api.service[100176]: [pid: 100176|app: 0|req: 20/74] 199.19.213.66 () {62 vars in 1059 bytes} [Mon May 18 18:43:51 2026] GET /compute/v2.1/ => generated 392 bytes in 7 msecs (HTTP/1.1 200) 9 headers in 357 bytes (1 switches on core 0)
May 18 18:43:51.573524 np0000174536 devstack@n-api.service[100174]: DEBUG nova.api.openstack.wsgi [None req-bb9abdb0-d043-47a9-a8a2-20a631a20e10 demo demo] Calling method '>' {{(pid=100174) _process_stack /opt/stack/nova/nova/api/openstack/wsgi.py:551}}
May 18 18:43:51.608288 np0000174536 devstack@n-api.service[100174]: INFO nova.api.openstack.requestlog [None req-bb9abdb0-d043-47a9-a8a2-20a631a20e10 demo demo] 199.19.213.66 "GET /compute/v2.1/flavors/detail?is_public=None" status: 200 len: 5240 microversion: 2.61 time: 0.036767
May 18 18:43:51.608288 np0000174536 devstack@n-api.service[100174]: [pid: 100174|app: 0|req: 19/75] 199.19.213.66 () {68 vars in 1417 bytes} [Mon May 18 18:43:51 2026] GET /compute/v2.1/flavors/detail?is_public=None => generated 5240 bytes in 38 msecs (HTTP/1.1 200) 9 headers in 360 bytes (1 switches on core 0)
May 18 18:43:51.677516 np0000174536 devstack@n-api.service[100173]: DEBUG nova.api.openstack.wsgi [None req-eec2b1c8-accf-4819-b755-6759d3cd7edd demo demo] Calling method '>' {{(pid=100173) _process_stack /opt/stack/nova/nova/api/openstack/wsgi.py:551}}
May 18 18:43:51.703461 np0000174536 devstack@n-api.service[100173]: INFO nova.api.openstack.requestlog [None req-eec2b1c8-accf-4819-b755-6759d3cd7edd demo demo] 199.19.213.66 "GET /compute/v2.1/flavors/detail?is_public=None" status: 200 len: 5240 microversion: 2.61 time: 0.028172
May 18 18:43:51.703735 np0000174536 devstack@n-api.service[100173]: [pid: 100173|app: 0|req: 19/76] 199.19.213.66 () {68 vars in 1417 bytes} [Mon May 18 18:43:51 2026] GET /compute/v2.1/flavors/detail?is_public=None => generated 5240 bytes in 29 msecs (HTTP/1.1 200) 9 headers in 360 bytes (1 switches on core 0)
May 18 18:44:01.580573 np0000174536 devstack@n-api.service[100174]: DEBUG dbcounter [-] [100174] Writing DB stats nova_api:SELECT=4 {{(pid=100174) stat_writer /opt/stack/data/venv/lib/python3.12/site-packages/dbcounter.py:115}}
May 18 18:44:01.682395 np0000174536 devstack@n-api.service[100173]: DEBUG dbcounter [-] [100173] Writing DB stats nova_api:SELECT=4 {{(pid=100173) stat_writer /opt/stack/data/venv/lib/python3.12/site-packages/dbcounter.py:115}}