May 18 18:34:29.613722 np0000174536 devstack@neutron-api.service[103361]: DEBUG ovsdbapp.backend.ovs_idl [None req-2ad3fc77-ce61-4d94-8641-538446930bf9 None None] Created schema index Datapath_Binding.tunnel_key {{(pid=103361) autocreate_indices /opt/stack/data/venv/lib/python3.12/site-packages/ovsdbapp/backend/ovs_idl/__init__.py:106}}
May 18 18:34:29.615494 np0000174536 devstack@neutron-api.service[103361]: INFO ovsdbapp.backend.ovs_idl.vlog [None req-2ad3fc77-ce61-4d94-8641-538446930bf9 None None] ssl:199.19.213.66:6642: connecting...
May 18 18:34:29.620620 np0000174536 devstack@neutron-api.service[103364]: INFO ovsdbapp.backend.ovs_idl.vlog [None req-2c8227c3-0f19-4711-8e8c-bb557eb02c19 None None] ssl:199.19.213.66:6642: connected
May 18 18:34:29.620732 np0000174536 devstack@neutron-api.service[103362]: DEBUG ovsdbapp.backend.ovs_idl [None req-57324b91-02c3-4bb2-869d-00b0b0d90ec7 None None] Created lookup_table index Chassis.name {{(pid=103362) autocreate_indices /opt/stack/data/venv/lib/python3.12/site-packages/ovsdbapp/backend/ovs_idl/__init__.py:87}}
May 18 18:34:29.620732 np0000174536 devstack@neutron-api.service[103362]: DEBUG ovsdbapp.backend.ovs_idl [None req-57324b91-02c3-4bb2-869d-00b0b0d90ec7 None None] Created lookup_table index Port_Binding.logical_port {{(pid=103362) autocreate_indices /opt/stack/data/venv/lib/python3.12/site-packages/ovsdbapp/backend/ovs_idl/__init__.py:87}}
May 18 18:34:29.620863 np0000174536 devstack@neutron-api.service[103362]: DEBUG ovsdbapp.backend.ovs_idl [None req-57324b91-02c3-4bb2-869d-00b0b0d90ec7 None None] Created schema index Chassis_Private.name {{(pid=103362) autocreate_indices /opt/stack/data/venv/lib/python3.12/site-packages/ovsdbapp/backend/ovs_idl/__init__.py:106}}
May 18 18:34:29.620961 np0000174536 devstack@neutron-api.service[103362]: DEBUG ovsdbapp.backend.ovs_idl [None req-57324b91-02c3-4bb2-869d-00b0b0d90ec7 None None] Created schema index Datapath_Binding.tunnel_key {{(pid=103362) autocreate_indices /opt/stack/data/venv/lib/python3.12/site-packages/ovsdbapp/backend/ovs_idl/__init__.py:106}}
May 18 18:34:29.623071 np0000174536 devstack@neutron-api.service[103362]: INFO ovsdbapp.backend.ovs_idl.vlog [None req-57324b91-02c3-4bb2-869d-00b0b0d90ec7 None None] ssl:199.19.213.66:6642: connecting...
May 18 18:34:29.623954 np0000174536 devstack@neutron-api.service[103361]: INFO ovsdbapp.backend.ovs_idl.vlog [None req-2ad3fc77-ce61-4d94-8641-538446930bf9 None None] ssl:199.19.213.66:6642: connected
May 18 18:34:29.630277 np0000174536 devstack@neutron-api.service[103362]: INFO ovsdbapp.backend.ovs_idl.vlog [None req-57324b91-02c3-4bb2-869d-00b0b0d90ec7 None None] ssl:199.19.213.66:6642: connected
May 18 18:34:29.651501 np0000174536 devstack@neutron-api.service[103361]: DEBUG neutron.common.ovn.hash_ring_manager [None req-2ad3fc77-ce61-4d94-8641-538446930bf9 None None] Allow caching, nodes 4>=4 {{(pid=103361) _wait_startup_before_caching /opt/stack/neutron/neutron/common/ovn/hash_ring_manager.py:65}}
May 18 18:34:29.653092 np0000174536 devstack@neutron-api.service[103364]: DEBUG neutron.common.ovn.hash_ring_manager [None req-2c8227c3-0f19-4711-8e8c-bb557eb02c19 None None] Allow caching, nodes 4>=4 {{(pid=103364) _wait_startup_before_caching /opt/stack/neutron/neutron/common/ovn/hash_ring_manager.py:65}}
May 18 18:34:29.655291 np0000174536 devstack@neutron-api.service[103361]: DEBUG neutron.common.ovn.hash_ring_manager [None req-2ad3fc77-ce61-4d94-8641-538446930bf9 None None] Hash Ring loaded. 4 active nodes. 0 offline nodes {{(pid=103361) _load_hash_ring /opt/stack/neutron/neutron/common/ovn/hash_ring_manager.py:102}}
May 18 18:34:29.655481 np0000174536 devstack@neutron-api.service[103361]: DEBUG neutron.plugins.ml2.drivers.ovn.mech_driver.ovsdb.ovsdb_monitor [None req-2ad3fc77-ce61-4d94-8641-538446930bf9 None None] ChassisOVNAgentWriteEvent : Matched Chassis_Private, create, None None {{(pid=103361) matches /opt/stack/neutron/neutron/plugins/ml2/drivers/ovn/mech_driver/ovsdb/ovsdb_monitor.py:64}}
May 18 18:34:29.655573 np0000174536 devstack@neutron-api.service[103361]: DEBUG neutron.plugins.ml2.drivers.ovn.mech_driver.ovsdb.ovsdb_monitor [None req-2ad3fc77-ce61-4d94-8641-538446930bf9 None None] ChassisAgentWriteEvent : Matched Chassis_Private, create, None None {{(pid=103361) matches /opt/stack/neutron/neutron/plugins/ml2/drivers/ovn/mech_driver/ovsdb/ovsdb_monitor.py:64}}
May 18 18:34:29.655888 np0000174536 devstack@neutron-api.service[103362]: DEBUG neutron.common.ovn.hash_ring_manager [None req-57324b91-02c3-4bb2-869d-00b0b0d90ec7 None None] Allow caching, nodes 4>=4 {{(pid=103362) _wait_startup_before_caching /opt/stack/neutron/neutron/common/ovn/hash_ring_manager.py:65}}
May 18 18:34:29.656944 np0000174536 devstack@neutron-api.service[103364]: DEBUG neutron.common.ovn.hash_ring_manager [None req-2c8227c3-0f19-4711-8e8c-bb557eb02c19 None None] Hash Ring loaded. 4 active nodes. 0 offline nodes {{(pid=103364) _load_hash_ring /opt/stack/neutron/neutron/common/ovn/hash_ring_manager.py:102}}
May 18 18:34:29.657521 np0000174536 devstack@neutron-api.service[103364]: DEBUG neutron.plugins.ml2.drivers.ovn.mech_driver.ovsdb.ovsdb_monitor [None req-2c8227c3-0f19-4711-8e8c-bb557eb02c19 None None] ChassisOVNAgentWriteEvent : Matched Chassis_Private, create, None None {{(pid=103364) matches /opt/stack/neutron/neutron/plugins/ml2/drivers/ovn/mech_driver/ovsdb/ovsdb_monitor.py:64}}
May 18 18:34:29.657521 np0000174536 devstack@neutron-api.service[103364]: DEBUG neutron.plugins.ml2.drivers.ovn.mech_driver.ovsdb.ovsdb_monitor [None req-2c8227c3-0f19-4711-8e8c-bb557eb02c19 None None] ChassisAgentWriteEvent : Matched Chassis_Private, create, None None {{(pid=103364) matches /opt/stack/neutron/neutron/plugins/ml2/drivers/ovn/mech_driver/ovsdb/ovsdb_monitor.py:64}}
May 18 18:34:29.657717 np0000174536 devstack@neutron-api.service[103364]: DEBUG neutron.plugins.ml2.drivers.ovn.mech_driver.ovsdb.ovsdb_monitor [None req-2c8227c3-0f19-4711-8e8c-bb557eb02c19 None None] Hash Ring: Node 6ed1617ae8265f91b6595830700aae32 (host: np0000174536) handling event "create" for row 1cc2c112-7f21-4d5d-9cff-09897ac57202 (table: Chassis_Private) {{(pid=103364) notify /opt/stack/neutron/neutron/plugins/ml2/drivers/ovn/mech_driver/ovsdb/ovsdb_monitor.py:942}}
May 18 18:34:29.658056 np0000174536 devstack@neutron-api.service[103361]: INFO neutron.plugins.ml2.drivers.ovn.mech_driver.mech_driver [None req-2ad3fc77-ce61-4d94-8641-538446930bf9 None None] WorkerService process has finished the post initialization
May 18 18:34:29.659069 np0000174536 devstack@neutron-api.service[103364]: INFO neutron.plugins.ml2.drivers.ovn.mech_driver.mech_driver [None req-2c8227c3-0f19-4711-8e8c-bb557eb02c19 None None] WorkerService process has finished the post initialization
May 18 18:34:29.659837 np0000174536 devstack@neutron-api.service[103361]: WSGI app 0 (mountpoint='') ready in 7 seconds on interpreter 0x743f68ea3668 pid: 103361 (default app)
May 18 18:34:29.660908 np0000174536 devstack@neutron-api.service[103364]: WSGI app 0 (mountpoint='') ready in 7 seconds on interpreter 0x743f68ea3668 pid: 103364 (default app)
May 18 18:34:29.662149 np0000174536 devstack@neutron-api.service[103362]: DEBUG neutron.common.ovn.hash_ring_manager [None req-57324b91-02c3-4bb2-869d-00b0b0d90ec7 None None] Hash Ring loaded. 4 active nodes. 0 offline nodes {{(pid=103362) _load_hash_ring /opt/stack/neutron/neutron/common/ovn/hash_ring_manager.py:102}}
May 18 18:34:29.662385 np0000174536 devstack@neutron-api.service[103362]: DEBUG neutron.plugins.ml2.drivers.ovn.mech_driver.ovsdb.ovsdb_monitor [None req-57324b91-02c3-4bb2-869d-00b0b0d90ec7 None None] ChassisOVNAgentWriteEvent : Matched Chassis_Private, create, None None {{(pid=103362) matches /opt/stack/neutron/neutron/plugins/ml2/drivers/ovn/mech_driver/ovsdb/ovsdb_monitor.py:64}}
May 18 18:34:29.662491 np0000174536 devstack@neutron-api.service[103362]: DEBUG neutron.plugins.ml2.drivers.ovn.mech_driver.ovsdb.ovsdb_monitor [None req-57324b91-02c3-4bb2-869d-00b0b0d90ec7 None None] ChassisAgentWriteEvent : Matched Chassis_Private, create, None None {{(pid=103362) matches /opt/stack/neutron/neutron/plugins/ml2/drivers/ovn/mech_driver/ovsdb/ovsdb_monitor.py:64}}
May 18 18:34:29.664469 np0000174536 devstack@neutron-api.service[103362]: INFO neutron.plugins.ml2.drivers.ovn.mech_driver.mech_driver [None req-57324b91-02c3-4bb2-869d-00b0b0d90ec7 None None] WorkerService process has finished the post initialization
May 18 18:34:29.666051 np0000174536 devstack@neutron-api.service[103362]: WSGI app 0 (mountpoint='') ready in 7 seconds on interpreter 0x743f68ea3668 pid: 103362 (default app)
May 18 18:34:31.742221 np0000174536 devstack@neutron-api.service[103362]: DEBUG neutron.plugins.ml2.drivers.ovn.mech_driver.ovsdb.ovsdb_monitor [-] Hash Ring: Node 4e403886d2ed5ca099123ed7272341e0 (host: np0000174536) handling event "update" for row 183ae5c8-75a3-4856-a832-b3c0bb5fe96d (table: Connection) {{(pid=103362) notify /opt/stack/neutron/neutron/plugins/ml2/drivers/ovn/mech_driver/ovsdb/ovsdb_monitor.py:942}}
May 18 18:34:31.746045 np0000174536 devstack@neutron-api.service[103363]: DEBUG neutron.common.ovn.hash_ring_manager [-] Allow caching, nodes 4>=4 {{(pid=103363) _wait_startup_before_caching /opt/stack/neutron/neutron/common/ovn/hash_ring_manager.py:65}}
May 18 18:34:34.243227 np0000174536 devstack@neutron-api.service[103362]: DEBUG neutron.plugins.ml2.drivers.ovn.mech_driver.ovsdb.ovsdb_monitor [-] Hash Ring: Node 4e403886d2ed5ca099123ed7272341e0 (host: np0000174536) handling event "update" for row 183ae5c8-75a3-4856-a832-b3c0bb5fe96d (table: Connection) {{(pid=103362) notify /opt/stack/neutron/neutron/plugins/ml2/drivers/ovn/mech_driver/ovsdb/ovsdb_monitor.py:942}}
May 18 18:34:36.163035 np0000174536 devstack@neutron-api.service[103363]: DEBUG neutron.api.wsgi [None req-abfd290e-d788-4410-8a7d-289a1209dd77 admin admin] Missing Content-Type {{(pid=103363) get_content_type /opt/stack/neutron/neutron/api/wsgi.py:80}}
May 18 18:34:36.163715 np0000174536 devstack@neutron-api.service[103363]: DEBUG neutron.api.wsgi [None req-abfd290e-d788-4410-8a7d-289a1209dd77 admin admin] https://199.19.213.66/networking/v2.0/extensions returned with HTTP 200 {{(pid=103363) __call__ /opt/stack/neutron/neutron/api/wsgi.py:540}}
May 18 18:34:36.163854 np0000174536 devstack@neutron-api.service[103363]: [pid: 103363|app: 0|req: 2/2] 199.19.213.66 () {64 vars in 1316 bytes} [Mon May 18 18:34:35 2026] GET /networking/v2.0/extensions => generated 15209 bytes in 279 msecs (HTTP/1.1 200) 4 headers in 159 bytes (1 switches on core 0)
May 18 18:34:36.586829 np0000174536 devstack@neutron-api.service[103361]: DEBUG neutron.api.v2.base [None req-a17dd791-bfda-45d4-aa30-a1f95db63cdd admin admin] Request body: {'subnetpool': {'prefixes': ['10.1.0.0/20'], 'name': 'shared-default-subnetpool-v4', 'default_prefixlen': 26, 'shared': True, 'is_default': True}} {{(pid=103361) prepare_request_body /opt/stack/neutron/neutron/api/v2/base.py:727}}
May 18 18:34:36.798988 np0000174536 devstack@neutron-api.service[103361]: DEBUG neutron.policy [None req-a17dd791-bfda-45d4-aa30-a1f95db63cdd admin admin] Loaded default policies from ['neutron'] under neutron.policies entry points {{(pid=103361) register_rules /opt/stack/neutron/neutron/policy.py:65}}
May 18 18:34:36.951669 np0000174536 devstack@neutron-api.service[103361]: DEBUG neutron_lib.callbacks.manager [None req-a17dd791-bfda-45d4-aa30-a1f95db63cdd admin admin] Publish callbacks ['neutron.objects.securitygroup.RbacNeutronDbObjectMixin.validate_rbac_policy_change-1128521740125', 'neutron.objects.address_group.RbacNeutronDbObjectMixin.validate_rbac_policy_change-1128521747858', 'neutron.objects.network.RbacNeutronDbObjectMixin.validate_rbac_policy_change-1128521904232', 'neutron.objects.qos.policy.RbacNeutronDbObjectMixin.validate_rbac_policy_change-1128521896529', 'neutron.objects.subnetpool.RbacNeutronDbObjectMixin.validate_rbac_policy_change-1128521937757', 'neutron.objects.address_scope.RbacNeutronDbObjectMixin.validate_rbac_policy_change-1128521924131', 'neutron.plugins.ml2.plugin.External_net_db_mixin._process_ext_policy_create-210093', 'neutron.plugins.ml2.plugin.NeutronDbPluginV2.validate_network_rbac_policy_change-208141'] for rbac-policy (None), before_create {{(pid=103361) _notify_loop /opt/stack/data/venv/lib/python3.12/site-packages/neutron_lib/callbacks/manager.py:184}}
May 18 18:34:37.001194 np0000174536 devstack@neutron-api.service[103361]: DEBUG neutron_lib.callbacks.manager [None req-a17dd791-bfda-45d4-aa30-a1f95db63cdd admin admin] Publish callbacks [] for subnetpool (None), before_response {{(pid=103361) _notify_loop /opt/stack/data/venv/lib/python3.12/site-packages/neutron_lib/callbacks/manager.py:184}}
May 18 18:34:37.002115 np0000174536 devstack@neutron-api.service[103361]: [pid: 103361|app: 0|req: 1/3] 199.19.213.66 () {68 vars in 1360 bytes} [Mon May 18 18:34:36 2026] POST /networking/v2.0/subnetpools => generated 533 bytes in 538 msecs (HTTP/1.1 201) 4 headers in 162 bytes (1 switches on core 0)
May 18 18:34:37.314559 np0000174536 devstack@neutron-api.service[103364]: DEBUG neutron.api.v2.base [None req-f61e6919-ce75-4463-a9ed-e886ce4b604e admin admin] Request body: {'subnetpool': {'prefixes': ['fdca:9e55:58ac::/56'], 'name': 'shared-default-subnetpool-v6', 'default_prefixlen': 64, 'shared': True, 'is_default': True}} {{(pid=103364) prepare_request_body /opt/stack/neutron/neutron/api/v2/base.py:727}}
May 18 18:34:37.495167 np0000174536 devstack@neutron-api.service[103364]: DEBUG neutron.policy [None req-f61e6919-ce75-4463-a9ed-e886ce4b604e admin admin] Loaded default policies from ['neutron'] under neutron.policies entry points {{(pid=103364) register_rules /opt/stack/neutron/neutron/policy.py:65}}
May 18 18:34:37.643182 np0000174536 devstack@neutron-api.service[103364]: DEBUG neutron_lib.callbacks.manager [None req-f61e6919-ce75-4463-a9ed-e886ce4b604e admin admin] Publish callbacks ['neutron.objects.securitygroup.RbacNeutronDbObjectMixin.validate_rbac_policy_change-1128523303954', 'neutron.objects.address_group.RbacNeutronDbObjectMixin.validate_rbac_policy_change-1128523293795', 'neutron.objects.network.RbacNeutronDbObjectMixin.validate_rbac_policy_change-1128523277098', 'neutron.objects.qos.policy.RbacNeutronDbObjectMixin.validate_rbac_policy_change-1128523280111', 'neutron.objects.subnetpool.RbacNeutronDbObjectMixin.validate_rbac_policy_change-1128523243378', 'neutron.objects.address_scope.RbacNeutronDbObjectMixin.validate_rbac_policy_change-1128523242887', 'neutron.plugins.ml2.plugin.External_net_db_mixin._process_ext_policy_create-205134', 'neutron.plugins.ml2.plugin.NeutronDbPluginV2.validate_network_rbac_policy_change-196120'] for rbac-policy (None), before_create {{(pid=103364) _notify_loop /opt/stack/data/venv/lib/python3.12/site-packages/neutron_lib/callbacks/manager.py:184}}
May 18 18:34:37.686705 np0000174536 devstack@neutron-api.service[103364]: DEBUG neutron_lib.callbacks.manager [None req-f61e6919-ce75-4463-a9ed-e886ce4b604e admin admin] Publish callbacks [] for subnetpool (None), before_response {{(pid=103364) _notify_loop /opt/stack/data/venv/lib/python3.12/site-packages/neutron_lib/callbacks/manager.py:184}}
May 18 18:34:37.687377 np0000174536 devstack@neutron-api.service[103364]: [pid: 103364|app: 0|req: 1/4] 199.19.213.66 () {68 vars in 1360 bytes} [Mon May 18 18:34:37 2026] POST /networking/v2.0/subnetpools => generated 543 bytes in 480 msecs (HTTP/1.1 201) 4 headers in 162 bytes (1 switches on core 0)
May 18 18:34:38.093451 np0000174536 devstack@neutron-api.service[103362]: DEBUG neutron.api.v2.base [None req-8aae69d1-a475-47dc-9d46-94f3f4f94c1f admin admin] Request body: {'network': {'admin_state_up': True, 'name': 'private'}} {{(pid=103362) prepare_request_body /opt/stack/neutron/neutron/api/v2/base.py:727}}
May 18 18:34:38.116404 np0000174536 devstack@neutron-api.service[103362]: DEBUG neutron.pecan_wsgi.hooks.quota_enforcement [None req-8aae69d1-a475-47dc-9d46-94f3f4f94c1f admin admin] Made reservation on behalf of 47e7f6a5531a412bab8d7c0860b7df07 for: {'network': 1} {{(pid=103362) before /opt/stack/neutron/neutron/pecan_wsgi/hooks/quota_enforcement.py:66}}
May 18 18:34:38.320191 np0000174536 devstack@neutron-api.service[103362]: DEBUG neutron.policy [None req-8aae69d1-a475-47dc-9d46-94f3f4f94c1f admin admin] Loaded default policies from ['neutron'] under neutron.policies entry points {{(pid=103362) register_rules /opt/stack/neutron/neutron/policy.py:65}}
May 18 18:34:38.454318 np0000174536 devstack@neutron-api.service[103362]: DEBUG neutron_lib.callbacks.manager [None req-8aae69d1-a475-47dc-9d46-94f3f4f94c1f admin admin] Publish callbacks ['neutron.plugins.ml2.plugin.SecurityGroupDbMixin._ensure_default_security_group_handler-385974'] for network (None), before_create {{(pid=103362) _notify_loop /opt/stack/data/venv/lib/python3.12/site-packages/neutron_lib/callbacks/manager.py:184}}
May 18 18:34:38.476971 np0000174536 devstack@neutron-api.service[103362]: DEBUG neutron_lib.callbacks.manager [None req-8aae69d1-a475-47dc-9d46-94f3f4f94c1f admin admin] Publish callbacks [] for security_group (None), before_create {{(pid=103362) _notify_loop /opt/stack/data/venv/lib/python3.12/site-packages/neutron_lib/callbacks/manager.py:184}}
May 18 18:34:38.587196 np0000174536 devstack@neutron-api.service[103362]: DEBUG neutron_lib.callbacks.manager [None req-8aae69d1-a475-47dc-9d46-94f3f4f94c1f admin admin] Publish callbacks ['neutron.plugins.ml2.drivers.ovn.mech_driver.mech_driver.OVNMechanismDriver._create_security_group_precommit-336246'] for security_group (43d277d6-5e28-415e-a612-07ab7377b1b4), precommit_create {{(pid=103362) _notify_loop /opt/stack/data/venv/lib/python3.12/site-packages/neutron_lib/callbacks/manager.py:184}}
May 18 18:34:38.587453 np0000174536 devstack@neutron-api.service[103362]: DEBUG neutron.db.ovn_revision_numbers_db [None req-8aae69d1-a475-47dc-9d46-94f3f4f94c1f admin admin] create_initial_revision uuid=43d277d6-5e28-415e-a612-07ab7377b1b4, type=security_groups, rev=-1 {{(pid=103362) create_initial_revision /opt/stack/neutron/neutron/db/ovn_revision_numbers_db.py:98}}
May 18 18:34:38.589896 np0000174536 devstack@neutron-api.service[103362]: DEBUG neutron.db.ovn_revision_numbers_db [None req-8aae69d1-a475-47dc-9d46-94f3f4f94c1f admin admin] create_initial_revision uuid=4fd58e89-95a1-4253-9681-3a417b6bd5d9, type=security_group_rules, rev=-1 {{(pid=103362) create_initial_revision /opt/stack/neutron/neutron/db/ovn_revision_numbers_db.py:98}}
May 18 18:34:38.590979 np0000174536 devstack@neutron-api.service[103362]: DEBUG neutron.db.ovn_revision_numbers_db [None req-8aae69d1-a475-47dc-9d46-94f3f4f94c1f admin admin] create_initial_revision uuid=6c003f68-5c14-4350-b839-f7dbcace484c, type=security_group_rules, rev=-1 {{(pid=103362) create_initial_revision /opt/stack/neutron/neutron/db/ovn_revision_numbers_db.py:98}}
May 18 18:34:38.592197 np0000174536 devstack@neutron-api.service[103362]: DEBUG neutron.db.ovn_revision_numbers_db [None req-8aae69d1-a475-47dc-9d46-94f3f4f94c1f admin admin] create_initial_revision uuid=7c30406c-7032-4a20-a3c9-c0a073fb3cab, type=security_group_rules, rev=-1 {{(pid=103362) create_initial_revision /opt/stack/neutron/neutron/db/ovn_revision_numbers_db.py:98}}
May 18 18:34:38.593854 np0000174536 devstack@neutron-api.service[103362]: DEBUG neutron.db.ovn_revision_numbers_db [None req-8aae69d1-a475-47dc-9d46-94f3f4f94c1f admin admin] create_initial_revision uuid=af926b58-410a-463f-a156-314d4ccced54, type=security_group_rules, rev=-1 {{(pid=103362) create_initial_revision /opt/stack/neutron/neutron/db/ovn_revision_numbers_db.py:98}}
May 18 18:34:38.600773 np0000174536 devstack@neutron-api.service[103362]: DEBUG neutron_lib.callbacks.manager [None req-8aae69d1-a475-47dc-9d46-94f3f4f94c1f admin admin] Publish callbacks ['neutron.plugins.ml2.drivers.ovn.mech_driver.mech_driver.OVNMechanismDriver._create_security_group-336236', 'neutron.plugins.ml2.ovo_rpc._ObjectChangeHandler.handle_event-2445693'] for security_group (43d277d6-5e28-415e-a612-07ab7377b1b4), after_create {{(pid=103362) _notify_loop /opt/stack/data/venv/lib/python3.12/site-packages/neutron_lib/callbacks/manager.py:184}}
May 18 18:34:38.601050 np0000174536 devstack@neutron-api.service[103362]: INFO neutron.plugins.ml2.drivers.ovn.mech_driver.ovsdb.extensions.qos [None req-8aae69d1-a475-47dc-9d46-94f3f4f94c1f admin admin] Starting OVNClientQosExtension
May 18 18:34:38.601394 np0000174536 devstack@neutron-api.service[103362]: INFO neutron.plugins.ml2.drivers.ovn.mech_driver.ovsdb.extensions.placement [None req-8aae69d1-a475-47dc-9d46-94f3f4f94c1f admin admin] Starting OVNClientPlacementExtension
May 18 18:34:38.602791 np0000174536 devstack@neutron-api.service[103362]: DEBUG ovsdbapp.backend.ovs_idl.transaction [-] Running txn n=1 command(idx=0): PgAddCommand(_result=None, name=pg_43d277d6_5e28_415e_a612_07ab7377b1b4, may_exist=False, columns={'acls': [], 'external_ids': {'neutron:security_group_id': '43d277d6-5e28-415e-a612-07ab7377b1b4'}}) {{(pid=103362) do_commit /opt/stack/data/venv/lib/python3.12/site-packages/ovsdbapp/backend/ovs_idl/transaction.py:89}}
May 18 18:34:38.604605 np0000174536 devstack@neutron-api.service[103362]: DEBUG ovsdbapp.backend.ovs_idl.transaction [-] Running txn n=1 command(idx=1): PgAclAddCommand(_result=None, entity=pg_43d277d6_5e28_415e_a612_07ab7377b1b4, direction=from-lport, priority=1002, match=inport == @pg_43d277d6_5e28_415e_a612_07ab7377b1b4 && ip6, action=allow-related, log=False, may_exist=True, severity=[], name=[], meter=[], external_ids={'neutron:security_group_rule_id': '4fd58e89-95a1-4253-9681-3a417b6bd5d9'}) {{(pid=103362) do_commit /opt/stack/data/venv/lib/python3.12/site-packages/ovsdbapp/backend/ovs_idl/transaction.py:89}}
May 18 18:34:38.605190 np0000174536 devstack@neutron-api.service[103362]: DEBUG ovsdbapp.backend.ovs_idl.transaction [-] Running txn n=1 command(idx=2): PgAclAddCommand(_result=None, entity=pg_43d277d6_5e28_415e_a612_07ab7377b1b4, direction=from-lport, priority=1002, match=inport == @pg_43d277d6_5e28_415e_a612_07ab7377b1b4 && ip4, action=allow-related, log=False, may_exist=True, severity=[], name=[], meter=[], external_ids={'neutron:security_group_rule_id': '6c003f68-5c14-4350-b839-f7dbcace484c'}) {{(pid=103362) do_commit /opt/stack/data/venv/lib/python3.12/site-packages/ovsdbapp/backend/ovs_idl/transaction.py:89}}
May 18 18:34:38.605775 np0000174536 devstack@neutron-api.service[103362]: DEBUG ovsdbapp.backend.ovs_idl.transaction [-] Running txn n=1 command(idx=3): PgAclAddCommand(_result=None, entity=pg_43d277d6_5e28_415e_a612_07ab7377b1b4, direction=to-lport, priority=1002, match=outport == @pg_43d277d6_5e28_415e_a612_07ab7377b1b4 && ip4 && ip4.src == $pg_43d277d6_5e28_415e_a612_07ab7377b1b4_ip4, action=allow-related, log=False, may_exist=True, severity=[], name=[], meter=[], external_ids={'neutron:security_group_rule_id': '7c30406c-7032-4a20-a3c9-c0a073fb3cab'}) {{(pid=103362) do_commit /opt/stack/data/venv/lib/python3.12/site-packages/ovsdbapp/backend/ovs_idl/transaction.py:89}}
May 18 18:34:38.606220 np0000174536 devstack@neutron-api.service[103362]: DEBUG ovsdbapp.backend.ovs_idl.transaction [-] Running txn n=1 command(idx=4): PgAclAddCommand(_result=None, entity=pg_43d277d6_5e28_415e_a612_07ab7377b1b4, direction=to-lport, priority=1002, match=outport == @pg_43d277d6_5e28_415e_a612_07ab7377b1b4 && ip6 && ip6.src == $pg_43d277d6_5e28_415e_a612_07ab7377b1b4_ip6, action=allow-related, log=False, may_exist=True, severity=[], name=[], meter=[], external_ids={'neutron:security_group_rule_id': 'af926b58-410a-463f-a156-314d4ccced54'}) {{(pid=103362) do_commit /opt/stack/data/venv/lib/python3.12/site-packages/ovsdbapp/backend/ovs_idl/transaction.py:89}}
May 18 18:34:38.614171 np0000174536 devstack@neutron-api.service[103363]: DEBUG neutron.plugins.ml2.drivers.ovn.mech_driver.ovsdb.ovsdb_monitor [-] Hash Ring: Node 0643edce69b355bf83daa41f48ecec21 (host: np0000174536) handling event "create" for row c5a33ae5-975d-48e7-a528-239ad5388d48 (table: ACL) {{(pid=103363) notify /opt/stack/neutron/neutron/plugins/ml2/drivers/ovn/mech_driver/ovsdb/ovsdb_monitor.py:942}}
May 18 18:34:38.614860 np0000174536 devstack@neutron-api.service[103363]: DEBUG neutron.plugins.ml2.drivers.ovn.mech_driver.ovsdb.ovsdb_monitor [-] Hash Ring: Node 0643edce69b355bf83daa41f48ecec21 (host: np0000174536) handling event "create" for row 81117f47-6e75-43a1-bee7-db82461b5792 (table: Port_Group) {{(pid=103363) notify /opt/stack/neutron/neutron/plugins/ml2/drivers/ovn/mech_driver/ovsdb/ovsdb_monitor.py:942}}
May 18 18:34:38.615746 np0000174536 devstack@neutron-api.service[103364]: DEBUG neutron.plugins.ml2.drivers.ovn.mech_driver.ovsdb.ovsdb_monitor [-] Hash Ring: Node 6ed1617ae8265f91b6595830700aae32 (host: np0000174536) handling event "create" for row c5a33ae5-975d-48e7-a528-239ad5388d48 (table: ACL) {{(pid=103364) notify /opt/stack/neutron/neutron/plugins/ml2/drivers/ovn/mech_driver/ovsdb/ovsdb_monitor.py:942}}
May 18 18:34:38.616446 np0000174536 devstack@neutron-api.service[103362]: DEBUG neutron.plugins.ml2.drivers.ovn.mech_driver.ovsdb.ovsdb_monitor [-] Hash Ring: Node 4e403886d2ed5ca099123ed7272341e0 (host: np0000174536) handling event "create" for row 1412696e-1425-4f45-9b12-3b64f1e3c071 (table: ACL) {{(pid=103362) notify /opt/stack/neutron/neutron/plugins/ml2/drivers/ovn/mech_driver/ovsdb/ovsdb_monitor.py:942}}
May 18 18:34:38.616446 np0000174536 devstack@neutron-api.service[103362]: DEBUG neutron.plugins.ml2.drivers.ovn.mech_driver.ovsdb.ovsdb_monitor [-] Hash Ring: Node 4e403886d2ed5ca099123ed7272341e0 (host: np0000174536) handling event "create" for row 2b17fa95-c1f4-4488-844b-4582374cff22 (table: ACL) {{(pid=103362) notify /opt/stack/neutron/neutron/plugins/ml2/drivers/ovn/mech_driver/ovsdb/ovsdb_monitor.py:942}}
May 18 18:34:38.616805 np0000174536 devstack@neutron-api.service[103362]: DEBUG neutron.plugins.ml2.drivers.ovn.mech_driver.ovsdb.ovsdb_monitor [-] Hash Ring: Node 4e403886d2ed5ca099123ed7272341e0 (host: np0000174536) handling event "create" for row d186e5c1-1684-4d13-b85f-a646112c822a (table: ACL) {{(pid=103362) notify /opt/stack/neutron/neutron/plugins/ml2/drivers/ovn/mech_driver/ovsdb/ovsdb_monitor.py:942}}
May 18 18:34:38.646094 np0000174536 devstack@neutron-api.service[103362]: INFO neutron.db.ovn_revision_numbers_db [None req-8aae69d1-a475-47dc-9d46-94f3f4f94c1f admin admin] Successfully bumped revision number for resource 43d277d6-5e28-415e-a612-07ab7377b1b4 (type: security_groups) to 1
May 18 18:34:38.661517 np0000174536 devstack@neutron-api.service[103362]: INFO neutron.db.ovn_revision_numbers_db [None req-8aae69d1-a475-47dc-9d46-94f3f4f94c1f admin admin] Successfully bumped revision number for resource 4fd58e89-95a1-4253-9681-3a417b6bd5d9 (type: security_group_rules) to 0
May 18 18:34:38.673482 np0000174536 devstack@neutron-api.service[103362]: INFO neutron.db.ovn_revision_numbers_db [None req-8aae69d1-a475-47dc-9d46-94f3f4f94c1f admin admin] Successfully bumped revision number for resource 6c003f68-5c14-4350-b839-f7dbcace484c (type: security_group_rules) to 0
May 18 18:34:38.686652 np0000174536 devstack@neutron-api.service[103362]: INFO neutron.db.ovn_revision_numbers_db [None req-8aae69d1-a475-47dc-9d46-94f3f4f94c1f admin admin] Successfully bumped revision number for resource 7c30406c-7032-4a20-a3c9-c0a073fb3cab (type: security_group_rules) to 0
May 18 18:34:38.700469 np0000174536 devstack@neutron-api.service[103362]: INFO neutron.db.ovn_revision_numbers_db [None req-8aae69d1-a475-47dc-9d46-94f3f4f94c1f admin admin] Successfully bumped revision number for resource af926b58-410a-463f-a156-314d4ccced54 (type: security_group_rules) to 0
May 18 18:34:38.726095 np0000174536 devstack@neutron-api.service[103362]: DEBUG neutron.api.rpc.handlers.resources_rpc [None req-8aae69d1-a475-47dc-9d46-94f3f4f94c1f admin admin] Pushing event updated for resources: {'SecurityGroup': ['ID=43d277d6-5e28-415e-a612-07ab7377b1b4,revision_number=1']} {{(pid=103362) push /opt/stack/neutron/neutron/api/rpc/handlers/resources_rpc.py:237}}
May 18 18:34:38.733850 np0000174536 devstack@neutron-api.service[103362]: DEBUG ovsdbapp.backend.ovs_idl.transaction [-] Running txn n=1 command(idx=0): CheckLivenessCommand(_result=None) {{(pid=103362) do_commit /opt/stack/data/venv/lib/python3.12/site-packages/ovsdbapp/backend/ovs_idl/transaction.py:89}}
May 18 18:34:38.736777 np0000174536 devstack@neutron-api.service[103363]: DEBUG neutron.plugins.ml2.drivers.ovn.mech_driver.ovsdb.ovsdb_monitor [-] Hash Ring: Node 0643edce69b355bf83daa41f48ecec21 (host: np0000174536) handling event "update" for row c4187438-971a-477c-83d8-ded5c31db85f (table: NB_Global) {{(pid=103363) notify /opt/stack/neutron/neutron/plugins/ml2/drivers/ovn/mech_driver/ovsdb/ovsdb_monitor.py:942}}
May 18 18:34:38.737718 np0000174536 devstack@neutron-api.service[103361]: DEBUG neutron.plugins.ml2.drivers.ovn.mech_driver.ovsdb.ovsdb_monitor [-] Hash Ring: Node fadf66275f245975a9725308abf8e0a2 (host: np0000174536) handling event "update" for row c4187438-971a-477c-83d8-ded5c31db85f (table: NB_Global) {{(pid=103361) notify /opt/stack/neutron/neutron/plugins/ml2/drivers/ovn/mech_driver/ovsdb/ovsdb_monitor.py:942}}
May 18 18:34:38.739042 np0000174536 devstack@neutron-api.service[103363]: DEBUG neutron.plugins.ml2.drivers.ovn.mech_driver.ovsdb.ovsdb_monitor [-] Hash Ring: Node 0643edce69b355bf83daa41f48ecec21 (host: np0000174536) handling event "update" for row c4187438-971a-477c-83d8-ded5c31db85f (table: NB_Global) {{(pid=103363) notify /opt/stack/neutron/neutron/plugins/ml2/drivers/ovn/mech_driver/ovsdb/ovsdb_monitor.py:942}}
May 18 18:34:38.739280 np0000174536 devstack@neutron-api.service[103361]: DEBUG neutron.plugins.ml2.drivers.ovn.mech_driver.ovsdb.ovsdb_monitor [-] Hash Ring: Node fadf66275f245975a9725308abf8e0a2 (host: np0000174536) handling event "update" for row c4187438-971a-477c-83d8-ded5c31db85f (table: NB_Global) {{(pid=103361) notify /opt/stack/neutron/neutron/plugins/ml2/drivers/ovn/mech_driver/ovsdb/ovsdb_monitor.py:942}}
May 18 18:34:38.740108 np0000174536 devstack@neutron-api.service[103361]: DEBUG neutron.plugins.ml2.drivers.ovn.mech_driver.ovsdb.ovsdb_monitor [-] Hash Ring: Node fadf66275f245975a9725308abf8e0a2 (host: np0000174536) handling event "update" for row c4187438-971a-477c-83d8-ded5c31db85f (table: NB_Global) {{(pid=103361) notify /opt/stack/neutron/neutron/plugins/ml2/drivers/ovn/mech_driver/ovsdb/ovsdb_monitor.py:942}}
May 18 18:34:38.740376 np0000174536 devstack@neutron-api.service[103363]: DEBUG neutron.plugins.ml2.drivers.ovn.mech_driver.ovsdb.ovsdb_monitor [-] ChassisAgentWriteEvent : Matched Chassis_Private, update, None None {{(pid=103363) matches /opt/stack/neutron/neutron/plugins/ml2/drivers/ovn/mech_driver/ovsdb/ovsdb_monitor.py:64}}
May 18 18:34:38.740643 np0000174536 devstack@neutron-api.service[103364]: DEBUG neutron.plugins.ml2.drivers.ovn.mech_driver.ovsdb.ovsdb_monitor [-] ChassisAgentWriteEvent : Matched Chassis_Private, update, None None {{(pid=103364) matches /opt/stack/neutron/neutron/plugins/ml2/drivers/ovn/mech_driver/ovsdb/ovsdb_monitor.py:64}}
May 18 18:34:38.740878 np0000174536 devstack@neutron-api.service[103361]: DEBUG neutron.plugins.ml2.drivers.ovn.mech_driver.ovsdb.ovsdb_monitor [-] ChassisAgentWriteEvent : Matched Chassis_Private, update, None None {{(pid=103361) matches /opt/stack/neutron/neutron/plugins/ml2/drivers/ovn/mech_driver/ovsdb/ovsdb_monitor.py:64}}
May 18 18:34:38.741739 np0000174536 devstack@neutron-api.service[103364]: DEBUG neutron.plugins.ml2.drivers.ovn.mech_driver.ovsdb.ovsdb_monitor [-] Hash Ring: Node 6ed1617ae8265f91b6595830700aae32 (host: np0000174536) handling event "update" for row 1cc2c112-7f21-4d5d-9cff-09897ac57202 (table: Chassis_Private) {{(pid=103364) notify /opt/stack/neutron/neutron/plugins/ml2/drivers/ovn/mech_driver/ovsdb/ovsdb_monitor.py:942}}
May 18 18:34:38.743048 np0000174536 devstack@neutron-api.service[103361]: DEBUG neutron.plugins.ml2.drivers.ovn.mech_driver.ovsdb.ovsdb_monitor [-] Hash Ring: Node fadf66275f245975a9725308abf8e0a2 (host: np0000174536) handling event "update" for row c4187438-971a-477c-83d8-ded5c31db85f (table: NB_Global) {{(pid=103361) notify /opt/stack/neutron/neutron/plugins/ml2/drivers/ovn/mech_driver/ovsdb/ovsdb_monitor.py:942}}
May 18 18:34:38.743450 np0000174536 devstack@neutron-api.service[103363]: DEBUG neutron.plugins.ml2.drivers.ovn.mech_driver.ovsdb.ovsdb_monitor [-] Hash Ring: Node 0643edce69b355bf83daa41f48ecec21 (host: np0000174536) handling event "update" for row c4187438-971a-477c-83d8-ded5c31db85f (table: NB_Global) {{(pid=103363) notify /opt/stack/neutron/neutron/plugins/ml2/drivers/ovn/mech_driver/ovsdb/ovsdb_monitor.py:942}}
May 18 18:34:38.743767 np0000174536 devstack@neutron-api.service[103362]: DEBUG neutron.api.rpc.callbacks.version_manager [None req-8aae69d1-a475-47dc-9d46-94f3f4f94c1f admin admin] Tracked resource versions report:
May 18 18:34:38.743767 np0000174536 devstack@neutron-api.service[103362]: pushed versions:
May 18 18:34:38.743767 np0000174536 devstack@neutron-api.service[103362]: { 'AddressGroup': {'1.2'},
May 18 18:34:38.743767 np0000174536 devstack@neutron-api.service[103362]: 'Agent': {'1.1'},
May 18 18:34:38.743767 np0000174536 devstack@neutron-api.service[103362]: 'ConntrackHelper': {'1.0'},
May 18 18:34:38.743767 np0000174536 devstack@neutron-api.service[103362]: 'LocalIPAssociation': {'1.0'},
May 18 18:34:38.743767 np0000174536 devstack@neutron-api.service[103362]: 'Log': {'1.0'},
May 18 18:34:38.743767 np0000174536 devstack@neutron-api.service[103362]: 'NDPProxy': {'1.0'},
May 18 18:34:38.743767 np0000174536 devstack@neutron-api.service[103362]: 'Network': {'1.2'},
May 18 18:34:38.743767 np0000174536 devstack@neutron-api.service[103362]: 'Port': {'1.10'},
May 18 18:34:38.743767 np0000174536 devstack@neutron-api.service[103362]: 'PortForwarding': {'1.3'},
May 18 18:34:38.743767 np0000174536 devstack@neutron-api.service[103362]: 'QosPolicy': {'1.10'},
May 18 18:34:38.743767 np0000174536 devstack@neutron-api.service[103362]: 'SecurityGroup': {'1.6'},
May 18 18:34:38.743767 np0000174536 devstack@neutron-api.service[103362]: 'SecurityGroupRule': {'1.3'},
May 18 18:34:38.743767 np0000174536 devstack@neutron-api.service[103362]: 'SubPort': {'1.0'},
May 18 18:34:38.743767 np0000174536 devstack@neutron-api.service[103362]: 'Subnet': {'1.2'},
May 18 18:34:38.743767 np0000174536 devstack@neutron-api.service[103362]: 'Trunk': {'1.1'}}
May 18 18:34:38.743767 np0000174536 devstack@neutron-api.service[103362]: consumer versions:
May 18 18:34:38.743767 np0000174536 devstack@neutron-api.service[103362]: {}
May 18 18:34:38.743767 np0000174536 devstack@neutron-api.service[103362]: {{(pid=103362) report /opt/stack/neutron/neutron/api/rpc/callbacks/version_manager.py:183}}
May 18 18:34:38.746843 np0000174536 devstack@neutron-api.service[103364]: DEBUG neutron.plugins.ml2.drivers.ovn.mech_driver.ovsdb.ovsdb_monitor [-] ChassisOVNAgentWriteEvent : Matched Chassis_Private, update, None None {{(pid=103364) matches /opt/stack/neutron/neutron/plugins/ml2/drivers/ovn/mech_driver/ovsdb/ovsdb_monitor.py:64}}
May 18 18:34:38.746923 np0000174536 devstack@neutron-api.service[103361]: DEBUG neutron.plugins.ml2.drivers.ovn.mech_driver.ovsdb.ovsdb_monitor [-] ChassisOVNAgentWriteEvent : Matched Chassis_Private, update, None None {{(pid=103361) matches /opt/stack/neutron/neutron/plugins/ml2/drivers/ovn/mech_driver/ovsdb/ovsdb_monitor.py:64}}
May 18 18:34:38.747613 np0000174536 devstack@neutron-api.service[103364]: DEBUG neutron.plugins.ml2.drivers.ovn.mech_driver.ovsdb.ovsdb_monitor [-] Hash Ring: Node 6ed1617ae8265f91b6595830700aae32 (host: np0000174536) handling event "update" for row 1cc2c112-7f21-4d5d-9cff-09897ac57202 (table: Chassis_Private) {{(pid=103364) notify /opt/stack/neutron/neutron/plugins/ml2/drivers/ovn/mech_driver/ovsdb/ovsdb_monitor.py:942}}
May 18 18:34:38.748063 np0000174536 devstack@neutron-api.service[103363]: DEBUG neutron.common.ovn.hash_ring_manager [-] Allow caching, nodes 4>=4 {{(pid=103363) _wait_startup_before_caching /opt/stack/neutron/neutron/common/ovn/hash_ring_manager.py:65}}
May 18 18:34:38.748536 np0000174536 devstack@neutron-api.service[103363]: DEBUG neutron.plugins.ml2.drivers.ovn.mech_driver.ovsdb.ovsdb_monitor [-] Hash Ring: Node 0643edce69b355bf83daa41f48ecec21 (host: np0000174536) handling event "update" for row 1cc2c112-7f21-4d5d-9cff-09897ac57202 (table: Chassis_Private) {{(pid=103363) notify /opt/stack/neutron/neutron/plugins/ml2/drivers/ovn/mech_driver/ovsdb/ovsdb_monitor.py:942}}
May 18 18:34:38.748881 np0000174536 devstack@neutron-api.service[103362]: DEBUG neutron.plugins.ml2.drivers.ovn.mech_driver.ovsdb.ovsdb_monitor [-] ChassisAgentWriteEvent : Matched Chassis_Private, update, None None {{(pid=103362) matches /opt/stack/neutron/neutron/plugins/ml2/drivers/ovn/mech_driver/ovsdb/ovsdb_monitor.py:64}}
May 18 18:34:38.749216 np0000174536 devstack@neutron-api.service[103363]: DEBUG neutron.plugins.ml2.drivers.ovn.mech_driver.ovsdb.ovsdb_monitor [-] Hash Ring: Node 0643edce69b355bf83daa41f48ecec21 (host: np0000174536) handling event "update" for row c4187438-971a-477c-83d8-ded5c31db85f (table: NB_Global) {{(pid=103363) notify /opt/stack/neutron/neutron/plugins/ml2/drivers/ovn/mech_driver/ovsdb/ovsdb_monitor.py:942}}
May 18 18:34:38.751045 np0000174536 devstack@neutron-api.service[103363]: DEBUG neutron.plugins.ml2.drivers.ovn.mech_driver.ovsdb.ovsdb_monitor [-] ChassisOVNAgentWriteEvent : Matched Chassis_Private, update, None None {{(pid=103363) matches /opt/stack/neutron/neutron/plugins/ml2/drivers/ovn/mech_driver/ovsdb/ovsdb_monitor.py:64}}
May 18 18:34:38.751814 np0000174536 devstack@neutron-api.service[103363]: DEBUG neutron.plugins.ml2.drivers.ovn.mech_driver.ovsdb.ovsdb_monitor [-] Hash Ring: Node 0643edce69b355bf83daa41f48ecec21 (host: np0000174536) handling event "update" for row 1cc2c112-7f21-4d5d-9cff-09897ac57202 (table: Chassis_Private) {{(pid=103363) notify /opt/stack/neutron/neutron/plugins/ml2/drivers/ovn/mech_driver/ovsdb/ovsdb_monitor.py:942}}
May 18 18:34:38.752163 np0000174536 devstack@neutron-api.service[103362]: DEBUG neutron.plugins.ml2.drivers.ovn.mech_driver.ovsdb.ovsdb_monitor [-] ChassisOVNAgentWriteEvent : Matched Chassis_Private, update, None None {{(pid=103362) matches /opt/stack/neutron/neutron/plugins/ml2/drivers/ovn/mech_driver/ovsdb/ovsdb_monitor.py:64}}
May 18 18:34:38.810344 np0000174536 devstack@neutron-api.service[103362]: DEBUG neutron.plugins.ml2.drivers.helpers [None req-8aae69d1-a475-47dc-9d46-94f3f4f94c1f admin admin] geneve segment allocate from pool success with {'geneve_vni': 35052} {{(pid=103362) allocate_partially_specified_segment /opt/stack/neutron/neutron/plugins/ml2/drivers/helpers.py:142}}
May 18 18:34:38.822917 np0000174536 devstack@neutron-api.service[103362]: DEBUG neutron_lib.callbacks.manager [None req-8aae69d1-a475-47dc-9d46-94f3f4f94c1f admin admin] Publish callbacks ['neutron.services.segments.db._add_segment_host_mapping_for_segment-7988473697284', 'neutron.plugins.ml2.plugin.Ml2Plugin._handle_segment_change-3785296'] for segment (0c1557eb-c0cb-492c-b543-f4edc1a53bd9), precommit_create {{(pid=103362) _notify_loop /opt/stack/data/venv/lib/python3.12/site-packages/neutron_lib/callbacks/manager.py:184}}
May 18 18:34:38.823174 np0000174536 devstack@neutron-api.service[103362]: INFO neutron.db.segments_db [None req-8aae69d1-a475-47dc-9d46-94f3f4f94c1f admin admin] Added segment 0c1557eb-c0cb-492c-b543-f4edc1a53bd9 of type geneve for network c098d9ae-8ae9-447b-ac27-c7a13a288629
May 18 18:34:38.871738 np0000174536 devstack@neutron-api.service[103362]: DEBUG neutron_lib.callbacks.manager [None req-8aae69d1-a475-47dc-9d46-94f3f4f94c1f admin admin] Publish callbacks ['neutron.services.auto_allocate.db._ensure_external_network_default_value_callback-7988472340220'] for network (c098d9ae-8ae9-447b-ac27-c7a13a288629), precommit_create {{(pid=103362) _notify_loop /opt/stack/data/venv/lib/python3.12/site-packages/neutron_lib/callbacks/manager.py:184}}
May 18 18:34:38.886417 np0000174536 devstack@neutron-api.service[103362]: DEBUG neutron.plugins.ml2.drivers.ovn.mech_driver.mech_driver [None req-8aae69d1-a475-47dc-9d46-94f3f4f94c1f admin admin] Validating network segment with type geneve, segmentation ID 35052, physical network None {{(pid=103362) _validate_network_segments /opt/stack/neutron/neutron/plugins/ml2/drivers/ovn/mech_driver/mech_driver.py:641}}
May 18 18:34:38.886596 np0000174536 devstack@neutron-api.service[103362]: DEBUG neutron.db.ovn_revision_numbers_db [None req-8aae69d1-a475-47dc-9d46-94f3f4f94c1f admin admin] create_initial_revision uuid=c098d9ae-8ae9-447b-ac27-c7a13a288629, type=networks, rev=-1 {{(pid=103362) create_initial_revision /opt/stack/neutron/neutron/db/ovn_revision_numbers_db.py:98}}
May 18 18:34:38.902895 np0000174536 devstack@neutron-api.service[103362]: DEBUG neutron_lib.callbacks.manager [None req-8aae69d1-a475-47dc-9d46-94f3f4f94c1f admin admin] Publish callbacks ['neutron.plugins.ml2.ovo_rpc._ObjectChangeHandler.handle_event-2445688'] for network (c098d9ae-8ae9-447b-ac27-c7a13a288629), after_create {{(pid=103362) _notify_loop /opt/stack/data/venv/lib/python3.12/site-packages/neutron_lib/callbacks/manager.py:184}}
May 18 18:34:38.949547 np0000174536 devstack@neutron-api.service[103362]: DEBUG neutron.api.rpc.handlers.resources_rpc [None req-8aae69d1-a475-47dc-9d46-94f3f4f94c1f admin admin] Pushing event updated for resources: {'Network': ['ID=c098d9ae-8ae9-447b-ac27-c7a13a288629,revision_number=1']} {{(pid=103362) push /opt/stack/neutron/neutron/api/rpc/handlers/resources_rpc.py:237}}
May 18 18:34:38.957658 np0000174536 devstack@neutron-api.service[103362]: DEBUG ovsdbapp.backend.ovs_idl.transaction [-] Running txn n=1 command(idx=0): AddNetworkCommand(_result=None, network_uuid=c098d9ae-8ae9-447b-ac27-c7a13a288629, may_exist=True, columns={'external_ids': {'neutron:network_name': 'private', 'neutron:mtu': '1372', 'neutron:revision_number': '1', 'neutron:availability_zone_hints': '', 'neutron:provnet-network-type': 'geneve'}, 'other_config': {'mcast_snoop': 'false', 'mcast_flood_unregistered': 'false', 'vlan-passthru': 'false'}}) {{(pid=103362) do_commit /opt/stack/data/venv/lib/python3.12/site-packages/ovsdbapp/backend/ovs_idl/transaction.py:89}}
May 18 18:34:38.958378 np0000174536 devstack@neutron-api.service[103362]: DEBUG neutron.common.ovn.utils [-] OVS persist_uuid supported=True {{(pid=103362) ovs_persist_uuid_supported /opt/stack/neutron/neutron/common/ovn/utils.py:1537}}
May 18 18:34:38.963400 np0000174536 devstack@neutron-api.service[103363]: DEBUG neutron.plugins.ml2.drivers.ovn.mech_driver.ovsdb.ovsdb_monitor [-] Hash Ring: Node 0643edce69b355bf83daa41f48ecec21 (host: np0000174536) handling event "create" for row c098d9ae-8ae9-447b-ac27-c7a13a288629 (table: Logical_Switch) {{(pid=103363) notify /opt/stack/neutron/neutron/plugins/ml2/drivers/ovn/mech_driver/ovsdb/ovsdb_monitor.py:942}}
May 18 18:34:38.963871 np0000174536 devstack@neutron-api.service[103361]: DEBUG neutron.plugins.ml2.drivers.ovn.mech_driver.ovsdb.ovsdb_monitor [-] Hash Ring: Node fadf66275f245975a9725308abf8e0a2 (host: np0000174536) handling event "create" for row c098d9ae-8ae9-447b-ac27-c7a13a288629 (table: Logical_Switch) {{(pid=103361) notify /opt/stack/neutron/neutron/plugins/ml2/drivers/ovn/mech_driver/ovsdb/ovsdb_monitor.py:942}}
May 18 18:34:38.971013 np0000174536 devstack@neutron-api.service[103363]: DEBUG neutron.plugins.ml2.drivers.ovn.mech_driver.ovsdb.ovsdb_monitor [-] Hash Ring: Node 0643edce69b355bf83daa41f48ecec21 (host: np0000174536) handling event "create" for row a875ca29-51a8-4199-8760-eeee09a421d6 (table: Datapath_Binding) {{(pid=103363) notify /opt/stack/neutron/neutron/plugins/ml2/drivers/ovn/mech_driver/ovsdb/ovsdb_monitor.py:942}}
May 18 18:34:38.971695 np0000174536 devstack@neutron-api.service[103362]: DEBUG neutron.plugins.ml2.drivers.ovn.mech_driver.ovsdb.ovsdb_monitor [-] Hash Ring: Node 4e403886d2ed5ca099123ed7272341e0 (host: np0000174536) handling event "create" for row a875ca29-51a8-4199-8760-eeee09a421d6 (table: Datapath_Binding) {{(pid=103362) notify /opt/stack/neutron/neutron/plugins/ml2/drivers/ovn/mech_driver/ovsdb/ovsdb_monitor.py:942}}
May 18 18:34:38.988348 np0000174536 devstack@neutron-api.service[103362]: INFO neutron.db.ovn_revision_numbers_db [None req-8aae69d1-a475-47dc-9d46-94f3f4f94c1f admin admin] Successfully bumped revision number for resource c098d9ae-8ae9-447b-ac27-c7a13a288629 (type: networks) to 1
May 18 18:34:39.042896 np0000174536 devstack@neutron-api.service[103362]: DEBUG neutron_lib.callbacks.manager [None req-8aae69d1-a475-47dc-9d46-94f3f4f94c1f admin admin] Publish callbacks ['neutron.plugins.ml2.plugin.SecurityGroupDbMixin._ensure_default_security_group_handler-385974'] for port (None), before_create {{(pid=103362) _notify_loop /opt/stack/data/venv/lib/python3.12/site-packages/neutron_lib/callbacks/manager.py:184}}
May 18 18:34:39.142405 np0000174536 devstack@neutron-api.service[103362]: DEBUG neutron_lib.callbacks.manager [None req-8aae69d1-a475-47dc-9d46-94f3f4f94c1f admin admin] Publish callbacks ['neutron.plugins.ml2.drivers.ovn.mech_driver.mech_driver.OVNMechanismDriver._validate_allowed_address_pairs-336382'] for allowed_address_pair (1b2c1650-1665-4c84-8bdb-2dcab33f2731), before_create {{(pid=103362) _notify_loop /opt/stack/data/venv/lib/python3.12/site-packages/neutron_lib/callbacks/manager.py:184}}
May 18 18:34:39.143411 np0000174536 devstack@neutron-api.service[103362]: DEBUG neutron_lib.callbacks.manager [None req-8aae69d1-a475-47dc-9d46-94f3f4f94c1f admin admin] Publish callbacks [] for port (1b2c1650-1665-4c84-8bdb-2dcab33f2731), precommit_create {{(pid=103362) _notify_loop /opt/stack/data/venv/lib/python3.12/site-packages/neutron_lib/callbacks/manager.py:184}}
May 18 18:34:39.143411 np0000174536 devstack@neutron-api.service[103362]: DEBUG neutron.plugins.ml2.drivers.ovn.mech_driver.mech_driver [None req-8aae69d1-a475-47dc-9d46-94f3f4f94c1f admin admin] No provisioning block for port 1b2c1650-1665-4c84-8bdb-2dcab33f2731 since it does not have a host {{(pid=103362) _is_port_provisioning_required /opt/stack/neutron/neutron/plugins/ml2/drivers/ovn/mech_driver/mech_driver.py:894}}
May 18 18:34:39.143411 np0000174536 devstack@neutron-api.service[103362]: DEBUG neutron.db.ovn_revision_numbers_db [None req-8aae69d1-a475-47dc-9d46-94f3f4f94c1f admin admin] create_initial_revision uuid=1b2c1650-1665-4c84-8bdb-2dcab33f2731, type=ports, rev=-1 {{(pid=103362) create_initial_revision /opt/stack/neutron/neutron/db/ovn_revision_numbers_db.py:98}}
May 18 18:34:39.204517 np0000174536 devstack@neutron-api.service[103362]: DEBUG neutron_lib.callbacks.manager [None req-8aae69d1-a475-47dc-9d46-94f3f4f94c1f admin admin] Publish callbacks ['neutron.plugins.ml2.ovo_rpc._ObjectChangeHandler.handle_event-2445679'] for port (1b2c1650-1665-4c84-8bdb-2dcab33f2731), after_create {{(pid=103362) _notify_loop /opt/stack/data/venv/lib/python3.12/site-packages/neutron_lib/callbacks/manager.py:184}}
May 18 18:34:39.428369 np0000174536 devstack@neutron-api.service[103362]: DEBUG neutron.api.rpc.handlers.resources_rpc [None req-8aae69d1-a475-47dc-9d46-94f3f4f94c1f admin admin] Pushing event updated for resources: {'Port': ['ID=1b2c1650-1665-4c84-8bdb-2dcab33f2731,revision_number=1']} {{(pid=103362) push /opt/stack/neutron/neutron/api/rpc/handlers/resources_rpc.py:237}}
May 18 18:34:39.466858 np0000174536 devstack@neutron-api.service[103362]: DEBUG ovsdbapp.backend.ovs_idl.transaction [-] Running txn n=1 command(idx=0): AddLSwitchPortCommand(_result=None, lport=1b2c1650-1665-4c84-8bdb-2dcab33f2731, lswitch=neutron-c098d9ae-8ae9-447b-ac27-c7a13a288629, may_exist=True, network_uuid=c098d9ae-8ae9-447b-ac27-c7a13a288629, columns={'addresses': ['fa:16:3e:ca:4a:02'], 'external_ids': {'neutron:port_name': '', 'neutron:device_id': 'ovnmeta-c098d9ae-8ae9-447b-ac27-c7a13a288629', 'neutron:project_id': '47e7f6a5531a412bab8d7c0860b7df07', 'neutron:cidrs': '', 'neutron:device_owner': 'network:distributed', 'neutron:subnet_pool_addr_scope4': '', 'neutron:subnet_pool_addr_scope6': '', 'neutron:network_name': 'neutron-c098d9ae-8ae9-447b-ac27-c7a13a288629', 'neutron:security_group_ids': '', 'neutron:revision_number': '1', 'neutron:vnic_type': 'normal', 'neutron:port_capabilities': '', 'neutron:mtu': ''}, 'parent_name': [], 'tag': [], 'enabled': True, 'options': {}, 'type': 'localport', 'port_security': [], 'dhcpv4_options': [], 'dhcpv6_options': []}) {{(pid=103362) do_commit /opt/stack/data/venv/lib/python3.12/site-packages/ovsdbapp/backend/ovs_idl/transaction.py:89}}
May 18 18:34:39.467724 np0000174536 devstack@neutron-api.service[103362]: DEBUG ovsdbapp.backend.ovs_idl.transaction [-] Running txn n=1 command(idx=1): QoSDelCommand(_result=None, switch=neutron-c098d9ae-8ae9-447b-ac27-c7a13a288629, conditions=[('direction', '=', 'to-lport'), ('priority', '=', 2002), ('match', '=', 'outport == "1b2c1650-1665-4c84-8bdb-2dcab33f2731"')], if_exists=True) {{(pid=103362) do_commit /opt/stack/data/venv/lib/python3.12/site-packages/ovsdbapp/backend/ovs_idl/transaction.py:89}}
May 18 18:34:39.468003 np0000174536 devstack@neutron-api.service[103362]: DEBUG ovsdbapp.backend.ovs_idl.transaction [-] Running txn n=1 command(idx=2): QoSDelCommand(_result=None, switch=neutron-c098d9ae-8ae9-447b-ac27-c7a13a288629, conditions=[('direction', '=', 'from-lport'), ('priority', '=', 2002), ('match', '=', 'inport == "1b2c1650-1665-4c84-8bdb-2dcab33f2731"')], if_exists=True) {{(pid=103362) do_commit /opt/stack/data/venv/lib/python3.12/site-packages/ovsdbapp/backend/ovs_idl/transaction.py:89}}
