2026-04-29 16:32:57.497 8 INFO neutron.notifiers.nova [-] Nova event matching ['req-44d5f5f2-8295-49ed-a99c-bfb38b0b42bd'] response: {'name': 'network-changed', 'server_uuid': '05dab6e5-fdd3-42cd-b9f9-d9a32f0e2c7a', 'tag': 'fa0dfb1c-d537-456f-9534-d790c841368f', 'status': 'completed', 'code': 200} [pid: 8|app: 0|req: 1714/3578] 10.0.0.185 () {34 vars in 990 bytes} [Wed Apr 29 16:32:57 2026] GET /v2.0/ports?device_id=05dab6e5-fdd3-42cd-b9f9-d9a32f0e2c7a => generated 1200 bytes in 75 msecs (HTTP/1.1 200) 4 headers in 158 bytes (1 switches on core 0) [pid: 7|app: 0|req: 1865/3579] 10.0.0.185 () {34 vars in 1040 bytes} [Wed Apr 29 16:32:57 2026] GET /v2.0/security-groups?id=2a195de7-b6e8-4e07-82da-e1e817a1e1df&fields=id&fields=name => generated 110 bytes in 31 msecs (HTTP/1.1 200) 4 headers in 157 bytes (1 switches on core 0) [pid: 8|app: 0|req: 1715/3580] 199.204.45.153 () {34 vars in 1080 bytes} [Wed Apr 29 16:32:58 2026] GET /v2.0/ports?tenant_id=c34f4181934d48fa80e98f0b66eaa083&device_id=05dab6e5-fdd3-42cd-b9f9-d9a32f0e2c7a => generated 1438 bytes in 39 msecs (HTTP/1.1 200) 4 headers in 158 bytes (1 switches on core 0) [pid: 7|app: 0|req: 1866/3581] 199.204.45.153 () {34 vars in 986 bytes} [Wed Apr 29 16:32:58 2026] GET /v2.0/networks?id=544cc69b-39e1-45d8-adef-07a6a912756b => generated 840 bytes in 46 msecs (HTTP/1.1 200) 4 headers in 157 bytes (1 switches on core 0) [pid: 8|app: 0|req: 1716/3582] 199.204.45.153 () {34 vars in 1058 bytes} [Wed Apr 29 16:32:58 2026] GET /v2.0/floatingips?fixed_ip_address=10.2.1.101&port_id=fa0dfb1c-d537-456f-9534-d790c841368f => generated 19 bytes in 23 msecs (HTTP/1.1 200) 4 headers in 156 bytes (1 switches on core 0) [pid: 7|app: 0|req: 1867/3583] 199.204.45.153 () {34 vars in 1104 bytes} [Wed Apr 29 16:32:58 2026] GET /v2.0/floatingips?fixed_ip_address=fd7b%3Af9f7%3Afff%3A4eca%3A%3A352&port_id=fa0dfb1c-d537-456f-9534-d790c841368f => generated 19 bytes in 21 msecs (HTTP/1.1 200) 4 headers in 156 bytes (1 switches on core 0) [pid: 8|app: 0|req: 1717/3584] 199.204.45.153 () {34 vars in 1064 bytes} [Wed Apr 29 16:32:58 2026] GET /v2.0/subnets?id=40575b37-6d43-414c-8b6f-d76ba1eaa0aa&id=9edf87bb-aea3-46df-985f-91a3baaa3462 => generated 1411 bytes in 35 msecs (HTTP/1.1 200) 4 headers in 158 bytes (1 switches on core 0) [pid: 7|app: 0|req: 1868/3585] 199.204.45.153 () {34 vars in 1052 bytes} [Wed Apr 29 16:32:58 2026] GET /v2.0/ports?network_id=544cc69b-39e1-45d8-adef-07a6a912756b&device_owner=network%3Adhcp => generated 12 bytes in 19 msecs (HTTP/1.1 200) 4 headers in 156 bytes (1 switches on core 0) [pid: 8|app: 0|req: 1718/3586] 199.204.45.153 () {34 vars in 1052 bytes} [Wed Apr 29 16:32:58 2026] GET /v2.0/ports?network_id=544cc69b-39e1-45d8-adef-07a6a912756b&device_owner=network%3Adhcp => generated 12 bytes in 23 msecs (HTTP/1.1 200) 4 headers in 156 bytes (1 switches on core 0) [pid: 7|app: 0|req: 1869/3587] 10.0.0.142 () {28 vars in 619 bytes} [Wed Apr 29 16:32:58 2026] GET /v2.0/network-ip-availabilities => generated 3188 bytes in 48 msecs (HTTP/1.1 200) 4 headers in 158 bytes (1 switches on core 0) [pid: 8|app: 0|req: 1719/3588] 199.204.45.153 () {34 vars in 1012 bytes} [Wed Apr 29 16:32:58 2026] GET /v2.0/networks/544cc69b-39e1-45d8-adef-07a6a912756b?fields=segments => generated 14 bytes in 45 msecs (HTTP/1.1 200) 4 headers in 156 bytes (1 switches on core 0) [pid: 7|app: 0|req: 1870/3589] 10.0.0.142 () {28 vars in 591 bytes} [Wed Apr 29 16:32:58 2026] GET /v2.0/floatingips => generated 19 bytes in 17 msecs (HTTP/1.1 200) 4 headers in 156 bytes (1 switches on core 0) [pid: 8|app: 0|req: 1720/3590] 199.204.45.153 () {34 vars in 1112 bytes} [Wed Apr 29 16:32:58 2026] GET /v2.0/networks/544cc69b-39e1-45d8-adef-07a6a912756b?fields=provider%3Aphysical_network&fields=provider%3Anetwork_type => generated 79 bytes in 46 msecs (HTTP/1.1 200) 4 headers in 156 bytes (1 switches on core 0) [pid: 7|app: 0|req: 1871/3591] 10.0.0.142 () {28 vars in 579 bytes} [Wed Apr 29 16:32:58 2026] GET /v2.0/ports => generated 13991 bytes in 73 msecs (HTTP/1.1 200) 4 headers in 159 bytes (1 switches on core 0) [pid: 8|app: 0|req: 1721/3592] 10.0.0.142 () {28 vars in 583 bytes} [Wed Apr 29 16:32:58 2026] GET /v2.0/subnets => generated 5513 bytes in 53 msecs (HTTP/1.1 200) 4 headers in 158 bytes (1 switches on core 0) [pid: 7|app: 0|req: 1872/3593] 10.0.0.142 () {28 vars in 591 bytes} [Wed Apr 29 16:32:58 2026] GET /v2.0/subnetpools => generated 19 bytes in 13 msecs (HTTP/1.1 200) 4 headers in 156 bytes (1 switches on core 0) [pid: 8|app: 0|req: 1722/3594] 10.0.0.142 () {28 vars in 583 bytes} [Wed Apr 29 16:32:58 2026] GET /v2.0/subnets => generated 5513 bytes in 47 msecs (HTTP/1.1 200) 4 headers in 158 bytes (1 switches on core 0) [pid: 7|app: 0|req: 1873/3595] 10.0.0.142 () {28 vars in 583 bytes} [Wed Apr 29 16:32:58 2026] GET /v2.0/routers => generated 966 bytes in 65 msecs (HTTP/1.1 200) 4 headers in 157 bytes (1 switches on core 0) [pid: 8|app: 0|req: 1723/3596] 10.0.0.142 () {28 vars in 624 bytes} [Wed Apr 29 16:32:58 2026] GET /v2.0/agents?binary=ovn-controller => generated 416 bytes in 15 msecs (HTTP/1.1 200) 4 headers in 157 bytes (1 switches on core 0) [pid: 7|app: 0|req: 1874/3597] 10.0.0.142 () {28 vars in 581 bytes} [Wed Apr 29 16:32:58 2026] GET /v2.0/agents => generated 1214 bytes in 47 msecs (HTTP/1.1 200) 4 headers in 158 bytes (1 switches on core 0)
2026-04-29 16:32:58.699 8 INFO neutron.plugins.ml2.drivers.ovn.mech_driver.mech_driver [None req-a5a64b4e-cc7c-4981-a170-f74373330f36 - - - - - -] OVN reports status down for port: fa0dfb1c-d537-456f-9534-d790c841368f [pid: 8|app: 0|req: 1724/3598] 10.0.0.142 () {28 vars in 585 bytes} [Wed Apr 29 16:32:58 2026] GET /v2.0/networks => generated 4771 bytes in 133 msecs (HTTP/1.1 200) 4 headers in 158 bytes (1 switches on core 0) [pid: 7|app: 0|req: 1875/3599] 10.0.0.142 () {28 vars in 599 bytes} [Wed Apr 29 16:32:58 2026] GET /v2.0/security-groups => generated 28638 bytes in 41 msecs (HTTP/1.1 200) 4 headers in 159 bytes (1 switches on core 0)
2026-04-29 16:32:58.977 8 INFO neutron.db.ovn_revision_numbers_db [None req-a5a64b4e-cc7c-4981-a170-f74373330f36 - - - - - -] Successfully bumped revision number for resource fa0dfb1c-d537-456f-9534-d790c841368f (type: ports) to 6
2026-04-29 16:32:59.539 8 INFO neutron.notifiers.nova [-] Nova event matching ['req-fe5397fb-3e3d-4c12-9593-294581cfbdc3'] response: {'server_uuid': '05dab6e5-fdd3-42cd-b9f9-d9a32f0e2c7a', 'name': 'network-vif-unplugged', 'status': 'completed', 'tag': 'fa0dfb1c-d537-456f-9534-d790c841368f', 'code': 200}
2026-04-29 16:32:59.539 8 INFO neutron.notifiers.nova [-] Nova event matching ['req-fe5397fb-3e3d-4c12-9593-294581cfbdc3'] response: {'server_uuid': '05dab6e5-fdd3-42cd-b9f9-d9a32f0e2c7a', 'name': 'network-vif-unplugged', 'status': 'completed', 'tag': 'fa0dfb1c-d537-456f-9534-d790c841368f', 'code': 200} /var/lib/openstack/lib/python3.12/site-packages/pycadf/identifier.py:70: UserWarning: Invalid uuid: neutron. To ensure interoperability, identifiers should be a valid uuid. warnings.warn(('Invalid uuid: %s. To ensure interoperability, ' [pid: 8|app: 0|req: 1725/3600] 199.204.45.153 () {34 vars in 994 bytes} [Wed Apr 29 16:32:59 2026] GET /v2.0/ports?device_id=05dab6e5-fdd3-42cd-b9f9-d9a32f0e2c7a => generated 1198 bytes in 41 msecs (HTTP/1.1 200) 4 headers in 158 bytes (1 switches on core 0)
2026-04-29 16:33:00.080 7 INFO neutron_taas.services.taas.taas_plugin [req-1a33c193-4a8b-4a68-bac8-97cf81d3e6f1 req-187425a5-dc1d-4313-86e5-f87ea22c05cf 4b604c4bad9a47669ce1634e06983218 c34f4181934d48fa80e98f0b66eaa083 - - default default] TaaS: Handle Delete Port: fa0dfb1c-d537-456f-9534-d790c841368f
2026-04-29 16:33:00.083 7 INFO neutron_taas.services.taas.tap_mirror_plugin [req-1a33c193-4a8b-4a68-bac8-97cf81d3e6f1 req-187425a5-dc1d-4313-86e5-f87ea22c05cf 4b604c4bad9a47669ce1634e06983218 c34f4181934d48fa80e98f0b66eaa083 - - default default] Tap Mirror: Handle Delete Port: fa0dfb1c-d537-456f-9534-d790c841368f [pid: 7|app: 0|req: 1876/3601] 199.204.45.153 () {36 vars in 997 bytes} [Wed Apr 29 16:32:59 2026] DELETE /v2.0/ports/fa0dfb1c-d537-456f-9534-d790c841368f => generated 0 bytes in 330 msecs (HTTP/1.1 204) 3 headers in 131 bytes (1 switches on core 0)
2026-04-29 16:33:00.282 7 INFO neutron.notifiers.nova [-] Nova event matching ['req-406777b9-a674-401e-9b36-2cf7a896ca49'] response: {'server_uuid': '05dab6e5-fdd3-42cd-b9f9-d9a32f0e2c7a', 'name': 'network-vif-deleted', 'tag': 'fa0dfb1c-d537-456f-9534-d790c841368f', 'status': 'completed', 'code': 200} [pid: 8|app: 0|req: 1726/3602] 10.0.0.185 () {34 vars in 990 bytes} [Wed Apr 29 16:33:02 2026] GET /v2.0/ports?device_id=05dab6e5-fdd3-42cd-b9f9-d9a32f0e2c7a => generated 12 bytes in 20 msecs (HTTP/1.1 200) 4 headers in 156 bytes (1 switches on core 0) [pid: 8|app: 0|req: 1728/3605] 10.0.0.40 () {32 vars in 749 bytes} [Wed Apr 29 16:33:07 2026] DELETE /v2.0/security-group-rules/4953dc75-f8d2-4e75-9f80-f8239259d737 => generated 0 bytes in 172 msecs (HTTP/1.1 204) 2 headers in 112 bytes (1 switches on core 0)
2026-04-29 16:33:08.093 7 INFO neutron.api.v2.resource [None req-51fb916d-c6f5-4706-a509-2e91659417e3 4b604c4bad9a47669ce1634e06983218 c34f4181934d48fa80e98f0b66eaa083 - - default default] show failed (client error): The resource could not be found. [pid: 7|app: 0|req: 1878/3606] 10.0.0.40 () {32 vars in 746 bytes} [Wed Apr 29 16:33:08 2026] GET /v2.0/security-group-rules/4953dc75-f8d2-4e75-9f80-f8239259d737 => generated 155 bytes in 13 msecs (HTTP/1.1 404) 4 headers in 164 bytes (1 switches on core 0) [pid: 8|app: 0|req: 1729/3607] 10.0.0.40 () {32 vars in 749 bytes} [Wed Apr 29 16:33:08 2026] DELETE /v2.0/security-group-rules/78ee5b3c-8401-47f5-9d2e-1b877e009391 => generated 0 bytes in 128 msecs (HTTP/1.1 204) 2 headers in 112 bytes (1 switches on core 0)
2026-04-29 16:33:08.241 7 INFO neutron.api.v2.resource [None req-f3667027-761a-4eda-9ea9-469cade3ea85 4b604c4bad9a47669ce1634e06983218 c34f4181934d48fa80e98f0b66eaa083 - - default default] show failed (client error): The resource could not be found. [pid: 7|app: 0|req: 1879/3608] 10.0.0.40 () {32 vars in 746 bytes} [Wed Apr 29 16:33:08 2026] GET /v2.0/security-group-rules/78ee5b3c-8401-47f5-9d2e-1b877e009391 => generated 155 bytes in 12 msecs (HTTP/1.1 404) 4 headers in 164 bytes (1 switches on core 0) [pid: 8|app: 0|req: 1730/3609] 10.0.0.40 () {32 vars in 749 bytes} [Wed Apr 29 16:33:08 2026] DELETE /v2.0/security-group-rules/87930ed3-5a57-4eb4-99c6-f4b9d21cab97 => generated 0 bytes in 127 msecs (HTTP/1.1 204) 2 headers in 112 bytes (1 switches on core 0)
2026-04-29 16:33:08.389 7 INFO neutron.api.v2.resource [None req-906921c5-90d1-4647-9c14-075318df5cab 4b604c4bad9a47669ce1634e06983218 c34f4181934d48fa80e98f0b66eaa083 - - default default] show failed (client error): The resource could not be found. [pid: 7|app: 0|req: 1880/3610] 10.0.0.40 () {32 vars in 746 bytes} [Wed Apr 29 16:33:08 2026] GET /v2.0/security-group-rules/87930ed3-5a57-4eb4-99c6-f4b9d21cab97 => generated 155 bytes in 13 msecs (HTTP/1.1 404) 4 headers in 164 bytes (1 switches on core 0) [pid: 8|app: 0|req: 1731/3611] 10.0.0.40 () {32 vars in 749 bytes} [Wed Apr 29 16:33:08 2026] DELETE /v2.0/security-group-rules/c56a9e35-5de6-42c4-8ef6-9a0bc98d2ca5 => generated 0 bytes in 129 msecs (HTTP/1.1 204) 2 headers in 112 bytes (1 switches on core 0)
2026-04-29 16:33:08.540 7 INFO neutron.api.v2.resource [None req-5382d584-942c-4135-a5d8-321def9f35e1 4b604c4bad9a47669ce1634e06983218 c34f4181934d48fa80e98f0b66eaa083 - - default default] show failed (client error): The resource could not be found. [pid: 7|app: 0|req: 1881/3612] 10.0.0.40 () {32 vars in 746 bytes} [Wed Apr 29 16:33:08 2026] GET /v2.0/security-group-rules/c56a9e35-5de6-42c4-8ef6-9a0bc98d2ca5 => generated 155 bytes in 13 msecs (HTTP/1.1 404) 4 headers in 164 bytes (1 switches on core 0) [pid: 8|app: 0|req: 1732/3613] 10.0.0.40 () {32 vars in 749 bytes} [Wed Apr 29 16:33:08 2026] DELETE /v2.0/security-group-rules/74c21231-f5eb-45e3-b190-1cc88373ff26 => generated 0 bytes in 118 msecs (HTTP/1.1 204) 2 headers in 112 bytes (1 switches on core 0)
2026-04-29 16:33:08.683 7 INFO neutron.api.v2.resource [None req-d014173b-80e3-4cbc-afce-e66949913e2e 4b604c4bad9a47669ce1634e06983218 c34f4181934d48fa80e98f0b66eaa083 - - default default] show failed (client error): The resource could not be found. [pid: 7|app: 0|req: 1882/3614] 10.0.0.40 () {32 vars in 746 bytes} [Wed Apr 29 16:33:08 2026] GET /v2.0/security-group-rules/74c21231-f5eb-45e3-b190-1cc88373ff26 => generated 155 bytes in 15 msecs (HTTP/1.1 404) 4 headers in 164 bytes (1 switches on core 0) [pid: 8|app: 0|req: 1733/3615] 10.0.0.40 () {32 vars in 749 bytes} [Wed Apr 29 16:33:08 2026] DELETE /v2.0/security-group-rules/0405b652-973d-4af3-bd19-0bc1422639ec => generated 0 bytes in 120 msecs (HTTP/1.1 204) 2 headers in 112 bytes (1 switches on core 0)
2026-04-29 16:33:08.823 7 INFO neutron.api.v2.resource [None req-8bb571db-1550-4a90-9f81-b95d21e380ec 4b604c4bad9a47669ce1634e06983218 c34f4181934d48fa80e98f0b66eaa083 - - default default] show failed (client error): The resource could not be found. [pid: 7|app: 0|req: 1883/3616] 10.0.0.40 () {32 vars in 746 bytes} [Wed Apr 29 16:33:08 2026] GET /v2.0/security-group-rules/0405b652-973d-4af3-bd19-0bc1422639ec => generated 155 bytes in 12 msecs (HTTP/1.1 404) 4 headers in 164 bytes (1 switches on core 0) [pid: 8|app: 0|req: 1734/3617] 10.0.0.40 () {32 vars in 749 bytes} [Wed Apr 29 16:33:08 2026] DELETE /v2.0/security-group-rules/99189fac-6841-4ea0-bd25-b9ec06a5ec9c => generated 0 bytes in 111 msecs (HTTP/1.1 204) 2 headers in 112 bytes (1 switches on core 0)
2026-04-29 16:33:08.954 7 INFO neutron.api.v2.resource [None req-46dd608a-3be9-4314-b1f4-432558f47125 4b604c4bad9a47669ce1634e06983218 c34f4181934d48fa80e98f0b66eaa083 - - default default] show failed (client error): The resource could not be found. [pid: 7|app: 0|req: 1884/3618] 10.0.0.40 () {32 vars in 746 bytes} [Wed Apr 29 16:33:08 2026] GET /v2.0/security-group-rules/99189fac-6841-4ea0-bd25-b9ec06a5ec9c => generated 155 bytes in 11 msecs (HTTP/1.1 404) 4 headers in 164 bytes (1 switches on core 0) [pid: 8|app: 0|req: 1735/3619] 10.0.0.40 () {32 vars in 749 bytes} [Wed Apr 29 16:33:08 2026] DELETE /v2.0/security-group-rules/493b64ad-3fed-494c-8f7f-64ee90002d89 => generated 0 bytes in 97 msecs (HTTP/1.1 204) 2 headers in 112 bytes (1 switches on core 0)
2026-04-29 16:33:09.074 7 INFO neutron.api.v2.resource [None req-b87bb7fa-6459-4fef-9513-917ca67fb9bc 4b604c4bad9a47669ce1634e06983218 c34f4181934d48fa80e98f0b66eaa083 - - default default] show failed (client error): The resource could not be found. [pid: 7|app: 0|req: 1885/3620] 10.0.0.40 () {32 vars in 746 bytes} [Wed Apr 29 16:33:09 2026] GET /v2.0/security-group-rules/493b64ad-3fed-494c-8f7f-64ee90002d89 => generated 155 bytes in 13 msecs (HTTP/1.1 404) 4 headers in 164 bytes (1 switches on core 0) [pid: 8|app: 0|req: 1736/3621] 10.0.0.40 () {32 vars in 749 bytes} [Wed Apr 29 16:33:09 2026] DELETE /v2.0/security-group-rules/2349c946-f044-49d6-97cd-c2769ae18199 => generated 0 bytes in 111 msecs (HTTP/1.1 204) 2 headers in 112 bytes (1 switches on core 0)
2026-04-29 16:33:09.206 7 INFO neutron.api.v2.resource [None req-426aa0f0-ffae-4eb6-8364-123410ee8c91 4b604c4bad9a47669ce1634e06983218 c34f4181934d48fa80e98f0b66eaa083 - - default default] show failed (client error): The resource could not be found. [pid: 7|app: 0|req: 1886/3622] 10.0.0.40 () {32 vars in 746 bytes} [Wed Apr 29 16:33:09 2026] GET /v2.0/security-group-rules/2349c946-f044-49d6-97cd-c2769ae18199 => generated 155 bytes in 13 msecs (HTTP/1.1 404) 4 headers in 164 bytes (1 switches on core 0) [pid: 8|app: 0|req: 1737/3623] 10.0.0.40 () {32 vars in 749 bytes} [Wed Apr 29 16:33:09 2026] DELETE /v2.0/security-group-rules/36e11e9e-7de7-462d-8d45-1dade84a79d6 => generated 0 bytes in 130 msecs (HTTP/1.1 204) 2 headers in 112 bytes (1 switches on core 0)
2026-04-29 16:33:09.360 7 INFO neutron.api.v2.resource [None req-669d4290-40e1-4e2e-83ff-4f9775181c84 4b604c4bad9a47669ce1634e06983218 c34f4181934d48fa80e98f0b66eaa083 - - default default] show failed (client error): The resource could not be found. [pid: 7|app: 0|req: 1887/3624] 10.0.0.40 () {32 vars in 746 bytes} [Wed Apr 29 16:33:09 2026] GET /v2.0/security-group-rules/36e11e9e-7de7-462d-8d45-1dade84a79d6 => generated 155 bytes in 14 msecs (HTTP/1.1 404) 4 headers in 164 bytes (1 switches on core 0) [pid: 8|app: 0|req: 1738/3625] 10.0.0.40 () {32 vars in 749 bytes} [Wed Apr 29 16:33:09 2026] DELETE /v2.0/security-group-rules/723628b2-074b-4a92-8c6c-102b6ac55302 => generated 0 bytes in 125 msecs (HTTP/1.1 204) 2 headers in 112 bytes (1 switches on core 0)
2026-04-29 16:33:09.514 7 INFO neutron.api.v2.resource [None req-5adb50bc-f998-43bd-858a-1c87875330eb 4b604c4bad9a47669ce1634e06983218 c34f4181934d48fa80e98f0b66eaa083 - - default default] show failed (client error): The resource could not be found. [pid: 7|app: 0|req: 1888/3626] 10.0.0.40 () {32 vars in 746 bytes} [Wed Apr 29 16:33:09 2026] GET /v2.0/security-group-rules/723628b2-074b-4a92-8c6c-102b6ac55302 => generated 155 bytes in 14 msecs (HTTP/1.1 404) 4 headers in 164 bytes (1 switches on core 0) [pid: 8|app: 0|req: 1739/3627] 10.0.0.40 () {32 vars in 739 bytes} [Wed Apr 29 16:33:09 2026] DELETE /v2.0/security-groups/2a195de7-b6e8-4e07-82da-e1e817a1e1df => generated 0 bytes in 126 msecs (HTTP/1.1 204) 2 headers in 112 bytes (1 switches on core 0)
2026-04-29 16:33:09.661 7 INFO neutron.api.v2.resource [None req-38c7adeb-856b-4f6c-8776-99cef06e5ad1 4b604c4bad9a47669ce1634e06983218 c34f4181934d48fa80e98f0b66eaa083 - - default default] show failed (client error): The resource could not be found. [pid: 7|app: 0|req: 1889/3628] 10.0.0.40 () {32 vars in 736 bytes} [Wed Apr 29 16:33:09 2026] GET /v2.0/security-groups/2a195de7-b6e8-4e07-82da-e1e817a1e1df => generated 146 bytes in 9 msecs (HTTP/1.1 404) 4 headers in 164 bytes (1 switches on core 0)
2026-04-29 16:33:10.083 8 INFO neutron_taas.services.taas.taas_plugin [None req-d53ed350-2b7a-400e-8e74-4af3985d668f 4b604c4bad9a47669ce1634e06983218 c34f4181934d48fa80e98f0b66eaa083 - - default default] TaaS: Handle Delete Port: 66ba2acb-98a4-449b-8c6f-12cef846278a
2026-04-29 16:33:10.086 8 INFO neutron_taas.services.taas.tap_mirror_plugin [None req-d53ed350-2b7a-400e-8e74-4af3985d668f 4b604c4bad9a47669ce1634e06983218 c34f4181934d48fa80e98f0b66eaa083 - - default default] Tap Mirror: Handle Delete Port: 66ba2acb-98a4-449b-8c6f-12cef846278a [pid: 8|app: 0|req: 1740/3629] 10.0.0.40 () {34 vars in 788 bytes} [Wed Apr 29 16:33:09 2026] PUT /v2.0/routers/f12ad3ad-1ae2-46fc-98e2-bf9b06725008/remove_router_interface => generated 309 bytes in 881 msecs (HTTP/1.1 200) 4 headers in 157 bytes (1 switches on core 0)
2026-04-29 16:33:10.693 7 INFO neutron.api.v2.resource [None req-17fc5237-ee02-4e13-b719-80e42aaa127f 4b604c4bad9a47669ce1634e06983218 c34f4181934d48fa80e98f0b66eaa083 - - default default] remove_router_interface failed (client error): The resource could not be found. [pid: 7|app: 0|req: 1890/3630] 10.0.0.40 () {34 vars in 788 bytes} [Wed Apr 29 16:33:10 2026] PUT /v2.0/routers/f12ad3ad-1ae2-46fc-98e2-bf9b06725008/remove_router_interface => generated 198 bytes in 98 msecs (HTTP/1.1 404) 4 headers in 164 bytes (1 switches on core 0) /var/lib/openstack/lib/python3.12/site-packages/pycadf/identifier.py:70: UserWarning: Invalid uuid: neutron. To ensure interoperability, identifiers should be a valid uuid. warnings.warn(('Invalid uuid: %s. To ensure interoperability, '
2026-04-29 16:33:11.018 8 INFO neutron_taas.services.taas.taas_plugin [None req-5019f12d-d423-4251-b6ab-be7127b3b62e 4b604c4bad9a47669ce1634e06983218 c34f4181934d48fa80e98f0b66eaa083 - - default default] TaaS: Handle Delete Port: 85afad8d-1308-4959-97e0-0fad05c1aed6
2026-04-29 16:33:11.021 8 INFO neutron_taas.services.taas.tap_mirror_plugin [None req-5019f12d-d423-4251-b6ab-be7127b3b62e 4b604c4bad9a47669ce1634e06983218 c34f4181934d48fa80e98f0b66eaa083 - - default default] Tap Mirror: Handle Delete Port: 85afad8d-1308-4959-97e0-0fad05c1aed6 [pid: 8|app: 0|req: 1741/3631] 10.0.0.40 () {34 vars in 788 bytes} [Wed Apr 29 16:33:10 2026] PUT /v2.0/routers/f12ad3ad-1ae2-46fc-98e2-bf9b06725008/remove_router_interface => generated 309 bytes in 785 msecs (HTTP/1.1 200) 4 headers in 157 bytes (1 switches on core 0)
2026-04-29 16:33:11.598 7 INFO neutron.api.v2.resource [None req-098334a5-e868-453c-bbaa-fb9b8ad24116 4b604c4bad9a47669ce1634e06983218 c34f4181934d48fa80e98f0b66eaa083 - - default default] remove_router_interface failed (client error): The resource could not be found. [pid: 7|app: 0|req: 1891/3632] 10.0.0.40 () {34 vars in 788 bytes} [Wed Apr 29 16:33:11 2026] PUT /v2.0/routers/f12ad3ad-1ae2-46fc-98e2-bf9b06725008/remove_router_interface => generated 198 bytes in 114 msecs (HTTP/1.1 404) 4 headers in 164 bytes (1 switches on core 0) /var/lib/openstack/lib/python3.12/site-packages/pycadf/identifier.py:70: UserWarning: Invalid uuid: neutron. To ensure interoperability, identifiers should be a valid uuid. warnings.warn(('Invalid uuid: %s. To ensure interoperability, '
2026-04-29 16:33:11.844 8 INFO neutron_taas.services.taas.taas_plugin [None req-616ffe81-c085-4f82-8903-fd1cd5a02b27 4b604c4bad9a47669ce1634e06983218 c34f4181934d48fa80e98f0b66eaa083 - - default default] TaaS: Handle Delete Port: 87ccb717-d386-40e3-ad60-9d24a1b7e492
2026-04-29 16:33:11.846 8 INFO neutron_taas.services.taas.tap_mirror_plugin [None req-616ffe81-c085-4f82-8903-fd1cd5a02b27 4b604c4bad9a47669ce1634e06983218 c34f4181934d48fa80e98f0b66eaa083 - - default default] Tap Mirror: Handle Delete Port: 87ccb717-d386-40e3-ad60-9d24a1b7e492 [pid: 8|app: 0|req: 1742/3633] 10.0.0.40 () {34 vars in 788 bytes} [Wed Apr 29 16:33:11 2026] PUT /v2.0/routers/f12ad3ad-1ae2-46fc-98e2-bf9b06725008/remove_router_interface => generated 309 bytes in 728 msecs (HTTP/1.1 200) 4 headers in 157 bytes (1 switches on core 0)
2026-04-29 16:33:12.428 7 INFO neutron.api.v2.resource [None req-d7abf260-f999-46b7-b496-a0a41ef090b3 4b604c4bad9a47669ce1634e06983218 c34f4181934d48fa80e98f0b66eaa083 - - default default] remove_router_interface failed (client error): The resource could not be found. [pid: 7|app: 0|req: 1892/3634] 10.0.0.40 () {34 vars in 788 bytes} [Wed Apr 29 16:33:12 2026] PUT /v2.0/routers/f12ad3ad-1ae2-46fc-98e2-bf9b06725008/remove_router_interface => generated 198 bytes in 92 msecs (HTTP/1.1 404) 4 headers in 164 bytes (1 switches on core 0) /var/lib/openstack/lib/python3.12/site-packages/pycadf/identifier.py:70: UserWarning: Invalid uuid: neutron. To ensure interoperability, identifiers should be a valid uuid. warnings.warn(('Invalid uuid: %s. To ensure interoperability, '
2026-04-29 16:33:12.722 8 INFO neutron_taas.services.taas.taas_plugin [None req-2e576dd0-fdf7-4aba-82cd-8bc1328e64de 4b604c4bad9a47669ce1634e06983218 c34f4181934d48fa80e98f0b66eaa083 - - default default] TaaS: Handle Delete Port: 097626f2-375f-4e89-8129-f57ad879ef09
2026-04-29 16:33:12.726 8 INFO neutron_taas.services.taas.tap_mirror_plugin [None req-2e576dd0-fdf7-4aba-82cd-8bc1328e64de 4b604c4bad9a47669ce1634e06983218 c34f4181934d48fa80e98f0b66eaa083 - - default default] Tap Mirror: Handle Delete Port: 097626f2-375f-4e89-8129-f57ad879ef09 [pid: 8|app: 0|req: 1743/3635] 10.0.0.40 () {32 vars in 723 bytes} [Wed Apr 29 16:33:12 2026] DELETE /v2.0/routers/f12ad3ad-1ae2-46fc-98e2-bf9b06725008 => generated 0 bytes in 645 msecs (HTTP/1.1 204) 2 headers in 112 bytes (1 switches on core 0)
2026-04-29 16:33:13.101 7 INFO neutron.api.v2.resource [None req-fee16e23-68bd-4c73-84d8-9b423a18ac84 4b604c4bad9a47669ce1634e06983218 c34f4181934d48fa80e98f0b66eaa083 - - default default] show failed (client error): The resource could not be found. [pid: 7|app: 0|req: 1893/3636] 10.0.0.40 () {32 vars in 720 bytes} [Wed Apr 29 16:33:13 2026] GET /v2.0/routers/f12ad3ad-1ae2-46fc-98e2-bf9b06725008 => generated 135 bytes in 16 msecs (HTTP/1.1 404) 4 headers in 164 bytes (1 switches on core 0) [pid: 8|app: 0|req: 1744/3637] 10.0.0.40 () {32 vars in 723 bytes} [Wed Apr 29 16:33:13 2026] DELETE /v2.0/subnets/63dcc263-3d90-4f83-8df4-37469dc3f861 => generated 0 bytes in 144 msecs (HTTP/1.1 204) 3 headers in 131 bytes (1 switches on core 0)
2026-04-29 16:33:13.270 7 INFO neutron.pecan_wsgi.hooks.translation [None req-975e1868-b7cf-4b27-9ae7-e2310c240ec5 4b604c4bad9a47669ce1634e06983218 c34f4181934d48fa80e98f0b66eaa083 - - default default] GET failed (client error): The resource could not be found. [pid: 7|app: 0|req: 1894/3638] 10.0.0.40 () {32 vars in 720 bytes} [Wed Apr 29 16:33:13 2026] GET /v2.0/subnets/63dcc263-3d90-4f83-8df4-37469dc3f861 => generated 136 bytes in 16 msecs (HTTP/1.1 404) 4 headers in 164 bytes (1 switches on core 0) [pid: 8|app: 0|req: 1745/3639] 10.0.0.40 () {32 vars in 723 bytes} [Wed Apr 29 16:33:13 2026] DELETE /v2.0/subnets/d16d93d0-af30-4e5e-ac44-f52d8e90748f => generated 0 bytes in 172 msecs (HTTP/1.1 204) 3 headers in 131 bytes (1 switches on core 0)
2026-04-29 16:33:13.467 7 INFO neutron.pecan_wsgi.hooks.translation [None req-3286c427-bbf9-4872-a550-b93b161e8fef 4b604c4bad9a47669ce1634e06983218 c34f4181934d48fa80e98f0b66eaa083 - - default default] GET failed (client error): The resource could not be found. [pid: 7|app: 0|req: 1895/3640] 10.0.0.40 () {32 vars in 720 bytes} [Wed Apr 29 16:33:13 2026] GET /v2.0/subnets/d16d93d0-af30-4e5e-ac44-f52d8e90748f => generated 136 bytes in 17 msecs (HTTP/1.1 404) 4 headers in 164 bytes (1 switches on core 0)
2026-04-29 16:33:13.600 8 INFO neutron_taas.services.taas.taas_plugin [None req-ecd1a44f-d2de-4976-a276-361a63fedd15 4b604c4bad9a47669ce1634e06983218 c34f4181934d48fa80e98f0b66eaa083 - - default default] TaaS: Handle Delete Port: f757fd18-c2f3-4c40-8969-4373f82cda1e
2026-04-29 16:33:13.604 8 INFO neutron_taas.services.taas.tap_mirror_plugin [None req-ecd1a44f-d2de-4976-a276-361a63fedd15 4b604c4bad9a47669ce1634e06983218 c34f4181934d48fa80e98f0b66eaa083 - - default default] Tap Mirror: Handle Delete Port: f757fd18-c2f3-4c40-8969-4373f82cda1e
2026-04-29 16:33:13.795 8 INFO neutron.services.segments.plugin [-] Segment a457e4d4-2336-482c-b77e-48069a6982c0 resource provider aggregate not found
2026-04-29 16:33:13.800 8 INFO neutron.services.segments.plugin [-] Segment a457e4d4-2336-482c-b77e-48069a6982c0 resource provider aggregate not found
2026-04-29 16:33:13.812 8 INFO neutron.services.segments.plugin [-] Segment a457e4d4-2336-482c-b77e-48069a6982c0 resource provider not found; error: Placement Client Error (4xx): {"errors": [{"status": 404, "title": "Not Found", "detail": "The resource could not be found.\n\n No resource provider with uuid a457e4d4-2336-482c-b77e-48069a6982c0 found for delete ", "request_id": "req-e69ae28c-cfc0-442e-bf81-eacb19603e73"}]}
2026-04-29 16:33:13.820 8 INFO neutron.services.segments.plugin [-] Segment a457e4d4-2336-482c-b77e-48069a6982c0 resource provider not found; error: Placement Client Error (4xx): {"errors": [{"status": 404, "title": "Not Found", "detail": "The resource could not be found.\n\n No resource provider with uuid a457e4d4-2336-482c-b77e-48069a6982c0 found for delete ", "request_id": "req-ea8989e4-e277-4742-8995-cec107d9f562"}]} [pid: 8|app: 0|req: 1746/3641] 10.0.0.40 () {32 vars in 725 bytes} [Wed Apr 29 16:33:13 2026] DELETE /v2.0/networks/3d7777a5-3223-48d8-ad7b-59ab70395ea0 => generated 0 bytes in 368 msecs (HTTP/1.1 204) 3 headers in 131 bytes (1 switches on core 0)
2026-04-29 16:33:13.861 7 INFO neutron.pecan_wsgi.hooks.translation [None req-e45ede72-e16c-44f9-900a-4c4b7dcda17a 4b604c4bad9a47669ce1634e06983218 c34f4181934d48fa80e98f0b66eaa083 - - default default] GET failed (client error): The resource could not be found. [pid: 7|app: 0|req: 1896/3642] 10.0.0.40 () {32 vars in 722 bytes} [Wed Apr 29 16:33:13 2026] GET /v2.0/networks/3d7777a5-3223-48d8-ad7b-59ab70395ea0 => generated 138 bytes in 16 msecs (HTTP/1.1 404) 4 headers in 164 bytes (1 switches on core 0) [pid: 8|app: 0|req: 1747/3643] 10.0.0.40 () {32 vars in 723 bytes} [Wed Apr 29 16:33:13 2026] DELETE /v2.0/subnets/40575b37-6d43-414c-8b6f-d76ba1eaa0aa => generated 0 bytes in 121 msecs (HTTP/1.1 204) 3 headers in 131 bytes (1 switches on core 0)
2026-04-29 16:33:14.085 7 INFO neutron.pecan_wsgi.hooks.translation [None req-7bea6069-dfca-4ead-9170-5a5614ef4d4f 4b604c4bad9a47669ce1634e06983218 c34f4181934d48fa80e98f0b66eaa083 - - default default] GET failed (client error): The resource could not be found. [pid: 7|app: 0|req: 1897/3644] 10.0.0.40 () {32 vars in 720 bytes} [Wed Apr 29 16:33:14 2026] GET /v2.0/subnets/40575b37-6d43-414c-8b6f-d76ba1eaa0aa => generated 136 bytes in 76 msecs (HTTP/1.1 404) 4 headers in 164 bytes (1 switches on core 0) [pid: 8|app: 0|req: 1748/3645] 10.0.0.40 () {32 vars in 723 bytes} [Wed Apr 29 16:33:14 2026] DELETE /v2.0/subnets/9edf87bb-aea3-46df-985f-91a3baaa3462 => generated 0 bytes in 158 msecs (HTTP/1.1 204) 3 headers in 131 bytes (1 switches on core 0)
2026-04-29 16:33:14.265 7 INFO neutron.pecan_wsgi.hooks.translation [None req-d882ba3f-580a-4ea6-b59c-b3df9c7f615b 4b604c4bad9a47669ce1634e06983218 c34f4181934d48fa80e98f0b66eaa083 - - default default] GET failed (client error): The resource could not be found. [pid: 7|app: 0|req: 1898/3646] 10.0.0.40 () {32 vars in 720 bytes} [Wed Apr 29 16:33:14 2026] GET /v2.0/subnets/9edf87bb-aea3-46df-985f-91a3baaa3462 => generated 136 bytes in 14 msecs (HTTP/1.1 404) 4 headers in 164 bytes (1 switches on core 0)
2026-04-29 16:33:14.379 8 INFO neutron_taas.services.taas.taas_plugin [None req-0f7c6adf-66ba-4d8d-b684-8418dfba91d6 4b604c4bad9a47669ce1634e06983218 c34f4181934d48fa80e98f0b66eaa083 - - default default] TaaS: Handle Delete Port: e73a92f5-d31c-4981-b821-fb53d11aef7e
2026-04-29 16:33:14.382 8 INFO neutron_taas.services.taas.tap_mirror_plugin [None req-0f7c6adf-66ba-4d8d-b684-8418dfba91d6 4b604c4bad9a47669ce1634e06983218 c34f4181934d48fa80e98f0b66eaa083 - - default default] Tap Mirror: Handle Delete Port: e73a92f5-d31c-4981-b821-fb53d11aef7e [pid: 8|app: 0|req: 1749/3647] 10.0.0.40 () {32 vars in 725 bytes} [Wed Apr 29 16:33:14 2026] DELETE /v2.0/networks/544cc69b-39e1-45d8-adef-07a6a912756b => generated 0 bytes in 309 msecs (HTTP/1.1 204) 3 headers in 131 bytes (1 switches on core 0)
2026-04-29 16:33:14.599 7 INFO neutron.pecan_wsgi.hooks.translation [None req-bcfeefb1-cc2b-4949-93ff-78278f030d01 4b604c4bad9a47669ce1634e06983218 c34f4181934d48fa80e98f0b66eaa083 - - default default] GET failed (client error): The resource could not be found. [pid: 7|app: 0|req: 1899/3648] 10.0.0.40 () {32 vars in 722 bytes} [Wed Apr 29 16:33:14 2026] GET /v2.0/networks/544cc69b-39e1-45d8-adef-07a6a912756b => generated 138 bytes in 15 msecs (HTTP/1.1 404) 4 headers in 164 bytes (1 switches on core 0) [pid: 8|app: 0|req: 1750/3649] 10.0.0.40 () {32 vars in 723 bytes} [Wed Apr 29 16:33:14 2026] DELETE /v2.0/subnets/e296230c-bfb5-4330-8020-aaa6c1ac6ace => generated 0 bytes in 129 msecs (HTTP/1.1 204) 3 headers in 131 bytes (1 switches on core 0)
2026-04-29 16:33:14.749 7 INFO neutron.pecan_wsgi.hooks.translation [None req-9a4b46d9-dec7-4f80-98e0-895fbe929a02 4b604c4bad9a47669ce1634e06983218 c34f4181934d48fa80e98f0b66eaa083 - - default default] GET failed (client error): The resource could not be found. [pid: 7|app: 0|req: 1900/3650] 10.0.0.40 () {32 vars in 720 bytes} [Wed Apr 29 16:33:14 2026] GET /v2.0/subnets/e296230c-bfb5-4330-8020-aaa6c1ac6ace => generated 136 bytes in 13 msecs (HTTP/1.1 404) 4 headers in 164 bytes (1 switches on core 0) [pid: 8|app: 0|req: 1751/3651] 10.0.0.40 () {32 vars in 723 bytes} [Wed Apr 29 16:33:14 2026] DELETE /v2.0/subnets/a5f7d5fa-e3d3-4c3b-8e46-00b0272cf44f => generated 0 bytes in 147 msecs (HTTP/1.1 204) 3 headers in 131 bytes (1 switches on core 0)
2026-04-29 16:33:14.917 7 INFO neutron.pecan_wsgi.hooks.translation [None req-5042897c-d383-4eb5-a969-3b637bdf9fae 4b604c4bad9a47669ce1634e06983218 c34f4181934d48fa80e98f0b66eaa083 - - default default] GET failed (client error): The resource could not be found. [pid: 7|app: 0|req: 1901/3652] 10.0.0.40 () {32 vars in 720 bytes} [Wed Apr 29 16:33:14 2026] GET /v2.0/subnets/a5f7d5fa-e3d3-4c3b-8e46-00b0272cf44f => generated 136 bytes in 13 msecs (HTTP/1.1 404) 4 headers in 164 bytes (1 switches on core 0)
2026-04-29 16:33:15.033 8 INFO neutron_taas.services.taas.taas_plugin [None req-e3ac139e-4154-4393-a81a-f42d2e30359c 4b604c4bad9a47669ce1634e06983218 c34f4181934d48fa80e98f0b66eaa083 - - default default] TaaS: Handle Delete Port: a825b34c-8a01-4acd-a7a4-90233fea8033
2026-04-29 16:33:15.036 8 INFO neutron_taas.services.taas.tap_mirror_plugin [None req-e3ac139e-4154-4393-a81a-f42d2e30359c 4b604c4bad9a47669ce1634e06983218 c34f4181934d48fa80e98f0b66eaa083 - - default default] Tap Mirror: Handle Delete Port: a825b34c-8a01-4acd-a7a4-90233fea8033 [pid: 8|app: 0|req: 1752/3653] 10.0.0.40 () {32 vars in 725 bytes} [Wed Apr 29 16:33:14 2026] DELETE /v2.0/networks/5db468f1-6cfd-4661-8f40-1ab1e2c230a4 => generated 0 bytes in 349 msecs (HTTP/1.1 204) 3 headers in 131 bytes (1 switches on core 0)
2026-04-29 16:33:15.288 7 INFO neutron.pecan_wsgi.hooks.translation [None req-22889e8e-3ebc-4041-a79d-12fca9d89bc2 4b604c4bad9a47669ce1634e06983218 c34f4181934d48fa80e98f0b66eaa083 - - default default] GET failed (client error): The resource could not be found. [pid: 7|app: 0|req: 1902/3654] 10.0.0.40 () {32 vars in 722 bytes} [Wed Apr 29 16:33:15 2026] GET /v2.0/networks/5db468f1-6cfd-4661-8f40-1ab1e2c230a4 => generated 138 bytes in 14 msecs (HTTP/1.1 404) 4 headers in 164 bytes (1 switches on core 0)
2026-04-29 16:33:15.832 8 INFO neutron.services.segments.plugin [-] Segment 478c69b6-d4a8-4332-a4af-90c4bab4418b resource provider aggregate not found
2026-04-29 16:33:15.839 8 INFO neutron.services.segments.plugin [-] Segment 478c69b6-d4a8-4332-a4af-90c4bab4418b resource provider aggregate not found
2026-04-29 16:33:15.850 8 INFO neutron.services.segments.plugin [-] Segment 478c69b6-d4a8-4332-a4af-90c4bab4418b resource provider not found; error: Placement Client Error (4xx): {"errors": [{"status": 404, "title": "Not Found", "detail": "The resource could not be found.\n\n No resource provider with uuid 478c69b6-d4a8-4332-a4af-90c4bab4418b found for delete ", "request_id": "req-5b4f4831-5a87-4a5f-b0c8-438f6b0e843d"}]}
2026-04-29 16:33:15.854 8 INFO neutron.services.segments.plugin [-] Segment 478c69b6-d4a8-4332-a4af-90c4bab4418b resource provider not found; error: Placement Client Error (4xx): {"errors": [{"status": 404, "title": "Not Found", "detail": "The resource could not be found.\n\n No resource provider with uuid 478c69b6-d4a8-4332-a4af-90c4bab4418b found for delete ", "request_id": "req-0fa051be-75a2-4fce-a850-0e5b830a7682"}]}
2026-04-29 16:33:15.868 8 INFO neutron.services.segments.plugin [-] Segment 79a3d5d7-d947-4bac-909a-7c0ee5e89516 resource provider aggregate not found
2026-04-29 16:33:15.873 8 INFO neutron.services.segments.plugin [-] Segment 79a3d5d7-d947-4bac-909a-7c0ee5e89516 resource provider aggregate not found
2026-04-29 16:33:15.884 8 INFO neutron.services.segments.plugin [-] Segment 79a3d5d7-d947-4bac-909a-7c0ee5e89516 resource provider not found; error: Placement Client Error (4xx): {"errors": [{"status": 404, "title": "Not Found", "detail": "The resource could not be found.\n\n No resource provider with uuid 79a3d5d7-d947-4bac-909a-7c0ee5e89516 found for delete ", "request_id": "req-1c1f4c89-18a8-4424-8017-8b2546f999ff"}]}
2026-04-29 16:33:15.886 8 INFO neutron.services.segments.plugin [-] Segment 79a3d5d7-d947-4bac-909a-7c0ee5e89516 resource provider not found; error: Placement Client Error (4xx): {"errors": [{"status": 404, "title": "Not Found", "detail": "The resource could not be found.\n\n No resource provider with uuid 79a3d5d7-d947-4bac-909a-7c0ee5e89516 found for delete ", "request_id": "req-a810e7e2-d2c8-42fe-b6e0-27d367855be0"}]} [pid: 8|app: 0|req: 1753/3655] 10.0.0.40 () {32 vars in 773 bytes} [Wed Apr 29 16:33:16 2026] GET /v2.0/security-groups?tenant_id=c34f4181934d48fa80e98f0b66eaa083&name=default => generated 2925 bytes in 153 msecs (HTTP/1.1 200) 4 headers in 158 bytes (1 switches on core 0) [pid: 7|app: 0|req: 1903/3656] 10.0.0.40 () {32 vars in 739 bytes} [Wed Apr 29 16:33:17 2026] DELETE /v2.0/security-groups/bf1cf7a3-3229-422d-99e6-de1a434b2be7 => generated 0 bytes in 239 msecs (HTTP/1.1 204) 2 headers in 112 bytes (1 switches on core 0)
2026-04-29 16:33:17.584 8 INFO neutron.db.ovn_revision_numbers_db [None req-3da5909e-a4a9-4c99-af09-97883a3ac1c2 a99cb9a3ab6542e8872af18b4666f3ca 1303eeb0bcf246399086ad78629c6d7b - - default default] Successfully bumped revision number for resource 1729701d-7bd5-42ca-b7c4-5634511050e7 (type: security_groups) to 1
2026-04-29 16:33:17.595 8 INFO neutron.db.ovn_revision_numbers_db [None req-3da5909e-a4a9-4c99-af09-97883a3ac1c2 a99cb9a3ab6542e8872af18b4666f3ca 1303eeb0bcf246399086ad78629c6d7b - - default default] Successfully bumped revision number for resource 6ecc7d18-68ed-4c86-8bdd-f77276c3593f (type: security_group_rules) to 0
2026-04-29 16:33:17.605 8 INFO neutron.db.ovn_revision_numbers_db [None req-3da5909e-a4a9-4c99-af09-97883a3ac1c2 a99cb9a3ab6542e8872af18b4666f3ca 1303eeb0bcf246399086ad78629c6d7b - - default default] Successfully bumped revision number for resource bb0f4778-26e9-42e7-9853-19b8e53ac75d (type: security_group_rules) to 0
2026-04-29 16:33:17.616 8 INFO neutron.db.ovn_revision_numbers_db [None req-3da5909e-a4a9-4c99-af09-97883a3ac1c2 a99cb9a3ab6542e8872af18b4666f3ca 1303eeb0bcf246399086ad78629c6d7b - - default default] Successfully bumped revision number for resource c449c783-e7e7-49f2-b75f-889c211a831c (type: security_group_rules) to 0
2026-04-29 16:33:17.627 8 INFO neutron.db.ovn_revision_numbers_db [None req-3da5909e-a4a9-4c99-af09-97883a3ac1c2 a99cb9a3ab6542e8872af18b4666f3ca 1303eeb0bcf246399086ad78629c6d7b - - default default] Successfully bumped revision number for resource d9f009ac-cafa-4a0e-81a9-968ab9795ca3 (type: security_group_rules) to 0 [pid: 8|app: 0|req: 1754/3657] 10.0.0.40 () {32 vars in 773 bytes} [Wed Apr 29 16:33:17 2026] GET /v2.0/security-groups?tenant_id=cf95e33a49c149e7a10224d95497e775&name=default => generated 2929 bytes in 228 msecs (HTTP/1.1 200) 4 headers in 158 bytes (1 switches on core 0) [pid: 7|app: 0|req: 1904/3658] 10.0.0.40 () {32 vars in 739 bytes} [Wed Apr 29 16:33:17 2026] DELETE /v2.0/security-groups/1729701d-7bd5-42ca-b7c4-5634511050e7 => generated 0 bytes in 207 msecs (HTTP/1.1 204) 2 headers in 112 bytes (1 switches on core 0)
2026-04-29 16:33:18.145 8 INFO neutron.db.ovn_revision_numbers_db [None req-d24d9634-1593-40ae-91f7-e553dea210f4 a99cb9a3ab6542e8872af18b4666f3ca 1303eeb0bcf246399086ad78629c6d7b - - default default] Successfully bumped revision number for resource 6db284e1-ee24-45be-81bd-ad241597ad13 (type: security_groups) to 1
2026-04-29 16:33:18.156 8 INFO neutron.db.ovn_revision_numbers_db [None req-d24d9634-1593-40ae-91f7-e553dea210f4 a99cb9a3ab6542e8872af18b4666f3ca 1303eeb0bcf246399086ad78629c6d7b - - default default] Successfully bumped revision number for resource 7ffddc81-e777-43da-8e8c-f7a7f4278534 (type: security_group_rules) to 0
2026-04-29 16:33:18.168 8 INFO neutron.db.ovn_revision_numbers_db [None req-d24d9634-1593-40ae-91f7-e553dea210f4 a99cb9a3ab6542e8872af18b4666f3ca 1303eeb0bcf246399086ad78629c6d7b - - default default] Successfully bumped revision number for resource c6fbe7ba-4433-46f2-91e5-528196414e1d (type: security_group_rules) to 0
2026-04-29 16:33:18.178 8 INFO neutron.db.ovn_revision_numbers_db [None req-d24d9634-1593-40ae-91f7-e553dea210f4 a99cb9a3ab6542e8872af18b4666f3ca 1303eeb0bcf246399086ad78629c6d7b - - default default] Successfully bumped revision number for resource cfb7de6b-f7f3-4d07-83d2-6f5df8ead4ca (type: security_group_rules) to 0
2026-04-29 16:33:18.190 8 INFO neutron.db.ovn_revision_numbers_db [None req-d24d9634-1593-40ae-91f7-e553dea210f4 a99cb9a3ab6542e8872af18b4666f3ca 1303eeb0bcf246399086ad78629c6d7b - - default default] Successfully bumped revision number for resource edde4e68-8f20-41ff-ae77-ce4676a51797 (type: security_group_rules) to 0 [pid: 8|app: 0|req: 1755/3661] 10.0.0.40 () {32 vars in 773 bytes} [Wed Apr 29 16:33:18 2026] GET /v2.0/security-groups?tenant_id=e6a33c0b104c4a71b366e9096f0e75f7&name=default => generated 2929 bytes in 215 msecs (HTTP/1.1 200) 4 headers in 158 bytes (1 switches on core 0) [pid: 7|app: 0|req: 1907/3662] 10.0.0.40 () {32 vars in 739 bytes} [Wed Apr 29 16:33:18 2026] DELETE /v2.0/security-groups/6db284e1-ee24-45be-81bd-ad241597ad13 => generated 0 bytes in 216 msecs (HTTP/1.1 204) 2 headers in 112 bytes (1 switches on core 0)
2026-04-29 16:33:18.686 8 INFO neutron.db.ovn_revision_numbers_db [None req-0cfb3562-5b43-41d4-9285-ee6622a6ec3b a99cb9a3ab6542e8872af18b4666f3ca 1303eeb0bcf246399086ad78629c6d7b - - default default] Successfully bumped revision number for resource 537b025f-9089-4b94-b242-f6ead5317c87 (type: security_groups) to 1
2026-04-29 16:33:18.695 8 INFO neutron.db.ovn_revision_numbers_db [None req-0cfb3562-5b43-41d4-9285-ee6622a6ec3b a99cb9a3ab6542e8872af18b4666f3ca 1303eeb0bcf246399086ad78629c6d7b - - default default] Successfully bumped revision number for resource 1bce8cb6-ef13-4b13-b16d-a107db5a2076 (type: security_group_rules) to 0
2026-04-29 16:33:18.705 8 INFO neutron.db.ovn_revision_numbers_db [None req-0cfb3562-5b43-41d4-9285-ee6622a6ec3b a99cb9a3ab6542e8872af18b4666f3ca 1303eeb0bcf246399086ad78629c6d7b - - default default] Successfully bumped revision number for resource 82c85c35-9596-451c-92ef-245bef506f71 (type: security_group_rules) to 0
2026-04-29 16:33:18.716 8 INFO neutron.db.ovn_revision_numbers_db [None req-0cfb3562-5b43-41d4-9285-ee6622a6ec3b a99cb9a3ab6542e8872af18b4666f3ca 1303eeb0bcf246399086ad78629c6d7b - - default default] Successfully bumped revision number for resource 8a7701b2-ebf6-48bb-9190-3aeebdd092c3 (type: security_group_rules) to 0
2026-04-29 16:33:18.728 8 INFO neutron.db.ovn_revision_numbers_db [None req-0cfb3562-5b43-41d4-9285-ee6622a6ec3b a99cb9a3ab6542e8872af18b4666f3ca 1303eeb0bcf246399086ad78629c6d7b - - default default] Successfully bumped revision number for resource e59ba40b-4dd1-4cbf-af56-eee4d9d66f54 (type: security_group_rules) to 0 [pid: 8|app: 0|req: 1756/3663] 10.0.0.40 () {32 vars in 773 bytes} [Wed Apr 29 16:33:18 2026] GET /v2.0/security-groups?tenant_id=934da69a1bde45159c9405b1ac74582e&name=default => generated 2929 bytes in 195 msecs (HTTP/1.1 200) 4 headers in 158 bytes (1 switches on core 0) [pid: 7|app: 0|req: 1908/3664] 10.0.0.40 () {32 vars in 739 bytes} [Wed Apr 29 16:33:18 2026] DELETE /v2.0/security-groups/537b025f-9089-4b94-b242-f6ead5317c87 => generated 0 bytes in 214 msecs (HTTP/1.1 204) 2 headers in 112 bytes (1 switches on core 0)
2026-04-29 16:33:19.206 8 INFO neutron.db.ovn_revision_numbers_db [None req-ef25ceac-e6e9-4ddc-b5a9-ee639a4ceee2 a99cb9a3ab6542e8872af18b4666f3ca 1303eeb0bcf246399086ad78629c6d7b - - default default] Successfully bumped revision number for resource 9912aa6e-f15a-4f9b-8fdb-4d0753160293 (type: security_groups) to 1
2026-04-29 16:33:19.215 8 INFO neutron.db.ovn_revision_numbers_db [None req-ef25ceac-e6e9-4ddc-b5a9-ee639a4ceee2 a99cb9a3ab6542e8872af18b4666f3ca 1303eeb0bcf246399086ad78629c6d7b - - default default] Successfully bumped revision number for resource 02b02589-ea23-4f70-a3b9-06ef956ab688 (type: security_group_rules) to 0
2026-04-29 16:33:19.225 8 INFO neutron.db.ovn_revision_numbers_db [None req-ef25ceac-e6e9-4ddc-b5a9-ee639a4ceee2 a99cb9a3ab6542e8872af18b4666f3ca 1303eeb0bcf246399086ad78629c6d7b - - default default] Successfully bumped revision number for resource 314cd054-11f8-444d-8f33-9d2c9aae03d2 (type: security_group_rules) to 0
2026-04-29 16:33:19.234 8 INFO neutron.db.ovn_revision_numbers_db [None req-ef25ceac-e6e9-4ddc-b5a9-ee639a4ceee2 a99cb9a3ab6542e8872af18b4666f3ca 1303eeb0bcf246399086ad78629c6d7b - - default default] Successfully bumped revision number for resource 87b600e1-592f-482f-9a33-6caa6746766b (type: security_group_rules) to 0
2026-04-29 16:33:19.242 8 INFO neutron.db.ovn_revision_numbers_db [None req-ef25ceac-e6e9-4ddc-b5a9-ee639a4ceee2 a99cb9a3ab6542e8872af18b4666f3ca 1303eeb0bcf246399086ad78629c6d7b - - default default] Successfully bumped revision number for resource be852e06-a205-4d07-bcd1-48b6e46cad5f (type: security_group_rules) to 0 [pid: 8|app: 0|req: 1757/3665] 10.0.0.40 () {32 vars in 773 bytes} [Wed Apr 29 16:33:19 2026] GET /v2.0/security-groups?tenant_id=007799a1268044849739891d0fe270c3&name=default => generated 2929 bytes in 185 msecs (HTTP/1.1 200) 4 headers in 158 bytes (1 switches on core 0) [pid: 7|app: 0|req: 1909/3666] 10.0.0.40 () {32 vars in 739 bytes} [Wed Apr 29 16:33:19 2026] DELETE /v2.0/security-groups/9912aa6e-f15a-4f9b-8fdb-4d0753160293 => generated 0 bytes in 213 msecs (HTTP/1.1 204) 2 headers in 112 bytes (1 switches on core 0)
2026-04-29 16:33:19.758 8 INFO neutron.db.ovn_revision_numbers_db [None req-bd5982fe-ce80-48c7-aaad-53f58468274b a99cb9a3ab6542e8872af18b4666f3ca 1303eeb0bcf246399086ad78629c6d7b - - default default] Successfully bumped revision number for resource ff1e0e63-8839-4829-87db-c8a4ce655b47 (type: security_groups) to 1
2026-04-29 16:33:19.768 8 INFO neutron.db.ovn_revision_numbers_db [None req-bd5982fe-ce80-48c7-aaad-53f58468274b a99cb9a3ab6542e8872af18b4666f3ca 1303eeb0bcf246399086ad78629c6d7b - - default default] Successfully bumped revision number for resource 3a43c719-6b3c-40d4-95f3-03d1a05b27d7 (type: security_group_rules) to 0
2026-04-29 16:33:19.779 8 INFO neutron.db.ovn_revision_numbers_db [None req-bd5982fe-ce80-48c7-aaad-53f58468274b a99cb9a3ab6542e8872af18b4666f3ca 1303eeb0bcf246399086ad78629c6d7b - - default default] Successfully bumped revision number for resource c919eb2f-07e3-4156-a58d-ade865720cdc (type: security_group_rules) to 0
2026-04-29 16:33:19.789 8 INFO neutron.db.ovn_revision_numbers_db [None req-bd5982fe-ce80-48c7-aaad-53f58468274b a99cb9a3ab6542e8872af18b4666f3ca 1303eeb0bcf246399086ad78629c6d7b - - default default] Successfully bumped revision number for resource d4621954-b3f3-4d62-9ab4-74d88485e2f6 (type: security_group_rules) to 0
2026-04-29 16:33:19.801 8 INFO neutron.db.ovn_revision_numbers_db [None req-bd5982fe-ce80-48c7-aaad-53f58468274b a99cb9a3ab6542e8872af18b4666f3ca 1303eeb0bcf246399086ad78629c6d7b - - default default] Successfully bumped revision number for resource ecd81fb6-e9d4-4d43-a4a9-c25c3418c420 (type: security_group_rules) to 0 [pid: 8|app: 0|req: 1758/3667] 10.0.0.40 () {32 vars in 773 bytes} [Wed Apr 29 16:33:19 2026] GET /v2.0/security-groups?tenant_id=8d5fd616cfb94747a2172f1b70c4593a&name=default => generated 2929 bytes in 205 msecs (HTTP/1.1 200) 4 headers in 158 bytes (1 switches on core 0) [pid: 7|app: 0|req: 1910/3668] 10.0.0.40 () {32 vars in 739 bytes} [Wed Apr 29 16:33:19 2026] DELETE /v2.0/security-groups/ff1e0e63-8839-4829-87db-c8a4ce655b47 => generated 0 bytes in 216 msecs (HTTP/1.1 204) 2 headers in 112 bytes (1 switches on core 0)
2026-04-29 16:33:20.292 8 INFO neutron.db.ovn_revision_numbers_db [None req-6d86ef2d-6a79-4fee-9cb1-ff04ba1efca9 a99cb9a3ab6542e8872af18b4666f3ca 1303eeb0bcf246399086ad78629c6d7b - - default default] Successfully bumped revision number for resource f03280cb-1f8c-4a55-bc7a-d7f7abb0132a (type: security_groups) to 1
2026-04-29 16:33:20.303 8 INFO neutron.db.ovn_revision_numbers_db [None req-6d86ef2d-6a79-4fee-9cb1-ff04ba1efca9 a99cb9a3ab6542e8872af18b4666f3ca 1303eeb0bcf246399086ad78629c6d7b - - default default] Successfully bumped revision number for resource 11352ff2-1507-4cea-a6dc-89e8f5dc72a9 (type: security_group_rules) to 0
2026-04-29 16:33:20.314 8 INFO neutron.db.ovn_revision_numbers_db [None req-6d86ef2d-6a79-4fee-9cb1-ff04ba1efca9 a99cb9a3ab6542e8872af18b4666f3ca 1303eeb0bcf246399086ad78629c6d7b - - default default] Successfully bumped revision number for resource 66600270-6cfa-4e0c-9d32-065d3ceb10d8 (type: security_group_rules) to 0
2026-04-29 16:33:20.324 8 INFO neutron.db.ovn_revision_numbers_db [None req-6d86ef2d-6a79-4fee-9cb1-ff04ba1efca9 a99cb9a3ab6542e8872af18b4666f3ca 1303eeb0bcf246399086ad78629c6d7b - - default default] Successfully bumped revision number for resource 77bc6fbf-8859-4907-a1e3-da70f37cedf5 (type: security_group_rules) to 0
