2026-04-29 16:27:35.966 7 INFO neutron_taas.services.taas.tap_mirror_plugin [None req-cb8919b3-c73f-4e0a-bd06-799f0c87a61f 387ebfb75c4845579b45133799dc6875 94096d89277440749e96d090643e6dbb - - default default] Tap Mirror: Handle Delete Port: 55ab20cf-08d3-4f5d-93ec-622d1f0f73bd [pid: 7|app: 0|req: 970/1752] 10.0.0.40 () {32 vars in 725 bytes} [Wed Apr 29 16:27:35 2026] DELETE /v2.0/networks/c40b7da8-a214-4617-816b-2c6a16a0c68f => generated 0 bytes in 270 msecs (HTTP/1.1 204) 3 headers in 131 bytes (1 switches on core 0) [pid: 8|app: 0|req: 783/1753] 10.0.0.40 () {34 vars in 788 bytes} [Wed Apr 29 16:27:35 2026] PUT /v2.0/routers/da9a26d6-e9da-48c8-8dc1-0720caaeb0c5/remove_router_interface => generated 309 bytes in 604 msecs (HTTP/1.1 200) 4 headers in 157 bytes (1 switches on core 0) /var/lib/openstack/lib/python3.12/site-packages/pycadf/identifier.py:70: UserWarning: Invalid uuid: neutron. To ensure interoperability, identifiers should be a valid uuid. warnings.warn(('Invalid uuid: %s. To ensure interoperability, ' [pid: 7|app: 0|req: 971/1754] 10.0.0.40 () {32 vars in 739 bytes} [Wed Apr 29 16:27:36 2026] DELETE /v2.0/security-groups/cd36d764-5007-4693-8f24-a79dff7f5d45 => generated 0 bytes in 92 msecs (HTTP/1.1 204) 2 headers in 112 bytes (1 switches on core 0) [pid: 7|app: 0|req: 972/1755] 10.0.0.40 () {32 vars in 735 bytes} [Wed Apr 29 16:27:36 2026] GET /v2.0/ports?device_id=da9a26d6-e9da-48c8-8dc1-0720caaeb0c5 => generated 12 bytes in 13 msecs (HTTP/1.1 200) 4 headers in 156 bytes (1 switches on core 0) [pid: 7|app: 0|req: 973/1756] 10.0.0.40 () {32 vars in 662 bytes} [Wed Apr 29 16:27:36 2026] GET /v2.0/security-groups => generated 2925 bytes in 23 msecs (HTTP/1.1 200) 4 headers in 158 bytes (1 switches on core 0)
2026-04-29 16:27:36.315 8 INFO neutron_taas.services.taas.taas_plugin [None req-2130972b-7f72-477f-b901-bb906a09e330 387ebfb75c4845579b45133799dc6875 94096d89277440749e96d090643e6dbb - - default default] TaaS: Handle Delete Port: 15bf09a1-edfc-4856-a2de-d7330d03ab76
2026-04-29 16:27:36.317 8 INFO neutron_taas.services.taas.tap_mirror_plugin [None req-2130972b-7f72-477f-b901-bb906a09e330 387ebfb75c4845579b45133799dc6875 94096d89277440749e96d090643e6dbb - - default default] Tap Mirror: Handle Delete Port: 15bf09a1-edfc-4856-a2de-d7330d03ab76 [pid: 7|app: 0|req: 974/1757] 10.0.0.40 () {32 vars in 723 bytes} [Wed Apr 29 16:27:36 2026] DELETE /v2.0/routers/da9a26d6-e9da-48c8-8dc1-0720caaeb0c5 => generated 0 bytes in 170 msecs (HTTP/1.1 204) 2 headers in 112 bytes (1 switches on core 0)
2026-04-29 16:27:36.455 7 INFO neutron.api.v2.resource [None req-39b601a1-91f1-4be7-8a5f-4b66b814fa73 6da335030f2248fb803124a75ab2f444 fa9bfed0e3a64f14969c59370b4eb37f - - default default] delete failed (client error): The resource could not be found. [pid: 7|app: 0|req: 975/1758] 10.0.0.40 () {32 vars in 739 bytes} [Wed Apr 29 16:27:36 2026] DELETE /v2.0/security-groups/cd36d764-5007-4693-8f24-a79dff7f5d45 => generated 146 bytes in 10 msecs (HTTP/1.1 404) 4 headers in 164 bytes (1 switches on core 0)
2026-04-29 16:27:36.482 8 INFO neutron.services.segments.plugin [-] Segment e1539eb7-1d87-4454-aa1d-cdfbc112d876 resource provider aggregate not found
2026-04-29 16:27:36.488 8 INFO neutron.services.segments.plugin [-] Segment e1539eb7-1d87-4454-aa1d-cdfbc112d876 resource provider aggregate not found
2026-04-29 16:27:36.504 8 INFO neutron.services.segments.plugin [-] Segment e1539eb7-1d87-4454-aa1d-cdfbc112d876 resource provider not found; error: Placement Client Error (4xx): {"errors": [{"status": 404, "title": "Not Found", "detail": "The resource could not be found.\n\n No resource provider with uuid e1539eb7-1d87-4454-aa1d-cdfbc112d876 found for delete ", "request_id": "req-eee45c2c-203b-4491-9bcf-ea2fc6da86ba"}]}
2026-04-29 16:27:36.536 8 INFO neutron.services.segments.plugin [-] Segment e1539eb7-1d87-4454-aa1d-cdfbc112d876 resource provider not found; error: Placement Client Error (4xx): {"errors": [{"status": 404, "title": "Not Found", "detail": "The resource could not be found.\n\n No resource provider with uuid e1539eb7-1d87-4454-aa1d-cdfbc112d876 found for delete ", "request_id": "req-f8057416-021c-4b61-b5cb-84703452ce21"}]} [pid: 8|app: 0|req: 784/1759] 10.0.0.40 () {32 vars in 725 bytes} [Wed Apr 29 16:27:36 2026] DELETE /v2.0/networks/de287dcd-2164-48e4-8a33-42d4c4a7b8b9 => generated 0 bytes in 348 msecs (HTTP/1.1 204) 3 headers in 131 bytes (1 switches on core 0) [pid: 7|app: 0|req: 976/1760] 10.0.0.40 () {32 vars in 723 bytes} [Wed Apr 29 16:27:36 2026] DELETE /v2.0/subnets/f5587a41-085e-4d54-9a1a-abbef4ffd7e0 => generated 0 bytes in 165 msecs (HTTP/1.1 204) 3 headers in 131 bytes (1 switches on core 0)
2026-04-29 16:27:36.658 8 INFO neutron.db.ovn_revision_numbers_db [None req-f58f16db-887d-4b31-a617-560c2d5c7974 6da335030f2248fb803124a75ab2f444 fa9bfed0e3a64f14969c59370b4eb37f - - default default] Successfully bumped revision number for resource 09b72ed8-0f81-4de9-bbd5-f6c1561c5c14 (type: security_groups) to 1
2026-04-29 16:27:36.668 8 INFO neutron.db.ovn_revision_numbers_db [None req-f58f16db-887d-4b31-a617-560c2d5c7974 6da335030f2248fb803124a75ab2f444 fa9bfed0e3a64f14969c59370b4eb37f - - default default] Successfully bumped revision number for resource b128f37e-7964-4ccd-9ebf-a0da1d89c530 (type: security_group_rules) to 0
2026-04-29 16:27:36.680 8 INFO neutron.db.ovn_revision_numbers_db [None req-f58f16db-887d-4b31-a617-560c2d5c7974 6da335030f2248fb803124a75ab2f444 fa9bfed0e3a64f14969c59370b4eb37f - - default default] Successfully bumped revision number for resource c788441d-663a-453b-a8bc-5497d2c614bd (type: security_group_rules) to 0 [pid: 8|app: 0|req: 785/1761] 10.0.0.40 () {34 vars in 683 bytes} [Wed Apr 29 16:27:36 2026] POST /v2.0/security-groups => generated 1625 bytes in 170 msecs (HTTP/1.1 201) 4 headers in 163 bytes (1 switches on core 0)
2026-04-29 16:27:36.728 7 INFO neutron_taas.services.taas.taas_plugin [None req-9f48b862-ac0e-4642-8fd2-494e08758340 387ebfb75c4845579b45133799dc6875 94096d89277440749e96d090643e6dbb - - default default] TaaS: Handle Delete Port: d246f6ab-bf0e-43aa-9853-15583c291c4e
2026-04-29 16:27:36.730 7 INFO neutron_taas.services.taas.tap_mirror_plugin [None req-9f48b862-ac0e-4642-8fd2-494e08758340 387ebfb75c4845579b45133799dc6875 94096d89277440749e96d090643e6dbb - - default default] Tap Mirror: Handle Delete Port: d246f6ab-bf0e-43aa-9853-15583c291c4e
2026-04-29 16:27:36.842 8 INFO neutron_taas.services.taas.taas_plugin [None req-d58d585a-dde4-4469-bd54-a6634db19d39 db1fcdffda3d4b5ab2a089e17c6e8ea2 a884358892274f3e8bc8e3f36624dc4b - - default default] TaaS: Handle Delete Port: 87cba41c-f414-4cb4-9415-c281848b7c32
2026-04-29 16:27:36.845 8 INFO neutron_taas.services.taas.tap_mirror_plugin [None req-d58d585a-dde4-4469-bd54-a6634db19d39 db1fcdffda3d4b5ab2a089e17c6e8ea2 a884358892274f3e8bc8e3f36624dc4b - - default default] Tap Mirror: Handle Delete Port: 87cba41c-f414-4cb4-9415-c281848b7c32 [pid: 7|app: 0|req: 977/1762] 10.0.0.40 () {32 vars in 725 bytes} [Wed Apr 29 16:27:36 2026] DELETE /v2.0/networks/39f3b5b3-0a43-4225-991d-9107219221ca => generated 0 bytes in 365 msecs (HTTP/1.1 204) 3 headers in 131 bytes (1 switches on core 0) [pid: 8|app: 0|req: 786/1763] 10.0.0.40 () {32 vars in 725 bytes} [Wed Apr 29 16:27:36 2026] DELETE /v2.0/networks/a1669bd5-c04e-4d0d-8ba9-13e843074876 => generated 0 bytes in 338 msecs (HTTP/1.1 204) 3 headers in 131 bytes (1 switches on core 0)
2026-04-29 16:27:37.132 7 INFO neutron.db.ovn_revision_numbers_db [None req-aa205dfc-17ce-46cc-b8ee-6f67787a2c84 6da335030f2248fb803124a75ab2f444 fa9bfed0e3a64f14969c59370b4eb37f - - default default] Successfully bumped revision number for resource 0784f827-a0b9-4241-b7eb-ff812b66e413 (type: security_group_rules) to 0 [pid: 7|app: 0|req: 978/1764] 10.0.0.40 () {34 vars in 694 bytes} [Wed Apr 29 16:27:36 2026] POST /v2.0/security-group-rules => generated 601 bytes in 173 msecs (HTTP/1.1 201) 4 headers in 162 bytes (1 switches on core 0)
2026-04-29 16:27:37.478 8 WARNING neutron.scheduler.dhcp_agent_scheduler [None req-38016b52-5980-4488-801f-191932603b1f db1fcdffda3d4b5ab2a089e17c6e8ea2 a884358892274f3e8bc8e3f36624dc4b - - default default] No more DHCP agents
2026-04-29 16:27:37.479 8 WARNING neutron.api.rpc.agentnotifiers.dhcp_rpc_agent_api [None req-38016b52-5980-4488-801f-191932603b1f db1fcdffda3d4b5ab2a089e17c6e8ea2 a884358892274f3e8bc8e3f36624dc4b - - default default] Unable to schedule network 6a647f15-8e2f-40e8-8b74-38ed4d37338e: no agents available; will retry on subsequent port and subnet creation events.
2026-04-29 16:27:37.517 7 INFO neutron.db.ovn_revision_numbers_db [None req-bb59a17a-042a-4e65-a842-1ad374c97972 f576ce26115145339afb50d8286c2ee4 3a79143f0361410ebbe5b2c719b63eb2 - - default default] Successfully bumped revision number for resource 9712560d-76e2-42b5-9914-0e86a9907bb6 (type: security_groups) to 1
2026-04-29 16:27:37.536 7 INFO neutron.db.ovn_revision_numbers_db [None req-bb59a17a-042a-4e65-a842-1ad374c97972 f576ce26115145339afb50d8286c2ee4 3a79143f0361410ebbe5b2c719b63eb2 - - default default] Successfully bumped revision number for resource 2c967463-7a6d-40e0-9bd9-e86511ec43d6 (type: security_group_rules) to 0
2026-04-29 16:27:37.552 7 INFO neutron.db.ovn_revision_numbers_db [None req-bb59a17a-042a-4e65-a842-1ad374c97972 f576ce26115145339afb50d8286c2ee4 3a79143f0361410ebbe5b2c719b63eb2 - - default default] Successfully bumped revision number for resource 6b3ad392-8dbd-4156-b35f-9ab20d5c4bda (type: security_group_rules) to 0
2026-04-29 16:27:37.567 7 INFO neutron.db.ovn_revision_numbers_db [None req-bb59a17a-042a-4e65-a842-1ad374c97972 f576ce26115145339afb50d8286c2ee4 3a79143f0361410ebbe5b2c719b63eb2 - - default default] Successfully bumped revision number for resource 7f0bba65-f6d0-4f57-afc6-51cdb179a76c (type: security_group_rules) to 0
2026-04-29 16:27:37.580 7 INFO neutron.db.ovn_revision_numbers_db [None req-bb59a17a-042a-4e65-a842-1ad374c97972 f576ce26115145339afb50d8286c2ee4 3a79143f0361410ebbe5b2c719b63eb2 - - default default] Successfully bumped revision number for resource 84e8ec2f-de84-4e25-83e7-054ac638b70e (type: security_group_rules) to 0
2026-04-29 16:27:37.605 8 INFO neutron.plugins.ml2.drivers.ovn.mech_driver.mech_driver [None req-18841c25-7214-4d01-87de-d722aaee7856 - - - - - -] OVN reports status down for port: 71a90286-cb9d-4678-82da-9c9519be718d
2026-04-29 16:27:37.653 8 INFO neutron.db.ovn_revision_numbers_db [None req-38016b52-5980-4488-801f-191932603b1f db1fcdffda3d4b5ab2a089e17c6e8ea2 a884358892274f3e8bc8e3f36624dc4b - - default default] Successfully bumped revision number for resource 71a90286-cb9d-4678-82da-9c9519be718d (type: ports) to 1
2026-04-29 16:27:37.694 7 INFO neutron.db.segments_db [None req-bb59a17a-042a-4e65-a842-1ad374c97972 f576ce26115145339afb50d8286c2ee4 3a79143f0361410ebbe5b2c719b63eb2 - - default default] Added segment 32944978-c5bd-4353-9e3b-1881b7824f7e of type geneve for network cbe24c9c-65c6-452a-928e-7f2f02ac0231
2026-04-29 16:27:37.736 7 INFO neutron.services.segments.plugin [-] Segment 6a76c4d7-834f-4f64-8c02-a21d619cf628 resource provider aggregate not found
2026-04-29 16:27:37.741 7 INFO neutron.services.segments.plugin [-] Segment 6a76c4d7-834f-4f64-8c02-a21d619cf628 resource provider aggregate not found
2026-04-29 16:27:37.756 7 INFO neutron.services.segments.plugin [-] Segment 6a76c4d7-834f-4f64-8c02-a21d619cf628 resource provider not found; error: Placement Client Error (4xx): {"errors": [{"status": 404, "title": "Not Found", "detail": "The resource could not be found.\n\n No resource provider with uuid 6a76c4d7-834f-4f64-8c02-a21d619cf628 found for delete ", "request_id": "req-da8f6801-3080-4623-9003-561325f53c88"}]}
2026-04-29 16:27:37.765 7 INFO neutron.services.segments.plugin [-] Segment 6a76c4d7-834f-4f64-8c02-a21d619cf628 resource provider not found; error: Placement Client Error (4xx): {"errors": [{"status": 404, "title": "Not Found", "detail": "The resource could not be found.\n\n No resource provider with uuid 6a76c4d7-834f-4f64-8c02-a21d619cf628 found for delete ", "request_id": "req-5c35ace8-c0bb-4d8b-bfb1-60f4525c1376"}]}
2026-04-29 16:27:37.784 7 INFO neutron.services.segments.plugin [-] Segment 23d3a82e-9f8c-4401-b8ec-983948cec442 resource provider aggregate not found
2026-04-29 16:27:37.790 7 INFO neutron.services.segments.plugin [-] Segment 23d3a82e-9f8c-4401-b8ec-983948cec442 resource provider aggregate not found
2026-04-29 16:27:37.805 7 INFO neutron.services.segments.plugin [-] Segment 23d3a82e-9f8c-4401-b8ec-983948cec442 resource provider not found; error: Placement Client Error (4xx): {"errors": [{"status": 404, "title": "Not Found", "detail": "The resource could not be found.\n\n No resource provider with uuid 23d3a82e-9f8c-4401-b8ec-983948cec442 found for delete ", "request_id": "req-7f44801b-319e-4f44-899b-0bc97a3785d1"}]}
2026-04-29 16:27:37.811 7 INFO neutron.services.segments.plugin [-] Segment 23d3a82e-9f8c-4401-b8ec-983948cec442 resource provider not found; error: Placement Client Error (4xx): {"errors": [{"status": 404, "title": "Not Found", "detail": "The resource could not be found.\n\n No resource provider with uuid 23d3a82e-9f8c-4401-b8ec-983948cec442 found for delete ", "request_id": "req-e17d2239-ce1d-4eb4-8503-019da1fa2cfa"}]}
2026-04-29 16:27:37.818 7 INFO neutron.services.segments.plugin [-] Segment aa932a73-d7e2-4e34-810f-09f6b4e1a27e resource provider aggregate not found
2026-04-29 16:27:37.830 7 INFO neutron.services.segments.plugin [-] Segment aa932a73-d7e2-4e34-810f-09f6b4e1a27e resource provider aggregate not found
2026-04-29 16:27:37.833 7 INFO neutron.services.segments.plugin [-] Segment aa932a73-d7e2-4e34-810f-09f6b4e1a27e resource provider not found; error: Placement Client Error (4xx): {"errors": [{"status": 404, "title": "Not Found", "detail": "The resource could not be found.\n\n No resource provider with uuid aa932a73-d7e2-4e34-810f-09f6b4e1a27e found for delete ", "request_id": "req-1b7ebfe3-9070-4e1f-a019-4cb803c4240c"}]}
2026-04-29 16:27:37.842 7 INFO neutron.services.segments.plugin [-] Segment aa932a73-d7e2-4e34-810f-09f6b4e1a27e resource provider not found; error: Placement Client Error (4xx): {"errors": [{"status": 404, "title": "Not Found", "detail": "The resource could not be found.\n\n No resource provider with uuid aa932a73-d7e2-4e34-810f-09f6b4e1a27e found for delete ", "request_id": "req-08c1ddc0-a3be-4f64-bf19-b9467f69e5b1"}]}
2026-04-29 16:27:37.865 7 INFO neutron.db.ovn_revision_numbers_db [None req-bb59a17a-042a-4e65-a842-1ad374c97972 f576ce26115145339afb50d8286c2ee4 3a79143f0361410ebbe5b2c719b63eb2 - - default default] Successfully bumped revision number for resource cbe24c9c-65c6-452a-928e-7f2f02ac0231 (type: networks) to 1
2026-04-29 16:27:38.020 7 WARNING neutron.scheduler.dhcp_agent_scheduler [None req-bb59a17a-042a-4e65-a842-1ad374c97972 f576ce26115145339afb50d8286c2ee4 3a79143f0361410ebbe5b2c719b63eb2 - - default default] No more DHCP agents
2026-04-29 16:27:38.022 7 WARNING neutron.api.rpc.agentnotifiers.dhcp_rpc_agent_api [None req-bb59a17a-042a-4e65-a842-1ad374c97972 f576ce26115145339afb50d8286c2ee4 3a79143f0361410ebbe5b2c719b63eb2 - - default default] Unable to schedule network cbe24c9c-65c6-452a-928e-7f2f02ac0231: no agents available; will retry on subsequent port and subnet creation events.
2026-04-29 16:27:38.110 7 INFO neutron.db.ovn_revision_numbers_db [None req-bb59a17a-042a-4e65-a842-1ad374c97972 f576ce26115145339afb50d8286c2ee4 3a79143f0361410ebbe5b2c719b63eb2 - - default default] Successfully bumped revision number for resource 88b23238-5725-4e1e-ac5e-0f1a5828a16d (type: ports) to 1 [pid: 7|app: 0|req: 979/1765] 10.0.0.40 () {34 vars in 669 bytes} [Wed Apr 29 16:27:37 2026] POST /v2.0/networks => generated 649 bytes in 971 msecs (HTTP/1.1 201) 4 headers in 162 bytes (1 switches on core 0) [pid: 7|app: 0|req: 980/1766] 10.0.0.40 () {32 vars in 746 bytes} [Wed Apr 29 16:27:38 2026] GET /v2.0/security-group-rules/0784f827-a0b9-4241-b7eb-ff812b66e413 => generated 601 bytes in 17 msecs (HTTP/1.1 200) 4 headers in 157 bytes (1 switches on core 0)
2026-04-29 16:27:38.253 8 INFO neutron.plugins.ml2.drivers.ovn.mech_driver.ovsdb.commands [None req-395816ae-c170-477a-941f-b9542b1a5c02 - - - - - -] Schedule LRP lrp-71a90286-cb9d-4678-82da-9c9519be718d on gateway e33d3d7c-bc7d-4803-804f-c0f2a3d4ac70 with priority 1
2026-04-29 16:27:38.284 8 INFO neutron.plugins.ml2.drivers.ovn.mech_driver.mech_driver [None req-18841c25-7214-4d01-87de-d722aaee7856 - - - - - -] OVN reports status up for port: 71a90286-cb9d-4678-82da-9c9519be718d
2026-04-29 16:27:38.303 8 INFO neutron.plugins.ml2.plugin [None req-18841c25-7214-4d01-87de-d722aaee7856 - - - - - -] Attempt 1 to provision port 71a90286-cb9d-4678-82da-9c9519be718d
2026-04-29 16:27:38.349 8 INFO neutron.db.ovn_revision_numbers_db [None req-38016b52-5980-4488-801f-191932603b1f db1fcdffda3d4b5ab2a089e17c6e8ea2 a884358892274f3e8bc8e3f36624dc4b - - default default] Successfully bumped revision number for resource 71a90286-cb9d-4678-82da-9c9519be718d (type: router_ports) to 1
2026-04-29 16:27:38.410 7 INFO neutron.db.ovn_revision_numbers_db [None req-ce9abc8d-4899-4ae6-b893-06e29723724e a99cb9a3ab6542e8872af18b4666f3ca 1303eeb0bcf246399086ad78629c6d7b - - default default] Successfully bumped revision number for resource 008be3ba-ea7f-4f57-b296-a887c86c3b20 (type: security_groups) to 1
2026-04-29 16:27:38.421 7 INFO neutron.db.ovn_revision_numbers_db [None req-ce9abc8d-4899-4ae6-b893-06e29723724e a99cb9a3ab6542e8872af18b4666f3ca 1303eeb0bcf246399086ad78629c6d7b - - default default] Successfully bumped revision number for resource 6ffd17d0-2d28-4246-9f2e-ec0751a83caf (type: security_group_rules) to 0
2026-04-29 16:27:38.432 7 INFO neutron.db.ovn_revision_numbers_db [None req-ce9abc8d-4899-4ae6-b893-06e29723724e a99cb9a3ab6542e8872af18b4666f3ca 1303eeb0bcf246399086ad78629c6d7b - - default default] Successfully bumped revision number for resource d5448187-83fd-4bac-9979-35661ceb2e87 (type: security_group_rules) to 0
2026-04-29 16:27:38.442 7 INFO neutron.db.ovn_revision_numbers_db [None req-ce9abc8d-4899-4ae6-b893-06e29723724e a99cb9a3ab6542e8872af18b4666f3ca 1303eeb0bcf246399086ad78629c6d7b - - default default] Successfully bumped revision number for resource f25c84b8-4ddd-4d57-a40b-ab1ae57c30b5 (type: security_group_rules) to 0
2026-04-29 16:27:38.453 7 INFO neutron.db.ovn_revision_numbers_db [None req-ce9abc8d-4899-4ae6-b893-06e29723724e a99cb9a3ab6542e8872af18b4666f3ca 1303eeb0bcf246399086ad78629c6d7b - - default default] Successfully bumped revision number for resource f2b956ba-0ec3-4175-bd92-4d1ec96a4411 (type: security_group_rules) to 0
2026-04-29 16:27:38.468 8 INFO neutron.db.ovn_revision_numbers_db [None req-38016b52-5980-4488-801f-191932603b1f db1fcdffda3d4b5ab2a089e17c6e8ea2 a884358892274f3e8bc8e3f36624dc4b - - default default] Successfully bumped revision number for resource f14b7298-1bba-4167-b2ef-c1fb6dcb2595 (type: routers) to 2 [pid: 8|app: 0|req: 787/1767] 10.0.0.40 () {34 vars in 668 bytes} [Wed Apr 29 16:27:37 2026] POST /v2.0/routers => generated 951 bytes in 1416 msecs (HTTP/1.1 201) 4 headers in 162 bytes (1 switches on core 0) [pid: 7|app: 0|req: 981/1768] 10.0.0.40 () {32 vars in 773 bytes} [Wed Apr 29 16:27:38 2026] GET /v2.0/security-groups?tenant_id=8b9fe739eb974941a4ebc9d930fbd9ae&name=default => generated 2925 bytes in 337 msecs (HTTP/1.1 200) 4 headers in 158 bytes (1 switches on core 0)
2026-04-29 16:27:38.522 8 INFO neutron.services.segments.plugin [-] Segment f787a71f-00db-4c6a-8716-f7aa457eab79 resource provider aggregate not found
2026-04-29 16:27:38.541 8 INFO neutron.services.segments.plugin [-] Segment f787a71f-00db-4c6a-8716-f7aa457eab79 resource provider not found; error: Placement Client Error (4xx): {"errors": [{"status": 404, "title": "Not Found", "detail": "The resource could not be found.\n\n No resource provider with uuid f787a71f-00db-4c6a-8716-f7aa457eab79 found for delete ", "request_id": "req-03fb5494-1c72-4295-af15-ce6d1691a11e"}]} [pid: 7|app: 0|req: 982/1769] 10.0.0.40 () {32 vars in 672 bytes} [Wed Apr 29 16:27:38 2026] GET /v2.0/security-group-rules => generated 4138 bytes in 57 msecs (HTTP/1.1 200) 4 headers in 158 bytes (1 switches on core 0)
2026-04-29 16:27:38.550 8 INFO neutron.services.segments.plugin [-] Segment f787a71f-00db-4c6a-8716-f7aa457eab79 resource provider aggregate not found
2026-04-29 16:27:38.567 8 INFO neutron.services.segments.plugin [-] Segment f787a71f-00db-4c6a-8716-f7aa457eab79 resource provider not found; error: Placement Client Error (4xx): {"errors": [{"status": 404, "title": "Not Found", "detail": "The resource could not be found.\n\n No resource provider with uuid f787a71f-00db-4c6a-8716-f7aa457eab79 found for delete ", "request_id": "req-016b0617-ce8e-4faf-aef1-7096a6fb51da"}]}
2026-04-29 16:27:38.573 8 INFO neutron.db.segments_db [None req-4523d4eb-6e24-4147-9769-625720049ef9 f576ce26115145339afb50d8286c2ee4 3a79143f0361410ebbe5b2c719b63eb2 - - default default] Added segment 2a187551-e652-483d-bc47-2644f7c7898b of type geneve for network fa8b073d-b646-4e9b-892e-25869d5dc3a7 [pid: 7|app: 0|req: 983/1770] 10.0.0.40 () {32 vars in 720 bytes} [Wed Apr 29 16:27:38 2026] GET /v2.0/routers/f14b7298-1bba-4167-b2ef-c1fb6dcb2595 => generated 957 bytes in 42 msecs (HTTP/1.1 200) 4 headers in 157 bytes (1 switches on core 0)
2026-04-29 16:27:38.672 8 INFO neutron.db.ovn_revision_numbers_db [None req-4523d4eb-6e24-4147-9769-625720049ef9 f576ce26115145339afb50d8286c2ee4 3a79143f0361410ebbe5b2c719b63eb2 - - default default] Successfully bumped revision number for resource fa8b073d-b646-4e9b-892e-25869d5dc3a7 (type: networks) to 1
2026-04-29 16:27:38.835 8 WARNING neutron.scheduler.dhcp_agent_scheduler [None req-4523d4eb-6e24-4147-9769-625720049ef9 f576ce26115145339afb50d8286c2ee4 3a79143f0361410ebbe5b2c719b63eb2 - - default default] No more DHCP agents
2026-04-29 16:27:38.836 8 WARNING neutron.api.rpc.agentnotifiers.dhcp_rpc_agent_api [None req-4523d4eb-6e24-4147-9769-625720049ef9 f576ce26115145339afb50d8286c2ee4 3a79143f0361410ebbe5b2c719b63eb2 - - default default] Unable to schedule network fa8b073d-b646-4e9b-892e-25869d5dc3a7: no agents available; will retry on subsequent port and subnet creation events. [pid: 7|app: 0|req: 984/1771] 10.0.0.40 () {32 vars in 739 bytes} [Wed Apr 29 16:27:38 2026] DELETE /v2.0/security-groups/008be3ba-ea7f-4f57-b296-a887c86c3b20 => generated 0 bytes in 250 msecs (HTTP/1.1 204) 2 headers in 112 bytes (1 switches on core 0)
2026-04-29 16:27:38.912 8 INFO neutron.db.ovn_revision_numbers_db [None req-4523d4eb-6e24-4147-9769-625720049ef9 f576ce26115145339afb50d8286c2ee4 3a79143f0361410ebbe5b2c719b63eb2 - - default default] Successfully bumped revision number for resource d130748f-6acd-4d15-8f1e-3a74cc36389a (type: ports) to 1 [pid: 8|app: 0|req: 788/1772] 10.0.0.40 () {34 vars in 669 bytes} [Wed Apr 29 16:27:38 2026] POST /v2.0/networks => generated 648 bytes in 450 msecs (HTTP/1.1 201) 4 headers in 162 bytes (1 switches on core 0) [pid: 7|app: 0|req: 985/1773] 10.0.0.40 () {32 vars in 749 bytes} [Wed Apr 29 16:27:38 2026] DELETE /v2.0/security-group-rules/0784f827-a0b9-4241-b7eb-ff812b66e413 => generated 0 bytes in 141 msecs (HTTP/1.1 204) 2 headers in 112 bytes (1 switches on core 0) [pid: 8|app: 0|req: 789/1774] 10.0.0.40 () {32 vars in 646 bytes} [Wed Apr 29 16:27:38 2026] GET /v2.0/routers => generated 960 bytes in 86 msecs (HTTP/1.1 200) 4 headers in 157 bytes (1 switches on core 0)
2026-04-29 16:27:39.114 8 INFO neutron.db.ovn_revision_numbers_db [None req-208c076f-880a-4685-8a80-2a26d4b186ee a99cb9a3ab6542e8872af18b4666f3ca 1303eeb0bcf246399086ad78629c6d7b - - default default] Successfully bumped revision number for resource 7ede81df-5775-42d0-8dd4-b7e935e1f994 (type: security_groups) to 1
2026-04-29 16:27:39.126 8 INFO neutron.db.ovn_revision_numbers_db [None req-208c076f-880a-4685-8a80-2a26d4b186ee a99cb9a3ab6542e8872af18b4666f3ca 1303eeb0bcf246399086ad78629c6d7b - - default default] Successfully bumped revision number for resource 2a42e708-768b-4f54-ac2c-a773115acc06 (type: security_group_rules) to 0
2026-04-29 16:27:39.135 8 INFO neutron.db.ovn_revision_numbers_db [None req-208c076f-880a-4685-8a80-2a26d4b186ee a99cb9a3ab6542e8872af18b4666f3ca 1303eeb0bcf246399086ad78629c6d7b - - default default] Successfully bumped revision number for resource 3cc28c16-0be8-4153-a3b7-d6caba051c10 (type: security_group_rules) to 0
2026-04-29 16:27:39.146 8 INFO neutron.db.ovn_revision_numbers_db [None req-208c076f-880a-4685-8a80-2a26d4b186ee a99cb9a3ab6542e8872af18b4666f3ca 1303eeb0bcf246399086ad78629c6d7b - - default default] Successfully bumped revision number for resource 60298853-8962-4657-96c3-1c232e1fd650 (type: security_group_rules) to 0
2026-04-29 16:27:39.156 8 INFO neutron.db.ovn_revision_numbers_db [None req-208c076f-880a-4685-8a80-2a26d4b186ee a99cb9a3ab6542e8872af18b4666f3ca 1303eeb0bcf246399086ad78629c6d7b - - default default] Successfully bumped revision number for resource 962da20e-2819-4f18-9e20-b06237d129af (type: security_group_rules) to 0
2026-04-29 16:27:39.168 7 WARNING neutron.scheduler.dhcp_agent_scheduler [None req-a14709b8-5e7f-4267-8b43-90af7c5e6862 f576ce26115145339afb50d8286c2ee4 3a79143f0361410ebbe5b2c719b63eb2 - - default default] No more DHCP agents
2026-04-29 16:27:39.169 7 WARNING neutron.api.rpc.agentnotifiers.dhcp_rpc_agent_api [None req-a14709b8-5e7f-4267-8b43-90af7c5e6862 f576ce26115145339afb50d8286c2ee4 3a79143f0361410ebbe5b2c719b63eb2 - - default default] Unable to schedule network cbe24c9c-65c6-452a-928e-7f2f02ac0231: no agents available; will retry on subsequent port and subnet creation events. [pid: 8|app: 0|req: 790/1775] 10.0.0.40 () {32 vars in 773 bytes} [Wed Apr 29 16:27:39 2026] GET /v2.0/security-groups?tenant_id=54b939ac9050419b8afec9e4110f7fba&name=default => generated 2925 bytes in 166 msecs (HTTP/1.1 200) 4 headers in 158 bytes (1 switches on core 0) [pid: 8|app: 0|req: 791/1776] 10.0.0.40 () {32 vars in 672 bytes} [Wed Apr 29 16:27:39 2026] GET /v2.0/security-group-rules => generated 3560 bytes in 55 msecs (HTTP/1.1 200) 4 headers in 158 bytes (1 switches on core 0)
2026-04-29 16:27:39.593 7 INFO neutron.db.ovn_revision_numbers_db [None req-54cd7505-f917-4e31-880e-214354c0fef7 - - - - - -] Successfully bumped revision number for resource 88b23238-5725-4e1e-ac5e-0f1a5828a16d (type: ports) to 2
2026-04-29 16:27:39.619 7 INFO neutron.db.ovn_revision_numbers_db [None req-54cd7505-f917-4e31-880e-214354c0fef7 - - - - - -] Successfully bumped revision number for resource 0d5fc5b7-fb8a-4eec-8a23-6039c8a99a57 (type: subnets) to 0 [pid: 7|app: 0|req: 986/1777] 10.0.0.40 () {34 vars in 668 bytes} [Wed Apr 29 16:27:38 2026] POST /v2.0/subnets => generated 626 bytes in 657 msecs (HTTP/1.1 201) 4 headers in 162 bytes (1 switches on core 0) [pid: 7|app: 0|req: 987/1778] 10.0.0.40 () {32 vars in 739 bytes} [Wed Apr 29 16:27:39 2026] DELETE /v2.0/security-groups/7ede81df-5775-42d0-8dd4-b7e935e1f994 => generated 0 bytes in 259 msecs (HTTP/1.1 204) 2 headers in 112 bytes (1 switches on core 0)
2026-04-29 16:27:40.009 7 INFO neutron.db.ovn_revision_numbers_db [None req-686da8d3-9ff0-47af-92b4-3e40d6f44dc9 6da335030f2248fb803124a75ab2f444 fa9bfed0e3a64f14969c59370b4eb37f - - default default] Successfully bumped revision number for resource 2b285946-925c-4bdf-8b38-93ae19617aca (type: security_group_rules) to 0 [pid: 7|app: 0|req: 988/1779] 10.0.0.40 () {34 vars in 694 bytes} [Wed Apr 29 16:27:39 2026] POST /v2.0/security-group-rules => generated 601 bytes in 141 msecs (HTTP/1.1 201) 4 headers in 162 bytes (1 switches on core 0)
2026-04-29 16:27:40.044 8 INFO neutron.db.ovn_revision_numbers_db [None req-59e93625-be4c-44bc-b8e4-eccf7d4ea056 db1fcdffda3d4b5ab2a089e17c6e8ea2 a884358892274f3e8bc8e3f36624dc4b - - default default] Successfully bumped revision number for resource f14b7298-1bba-4167-b2ef-c1fb6dcb2595 (type: routers) to 3 [pid: 8|app: 0|req: 792/1780] 10.0.0.40 () {34 vars in 740 bytes} [Wed Apr 29 16:27:39 2026] PUT /v2.0/routers/f14b7298-1bba-4167-b2ef-c1fb6dcb2595 => generated 964 bytes in 810 msecs (HTTP/1.1 200) 4 headers in 157 bytes (1 switches on core 0) [pid: 8|app: 0|req: 793/1781] 10.0.0.40 () {32 vars in 746 bytes} [Wed Apr 29 16:27:40 2026] GET /v2.0/security-group-rules/2b285946-925c-4bdf-8b38-93ae19617aca => generated 601 bytes in 17 msecs (HTTP/1.1 200) 4 headers in 157 bytes (1 switches on core 0) [pid: 8|app: 0|req: 794/1782] 10.0.0.40 () {32 vars in 773 bytes} [Wed Apr 29 16:27:40 2026] GET /v2.0/security-groups?tenant_id=94096d89277440749e96d090643e6dbb&name=default => generated 2925 bytes in 23 msecs (HTTP/1.1 200) 4 headers in 158 bytes (1 switches on core 0) [pid: 8|app: 0|req: 795/1783] 10.0.0.40 () {32 vars in 720 bytes} [Wed Apr 29 16:27:40 2026] GET /v2.0/routers/f14b7298-1bba-4167-b2ef-c1fb6dcb2595 => generated 964 bytes in 60 msecs (HTTP/1.1 200) 4 headers in 157 bytes (1 switches on core 0)
2026-04-29 16:27:40.199 7 WARNING neutron.scheduler.dhcp_agent_scheduler [None req-d690fd87-96df-4f7e-b10c-c7871ec23928 f576ce26115145339afb50d8286c2ee4 3a79143f0361410ebbe5b2c719b63eb2 - - default default] No more DHCP agents
2026-04-29 16:27:40.200 7 WARNING neutron.api.rpc.agentnotifiers.dhcp_rpc_agent_api [None req-d690fd87-96df-4f7e-b10c-c7871ec23928 f576ce26115145339afb50d8286c2ee4 3a79143f0361410ebbe5b2c719b63eb2 - - default default] Unable to schedule network fa8b073d-b646-4e9b-892e-25869d5dc3a7: no agents available; will retry on subsequent port and subnet creation events. [pid: 8|app: 0|req: 796/1784] 10.0.0.40 () {32 vars in 672 bytes} [Wed Apr 29 16:27:40 2026] GET /v2.0/security-group-rules => generated 4138 bytes in 53 msecs (HTTP/1.1 200) 4 headers in 158 bytes (1 switches on core 0)
2026-04-29 16:27:40.221 7 WARNING neutron.plugins.ml2.drivers.ovn.mech_driver.ovsdb.ovn_client [None req-801143b9-024c-428a-8bea-04ce22843f4c - - - - - -] No port found with ID f95a246d-3b8a-4da7-8fe4-7c248d861cdf: RuntimeError: No port found with ID f95a246d-3b8a-4da7-8fe4-7c248d861cdf
2026-04-29 16:27:40.251 7 INFO neutron.plugins.ml2.drivers.ovn.mech_driver.mech_driver [None req-801143b9-024c-428a-8bea-04ce22843f4c - - - - - -] OVN reports status down for port: 88b23238-5725-4e1e-ac5e-0f1a5828a16d [pid: 8|app: 0|req: 797/1785] 10.0.0.40 () {32 vars in 739 bytes} [Wed Apr 29 16:27:40 2026] DELETE /v2.0/security-groups/0031fccd-3a7a-465d-a0a4-890ee6373cf3 => generated 0 bytes in 207 msecs (HTTP/1.1 204) 2 headers in 112 bytes (1 switches on core 0) [pid: 8|app: 0|req: 798/1786] 10.0.0.40 () {32 vars in 735 bytes} [Wed Apr 29 16:27:40 2026] GET /v2.0/ports?device_id=f14b7298-1bba-4167-b2ef-c1fb6dcb2595 => generated 12 bytes in 18 msecs (HTTP/1.1 200) 4 headers in 156 bytes (1 switches on core 0) [pid: 8|app: 0|req: 799/1787] 10.0.0.40 () {32 vars in 749 bytes} [Wed Apr 29 16:27:40 2026] DELETE /v2.0/security-group-rules/2b285946-925c-4bdf-8b38-93ae19617aca => generated 0 bytes in 111 msecs (HTTP/1.1 204) 2 headers in 112 bytes (1 switches on core 0)
2026-04-29 16:27:40.717 7 INFO neutron.db.ovn_revision_numbers_db [None req-2f545e69-9858-41ef-95c6-44c4c69b0d3b - - - - - -] Successfully bumped revision number for resource d130748f-6acd-4d15-8f1e-3a74cc36389a (type: ports) to 2
2026-04-29 16:27:40.749 7 INFO neutron.db.ovn_revision_numbers_db [None req-2f545e69-9858-41ef-95c6-44c4c69b0d3b - - - - - -] Successfully bumped revision number for resource 5978bf68-3260-4c17-aa0e-a14428ddd537 (type: subnets) to 0 [pid: 7|app: 0|req: 989/1788] 10.0.0.40 () {34 vars in 668 bytes} [Wed Apr 29 16:27:40 2026] POST /v2.0/subnets => generated 626 bytes in 741 msecs (HTTP/1.1 201) 4 headers in 162 bytes (1 switches on core 0) [pid: 7|app: 0|req: 990/1789] 10.0.0.40 () {32 vars in 672 bytes} [Wed Apr 29 16:27:40 2026] GET /v2.0/security-group-rules => generated 3560 bytes in 54 msecs (HTTP/1.1 200) 4 headers in 158 bytes (1 switches on core 0)
2026-04-29 16:27:40.846 8 INFO neutron_taas.services.taas.taas_plugin [None req-9c393051-ae04-481d-bb5c-a02c1e12b766 db1fcdffda3d4b5ab2a089e17c6e8ea2 a884358892274f3e8bc8e3f36624dc4b - - default default] TaaS: Handle Delete Port: 71a90286-cb9d-4678-82da-9c9519be718d
2026-04-29 16:27:40.849 8 INFO neutron_taas.services.taas.tap_mirror_plugin [None req-9c393051-ae04-481d-bb5c-a02c1e12b766 db1fcdffda3d4b5ab2a089e17c6e8ea2 a884358892274f3e8bc8e3f36624dc4b - - default default] Tap Mirror: Handle Delete Port: 71a90286-cb9d-4678-82da-9c9519be718d
2026-04-29 16:27:40.976 7 INFO neutron.db.ovn_revision_numbers_db [None req-9b353612-a234-49c4-8df4-9ee09f82d359 f576ce26115145339afb50d8286c2ee4 3a79143f0361410ebbe5b2c719b63eb2 - - default default] Successfully bumped revision number for resource 1e13bf8b-e7eb-43a5-a23c-93b2b385ca40 (type: routers) to 1 [pid: 7|app: 0|req: 991/1790] 10.0.0.40 () {34 vars in 668 bytes} [Wed Apr 29 16:27:40 2026] POST /v2.0/routers => generated 601 bytes in 159 msecs (HTTP/1.1 201) 4 headers in 162 bytes (1 switches on core 0)
2026-04-29 16:27:41.127 7 INFO neutron.db.ovn_revision_numbers_db [None req-838b21c5-628f-478e-91f6-155be8eb1efb 6da335030f2248fb803124a75ab2f444 fa9bfed0e3a64f14969c59370b4eb37f - - default default] Successfully bumped revision number for resource 2520b7a4-0c8b-42f0-a8ac-9cfd7d18d877 (type: security_group_rules) to 0 [pid: 7|app: 0|req: 992/1791] 10.0.0.40 () {34 vars in 694 bytes} [Wed Apr 29 16:27:40 2026] POST /v2.0/security-group-rules => generated 602 bytes in 167 msecs (HTTP/1.1 201) 4 headers in 162 bytes (1 switches on core 0) [pid: 8|app: 0|req: 800/1792] 10.0.0.40 () {32 vars in 723 bytes} [Wed Apr 29 16:27:40 2026] DELETE /v2.0/routers/f14b7298-1bba-4167-b2ef-c1fb6dcb2595 => generated 0 bytes in 698 msecs (HTTP/1.1 204) 2 headers in 112 bytes (1 switches on core 0) [pid: 8|app: 0|req: 801/1793] 10.0.0.40 () {32 vars in 746 bytes} [Wed Apr 29 16:27:41 2026] GET /v2.0/security-group-rules/2520b7a4-0c8b-42f0-a8ac-9cfd7d18d877 => generated 602 bytes in 12 msecs (HTTP/1.1 200) 4 headers in 157 bytes (1 switches on core 0) [pid: 8|app: 0|req: 802/1794] 10.0.0.40 () {32 vars in 735 bytes} [Wed Apr 29 16:27:41 2026] GET /v2.0/ports?device_id=f14b7298-1bba-4167-b2ef-c1fb6dcb2595 => generated 12 bytes in 12 msecs (HTTP/1.1 200) 4 headers in 156 bytes (1 switches on core 0) [pid: 8|app: 0|req: 803/1795] 10.0.0.40 () {32 vars in 672 bytes} [Wed Apr 29 16:27:41 2026] GET /v2.0/security-group-rules => generated 4139 bytes in 57 msecs (HTTP/1.1 200) 4 headers in 158 bytes (1 switches on core 0)
2026-04-29 16:27:41.347 8 INFO neutron.api.v2.resource [None req-4e3819e4-d5aa-4344-9285-5450144fb12b db1fcdffda3d4b5ab2a089e17c6e8ea2 a884358892274f3e8bc8e3f36624dc4b - - default default] delete failed (client error): The resource could not be found. [pid: 8|app: 0|req: 804/1796] 10.0.0.40 () {32 vars in 723 bytes} [Wed Apr 29 16:27:41 2026] DELETE /v2.0/routers/f14b7298-1bba-4167-b2ef-c1fb6dcb2595 => generated 135 bytes in 18 msecs (HTTP/1.1 404) 4 headers in 164 bytes (1 switches on core 0) [pid: 8|app: 0|req: 805/1797] 10.0.0.40 () {32 vars in 749 bytes} [Wed Apr 29 16:27:41 2026] DELETE /v2.0/security-group-rules/2520b7a4-0c8b-42f0-a8ac-9cfd7d18d877 => generated 0 bytes in 111 msecs (HTTP/1.1 204) 2 headers in 112 bytes (1 switches on core 0) [pid: 8|app: 0|req: 806/1798] 10.0.0.40 () {32 vars in 735 bytes} [Wed Apr 29 16:27:41 2026] GET /v2.0/ports?device_id=da9a26d6-e9da-48c8-8dc1-0720caaeb0c5 => generated 12 bytes in 14 msecs (HTTP/1.1 200) 4 headers in 156 bytes (1 switches on core 0) [pid: 8|app: 0|req: 807/1799] 10.0.0.40 () {32 vars in 672 bytes} [Wed Apr 29 16:27:41 2026] GET /v2.0/security-group-rules => generated 3560 bytes in 40 msecs (HTTP/1.1 200) 4 headers in 158 bytes (1 switches on core 0)
2026-04-29 16:27:41.529 8 INFO neutron.api.v2.resource [None req-802cad76-e520-4ee4-8e10-4581b9ac26d8 db1fcdffda3d4b5ab2a089e17c6e8ea2 a884358892274f3e8bc8e3f36624dc4b - - default default] delete failed (client error): The resource could not be found. [pid: 8|app: 0|req: 808/1800] 10.0.0.40 () {32 vars in 723 bytes} [Wed Apr 29 16:27:41 2026] DELETE /v2.0/routers/da9a26d6-e9da-48c8-8dc1-0720caaeb0c5 => generated 135 bytes in 13 msecs (HTTP/1.1 404) 4 headers in 164 bytes (1 switches on core 0)
2026-04-29 16:27:41.531 7 WARNING neutron.scheduler.dhcp_agent_scheduler [None req-eeeb87a5-2fb1-465f-9e32-60ea2f0fb2fa f576ce26115145339afb50d8286c2ee4 3a79143f0361410ebbe5b2c719b63eb2 - - default default] No more DHCP agents
2026-04-29 16:27:41.533 7 WARNING neutron.api.rpc.agentnotifiers.dhcp_rpc_agent_api [None req-eeeb87a5-2fb1-465f-9e32-60ea2f0fb2fa f576ce26115145339afb50d8286c2ee4 3a79143f0361410ebbe5b2c719b63eb2 - - default default] Unable to schedule network cbe24c9c-65c6-452a-928e-7f2f02ac0231: no agents available; will retry on subsequent port and subnet creation events. [pid: 8|app: 0|req: 809/1801] 10.0.0.40 () {32 vars in 739 bytes} [Wed Apr 29 16:27:41 2026] DELETE /v2.0/security-groups/09b72ed8-0f81-4de9-bbd5-f6c1561c5c14 => generated 0 bytes in 132 msecs (HTTP/1.1 204) 2 headers in 112 bytes (1 switches on core 0)
2026-04-29 16:27:41.677 8 INFO neutron.pecan_wsgi.hooks.translation [None req-f5dc823e-c0cc-445c-b7c5-654e9eff72e4 db1fcdffda3d4b5ab2a089e17c6e8ea2 a884358892274f3e8bc8e3f36624dc4b - - default default] DELETE failed (client error): The resource could not be found. [pid: 8|app: 0|req: 810/1802] 10.0.0.40 () {32 vars in 723 bytes} [Wed Apr 29 16:27:41 2026] DELETE /v2.0/subnets/f5587a41-085e-4d54-9a1a-abbef4ffd7e0 => generated 136 bytes in 17 msecs (HTTP/1.1 404) 4 headers in 164 bytes (1 switches on core 0)
2026-04-29 16:27:41.691 7 INFO neutron.db.ovn_revision_numbers_db [None req-eeeb87a5-2fb1-465f-9e32-60ea2f0fb2fa f576ce26115145339afb50d8286c2ee4 3a79143f0361410ebbe5b2c719b63eb2 - - default default] Successfully bumped revision number for resource 6c565f01-496e-42c8-81f1-4f30c85b1a2a (type: ports) to 1 [pid: 8|app: 0|req: 811/1803] 10.0.0.40 () {32 vars in 662 bytes} [Wed Apr 29 16:27:41 2026] GET /v2.0/security-groups => generated 2925 bytes in 28 msecs (HTTP/1.1 200) 4 headers in 158 bytes (1 switches on core 0) [pid: 8|app: 0|req: 812/1804] 10.0.0.40 () {32 vars in 735 bytes} [Wed Apr 29 16:27:41 2026] GET /v2.0/ports?device_id=d4cdef43-6c00-4ba5-922d-5499678e7771 => generated 12 bytes in 14 msecs (HTTP/1.1 200) 4 headers in 156 bytes (1 switches on core 0) [pid: 8|app: 0|req: 813/1805] 10.0.0.40 () {32 vars in 662 bytes} [Wed Apr 29 16:27:41 2026] GET /v2.0/security-groups => generated 2925 bytes in 26 msecs (HTTP/1.1 200) 4 headers in 158 bytes (1 switches on core 0)
2026-04-29 16:27:41.761 8 INFO neutron.api.v2.resource [None req-c38472f3-e5cd-4e6c-8d5f-66b1e1977304 db1fcdffda3d4b5ab2a089e17c6e8ea2 a884358892274f3e8bc8e3f36624dc4b - - default default] delete failed (client error): The resource could not be found. [pid: 8|app: 0|req: 814/1806] 10.0.0.40 () {32 vars in 723 bytes} [Wed Apr 29 16:27:41 2026] DELETE /v2.0/routers/d4cdef43-6c00-4ba5-922d-5499678e7771 => generated 135 bytes in 12 msecs (HTTP/1.1 404) 4 headers in 164 bytes (1 switches on core 0)
2026-04-29 16:27:41.780 8 INFO neutron.pecan_wsgi.hooks.translation [None req-7810c91e-0b99-469b-b218-0d4fac2dc51d db1fcdffda3d4b5ab2a089e17c6e8ea2 a884358892274f3e8bc8e3f36624dc4b - - default default] DELETE failed (client error): The resource could not be found. [pid: 8|app: 0|req: 815/1807] 10.0.0.40 () {32 vars in 723 bytes} [Wed Apr 29 16:27:41 2026] DELETE /v2.0/subnets/87014575-9fa7-4e22-b7c8-04f20faf9fd3 => generated 136 bytes in 16 msecs (HTTP/1.1 404) 4 headers in 164 bytes (1 switches on core 0) [pid: 8|app: 0|req: 816/1808] 10.0.0.40 () {32 vars in 735 bytes} [Wed Apr 29 16:27:41 2026] GET /v2.0/ports?device_id=8a8c830c-2eeb-42e4-a374-2e2033f69a81 => generated 12 bytes in 28 msecs (HTTP/1.1 200) 4 headers in 156 bytes (1 switches on core 0)
2026-04-29 16:27:41.839 8 INFO neutron.api.v2.resource [None req-5aadb49e-4dd3-4196-b4ad-d393dc01b225 db1fcdffda3d4b5ab2a089e17c6e8ea2 a884358892274f3e8bc8e3f36624dc4b - - default default] delete failed (client error): The resource could not be found. [pid: 8|app: 0|req: 817/1809] 10.0.0.40 () {32 vars in 723 bytes} [Wed Apr 29 16:27:41 2026] DELETE /v2.0/routers/8a8c830c-2eeb-42e4-a374-2e2033f69a81 => generated 135 bytes in 21 msecs (HTTP/1.1 404) 4 headers in 164 bytes (1 switches on core 0)
2026-04-29 16:27:41.860 8 INFO neutron.pecan_wsgi.hooks.translation [None req-5fe47995-c1ad-429c-80fc-3ea535aad754 db1fcdffda3d4b5ab2a089e17c6e8ea2 a884358892274f3e8bc8e3f36624dc4b - - default default] DELETE failed (client error): The resource could not be found. [pid: 8|app: 0|req: 818/1810] 10.0.0.40 () {32 vars in 723 bytes} [Wed Apr 29 16:27:41 2026] DELETE /v2.0/subnets/601fa6b2-fa90-408d-b489-c18f03ce074f => generated 136 bytes in 17 msecs (HTTP/1.1 404) 4 headers in 164 bytes (1 switches on core 0)
2026-04-29 16:27:41.879 8 INFO neutron.pecan_wsgi.hooks.translation [None req-62dc5224-8872-4e50-bb76-0fe58c3317a8 db1fcdffda3d4b5ab2a089e17c6e8ea2 a884358892274f3e8bc8e3f36624dc4b - - default default] DELETE failed (client error): The resource could not be found. [pid: 8|app: 0|req: 819/1811] 10.0.0.40 () {32 vars in 723 bytes} [Wed Apr 29 16:27:41 2026] DELETE /v2.0/subnets/a0e71a6b-d4cd-4c28-ab56-812eba90b60b => generated 136 bytes in 14 msecs (HTTP/1.1 404) 4 headers in 164 bytes (1 switches on core 0)
2026-04-29 16:27:42.141 7 WARNING neutron.scheduler.dhcp_agent_scheduler [None req-eeeb87a5-2fb1-465f-9e32-60ea2f0fb2fa f576ce26115145339afb50d8286c2ee4 3a79143f0361410ebbe5b2c719b63eb2 - - default default] No more DHCP agents
2026-04-29 16:27:42.142 7 WARNING neutron.api.rpc.agentnotifiers.dhcp_rpc_agent_api [None req-eeeb87a5-2fb1-465f-9e32-60ea2f0fb2fa f576ce26115145339afb50d8286c2ee4 3a79143f0361410ebbe5b2c719b63eb2 - - default default] Unable to schedule network cbe24c9c-65c6-452a-928e-7f2f02ac0231: no agents available; will retry on subsequent port and subnet creation events.
2026-04-29 16:27:42.281 7 INFO neutron.db.ovn_revision_numbers_db [None req-eeeb87a5-2fb1-465f-9e32-60ea2f0fb2fa f576ce26115145339afb50d8286c2ee4 3a79143f0361410ebbe5b2c719b63eb2 - - default default] Successfully bumped revision number for resource 6c565f01-496e-42c8-81f1-4f30c85b1a2a (type: router_ports) to 1 [pid: 7|app: 0|req: 993/1812] 10.0.0.40 () {34 vars in 782 bytes} [Wed Apr 29 16:27:41 2026] PUT /v2.0/routers/1e13bf8b-e7eb-43a5-a23c-93b2b385ca40/add_router_interface => generated 309 bytes in 1125 msecs (HTTP/1.1 200) 4 headers in 157 bytes (1 switches on core 0) [pid: 7|app: 0|req: 994/1813] 10.0.0.40 () {32 vars in 716 bytes} [Wed Apr 29 16:27:42 2026] GET /v2.0/ports/6c565f01-496e-42c8-81f1-4f30c85b1a2a => generated 941 bytes in 24 msecs (HTTP/1.1 200) 4 headers in 157 bytes (1 switches on core 0) [pid: 8|app: 0|req: 820/1814] 10.0.0.40 () {32 vars in 773 bytes} [Wed Apr 29 16:27:42 2026] GET /v2.0/security-groups?tenant_id=fa9bfed0e3a64f14969c59370b4eb37f&name=default => generated 2925 bytes in 202 msecs (HTTP/1.1 200) 4 headers in 158 bytes (1 switches on core 0) [pid: 8|app: 0|req: 821/1815] 10.0.0.40 () {32 vars in 773 bytes} [Wed Apr 29 16:27:42 2026] GET /v2.0/security-groups?tenant_id=a884358892274f3e8bc8e3f36624dc4b&name=default => generated 2925 bytes in 48 msecs (HTTP/1.1 200) 4 headers in 158 bytes (1 switches on core 0)
2026-04-29 16:27:42.637 7 WARNING neutron.scheduler.dhcp_agent_scheduler [None req-5d6cd39f-362b-444c-afd0-8867edbf5800 f576ce26115145339afb50d8286c2ee4 3a79143f0361410ebbe5b2c719b63eb2 - - default default] No more DHCP agents
2026-04-29 16:27:42.638 7 WARNING neutron.api.rpc.agentnotifiers.dhcp_rpc_agent_api [None req-5d6cd39f-362b-444c-afd0-8867edbf5800 f576ce26115145339afb50d8286c2ee4 3a79143f0361410ebbe5b2c719b63eb2 - - default default] Unable to schedule network fa8b073d-b646-4e9b-892e-25869d5dc3a7: no agents available; will retry on subsequent port and subnet creation events. [pid: 8|app: 0|req: 822/1816] 10.0.0.40 () {32 vars in 739 bytes} [Wed Apr 29 16:27:42 2026] DELETE /v2.0/security-groups/740c5ffd-e653-4699-ba13-bb201e088f10 => generated 0 bytes in 255 msecs (HTTP/1.1 204) 2 headers in 112 bytes (1 switches on core 0)
2026-04-29 16:27:42.737 7 INFO neutron.plugins.ml2.drivers.ovn.mech_driver.mech_driver [None req-801143b9-024c-428a-8bea-04ce22843f4c - - - - - -] OVN reports status down for port: 9f31f373-2c71-4e76-be05-b05341478f4f
2026-04-29 16:27:42.786 7 INFO neutron.db.ovn_revision_numbers_db [None req-5d6cd39f-362b-444c-afd0-8867edbf5800 f576ce26115145339afb50d8286c2ee4 3a79143f0361410ebbe5b2c719b63eb2 - - default default] Successfully bumped revision number for resource 9f31f373-2c71-4e76-be05-b05341478f4f (type: ports) to 1 [pid: 8|app: 0|req: 823/1817] 10.0.0.40 () {32 vars in 739 bytes} [Wed Apr 29 16:27:42 2026] DELETE /v2.0/security-groups/b78b0bf2-2b3b-44ac-acfb-8cda578821f3 => generated 0 bytes in 230 msecs (HTTP/1.1 204) 2 headers in 112 bytes (1 switches on core 0)
2026-04-29 16:27:43.324 7 INFO neutron.plugins.ml2.drivers.ovn.mech_driver.mech_driver [None req-801143b9-024c-428a-8bea-04ce22843f4c - - - - - -] OVN reports status up for port: 9f31f373-2c71-4e76-be05-b05341478f4f
2026-04-29 16:27:43.350 7 INFO neutron.plugins.ml2.plugin [None req-801143b9-024c-428a-8bea-04ce22843f4c - - - - - -] Attempt 1 to provision port 9f31f373-2c71-4e76-be05-b05341478f4f
2026-04-29 16:27:43.442 7 WARNING neutron.scheduler.dhcp_agent_scheduler [None req-5d6cd39f-362b-444c-afd0-8867edbf5800 f576ce26115145339afb50d8286c2ee4 3a79143f0361410ebbe5b2c719b63eb2 - - default default] No more DHCP agents
2026-04-29 16:27:43.444 7 WARNING neutron.api.rpc.agentnotifiers.dhcp_rpc_agent_api [None req-5d6cd39f-362b-444c-afd0-8867edbf5800 f576ce26115145339afb50d8286c2ee4 3a79143f0361410ebbe5b2c719b63eb2 - - default default] Unable to schedule network fa8b073d-b646-4e9b-892e-25869d5dc3a7: no agents available; will retry on subsequent port and subnet creation events.
2026-04-29 16:27:43.601 8 WARNING neutron.plugins.ml2.drivers.ovn.mech_driver.ovsdb.ovn_client [None req-18841c25-7214-4d01-87de-d722aaee7856 - - - - - -] No port found with ID 71a90286-cb9d-4678-82da-9c9519be718d: RuntimeError: No port found with ID 71a90286-cb9d-4678-82da-9c9519be718d
2026-04-29 16:27:43.602 8 INFO neutron.plugins.ml2.drivers.ovn.mech_driver.mech_driver [None req-18841c25-7214-4d01-87de-d722aaee7856 - - - - - -] OVN reports status down for port: d130748f-6acd-4d15-8f1e-3a74cc36389a
2026-04-29 16:27:43.658 8 INFO neutron.plugins.ml2.drivers.ovn.mech_driver.mech_driver [None req-18841c25-7214-4d01-87de-d722aaee7856 - - - - - -] OVN reports status down for port: 6c565f01-496e-42c8-81f1-4f30c85b1a2a
2026-04-29 16:27:43.720 8 WARNING neutron.plugins.ml2.drivers.ovn.mech_driver.ovsdb.ovn_client [None req-18841c25-7214-4d01-87de-d722aaee7856 - - - - - -] Logical_Switch_Port %s host information not removed, the port state is up
2026-04-29 16:27:43.721 8 INFO neutron.plugins.ml2.drivers.ovn.mech_driver.mech_driver [None req-18841c25-7214-4d01-87de-d722aaee7856 - - - - - -] OVN reports status up for port: 6c565f01-496e-42c8-81f1-4f30c85b1a2a
2026-04-29 16:27:43.745 8 INFO neutron.plugins.ml2.plugin [None req-18841c25-7214-4d01-87de-d722aaee7856 - - - - - -] Attempt 1 to provision port 6c565f01-496e-42c8-81f1-4f30c85b1a2a
2026-04-29 16:27:43.815 7 INFO neutron.db.ovn_revision_numbers_db [None req-5d6cd39f-362b-444c-afd0-8867edbf5800 f576ce26115145339afb50d8286c2ee4 3a79143f0361410ebbe5b2c719b63eb2 - - default default] Successfully bumped revision number for resource 9f31f373-2c71-4e76-be05-b05341478f4f (type: router_ports) to 1 [pid: 7|app: 0|req: 995/1818] 10.0.0.40 () {34 vars in 782 bytes} [Wed Apr 29 16:27:42 2026] PUT /v2.0/routers/1e13bf8b-e7eb-43a5-a23c-93b2b385ca40/add_router_interface => generated 309 bytes in 1508 msecs (HTTP/1.1 200) 4 headers in 157 bytes (1 switches on core 0)
2026-04-29 16:27:43.926 7 INFO neutron.db.ovn_revision_numbers_db [None req-801143b9-024c-428a-8bea-04ce22843f4c - - - - - -] Successfully bumped revision number for resource 9f31f373-2c71-4e76-be05-b05341478f4f (type: ports) to 2 [pid: 8|app: 0|req: 824/1819] 10.0.0.40 () {32 vars in 716 bytes} [Wed Apr 29 16:27:43 2026] GET /v2.0/ports/9f31f373-2c71-4e76-be05-b05341478f4f => generated 943 bytes in 145 msecs (HTTP/1.1 200) 4 headers in 157 bytes (1 switches on core 0) [pid: 7|app: 0|req: 996/1820] 10.0.0.40 () {32 vars in 716 bytes} [Wed Apr 29 16:27:43 2026] GET /v2.0/ports/9f31f373-2c71-4e76-be05-b05341478f4f => generated 943 bytes in 52 msecs (HTTP/1.1 200) 4 headers in 157 bytes (1 switches on core 0)
2026-04-29 16:27:44.295 8 INFO neutron.db.ovn_revision_numbers_db [None req-18841c25-7214-4d01-87de-d722aaee7856 - - - - - -] Successfully bumped revision number for resource 6c565f01-496e-42c8-81f1-4f30c85b1a2a (type: ports) to 2
2026-04-29 16:27:44.499 8 INFO neutron_taas.services.taas.taas_plugin [None req-0659bc31-a4fc-4b28-8202-35b10cd2dcd0 f576ce26115145339afb50d8286c2ee4 3a79143f0361410ebbe5b2c719b63eb2 - - default default] TaaS: Handle Delete Port: 9f31f373-2c71-4e76-be05-b05341478f4f
