2026-04-29 16:25:41.929 8 INFO neutron.db.ovn_revision_numbers_db [None req-2025c6f9-de27-4df3-8b77-f25bf849e73e a99cb9a3ab6542e8872af18b4666f3ca 1303eeb0bcf246399086ad78629c6d7b - - default default] Successfully bumped revision number for resource 1d54de39-b6c1-46c5-9837-21a0f96c0e35 (type: security_group_rules) to 0
2026-04-29 16:25:41.944 8 INFO neutron.db.ovn_revision_numbers_db [None req-2025c6f9-de27-4df3-8b77-f25bf849e73e a99cb9a3ab6542e8872af18b4666f3ca 1303eeb0bcf246399086ad78629c6d7b - - default default] Successfully bumped revision number for resource 7151fe94-f993-4d55-a896-79f57ff7346d (type: security_group_rules) to 0
2026-04-29 16:25:41.955 8 INFO neutron.db.ovn_revision_numbers_db [None req-2025c6f9-de27-4df3-8b77-f25bf849e73e a99cb9a3ab6542e8872af18b4666f3ca 1303eeb0bcf246399086ad78629c6d7b - - default default] Successfully bumped revision number for resource afd62c2e-94ad-4b03-836a-b1d698e2e18a (type: security_group_rules) to 0
2026-04-29 16:25:41.965 8 INFO neutron.db.ovn_revision_numbers_db [None req-2025c6f9-de27-4df3-8b77-f25bf849e73e a99cb9a3ab6542e8872af18b4666f3ca 1303eeb0bcf246399086ad78629c6d7b - - default default] Successfully bumped revision number for resource c7f29b45-b729-42fd-acea-00c8a566bb6b (type: security_group_rules) to 0 [pid: 8|app: 0|req: 418/887] 10.0.0.40 () {32 vars in 773 bytes} [Wed Apr 29 16:25:41 2026] GET /v2.0/security-groups?tenant_id=4fccc5854c4749369abb65789d638708&name=default => generated 2925 bytes in 310 msecs (HTTP/1.1 200) 4 headers in 158 bytes (1 switches on core 0)
2026-04-29 16:25:42.084 7 INFO neutron_taas.services.taas.taas_plugin [None req-70b36a76-56cb-41f4-ade0-52a6759ec921 a99cb9a3ab6542e8872af18b4666f3ca 1303eeb0bcf246399086ad78629c6d7b - - default default] TaaS: Handle Delete Port: 24c5ae82-4408-4600-9ff9-84866b4ba65e
2026-04-29 16:25:42.087 7 INFO neutron_taas.services.taas.tap_mirror_plugin [None req-70b36a76-56cb-41f4-ade0-52a6759ec921 a99cb9a3ab6542e8872af18b4666f3ca 1303eeb0bcf246399086ad78629c6d7b - - default default] Tap Mirror: Handle Delete Port: 24c5ae82-4408-4600-9ff9-84866b4ba65e [pid: 8|app: 0|req: 419/888] 10.0.0.40 () {32 vars in 739 bytes} [Wed Apr 29 16:25:42 2026] DELETE /v2.0/security-groups/f4211ad4-53d5-45ec-b0e4-5164ec225e3d => generated 0 bytes in 618 msecs (HTTP/1.1 204) 2 headers in 112 bytes (1 switches on core 0) [pid: 8|app: 0|req: 420/889] 10.0.0.185 () {34 vars in 990 bytes} [Wed Apr 29 16:25:42 2026] GET /v2.0/ports?device_id=027ec076-3315-4e58-b41e-b71d3e7a4daa => generated 12 bytes in 25 msecs (HTTP/1.1 200) 4 headers in 156 bytes (1 switches on core 0) [pid: 7|app: 0|req: 470/890] 10.0.0.40 () {34 vars in 788 bytes} [Wed Apr 29 16:25:41 2026] PUT /v2.0/routers/2e27230f-0b6a-4bb6-bf34-d86bab1ef5cb/remove_router_interface => generated 309 bytes in 913 msecs (HTTP/1.1 200) 4 headers in 157 bytes (1 switches on core 0)
2026-04-29 16:25:43.006 8 INFO neutron_taas.services.taas.taas_plugin [None req-d4303c3a-6692-4d38-a98b-74c4fc526660 a99cb9a3ab6542e8872af18b4666f3ca 1303eeb0bcf246399086ad78629c6d7b - - default default] TaaS: Handle Delete Port: 58a3a3b2-9dee-410d-a2e1-7022d64a6b30
2026-04-29 16:25:43.009 8 INFO neutron_taas.services.taas.tap_mirror_plugin [None req-d4303c3a-6692-4d38-a98b-74c4fc526660 a99cb9a3ab6542e8872af18b4666f3ca 1303eeb0bcf246399086ad78629c6d7b - - default default] Tap Mirror: Handle Delete Port: 58a3a3b2-9dee-410d-a2e1-7022d64a6b30 [pid: 8|app: 0|req: 421/891] 10.0.0.40 () {32 vars in 723 bytes} [Wed Apr 29 16:25:42 2026] DELETE /v2.0/routers/2e27230f-0b6a-4bb6-bf34-d86bab1ef5cb => generated 0 bytes in 676 msecs (HTTP/1.1 204) 2 headers in 112 bytes (1 switches on core 0) /var/lib/openstack/lib/python3.12/site-packages/pycadf/identifier.py:70: UserWarning: Invalid uuid: neutron. To ensure interoperability, identifiers should be a valid uuid. warnings.warn(('Invalid uuid: %s. To ensure interoperability, ' [pid: 7|app: 0|req: 471/892] 10.0.0.40 () {32 vars in 723 bytes} [Wed Apr 29 16:25:43 2026] DELETE /v2.0/subnets/335eb454-824c-4b0f-8d63-527e177850d0 => generated 0 bytes in 204 msecs (HTTP/1.1 204) 3 headers in 131 bytes (1 switches on core 0)
2026-04-29 16:25:43.745 8 INFO neutron_taas.services.taas.taas_plugin [None req-701ce03a-23c1-4fd7-bbc5-b52dfe271f84 a99cb9a3ab6542e8872af18b4666f3ca 1303eeb0bcf246399086ad78629c6d7b - - default default] TaaS: Handle Delete Port: 680debe6-14a4-4089-a372-4e3863a4cb1f
2026-04-29 16:25:43.747 8 INFO neutron_taas.services.taas.tap_mirror_plugin [None req-701ce03a-23c1-4fd7-bbc5-b52dfe271f84 a99cb9a3ab6542e8872af18b4666f3ca 1303eeb0bcf246399086ad78629c6d7b - - default default] Tap Mirror: Handle Delete Port: 680debe6-14a4-4089-a372-4e3863a4cb1f [pid: 7|app: 0|req: 472/893] 10.0.0.185 () {34 vars in 990 bytes} [Wed Apr 29 16:25:43 2026] GET /v2.0/ports?device_id=027ec076-3315-4e58-b41e-b71d3e7a4daa => generated 12 bytes in 20 msecs (HTTP/1.1 200) 4 headers in 156 bytes (1 switches on core 0)
2026-04-29 16:25:43.912 8 INFO neutron.services.segments.plugin [-] Segment 34507c05-431c-48bf-8b30-cb088480b05f resource provider aggregate not found
2026-04-29 16:25:43.917 8 INFO neutron.services.segments.plugin [-] Segment 34507c05-431c-48bf-8b30-cb088480b05f resource provider aggregate not found
2026-04-29 16:25:43.930 8 INFO neutron.services.segments.plugin [-] Segment 34507c05-431c-48bf-8b30-cb088480b05f resource provider not found; error: Placement Client Error (4xx): {"errors": [{"status": 404, "title": "Not Found", "detail": "The resource could not be found.\n\n No resource provider with uuid 34507c05-431c-48bf-8b30-cb088480b05f found for delete ", "request_id": "req-76074ca7-a9d7-49fe-a601-cbbab66dfc5d"}]}
2026-04-29 16:25:43.934 8 INFO neutron.services.segments.plugin [-] Segment 34507c05-431c-48bf-8b30-cb088480b05f resource provider not found; error: Placement Client Error (4xx): {"errors": [{"status": 404, "title": "Not Found", "detail": "The resource could not be found.\n\n No resource provider with uuid 34507c05-431c-48bf-8b30-cb088480b05f found for delete ", "request_id": "req-dbd0a95d-c814-4391-8608-2f60920b51cb"}]} [pid: 8|app: 0|req: 422/894] 10.0.0.40 () {32 vars in 725 bytes} [Wed Apr 29 16:25:43 2026] DELETE /v2.0/networks/286fc3fd-0533-4f61-9c68-5511cf82608f => generated 0 bytes in 357 msecs (HTTP/1.1 204) 3 headers in 131 bytes (1 switches on core 0) [pid: 7|app: 0|req: 473/895] 10.0.0.40 () {32 vars in 773 bytes} [Wed Apr 29 16:25:44 2026] GET /v2.0/security-groups?tenant_id=6fed6096f03646c9b39859930c92febe&name=default => generated 2921 bytes in 30 msecs (HTTP/1.1 200) 4 headers in 158 bytes (1 switches on core 0) [pid: 8|app: 0|req: 423/896] 10.0.0.40 () {32 vars in 739 bytes} [Wed Apr 29 16:25:44 2026] DELETE /v2.0/security-groups/a6265bb2-bd8d-42b4-a298-389b782d9c79 => generated 0 bytes in 229 msecs (HTTP/1.1 204) 2 headers in 112 bytes (1 switches on core 0)
2026-04-29 16:25:44.508 7 INFO neutron.db.ovn_revision_numbers_db [None req-6139e5dc-0448-4b0f-82cb-95178e383dde d519b07595254120a5a39f82baf76e9c 0d0c3cc33619459da1bcf12702408b64 - - default default] Successfully bumped revision number for resource 09ee7e2c-6e14-4059-a90b-9eaf8b4d46bb (type: security_groups) to 1
2026-04-29 16:25:44.523 7 INFO neutron.db.ovn_revision_numbers_db [None req-6139e5dc-0448-4b0f-82cb-95178e383dde d519b07595254120a5a39f82baf76e9c 0d0c3cc33619459da1bcf12702408b64 - - default default] Successfully bumped revision number for resource 219136bd-0ccb-4b80-9ff6-cde9fd700676 (type: security_group_rules) to 0
2026-04-29 16:25:44.533 7 INFO neutron.db.ovn_revision_numbers_db [None req-6139e5dc-0448-4b0f-82cb-95178e383dde d519b07595254120a5a39f82baf76e9c 0d0c3cc33619459da1bcf12702408b64 - - default default] Successfully bumped revision number for resource 4b06b29f-7707-48ca-9a9e-745bd4eb35be (type: security_group_rules) to 0
2026-04-29 16:25:44.541 7 INFO neutron.db.ovn_revision_numbers_db [None req-6139e5dc-0448-4b0f-82cb-95178e383dde d519b07595254120a5a39f82baf76e9c 0d0c3cc33619459da1bcf12702408b64 - - default default] Successfully bumped revision number for resource 81288742-f950-4220-9fcc-0e80ebb559cc (type: security_group_rules) to 0
2026-04-29 16:25:44.551 7 INFO neutron.db.ovn_revision_numbers_db [None req-6139e5dc-0448-4b0f-82cb-95178e383dde d519b07595254120a5a39f82baf76e9c 0d0c3cc33619459da1bcf12702408b64 - - default default] Successfully bumped revision number for resource 9597fd67-0bdb-459c-85eb-81d015b944df (type: security_group_rules) to 0
2026-04-29 16:25:44.620 7 INFO neutron.db.segments_db [None req-6139e5dc-0448-4b0f-82cb-95178e383dde d519b07595254120a5a39f82baf76e9c 0d0c3cc33619459da1bcf12702408b64 - - default default] Added segment a347082e-42a6-4659-9101-fe116dad1486 of type geneve for network 65a41856-f9af-4c57-b41b-2da2c5210018
2026-04-29 16:25:44.740 7 INFO neutron.db.ovn_revision_numbers_db [None req-6139e5dc-0448-4b0f-82cb-95178e383dde d519b07595254120a5a39f82baf76e9c 0d0c3cc33619459da1bcf12702408b64 - - default default] Successfully bumped revision number for resource 65a41856-f9af-4c57-b41b-2da2c5210018 (type: networks) to 1
2026-04-29 16:25:44.954 7 WARNING neutron.scheduler.dhcp_agent_scheduler [None req-6139e5dc-0448-4b0f-82cb-95178e383dde d519b07595254120a5a39f82baf76e9c 0d0c3cc33619459da1bcf12702408b64 - - default default] No more DHCP agents
2026-04-29 16:25:44.955 7 WARNING neutron.api.rpc.agentnotifiers.dhcp_rpc_agent_api [None req-6139e5dc-0448-4b0f-82cb-95178e383dde d519b07595254120a5a39f82baf76e9c 0d0c3cc33619459da1bcf12702408b64 - - default default] Unable to schedule network 65a41856-f9af-4c57-b41b-2da2c5210018: no agents available; will retry on subsequent port and subnet creation events.
2026-04-29 16:25:45.021 7 INFO neutron.plugins.ml2.drivers.ovn.mech_driver.mech_driver [None req-39d4c6ab-d520-4384-b70f-d9776a15d37c - - - - - -] OVN reports status down for port: b08bb2d0-7d01-44dd-98ba-46a65e7ec31d [pid: 8|app: 0|req: 424/897] 10.0.0.40 () {32 vars in 739 bytes} [Wed Apr 29 16:25:44 2026] DELETE /v2.0/security-groups/7d3cfe98-a5af-4fb8-a404-1d262381783c => generated 0 bytes in 162 msecs (HTTP/1.1 204) 2 headers in 112 bytes (1 switches on core 0)
2026-04-29 16:25:45.046 8 INFO neutron.api.v2.resource [None req-277b9450-73d2-490d-a924-c36532f95b9a 8b5debd3be0a41659c1db3e687f0cce0 507d33ebaaaa4e058bf390997c65ede7 - - default default] show failed (client error): The resource could not be found. [pid: 8|app: 0|req: 425/898] 10.0.0.40 () {32 vars in 736 bytes} [Wed Apr 29 16:25:45 2026] GET /v2.0/security-groups/7d3cfe98-a5af-4fb8-a404-1d262381783c => generated 146 bytes in 17 msecs (HTTP/1.1 404) 4 headers in 164 bytes (1 switches on core 0)
2026-04-29 16:25:45.096 7 INFO neutron.db.ovn_revision_numbers_db [None req-6139e5dc-0448-4b0f-82cb-95178e383dde d519b07595254120a5a39f82baf76e9c 0d0c3cc33619459da1bcf12702408b64 - - default default] Successfully bumped revision number for resource b08bb2d0-7d01-44dd-98ba-46a65e7ec31d (type: ports) to 1 [pid: 7|app: 0|req: 474/899] 10.0.0.40 () {34 vars in 669 bytes} [Wed Apr 29 16:25:44 2026] POST /v2.0/networks => generated 668 bytes in 929 msecs (HTTP/1.1 201) 4 headers in 162 bytes (1 switches on core 0)
2026-04-29 16:25:45.155 8 INFO neutron_taas.services.taas.taas_plugin [None req-8688d00a-8720-4da5-9966-4541fe20409f 8b5debd3be0a41659c1db3e687f0cce0 507d33ebaaaa4e058bf390997c65ede7 - - default default] TaaS: Handle Delete Port: fee82723-443d-42e8-948c-0ab5bdee5274
2026-04-29 16:25:45.157 8 INFO neutron_taas.services.taas.tap_mirror_plugin [None req-8688d00a-8720-4da5-9966-4541fe20409f 8b5debd3be0a41659c1db3e687f0cce0 507d33ebaaaa4e058bf390997c65ede7 - - default default] Tap Mirror: Handle Delete Port: fee82723-443d-42e8-948c-0ab5bdee5274 [pid: 8|app: 0|req: 426/900] 10.0.0.40 () {32 vars in 731 bytes} [Wed Apr 29 16:25:45 2026] DELETE /v2.0/floatingips/b375a6c8-57df-41be-ad73-40834ce5e8b5 => generated 0 bytes in 254 msecs (HTTP/1.1 204) 2 headers in 112 bytes (1 switches on core 0)
2026-04-29 16:25:45.325 7 WARNING neutron.scheduler.dhcp_agent_scheduler [None req-d209b358-7fbb-4214-be7c-dedd144ba8ac d519b07595254120a5a39f82baf76e9c 0d0c3cc33619459da1bcf12702408b64 - - default default] No more DHCP agents
2026-04-29 16:25:45.326 7 WARNING neutron.api.rpc.agentnotifiers.dhcp_rpc_agent_api [None req-d209b358-7fbb-4214-be7c-dedd144ba8ac d519b07595254120a5a39f82baf76e9c 0d0c3cc33619459da1bcf12702408b64 - - default default] Unable to schedule network 65a41856-f9af-4c57-b41b-2da2c5210018: no agents available; will retry on subsequent port and subnet creation events.
2026-04-29 16:25:45.344 7 INFO neutron.db.ovn_revision_numbers_db [None req-d209b358-7fbb-4214-be7c-dedd144ba8ac d519b07595254120a5a39f82baf76e9c 0d0c3cc33619459da1bcf12702408b64 - - default default] Successfully bumped revision number for resource f3c27dd5-14e8-45b0-8f5e-a6fa8ac09fd0 (type: subnets) to 0 [pid: 7|app: 0|req: 475/901] 10.0.0.40 () {34 vars in 668 bytes} [Wed Apr 29 16:25:45 2026] POST /v2.0/subnets => generated 627 bytes in 225 msecs (HTTP/1.1 201) 4 headers in 162 bytes (1 switches on core 0)
2026-04-29 16:25:45.594 8 INFO neutron_taas.services.taas.taas_plugin [None req-e59beae4-50f8-4fa8-9635-752de4df1f47 a99cb9a3ab6542e8872af18b4666f3ca 1303eeb0bcf246399086ad78629c6d7b - - default default] TaaS: Handle Delete Port: 18e8e9cb-03b2-44d1-b3bf-66a46961f964
2026-04-29 16:25:45.597 8 INFO neutron_taas.services.taas.tap_mirror_plugin [None req-e59beae4-50f8-4fa8-9635-752de4df1f47 a99cb9a3ab6542e8872af18b4666f3ca 1303eeb0bcf246399086ad78629c6d7b - - default default] Tap Mirror: Handle Delete Port: 18e8e9cb-03b2-44d1-b3bf-66a46961f964 [pid: 8|app: 0|req: 427/902] 10.0.0.40 () {34 vars in 788 bytes} [Wed Apr 29 16:25:45 2026] PUT /v2.0/routers/f27485fe-e973-4629-89fe-501656e520f2/remove_router_interface => generated 309 bytes in 925 msecs (HTTP/1.1 200) 4 headers in 157 bytes (1 switches on core 0) /var/lib/openstack/lib/python3.12/site-packages/pycadf/identifier.py:70: UserWarning: Invalid uuid: neutron. To ensure interoperability, identifiers should be a valid uuid. warnings.warn(('Invalid uuid: %s. To ensure interoperability, '
2026-04-29 16:25:46.433 7 WARNING neutron.scheduler.dhcp_agent_scheduler [None req-fb941032-6fe7-400e-a7ad-4335d74d8ccc d519b07595254120a5a39f82baf76e9c 0d0c3cc33619459da1bcf12702408b64 - - default default] No more DHCP agents
2026-04-29 16:25:46.434 7 WARNING neutron.api.rpc.agentnotifiers.dhcp_rpc_agent_api [None req-fb941032-6fe7-400e-a7ad-4335d74d8ccc d519b07595254120a5a39f82baf76e9c 0d0c3cc33619459da1bcf12702408b64 - - default default] Unable to schedule network 6a647f15-8e2f-40e8-8b74-38ed4d37338e: no agents available; will retry on subsequent port and subnet creation events.
2026-04-29 16:25:46.504 8 INFO neutron.db.ovn_revision_numbers_db [None req-d7478aa3-e519-482e-a85b-7dca6c84bfeb a99cb9a3ab6542e8872af18b4666f3ca 1303eeb0bcf246399086ad78629c6d7b - - default default] Successfully bumped revision number for resource 12bddf4f-e0bf-4ebb-99b7-84be9c281cbb (type: security_groups) to 1
2026-04-29 16:25:46.515 8 INFO neutron.db.ovn_revision_numbers_db [None req-d7478aa3-e519-482e-a85b-7dca6c84bfeb a99cb9a3ab6542e8872af18b4666f3ca 1303eeb0bcf246399086ad78629c6d7b - - default default] Successfully bumped revision number for resource 3e68e91a-12bb-4491-92c4-8b8ae00f24cf (type: security_group_rules) to 0
2026-04-29 16:25:46.529 8 INFO neutron.db.ovn_revision_numbers_db [None req-d7478aa3-e519-482e-a85b-7dca6c84bfeb a99cb9a3ab6542e8872af18b4666f3ca 1303eeb0bcf246399086ad78629c6d7b - - default default] Successfully bumped revision number for resource 68ec0ccf-d6cf-412c-8a0e-136f2ace1bd9 (type: security_group_rules) to 0
2026-04-29 16:25:46.542 8 INFO neutron.db.ovn_revision_numbers_db [None req-d7478aa3-e519-482e-a85b-7dca6c84bfeb a99cb9a3ab6542e8872af18b4666f3ca 1303eeb0bcf246399086ad78629c6d7b - - default default] Successfully bumped revision number for resource 781119ea-cbf3-4a52-af72-3cef4bdc7a06 (type: security_group_rules) to 0
2026-04-29 16:25:46.584 8 INFO neutron.plugins.ml2.drivers.ovn.mech_driver.mech_driver [None req-11e1e982-ae10-45e3-a551-63d5af24b6a5 - - - - - -] OVN reports status down for port: c14c3d34-b835-4de2-83b9-cef1b66ba532
2026-04-29 16:25:46.589 8 INFO neutron.db.ovn_revision_numbers_db [None req-d7478aa3-e519-482e-a85b-7dca6c84bfeb a99cb9a3ab6542e8872af18b4666f3ca 1303eeb0bcf246399086ad78629c6d7b - - default default] Successfully bumped revision number for resource 9e0cb3d2-4fc3-4679-b543-468ffcd24b06 (type: security_group_rules) to 0
2026-04-29 16:25:46.610 7 INFO neutron.db.ovn_revision_numbers_db [None req-fb941032-6fe7-400e-a7ad-4335d74d8ccc d519b07595254120a5a39f82baf76e9c 0d0c3cc33619459da1bcf12702408b64 - - default default] Successfully bumped revision number for resource c14c3d34-b835-4de2-83b9-cef1b66ba532 (type: ports) to 1
2026-04-29 16:25:46.695 8 INFO neutron.db.segments_db [None req-d7478aa3-e519-482e-a85b-7dca6c84bfeb a99cb9a3ab6542e8872af18b4666f3ca 1303eeb0bcf246399086ad78629c6d7b - - default default] Added segment 1cba0502-cf8d-4243-a0e7-0ac5d7f3ec61 of type geneve for network 5d7774fd-58dd-441e-bcf3-1eab925457ef
2026-04-29 16:25:46.835 8 INFO neutron.db.ovn_revision_numbers_db [None req-d7478aa3-e519-482e-a85b-7dca6c84bfeb a99cb9a3ab6542e8872af18b4666f3ca 1303eeb0bcf246399086ad78629c6d7b - - default default] Successfully bumped revision number for resource 5d7774fd-58dd-441e-bcf3-1eab925457ef (type: networks) to 1
2026-04-29 16:25:46.979 8 WARNING neutron.scheduler.dhcp_agent_scheduler [None req-d7478aa3-e519-482e-a85b-7dca6c84bfeb a99cb9a3ab6542e8872af18b4666f3ca 1303eeb0bcf246399086ad78629c6d7b - - default default] No more DHCP agents
2026-04-29 16:25:46.981 8 WARNING neutron.api.rpc.agentnotifiers.dhcp_rpc_agent_api [None req-d7478aa3-e519-482e-a85b-7dca6c84bfeb a99cb9a3ab6542e8872af18b4666f3ca 1303eeb0bcf246399086ad78629c6d7b - - default default] Unable to schedule network 5d7774fd-58dd-441e-bcf3-1eab925457ef: no agents available; will retry on subsequent port and subnet creation events.
2026-04-29 16:25:47.038 8 INFO neutron.plugins.ml2.drivers.ovn.mech_driver.mech_driver [None req-11e1e982-ae10-45e3-a551-63d5af24b6a5 - - - - - -] OVN reports status down for port: 30e2ecbb-e0ed-4aa1-b309-e6f9b19bcb92
2026-04-29 16:25:47.096 8 INFO neutron.db.ovn_revision_numbers_db [None req-d7478aa3-e519-482e-a85b-7dca6c84bfeb a99cb9a3ab6542e8872af18b4666f3ca 1303eeb0bcf246399086ad78629c6d7b - - default default] Successfully bumped revision number for resource 30e2ecbb-e0ed-4aa1-b309-e6f9b19bcb92 (type: ports) to 1 [pid: 8|app: 0|req: 428/903] 10.0.0.40 () {34 vars in 670 bytes} [Wed Apr 29 16:25:46 2026] POST /v2.0/networks => generated 765 bytes in 898 msecs (HTTP/1.1 201) 4 headers in 162 bytes (1 switches on core 0)
2026-04-29 16:25:47.196 7 INFO neutron.plugins.ml2.drivers.ovn.mech_driver.ovsdb.commands [None req-dad3415c-a363-4dad-9cae-147ead055af3 - - - - - -] Schedule LRP lrp-c14c3d34-b835-4de2-83b9-cef1b66ba532 on gateway e33d3d7c-bc7d-4803-804f-c0f2a3d4ac70 with priority 1
2026-04-29 16:25:47.243 8 INFO neutron.plugins.ml2.drivers.ovn.mech_driver.mech_driver [None req-11e1e982-ae10-45e3-a551-63d5af24b6a5 - - - - - -] OVN reports status up for port: c14c3d34-b835-4de2-83b9-cef1b66ba532
2026-04-29 16:25:47.247 7 INFO neutron.db.ovn_revision_numbers_db [None req-fb941032-6fe7-400e-a7ad-4335d74d8ccc d519b07595254120a5a39f82baf76e9c 0d0c3cc33619459da1bcf12702408b64 - - default default] Successfully bumped revision number for resource c14c3d34-b835-4de2-83b9-cef1b66ba532 (type: router_ports) to 1 [pid: 8|app: 0|req: 429/904] 10.0.0.185 () {34 vars in 990 bytes} [Wed Apr 29 16:25:47 2026] GET /v2.0/ports?device_id=06da99a6-66c0-4e05-938c-585dc7653e60 => generated 971 bytes in 139 msecs (HTTP/1.1 200) 4 headers in 157 bytes (1 switches on core 0)
2026-04-29 16:25:47.274 8 INFO neutron.plugins.ml2.plugin [None req-11e1e982-ae10-45e3-a551-63d5af24b6a5 - - - - - -] Attempt 1 to provision port c14c3d34-b835-4de2-83b9-cef1b66ba532
2026-04-29 16:25:47.312 7 INFO neutron.db.ovn_revision_numbers_db [None req-fb941032-6fe7-400e-a7ad-4335d74d8ccc d519b07595254120a5a39f82baf76e9c 0d0c3cc33619459da1bcf12702408b64 - - default default] Successfully bumped revision number for resource c30be456-e110-407c-9292-5f18332b8ead (type: routers) to 2 [pid: 7|app: 0|req: 476/905] 10.0.0.40 () {34 vars in 668 bytes} [Wed Apr 29 16:25:45 2026] POST /v2.0/routers => generated 954 bytes in 1953 msecs (HTTP/1.1 201) 4 headers in 162 bytes (1 switches on core 0)
2026-04-29 16:25:47.463 7 WARNING neutron.scheduler.dhcp_agent_scheduler [None req-125ae5ea-3940-40eb-b3d0-bd7f3ebc4836 a99cb9a3ab6542e8872af18b4666f3ca 1303eeb0bcf246399086ad78629c6d7b - - default default] No more DHCP agents
2026-04-29 16:25:47.464 7 WARNING neutron.api.rpc.agentnotifiers.dhcp_rpc_agent_api [None req-125ae5ea-3940-40eb-b3d0-bd7f3ebc4836 a99cb9a3ab6542e8872af18b4666f3ca 1303eeb0bcf246399086ad78629c6d7b - - default default] Unable to schedule network 5d7774fd-58dd-441e-bcf3-1eab925457ef: no agents available; will retry on subsequent port and subnet creation events.
2026-04-29 16:25:47.672 8 INFO neutron_taas.services.taas.taas_plugin [None req-e191bcc1-cea1-4795-b3da-96c350bbd9ff a99cb9a3ab6542e8872af18b4666f3ca 1303eeb0bcf246399086ad78629c6d7b - - default default] TaaS: Handle Delete Port: 4c6470fa-cf60-4c4c-bdf7-336ab105573e
2026-04-29 16:25:47.676 8 INFO neutron_taas.services.taas.tap_mirror_plugin [None req-e191bcc1-cea1-4795-b3da-96c350bbd9ff a99cb9a3ab6542e8872af18b4666f3ca 1303eeb0bcf246399086ad78629c6d7b - - default default] Tap Mirror: Handle Delete Port: 4c6470fa-cf60-4c4c-bdf7-336ab105573e
2026-04-29 16:25:47.881 7 INFO neutron.db.ovn_revision_numbers_db [None req-18119d7d-459d-4a3d-9e09-90de694cb96d - - - - - -] Successfully bumped revision number for resource 30e2ecbb-e0ed-4aa1-b309-e6f9b19bcb92 (type: ports) to 2
2026-04-29 16:25:47.906 7 INFO neutron.db.ovn_revision_numbers_db [None req-18119d7d-459d-4a3d-9e09-90de694cb96d - - - - - -] Successfully bumped revision number for resource b3f6ef3f-826b-43df-b680-2c89c12dfe5d (type: subnets) to 0 [pid: 7|app: 0|req: 477/906] 10.0.0.40 () {34 vars in 668 bytes} [Wed Apr 29 16:25:47 2026] POST /v2.0/subnets => generated 690 bytes in 589 msecs (HTTP/1.1 201) 4 headers in 162 bytes (1 switches on core 0) [pid: 7|app: 0|req: 478/907] 10.0.0.185 () {34 vars in 971 bytes} [Wed Apr 29 16:25:47 2026] GET /v2.0/ports/fa143b10-f762-4556-b053-3e1de4849c4c => generated 968 bytes in 67 msecs (HTTP/1.1 200) 4 headers in 157 bytes (1 switches on core 0) [pid: 8|app: 0|req: 430/908] 10.0.0.40 () {32 vars in 723 bytes} [Wed Apr 29 16:25:47 2026] DELETE /v2.0/routers/f27485fe-e973-4629-89fe-501656e520f2 => generated 0 bytes in 815 msecs (HTTP/1.1 204) 2 headers in 112 bytes (1 switches on core 0)
2026-04-29 16:25:48.479 8 WARNING neutron.scheduler.dhcp_agent_scheduler [None req-ecced02a-01d9-4674-8740-3aa5d320c039 a99cb9a3ab6542e8872af18b4666f3ca 1303eeb0bcf246399086ad78629c6d7b - - default default] No more DHCP agents
2026-04-29 16:25:48.481 8 WARNING neutron.api.rpc.agentnotifiers.dhcp_rpc_agent_api [None req-ecced02a-01d9-4674-8740-3aa5d320c039 a99cb9a3ab6542e8872af18b4666f3ca 1303eeb0bcf246399086ad78629c6d7b - - default default] Unable to schedule network 6a647f15-8e2f-40e8-8b74-38ed4d37338e: no agents available; will retry on subsequent port and subnet creation events.
2026-04-29 16:25:48.508 7 WARNING neutron.scheduler.dhcp_agent_scheduler [None req-8cc10261-d6ea-4783-b360-d6a0c79c7634 d519b07595254120a5a39f82baf76e9c 0d0c3cc33619459da1bcf12702408b64 - - default default] No more DHCP agents
2026-04-29 16:25:48.509 7 WARNING neutron.api.rpc.agentnotifiers.dhcp_rpc_agent_api [None req-8cc10261-d6ea-4783-b360-d6a0c79c7634 d519b07595254120a5a39f82baf76e9c 0d0c3cc33619459da1bcf12702408b64 - - default default] Unable to schedule network 65a41856-f9af-4c57-b41b-2da2c5210018: no agents available; will retry on subsequent port and subnet creation events.
2026-04-29 16:25:48.601 8 INFO neutron.db.ovn_revision_numbers_db [None req-ecced02a-01d9-4674-8740-3aa5d320c039 a99cb9a3ab6542e8872af18b4666f3ca 1303eeb0bcf246399086ad78629c6d7b - - default default] Successfully bumped revision number for resource 3990f99c-ce98-4de0-84b6-718c89c331c8 (type: ports) to 1
2026-04-29 16:25:48.603 7 INFO neutron.plugins.ml2.drivers.ovn.mech_driver.mech_driver [None req-39d4c6ab-d520-4384-b70f-d9776a15d37c - - - - - -] OVN reports status down for port: 3990f99c-ce98-4de0-84b6-718c89c331c8
2026-04-29 16:25:48.703 7 INFO neutron.db.ovn_revision_numbers_db [None req-8cc10261-d6ea-4783-b360-d6a0c79c7634 d519b07595254120a5a39f82baf76e9c 0d0c3cc33619459da1bcf12702408b64 - - default default] Successfully bumped revision number for resource 0e507050-f2c7-47b2-b85e-73ed64004cb5 (type: ports) to 1
2026-04-29 16:25:49.135 8 INFO neutron.plugins.ml2.drivers.ovn.mech_driver.ovsdb.commands [None req-395816ae-c170-477a-941f-b9542b1a5c02 - - - - - -] Schedule LRP lrp-3990f99c-ce98-4de0-84b6-718c89c331c8 on gateway e33d3d7c-bc7d-4803-804f-c0f2a3d4ac70 with priority 1
2026-04-29 16:25:49.164 8 INFO neutron.plugins.ml2.drivers.ovn.mech_driver.ovsdb.ovsdb_monitor [None req-eab801dc-c207-4e90-9ca2-7e2b4e19ad38 - - - - - -] Router 3efd1de2-6a8b-4928-a01c-72a6a822cb7c is bound to host instance
2026-04-29 16:25:49.235 8 INFO neutron.db.ovn_revision_numbers_db [None req-ecced02a-01d9-4674-8740-3aa5d320c039 a99cb9a3ab6542e8872af18b4666f3ca 1303eeb0bcf246399086ad78629c6d7b - - default default] Successfully bumped revision number for resource 3990f99c-ce98-4de0-84b6-718c89c331c8 (type: router_ports) to 1
2026-04-29 16:25:49.243 7 INFO neutron.plugins.ml2.drivers.ovn.mech_driver.mech_driver [None req-39d4c6ab-d520-4384-b70f-d9776a15d37c - - - - - -] OVN reports status up for port: 3990f99c-ce98-4de0-84b6-718c89c331c8
2026-04-29 16:25:49.262 7 INFO neutron.plugins.ml2.plugin [None req-39d4c6ab-d520-4384-b70f-d9776a15d37c - - - - - -] Attempt 1 to provision port 3990f99c-ce98-4de0-84b6-718c89c331c8
2026-04-29 16:25:49.349 8 INFO neutron.db.ovn_revision_numbers_db [None req-ecced02a-01d9-4674-8740-3aa5d320c039 a99cb9a3ab6542e8872af18b4666f3ca 1303eeb0bcf246399086ad78629c6d7b - - default default] Successfully bumped revision number for resource 3efd1de2-6a8b-4928-a01c-72a6a822cb7c (type: routers) to 2 [pid: 8|app: 0|req: 431/909] 10.0.0.40 () {34 vars in 668 bytes} [Wed Apr 29 16:25:48 2026] POST /v2.0/routers => generated 968 bytes in 1295 msecs (HTTP/1.1 201) 4 headers in 162 bytes (1 switches on core 0)
2026-04-29 16:25:49.511 7 WARNING neutron.scheduler.dhcp_agent_scheduler [None req-8cc10261-d6ea-4783-b360-d6a0c79c7634 d519b07595254120a5a39f82baf76e9c 0d0c3cc33619459da1bcf12702408b64 - - default default] No more DHCP agents
2026-04-29 16:25:49.512 7 WARNING neutron.api.rpc.agentnotifiers.dhcp_rpc_agent_api [None req-8cc10261-d6ea-4783-b360-d6a0c79c7634 d519b07595254120a5a39f82baf76e9c 0d0c3cc33619459da1bcf12702408b64 - - default default] Unable to schedule network 65a41856-f9af-4c57-b41b-2da2c5210018: no agents available; will retry on subsequent port and subnet creation events. [pid: 8|app: 0|req: 432/910] 10.0.0.40 () {32 vars in 723 bytes} [Wed Apr 29 16:25:49 2026] DELETE /v2.0/subnets/5e0d6b1c-c276-49e7-aad4-7c96224ca2e5 => generated 0 bytes in 382 msecs (HTTP/1.1 204) 3 headers in 131 bytes (1 switches on core 0)
2026-04-29 16:25:49.831 7 INFO neutron.db.ovn_revision_numbers_db [None req-8cc10261-d6ea-4783-b360-d6a0c79c7634 d519b07595254120a5a39f82baf76e9c 0d0c3cc33619459da1bcf12702408b64 - - default default] Successfully bumped revision number for resource 0e507050-f2c7-47b2-b85e-73ed64004cb5 (type: router_ports) to 1 [pid: 7|app: 0|req: 479/913] 10.0.0.40 () {34 vars in 782 bytes} [Wed Apr 29 16:25:47 2026] PUT /v2.0/routers/c30be456-e110-407c-9292-5f18332b8ead/add_router_interface => generated 309 bytes in 1850 msecs (HTTP/1.1 200) 4 headers in 157 bytes (1 switches on core 0) [pid: 8|app: 0|req: 435/914] 199.204.45.153 () {34 vars in 1000 bytes} [Wed Apr 29 16:25:49 2026] GET /v2.0/subnets?network_id=608e5399-05f5-4713-908e-30eb481dbc41 => generated 684 bytes in 92 msecs (HTTP/1.1 200) 4 headers in 157 bytes (1 switches on core 0)
2026-04-29 16:25:50.119 8 INFO neutron_taas.services.taas.taas_plugin [None req-5b30da8f-ab5c-4577-9941-9f13cd84f235 a99cb9a3ab6542e8872af18b4666f3ca 1303eeb0bcf246399086ad78629c6d7b - - default default] TaaS: Handle Delete Port: 310024bb-27b5-4331-92c8-95331cd95ea4
2026-04-29 16:25:50.123 8 INFO neutron_taas.services.taas.tap_mirror_plugin [None req-5b30da8f-ab5c-4577-9941-9f13cd84f235 a99cb9a3ab6542e8872af18b4666f3ca 1303eeb0bcf246399086ad78629c6d7b - - default default] Tap Mirror: Handle Delete Port: 310024bb-27b5-4331-92c8-95331cd95ea4
2026-04-29 16:25:50.261 7 WARNING neutron.scheduler.dhcp_agent_scheduler [None req-0b66fd4c-aef4-44b0-bdf7-6c593bb570e1 a99cb9a3ab6542e8872af18b4666f3ca 1303eeb0bcf246399086ad78629c6d7b - - default default] No more DHCP agents
2026-04-29 16:25:50.262 7 WARNING neutron.api.rpc.agentnotifiers.dhcp_rpc_agent_api [None req-0b66fd4c-aef4-44b0-bdf7-6c593bb570e1 a99cb9a3ab6542e8872af18b4666f3ca 1303eeb0bcf246399086ad78629c6d7b - - default default] Unable to schedule network 5d7774fd-58dd-441e-bcf3-1eab925457ef: no agents available; will retry on subsequent port and subnet creation events.
2026-04-29 16:25:50.401 7 INFO neutron.db.ovn_revision_numbers_db [None req-0b66fd4c-aef4-44b0-bdf7-6c593bb570e1 a99cb9a3ab6542e8872af18b4666f3ca 1303eeb0bcf246399086ad78629c6d7b - - default default] Successfully bumped revision number for resource 018a6b32-05e2-4aad-a86c-542259fb2b72 (type: ports) to 1
2026-04-29 16:25:50.468 8 INFO neutron.services.segments.plugin [-] Segment a3a0d1d9-8cf3-4130-bf40-a0916a8c8776 resource provider aggregate not found
2026-04-29 16:25:50.474 8 INFO neutron.services.segments.plugin [-] Segment a3a0d1d9-8cf3-4130-bf40-a0916a8c8776 resource provider aggregate not found
2026-04-29 16:25:50.491 8 INFO neutron.services.segments.plugin [-] Segment a3a0d1d9-8cf3-4130-bf40-a0916a8c8776 resource provider not found; error: Placement Client Error (4xx): {"errors": [{"status": 404, "title": "Not Found", "detail": "The resource could not be found.\n\n No resource provider with uuid a3a0d1d9-8cf3-4130-bf40-a0916a8c8776 found for delete ", "request_id": "req-871be7fc-d4af-4593-afd2-ebfd70bc8686"}]}
2026-04-29 16:25:50.492 8 INFO neutron.services.segments.plugin [-] Segment a3a0d1d9-8cf3-4130-bf40-a0916a8c8776 resource provider not found; error: Placement Client Error (4xx): {"errors": [{"status": 404, "title": "Not Found", "detail": "The resource could not be found.\n\n No resource provider with uuid a3a0d1d9-8cf3-4130-bf40-a0916a8c8776 found for delete ", "request_id": "req-17abd7e8-9278-4290-8f0c-da22d54e90d0"}]} [pid: 8|app: 0|req: 436/915] 10.0.0.40 () {32 vars in 725 bytes} [Wed Apr 29 16:25:49 2026] DELETE /v2.0/networks/8504429a-3649-418d-b29c-1ed0342cc8c1 => generated 0 bytes in 679 msecs (HTTP/1.1 204) 3 headers in 131 bytes (1 switches on core 0)
2026-04-29 16:25:50.726 8 INFO neutron.db.ovn_revision_numbers_db [None req-5cfcf38f-a113-4bf2-9f3b-84f984e3d19d - - - - - -] Successfully bumped revision number for resource 3990f99c-ce98-4de0-84b6-718c89c331c8 (type: ports) to 4
2026-04-29 16:25:51.059 8 WARNING neutron.scheduler.dhcp_agent_scheduler [None req-14398290-e3fa-40db-a14c-adbd650bb818 d519b07595254120a5a39f82baf76e9c 0d0c3cc33619459da1bcf12702408b64 - - default default] No more DHCP agents
2026-04-29 16:25:51.063 8 WARNING neutron.api.rpc.agentnotifiers.dhcp_rpc_agent_api [None req-14398290-e3fa-40db-a14c-adbd650bb818 d519b07595254120a5a39f82baf76e9c 0d0c3cc33619459da1bcf12702408b64 - - default default] Unable to schedule network 65a41856-f9af-4c57-b41b-2da2c5210018: no agents available; will retry on subsequent port and subnet creation events.
2026-04-29 16:25:51.111 7 WARNING neutron.scheduler.dhcp_agent_scheduler [None req-0b66fd4c-aef4-44b0-bdf7-6c593bb570e1 a99cb9a3ab6542e8872af18b4666f3ca 1303eeb0bcf246399086ad78629c6d7b - - default default] No more DHCP agents
2026-04-29 16:25:51.112 7 WARNING neutron.api.rpc.agentnotifiers.dhcp_rpc_agent_api [None req-0b66fd4c-aef4-44b0-bdf7-6c593bb570e1 a99cb9a3ab6542e8872af18b4666f3ca 1303eeb0bcf246399086ad78629c6d7b - - default default] Unable to schedule network 5d7774fd-58dd-441e-bcf3-1eab925457ef: no agents available; will retry on subsequent port and subnet creation events.
2026-04-29 16:25:51.266 8 INFO neutron.db.ovn_revision_numbers_db [None req-5cfcf38f-a113-4bf2-9f3b-84f984e3d19d - - - - - -] Successfully bumped revision number for resource 3990f99c-ce98-4de0-84b6-718c89c331c8 (type: ports) to 5
2026-04-29 16:25:51.281 8 INFO neutron.db.ovn_revision_numbers_db [None req-14398290-e3fa-40db-a14c-adbd650bb818 d519b07595254120a5a39f82baf76e9c 0d0c3cc33619459da1bcf12702408b64 - - default default] Successfully bumped revision number for resource b25f561a-6eb8-4e47-a4b8-40f4466c8c48 (type: ports) to 1 [pid: 8|app: 0|req: 437/916] 10.0.0.40 () {34 vars in 664 bytes} [Wed Apr 29 16:25:50 2026] POST /v2.0/ports => generated 959 bytes in 829 msecs (HTTP/1.1 201) 4 headers in 162 bytes (1 switches on core 0) /var/lib/openstack/lib/python3.12/site-packages/pycadf/identifier.py:70: UserWarning: Invalid uuid: neutron. To ensure interoperability, identifiers should be a valid uuid. warnings.warn(('Invalid uuid: %s. To ensure interoperability, ' [pid: 8|app: 0|req: 438/917] 199.204.45.153 () {34 vars in 1146 bytes} [Wed Apr 29 16:25:51 2026] GET /v2.0/ports?device_id=06da99a6-66c0-4e05-938c-585dc7653e60&device_owner=compute%3Anova&network_id=608e5399-05f5-4713-908e-30eb481dbc41 => generated 971 bytes in 68 msecs (HTTP/1.1 200) 4 headers in 157 bytes (1 switches on core 0) [pid: 8|app: 0|req: 439/918] 10.0.0.40 () {32 vars in 773 bytes} [Wed Apr 29 16:25:51 2026] GET /v2.0/security-groups?tenant_id=507d33ebaaaa4e058bf390997c65ede7&name=default => generated 2925 bytes in 23 msecs (HTTP/1.1 200) 4 headers in 158 bytes (1 switches on core 0)
2026-04-29 16:25:51.661 7 INFO neutron.db.ovn_revision_numbers_db [None req-0b66fd4c-aef4-44b0-bdf7-6c593bb570e1 a99cb9a3ab6542e8872af18b4666f3ca 1303eeb0bcf246399086ad78629c6d7b - - default default] Successfully bumped revision number for resource 018a6b32-05e2-4aad-a86c-542259fb2b72 (type: router_ports) to 1 [pid: 7|app: 0|req: 480/919] 10.0.0.40 () {34 vars in 782 bytes} [Wed Apr 29 16:25:49 2026] PUT /v2.0/routers/3efd1de2-6a8b-4928-a01c-72a6a822cb7c/add_router_interface => generated 309 bytes in 1830 msecs (HTTP/1.1 200) 4 headers in 157 bytes (1 switches on core 0)
2026-04-29 16:25:51.827 8 WARNING neutron.scheduler.dhcp_agent_scheduler [None req-834f2809-2d41-4273-8d4c-c9bcae178d0c d519b07595254120a5a39f82baf76e9c 0d0c3cc33619459da1bcf12702408b64 - - default default] No more DHCP agents
2026-04-29 16:25:51.832 8 WARNING neutron.api.rpc.agentnotifiers.dhcp_rpc_agent_api [None req-834f2809-2d41-4273-8d4c-c9bcae178d0c d519b07595254120a5a39f82baf76e9c 0d0c3cc33619459da1bcf12702408b64 - - default default] Unable to schedule network 65a41856-f9af-4c57-b41b-2da2c5210018: no agents available; will retry on subsequent port and subnet creation events.
2026-04-29 16:25:51.960 8 INFO neutron.db.ovn_revision_numbers_db [None req-834f2809-2d41-4273-8d4c-c9bcae178d0c d519b07595254120a5a39f82baf76e9c 0d0c3cc33619459da1bcf12702408b64 - - default default] Successfully bumped revision number for resource 6efabcda-4f91-4b3d-a40c-91a371bfb623 (type: ports) to 1 [pid: 8|app: 0|req: 440/920] 10.0.0.40 () {34 vars in 664 bytes} [Wed Apr 29 16:25:51 2026] POST /v2.0/ports => generated 955 bytes in 521 msecs (HTTP/1.1 201) 4 headers in 162 bytes (1 switches on core 0) /var/lib/openstack/lib/python3.12/site-packages/pycadf/identifier.py:70: UserWarning: Invalid uuid: neutron. To ensure interoperability, identifiers should be a valid uuid. warnings.warn(('Invalid uuid: %s. To ensure interoperability, ' [pid: 8|app: 0|req: 441/921] 10.0.0.40 () {32 vars in 739 bytes} [Wed Apr 29 16:25:51 2026] DELETE /v2.0/security-groups/415ed983-09c5-4716-a666-fe56584751ba => generated 0 bytes in 209 msecs (HTTP/1.1 204) 2 headers in 112 bytes (1 switches on core 0)
2026-04-29 16:25:52.333 7 INFO neutron.plugins.ml2.drivers.ovn.mech_driver.mech_driver [None req-39d4c6ab-d520-4384-b70f-d9776a15d37c - - - - - -] OVN reports status down for port: b25f561a-6eb8-4e47-a4b8-40f4466c8c48
2026-04-29 16:25:52.340 7 INFO neutron.db.ovn_revision_numbers_db [req-8fdeb4c4-2221-4467-9289-36e354dc52ad req-75bfb179-6acb-4e23-b966-89603c80256c b29895c6312d4ccf8f9fd0e5a66cdb4c cc5daa97ca6946d7ab36b7ccf1c5e7be - - default default] Successfully bumped revision number for resource fa143b10-f762-4556-b053-3e1de4849c4c (type: ports) to 6 [pid: 7|app: 0|req: 481/922] 199.204.45.153 () {38 vars in 1028 bytes} [Wed Apr 29 16:25:51 2026] PUT /v2.0/ports/fa143b10-f762-4556-b053-3e1de4849c4c => generated 1145 bytes in 706 msecs (HTTP/1.1 200) 4 headers in 158 bytes (1 switches on core 0) /var/lib/openstack/lib/python3.12/site-packages/pycadf/identifier.py:70: UserWarning: Invalid uuid: neutron. To ensure interoperability, identifiers should be a valid uuid. warnings.warn(('Invalid uuid: %s. To ensure interoperability, '
2026-04-29 16:25:52.411 7 INFO neutron.notifiers.nova [-] Nova event matching ['req-6f82e5b5-84f2-40e3-bb59-65818eb01c13'] response: {'name': 'network-changed', 'server_uuid': '06da99a6-66c0-4e05-938c-585dc7653e60', 'tag': 'fa143b10-f762-4556-b053-3e1de4849c4c', 'status': 'completed', 'code': 200}
2026-04-29 16:25:52.435 8 WARNING neutron.plugins.ml2.drivers.ovn.mech_driver.ovsdb.ovn_client [None req-11e1e982-ae10-45e3-a551-63d5af24b6a5 - - - - - -] No hosting information found for port c14c3d34-b835-4de2-83b9-cef1b66ba532: RuntimeError: No hosting information found for port c14c3d34-b835-4de2-83b9-cef1b66ba532
2026-04-29 16:25:52.436 7 INFO neutron.plugins.ml2.drivers.ovn.mech_driver.mech_driver [None req-39d4c6ab-d520-4384-b70f-d9776a15d37c - - - - - -] OVN reports status down for port: 6efabcda-4f91-4b3d-a40c-91a371bfb623
2026-04-29 16:25:52.436 8 INFO neutron.plugins.ml2.drivers.ovn.mech_driver.mech_driver [None req-11e1e982-ae10-45e3-a551-63d5af24b6a5 - - - - - -] OVN reports status down for port: 0e507050-f2c7-47b2-b85e-73ed64004cb5
2026-04-29 16:25:52.450 8 WARNING neutron.scheduler.dhcp_agent_scheduler [None req-f6f78111-c622-4d69-8b8d-b2b81392e0eb d519b07595254120a5a39f82baf76e9c 0d0c3cc33619459da1bcf12702408b64 - - default default] No more DHCP agents
2026-04-29 16:25:52.453 8 WARNING neutron.api.rpc.agentnotifiers.dhcp_rpc_agent_api [None req-f6f78111-c622-4d69-8b8d-b2b81392e0eb d519b07595254120a5a39f82baf76e9c 0d0c3cc33619459da1bcf12702408b64 - - default default] Unable to schedule network 6a647f15-8e2f-40e8-8b74-38ed4d37338e: no agents available; will retry on subsequent port and subnet creation events.
2026-04-29 16:25:52.552 8 WARNING neutron.plugins.ml2.drivers.ovn.mech_driver.ovsdb.ovn_client [None req-11e1e982-ae10-45e3-a551-63d5af24b6a5 - - - - - -] Logical_Switch_Port %s host information not removed, the port state is up
2026-04-29 16:25:52.554 8 INFO neutron.plugins.ml2.drivers.ovn.mech_driver.mech_driver [None req-11e1e982-ae10-45e3-a551-63d5af24b6a5 - - - - - -] OVN reports status up for port: 0e507050-f2c7-47b2-b85e-73ed64004cb5
2026-04-29 16:25:52.561 7 INFO neutron.db.ovn_revision_numbers_db [None req-888d8071-e14f-41d7-b4a8-678a5e723350 6e0a79706f87445c996157c754741d3a b8ca447e499d4148b3a91d99e32f87ec - - default default] Successfully bumped revision number for resource 389d0d9b-1665-4159-b8c7-b241157d631e (type: security_groups) to 1
2026-04-29 16:25:52.578 7 INFO neutron.db.ovn_revision_numbers_db [None req-888d8071-e14f-41d7-b4a8-678a5e723350 6e0a79706f87445c996157c754741d3a b8ca447e499d4148b3a91d99e32f87ec - - default default] Successfully bumped revision number for resource 27e9b858-90bc-40fb-865a-54333a3272bf (type: security_group_rules) to 0
2026-04-29 16:25:52.579 8 INFO neutron.plugins.ml2.plugin [None req-11e1e982-ae10-45e3-a551-63d5af24b6a5 - - - - - -] Attempt 1 to provision port 0e507050-f2c7-47b2-b85e-73ed64004cb5
2026-04-29 16:25:52.589 7 INFO neutron.db.ovn_revision_numbers_db [None req-888d8071-e14f-41d7-b4a8-678a5e723350 6e0a79706f87445c996157c754741d3a b8ca447e499d4148b3a91d99e32f87ec - - default default] Successfully bumped revision number for resource efa44966-bdd6-4be9-8b25-ab8b6b5fbd96 (type: security_group_rules) to 0 [pid: 7|app: 0|req: 482/923] 10.0.0.40 () {34 vars in 684 bytes} [Wed Apr 29 16:25:52 2026] POST /v2.0/security-groups => generated 1661 bytes in 250 msecs (HTTP/1.1 201) 4 headers in 163 bytes (1 switches on core 0)
2026-04-29 16:25:52.750 7 INFO neutron.db.ovn_revision_numbers_db [None req-a94fa9d4-c4e9-4f7c-a526-18ed244d42e2 6e0a79706f87445c996157c754741d3a b8ca447e499d4148b3a91d99e32f87ec - - default default] Successfully bumped revision number for resource 09acd7ea-78ea-4fb8-bb1a-d2707fb3e3ef (type: security_group_rules) to 0 [pid: 7|app: 0|req: 483/924] 10.0.0.40 () {34 vars in 694 bytes} [Wed Apr 29 16:25:52 2026] POST /v2.0/security-group-rules => generated 597 bytes in 156 msecs (HTTP/1.1 201) 4 headers in 162 bytes (1 switches on core 0)
2026-04-29 16:25:52.891 7 INFO neutron.db.ovn_revision_numbers_db [None req-3cc9d9e4-cc9a-4219-8ec4-3dd0b738d224 6e0a79706f87445c996157c754741d3a b8ca447e499d4148b3a91d99e32f87ec - - default default] Successfully bumped revision number for resource f83daa70-14fb-4534-adf8-1b2534a5e8dd (type: security_group_rules) to 0 [pid: 7|app: 0|req: 484/925] 10.0.0.40 () {34 vars in 694 bytes} [Wed Apr 29 16:25:52 2026] POST /v2.0/security-group-rules => generated 602 bytes in 132 msecs (HTTP/1.1 201) 4 headers in 162 bytes (1 switches on core 0) [pid: 7|app: 0|req: 485/926] 199.204.45.153 () {34 vars in 1080 bytes} [Wed Apr 29 16:25:52 2026] GET /v2.0/ports?tenant_id=cc5daa97ca6946d7ab36b7ccf1c5e7be&device_id=06da99a6-66c0-4e05-938c-585dc7653e60 => generated 1386 bytes in 40 msecs (HTTP/1.1 200) 4 headers in 158 bytes (1 switches on core 0)
2026-04-29 16:25:53.148 7 WARNING neutron.scheduler.dhcp_agent_scheduler [None req-d3449e42-ce82-4a66-8716-eb42256e85f0 6e0a79706f87445c996157c754741d3a b8ca447e499d4148b3a91d99e32f87ec - - default default] No more DHCP agents
2026-04-29 16:25:53.149 7 WARNING neutron.api.rpc.agentnotifiers.dhcp_rpc_agent_api [None req-d3449e42-ce82-4a66-8716-eb42256e85f0 6e0a79706f87445c996157c754741d3a b8ca447e499d4148b3a91d99e32f87ec - - default default] Unable to schedule network 6a647f15-8e2f-40e8-8b74-38ed4d37338e: no agents available; will retry on subsequent port and subnet creation events.
2026-04-29 16:25:53.352 8 INFO neutron.db.ovn_revision_numbers_db [None req-11e1e982-ae10-45e3-a551-63d5af24b6a5 - - - - - -] Successfully bumped revision number for resource 0e507050-f2c7-47b2-b85e-73ed64004cb5 (type: ports) to 2 [pid: 7|app: 0|req: 486/927] 10.0.0.40 () {34 vars in 675 bytes} [Wed Apr 29 16:25:52 2026] POST /v2.0/floatingips => generated 552 bytes in 486 msecs (HTTP/1.1 201) 4 headers in 162 bytes (1 switches on core 0) [pid: 7|app: 0|req: 487/928] 199.204.45.153 () {34 vars in 986 bytes} [Wed Apr 29 16:25:53 2026] GET /v2.0/networks?id=608e5399-05f5-4713-908e-30eb481dbc41 => generated 821 bytes in 58 msecs (HTTP/1.1 200) 4 headers in 157 bytes (1 switches on core 0) [pid: 7|app: 0|req: 488/929] 199.204.45.153 () {34 vars in 1058 bytes} [Wed Apr 29 16:25:53 2026] GET /v2.0/floatingips?fixed_ip_address=10.100.0.6&port_id=fa143b10-f762-4556-b053-3e1de4849c4c => generated 860 bytes in 32 msecs (HTTP/1.1 200) 4 headers in 157 bytes (1 switches on core 0) [pid: 7|app: 0|req: 489/930] 199.204.45.153 () {34 vars in 1058 bytes} [Wed Apr 29 16:25:53 2026] GET /v2.0/floatingips?fixed_ip_address=10.100.0.9&port_id=fa143b10-f762-4556-b053-3e1de4849c4c => generated 19 bytes in 28 msecs (HTTP/1.1 200) 4 headers in 156 bytes (1 switches on core 0) [pid: 7|app: 0|req: 490/931] 199.204.45.153 () {34 vars in 984 bytes} [Wed Apr 29 16:25:53 2026] GET /v2.0/subnets?id=7d26e389-f29b-45fb-8e07-325e502dbcd8 => generated 702 bytes in 25 msecs (HTTP/1.1 200) 4 headers in 157 bytes (1 switches on core 0) [pid: 7|app: 0|req: 491/932] 199.204.45.153 () {34 vars in 1052 bytes} [Wed Apr 29 16:25:53 2026] GET /v2.0/ports?network_id=608e5399-05f5-4713-908e-30eb481dbc41&device_owner=network%3Adhcp => generated 12 bytes in 15 msecs (HTTP/1.1 200) 4 headers in 156 bytes (1 switches on core 0) [pid: 7|app: 0|req: 492/933] 199.204.45.153 () {34 vars in 1012 bytes} [Wed Apr 29 16:25:53 2026] GET /v2.0/networks/608e5399-05f5-4713-908e-30eb481dbc41?fields=segments => generated 14 bytes in 39 msecs (HTTP/1.1 200) 4 headers in 156 bytes (1 switches on core 0)
2026-04-29 16:25:53.710 8 INFO neutron.db.ovn_revision_numbers_db [None req-f6f78111-c622-4d69-8b8d-b2b81392e0eb d519b07595254120a5a39f82baf76e9c 0d0c3cc33619459da1bcf12702408b64 - - default default] Successfully bumped revision number for resource 463a14de-843b-468c-8661-69c52350a286 (type: floatingips) to 1
2026-04-29 16:25:53.711 8 INFO neutron.db.l3_db [None req-f6f78111-c622-4d69-8b8d-b2b81392e0eb d519b07595254120a5a39f82baf76e9c 0d0c3cc33619459da1bcf12702408b64 - - default default] Floating IP 463a14de-843b-468c-8661-69c52350a286 associated. External IP: 10.96.250.210, port: 6efabcda-4f91-4b3d-a40c-91a371bfb623. [pid: 7|app: 0|req: 493/934] 199.204.45.153 () {34 vars in 1112 bytes} [Wed Apr 29 16:25:53 2026] GET /v2.0/networks/608e5399-05f5-4713-908e-30eb481dbc41?fields=provider%3Aphysical_network&fields=provider%3Anetwork_type => generated 79 bytes in 46 msecs (HTTP/1.1 200) 4 headers in 156 bytes (1 switches on core 0) [pid: 8|app: 0|req: 442/935] 10.0.0.40 () {34 vars in 676 bytes} [Wed Apr 29 16:25:52 2026] POST /v2.0/floatingips => generated 842 bytes in 1553 msecs (HTTP/1.1 201) 4 headers in 162 bytes (1 switches on core 0)
2026-04-29 16:25:53.949 7 INFO neutron.db.ovn_revision_numbers_db [None req-cd7aa5f6-fa98-4b37-b549-8a5cd3d82d1b d519b07595254120a5a39f82baf76e9c 0d0c3cc33619459da1bcf12702408b64 - - default default] Successfully bumped revision number for resource 463a14de-843b-468c-8661-69c52350a286 (type: floatingips) to 2
2026-04-29 16:25:54.000 7 INFO neutron.db.l3_db [None req-cd7aa5f6-fa98-4b37-b549-8a5cd3d82d1b d519b07595254120a5a39f82baf76e9c 0d0c3cc33619459da1bcf12702408b64 - - default default] Floating IP 463a14de-843b-468c-8661-69c52350a286 disassociated. External IP: 10.96.250.210, port: 6efabcda-4f91-4b3d-a40c-91a371bfb623. [pid: 7|app: 0|req: 494/936] 10.0.0.40 () {34 vars in 748 bytes} [Wed Apr 29 16:25:53 2026] PUT /v2.0/floatingips/463a14de-843b-468c-8661-69c52350a286 => generated 554 bytes in 266 msecs (HTTP/1.1 200) 4 headers in 157 bytes (1 switches on core 0) [pid: 7|app: 0|req: 495/937] 10.0.0.185 () {34 vars in 1100 bytes} [Wed Apr 29 16:25:54 2026] GET /v2.0/security-groups?name=tempest-securitygroup--1635950765&fields=id&tenant_id=b8ca447e499d4148b3a91d99e32f87ec => generated 69 bytes in 28 msecs (HTTP/1.1 200) 4 headers in 156 bytes (1 switches on core 0)
2026-04-29 16:25:54.073 8 INFO neutron.db.ovn_revision_numbers_db [None req-1e417303-9879-4924-ba6e-e333168c5df0 a99cb9a3ab6542e8872af18b4666f3ca 1303eeb0bcf246399086ad78629c6d7b - - default default] Successfully bumped revision number for resource f961bf50-1437-47bf-8813-c8a025a06390 (type: security_groups) to 1
2026-04-29 16:25:54.085 8 INFO neutron.db.ovn_revision_numbers_db [None req-1e417303-9879-4924-ba6e-e333168c5df0 a99cb9a3ab6542e8872af18b4666f3ca 1303eeb0bcf246399086ad78629c6d7b - - default default] Successfully bumped revision number for resource 86d158ee-d6ea-4d80-a468-8dd282ecbac1 (type: security_group_rules) to 0
2026-04-29 16:25:54.097 8 INFO neutron.db.ovn_revision_numbers_db [None req-1e417303-9879-4924-ba6e-e333168c5df0 a99cb9a3ab6542e8872af18b4666f3ca 1303eeb0bcf246399086ad78629c6d7b - - default default] Successfully bumped revision number for resource a4597c7e-c32e-49da-a8e3-dcca0b4220be (type: security_group_rules) to 0
2026-04-29 16:25:54.111 8 INFO neutron.db.ovn_revision_numbers_db [None req-1e417303-9879-4924-ba6e-e333168c5df0 a99cb9a3ab6542e8872af18b4666f3ca 1303eeb0bcf246399086ad78629c6d7b - - default default] Successfully bumped revision number for resource ca99508f-1453-4e55-b0e6-519766b2a84f (type: security_group_rules) to 0
2026-04-29 16:25:54.125 8 INFO neutron.db.ovn_revision_numbers_db [None req-1e417303-9879-4924-ba6e-e333168c5df0 a99cb9a3ab6542e8872af18b4666f3ca 1303eeb0bcf246399086ad78629c6d7b - - default default] Successfully bumped revision number for resource dab73db4-de56-4367-b452-be37fe53c503 (type: security_group_rules) to 0
2026-04-29 16:25:54.161 7 INFO neutron_taas.services.taas.taas_plugin [None req-f5274e81-72db-4866-b6b4-5dedf589b53f d519b07595254120a5a39f82baf76e9c 0d0c3cc33619459da1bcf12702408b64 - - default default] TaaS: Handle Delete Port: 60bb5b90-80e8-4907-8cbb-8a91719da009
2026-04-29 16:25:54.164 7 INFO neutron_taas.services.taas.tap_mirror_plugin [None req-f5274e81-72db-4866-b6b4-5dedf589b53f d519b07595254120a5a39f82baf76e9c 0d0c3cc33619459da1bcf12702408b64 - - default default] Tap Mirror: Handle Delete Port: 60bb5b90-80e8-4907-8cbb-8a91719da009
2026-04-29 16:25:54.206 8 INFO neutron.db.segments_db [None req-1e417303-9879-4924-ba6e-e333168c5df0 a99cb9a3ab6542e8872af18b4666f3ca 1303eeb0bcf246399086ad78629c6d7b - - default default] Added segment 68510582-0111-4743-b78a-4fe8b7952ee5 of type geneve for network 85bc596c-ee30-4446-b037-f168ebf9cfd8 [pid: 7|app: 0|req: 496/938] 10.0.0.40 () {32 vars in 731 bytes} [Wed Apr 29 16:25:54 2026] DELETE /v2.0/floatingips/463a14de-843b-468c-8661-69c52350a286 => generated 0 bytes in 254 msecs (HTTP/1.1 204) 2 headers in 112 bytes (1 switches on core 0)
