2026-05-15 02:03:24.661 8 INFO neutron.db.ovn_revision_numbers_db [None req-b079d262-8d55-488e-b9da-ed62d13ac7db 80c458dd0d0540a892e89943afa61c61 7beb8a3d0ea04296ae65afa172ed7182 - - default default] Successfully bumped revision number for resource 47eb3dda-d1d7-48a3-8c8f-07149b073fca (type: ports) to 1
2026-05-15 02:03:24.661 7 INFO neutron.plugins.ml2.drivers.ovn.mech_driver.mech_driver [None req-ebe890ca-e25b-45cf-b4ac-08ed41b2262b - - - - - -] OVN reports status down for port: 47eb3dda-d1d7-48a3-8c8f-07149b073fca [pid: 8|app: 0|req: 1011/2045] 10.0.0.170 () {34 vars in 671 bytes} [Fri May 15 02:03:23 2026] POST /v2.0/networks => generated 671 bytes in 820 msecs (HTTP/1.1 201) 4 headers in 162 bytes (1 switches on core 0) [pid: 7|app: 0|req: 1035/2046] 10.0.0.170 () {32 vars in 694 bytes} [Fri May 15 02:03:24 2026] GET /v2.0/floatingips?not-tags=red%2Cblue => generated 1643 bytes in 83 msecs (HTTP/1.1 200) 4 headers in 158 bytes (1 switches on core 0) [pid: 7|app: 0|req: 1036/2047] 10.0.0.170 () {32 vars in 690 bytes} [Fri May 15 02:03:24 2026] GET /v2.0/floatingips?not-tags-any=blue => generated 1643 bytes in 95 msecs (HTTP/1.1 200) 4 headers in 158 bytes (1 switches on core 0) [pid: 7|app: 0|req: 1037/2048] 10.0.0.170 () {32 vars in 702 bytes} [Fri May 15 02:03:24 2026] GET /v2.0/floatingips?not-tags-any=red%2Cblue => generated 1100 bytes in 33 msecs (HTTP/1.1 200) 4 headers in 158 bytes (1 switches on core 0)
2026-05-15 02:03:25.053 7 INFO neutron_taas.services.taas.taas_plugin [None req-3692fc6b-09cc-4567-a6f8-675ec79b5317 f914cd57390d4a8aab8b9f35ff6c174c 6755011fdbf84662b7b5459034f17595 - - default default] TaaS: Handle Delete Port: 83c05410-de45-46b3-9c9f-1a8cc5446cac
2026-05-15 02:03:25.056 7 INFO neutron_taas.services.taas.tap_mirror_plugin [None req-3692fc6b-09cc-4567-a6f8-675ec79b5317 f914cd57390d4a8aab8b9f35ff6c174c 6755011fdbf84662b7b5459034f17595 - - default default] Tap Mirror: Handle Delete Port: 83c05410-de45-46b3-9c9f-1a8cc5446cac
2026-05-15 02:03:25.167 8 WARNING neutron.scheduler.dhcp_agent_scheduler [None req-6d6d6360-67d8-41a5-9165-0ef8ed220bc4 80c458dd0d0540a892e89943afa61c61 7beb8a3d0ea04296ae65afa172ed7182 - - default default] No more DHCP agents
2026-05-15 02:03:25.168 8 WARNING neutron.api.rpc.agentnotifiers.dhcp_rpc_agent_api [None req-6d6d6360-67d8-41a5-9165-0ef8ed220bc4 80c458dd0d0540a892e89943afa61c61 7beb8a3d0ea04296ae65afa172ed7182 - - default default] Unable to schedule network 1fdad79b-12c3-41ff-ae85-87c1e297e4ce: no agents available; will retry on subsequent port and subnet creation events. [pid: 7|app: 0|req: 1038/2049] 10.0.0.170 () {32 vars in 732 bytes} [Fri May 15 02:03:24 2026] DELETE /v2.0/floatingips/440fbaad-aaa1-447f-aeb4-ace4cc35404c => generated 0 bytes in 318 msecs (HTTP/1.1 204) 2 headers in 112 bytes (1 switches on core 0)
2026-05-15 02:03:25.281 7 INFO neutron.plugins.ml2.drivers.ovn.mech_driver.mech_driver [None req-ebe890ca-e25b-45cf-b4ac-08ed41b2262b - - - - - -] OVN reports status down for port: f3d94ffb-578f-4bd4-b964-4d0908bdcb80
2026-05-15 02:03:25.315 8 INFO neutron.db.ovn_revision_numbers_db [None req-6d6d6360-67d8-41a5-9165-0ef8ed220bc4 80c458dd0d0540a892e89943afa61c61 7beb8a3d0ea04296ae65afa172ed7182 - - default default] Successfully bumped revision number for resource f3d94ffb-578f-4bd4-b964-4d0908bdcb80 (type: ports) to 1
2026-05-15 02:03:25.316 7 WARNING neutron.db.securitygroups_db [None req-2e457e22-478c-4e0c-91b5-83d15c72d33a cac3d85d95d8416b83c337f544425ca7 88cb37c210d14db39afc497fe68080f9 - - default default] project_id key not found in filters, using tenant_id instead. This support has been deprecated and will be removed in a future release.
2026-05-15 02:03:25.447 7 INFO neutron.db.ovn_revision_numbers_db [None req-2e457e22-478c-4e0c-91b5-83d15c72d33a cac3d85d95d8416b83c337f544425ca7 88cb37c210d14db39afc497fe68080f9 - - default default] Successfully bumped revision number for resource de0ab394-cb0b-4827-97f4-c89950fd949a (type: security_groups) to 1
2026-05-15 02:03:25.458 7 INFO neutron.db.ovn_revision_numbers_db [None req-2e457e22-478c-4e0c-91b5-83d15c72d33a cac3d85d95d8416b83c337f544425ca7 88cb37c210d14db39afc497fe68080f9 - - default default] Successfully bumped revision number for resource 05e4714c-c40d-47e2-b298-96b130005f87 (type: security_group_rules) to 0
2026-05-15 02:03:25.470 7 INFO neutron.db.ovn_revision_numbers_db [None req-2e457e22-478c-4e0c-91b5-83d15c72d33a cac3d85d95d8416b83c337f544425ca7 88cb37c210d14db39afc497fe68080f9 - - default default] Successfully bumped revision number for resource 4abcbfcd-e47d-4c62-afd6-cdea6285c70e (type: security_group_rules) to 0
2026-05-15 02:03:25.481 7 INFO neutron.db.ovn_revision_numbers_db [None req-2e457e22-478c-4e0c-91b5-83d15c72d33a cac3d85d95d8416b83c337f544425ca7 88cb37c210d14db39afc497fe68080f9 - - default default] Successfully bumped revision number for resource 61930a9e-97d7-4db9-bb29-776f8aedecd1 (type: security_group_rules) to 0
2026-05-15 02:03:25.493 7 INFO neutron.db.ovn_revision_numbers_db [None req-2e457e22-478c-4e0c-91b5-83d15c72d33a cac3d85d95d8416b83c337f544425ca7 88cb37c210d14db39afc497fe68080f9 - - default default] Successfully bumped revision number for resource a5be0e2c-ad38-4c24-8e87-3b583d1e7151 (type: security_group_rules) to 0 [pid: 7|app: 0|req: 1039/2050] 10.0.0.170 () {32 vars in 774 bytes} [Fri May 15 02:03:25 2026] GET /v2.0/security-groups?tenant_id=cc7f19efaa9040799c4b268f56583c56&name=default => generated 2925 bytes in 336 msecs (HTTP/1.1 200) 4 headers in 158 bytes (1 switches on core 0)
2026-05-15 02:03:25.668 7 WARNING neutron.db.securitygroups_db [None req-05f14b14-3c77-48f6-8d25-15fe385a3019 cac3d85d95d8416b83c337f544425ca7 88cb37c210d14db39afc497fe68080f9 - - default default] project_id key not found in filters, using tenant_id instead. This support has been deprecated and will be removed in a future release.
2026-05-15 02:03:25.786 7 INFO neutron.db.ovn_revision_numbers_db [None req-05f14b14-3c77-48f6-8d25-15fe385a3019 cac3d85d95d8416b83c337f544425ca7 88cb37c210d14db39afc497fe68080f9 - - default default] Successfully bumped revision number for resource 1cdbd5bc-6742-4994-8de4-cf1900eec39a (type: security_groups) to 1
2026-05-15 02:03:25.798 7 INFO neutron.db.ovn_revision_numbers_db [None req-05f14b14-3c77-48f6-8d25-15fe385a3019 cac3d85d95d8416b83c337f544425ca7 88cb37c210d14db39afc497fe68080f9 - - default default] Successfully bumped revision number for resource 0b5f2161-940e-4872-8ed8-bf5039afb185 (type: security_group_rules) to 0
2026-05-15 02:03:25.811 7 INFO neutron.db.ovn_revision_numbers_db [None req-05f14b14-3c77-48f6-8d25-15fe385a3019 cac3d85d95d8416b83c337f544425ca7 88cb37c210d14db39afc497fe68080f9 - - default default] Successfully bumped revision number for resource 374dadaf-bec1-47c5-a6e8-c0a1c06c548e (type: security_group_rules) to 0
2026-05-15 02:03:25.823 7 INFO neutron.db.ovn_revision_numbers_db [None req-05f14b14-3c77-48f6-8d25-15fe385a3019 cac3d85d95d8416b83c337f544425ca7 88cb37c210d14db39afc497fe68080f9 - - default default] Successfully bumped revision number for resource 85207155-7a7d-4f63-b414-57496e98fd58 (type: security_group_rules) to 0
2026-05-15 02:03:25.837 7 INFO neutron.db.ovn_revision_numbers_db [None req-05f14b14-3c77-48f6-8d25-15fe385a3019 cac3d85d95d8416b83c337f544425ca7 88cb37c210d14db39afc497fe68080f9 - - default default] Successfully bumped revision number for resource b6f5f813-0747-47fb-96e0-22bfc9495479 (type: security_group_rules) to 0 [pid: 7|app: 0|req: 1040/2051] 10.0.0.170 () {32 vars in 774 bytes} [Fri May 15 02:03:25 2026] GET /v2.0/security-groups?tenant_id=f97717d3c4a84a42a987c0a2a55180ce&name=default => generated 2925 bytes in 328 msecs (HTTP/1.1 200) 4 headers in 158 bytes (1 switches on core 0)
2026-05-15 02:03:26.034 8 INFO neutron.plugins.ml2.drivers.ovn.mech_driver.ovsdb.ovsdb_monitor [None req-ceb85a5a-0101-4a1b-81a9-e1f9142df52b - - - - - -] Router 55a78fb7-5a51-4ba8-a03e-ee25e928caa5 is bound to host instance
2026-05-15 02:03:26.046 8 INFO neutron.db.ovn_revision_numbers_db [None req-6d6d6360-67d8-41a5-9165-0ef8ed220bc4 80c458dd0d0540a892e89943afa61c61 7beb8a3d0ea04296ae65afa172ed7182 - - default default] Successfully bumped revision number for resource f3d94ffb-578f-4bd4-b964-4d0908bdcb80 (type: router_ports) to 1
2026-05-15 02:03:26.052 7 INFO neutron.plugins.ml2.drivers.ovn.mech_driver.mech_driver [None req-ebe890ca-e25b-45cf-b4ac-08ed41b2262b - - - - - -] OVN reports status up for port: f3d94ffb-578f-4bd4-b964-4d0908bdcb80
2026-05-15 02:03:26.060 7 INFO neutron_taas.services.taas.taas_plugin [None req-9e51760b-1de7-4652-8295-66bbc9cfd1b0 f914cd57390d4a8aab8b9f35ff6c174c 6755011fdbf84662b7b5459034f17595 - - default default] TaaS: Handle Delete Port: e2aa5d6f-e3ac-4523-b8e3-cd51dbbb0e6b
2026-05-15 02:03:26.066 7 INFO neutron_taas.services.taas.tap_mirror_plugin [None req-9e51760b-1de7-4652-8295-66bbc9cfd1b0 f914cd57390d4a8aab8b9f35ff6c174c 6755011fdbf84662b7b5459034f17595 - - default default] Tap Mirror: Handle Delete Port: e2aa5d6f-e3ac-4523-b8e3-cd51dbbb0e6b
2026-05-15 02:03:26.072 7 INFO neutron.plugins.ml2.plugin [None req-ebe890ca-e25b-45cf-b4ac-08ed41b2262b - - - - - -] Attempt 1 to provision port f3d94ffb-578f-4bd4-b964-4d0908bdcb80
2026-05-15 02:03:26.179 8 INFO neutron.db.ovn_revision_numbers_db [None req-6d6d6360-67d8-41a5-9165-0ef8ed220bc4 80c458dd0d0540a892e89943afa61c61 7beb8a3d0ea04296ae65afa172ed7182 - - default default] Successfully bumped revision number for resource 55a78fb7-5a51-4ba8-a03e-ee25e928caa5 (type: routers) to 2 [pid: 8|app: 0|req: 1012/2052] 10.0.0.170 () {34 vars in 669 bytes} [Fri May 15 02:03:24 2026] POST /v2.0/routers => generated 976 bytes in 1520 msecs (HTTP/1.1 201) 4 headers in 162 bytes (1 switches on core 0) [pid: 7|app: 0|req: 1041/2053] 10.0.0.170 () {32 vars in 732 bytes} [Fri May 15 02:03:25 2026] DELETE /v2.0/floatingips/1e8a93d4-c82b-45d1-8346-5b5fd5e73d53 => generated 0 bytes in 396 msecs (HTTP/1.1 204) 2 headers in 112 bytes (1 switches on core 0) [pid: 7|app: 0|req: 1042/2054] 10.0.0.170 () {32 vars in 740 bytes} [Fri May 15 02:03:26 2026] DELETE /v2.0/security-groups/1cdbd5bc-6742-4994-8de4-cf1900eec39a => generated 0 bytes in 161 msecs (HTTP/1.1 204) 2 headers in 112 bytes (1 switches on core 0) [pid: 7|app: 0|req: 1043/2055] 10.0.0.170 () {32 vars in 776 bytes} [Fri May 15 02:03:26 2026] GET /v2.0/subnets?project_id=7beb8a3d0ea04296ae65afa172ed7182&cidr=10.100.0.0%2F28 => generated 14 bytes in 103 msecs (HTTP/1.1 200) 4 headers in 156 bytes (1 switches on core 0) [pid: 8|app: 0|req: 1013/2056] 10.0.0.170 () {32 vars in 740 bytes} [Fri May 15 02:03:26 2026] DELETE /v2.0/security-groups/de0ab394-cb0b-4827-97f4-c89950fd949a => generated 0 bytes in 373 msecs (HTTP/1.1 204) 2 headers in 112 bytes (1 switches on core 0)
2026-05-15 02:03:26.649 7 INFO neutron_taas.services.taas.taas_plugin [None req-c6ac61de-b7b3-45f8-ae4d-781b58b13500 f914cd57390d4a8aab8b9f35ff6c174c 6755011fdbf84662b7b5459034f17595 - - default default] TaaS: Handle Delete Port: 2a2b1cc3-3331-43e1-8d52-63a321085a92
2026-05-15 02:03:26.651 7 INFO neutron_taas.services.taas.tap_mirror_plugin [None req-c6ac61de-b7b3-45f8-ae4d-781b58b13500 f914cd57390d4a8aab8b9f35ff6c174c 6755011fdbf84662b7b5459034f17595 - - default default] Tap Mirror: Handle Delete Port: 2a2b1cc3-3331-43e1-8d52-63a321085a92 [pid: 8|app: 0|req: 1014/2057] 10.0.0.170 () {32 vars in 694 bytes} [Fri May 15 02:03:26 2026] GET /v2.0/networks?router%3Aexternal=True => generated 791 bytes in 91 msecs (HTTP/1.1 200) 4 headers in 157 bytes (1 switches on core 0) [pid: 8|app: 0|req: 1015/2058] 10.0.0.170 () {32 vars in 784 bytes} [Fri May 15 02:03:26 2026] GET /v2.0/subnets?network_id=1fdad79b-12c3-41ff-ae85-87c1e297e4ce&cidr=10.100.0.0%2F28 => generated 14 bytes in 45 msecs (HTTP/1.1 200) 4 headers in 156 bytes (1 switches on core 0) [pid: 7|app: 0|req: 1044/2059] 10.0.0.170 () {32 vars in 732 bytes} [Fri May 15 02:03:26 2026] DELETE /v2.0/floatingips/ae0f9576-1da0-49d0-85b5-951053882a86 => generated 0 bytes in 274 msecs (HTTP/1.1 204) 2 headers in 112 bytes (1 switches on core 0)
2026-05-15 02:03:26.817 7 WARNING neutron.db.securitygroups_db [None req-5a9d1c5b-6c9e-4373-8dd1-f0d015485730 cac3d85d95d8416b83c337f544425ca7 88cb37c210d14db39afc497fe68080f9 - - default default] project_id key not found in filters, using tenant_id instead. This support has been deprecated and will be removed in a future release.
2026-05-15 02:03:26.925 7 INFO neutron.db.ovn_revision_numbers_db [None req-5a9d1c5b-6c9e-4373-8dd1-f0d015485730 cac3d85d95d8416b83c337f544425ca7 88cb37c210d14db39afc497fe68080f9 - - default default] Successfully bumped revision number for resource ee80c694-05e8-4861-a6f8-011fd41304eb (type: security_groups) to 1
2026-05-15 02:03:26.938 7 INFO neutron.db.ovn_revision_numbers_db [None req-5a9d1c5b-6c9e-4373-8dd1-f0d015485730 cac3d85d95d8416b83c337f544425ca7 88cb37c210d14db39afc497fe68080f9 - - default default] Successfully bumped revision number for resource 47d9213d-b4db-485e-a58e-7cc46bea3798 (type: security_group_rules) to 0
2026-05-15 02:03:26.950 7 INFO neutron.db.ovn_revision_numbers_db [None req-5a9d1c5b-6c9e-4373-8dd1-f0d015485730 cac3d85d95d8416b83c337f544425ca7 88cb37c210d14db39afc497fe68080f9 - - default default] Successfully bumped revision number for resource 6522ef32-580e-4fe9-87c3-6badf0adaae6 (type: security_group_rules) to 0
2026-05-15 02:03:26.961 7 INFO neutron.db.ovn_revision_numbers_db [None req-5a9d1c5b-6c9e-4373-8dd1-f0d015485730 cac3d85d95d8416b83c337f544425ca7 88cb37c210d14db39afc497fe68080f9 - - default default] Successfully bumped revision number for resource 9fcaccdd-7161-4523-9a41-962f016a7be7 (type: security_group_rules) to 0
2026-05-15 02:03:26.973 7 INFO neutron.db.ovn_revision_numbers_db [None req-5a9d1c5b-6c9e-4373-8dd1-f0d015485730 cac3d85d95d8416b83c337f544425ca7 88cb37c210d14db39afc497fe68080f9 - - default default] Successfully bumped revision number for resource b3f57aeb-9e65-4c63-9030-ec4aa4973b3b (type: security_group_rules) to 0 [pid: 7|app: 0|req: 1045/2060] 10.0.0.170 () {32 vars in 774 bytes} [Fri May 15 02:03:26 2026] GET /v2.0/security-groups?tenant_id=b6e107700a8049a2811802402d03dee8&name=default => generated 2925 bytes in 196 msecs (HTTP/1.1 200) 4 headers in 158 bytes (1 switches on core 0)
2026-05-15 02:03:27.052 8 WARNING neutron.scheduler.dhcp_agent_scheduler [None req-32e64f1b-4ee0-4f11-81c5-8e6104f92663 80c458dd0d0540a892e89943afa61c61 7beb8a3d0ea04296ae65afa172ed7182 - - default default] No more DHCP agents
2026-05-15 02:03:27.055 8 WARNING neutron.api.rpc.agentnotifiers.dhcp_rpc_agent_api [None req-32e64f1b-4ee0-4f11-81c5-8e6104f92663 80c458dd0d0540a892e89943afa61c61 7beb8a3d0ea04296ae65afa172ed7182 - - default default] Unable to schedule network ca1bbd32-4199-47cc-92d3-1f39a2cbf61a: no agents available; will retry on subsequent port and subnet creation events.
2026-05-15 02:03:27.111 7 INFO neutron_taas.services.taas.taas_plugin [None req-2d48c85a-13c8-4059-9159-01631f13e905 f914cd57390d4a8aab8b9f35ff6c174c 6755011fdbf84662b7b5459034f17595 - - default default] TaaS: Handle Delete Port: d2edee51-0713-4d5c-9031-4a9e0299f0d3
2026-05-15 02:03:27.113 7 INFO neutron_taas.services.taas.tap_mirror_plugin [None req-2d48c85a-13c8-4059-9159-01631f13e905 f914cd57390d4a8aab8b9f35ff6c174c 6755011fdbf84662b7b5459034f17595 - - default default] Tap Mirror: Handle Delete Port: d2edee51-0713-4d5c-9031-4a9e0299f0d3 [pid: 7|app: 0|req: 1046/2061] 10.0.0.170 () {32 vars in 732 bytes} [Fri May 15 02:03:27 2026] DELETE /v2.0/floatingips/55e60dee-3452-4538-a576-3c54dda3e588 => generated 0 bytes in 258 msecs (HTTP/1.1 204) 2 headers in 112 bytes (1 switches on core 0) [pid: 7|app: 0|req: 1047/2062] 10.0.0.170 () {32 vars in 740 bytes} [Fri May 15 02:03:27 2026] DELETE /v2.0/security-groups/ee80c694-05e8-4861-a6f8-011fd41304eb => generated 0 bytes in 151 msecs (HTTP/1.1 204) 2 headers in 112 bytes (1 switches on core 0)
2026-05-15 02:03:27.490 8 INFO neutron.db.ovn_revision_numbers_db [None req-56cffa74-056f-475e-a84b-aecd24f3932b - - - - - -] Successfully bumped revision number for resource f3d94ffb-578f-4bd4-b964-4d0908bdcb80 (type: ports) to 4
2026-05-15 02:03:27.571 7 INFO neutron_taas.services.taas.taas_plugin [None req-a8043011-2552-4c6b-9b18-cb6e6d2644a9 f914cd57390d4a8aab8b9f35ff6c174c 6755011fdbf84662b7b5459034f17595 - - default default] TaaS: Handle Delete Port: 04d8cb7f-91ad-497f-99f9-e2a3a420a2a1
2026-05-15 02:03:27.574 7 INFO neutron_taas.services.taas.tap_mirror_plugin [None req-a8043011-2552-4c6b-9b18-cb6e6d2644a9 f914cd57390d4a8aab8b9f35ff6c174c 6755011fdbf84662b7b5459034f17595 - - default default] Tap Mirror: Handle Delete Port: 04d8cb7f-91ad-497f-99f9-e2a3a420a2a1 [pid: 7|app: 0|req: 1048/2063] 10.0.0.170 () {32 vars in 732 bytes} [Fri May 15 02:03:27 2026] DELETE /v2.0/floatingips/0183bf34-0593-423c-8e56-47aa5eb9a488 => generated 0 bytes in 309 msecs (HTTP/1.1 204) 2 headers in 112 bytes (1 switches on core 0)
2026-05-15 02:03:27.828 8 INFO neutron.db.ovn_revision_numbers_db [None req-32e64f1b-4ee0-4f11-81c5-8e6104f92663 80c458dd0d0540a892e89943afa61c61 7beb8a3d0ea04296ae65afa172ed7182 - - default default] Successfully bumped revision number for resource 47eb3dda-d1d7-48a3-8c8f-07149b073fca (type: ports) to 2
2026-05-15 02:03:27.900 8 INFO neutron.db.ovn_revision_numbers_db [None req-32e64f1b-4ee0-4f11-81c5-8e6104f92663 80c458dd0d0540a892e89943afa61c61 7beb8a3d0ea04296ae65afa172ed7182 - - default default] Successfully bumped revision number for resource 844f572d-54ce-4d9b-88cb-96b4efb15e21 (type: subnets) to 0 [pid: 8|app: 0|req: 1016/2064] 10.0.0.170 () {34 vars in 669 bytes} [Fri May 15 02:03:26 2026] POST /v2.0/subnets => generated 656 bytes in 1225 msecs (HTTP/1.1 201) 4 headers in 162 bytes (1 switches on core 0)
2026-05-15 02:03:28.019 8 INFO neutron.db.ovn_revision_numbers_db [None req-56cffa74-056f-475e-a84b-aecd24f3932b - - - - - -] Successfully bumped revision number for resource f3d94ffb-578f-4bd4-b964-4d0908bdcb80 (type: ports) to 5
2026-05-15 02:03:28.576 7 WARNING neutron.scheduler.dhcp_agent_scheduler [None req-ef7f54d8-0f67-4fe9-a5c2-793d7d7e35c7 80c458dd0d0540a892e89943afa61c61 7beb8a3d0ea04296ae65afa172ed7182 - - default default] No more DHCP agents
2026-05-15 02:03:28.577 7 WARNING neutron.api.rpc.agentnotifiers.dhcp_rpc_agent_api [None req-ef7f54d8-0f67-4fe9-a5c2-793d7d7e35c7 80c458dd0d0540a892e89943afa61c61 7beb8a3d0ea04296ae65afa172ed7182 - - default default] Unable to schedule network ca1bbd32-4199-47cc-92d3-1f39a2cbf61a: no agents available; will retry on subsequent port and subnet creation events.
2026-05-15 02:03:28.585 8 INFO neutron.db.ovn_revision_numbers_db [None req-e7ea48b1-67bc-4288-b647-20ee22568522 cac3d85d95d8416b83c337f544425ca7 88cb37c210d14db39afc497fe68080f9 - - default default] Successfully bumped revision number for resource a950dafd-b6ca-4842-a0d2-28d7025ac9c0 (type: security_groups) to 1
2026-05-15 02:03:28.602 8 INFO neutron.db.ovn_revision_numbers_db [None req-e7ea48b1-67bc-4288-b647-20ee22568522 cac3d85d95d8416b83c337f544425ca7 88cb37c210d14db39afc497fe68080f9 - - default default] Successfully bumped revision number for resource 4ac60212-5a6b-4272-9154-d318076b7704 (type: security_group_rules) to 0
2026-05-15 02:03:28.613 8 INFO neutron.db.ovn_revision_numbers_db [None req-e7ea48b1-67bc-4288-b647-20ee22568522 cac3d85d95d8416b83c337f544425ca7 88cb37c210d14db39afc497fe68080f9 - - default default] Successfully bumped revision number for resource 6f241d1a-caa2-4e94-bcce-e2a457cd0da0 (type: security_group_rules) to 0
2026-05-15 02:03:28.626 8 INFO neutron.db.ovn_revision_numbers_db [None req-e7ea48b1-67bc-4288-b647-20ee22568522 cac3d85d95d8416b83c337f544425ca7 88cb37c210d14db39afc497fe68080f9 - - default default] Successfully bumped revision number for resource 96be7619-1c19-4757-858f-4a247189ed90 (type: security_group_rules) to 0
2026-05-15 02:03:28.638 8 INFO neutron.db.ovn_revision_numbers_db [None req-e7ea48b1-67bc-4288-b647-20ee22568522 cac3d85d95d8416b83c337f544425ca7 88cb37c210d14db39afc497fe68080f9 - - default default] Successfully bumped revision number for resource 9dea6544-eee1-4fc4-858f-3236b789579e (type: security_group_rules) to 0
2026-05-15 02:03:28.712 8 INFO neutron.db.segments_db [None req-e7ea48b1-67bc-4288-b647-20ee22568522 cac3d85d95d8416b83c337f544425ca7 88cb37c210d14db39afc497fe68080f9 - - default default] Added segment 50960e30-88fb-48dd-828a-edfdb0ee6c72 of type geneve for network fde28e82-9cec-4517-a493-28a645cb433d
2026-05-15 02:03:28.749 7 INFO neutron.db.ovn_revision_numbers_db [None req-ef7f54d8-0f67-4fe9-a5c2-793d7d7e35c7 80c458dd0d0540a892e89943afa61c61 7beb8a3d0ea04296ae65afa172ed7182 - - default default] Successfully bumped revision number for resource df9ae19b-0d52-4d94-b466-b65f48589be8 (type: ports) to 1
2026-05-15 02:03:28.836 8 INFO neutron.db.ovn_revision_numbers_db [None req-e7ea48b1-67bc-4288-b647-20ee22568522 cac3d85d95d8416b83c337f544425ca7 88cb37c210d14db39afc497fe68080f9 - - default default] Successfully bumped revision number for resource fde28e82-9cec-4517-a493-28a645cb433d (type: networks) to 1
2026-05-15 02:03:29.005 8 WARNING neutron.scheduler.dhcp_agent_scheduler [None req-e7ea48b1-67bc-4288-b647-20ee22568522 cac3d85d95d8416b83c337f544425ca7 88cb37c210d14db39afc497fe68080f9 - - default default] No more DHCP agents
2026-05-15 02:03:29.007 8 WARNING neutron.api.rpc.agentnotifiers.dhcp_rpc_agent_api [None req-e7ea48b1-67bc-4288-b647-20ee22568522 cac3d85d95d8416b83c337f544425ca7 88cb37c210d14db39afc497fe68080f9 - - default default] Unable to schedule network fde28e82-9cec-4517-a493-28a645cb433d: no agents available; will retry on subsequent port and subnet creation events.
2026-05-15 02:03:29.091 8 INFO neutron.db.ovn_revision_numbers_db [None req-e7ea48b1-67bc-4288-b647-20ee22568522 cac3d85d95d8416b83c337f544425ca7 88cb37c210d14db39afc497fe68080f9 - - default default] Successfully bumped revision number for resource 934383d7-6773-492d-903f-22784848e197 (type: ports) to 1 [pid: 8|app: 0|req: 1017/2065] 10.0.0.170 () {34 vars in 671 bytes} [Fri May 15 02:03:28 2026] POST /v2.0/networks => generated 780 bytes in 931 msecs (HTTP/1.1 201) 4 headers in 162 bytes (1 switches on core 0)
2026-05-15 02:03:29.177 7 INFO neutron.plugins.ml2.drivers.ovn.mech_driver.mech_driver [None req-ebe890ca-e25b-45cf-b4ac-08ed41b2262b - - - - - -] OVN reports status down for port: df9ae19b-0d52-4d94-b466-b65f48589be8
2026-05-15 02:03:29.335 8 WARNING neutron.db.securitygroups_db [None req-ed6e9a14-7543-460a-bebe-cf2af7d0f21b cac3d85d95d8416b83c337f544425ca7 88cb37c210d14db39afc497fe68080f9 - - default default] project_id key not found in filters, using tenant_id instead. This support has been deprecated and will be removed in a future release.
2026-05-15 02:03:29.386 7 INFO neutron.plugins.ml2.drivers.ovn.mech_driver.mech_driver [None req-ebe890ca-e25b-45cf-b4ac-08ed41b2262b - - - - - -] OVN reports status down for port: 934383d7-6773-492d-903f-22784848e197
2026-05-15 02:03:29.484 8 INFO neutron.db.ovn_revision_numbers_db [None req-ed6e9a14-7543-460a-bebe-cf2af7d0f21b cac3d85d95d8416b83c337f544425ca7 88cb37c210d14db39afc497fe68080f9 - - default default] Successfully bumped revision number for resource 0be6d6d2-9feb-4be4-877c-d498f4c12686 (type: security_groups) to 1
2026-05-15 02:03:29.499 8 INFO neutron.db.ovn_revision_numbers_db [None req-ed6e9a14-7543-460a-bebe-cf2af7d0f21b cac3d85d95d8416b83c337f544425ca7 88cb37c210d14db39afc497fe68080f9 - - default default] Successfully bumped revision number for resource 1d440324-90eb-4251-a144-80d5c6c45664 (type: security_group_rules) to 0
2026-05-15 02:03:29.513 8 INFO neutron.db.ovn_revision_numbers_db [None req-ed6e9a14-7543-460a-bebe-cf2af7d0f21b cac3d85d95d8416b83c337f544425ca7 88cb37c210d14db39afc497fe68080f9 - - default default] Successfully bumped revision number for resource a392fa94-063a-4671-ac6b-7852cc789934 (type: security_group_rules) to 0
2026-05-15 02:03:29.530 8 INFO neutron.db.ovn_revision_numbers_db [None req-ed6e9a14-7543-460a-bebe-cf2af7d0f21b cac3d85d95d8416b83c337f544425ca7 88cb37c210d14db39afc497fe68080f9 - - default default] Successfully bumped revision number for resource b42280cf-b224-4947-a4f2-1d656611a662 (type: security_group_rules) to 0
2026-05-15 02:03:29.551 8 INFO neutron.db.ovn_revision_numbers_db [None req-ed6e9a14-7543-460a-bebe-cf2af7d0f21b cac3d85d95d8416b83c337f544425ca7 88cb37c210d14db39afc497fe68080f9 - - default default] Successfully bumped revision number for resource c08baea9-4b3b-4e39-8d2c-6d9246c2120b (type: security_group_rules) to 0 [pid: 8|app: 0|req: 1018/2066] 10.0.0.170 () {32 vars in 774 bytes} [Fri May 15 02:03:29 2026] GET /v2.0/security-groups?tenant_id=c2466f6537904378a9254399a7237768&name=default => generated 2925 bytes in 473 msecs (HTTP/1.1 200) 4 headers in 158 bytes (1 switches on core 0)
2026-05-15 02:03:29.621 7 INFO neutron.plugins.ml2.drivers.ovn.mech_driver.mech_driver [None req-ebe890ca-e25b-45cf-b4ac-08ed41b2262b - - - - - -] OVN reports status up for port: df9ae19b-0d52-4d94-b466-b65f48589be8
2026-05-15 02:03:29.651 7 INFO neutron.plugins.ml2.plugin [None req-ebe890ca-e25b-45cf-b4ac-08ed41b2262b - - - - - -] Attempt 1 to provision port df9ae19b-0d52-4d94-b466-b65f48589be8
2026-05-15 02:03:29.748 8 WARNING neutron.scheduler.dhcp_agent_scheduler [None req-741f2c23-bf94-42f0-9f39-6970079ca030 cac3d85d95d8416b83c337f544425ca7 88cb37c210d14db39afc497fe68080f9 - - default default] No more DHCP agents
2026-05-15 02:03:29.749 8 WARNING neutron.api.rpc.agentnotifiers.dhcp_rpc_agent_api [None req-741f2c23-bf94-42f0-9f39-6970079ca030 cac3d85d95d8416b83c337f544425ca7 88cb37c210d14db39afc497fe68080f9 - - default default] Unable to schedule network fde28e82-9cec-4517-a493-28a645cb433d: no agents available; will retry on subsequent port and subnet creation events.
2026-05-15 02:03:29.752 7 WARNING neutron.scheduler.dhcp_agent_scheduler [None req-ef7f54d8-0f67-4fe9-a5c2-793d7d7e35c7 80c458dd0d0540a892e89943afa61c61 7beb8a3d0ea04296ae65afa172ed7182 - - default default] No more DHCP agents
2026-05-15 02:03:29.756 7 WARNING neutron.api.rpc.agentnotifiers.dhcp_rpc_agent_api [None req-ef7f54d8-0f67-4fe9-a5c2-793d7d7e35c7 80c458dd0d0540a892e89943afa61c61 7beb8a3d0ea04296ae65afa172ed7182 - - default default] Unable to schedule network ca1bbd32-4199-47cc-92d3-1f39a2cbf61a: no agents available; will retry on subsequent port and subnet creation events.
2026-05-15 02:03:30.267 7 INFO neutron.db.ovn_revision_numbers_db [None req-ebe890ca-e25b-45cf-b4ac-08ed41b2262b - - - - - -] Successfully bumped revision number for resource df9ae19b-0d52-4d94-b466-b65f48589be8 (type: ports) to 2
2026-05-15 02:03:30.456 7 INFO neutron.db.ovn_revision_numbers_db [None req-ef7f54d8-0f67-4fe9-a5c2-793d7d7e35c7 80c458dd0d0540a892e89943afa61c61 7beb8a3d0ea04296ae65afa172ed7182 - - default default] Successfully bumped revision number for resource df9ae19b-0d52-4d94-b466-b65f48589be8 (type: router_ports) to 1 [pid: 7|app: 0|req: 1049/2067] 10.0.0.170 () {34 vars in 783 bytes} [Fri May 15 02:03:27 2026] PUT /v2.0/routers/55a78fb7-5a51-4ba8-a03e-ee25e928caa5/add_router_interface => generated 310 bytes in 2505 msecs (HTTP/1.1 200) 4 headers in 157 bytes (1 switches on core 0) [pid: 7|app: 0|req: 1050/2068] 10.0.0.170 () {32 vars in 740 bytes} [Fri May 15 02:03:30 2026] DELETE /v2.0/security-groups/0be6d6d2-9feb-4be4-877c-d498f4c12686 => generated 0 bytes in 184 msecs (HTTP/1.1 204) 2 headers in 112 bytes (1 switches on core 0) [pid: 7|app: 0|req: 1051/2069] 10.0.0.170 () {32 vars in 649 bytes} [Fri May 15 02:03:30 2026] GET /v2.0/networks => generated 3865 bytes in 65 msecs (HTTP/1.1 200) 4 headers in 158 bytes (1 switches on core 0)
2026-05-15 02:03:30.777 8 INFO neutron.db.ovn_revision_numbers_db [None req-741f2c23-bf94-42f0-9f39-6970079ca030 cac3d85d95d8416b83c337f544425ca7 88cb37c210d14db39afc497fe68080f9 - - default default] Successfully bumped revision number for resource 934383d7-6773-492d-903f-22784848e197 (type: ports) to 2
2026-05-15 02:03:30.814 8 INFO neutron.db.ovn_revision_numbers_db [None req-741f2c23-bf94-42f0-9f39-6970079ca030 cac3d85d95d8416b83c337f544425ca7 88cb37c210d14db39afc497fe68080f9 - - default default] Successfully bumped revision number for resource 1785501a-36a5-4f8a-a38f-b267ef41af58 (type: subnets) to 0 [pid: 8|app: 0|req: 1019/2070] 10.0.0.170 () {34 vars in 669 bytes} [Fri May 15 02:03:29 2026] POST /v2.0/subnets => generated 687 bytes in 1241 msecs (HTTP/1.1 201) 4 headers in 162 bytes (1 switches on core 0) [pid: 8|app: 0|req: 1020/2071] 10.0.0.170 () {32 vars in 647 bytes} [Fri May 15 02:03:30 2026] GET /v2.0/subnets => generated 2649 bytes in 34 msecs (HTTP/1.1 200) 4 headers in 158 bytes (1 switches on core 0)
2026-05-15 02:03:30.869 8 WARNING neutron.db.securitygroups_db [None req-88a121e0-0adf-4699-bf9a-210b53588b2c cac3d85d95d8416b83c337f544425ca7 88cb37c210d14db39afc497fe68080f9 - - default default] project_id key not found in filters, using tenant_id instead. This support has been deprecated and will be removed in a future release.
2026-05-15 02:03:30.989 8 INFO neutron.db.ovn_revision_numbers_db [None req-88a121e0-0adf-4699-bf9a-210b53588b2c cac3d85d95d8416b83c337f544425ca7 88cb37c210d14db39afc497fe68080f9 - - default default] Successfully bumped revision number for resource 1807698a-902a-439a-adec-12c2eba3cef5 (type: security_groups) to 1
2026-05-15 02:03:31.003 8 INFO neutron.db.ovn_revision_numbers_db [None req-88a121e0-0adf-4699-bf9a-210b53588b2c cac3d85d95d8416b83c337f544425ca7 88cb37c210d14db39afc497fe68080f9 - - default default] Successfully bumped revision number for resource 18dd700f-b955-46d1-bbd4-6498cccd34d0 (type: security_group_rules) to 0
2026-05-15 02:03:31.018 8 INFO neutron.db.ovn_revision_numbers_db [None req-88a121e0-0adf-4699-bf9a-210b53588b2c cac3d85d95d8416b83c337f544425ca7 88cb37c210d14db39afc497fe68080f9 - - default default] Successfully bumped revision number for resource 390ab368-1bb3-4738-94cf-805bc6040ec0 (type: security_group_rules) to 0
2026-05-15 02:03:31.038 8 INFO neutron.db.ovn_revision_numbers_db [None req-88a121e0-0adf-4699-bf9a-210b53588b2c cac3d85d95d8416b83c337f544425ca7 88cb37c210d14db39afc497fe68080f9 - - default default] Successfully bumped revision number for resource 6badf070-d75a-4581-86bf-aa73241ed710 (type: security_group_rules) to 0
2026-05-15 02:03:31.052 8 INFO neutron.db.ovn_revision_numbers_db [None req-88a121e0-0adf-4699-bf9a-210b53588b2c cac3d85d95d8416b83c337f544425ca7 88cb37c210d14db39afc497fe68080f9 - - default default] Successfully bumped revision number for resource 8dbe62a3-6550-4676-95fe-5cfd531952e7 (type: security_group_rules) to 0
2026-05-15 02:03:31.055 7 INFO neutron.db.ovn_revision_numbers_db [None req-fd373398-2b70-4e09-8e9f-9acc485de61d 9898f10460c544fd9986a2b4ba8b50d3 ee81aaf183394cf89bb1d4b7c2a17700 - - default default] Successfully bumped revision number for resource 3472d71a-95d0-4b2b-8c1a-431f5663b0ea (type: security_groups) to 1
2026-05-15 02:03:31.068 7 INFO neutron.db.ovn_revision_numbers_db [None req-fd373398-2b70-4e09-8e9f-9acc485de61d 9898f10460c544fd9986a2b4ba8b50d3 ee81aaf183394cf89bb1d4b7c2a17700 - - default default] Successfully bumped revision number for resource 1338dc0b-309f-4c9f-bb91-50e5ffd741d3 (type: security_group_rules) to 0
2026-05-15 02:03:31.080 7 INFO neutron.db.ovn_revision_numbers_db [None req-fd373398-2b70-4e09-8e9f-9acc485de61d 9898f10460c544fd9986a2b4ba8b50d3 ee81aaf183394cf89bb1d4b7c2a17700 - - default default] Successfully bumped revision number for resource bd3e88cb-68ba-4440-bae4-1701a647b109 (type: security_group_rules) to 0 [pid: 8|app: 0|req: 1021/2072] 10.0.0.170 () {32 vars in 774 bytes} [Fri May 15 02:03:30 2026] GET /v2.0/security-groups?tenant_id=6755011fdbf84662b7b5459034f17595&name=default => generated 2925 bytes in 224 msecs (HTTP/1.1 200) 4 headers in 158 bytes (1 switches on core 0)
2026-05-15 02:03:31.097 7 INFO neutron.db.ovn_revision_numbers_db [None req-fd373398-2b70-4e09-8e9f-9acc485de61d 9898f10460c544fd9986a2b4ba8b50d3 ee81aaf183394cf89bb1d4b7c2a17700 - - default default] Successfully bumped revision number for resource ccb6cdba-9a04-4967-8bdd-7ab6585ca05b (type: security_group_rules) to 0
2026-05-15 02:03:31.111 7 INFO neutron.db.ovn_revision_numbers_db [None req-fd373398-2b70-4e09-8e9f-9acc485de61d 9898f10460c544fd9986a2b4ba8b50d3 ee81aaf183394cf89bb1d4b7c2a17700 - - default default] Successfully bumped revision number for resource ec596c64-baf5-416a-b625-f0752103e034 (type: security_group_rules) to 0
2026-05-15 02:03:31.199 7 INFO neutron.db.segments_db [None req-fd373398-2b70-4e09-8e9f-9acc485de61d 9898f10460c544fd9986a2b4ba8b50d3 ee81aaf183394cf89bb1d4b7c2a17700 - - default default] Added segment 0fc58dfc-846c-4833-b544-537e94dab45f of type geneve for network e8850c56-acbe-44a9-b57e-c1582ba92b4b
2026-05-15 02:03:31.328 7 INFO neutron.db.ovn_revision_numbers_db [None req-fd373398-2b70-4e09-8e9f-9acc485de61d 9898f10460c544fd9986a2b4ba8b50d3 ee81aaf183394cf89bb1d4b7c2a17700 - - default default] Successfully bumped revision number for resource e8850c56-acbe-44a9-b57e-c1582ba92b4b (type: networks) to 1
2026-05-15 02:03:31.496 7 WARNING neutron.scheduler.dhcp_agent_scheduler [None req-fd373398-2b70-4e09-8e9f-9acc485de61d 9898f10460c544fd9986a2b4ba8b50d3 ee81aaf183394cf89bb1d4b7c2a17700 - - default default] No more DHCP agents
2026-05-15 02:03:31.498 7 WARNING neutron.api.rpc.agentnotifiers.dhcp_rpc_agent_api [None req-fd373398-2b70-4e09-8e9f-9acc485de61d 9898f10460c544fd9986a2b4ba8b50d3 ee81aaf183394cf89bb1d4b7c2a17700 - - default default] Unable to schedule network e8850c56-acbe-44a9-b57e-c1582ba92b4b: no agents available; will retry on subsequent port and subnet creation events.
2026-05-15 02:03:31.510 8 WARNING neutron.scheduler.dhcp_agent_scheduler [None req-da3c8907-99b3-4e35-8cf7-00c59f51c1be cac3d85d95d8416b83c337f544425ca7 88cb37c210d14db39afc497fe68080f9 - - default default] No more DHCP agents
2026-05-15 02:03:31.511 8 WARNING neutron.api.rpc.agentnotifiers.dhcp_rpc_agent_api [None req-da3c8907-99b3-4e35-8cf7-00c59f51c1be cac3d85d95d8416b83c337f544425ca7 88cb37c210d14db39afc497fe68080f9 - - default default] Unable to schedule network 1fdad79b-12c3-41ff-ae85-87c1e297e4ce: no agents available; will retry on subsequent port and subnet creation events.
2026-05-15 02:03:31.575 7 INFO neutron.db.ovn_revision_numbers_db [None req-fd373398-2b70-4e09-8e9f-9acc485de61d 9898f10460c544fd9986a2b4ba8b50d3 ee81aaf183394cf89bb1d4b7c2a17700 - - default default] Successfully bumped revision number for resource 8c6024fc-6a34-4513-982a-08d386d28c3c (type: ports) to 1
2026-05-15 02:03:31.577 8 INFO neutron.plugins.ml2.drivers.ovn.mech_driver.mech_driver [None req-60406cce-748e-49be-8e6a-ebef23ecdd97 - - - - - -] OVN reports status down for port: 8c6024fc-6a34-4513-982a-08d386d28c3c [pid: 7|app: 0|req: 1052/2073] 10.0.0.170 () {34 vars in 670 bytes} [Fri May 15 02:03:30 2026] POST /v2.0/networks => generated 669 bytes in 884 msecs (HTTP/1.1 201) 4 headers in 162 bytes (1 switches on core 0) [pid: 7|app: 0|req: 1053/2074] 10.0.0.170 () {32 vars in 647 bytes} [Fri May 15 02:03:31 2026] GET /v2.0/routers => generated 1628 bytes in 62 msecs (HTTP/1.1 200) 4 headers in 158 bytes (1 switches on core 0)
2026-05-15 02:03:31.766 8 INFO neutron.db.ovn_revision_numbers_db [None req-da3c8907-99b3-4e35-8cf7-00c59f51c1be cac3d85d95d8416b83c337f544425ca7 88cb37c210d14db39afc497fe68080f9 - - default default] Successfully bumped revision number for resource 140ef1c5-d99b-4938-9a49-f8b672693756 (type: ports) to 1 [pid: 7|app: 0|req: 1054/2075] 10.0.0.170 () {32 vars in 740 bytes} [Fri May 15 02:03:31 2026] DELETE /v2.0/security-groups/1807698a-902a-439a-adec-12c2eba3cef5 => generated 0 bytes in 214 msecs (HTTP/1.1 204) 2 headers in 112 bytes (1 switches on core 0)
2026-05-15 02:03:32.062 7 WARNING neutron.scheduler.dhcp_agent_scheduler [None req-dfb42fcb-0b3d-4f17-b9e9-edb9a00451f5 9898f10460c544fd9986a2b4ba8b50d3 ee81aaf183394cf89bb1d4b7c2a17700 - - default default] No more DHCP agents
2026-05-15 02:03:32.063 7 WARNING neutron.api.rpc.agentnotifiers.dhcp_rpc_agent_api [None req-dfb42fcb-0b3d-4f17-b9e9-edb9a00451f5 9898f10460c544fd9986a2b4ba8b50d3 ee81aaf183394cf89bb1d4b7c2a17700 - - default default] Unable to schedule network e8850c56-acbe-44a9-b57e-c1582ba92b4b: no agents available; will retry on subsequent port and subnet creation events.
2026-05-15 02:03:32.499 8 INFO neutron.plugins.ml2.drivers.ovn.mech_driver.ovsdb.ovsdb_monitor [None req-56cffa74-056f-475e-a84b-aecd24f3932b - - - - - -] Router fab436d2-ce4a-47f1-9f76-7e02cbcfa4cf is bound to host instance
2026-05-15 02:03:32.500 8 INFO neutron.db.ovn_revision_numbers_db [None req-da3c8907-99b3-4e35-8cf7-00c59f51c1be cac3d85d95d8416b83c337f544425ca7 88cb37c210d14db39afc497fe68080f9 - - default default] Successfully bumped revision number for resource 140ef1c5-d99b-4938-9a49-f8b672693756 (type: router_ports) to 1
2026-05-15 02:03:32.601 7 INFO neutron.db.ovn_revision_numbers_db [None req-dfb42fcb-0b3d-4f17-b9e9-edb9a00451f5 9898f10460c544fd9986a2b4ba8b50d3 ee81aaf183394cf89bb1d4b7c2a17700 - - default default] Successfully bumped revision number for resource 8c6024fc-6a34-4513-982a-08d386d28c3c (type: ports) to 2
2026-05-15 02:03:32.636 7 INFO neutron.db.ovn_revision_numbers_db [None req-dfb42fcb-0b3d-4f17-b9e9-edb9a00451f5 9898f10460c544fd9986a2b4ba8b50d3 ee81aaf183394cf89bb1d4b7c2a17700 - - default default] Successfully bumped revision number for resource 524b87d7-f9fe-4782-83f4-9eeaba3c4864 (type: subnets) to 0
2026-05-15 02:03:32.653 8 INFO neutron.db.ovn_revision_numbers_db [None req-da3c8907-99b3-4e35-8cf7-00c59f51c1be cac3d85d95d8416b83c337f544425ca7 88cb37c210d14db39afc497fe68080f9 - - default default] Successfully bumped revision number for resource fab436d2-ce4a-47f1-9f76-7e02cbcfa4cf (type: routers) to 2 [pid: 7|app: 0|req: 1055/2076] 10.0.0.170 () {34 vars in 669 bytes} [Fri May 15 02:03:31 2026] POST /v2.0/subnets => generated 626 bytes in 776 msecs (HTTP/1.1 201) 4 headers in 162 bytes (1 switches on core 0) [pid: 8|app: 0|req: 1022/2077] 10.0.0.170 () {34 vars in 669 bytes} [Fri May 15 02:03:31 2026] POST /v2.0/routers => generated 986 bytes in 1597 msecs (HTTP/1.1 201) 4 headers in 162 bytes (1 switches on core 0)
2026-05-15 02:03:32.695 8 WARNING neutron.db.securitygroups_db [None req-e1526d24-799f-4f70-a3d4-37e0d0e4a0d0 cac3d85d95d8416b83c337f544425ca7 88cb37c210d14db39afc497fe68080f9 - - default default] project_id key not found in filters, using tenant_id instead. This support has been deprecated and will be removed in a future release.
2026-05-15 02:03:32.770 7 INFO neutron.db.ovn_revision_numbers_db [None req-e623f444-0777-4f2a-a3cc-d0ceb131bc06 80c458dd0d0540a892e89943afa61c61 7beb8a3d0ea04296ae65afa172ed7182 - - default default] Successfully bumped revision number for resource 79c75cd3-16de-4d11-ab70-911555af968c (type: security_groups) to 1
2026-05-15 02:03:32.780 7 INFO neutron.db.ovn_revision_numbers_db [None req-e623f444-0777-4f2a-a3cc-d0ceb131bc06 80c458dd0d0540a892e89943afa61c61 7beb8a3d0ea04296ae65afa172ed7182 - - default default] Successfully bumped revision number for resource a60883d2-ce8b-4caa-ba2a-064f65ca9a43 (type: security_group_rules) to 0
2026-05-15 02:03:32.791 7 INFO neutron.db.ovn_revision_numbers_db [None req-e623f444-0777-4f2a-a3cc-d0ceb131bc06 80c458dd0d0540a892e89943afa61c61 7beb8a3d0ea04296ae65afa172ed7182 - - default default] Successfully bumped revision number for resource e254bba2-4fb6-4135-9474-f13650bf5005 (type: security_group_rules) to 0 [pid: 7|app: 0|req: 1056/2078] 10.0.0.170 () {34 vars in 685 bytes} [Fri May 15 02:03:32 2026] POST /v2.0/security-groups => generated 1675 bytes in 172 msecs (HTTP/1.1 201) 4 headers in 163 bytes (1 switches on core 0) [pid: 7|app: 0|req: 1057/2079] 10.0.0.170 () {34 vars in 751 bytes} [Fri May 15 02:03:32 2026] PUT /v2.0/subnets/524b87d7-f9fe-4782-83f4-9eeaba3c4864/tags => generated 25 bytes in 45 msecs (HTTP/1.1 200) 4 headers in 156 bytes (1 switches on core 0)
2026-05-15 02:03:32.941 8 INFO neutron.db.ovn_revision_numbers_db [None req-e1526d24-799f-4f70-a3d4-37e0d0e4a0d0 cac3d85d95d8416b83c337f544425ca7 88cb37c210d14db39afc497fe68080f9 - - default default] Successfully bumped revision number for resource 1f725a73-5dce-477b-94fa-70b24319dc35 (type: security_groups) to 1
2026-05-15 02:03:32.965 8 INFO neutron.db.ovn_revision_numbers_db [None req-e1526d24-799f-4f70-a3d4-37e0d0e4a0d0 cac3d85d95d8416b83c337f544425ca7 88cb37c210d14db39afc497fe68080f9 - - default default] Successfully bumped revision number for resource 34902e6f-036f-4adc-9a4e-1857db3bd56d (type: security_group_rules) to 0
2026-05-15 02:03:32.985 8 INFO neutron.db.ovn_revision_numbers_db [None req-e1526d24-799f-4f70-a3d4-37e0d0e4a0d0 cac3d85d95d8416b83c337f544425ca7 88cb37c210d14db39afc497fe68080f9 - - default default] Successfully bumped revision number for resource 97486b91-ddb3-4a12-b5f9-f6d338d70e2d (type: security_group_rules) to 0
2026-05-15 02:03:33.008 8 INFO neutron.db.ovn_revision_numbers_db [None req-e1526d24-799f-4f70-a3d4-37e0d0e4a0d0 cac3d85d95d8416b83c337f544425ca7 88cb37c210d14db39afc497fe68080f9 - - default default] Successfully bumped revision number for resource a0971728-a595-48a5-9d91-9cbe9d90d487 (type: security_group_rules) to 0
2026-05-15 02:03:33.031 8 INFO neutron.db.ovn_revision_numbers_db [None req-e1526d24-799f-4f70-a3d4-37e0d0e4a0d0 cac3d85d95d8416b83c337f544425ca7 88cb37c210d14db39afc497fe68080f9 - - default default] Successfully bumped revision number for resource bcca91dd-db42-480e-8fab-f20a9ddd4f73 (type: security_group_rules) to 0 [pid: 8|app: 0|req: 1023/2080] 10.0.0.170 () {32 vars in 774 bytes} [Fri May 15 02:03:32 2026] GET /v2.0/security-groups?tenant_id=08b434b897304d578bfb7fcb66cc7ec2&name=default => generated 2925 bytes in 429 msecs (HTTP/1.1 200) 4 headers in 158 bytes (1 switches on core 0)
2026-05-15 02:03:33.329 7 WARNING neutron.scheduler.dhcp_agent_scheduler [None req-f547cef1-cf6d-46ea-9344-0d72b478d37e cac3d85d95d8416b83c337f544425ca7 88cb37c210d14db39afc497fe68080f9 - - default default] No more DHCP agents
2026-05-15 02:03:33.330 7 WARNING neutron.api.rpc.agentnotifiers.dhcp_rpc_agent_api [None req-f547cef1-cf6d-46ea-9344-0d72b478d37e cac3d85d95d8416b83c337f544425ca7 88cb37c210d14db39afc497fe68080f9 - - default default] Unable to schedule network fde28e82-9cec-4517-a493-28a645cb433d: no agents available; will retry on subsequent port and subnet creation events.
2026-05-15 02:03:33.344 8 INFO neutron.db.ovn_revision_numbers_db [None req-26cf161b-a686-4d02-b65b-5e217abf2a1b 80c458dd0d0540a892e89943afa61c61 7beb8a3d0ea04296ae65afa172ed7182 - - default default] Successfully bumped revision number for resource ca42526f-33d8-43d7-8ad9-239c418f894f (type: security_group_rules) to 0 [pid: 8|app: 0|req: 1026/2083] 10.0.0.170 () {34 vars in 695 bytes} [Fri May 15 02:03:33 2026] POST /v2.0/security-group-rules => generated 597 bytes in 296 msecs (HTTP/1.1 201) 4 headers in 162 bytes (1 switches on core 0)
2026-05-15 02:03:33.489 7 INFO neutron.db.ovn_revision_numbers_db [None req-f547cef1-cf6d-46ea-9344-0d72b478d37e cac3d85d95d8416b83c337f544425ca7 88cb37c210d14db39afc497fe68080f9 - - default default] Successfully bumped revision number for resource b8ccf0a9-9e7d-4fda-b52f-9dcd6acf4e52 (type: ports) to 1
2026-05-15 02:03:33.497 8 INFO neutron.plugins.ml2.drivers.ovn.mech_driver.mech_driver [None req-60406cce-748e-49be-8e6a-ebef23ecdd97 - - - - - -] OVN reports status down for port: b8ccf0a9-9e7d-4fda-b52f-9dcd6acf4e52 [pid: 8|app: 0|req: 1027/2084] 10.0.0.170 () {32 vars in 731 bytes} [Fri May 15 02:03:33 2026] GET /v2.0/subnets/524b87d7-f9fe-4782-83f4-9eeaba3c4864/tags => generated 25 bytes in 137 msecs (HTTP/1.1 200) 4 headers in 156 bytes (1 switches on core 0) [pid: 8|app: 0|req: 1028/2085] 10.0.0.170 () {32 vars in 740 bytes} [Fri May 15 02:03:33 2026] DELETE /v2.0/security-groups/1f725a73-5dce-477b-94fa-70b24319dc35 => generated 0 bytes in 381 msecs (HTTP/1.1 204) 2 headers in 112 bytes (1 switches on core 0)
2026-05-15 02:03:33.989 8 INFO neutron.db.ovn_revision_numbers_db [None req-cdb8cca7-17a0-48b4-9526-b66d2558f3c8 - - - - - -] Successfully bumped revision number for resource 140ef1c5-d99b-4938-9a49-f8b672693756 (type: ports) to 4
2026-05-15 02:03:34.167 8 INFO neutron.db.ovn_revision_numbers_db [None req-43aff7e2-d706-4863-a2f8-f071c1daddce 80c458dd0d0540a892e89943afa61c61 7beb8a3d0ea04296ae65afa172ed7182 - - default default] Successfully bumped revision number for resource 1918efc7-eddc-4b39-88ff-55eba48590e9 (type: security_group_rules) to 0
2026-05-15 02:03:34.192 8 INFO neutron.plugins.ml2.drivers.ovn.mech_driver.mech_driver [None req-60406cce-748e-49be-8e6a-ebef23ecdd97 - - - - - -] OVN reports status up for port: b8ccf0a9-9e7d-4fda-b52f-9dcd6acf4e52
2026-05-15 02:03:34.214 8 INFO neutron.plugins.ml2.plugin [None req-60406cce-748e-49be-8e6a-ebef23ecdd97 - - - - - -] Attempt 1 to provision port b8ccf0a9-9e7d-4fda-b52f-9dcd6acf4e52
2026-05-15 02:03:34.225 7 WARNING neutron.scheduler.dhcp_agent_scheduler [None req-f547cef1-cf6d-46ea-9344-0d72b478d37e cac3d85d95d8416b83c337f544425ca7 88cb37c210d14db39afc497fe68080f9 - - default default] No more DHCP agents
2026-05-15 02:03:34.227 7 WARNING neutron.api.rpc.agentnotifiers.dhcp_rpc_agent_api [None req-f547cef1-cf6d-46ea-9344-0d72b478d37e cac3d85d95d8416b83c337f544425ca7 88cb37c210d14db39afc497fe68080f9 - - default default] Unable to schedule network fde28e82-9cec-4517-a493-28a645cb433d: no agents available; will retry on subsequent port and subnet creation events. [pid: 8|app: 0|req: 1029/2086] 10.0.0.170 () {34 vars in 695 bytes} [Fri May 15 02:03:33 2026] POST /v2.0/security-group-rules => generated 596 bytes in 343 msecs (HTTP/1.1 201) 4 headers in 162 bytes (1 switches on core 0) [pid: 8|app: 0|req: 1030/2087] 10.0.0.170 () {34 vars in 762 bytes} [Fri May 15 02:03:34 2026] PUT /v2.0/subnets/524b87d7-f9fe-4782-83f4-9eeaba3c4864/tags/green => generated 4 bytes in 234 msecs (HTTP/1.1 201) 4 headers in 160 bytes (1 switches on core 0)
2026-05-15 02:03:34.719 7 INFO neutron.db.ovn_revision_numbers_db [None req-f547cef1-cf6d-46ea-9344-0d72b478d37e cac3d85d95d8416b83c337f544425ca7 88cb37c210d14db39afc497fe68080f9 - - default default] Successfully bumped revision number for resource b8ccf0a9-9e7d-4fda-b52f-9dcd6acf4e52 (type: router_ports) to 1 [pid: 7|app: 0|req: 1058/2088] 10.0.0.170 () {34 vars in 783 bytes} [Fri May 15 02:03:32 2026] PUT /v2.0/routers/fab436d2-ce4a-47f1-9f76-7e02cbcfa4cf/add_router_interface => generated 310 bytes in 1853 msecs (HTTP/1.1 200) 4 headers in 157 bytes (1 switches on core 0) [pid: 7|app: 0|req: 1059/2089] 10.0.0.170 () {32 vars in 731 bytes} [Fri May 15 02:03:34 2026] GET /v2.0/subnets/524b87d7-f9fe-4782-83f4-9eeaba3c4864/tags => generated 34 bytes in 40 msecs (HTTP/1.1 200) 4 headers in 156 bytes (1 switches on core 0) [pid: 7|app: 0|req: 1060/2090] 10.0.0.170 () {34 vars in 758 bytes} [Fri May 15 02:03:34 2026] PUT /v2.0/subnets/524b87d7-f9fe-4782-83f4-9eeaba3c4864/tags/red => generated 4 bytes in 77 msecs (HTTP/1.1 201) 4 headers in 160 bytes (1 switches on core 0) [pid: 7|app: 0|req: 1061/2091] 10.0.0.170 () {32 vars in 731 bytes} [Fri May 15 02:03:34 2026] GET /v2.0/subnets/524b87d7-f9fe-4782-83f4-9eeaba3c4864/tags => generated 34 bytes in 58 msecs (HTTP/1.1 200) 4 headers in 156 bytes (1 switches on core 0)
2026-05-15 02:03:34.923 8 INFO neutron.db.ovn_revision_numbers_db [None req-cdb8cca7-17a0-48b4-9526-b66d2558f3c8 - - - - - -] Successfully bumped revision number for resource 140ef1c5-d99b-4938-9a49-f8b672693756 (type: ports) to 5
2026-05-15 02:03:34.945 8 INFO neutron.db.ovn_revision_numbers_db [None req-36ac0101-0aea-4554-bef7-db98ccd8453b 80c458dd0d0540a892e89943afa61c61 7beb8a3d0ea04296ae65afa172ed7182 - - default default] Successfully bumped revision number for resource 0d60b07f-478f-4daf-8c16-7311693c325f (type: security_group_rules) to 0 [pid: 7|app: 0|req: 1062/2092] 10.0.0.170 () {34 vars in 780 bytes} [Fri May 15 02:03:34 2026] PUT /v2.0/subnets/524b87d7-f9fe-4782-83f4-9eeaba3c4864/tags/black.or.white => generated 4 bytes in 59 msecs (HTTP/1.1 201) 4 headers in 160 bytes (1 switches on core 0) [pid: 7|app: 0|req: 1063/2093] 10.0.0.170 () {32 vars in 731 bytes} [Fri May 15 02:03:34 2026] GET /v2.0/subnets/524b87d7-f9fe-4782-83f4-9eeaba3c4864/tags => generated 52 bytes in 37 msecs (HTTP/1.1 200) 4 headers in 156 bytes (1 switches on core 0) [pid: 7|app: 0|req: 1064/2094] 10.0.0.170 () {34 vars in 751 bytes} [Fri May 15 02:03:35 2026] PUT /v2.0/subnets/524b87d7-f9fe-4782-83f4-9eeaba3c4864/tags => generated 37 bytes in 47 msecs (HTTP/1.1 200) 4 headers in 156 bytes (1 switches on core 0) [pid: 8|app: 0|req: 1031/2095] 10.0.0.170 () {34 vars in 695 bytes} [Fri May 15 02:03:34 2026] POST /v2.0/security-group-rules => generated 602 bytes in 558 msecs (HTTP/1.1 201) 4 headers in 162 bytes (1 switches on core 0) [pid: 7|app: 0|req: 1065/2096] 10.0.0.170 () {32 vars in 731 bytes} [Fri May 15 02:03:35 2026] GET /v2.0/subnets/524b87d7-f9fe-4782-83f4-9eeaba3c4864/tags => generated 37 bytes in 36 msecs (HTTP/1.1 200) 4 headers in 156 bytes (1 switches on core 0) [pid: 7|app: 0|req: 1066/2097] 10.0.0.170 () {32 vars in 739 bytes} [Fri May 15 02:03:35 2026] GET /v2.0/subnets/524b87d7-f9fe-4782-83f4-9eeaba3c4864/tags/red => generated 0 bytes in 37 msecs (HTTP/1.1 204) 2 headers in 112 bytes (1 switches on core 0)
