2026-05-15 01:26:14.184 8 INFO neutron.api.extensions [None req-aa91f4be-1ff9-4952-8e2a-5e27af117ef8 - - - - - -] Extension l3_agent_scheduler not supported by any of loaded plugins
2026-05-15 01:26:14.185 8 INFO neutron.api.extensions [None req-aa91f4be-1ff9-4952-8e2a-5e27af117ef8 - - - - - -] Extension local_ip not supported by any of loaded plugins
2026-05-15 01:26:14.185 7 INFO neutron.api.extensions [None req-1f8d389a-66da-452d-9a27-a608a263b631 - - - - - -] Loaded extension: vpnaas
2026-05-15 01:26:14.186 8 INFO neutron.api.extensions [None req-aa91f4be-1ff9-4952-8e2a-5e27af117ef8 - - - - - -] Loaded extension: logging
2026-05-15 01:26:14.186 7 INFO neutron.api.extensions [None req-1f8d389a-66da-452d-9a27-a608a263b631 - - - - - -] Loaded extension: taas
2026-05-15 01:26:14.187 8 INFO neutron.api.extensions [None req-aa91f4be-1ff9-4952-8e2a-5e27af117ef8 - - - - - -] Extension metering not supported by any of loaded plugins
2026-05-15 01:26:14.187 7 INFO neutron.api.extensions [None req-1f8d389a-66da-452d-9a27-a608a263b631 - - - - - -] Loaded extension: tap-mirror
2026-05-15 01:26:14.188 8 INFO neutron.api.extensions [None req-aa91f4be-1ff9-4952-8e2a-5e27af117ef8 - - - - - -] Extension metering_source_and_destination_fields not supported by any of loaded plugins
2026-05-15 01:26:14.188 7 INFO neutron.api.extensions [None req-1f8d389a-66da-452d-9a27-a608a263b631 - - - - - -] Loaded extension: tap-mirror-both-direction
2026-05-15 01:26:14.188 8 INFO neutron.api.extensions [None req-aa91f4be-1ff9-4952-8e2a-5e27af117ef8 - - - - - -] Loaded extension: multi-provider
2026-05-15 01:26:14.189 7 INFO neutron.api.extensions [None req-1f8d389a-66da-452d-9a27-a608a263b631 - - - - - -] Loaded extension: taas-vlan-filter
2026-05-15 01:26:14.189 8 INFO neutron.api.extensions [None req-aa91f4be-1ff9-4952-8e2a-5e27af117ef8 - - - - - -] Loaded extension: net-mtu
2026-05-15 01:26:14.189 8 INFO neutron.api.extensions [None req-aa91f4be-1ff9-4952-8e2a-5e27af117ef8 - - - - - -] Loaded extension: net-mtu-writable
2026-05-15 01:26:14.190 8 INFO neutron.api.extensions [None req-aa91f4be-1ff9-4952-8e2a-5e27af117ef8 - - - - - -] Loaded extension: network_availability_zone
2026-05-15 01:26:14.190 8 INFO neutron.api.extensions [None req-aa91f4be-1ff9-4952-8e2a-5e27af117ef8 - - - - - -] Extension network_ha not supported by any of loaded plugins
2026-05-15 01:26:14.191 8 INFO neutron.api.extensions [None req-aa91f4be-1ff9-4952-8e2a-5e27af117ef8 - - - - - -] Loaded extension: network-ip-availability
2026-05-15 01:26:14.191 7 INFO neutron.quota.resource_registry [None req-1f8d389a-66da-452d-9a27-a608a263b631 - - - - - -] Creating instance of TrackedResource for resource:network
2026-05-15 01:26:14.191 7 INFO neutron.quota.resource_registry [None req-1f8d389a-66da-452d-9a27-a608a263b631 - - - - - -] Creating instance of TrackedResource for resource:subnet
2026-05-15 01:26:14.191 7 INFO neutron.quota.resource_registry [None req-1f8d389a-66da-452d-9a27-a608a263b631 - - - - - -] Creating instance of TrackedResource for resource:subnetpool
2026-05-15 01:26:14.191 7 INFO neutron.quota.resource_registry [None req-1f8d389a-66da-452d-9a27-a608a263b631 - - - - - -] Creating instance of TrackedResource for resource:port
2026-05-15 01:26:14.191 8 INFO neutron.api.extensions [None req-aa91f4be-1ff9-4952-8e2a-5e27af117ef8 - - - - - -] Loaded extension: network-ip-availability-details
2026-05-15 01:26:14.192 8 INFO neutron.api.extensions [None req-aa91f4be-1ff9-4952-8e2a-5e27af117ef8 - - - - - -] Extension network-segment-range not supported by any of loaded plugins
2026-05-15 01:26:14.193 8 INFO neutron.api.extensions [None req-aa91f4be-1ff9-4952-8e2a-5e27af117ef8 - - - - - -] Loaded extension: pagination
2026-05-15 01:26:14.193 8 INFO neutron.api.extensions [None req-aa91f4be-1ff9-4952-8e2a-5e27af117ef8 - - - - - -] Loaded extension: port-device-profile
2026-05-15 01:26:14.194 8 INFO neutron.api.extensions [None req-aa91f4be-1ff9-4952-8e2a-5e27af117ef8 - - - - - -] Extension port-hardware-offload-type not supported by any of loaded plugins
2026-05-15 01:26:14.194 8 INFO neutron.api.extensions [None req-aa91f4be-1ff9-4952-8e2a-5e27af117ef8 - - - - - -] Extension port-hint-ovs-tx-steering not supported by any of loaded plugins
2026-05-15 01:26:14.195 7 INFO neutron.quota.resource_registry [None req-1f8d389a-66da-452d-9a27-a608a263b631 - - - - - -] Creating instance of TrackedResource for resource:router
2026-05-15 01:26:14.195 8 INFO neutron.api.extensions [None req-aa91f4be-1ff9-4952-8e2a-5e27af117ef8 - - - - - -] Extension port-hints not supported by any of loaded plugins
2026-05-15 01:26:14.195 7 INFO neutron.quota.resource_registry [None req-1f8d389a-66da-452d-9a27-a608a263b631 - - - - - -] Creating instance of TrackedResource for resource:floatingip
2026-05-15 01:26:14.195 8 INFO neutron.api.extensions [None req-aa91f4be-1ff9-4952-8e2a-5e27af117ef8 - - - - - -] Extension port-mac-override not supported by any of loaded plugins
2026-05-15 01:26:14.196 8 INFO neutron.api.extensions [None req-aa91f4be-1ff9-4952-8e2a-5e27af117ef8 - - - - - -] Loaded extension: port-mac-address-regenerate
2026-05-15 01:26:14.196 8 INFO neutron.api.extensions [None req-aa91f4be-1ff9-4952-8e2a-5e27af117ef8 - - - - - -] Loaded extension: port-numa-affinity-policy
2026-05-15 01:26:14.197 8 INFO neutron.api.extensions [None req-aa91f4be-1ff9-4952-8e2a-5e27af117ef8 - - - - - -] Loaded extension: port-numa-affinity-policy-socket
2026-05-15 01:26:14.197 8 INFO neutron.api.extensions [None req-aa91f4be-1ff9-4952-8e2a-5e27af117ef8 - - - - - -] Loaded extension: port-resource-request
2026-05-15 01:26:14.198 8 INFO neutron.api.extensions [None req-aa91f4be-1ff9-4952-8e2a-5e27af117ef8 - - - - - -] Loaded extension: port-resource-request-groups
2026-05-15 01:26:14.198 8 INFO neutron.api.extensions [None req-aa91f4be-1ff9-4952-8e2a-5e27af117ef8 - - - - - -] Extension port-trusted-vif not supported by any of loaded plugins
2026-05-15 01:26:14.199 8 INFO neutron.api.extensions [None req-aa91f4be-1ff9-4952-8e2a-5e27af117ef8 - - - - - -] Loaded extension: binding
2026-05-15 01:26:14.199 7 INFO neutron.quota.resource_registry [None req-1f8d389a-66da-452d-9a27-a608a263b631 - - - - - -] Creating instance of CountableResource for resource:rbac_policy
2026-05-15 01:26:14.200 8 INFO neutron.api.extensions [None req-aa91f4be-1ff9-4952-8e2a-5e27af117ef8 - - - - - -] Loaded extension: binding-extended
2026-05-15 01:26:14.200 7 INFO neutron.quota.resource_registry [None req-1f8d389a-66da-452d-9a27-a608a263b631 - - - - - -] Creating instance of TrackedResource for resource:security_group
2026-05-15 01:26:14.200 8 INFO neutron.api.extensions [None req-aa91f4be-1ff9-4952-8e2a-5e27af117ef8 - - - - - -] Loaded extension: port-security
2026-05-15 01:26:14.200 7 INFO neutron.quota.resource_registry [None req-1f8d389a-66da-452d-9a27-a608a263b631 - - - - - -] Creating instance of TrackedResource for resource:security_group_rule
2026-05-15 01:26:14.201 8 INFO neutron.api.extensions [None req-aa91f4be-1ff9-4952-8e2a-5e27af117ef8 - - - - - -] Loaded extension: project-id
2026-05-15 01:26:14.201 7 WARNING neutron.api.api_common [None req-1f8d389a-66da-452d-9a27-a608a263b631 - - - - - -] The plugin class neutron.db.servicetype_db.ServiceTypeManager should inherit from ``ServicePluginBase`` or ``NeutronDbPluginV2``. This class needs to be refactored. Please report a Launchpad bug in https://bugs.launchpad.net/neutron.
2026-05-15 01:26:14.201 8 INFO neutron.api.extensions [None req-aa91f4be-1ff9-4952-8e2a-5e27af117ef8 - - - - - -] Loaded extension: provider
2026-05-15 01:26:14.201 7 INFO neutron.quota.resource_registry [None req-1f8d389a-66da-452d-9a27-a608a263b631 - - - - - -] Creating instance of TrackedResource for resource:subnetpool
2026-05-15 01:26:14.202 7 WARNING neutron.quota.resource_registry [None req-1f8d389a-66da-452d-9a27-a608a263b631 - - - - - -] subnetpool is already registered
2026-05-15 01:26:14.202 8 INFO neutron.api.extensions [None req-aa91f4be-1ff9-4952-8e2a-5e27af117ef8 - - - - - -] Loaded extension: qinq
2026-05-15 01:26:14.202 7 INFO neutron.quota.resource_registry [None req-1f8d389a-66da-452d-9a27-a608a263b631 - - - - - -] Creating instance of CountableResource for resource:trunk
2026-05-15 01:26:14.202 7 INFO neutron.quota.resource_registry [None req-1f8d389a-66da-452d-9a27-a608a263b631 - - - - - -] Creating instance of CountableResource for resource:ikepolicy
2026-05-15 01:26:14.203 7 INFO neutron.quota.resource_registry [None req-1f8d389a-66da-452d-9a27-a608a263b631 - - - - - -] Creating instance of CountableResource for resource:ipsecpolicy
2026-05-15 01:26:14.203 7 INFO neutron.quota.resource_registry [None req-1f8d389a-66da-452d-9a27-a608a263b631 - - - - - -] Creating instance of CountableResource for resource:endpoint_group
2026-05-15 01:26:14.204 7 INFO neutron.quota.resource_registry [None req-1f8d389a-66da-452d-9a27-a608a263b631 - - - - - -] Creating instance of CountableResource for resource:vpnservice
2026-05-15 01:26:14.204 8 INFO neutron.api.extensions [None req-aa91f4be-1ff9-4952-8e2a-5e27af117ef8 - - - - - -] Loaded extension: qos
2026-05-15 01:26:14.204 7 INFO neutron.quota.resource_registry [None req-1f8d389a-66da-452d-9a27-a608a263b631 - - - - - -] Creating instance of CountableResource for resource:ipsec_site_connection
2026-05-15 01:26:14.204 7 INFO neutron.quota.resource_registry [None req-1f8d389a-66da-452d-9a27-a608a263b631 - - - - - -] Creating instance of CountableResource for resource:ipsecpolicy
2026-05-15 01:26:14.205 8 INFO neutron.api.extensions [None req-aa91f4be-1ff9-4952-8e2a-5e27af117ef8 - - - - - -] Loaded extension: qos-bw-limit-direction
2026-05-15 01:26:14.205 7 WARNING neutron.quota.resource_registry [None req-1f8d389a-66da-452d-9a27-a608a263b631 - - - - - -] ipsecpolicy is already registered
2026-05-15 01:26:14.205 7 INFO neutron.quota.resource_registry [None req-1f8d389a-66da-452d-9a27-a608a263b631 - - - - - -] Creating instance of CountableResource for resource:ikepolicy
2026-05-15 01:26:14.205 8 INFO neutron.api.extensions [None req-aa91f4be-1ff9-4952-8e2a-5e27af117ef8 - - - - - -] Loaded extension: qos-bw-minimum-ingress
2026-05-15 01:26:14.205 7 WARNING neutron.quota.resource_registry [None req-1f8d389a-66da-452d-9a27-a608a263b631 - - - - - -] ikepolicy is already registered
2026-05-15 01:26:14.206 8 INFO neutron.api.extensions [None req-aa91f4be-1ff9-4952-8e2a-5e27af117ef8 - - - - - -] Loaded extension: qos-default
2026-05-15 01:26:14.206 8 INFO neutron.api.extensions [None req-aa91f4be-1ff9-4952-8e2a-5e27af117ef8 - - - - - -] Loaded extension: qos-fip
2026-05-15 01:26:14.206 7 WARNING neutron.api.api_common [None req-1f8d389a-66da-452d-9a27-a608a263b631 - - - - - -] The plugin class builtins.NoneType should inherit from ``ServicePluginBase`` or ``NeutronDbPluginV2``. This class needs to be refactored. Please report a Launchpad bug in https://bugs.launchpad.net/neutron.
2026-05-15 01:26:14.206 7 WARNING neutron.api.api_common [None req-1f8d389a-66da-452d-9a27-a608a263b631 - - - - - -] The plugin class builtins.NoneType should inherit from ``ServicePluginBase`` or ``NeutronDbPluginV2``. This class needs to be refactored. Please report a Launchpad bug in https://bugs.launchpad.net/neutron.
2026-05-15 01:26:14.206 8 INFO neutron.api.extensions [None req-aa91f4be-1ff9-4952-8e2a-5e27af117ef8 - - - - - -] Extension qos-fip-network-policy not supported by any of loaded plugins
2026-05-15 01:26:14.207 7 WARNING neutron.api.api_common [None req-1f8d389a-66da-452d-9a27-a608a263b631 - - - - - -] The plugin class builtins.NoneType should inherit from ``ServicePluginBase`` or ``NeutronDbPluginV2``. This class needs to be refactored. Please report a Launchpad bug in https://bugs.launchpad.net/neutron.
2026-05-15 01:26:14.207 8 INFO neutron.api.extensions [None req-aa91f4be-1ff9-4952-8e2a-5e27af117ef8 - - - - - -] Loaded extension: qos-gateway-ip
2026-05-15 01:26:14.207 7 WARNING neutron.api.api_common [None req-1f8d389a-66da-452d-9a27-a608a263b631 - - - - - -] The plugin class neutron.db.servicetype_db.ServiceTypeManager should inherit from ``ServicePluginBase`` or ``NeutronDbPluginV2``. This class needs to be refactored. Please report a Launchpad bug in https://bugs.launchpad.net/neutron.
2026-05-15 01:26:14.207 7 WARNING neutron.api.api_common [None req-1f8d389a-66da-452d-9a27-a608a263b631 - - - - - -] The plugin class builtins.NoneType should inherit from ``ServicePluginBase`` or ``NeutronDbPluginV2``. This class needs to be refactored. Please report a Launchpad bug in https://bugs.launchpad.net/neutron.
2026-05-15 01:26:14.207 7 WARNING neutron.api.api_common [None req-1f8d389a-66da-452d-9a27-a608a263b631 - - - - - -] The plugin class builtins.NoneType should inherit from ``ServicePluginBase`` or ``NeutronDbPluginV2``. This class needs to be refactored. Please report a Launchpad bug in https://bugs.launchpad.net/neutron.
2026-05-15 01:26:14.207 7 WARNING neutron.api.api_common [None req-1f8d389a-66da-452d-9a27-a608a263b631 - - - - - -] The plugin class builtins.NoneType should inherit from ``ServicePluginBase`` or ``NeutronDbPluginV2``. This class needs to be refactored. Please report a Launchpad bug in https://bugs.launchpad.net/neutron.
2026-05-15 01:26:14.207 8 INFO neutron.api.extensions [None req-aa91f4be-1ff9-4952-8e2a-5e27af117ef8 - - - - - -] Loaded extension: qos-port-network-policy
2026-05-15 01:26:14.208 7 WARNING neutron.api.api_common [None req-1f8d389a-66da-452d-9a27-a608a263b631 - - - - - -] The plugin class builtins.NoneType should inherit from ``ServicePluginBase`` or ``NeutronDbPluginV2``. This class needs to be refactored. Please report a Launchpad bug in https://bugs.launchpad.net/neutron.
2026-05-15 01:26:14.208 7 WARNING neutron.api.api_common [None req-1f8d389a-66da-452d-9a27-a608a263b631 - - - - - -] The plugin class builtins.NoneType should inherit from ``ServicePluginBase`` or ``NeutronDbPluginV2``. This class needs to be refactored. Please report a Launchpad bug in https://bugs.launchpad.net/neutron.
2026-05-15 01:26:14.208 7 WARNING neutron.api.api_common [None req-1f8d389a-66da-452d-9a27-a608a263b631 - - - - - -] The plugin class builtins.NoneType should inherit from ``ServicePluginBase`` or ``NeutronDbPluginV2``. This class needs to be refactored. Please report a Launchpad bug in https://bugs.launchpad.net/neutron.
2026-05-15 01:26:14.208 7 WARNING neutron.api.api_common [None req-1f8d389a-66da-452d-9a27-a608a263b631 - - - - - -] The plugin class builtins.NoneType should inherit from ``ServicePluginBase`` or ``NeutronDbPluginV2``. This class needs to be refactored. Please report a Launchpad bug in https://bugs.launchpad.net/neutron.
2026-05-15 01:26:14.208 8 INFO neutron.api.extensions [None req-aa91f4be-1ff9-4952-8e2a-5e27af117ef8 - - - - - -] Loaded extension: qos-pps-minimum
2026-05-15 01:26:14.208 7 WARNING neutron.api.api_common [None req-1f8d389a-66da-452d-9a27-a608a263b631 - - - - - -] The plugin class builtins.NoneType should inherit from ``ServicePluginBase`` or ``NeutronDbPluginV2``. This class needs to be refactored. Please report a Launchpad bug in https://bugs.launchpad.net/neutron.
2026-05-15 01:26:14.208 7 WARNING neutron.api.api_common [None req-1f8d389a-66da-452d-9a27-a608a263b631 - - - - - -] The plugin class builtins.NoneType should inherit from ``ServicePluginBase`` or ``NeutronDbPluginV2``. This class needs to be refactored. Please report a Launchpad bug in https://bugs.launchpad.net/neutron.
2026-05-15 01:26:14.208 7 WARNING neutron.api.api_common [None req-1f8d389a-66da-452d-9a27-a608a263b631 - - - - - -] The plugin class builtins.NoneType should inherit from ``ServicePluginBase`` or ``NeutronDbPluginV2``. This class needs to be refactored. Please report a Launchpad bug in https://bugs.launchpad.net/neutron.
2026-05-15 01:26:14.209 7 WARNING neutron.api.api_common [None req-1f8d389a-66da-452d-9a27-a608a263b631 - - - - - -] The plugin class builtins.NoneType should inherit from ``ServicePluginBase`` or ``NeutronDbPluginV2``. This class needs to be refactored. Please report a Launchpad bug in https://bugs.launchpad.net/neutron.
2026-05-15 01:26:14.209 7 WARNING neutron.api.api_common [None req-1f8d389a-66da-452d-9a27-a608a263b631 - - - - - -] The plugin class builtins.NoneType should inherit from ``ServicePluginBase`` or ``NeutronDbPluginV2``. This class needs to be refactored. Please report a Launchpad bug in https://bugs.launchpad.net/neutron.
2026-05-15 01:26:14.209 8 INFO neutron.api.extensions [None req-aa91f4be-1ff9-4952-8e2a-5e27af117ef8 - - - - - -] Loaded extension: qos-pps-minimum-rule-alias
2026-05-15 01:26:14.209 8 INFO neutron.api.extensions [None req-aa91f4be-1ff9-4952-8e2a-5e27af117ef8 - - - - - -] Loaded extension: qos-pps
2026-05-15 01:26:14.210 8 INFO neutron.api.extensions [None req-aa91f4be-1ff9-4952-8e2a-5e27af117ef8 - - - - - -] Loaded extension: qos-rule-type-details
2026-05-15 01:26:14.210 8 INFO neutron.api.extensions [None req-aa91f4be-1ff9-4952-8e2a-5e27af117ef8 - - - - - -] Loaded extension: qos-rule-type-filter
2026-05-15 01:26:14.211 8 INFO neutron.api.extensions [None req-aa91f4be-1ff9-4952-8e2a-5e27af117ef8 - - - - - -] Loaded extension: qos-rules-alias
2026-05-15 01:26:14.211 7 INFO neutron.quota.resource_registry [None req-1f8d389a-66da-452d-9a27-a608a263b631 - - - - - -] Creating instance of TrackedResource for resource:router
2026-05-15 01:26:14.212 8 INFO neutron.api.extensions [None req-aa91f4be-1ff9-4952-8e2a-5e27af117ef8 - - - - - -] Loaded extension: quota-check-limit
2026-05-15 01:26:14.212 7 WARNING neutron.quota.resource_registry [None req-1f8d389a-66da-452d-9a27-a608a263b631 - - - - - -] router is already registered
2026-05-15 01:26:14.212 7 INFO neutron.quota.resource_registry [None req-1f8d389a-66da-452d-9a27-a608a263b631 - - - - - -] Creating instance of TrackedResource for resource:floatingip
2026-05-15 01:26:14.212 7 WARNING neutron.quota.resource_registry [None req-1f8d389a-66da-452d-9a27-a608a263b631 - - - - - -] floatingip is already registered
2026-05-15 01:26:14.212 8 INFO neutron.api.extensions [None req-aa91f4be-1ff9-4952-8e2a-5e27af117ef8 - - - - - -] Loaded extension: quota-check-limit-default
2026-05-15 01:26:14.214 8 INFO neutron.api.extensions [None req-aa91f4be-1ff9-4952-8e2a-5e27af117ef8 - - - - - -] Loaded extension: quotas
2026-05-15 01:26:14.215 8 INFO neutron.api.extensions [None req-aa91f4be-1ff9-4952-8e2a-5e27af117ef8 - - - - - -] Loaded extension: quota_details
2026-05-15 01:26:14.216 7 INFO neutron.quota.resource_registry [None req-1f8d389a-66da-452d-9a27-a608a263b631 - - - - - -] Creating instance of CountableResource for resource:rbac_policy
2026-05-15 01:26:14.217 7 WARNING neutron.quota.resource_registry [None req-1f8d389a-66da-452d-9a27-a608a263b631 - - - - - -] rbac_policy is already registered
2026-05-15 01:26:14.217 8 INFO neutron.api.extensions [None req-aa91f4be-1ff9-4952-8e2a-5e27af117ef8 - - - - - -] Loaded extension: rbac-policies
2026-05-15 01:26:14.217 7 INFO neutron.quota.resource_registry [None req-1f8d389a-66da-452d-9a27-a608a263b631 - - - - - -] Creating instance of TrackedResource for resource:security_group
2026-05-15 01:26:14.217 7 WARNING neutron.quota.resource_registry [None req-1f8d389a-66da-452d-9a27-a608a263b631 - - - - - -] security_group is already registered
2026-05-15 01:26:14.217 8 INFO neutron.api.extensions [None req-aa91f4be-1ff9-4952-8e2a-5e27af117ef8 - - - - - -] Extension rbac-address-group not supported by any of loaded plugins
2026-05-15 01:26:14.218 7 INFO neutron.quota.resource_registry [None req-1f8d389a-66da-452d-9a27-a608a263b631 - - - - - -] Creating instance of TrackedResource for resource:security_group_rule
2026-05-15 01:26:14.218 7 WARNING neutron.quota.resource_registry [None req-1f8d389a-66da-452d-9a27-a608a263b631 - - - - - -] security_group_rule is already registered
2026-05-15 01:26:14.218 8 INFO neutron.api.extensions [None req-aa91f4be-1ff9-4952-8e2a-5e27af117ef8 - - - - - -] Loaded extension: rbac-address-scope
2026-05-15 01:26:14.218 7 WARNING neutron.api.api_common [None req-1f8d389a-66da-452d-9a27-a608a263b631 - - - - - -] The plugin class neutron.db.servicetype_db.ServiceTypeManager should inherit from ``ServicePluginBase`` or ``NeutronDbPluginV2``. This class needs to be refactored. Please report a Launchpad bug in https://bugs.launchpad.net/neutron.
2026-05-15 01:26:14.218 8 INFO neutron.api.extensions [None req-aa91f4be-1ff9-4952-8e2a-5e27af117ef8 - - - - - -] Loaded extension: rbac-security-groups
2026-05-15 01:26:14.219 7 INFO neutron.quota.resource_registry [None req-1f8d389a-66da-452d-9a27-a608a263b631 - - - - - -] Creating instance of TrackedResource for resource:subnetpool
2026-05-15 01:26:14.219 7 WARNING neutron.quota.resource_registry [None req-1f8d389a-66da-452d-9a27-a608a263b631 - - - - - -] subnetpool is already registered
2026-05-15 01:26:14.219 8 INFO neutron.api.extensions [None req-aa91f4be-1ff9-4952-8e2a-5e27af117ef8 - - - - - -] Extension rbac-subnetpool not supported by any of loaded plugins
2026-05-15 01:26:14.219 7 INFO neutron.quota.resource_registry [None req-1f8d389a-66da-452d-9a27-a608a263b631 - - - - - -] Creating instance of CountableResource for resource:trunk
2026-05-15 01:26:14.219 7 WARNING neutron.quota.resource_registry [None req-1f8d389a-66da-452d-9a27-a608a263b631 - - - - - -] trunk is already registered
2026-05-15 01:26:14.220 8 INFO neutron.api.extensions [None req-aa91f4be-1ff9-4952-8e2a-5e27af117ef8 - - - - - -] Loaded extension: revision-if-match
2026-05-15 01:26:14.220 7 INFO neutron.quota.resource_registry [None req-1f8d389a-66da-452d-9a27-a608a263b631 - - - - - -] Creating instance of CountableResource for resource:ikepolicy
2026-05-15 01:26:14.220 7 WARNING neutron.quota.resource_registry [None req-1f8d389a-66da-452d-9a27-a608a263b631 - - - - - -] ikepolicy is already registered
2026-05-15 01:26:14.220 8 INFO neutron.api.extensions [None req-aa91f4be-1ff9-4952-8e2a-5e27af117ef8 - - - - - -] Loaded extension: standard-attr-revisions
2026-05-15 01:26:14.220 7 INFO neutron.quota.resource_registry [None req-1f8d389a-66da-452d-9a27-a608a263b631 - - - - - -] Creating instance of CountableResource for resource:ipsecpolicy
2026-05-15 01:26:14.221 7 WARNING neutron.quota.resource_registry [None req-1f8d389a-66da-452d-9a27-a608a263b631 - - - - - -] ipsecpolicy is already registered
2026-05-15 01:26:14.221 8 INFO neutron.api.extensions [None req-aa91f4be-1ff9-4952-8e2a-5e27af117ef8 - - - - - -] Loaded extension: router_availability_zone
2026-05-15 01:26:14.221 7 INFO neutron.quota.resource_registry [None req-1f8d389a-66da-452d-9a27-a608a263b631 - - - - - -] Creating instance of CountableResource for resource:endpoint_group
2026-05-15 01:26:14.221 7 WARNING neutron.quota.resource_registry [None req-1f8d389a-66da-452d-9a27-a608a263b631 - - - - - -] endpoint_group is already registered
2026-05-15 01:26:14.221 8 INFO neutron.api.extensions [None req-aa91f4be-1ff9-4952-8e2a-5e27af117ef8 - - - - - -] Loaded extension: router-enable-snat
2026-05-15 01:26:14.221 7 INFO neutron.quota.resource_registry [None req-1f8d389a-66da-452d-9a27-a608a263b631 - - - - - -] Creating instance of CountableResource for resource:vpnservice
2026-05-15 01:26:14.222 7 WARNING neutron.quota.resource_registry [None req-1f8d389a-66da-452d-9a27-a608a263b631 - - - - - -] vpnservice is already registered
2026-05-15 01:26:14.222 8 INFO neutron.api.extensions [None req-aa91f4be-1ff9-4952-8e2a-5e27af117ef8 - - - - - -] Extension router-service-type not supported by any of loaded plugins
2026-05-15 01:26:14.222 7 INFO neutron.quota.resource_registry [None req-1f8d389a-66da-452d-9a27-a608a263b631 - - - - - -] Creating instance of CountableResource for resource:ipsec_site_connection
2026-05-15 01:26:14.222 7 WARNING neutron.quota.resource_registry [None req-1f8d389a-66da-452d-9a27-a608a263b631 - - - - - -] ipsec_site_connection is already registered
2026-05-15 01:26:14.222 7 INFO neutron.quota.resource_registry [None req-1f8d389a-66da-452d-9a27-a608a263b631 - - - - - -] Creating instance of CountableResource for resource:ipsecpolicy
2026-05-15 01:26:14.223 7 WARNING neutron.quota.resource_registry [None req-1f8d389a-66da-452d-9a27-a608a263b631 - - - - - -] ipsecpolicy is already registered
2026-05-15 01:26:14.223 7 INFO neutron.quota.resource_registry [None req-1f8d389a-66da-452d-9a27-a608a263b631 - - - - - -] Creating instance of CountableResource for resource:ikepolicy
2026-05-15 01:26:14.223 7 WARNING neutron.quota.resource_registry [None req-1f8d389a-66da-452d-9a27-a608a263b631 - - - - - -] ikepolicy is already registered
2026-05-15 01:26:14.224 8 INFO neutron.api.extensions [None req-aa91f4be-1ff9-4952-8e2a-5e27af117ef8 - - - - - -] Loaded extension: security-groups-default-rules
2026-05-15 01:26:14.224 8 INFO neutron.api.extensions [None req-aa91f4be-1ff9-4952-8e2a-5e27af117ef8 - - - - - -] Loaded extension: security-groups-normalized-cidr
2026-05-15 01:26:14.225 8 INFO neutron.api.extensions [None req-aa91f4be-1ff9-4952-8e2a-5e27af117ef8 - - - - - -] Extension port-security-groups-filtering not supported by any of loaded plugins
2026-05-15 01:26:14.225 8 INFO neutron.api.extensions [None req-aa91f4be-1ff9-4952-8e2a-5e27af117ef8 - - - - - -] Loaded extension: security-groups-remote-address-group
2026-05-15 01:26:14.226 8 INFO neutron.api.extensions [None req-aa91f4be-1ff9-4952-8e2a-5e27af117ef8 - - - - - -] Loaded extension: security-groups-rules-belongs-to-default-sg
2026-05-15 01:26:14.226 8 INFO neutron.api.extensions [None req-aa91f4be-1ff9-4952-8e2a-5e27af117ef8 - - - - - -] Loaded extension: security-groups-shared-filtering
2026-05-15 01:26:14.231 8 INFO neutron.api.extensions [None req-aa91f4be-1ff9-4952-8e2a-5e27af117ef8 - - - - - -] Loaded extension: security-group
2026-05-15 01:26:14.233 8 INFO neutron.api.extensions [None req-aa91f4be-1ff9-4952-8e2a-5e27af117ef8 - - - - - -] Loaded extension: segment
2026-05-15 01:26:14.233 8 INFO neutron.api.extensions [None req-aa91f4be-1ff9-4952-8e2a-5e27af117ef8 - - - - - -] Loaded extension: segments-peer-subnet-host-routes
2026-05-15 01:26:14.234 8 INFO neutron.api.extensions [None req-aa91f4be-1ff9-4952-8e2a-5e27af117ef8 - - - - - -] Loaded extension: service-type
2026-05-15 01:26:14.235 8 INFO neutron.api.extensions [None req-aa91f4be-1ff9-4952-8e2a-5e27af117ef8 - - - - - -] Loaded extension: sorting
2026-05-15 01:26:14.235 8 INFO neutron.api.extensions [None req-aa91f4be-1ff9-4952-8e2a-5e27af117ef8 - - - - - -] Loaded extension: standard-attr-segment
2026-05-15 01:26:14.236 8 INFO neutron.api.extensions [None req-aa91f4be-1ff9-4952-8e2a-5e27af117ef8 - - - - - -] Loaded extension: standard-attr-description
2026-05-15 01:26:14.236 8 INFO neutron.api.extensions [None req-aa91f4be-1ff9-4952-8e2a-5e27af117ef8 - - - - - -] Loaded extension: stateful-security-group
2026-05-15 01:26:14.237 8 WARNING neutron.api.extensions [None req-aa91f4be-1ff9-4952-8e2a-5e27af117ef8 - - - - - -] Did not find expected name "Stdattrs_common" in /var/lib/openstack/lib/python3.12/site-packages/neutron/extensions/stdattrs_common.py
2026-05-15 01:26:14.237 8 INFO neutron.api.extensions [None req-aa91f4be-1ff9-4952-8e2a-5e27af117ef8 - - - - - -] Loaded extension: subnet-dns-publish-fixed-ip
2026-05-15 01:26:14.238 8 INFO neutron.api.extensions [None req-aa91f4be-1ff9-4952-8e2a-5e27af117ef8 - - - - - -] Loaded extension: subnet-external-network
2026-05-15 01:26:14.239 8 INFO neutron.api.extensions [None req-aa91f4be-1ff9-4952-8e2a-5e27af117ef8 - - - - - -] Extension subnet_onboard not supported by any of loaded plugins
2026-05-15 01:26:14.239 8 INFO neutron.api.extensions [None req-aa91f4be-1ff9-4952-8e2a-5e27af117ef8 - - - - - -] Loaded extension: subnet-segmentid-writable
2026-05-15 01:26:14.240 8 INFO neutron.api.extensions [None req-aa91f4be-1ff9-4952-8e2a-5e27af117ef8 - - - - - -] Loaded extension: subnet-service-types
2026-05-15 01:26:14.240 8 INFO neutron.api.extensions [None req-aa91f4be-1ff9-4952-8e2a-5e27af117ef8 - - - - - -] Loaded extension: subnet_allocation
2026-05-15 01:26:14.241 8 INFO neutron.api.extensions [None req-aa91f4be-1ff9-4952-8e2a-5e27af117ef8 - - - - - -] Loaded extension: subnetpool-prefix-ops
2026-05-15 01:26:14.242 8 INFO neutron.api.extensions [None req-aa91f4be-1ff9-4952-8e2a-5e27af117ef8 - - - - - -] Loaded extension: tag-creation
2026-05-15 01:26:14.242 8 INFO neutron.api.extensions [None req-aa91f4be-1ff9-4952-8e2a-5e27af117ef8 - - - - - -] Extension tag-ports-during-bulk-creation not supported by any of loaded plugins
2026-05-15 01:26:14.246 8 INFO neutron.api.extensions [None req-aa91f4be-1ff9-4952-8e2a-5e27af117ef8 - - - - - -] Loaded extension: standard-attr-tag
2026-05-15 01:26:14.247 8 INFO neutron.api.extensions [None req-aa91f4be-1ff9-4952-8e2a-5e27af117ef8 - - - - - -] Loaded extension: standard-attr-timestamp
2026-05-15 01:26:14.248 8 INFO neutron.api.extensions [None req-aa91f4be-1ff9-4952-8e2a-5e27af117ef8 - - - - - -] Loaded extension: trunk
2026-05-15 01:26:14.248 8 INFO neutron.api.extensions [None req-aa91f4be-1ff9-4952-8e2a-5e27af117ef8 - - - - - -] Loaded extension: trunk-details
2026-05-15 01:26:14.249 8 INFO neutron.api.extensions [None req-aa91f4be-1ff9-4952-8e2a-5e27af117ef8 - - - - - -] Extension uplink-status-propagation not supported by any of loaded plugins
2026-05-15 01:26:14.249 8 INFO neutron.api.extensions [None req-aa91f4be-1ff9-4952-8e2a-5e27af117ef8 - - - - - -] Extension uplink-status-propagation-updatable not supported by any of loaded plugins
2026-05-15 01:26:14.250 8 INFO neutron.api.extensions [None req-aa91f4be-1ff9-4952-8e2a-5e27af117ef8 - - - - - -] Loaded extension: vlan-transparent
2026-05-15 01:26:14.250 8 INFO neutron.api.extensions [None req-aa91f4be-1ff9-4952-8e2a-5e27af117ef8 - - - - - -] Loaded extension: vpn-aes-ctr
2026-05-15 01:26:14.253 8 INFO neutron.api.extensions [None req-aa91f4be-1ff9-4952-8e2a-5e27af117ef8 - - - - - -] Loaded extension: vpn-agent-scheduler
2026-05-15 01:26:14.254 8 INFO neutron.api.extensions [None req-aa91f4be-1ff9-4952-8e2a-5e27af117ef8 - - - - - -] Loaded extension: vpn-endpoint-groups
2026-05-15 01:26:14.255 8 INFO neutron.api.extensions [None req-aa91f4be-1ff9-4952-8e2a-5e27af117ef8 - - - - - -] Loaded extension: vpn-flavors
2026-05-15 01:26:14.257 8 INFO neutron.api.extensions [None req-aa91f4be-1ff9-4952-8e2a-5e27af117ef8 - - - - - -] Loaded extension: vpnaas
2026-05-15 01:26:14.258 8 INFO neutron.api.extensions [None req-aa91f4be-1ff9-4952-8e2a-5e27af117ef8 - - - - - -] Loaded extension: taas
2026-05-15 01:26:14.259 8 INFO neutron.api.extensions [None req-aa91f4be-1ff9-4952-8e2a-5e27af117ef8 - - - - - -] Loaded extension: tap-mirror
2026-05-15 01:26:14.260 8 INFO neutron.api.extensions [None req-aa91f4be-1ff9-4952-8e2a-5e27af117ef8 - - - - - -] Loaded extension: tap-mirror-both-direction
2026-05-15 01:26:14.260 8 INFO neutron.api.extensions [None req-aa91f4be-1ff9-4952-8e2a-5e27af117ef8 - - - - - -] Loaded extension: taas-vlan-filter
2026-05-15 01:26:14.261 7 WARNING keystonemiddleware._common.config [None req-1f8d389a-66da-452d-9a27-a608a263b631 - - - - - -] The option "audit_map_file" is not known to keystonemiddleware
2026-05-15 01:26:14.263 8 INFO neutron.quota.resource_registry [None req-aa91f4be-1ff9-4952-8e2a-5e27af117ef8 - - - - - -] Creating instance of TrackedResource for resource:network
2026-05-15 01:26:14.263 8 INFO neutron.quota.resource_registry [None req-aa91f4be-1ff9-4952-8e2a-5e27af117ef8 - - - - - -] Creating instance of TrackedResource for resource:subnet
2026-05-15 01:26:14.263 8 INFO neutron.quota.resource_registry [None req-aa91f4be-1ff9-4952-8e2a-5e27af117ef8 - - - - - -] Creating instance of TrackedResource for resource:subnetpool
2026-05-15 01:26:14.264 8 INFO neutron.quota.resource_registry [None req-aa91f4be-1ff9-4952-8e2a-5e27af117ef8 - - - - - -] Creating instance of TrackedResource for resource:port
2026-05-15 01:26:14.267 8 INFO neutron.quota.resource_registry [None req-aa91f4be-1ff9-4952-8e2a-5e27af117ef8 - - - - - -] Creating instance of TrackedResource for resource:router
2026-05-15 01:26:14.267 7 WARNING oslo_config.cfg [None req-1f8d389a-66da-452d-9a27-a608a263b631 - - - - - -] Deprecated: Option "auth_uri" from group "keystone_authtoken" is deprecated. Use option "www_authenticate_uri" from group "keystone_authtoken".
2026-05-15 01:26:14.267 8 INFO neutron.quota.resource_registry [None req-aa91f4be-1ff9-4952-8e2a-5e27af117ef8 - - - - - -] Creating instance of TrackedResource for resource:floatingip
2026-05-15 01:26:14.272 8 INFO neutron.quota.resource_registry [None req-aa91f4be-1ff9-4952-8e2a-5e27af117ef8 - - - - - -] Creating instance of CountableResource for resource:rbac_policy
2026-05-15 01:26:14.273 8 INFO neutron.quota.resource_registry [None req-aa91f4be-1ff9-4952-8e2a-5e27af117ef8 - - - - - -] Creating instance of TrackedResource for resource:security_group
2026-05-15 01:26:14.273 8 INFO neutron.quota.resource_registry [None req-aa91f4be-1ff9-4952-8e2a-5e27af117ef8 - - - - - -] Creating instance of TrackedResource for resource:security_group_rule
2026-05-15 01:26:14.274 8 WARNING neutron.api.api_common [None req-aa91f4be-1ff9-4952-8e2a-5e27af117ef8 - - - - - -] The plugin class neutron.db.servicetype_db.ServiceTypeManager should inherit from ``ServicePluginBase`` or ``NeutronDbPluginV2``. This class needs to be refactored. Please report a Launchpad bug in https://bugs.launchpad.net/neutron.
2026-05-15 01:26:14.274 8 INFO neutron.quota.resource_registry [None req-aa91f4be-1ff9-4952-8e2a-5e27af117ef8 - - - - - -] Creating instance of TrackedResource for resource:subnetpool
2026-05-15 01:26:14.274 8 WARNING neutron.quota.resource_registry [None req-aa91f4be-1ff9-4952-8e2a-5e27af117ef8 - - - - - -] subnetpool is already registered
2026-05-15 01:26:14.275 8 INFO neutron.quota.resource_registry [None req-aa91f4be-1ff9-4952-8e2a-5e27af117ef8 - - - - - -] Creating instance of CountableResource for resource:trunk
2026-05-15 01:26:14.275 8 INFO neutron.quota.resource_registry [None req-aa91f4be-1ff9-4952-8e2a-5e27af117ef8 - - - - - -] Creating instance of CountableResource for resource:ikepolicy
2026-05-15 01:26:14.276 8 INFO neutron.quota.resource_registry [None req-aa91f4be-1ff9-4952-8e2a-5e27af117ef8 - - - - - -] Creating instance of CountableResource for resource:ipsecpolicy
2026-05-15 01:26:14.276 8 INFO neutron.quota.resource_registry [None req-aa91f4be-1ff9-4952-8e2a-5e27af117ef8 - - - - - -] Creating instance of CountableResource for resource:endpoint_group
2026-05-15 01:26:14.276 8 INFO neutron.quota.resource_registry [None req-aa91f4be-1ff9-4952-8e2a-5e27af117ef8 - - - - - -] Creating instance of CountableResource for resource:vpnservice
2026-05-15 01:26:14.277 8 INFO neutron.quota.resource_registry [None req-aa91f4be-1ff9-4952-8e2a-5e27af117ef8 - - - - - -] Creating instance of CountableResource for resource:ipsec_site_connection
2026-05-15 01:26:14.277 8 INFO neutron.quota.resource_registry [None req-aa91f4be-1ff9-4952-8e2a-5e27af117ef8 - - - - - -] Creating instance of CountableResource for resource:ipsecpolicy
2026-05-15 01:26:14.277 8 WARNING neutron.quota.resource_registry [None req-aa91f4be-1ff9-4952-8e2a-5e27af117ef8 - - - - - -] ipsecpolicy is already registered
2026-05-15 01:26:14.278 8 INFO neutron.quota.resource_registry [None req-aa91f4be-1ff9-4952-8e2a-5e27af117ef8 - - - - - -] Creating instance of CountableResource for resource:ikepolicy
2026-05-15 01:26:14.278 8 WARNING neutron.quota.resource_registry [None req-aa91f4be-1ff9-4952-8e2a-5e27af117ef8 - - - - - -] ikepolicy is already registered
2026-05-15 01:26:14.279 8 WARNING neutron.api.api_common [None req-aa91f4be-1ff9-4952-8e2a-5e27af117ef8 - - - - - -] The plugin class builtins.NoneType should inherit from ``ServicePluginBase`` or ``NeutronDbPluginV2``. This class needs to be refactored. Please report a Launchpad bug in https://bugs.launchpad.net/neutron.
2026-05-15 01:26:14.279 8 WARNING neutron.api.api_common [None req-aa91f4be-1ff9-4952-8e2a-5e27af117ef8 - - - - - -] The plugin class builtins.NoneType should inherit from ``ServicePluginBase`` or ``NeutronDbPluginV2``. This class needs to be refactored. Please report a Launchpad bug in https://bugs.launchpad.net/neutron.
2026-05-15 01:26:14.280 8 WARNING neutron.api.api_common [None req-aa91f4be-1ff9-4952-8e2a-5e27af117ef8 - - - - - -] The plugin class builtins.NoneType should inherit from ``ServicePluginBase`` or ``NeutronDbPluginV2``. This class needs to be refactored. Please report a Launchpad bug in https://bugs.launchpad.net/neutron.
2026-05-15 01:26:14.280 8 WARNING neutron.api.api_common [None req-aa91f4be-1ff9-4952-8e2a-5e27af117ef8 - - - - - -] The plugin class neutron.db.servicetype_db.ServiceTypeManager should inherit from ``ServicePluginBase`` or ``NeutronDbPluginV2``. This class needs to be refactored. Please report a Launchpad bug in https://bugs.launchpad.net/neutron.
2026-05-15 01:26:14.280 8 WARNING neutron.api.api_common [None req-aa91f4be-1ff9-4952-8e2a-5e27af117ef8 - - - - - -] The plugin class builtins.NoneType should inherit from ``ServicePluginBase`` or ``NeutronDbPluginV2``. This class needs to be refactored. Please report a Launchpad bug in https://bugs.launchpad.net/neutron.
2026-05-15 01:26:14.280 8 WARNING neutron.api.api_common [None req-aa91f4be-1ff9-4952-8e2a-5e27af117ef8 - - - - - -] The plugin class builtins.NoneType should inherit from ``ServicePluginBase`` or ``NeutronDbPluginV2``. This class needs to be refactored. Please report a Launchpad bug in https://bugs.launchpad.net/neutron.
2026-05-15 01:26:14.280 8 WARNING neutron.api.api_common [None req-aa91f4be-1ff9-4952-8e2a-5e27af117ef8 - - - - - -] The plugin class builtins.NoneType should inherit from ``ServicePluginBase`` or ``NeutronDbPluginV2``. This class needs to be refactored. Please report a Launchpad bug in https://bugs.launchpad.net/neutron.
2026-05-15 01:26:14.280 8 WARNING neutron.api.api_common [None req-aa91f4be-1ff9-4952-8e2a-5e27af117ef8 - - - - - -] The plugin class builtins.NoneType should inherit from ``ServicePluginBase`` or ``NeutronDbPluginV2``. This class needs to be refactored. Please report a Launchpad bug in https://bugs.launchpad.net/neutron.
2026-05-15 01:26:14.281 8 WARNING neutron.api.api_common [None req-aa91f4be-1ff9-4952-8e2a-5e27af117ef8 - - - - - -] The plugin class builtins.NoneType should inherit from ``ServicePluginBase`` or ``NeutronDbPluginV2``. This class needs to be refactored. Please report a Launchpad bug in https://bugs.launchpad.net/neutron.
2026-05-15 01:26:14.281 8 WARNING neutron.api.api_common [None req-aa91f4be-1ff9-4952-8e2a-5e27af117ef8 - - - - - -] The plugin class builtins.NoneType should inherit from ``ServicePluginBase`` or ``NeutronDbPluginV2``. This class needs to be refactored. Please report a Launchpad bug in https://bugs.launchpad.net/neutron.
2026-05-15 01:26:14.281 8 WARNING neutron.api.api_common [None req-aa91f4be-1ff9-4952-8e2a-5e27af117ef8 - - - - - -] The plugin class builtins.NoneType should inherit from ``ServicePluginBase`` or ``NeutronDbPluginV2``. This class needs to be refactored. Please report a Launchpad bug in https://bugs.launchpad.net/neutron.
2026-05-15 01:26:14.281 8 WARNING neutron.api.api_common [None req-aa91f4be-1ff9-4952-8e2a-5e27af117ef8 - - - - - -] The plugin class builtins.NoneType should inherit from ``ServicePluginBase`` or ``NeutronDbPluginV2``. This class needs to be refactored. Please report a Launchpad bug in https://bugs.launchpad.net/neutron.
2026-05-15 01:26:14.281 8 WARNING neutron.api.api_common [None req-aa91f4be-1ff9-4952-8e2a-5e27af117ef8 - - - - - -] The plugin class builtins.NoneType should inherit from ``ServicePluginBase`` or ``NeutronDbPluginV2``. This class needs to be refactored. Please report a Launchpad bug in https://bugs.launchpad.net/neutron.
2026-05-15 01:26:14.281 8 WARNING neutron.api.api_common [None req-aa91f4be-1ff9-4952-8e2a-5e27af117ef8 - - - - - -] The plugin class builtins.NoneType should inherit from ``ServicePluginBase`` or ``NeutronDbPluginV2``. This class needs to be refactored. Please report a Launchpad bug in https://bugs.launchpad.net/neutron.
2026-05-15 01:26:14.281 8 WARNING neutron.api.api_common [None req-aa91f4be-1ff9-4952-8e2a-5e27af117ef8 - - - - - -] The plugin class builtins.NoneType should inherit from ``ServicePluginBase`` or ``NeutronDbPluginV2``. This class needs to be refactored. Please report a Launchpad bug in https://bugs.launchpad.net/neutron.
2026-05-15 01:26:14.281 8 WARNING neutron.api.api_common [None req-aa91f4be-1ff9-4952-8e2a-5e27af117ef8 - - - - - -] The plugin class builtins.NoneType should inherit from ``ServicePluginBase`` or ``NeutronDbPluginV2``. This class needs to be refactored. Please report a Launchpad bug in https://bugs.launchpad.net/neutron.
2026-05-15 01:26:14.284 8 INFO neutron.quota.resource_registry [None req-aa91f4be-1ff9-4952-8e2a-5e27af117ef8 - - - - - -] Creating instance of TrackedResource for resource:router
2026-05-15 01:26:14.284 8 WARNING neutron.quota.resource_registry [None req-aa91f4be-1ff9-4952-8e2a-5e27af117ef8 - - - - - -] router is already registered
2026-05-15 01:26:14.285 8 INFO neutron.quota.resource_registry [None req-aa91f4be-1ff9-4952-8e2a-5e27af117ef8 - - - - - -] Creating instance of TrackedResource for resource:floatingip
2026-05-15 01:26:14.285 8 WARNING neutron.quota.resource_registry [None req-aa91f4be-1ff9-4952-8e2a-5e27af117ef8 - - - - - -] floatingip is already registered
2026-05-15 01:26:14.288 7 WARNING neutron.plugins.ml2.drivers.ovn.mech_driver.mech_driver [None req-1f8d389a-66da-452d-9a27-a608a263b631 - - - - - -] uWSGI must provide a start time using the configuration parameter "start-time %t" in the configuration file
2026-05-15 01:26:14.290 8 INFO neutron.quota.resource_registry [None req-aa91f4be-1ff9-4952-8e2a-5e27af117ef8 - - - - - -] Creating instance of CountableResource for resource:rbac_policy
2026-05-15 01:26:14.290 8 WARNING neutron.quota.resource_registry [None req-aa91f4be-1ff9-4952-8e2a-5e27af117ef8 - - - - - -] rbac_policy is already registered
2026-05-15 01:26:14.290 8 INFO neutron.quota.resource_registry [None req-aa91f4be-1ff9-4952-8e2a-5e27af117ef8 - - - - - -] Creating instance of TrackedResource for resource:security_group
2026-05-15 01:26:14.291 8 WARNING neutron.quota.resource_registry [None req-aa91f4be-1ff9-4952-8e2a-5e27af117ef8 - - - - - -] security_group is already registered
2026-05-15 01:26:14.291 8 INFO neutron.quota.resource_registry [None req-aa91f4be-1ff9-4952-8e2a-5e27af117ef8 - - - - - -] Creating instance of TrackedResource for resource:security_group_rule
2026-05-15 01:26:14.291 8 WARNING neutron.quota.resource_registry [None req-aa91f4be-1ff9-4952-8e2a-5e27af117ef8 - - - - - -] security_group_rule is already registered
2026-05-15 01:26:14.292 8 WARNING neutron.api.api_common [None req-aa91f4be-1ff9-4952-8e2a-5e27af117ef8 - - - - - -] The plugin class neutron.db.servicetype_db.ServiceTypeManager should inherit from ``ServicePluginBase`` or ``NeutronDbPluginV2``. This class needs to be refactored. Please report a Launchpad bug in https://bugs.launchpad.net/neutron.
2026-05-15 01:26:14.292 8 INFO neutron.quota.resource_registry [None req-aa91f4be-1ff9-4952-8e2a-5e27af117ef8 - - - - - -] Creating instance of TrackedResource for resource:subnetpool
2026-05-15 01:26:14.292 8 WARNING neutron.quota.resource_registry [None req-aa91f4be-1ff9-4952-8e2a-5e27af117ef8 - - - - - -] subnetpool is already registered
2026-05-15 01:26:14.293 8 INFO neutron.quota.resource_registry [None req-aa91f4be-1ff9-4952-8e2a-5e27af117ef8 - - - - - -] Creating instance of CountableResource for resource:trunk
2026-05-15 01:26:14.293 8 WARNING neutron.quota.resource_registry [None req-aa91f4be-1ff9-4952-8e2a-5e27af117ef8 - - - - - -] trunk is already registered
2026-05-15 01:26:14.293 8 INFO neutron.quota.resource_registry [None req-aa91f4be-1ff9-4952-8e2a-5e27af117ef8 - - - - - -] Creating instance of CountableResource for resource:ikepolicy
2026-05-15 01:26:14.294 8 WARNING neutron.quota.resource_registry [None req-aa91f4be-1ff9-4952-8e2a-5e27af117ef8 - - - - - -] ikepolicy is already registered
2026-05-15 01:26:14.294 8 INFO neutron.quota.resource_registry [None req-aa91f4be-1ff9-4952-8e2a-5e27af117ef8 - - - - - -] Creating instance of CountableResource for resource:ipsecpolicy
2026-05-15 01:26:14.294 8 WARNING neutron.quota.resource_registry [None req-aa91f4be-1ff9-4952-8e2a-5e27af117ef8 - - - - - -] ipsecpolicy is already registered
2026-05-15 01:26:14.295 8 INFO neutron.quota.resource_registry [None req-aa91f4be-1ff9-4952-8e2a-5e27af117ef8 - - - - - -] Creating instance of CountableResource for resource:endpoint_group
2026-05-15 01:26:14.295 8 WARNING neutron.quota.resource_registry [None req-aa91f4be-1ff9-4952-8e2a-5e27af117ef8 - - - - - -] endpoint_group is already registered
2026-05-15 01:26:14.295 8 INFO neutron.quota.resource_registry [None req-aa91f4be-1ff9-4952-8e2a-5e27af117ef8 - - - - - -] Creating instance of CountableResource for resource:vpnservice
2026-05-15 01:26:14.295 8 WARNING neutron.quota.resource_registry [None req-aa91f4be-1ff9-4952-8e2a-5e27af117ef8 - - - - - -] vpnservice is already registered
2026-05-15 01:26:14.296 8 INFO neutron.quota.resource_registry [None req-aa91f4be-1ff9-4952-8e2a-5e27af117ef8 - - - - - -] Creating instance of CountableResource for resource:ipsec_site_connection
2026-05-15 01:26:14.296 8 WARNING neutron.quota.resource_registry [None req-aa91f4be-1ff9-4952-8e2a-5e27af117ef8 - - - - - -] ipsec_site_connection is already registered
2026-05-15 01:26:14.296 8 INFO neutron.quota.resource_registry [None req-aa91f4be-1ff9-4952-8e2a-5e27af117ef8 - - - - - -] Creating instance of CountableResource for resource:ipsecpolicy
2026-05-15 01:26:14.297 8 WARNING neutron.quota.resource_registry [None req-aa91f4be-1ff9-4952-8e2a-5e27af117ef8 - - - - - -] ipsecpolicy is already registered
2026-05-15 01:26:14.297 8 INFO neutron.quota.resource_registry [None req-aa91f4be-1ff9-4952-8e2a-5e27af117ef8 - - - - - -] Creating instance of CountableResource for resource:ikepolicy
2026-05-15 01:26:14.297 8 WARNING neutron.quota.resource_registry [None req-aa91f4be-1ff9-4952-8e2a-5e27af117ef8 - - - - - -] ikepolicy is already registered
2026-05-15 01:26:14.302 7 INFO neutron.db.ovn_hash_ring_db [None req-1f8d389a-66da-452d-9a27-a608a263b631 - - - - - -] Nodes from host "neutron-server-774c748687-mt6b2" and group "mechanism_driver" removed from the Hash Ring created at
2026-05-15 01:26:14+00:00
2026-05-15 01:26:14.304 7 INFO neutron.db.ovn_hash_ring_db [None req-1f8d389a-66da-452d-9a27-a608a263b631 - - - - - -] Node 1602b9c6282551f799d99722be5a86ea from host "neutron-server-774c748687-mt6b2" and group "mechanism_driver" added to the Hash Ring
2026-05-15 01:26:14.311 7 INFO neutron.plugins.ml2.drivers.ovn.mech_driver.mech_driver [None req-1f8d389a-66da-452d-9a27-a608a263b631 - - - - - -] Hash Ring probing thread for node 1602b9c6282551f799d99722be5a86ea has started
2026-05-15 01:26:14.312 7 INFO neutron.plugins.ml2.drivers.ovn.mech_driver.ovsdb.impl_idl_ovn [None req-1f8d389a-66da-452d-9a27-a608a263b631 - - - - - -] Getting OvsdbNbOvnIdl for WorkerService with retry
2026-05-15 01:26:14.337 8 WARNING keystonemiddleware._common.config [None req-aa91f4be-1ff9-4952-8e2a-5e27af117ef8 - - - - - -] The option "audit_map_file" is not known to keystonemiddleware
2026-05-15 01:26:14.341 7 INFO ovsdbapp.backend.ovs_idl.vlog [None req-1f8d389a-66da-452d-9a27-a608a263b631 - - - - - -] tcp:10.97.108.21:6641: connecting...
2026-05-15 01:26:14.341 7 INFO ovsdbapp.backend.ovs_idl.vlog [None req-1f8d389a-66da-452d-9a27-a608a263b631 - - - - - -] tcp:10.97.108.21:6641: connected
2026-05-15 01:26:14.344 8 WARNING oslo_config.cfg [None req-aa91f4be-1ff9-4952-8e2a-5e27af117ef8 - - - - - -] Deprecated: Option "auth_uri" from group "keystone_authtoken" is deprecated. Use option "www_authenticate_uri" from group "keystone_authtoken".
2026-05-15 01:26:14.362 8 WARNING neutron.plugins.ml2.drivers.ovn.mech_driver.mech_driver [None req-aa91f4be-1ff9-4952-8e2a-5e27af117ef8 - - - - - -] uWSGI must provide a start time using the configuration parameter "start-time %t" in the configuration file
2026-05-15 01:26:14.379 8 INFO neutron.db.ovn_hash_ring_db [None req-aa91f4be-1ff9-4952-8e2a-5e27af117ef8 - - - - - -] Nodes from host "neutron-server-774c748687-mt6b2" and group "mechanism_driver" removed from the Hash Ring created at
2026-05-15 01:26:14+00:00
2026-05-15 01:26:14.389 8 INFO neutron.db.ovn_hash_ring_db [None req-aa91f4be-1ff9-4952-8e2a-5e27af117ef8 - - - - - -] Node 207badeabd75597883d334ecb0aa9b44 from host "neutron-server-774c748687-mt6b2" and group "mechanism_driver" added to the Hash Ring
2026-05-15 01:26:14.397 8 INFO neutron.plugins.ml2.drivers.ovn.mech_driver.mech_driver [None req-aa91f4be-1ff9-4952-8e2a-5e27af117ef8 - - - - - -] Hash Ring probing thread for node 207badeabd75597883d334ecb0aa9b44 has started
2026-05-15 01:26:14.398 8 INFO neutron.plugins.ml2.drivers.ovn.mech_driver.ovsdb.impl_idl_ovn [None req-aa91f4be-1ff9-4952-8e2a-5e27af117ef8 - - - - - -] Getting OvsdbNbOvnIdl for WorkerService with retry
2026-05-15 01:26:14.399 7 INFO neutron.plugins.ml2.drivers.ovn.mech_driver.ovsdb.impl_idl_ovn [None req-1f8d389a-66da-452d-9a27-a608a263b631 - - - - - -] Getting OvsdbSbOvnIdl for WorkerService with retry
2026-05-15 01:26:14.420 7 INFO ovsdbapp.backend.ovs_idl.vlog [None req-1f8d389a-66da-452d-9a27-a608a263b631 - - - - - -] tcp:10.111.202.184:6642: connecting...
2026-05-15 01:26:14.420 7 INFO ovsdbapp.backend.ovs_idl.vlog [None req-1f8d389a-66da-452d-9a27-a608a263b631 - - - - - -] tcp:10.111.202.184:6642: connected
2026-05-15 01:26:14.430 8 INFO ovsdbapp.backend.ovs_idl.vlog [None req-aa91f4be-1ff9-4952-8e2a-5e27af117ef8 - - - - - -] tcp:10.97.108.21:6641: connecting...
