2026-05-15 02:02:19.998 7 INFO neutron.pecan_wsgi.hooks.translation [None req-e7ddfa08-5c3f-428b-b689-615eca0e8f88 e367f4d62c374659b75904822e3286f2 4f8b5d48f94646428c6936dea53a015c - - default default] DELETE failed (client error): The resource could not be found. [pid: 7|app: 0|req: 816/1586] 10.0.0.170 () {32 vars in 720 bytes} [Fri May 15 02:02:19 2026] DELETE /v2.0/ports/64a1310d-78ee-480c-ad45-7e302bec8e7e => generated 132 bytes in 40 msecs (HTTP/1.1 404) 4 headers in 164 bytes (1 switches on core 0) [pid: 7|app: 0|req: 817/1587] 10.0.0.170 () {32 vars in 723 bytes} [Fri May 15 02:02:20 2026] GET /v2.0/networks/0118d4ab-09e0-4a84-997e-34c56be64bdc => generated 707 bytes in 77 msecs (HTTP/1.1 200) 4 headers in 157 bytes (1 switches on core 0)
2026-05-15 02:02:20.078 8 INFO neutron_taas.services.taas.taas_plugin [None req-472763cd-f61a-40a7-9022-ef5ef387085e cac3d85d95d8416b83c337f544425ca7 88cb37c210d14db39afc497fe68080f9 - - default default] TaaS: Handle Delete Port: 4ea08e55-3165-408b-ace4-b6499ec15d98
2026-05-15 02:02:20.082 8 INFO neutron_taas.services.taas.tap_mirror_plugin [None req-472763cd-f61a-40a7-9022-ef5ef387085e cac3d85d95d8416b83c337f544425ca7 88cb37c210d14db39afc497fe68080f9 - - default default] Tap Mirror: Handle Delete Port: 4ea08e55-3165-408b-ace4-b6499ec15d98
2026-05-15 02:02:20.089 7 INFO neutron.plugins.ml2.drivers.ovn.mech_driver.mech_driver [None req-0a155fc6-0303-4cdd-824f-adb022612d8f - - - - - -] OVN reports status down for port: 754b573d-e414-4841-8a5e-1b4d676a1635
2026-05-15 02:02:20.097 7 INFO neutron.pecan_wsgi.hooks.translation [None req-bf143fec-8fd7-47d3-aa4c-a4d149644762 e367f4d62c374659b75904822e3286f2 4f8b5d48f94646428c6936dea53a015c - - default default] GET failed (client error): The resource could not be found. [pid: 7|app: 0|req: 818/1588] 10.0.0.170 () {32 vars in 717 bytes} [Fri May 15 02:02:20 2026] GET /v2.0/ports/64a1310d-78ee-480c-ad45-7e302bec8e7e => generated 132 bytes in 20 msecs (HTTP/1.1 404) 4 headers in 164 bytes (1 switches on core 0)
2026-05-15 02:02:20.117 7 INFO neutron.plugins.ml2.drivers.ovn.mech_driver.mech_driver [None req-0a155fc6-0303-4cdd-824f-adb022612d8f - - - - - -] OVN reports status down for port: 9b386c53-e63a-4d45-a70a-5f3a3e43dacd [pid: 7|app: 0|req: 819/1589] 10.0.0.170 () {32 vars in 721 bytes} [Fri May 15 02:02:20 2026] GET /v2.0/subnets/d106c1c0-cb0e-471f-ba30-d1439fa80fac => generated 641 bytes in 46 msecs (HTTP/1.1 200) 4 headers in 157 bytes (1 switches on core 0)
2026-05-15 02:02:20.225 7 INFO neutron.plugins.ml2.drivers.ovn.mech_driver.mech_driver [None req-0a155fc6-0303-4cdd-824f-adb022612d8f - - - - - -] OVN reports status down for port: 64a1310d-78ee-480c-ad45-7e302bec8e7e [pid: 7|app: 0|req: 820/1590] 10.0.0.170 () {32 vars in 724 bytes} [Fri May 15 02:02:20 2026] DELETE /v2.0/subnets/6382fdfe-7029-424b-ad86-afa1ed346544 => generated 0 bytes in 228 msecs (HTTP/1.1 204) 3 headers in 131 bytes (1 switches on core 0)
2026-05-15 02:02:20.383 7 INFO neutron.pecan_wsgi.hooks.translation [None req-e276aa50-adf1-4450-b414-cc6f21fe1c03 b726f5d714ae479fbe8690cb33054cf7 71459e009bcb4019ab4fe70491ba6655 - - default default] DELETE failed (client error): The resource could not be found. [pid: 7|app: 0|req: 821/1591] 10.0.0.170 () {32 vars in 724 bytes} [Fri May 15 02:02:20 2026] DELETE /v2.0/subnets/546a2645-e859-41ef-a84d-58085d002d57 => generated 136 bytes in 11 msecs (HTTP/1.1 404) 4 headers in 164 bytes (1 switches on core 0) [pid: 8|app: 0|req: 771/1592] 10.0.0.170 () {32 vars in 724 bytes} [Fri May 15 02:02:19 2026] DELETE /v2.0/routers/4debbff6-257f-4fad-bc1f-4af38ed90e2d => generated 0 bytes in 754 msecs (HTTP/1.1 204) 2 headers in 112 bytes (1 switches on core 0)
2026-05-15 02:02:20.618 8 INFO neutron_taas.services.taas.taas_plugin [None req-237d055a-9aeb-4015-b110-a756abb7491d e367f4d62c374659b75904822e3286f2 4f8b5d48f94646428c6936dea53a015c - - default default] TaaS: Handle Delete Port: 12a9f327-2486-4e06-880c-9acc08dfca45
2026-05-15 02:02:20.623 8 INFO neutron_taas.services.taas.tap_mirror_plugin [None req-237d055a-9aeb-4015-b110-a756abb7491d e367f4d62c374659b75904822e3286f2 4f8b5d48f94646428c6936dea53a015c - - default default] Tap Mirror: Handle Delete Port: 12a9f327-2486-4e06-880c-9acc08dfca45
2026-05-15 02:02:20.700 7 INFO neutron.db.ovn_revision_numbers_db [None req-7a270f64-5f40-42b5-b9b8-efbc3156c3b5 4e38ee5db79d4935b9034b019bee0038 9ca016e09ac8468eb0418f2b5f6c730c - - default default] Successfully bumped revision number for resource 0e9c3fb1-3a8e-4e49-a487-e82dfe2e6e2b (type: security_groups) to 1
2026-05-15 02:02:20.710 7 INFO neutron.db.ovn_revision_numbers_db [None req-7a270f64-5f40-42b5-b9b8-efbc3156c3b5 4e38ee5db79d4935b9034b019bee0038 9ca016e09ac8468eb0418f2b5f6c730c - - default default] Successfully bumped revision number for resource 13b9302e-b12b-420b-9bd6-3bdfd799f324 (type: security_group_rules) to 0
2026-05-15 02:02:20.723 7 INFO neutron.db.ovn_revision_numbers_db [None req-7a270f64-5f40-42b5-b9b8-efbc3156c3b5 4e38ee5db79d4935b9034b019bee0038 9ca016e09ac8468eb0418f2b5f6c730c - - default default] Successfully bumped revision number for resource 4629d867-5fc3-48fb-a250-ee3ce4de9036 (type: security_group_rules) to 0
2026-05-15 02:02:20.737 7 INFO neutron.db.ovn_revision_numbers_db [None req-7a270f64-5f40-42b5-b9b8-efbc3156c3b5 4e38ee5db79d4935b9034b019bee0038 9ca016e09ac8468eb0418f2b5f6c730c - - default default] Successfully bumped revision number for resource 950c7932-e220-45d1-910b-fd2cc5062068 (type: security_group_rules) to 0
2026-05-15 02:02:20.749 7 INFO neutron.db.ovn_revision_numbers_db [None req-7a270f64-5f40-42b5-b9b8-efbc3156c3b5 4e38ee5db79d4935b9034b019bee0038 9ca016e09ac8468eb0418f2b5f6c730c - - default default] Successfully bumped revision number for resource a04a6b9f-b107-4a83-8acb-65e018ee2989 (type: security_group_rules) to 0
2026-05-15 02:02:20.828 8 INFO neutron.services.segments.plugin [-] Segment 7ae72954-faf1-48a3-bb79-2a9a58d4c83a resource provider aggregate not found
2026-05-15 02:02:20.840 8 INFO neutron.services.segments.plugin [-] Segment 7ae72954-faf1-48a3-bb79-2a9a58d4c83a resource provider aggregate not found
2026-05-15 02:02:20.854 7 INFO neutron.db.ovn_revision_numbers_db [None req-7a270f64-5f40-42b5-b9b8-efbc3156c3b5 4e38ee5db79d4935b9034b019bee0038 9ca016e09ac8468eb0418f2b5f6c730c - - default default] Successfully bumped revision number for resource cab6d37a-4e18-47ca-88c6-5df9d6d23f75 (type: security_groups) to 1
2026-05-15 02:02:20.854 8 INFO neutron.services.segments.plugin [-] Segment 7ae72954-faf1-48a3-bb79-2a9a58d4c83a resource provider not found; error: Placement Client Error (4xx): {"errors": [{"status": 404, "title": "Not Found", "detail": "The resource could not be found.\n\n No resource provider with uuid 7ae72954-faf1-48a3-bb79-2a9a58d4c83a found for delete ", "request_id": "req-505a3b31-c5d3-46c3-8bf1-a769b7995414"}]}
2026-05-15 02:02:20.858 8 INFO neutron.services.segments.plugin [-] Segment 7ae72954-faf1-48a3-bb79-2a9a58d4c83a resource provider not found; error: Placement Client Error (4xx): {"errors": [{"status": 404, "title": "Not Found", "detail": "The resource could not be found.\n\n No resource provider with uuid 7ae72954-faf1-48a3-bb79-2a9a58d4c83a found for delete ", "request_id": "req-13bc8d58-5396-4df9-b489-4e7b78cd3f20"}]}
2026-05-15 02:02:20.867 7 INFO neutron.db.ovn_revision_numbers_db [None req-7a270f64-5f40-42b5-b9b8-efbc3156c3b5 4e38ee5db79d4935b9034b019bee0038 9ca016e09ac8468eb0418f2b5f6c730c - - default default] Successfully bumped revision number for resource 82cd4f72-bc19-4706-a44a-93d1dd9181e0 (type: security_group_rules) to 0
2026-05-15 02:02:20.883 7 INFO neutron.db.ovn_revision_numbers_db [None req-7a270f64-5f40-42b5-b9b8-efbc3156c3b5 4e38ee5db79d4935b9034b019bee0038 9ca016e09ac8468eb0418f2b5f6c730c - - default default] Successfully bumped revision number for resource 89a4454e-90d0-4465-96de-86acba0d49f0 (type: security_group_rules) to 0 [pid: 8|app: 0|req: 772/1593] 10.0.0.170 () {32 vars in 726 bytes} [Fri May 15 02:02:20 2026] DELETE /v2.0/networks/c2fb2b7c-297b-4201-8670-217e62dc578b => generated 0 bytes in 400 msecs (HTTP/1.1 204) 3 headers in 131 bytes (1 switches on core 0)
2026-05-15 02:02:20.907 8 INFO neutron.pecan_wsgi.hooks.translation [None req-97577bf2-4e11-46c6-bf8b-c8111984aceb b726f5d714ae479fbe8690cb33054cf7 71459e009bcb4019ab4fe70491ba6655 - - default default] DELETE failed (client error): The resource could not be found. [pid: 8|app: 0|req: 773/1594] 10.0.0.170 () {32 vars in 726 bytes} [Fri May 15 02:02:20 2026] DELETE /v2.0/networks/55117b74-1b09-4fac-821a-a0d900cdadf6 => generated 138 bytes in 15 msecs (HTTP/1.1 404) 4 headers in 164 bytes (1 switches on core 0) [pid: 7|app: 0|req: 822/1595] 10.0.0.170 () {34 vars in 684 bytes} [Fri May 15 02:02:20 2026] POST /v2.0/security-groups => generated 1624 bytes in 532 msecs (HTTP/1.1 201) 4 headers in 163 bytes (1 switches on core 0)
2026-05-15 02:02:21.016 7 INFO neutron.db.segments_db [None req-bfe1ce53-a5c0-48c0-b9a1-0dbc477ffb12 e367f4d62c374659b75904822e3286f2 4f8b5d48f94646428c6936dea53a015c - - default default] Added segment d155ff61-3314-41bb-9c4d-d3bd1f4e392c of type geneve for network ec26201f-96b4-4dd6-af1f-1b52894d86e4 [pid: 8|app: 0|req: 774/1596] 10.0.0.170 () {32 vars in 724 bytes} [Fri May 15 02:02:20 2026] DELETE /v2.0/subnets/50e3169d-9eb7-427f-92f2-b8bf310c2776 => generated 0 bytes in 151 msecs (HTTP/1.1 204) 3 headers in 131 bytes (1 switches on core 0)
2026-05-15 02:02:21.140 7 INFO neutron.db.ovn_revision_numbers_db [None req-bfe1ce53-a5c0-48c0-b9a1-0dbc477ffb12 e367f4d62c374659b75904822e3286f2 4f8b5d48f94646428c6936dea53a015c - - default default] Successfully bumped revision number for resource ec26201f-96b4-4dd6-af1f-1b52894d86e4 (type: networks) to 1 [pid: 8|app: 0|req: 775/1597] 10.0.0.170 () {32 vars in 724 bytes} [Fri May 15 02:02:21 2026] DELETE /v2.0/subnets/d106c1c0-cb0e-471f-ba30-d1439fa80fac => generated 0 bytes in 182 msecs (HTTP/1.1 204) 3 headers in 131 bytes (1 switches on core 0) [pid: 8|app: 0|req: 776/1598] 10.0.0.170 () {32 vars in 663 bytes} [Fri May 15 02:02:21 2026] GET /v2.0/security-groups => generated 4529 bytes in 39 msecs (HTTP/1.1 200) 4 headers in 158 bytes (1 switches on core 0)
2026-05-15 02:02:21.300 7 WARNING neutron.scheduler.dhcp_agent_scheduler [None req-bfe1ce53-a5c0-48c0-b9a1-0dbc477ffb12 e367f4d62c374659b75904822e3286f2 4f8b5d48f94646428c6936dea53a015c - - default default] No more DHCP agents
2026-05-15 02:02:21.301 7 WARNING neutron.api.rpc.agentnotifiers.dhcp_rpc_agent_api [None req-bfe1ce53-a5c0-48c0-b9a1-0dbc477ffb12 e367f4d62c374659b75904822e3286f2 4f8b5d48f94646428c6936dea53a015c - - default default] Unable to schedule network ec26201f-96b4-4dd6-af1f-1b52894d86e4: no agents available; will retry on subsequent port and subnet creation events.
2026-05-15 02:02:21.369 8 INFO neutron.plugins.ml2.drivers.ovn.mech_driver.mech_driver [None req-448e43c8-106f-448a-a51d-dc87c688aa19 - - - - - -] OVN reports status down for port: 1df4351f-f057-4c5e-b9fc-005fd6df30d7
2026-05-15 02:02:21.371 7 INFO neutron.db.ovn_revision_numbers_db [None req-bfe1ce53-a5c0-48c0-b9a1-0dbc477ffb12 e367f4d62c374659b75904822e3286f2 4f8b5d48f94646428c6936dea53a015c - - default default] Successfully bumped revision number for resource 1df4351f-f057-4c5e-b9fc-005fd6df30d7 (type: ports) to 1 [pid: 7|app: 0|req: 823/1599] 10.0.0.170 () {34 vars in 670 bytes} [Fri May 15 02:02:20 2026] POST /v2.0/networks => generated 670 bytes in 473 msecs (HTTP/1.1 201) 4 headers in 162 bytes (1 switches on core 0)
2026-05-15 02:02:21.447 8 INFO neutron_taas.services.taas.taas_plugin [None req-d0cbf6f8-f5e3-497b-9053-57848dccc8f7 cac3d85d95d8416b83c337f544425ca7 88cb37c210d14db39afc497fe68080f9 - - default default] TaaS: Handle Delete Port: d348ec13-7974-4ecc-8169-a9b4a09c10a7
2026-05-15 02:02:21.450 8 INFO neutron_taas.services.taas.tap_mirror_plugin [None req-d0cbf6f8-f5e3-497b-9053-57848dccc8f7 cac3d85d95d8416b83c337f544425ca7 88cb37c210d14db39afc497fe68080f9 - - default default] Tap Mirror: Handle Delete Port: d348ec13-7974-4ecc-8169-a9b4a09c10a7
2026-05-15 02:02:21.501 7 INFO neutron_taas.services.taas.taas_plugin [None req-1e86d81f-8d41-4678-84db-0b6624aca639 b726f5d714ae479fbe8690cb33054cf7 71459e009bcb4019ab4fe70491ba6655 - - default default] TaaS: Handle Delete Port: c3040baa-6f3c-4dfc-a1d2-3dd61585d554
2026-05-15 02:02:21.505 7 INFO neutron_taas.services.taas.tap_mirror_plugin [None req-1e86d81f-8d41-4678-84db-0b6624aca639 b726f5d714ae479fbe8690cb33054cf7 71459e009bcb4019ab4fe70491ba6655 - - default default] Tap Mirror: Handle Delete Port: c3040baa-6f3c-4dfc-a1d2-3dd61585d554
2026-05-15 02:02:21.703 7 INFO neutron.services.segments.plugin [-] Segment f5ce66b9-f4ab-4350-8181-0d486bbff609 resource provider aggregate not found
2026-05-15 02:02:21.705 7 INFO neutron.services.segments.plugin [-] Segment f5ce66b9-f4ab-4350-8181-0d486bbff609 resource provider aggregate not found [pid: 8|app: 0|req: 777/1600] 10.0.0.170 () {32 vars in 726 bytes} [Fri May 15 02:02:21 2026] DELETE /v2.0/networks/0a693a40-985d-4a6b-aee7-d0c18a54eb49 => generated 0 bytes in 435 msecs (HTTP/1.1 204) 3 headers in 131 bytes (1 switches on core 0)
2026-05-15 02:02:21.727 7 INFO neutron.services.segments.plugin [-] Segment f5ce66b9-f4ab-4350-8181-0d486bbff609 resource provider not found; error: Placement Client Error (4xx): {"errors": [{"status": 404, "title": "Not Found", "detail": "The resource could not be found.\n\n No resource provider with uuid f5ce66b9-f4ab-4350-8181-0d486bbff609 found for delete ", "request_id": "req-ace68033-60e2-4249-b6fb-1863b97fc469"}]}
2026-05-15 02:02:21.728 7 INFO neutron.services.segments.plugin [-] Segment f5ce66b9-f4ab-4350-8181-0d486bbff609 resource provider not found; error: Placement Client Error (4xx): {"errors": [{"status": 404, "title": "Not Found", "detail": "The resource could not be found.\n\n No resource provider with uuid f5ce66b9-f4ab-4350-8181-0d486bbff609 found for delete ", "request_id": "req-57fada9c-ca71-41b7-89bc-4addc709fcaf"}]} [pid: 7|app: 0|req: 824/1601] 10.0.0.170 () {32 vars in 726 bytes} [Fri May 15 02:02:21 2026] DELETE /v2.0/networks/0118d4ab-09e0-4a84-997e-34c56be64bdc => generated 0 bytes in 364 msecs (HTTP/1.1 204) 3 headers in 131 bytes (1 switches on core 0)
2026-05-15 02:02:21.804 8 INFO neutron.db.ovn_revision_numbers_db [None req-90aed705-3a93-45fc-a292-0a6efd7fb5a6 4e38ee5db79d4935b9034b019bee0038 9ca016e09ac8468eb0418f2b5f6c730c - - default default] Successfully bumped revision number for resource cab6d37a-4e18-47ca-88c6-5df9d6d23f75 (type: security_groups) to 2 [pid: 8|app: 0|req: 778/1602] 10.0.0.170 () {34 vars in 758 bytes} [Fri May 15 02:02:21 2026] PUT /v2.0/security-groups/cab6d37a-4e18-47ca-88c6-5df9d6d23f75 => generated 1662 bytes in 136 msecs (HTTP/1.1 200) 4 headers in 158 bytes (1 switches on core 0) [pid: 8|app: 0|req: 779/1603] 10.0.0.170 () {32 vars in 737 bytes} [Fri May 15 02:02:21 2026] GET /v2.0/security-groups/cab6d37a-4e18-47ca-88c6-5df9d6d23f75 => generated 1662 bytes in 37 msecs (HTTP/1.1 200) 4 headers in 158 bytes (1 switches on core 0)
2026-05-15 02:02:21.910 8 WARNING neutron.db.securitygroups_db [None req-98386137-7217-4a74-b70c-e9c0769a6aa7 cac3d85d95d8416b83c337f544425ca7 88cb37c210d14db39afc497fe68080f9 - - default default] project_id key not found in filters, using tenant_id instead. This support has been deprecated and will be removed in a future release. [pid: 8|app: 0|req: 780/1604] 10.0.0.170 () {32 vars in 774 bytes} [Fri May 15 02:02:21 2026] GET /v2.0/security-groups?tenant_id=7f379c14eb6340959e55041b3cf3eeaa&name=default => generated 2925 bytes in 31 msecs (HTTP/1.1 200) 4 headers in 158 bytes (1 switches on core 0)
2026-05-15 02:02:21.947 7 WARNING neutron.scheduler.dhcp_agent_scheduler [None req-53d49923-1aee-44ea-b209-d6fc1327717e e367f4d62c374659b75904822e3286f2 4f8b5d48f94646428c6936dea53a015c - - default default] No more DHCP agents
2026-05-15 02:02:21.948 7 WARNING neutron.api.rpc.agentnotifiers.dhcp_rpc_agent_api [None req-53d49923-1aee-44ea-b209-d6fc1327717e e367f4d62c374659b75904822e3286f2 4f8b5d48f94646428c6936dea53a015c - - default default] Unable to schedule network ec26201f-96b4-4dd6-af1f-1b52894d86e4: no agents available; will retry on subsequent port and subnet creation events. [pid: 8|app: 0|req: 781/1605] 10.0.0.170 () {32 vars in 740 bytes} [Fri May 15 02:02:21 2026] DELETE /v2.0/security-groups/cab6d37a-4e18-47ca-88c6-5df9d6d23f75 => generated 0 bytes in 121 msecs (HTTP/1.1 204) 2 headers in 112 bytes (1 switches on core 0) [pid: 8|app: 0|req: 782/1606] 10.0.0.170 () {32 vars in 740 bytes} [Fri May 15 02:02:22 2026] DELETE /v2.0/security-groups/57d6bee3-ae63-4185-a24a-05189d974d4f => generated 0 bytes in 160 msecs (HTTP/1.1 204) 2 headers in 112 bytes (1 switches on core 0) [pid: 8|app: 0|req: 783/1607] 10.0.0.170 () {32 vars in 663 bytes} [Fri May 15 02:02:22 2026] GET /v2.0/security-groups => generated 2925 bytes in 23 msecs (HTTP/1.1 200) 4 headers in 158 bytes (1 switches on core 0)
2026-05-15 02:02:22.254 8 INFO neutron.api.v2.resource [None req-61612886-14c6-4ba7-8b16-ecd171473463 4e38ee5db79d4935b9034b019bee0038 9ca016e09ac8468eb0418f2b5f6c730c - - default default] delete failed (client error): The resource could not be found. [pid: 8|app: 0|req: 784/1608] 10.0.0.170 () {32 vars in 740 bytes} [Fri May 15 02:02:22 2026] DELETE /v2.0/security-groups/cab6d37a-4e18-47ca-88c6-5df9d6d23f75 => generated 146 bytes in 11 msecs (HTTP/1.1 404) 4 headers in 164 bytes (1 switches on core 0)
2026-05-15 02:02:22.342 7 INFO neutron.db.ovn_revision_numbers_db [None req-53d49923-1aee-44ea-b209-d6fc1327717e e367f4d62c374659b75904822e3286f2 4f8b5d48f94646428c6936dea53a015c - - default default] Successfully bumped revision number for resource 1df4351f-f057-4c5e-b9fc-005fd6df30d7 (type: ports) to 2
2026-05-15 02:02:22.379 7 INFO neutron.db.ovn_revision_numbers_db [None req-53d49923-1aee-44ea-b209-d6fc1327717e e367f4d62c374659b75904822e3286f2 4f8b5d48f94646428c6936dea53a015c - - default default] Successfully bumped revision number for resource da6b3d3d-9182-4eb8-93b2-b93f68d58759 (type: subnets) to 0 [pid: 7|app: 0|req: 825/1609] 10.0.0.170 () {34 vars in 669 bytes} [Fri May 15 02:02:21 2026] POST /v2.0/subnets => generated 626 bytes in 647 msecs (HTTP/1.1 201) 4 headers in 162 bytes (1 switches on core 0)
2026-05-15 02:02:22.425 8 INFO neutron.db.ovn_revision_numbers_db [None req-45c18bde-b60a-4b26-936d-8d29910a7085 4e38ee5db79d4935b9034b019bee0038 9ca016e09ac8468eb0418f2b5f6c730c - - default default] Successfully bumped revision number for resource c748e12b-08f1-4833-a9a0-ca39341cd02b (type: security_groups) to 1
2026-05-15 02:02:22.438 8 INFO neutron.db.ovn_revision_numbers_db [None req-45c18bde-b60a-4b26-936d-8d29910a7085 4e38ee5db79d4935b9034b019bee0038 9ca016e09ac8468eb0418f2b5f6c730c - - default default] Successfully bumped revision number for resource 6a223039-eb2d-419c-b213-2b36a9e6723e (type: security_group_rules) to 0
2026-05-15 02:02:22.449 8 INFO neutron.db.ovn_revision_numbers_db [None req-45c18bde-b60a-4b26-936d-8d29910a7085 4e38ee5db79d4935b9034b019bee0038 9ca016e09ac8468eb0418f2b5f6c730c - - default default] Successfully bumped revision number for resource d50baf06-4ccd-4a45-8656-a68736482f5a (type: security_group_rules) to 0 [pid: 8|app: 0|req: 785/1610] 10.0.0.170 () {34 vars in 684 bytes} [Fri May 15 02:02:22 2026] POST /v2.0/security-groups => generated 1625 bytes in 222 msecs (HTTP/1.1 201) 4 headers in 163 bytes (1 switches on core 0)
2026-05-15 02:02:22.598 7 WARNING neutron.db.securitygroups_db [None req-5b259ada-0883-4ced-b512-6cf297662057 cac3d85d95d8416b83c337f544425ca7 88cb37c210d14db39afc497fe68080f9 - - default default] project_id key not found in filters, using tenant_id instead. This support has been deprecated and will be removed in a future release. [pid: 7|app: 0|req: 826/1611] 10.0.0.170 () {32 vars in 774 bytes} [Fri May 15 02:02:22 2026] GET /v2.0/security-groups?tenant_id=71459e009bcb4019ab4fe70491ba6655&name=default => generated 2925 bytes in 214 msecs (HTTP/1.1 200) 4 headers in 158 bytes (1 switches on core 0)
2026-05-15 02:02:22.733 8 WARNING neutron.scheduler.dhcp_agent_scheduler [None req-7d4221a3-8dbd-41b5-bb63-d6639bae6cff e367f4d62c374659b75904822e3286f2 4f8b5d48f94646428c6936dea53a015c - - default default] No more DHCP agents
2026-05-15 02:02:22.734 8 WARNING neutron.api.rpc.agentnotifiers.dhcp_rpc_agent_api [None req-7d4221a3-8dbd-41b5-bb63-d6639bae6cff e367f4d62c374659b75904822e3286f2 4f8b5d48f94646428c6936dea53a015c - - default default] Unable to schedule network ec26201f-96b4-4dd6-af1f-1b52894d86e4: no agents available; will retry on subsequent port and subnet creation events.
2026-05-15 02:02:22.737 7 INFO neutron.db.ovn_revision_numbers_db [None req-959144b9-b047-435c-81a1-10e6d9168c72 4e38ee5db79d4935b9034b019bee0038 9ca016e09ac8468eb0418f2b5f6c730c - - default default] Successfully bumped revision number for resource 88aa7f03-1caa-4339-8fd7-78900405bc19 (type: security_group_rules) to 0 [pid: 7|app: 0|req: 827/1612] 10.0.0.170 () {34 vars in 695 bytes} [Fri May 15 02:02:22 2026] POST /v2.0/security-group-rules => generated 601 bytes in 147 msecs (HTTP/1.1 201) 4 headers in 162 bytes (1 switches on core 0)
2026-05-15 02:02:22.855 8 INFO neutron.plugins.ml2.drivers.ovn.mech_driver.mech_driver [None req-448e43c8-106f-448a-a51d-dc87c688aa19 - - - - - -] OVN reports status down for port: bf52181a-b42a-4268-b43f-671edf035c13
2026-05-15 02:02:22.876 8 INFO neutron.services.segments.plugin [-] Segment 659dbef5-c8e1-45f0-a7d5-8681e6168582 resource provider aggregate not found
2026-05-15 02:02:22.885 8 INFO neutron.services.segments.plugin [-] Segment 659dbef5-c8e1-45f0-a7d5-8681e6168582 resource provider aggregate not found
2026-05-15 02:02:22.911 8 INFO neutron.services.segments.plugin [-] Segment 659dbef5-c8e1-45f0-a7d5-8681e6168582 resource provider not found; error: Placement Client Error (4xx): {"errors": [{"status": 404, "title": "Not Found", "detail": "The resource could not be found.\n\n No resource provider with uuid 659dbef5-c8e1-45f0-a7d5-8681e6168582 found for delete ", "request_id": "req-9c5acb8c-e9a7-46f5-a1c4-cda9773dce93"}]}
2026-05-15 02:02:22.912 8 INFO neutron.services.segments.plugin [-] Segment 659dbef5-c8e1-45f0-a7d5-8681e6168582 resource provider not found; error: Placement Client Error (4xx): {"errors": [{"status": 404, "title": "Not Found", "detail": "The resource could not be found.\n\n No resource provider with uuid 659dbef5-c8e1-45f0-a7d5-8681e6168582 found for delete ", "request_id": "req-224e976a-37d0-47f7-9c2f-df107937f5fd"}]}
2026-05-15 02:02:22.964 8 INFO neutron.db.ovn_revision_numbers_db [None req-7d4221a3-8dbd-41b5-bb63-d6639bae6cff e367f4d62c374659b75904822e3286f2 4f8b5d48f94646428c6936dea53a015c - - default default] Successfully bumped revision number for resource bf52181a-b42a-4268-b43f-671edf035c13 (type: ports) to 1 [pid: 7|app: 0|req: 828/1613] 10.0.0.170 () {32 vars in 740 bytes} [Fri May 15 02:02:22 2026] DELETE /v2.0/security-groups/922ef60a-5666-4dfb-9d0a-540821b6fdc3 => generated 0 bytes in 205 msecs (HTTP/1.1 204) 2 headers in 112 bytes (1 switches on core 0) [pid: 7|app: 0|req: 829/1614] 10.0.0.170 () {32 vars in 747 bytes} [Fri May 15 02:02:22 2026] GET /v2.0/security-group-rules/88aa7f03-1caa-4339-8fd7-78900405bc19 => generated 601 bytes in 19 msecs (HTTP/1.1 200) 4 headers in 157 bytes (1 switches on core 0) [pid: 8|app: 0|req: 786/1615] 10.0.0.170 () {34 vars in 665 bytes} [Fri May 15 02:02:22 2026] POST /v2.0/ports => generated 916 bytes in 593 msecs (HTTP/1.1 201) 4 headers in 162 bytes (1 switches on core 0) [pid: 7|app: 0|req: 830/1616] 10.0.0.170 () {32 vars in 673 bytes} [Fri May 15 02:02:22 2026] GET /v2.0/security-group-rules => generated 4138 bytes in 82 msecs (HTTP/1.1 200) 4 headers in 158 bytes (1 switches on core 0) [pid: 7|app: 0|req: 831/1617] 10.0.0.170 () {32 vars in 750 bytes} [Fri May 15 02:02:23 2026] DELETE /v2.0/security-group-rules/88aa7f03-1caa-4339-8fd7-78900405bc19 => generated 0 bytes in 101 msecs (HTTP/1.1 204) 2 headers in 112 bytes (1 switches on core 0)
2026-05-15 02:02:23.201 8 INFO neutron_taas.services.taas.taas_plugin [None req-cb3df4ae-bfc9-4d0c-b7ff-b660895a5cf0 e367f4d62c374659b75904822e3286f2 4f8b5d48f94646428c6936dea53a015c - - default default] TaaS: Handle Delete Port: bf52181a-b42a-4268-b43f-671edf035c13
2026-05-15 02:02:23.205 8 INFO neutron_taas.services.taas.tap_mirror_plugin [None req-cb3df4ae-bfc9-4d0c-b7ff-b660895a5cf0 e367f4d62c374659b75904822e3286f2 4f8b5d48f94646428c6936dea53a015c - - default default] Tap Mirror: Handle Delete Port: bf52181a-b42a-4268-b43f-671edf035c13 [pid: 7|app: 0|req: 832/1618] 10.0.0.170 () {32 vars in 673 bytes} [Fri May 15 02:02:23 2026] GET /v2.0/security-group-rules => generated 3560 bytes in 75 msecs (HTTP/1.1 200) 4 headers in 158 bytes (1 switches on core 0)
2026-05-15 02:02:23.386 7 INFO neutron.db.ovn_revision_numbers_db [None req-084895e4-27ba-4147-96a8-4e66be3214a3 4e38ee5db79d4935b9034b019bee0038 9ca016e09ac8468eb0418f2b5f6c730c - - default default] Successfully bumped revision number for resource 14a183fb-9a67-4d85-a644-7b29ab20ceac (type: security_group_rules) to 0 [pid: 8|app: 0|req: 787/1619] 10.0.0.170 () {32 vars in 720 bytes} [Fri May 15 02:02:23 2026] DELETE /v2.0/ports/bf52181a-b42a-4268-b43f-671edf035c13 => generated 0 bytes in 307 msecs (HTTP/1.1 204) 3 headers in 131 bytes (1 switches on core 0)
2026-05-15 02:02:23.417 8 INFO neutron.pecan_wsgi.hooks.translation [None req-d15dfd66-331f-41c5-a2fb-f0bd8bb3d081 e367f4d62c374659b75904822e3286f2 4f8b5d48f94646428c6936dea53a015c - - default default] GET failed (client error): The resource could not be found. [pid: 8|app: 0|req: 788/1620] 10.0.0.170 () {32 vars in 717 bytes} [Fri May 15 02:02:23 2026] GET /v2.0/ports/bf52181a-b42a-4268-b43f-671edf035c13 => generated 132 bytes in 19 msecs (HTTP/1.1 404) 4 headers in 164 bytes (1 switches on core 0) [pid: 7|app: 0|req: 833/1621] 10.0.0.170 () {34 vars in 695 bytes} [Fri May 15 02:02:23 2026] POST /v2.0/security-group-rules => generated 601 bytes in 150 msecs (HTTP/1.1 201) 4 headers in 162 bytes (1 switches on core 0) [pid: 7|app: 0|req: 834/1622] 10.0.0.170 () {32 vars in 747 bytes} [Fri May 15 02:02:23 2026] GET /v2.0/security-group-rules/14a183fb-9a67-4d85-a644-7b29ab20ceac => generated 601 bytes in 17 msecs (HTTP/1.1 200) 4 headers in 157 bytes (1 switches on core 0) [pid: 7|app: 0|req: 835/1623] 10.0.0.170 () {32 vars in 673 bytes} [Fri May 15 02:02:23 2026] GET /v2.0/security-group-rules => generated 4138 bytes in 66 msecs (HTTP/1.1 200) 4 headers in 158 bytes (1 switches on core 0) [pid: 8|app: 0|req: 789/1624] 10.0.0.170 () {32 vars in 724 bytes} [Fri May 15 02:02:23 2026] DELETE /v2.0/subnets/da6b3d3d-9182-4eb8-93b2-b93f68d58759 => generated 0 bytes in 171 msecs (HTTP/1.1 204) 3 headers in 131 bytes (1 switches on core 0) [pid: 7|app: 0|req: 836/1625] 10.0.0.170 () {32 vars in 750 bytes} [Fri May 15 02:02:23 2026] DELETE /v2.0/security-group-rules/14a183fb-9a67-4d85-a644-7b29ab20ceac => generated 0 bytes in 107 msecs (HTTP/1.1 204) 2 headers in 112 bytes (1 switches on core 0) [pid: 7|app: 0|req: 837/1626] 10.0.0.170 () {32 vars in 673 bytes} [Fri May 15 02:02:23 2026] GET /v2.0/security-group-rules => generated 3560 bytes in 74 msecs (HTTP/1.1 200) 4 headers in 158 bytes (1 switches on core 0)
2026-05-15 02:02:23.746 7 INFO neutron.db.securitygroups_db [None req-1cae9bf5-d8d8-4f65-b09d-ec8df09b4ed4 4e38ee5db79d4935b9034b019bee0038 9ca016e09ac8468eb0418f2b5f6c730c - - default default] Project 9ca016e09ac8468eb0418f2b5f6c730c added a security group rule with legacy IPv6 ICMP protocol name icmp, ipv6-icmp should be used instead. It was automatically converted.
2026-05-15 02:02:23.748 8 INFO neutron_taas.services.taas.taas_plugin [None req-1501cdc3-28f6-487f-bb3f-213689a4e05e e367f4d62c374659b75904822e3286f2 4f8b5d48f94646428c6936dea53a015c - - default default] TaaS: Handle Delete Port: 1df4351f-f057-4c5e-b9fc-005fd6df30d7
2026-05-15 02:02:23.751 8 INFO neutron_taas.services.taas.tap_mirror_plugin [None req-1501cdc3-28f6-487f-bb3f-213689a4e05e e367f4d62c374659b75904822e3286f2 4f8b5d48f94646428c6936dea53a015c - - default default] Tap Mirror: Handle Delete Port: 1df4351f-f057-4c5e-b9fc-005fd6df30d7
2026-05-15 02:02:23.808 7 INFO neutron.db.ovn_revision_numbers_db [None req-1cae9bf5-d8d8-4f65-b09d-ec8df09b4ed4 4e38ee5db79d4935b9034b019bee0038 9ca016e09ac8468eb0418f2b5f6c730c - - default default] Successfully bumped revision number for resource c9c5cbc9-0b5b-4e59-8958-83fcbdb8ad24 (type: security_group_rules) to 0 [pid: 7|app: 0|req: 838/1627] 10.0.0.170 () {34 vars in 695 bytes} [Fri May 15 02:02:23 2026] POST /v2.0/security-group-rules => generated 607 bytes in 133 msecs (HTTP/1.1 201) 4 headers in 162 bytes (1 switches on core 0) [pid: 7|app: 0|req: 839/1628] 10.0.0.170 () {32 vars in 747 bytes} [Fri May 15 02:02:23 2026] GET /v2.0/security-group-rules/c9c5cbc9-0b5b-4e59-8958-83fcbdb8ad24 => generated 607 bytes in 17 msecs (HTTP/1.1 200) 4 headers in 157 bytes (1 switches on core 0) [pid: 7|app: 0|req: 840/1629] 10.0.0.170 () {32 vars in 673 bytes} [Fri May 15 02:02:23 2026] GET /v2.0/security-group-rules => generated 4144 bytes in 59 msecs (HTTP/1.1 200) 4 headers in 158 bytes (1 switches on core 0) [pid: 8|app: 0|req: 790/1630] 10.0.0.170 () {32 vars in 726 bytes} [Fri May 15 02:02:23 2026] DELETE /v2.0/networks/ec26201f-96b4-4dd6-af1f-1b52894d86e4 => generated 0 bytes in 401 msecs (HTTP/1.1 204) 3 headers in 131 bytes (1 switches on core 0) [pid: 7|app: 0|req: 841/1631] 10.0.0.170 () {32 vars in 750 bytes} [Fri May 15 02:02:23 2026] DELETE /v2.0/security-group-rules/c9c5cbc9-0b5b-4e59-8958-83fcbdb8ad24 => generated 0 bytes in 114 msecs (HTTP/1.1 204) 2 headers in 112 bytes (1 switches on core 0) [pid: 7|app: 0|req: 842/1632] 10.0.0.170 () {32 vars in 673 bytes} [Fri May 15 02:02:24 2026] GET /v2.0/security-group-rules => generated 3560 bytes in 69 msecs (HTTP/1.1 200) 4 headers in 158 bytes (1 switches on core 0) [pid: 7|app: 0|req: 843/1633] 10.0.0.170 () {32 vars in 740 bytes} [Fri May 15 02:02:24 2026] DELETE /v2.0/security-groups/c748e12b-08f1-4833-a9a0-ca39341cd02b => generated 0 bytes in 139 msecs (HTTP/1.1 204) 2 headers in 112 bytes (1 switches on core 0)
2026-05-15 02:02:24.276 8 WARNING neutron.scheduler.dhcp_agent_scheduler [None req-1836da60-bf04-44c9-b339-ebc3114c6f68 e367f4d62c374659b75904822e3286f2 4f8b5d48f94646428c6936dea53a015c - - default default] No more DHCP agents
2026-05-15 02:02:24.277 8 WARNING neutron.api.rpc.agentnotifiers.dhcp_rpc_agent_api [None req-1836da60-bf04-44c9-b339-ebc3114c6f68 e367f4d62c374659b75904822e3286f2 4f8b5d48f94646428c6936dea53a015c - - default default] Unable to schedule network 4b52fa9f-7f8c-41c9-adb1-46a5d171d235: no agents available; will retry on subsequent port and subnet creation events. [pid: 7|app: 0|req: 844/1634] 10.0.0.170 () {32 vars in 663 bytes} [Fri May 15 02:02:24 2026] GET /v2.0/security-groups => generated 2925 bytes in 40 msecs (HTTP/1.1 200) 4 headers in 158 bytes (1 switches on core 0)
2026-05-15 02:02:24.340 8 INFO neutron.plugins.ml2.drivers.ovn.mech_driver.mech_driver [None req-448e43c8-106f-448a-a51d-dc87c688aa19 - - - - - -] OVN reports status down for port: 76eac804-136a-4427-8235-5689e4153b46 [pid: 7|app: 0|req: 845/1635] 10.0.0.170 () {32 vars in 663 bytes} [Fri May 15 02:02:24 2026] GET /v2.0/security-groups => generated 2925 bytes in 45 msecs (HTTP/1.1 200) 4 headers in 158 bytes (1 switches on core 0)
2026-05-15 02:02:24.410 8 INFO neutron.db.ovn_revision_numbers_db [None req-1836da60-bf04-44c9-b339-ebc3114c6f68 e367f4d62c374659b75904822e3286f2 4f8b5d48f94646428c6936dea53a015c - - default default] Successfully bumped revision number for resource 76eac804-136a-4427-8235-5689e4153b46 (type: ports) to 1 [pid: 8|app: 0|req: 791/1636] 10.0.0.170 () {34 vars in 665 bytes} [Fri May 15 02:02:24 2026] POST /v2.0/ports => generated 774 bytes in 482 msecs (HTTP/1.1 201) 4 headers in 162 bytes (1 switches on core 0)
2026-05-15 02:02:24.718 8 INFO neutron.plugins.ml2.drivers.ovn.mech_driver.mech_driver [None req-448e43c8-106f-448a-a51d-dc87c688aa19 - - - - - -] OVN reports status down for port: 76eac804-136a-4427-8235-5689e4153b46
2026-05-15 02:02:24.740 7 INFO neutron.db.ovn_revision_numbers_db [None req-6542f6a1-8a4c-4397-95f3-16904df457e5 e367f4d62c374659b75904822e3286f2 4f8b5d48f94646428c6936dea53a015c - - default default] Successfully bumped revision number for resource 76eac804-136a-4427-8235-5689e4153b46 (type: ports) to 2 [pid: 7|app: 0|req: 846/1637] 10.0.0.170 () {34 vars in 737 bytes} [Fri May 15 02:02:24 2026] PUT /v2.0/ports/76eac804-136a-4427-8235-5689e4153b46 => generated 752 bytes in 291 msecs (HTTP/1.1 200) 4 headers in 157 bytes (1 switches on core 0) /var/lib/openstack/lib/python3.12/site-packages/pycadf/identifier.py:70: UserWarning: Invalid uuid: neutron. To ensure interoperability, identifiers should be a valid uuid. warnings.warn(('Invalid uuid: %s. To ensure interoperability, '
2026-05-15 02:02:24.912 7 INFO neutron_taas.services.taas.taas_plugin [None req-0b3708af-c8bb-4dca-b817-d952e5cd44c2 e367f4d62c374659b75904822e3286f2 4f8b5d48f94646428c6936dea53a015c - - default default] TaaS: Handle Delete Port: 76eac804-136a-4427-8235-5689e4153b46
2026-05-15 02:02:24.914 7 INFO neutron_taas.services.taas.tap_mirror_plugin [None req-0b3708af-c8bb-4dca-b817-d952e5cd44c2 e367f4d62c374659b75904822e3286f2 4f8b5d48f94646428c6936dea53a015c - - default default] Tap Mirror: Handle Delete Port: 76eac804-136a-4427-8235-5689e4153b46
2026-05-15 02:02:24.928 8 INFO neutron.services.segments.plugin [-] Segment d155ff61-3314-41bb-9c4d-d3bd1f4e392c resource provider aggregate not found
2026-05-15 02:02:24.932 8 INFO neutron.services.segments.plugin [-] Segment d155ff61-3314-41bb-9c4d-d3bd1f4e392c resource provider aggregate not found
2026-05-15 02:02:24.948 8 INFO neutron.services.segments.plugin [-] Segment d155ff61-3314-41bb-9c4d-d3bd1f4e392c resource provider not found; error: Placement Client Error (4xx): {"errors": [{"status": 404, "title": "Not Found", "detail": "The resource could not be found.\n\n No resource provider with uuid d155ff61-3314-41bb-9c4d-d3bd1f4e392c found for delete ", "request_id": "req-b798a6c6-ee1c-4b64-9d31-93334b81e388"}]}
2026-05-15 02:02:24.949 8 INFO neutron.services.segments.plugin [-] Segment d155ff61-3314-41bb-9c4d-d3bd1f4e392c resource provider not found; error: Placement Client Error (4xx): {"errors": [{"status": 404, "title": "Not Found", "detail": "The resource could not be found.\n\n No resource provider with uuid d155ff61-3314-41bb-9c4d-d3bd1f4e392c found for delete ", "request_id": "req-934cfb0f-6d08-4cd5-922a-e81216c64a49"}]} /var/lib/openstack/lib/python3.12/site-packages/pycadf/identifier.py:70: UserWarning: Invalid uuid: neutron. To ensure interoperability, identifiers should be a valid uuid. warnings.warn(('Invalid uuid: %s. To ensure interoperability, ' [pid: 7|app: 0|req: 847/1638] 10.0.0.170 () {32 vars in 720 bytes} [Fri May 15 02:02:24 2026] DELETE /v2.0/ports/76eac804-136a-4427-8235-5689e4153b46 => generated 0 bytes in 238 msecs (HTTP/1.1 204) 3 headers in 131 bytes (1 switches on core 0)
2026-05-15 02:02:25.153 8 INFO neutron.db.ovn_revision_numbers_db [None req-40a0a0e2-791a-4b64-abdf-9edd76748b96 20de404c0ea548a6a7a84b74e70ce13e b2ae8f5e95434cd2a67babdc7c0c8fac - - default default] Successfully bumped revision number for resource fe426fdb-37ec-452b-8111-89132ff97291 (type: security_groups) to 1
2026-05-15 02:02:25.175 7 WARNING neutron.db.securitygroups_db [None req-bb58c678-8811-4329-8807-399960f492de cac3d85d95d8416b83c337f544425ca7 88cb37c210d14db39afc497fe68080f9 - - default default] project_id key not found in filters, using tenant_id instead. This support has been deprecated and will be removed in a future release.
2026-05-15 02:02:25.187 8 INFO neutron.db.ovn_revision_numbers_db [None req-40a0a0e2-791a-4b64-abdf-9edd76748b96 20de404c0ea548a6a7a84b74e70ce13e b2ae8f5e95434cd2a67babdc7c0c8fac - - default default] Successfully bumped revision number for resource 74a941bd-4a1e-40dc-9f9e-9d0ac653b231 (type: security_group_rules) to 0
2026-05-15 02:02:25.201 8 INFO neutron.db.ovn_revision_numbers_db [None req-40a0a0e2-791a-4b64-abdf-9edd76748b96 20de404c0ea548a6a7a84b74e70ce13e b2ae8f5e95434cd2a67babdc7c0c8fac - - default default] Successfully bumped revision number for resource 7d930a19-6aa3-41aa-9771-24e91bb26ff2 (type: security_group_rules) to 0 [pid: 7|app: 0|req: 848/1639] 10.0.0.170 () {32 vars in 774 bytes} [Fri May 15 02:02:25 2026] GET /v2.0/security-groups?tenant_id=9ca016e09ac8468eb0418f2b5f6c730c&name=default => generated 2925 bytes in 176 msecs (HTTP/1.1 200) 4 headers in 158 bytes (1 switches on core 0)
2026-05-15 02:02:25.213 8 INFO neutron.db.ovn_revision_numbers_db [None req-40a0a0e2-791a-4b64-abdf-9edd76748b96 20de404c0ea548a6a7a84b74e70ce13e b2ae8f5e95434cd2a67babdc7c0c8fac - - default default] Successfully bumped revision number for resource dac826ab-9fb2-4296-9d23-485571a98c26 (type: security_group_rules) to 0
2026-05-15 02:02:25.227 8 INFO neutron.db.ovn_revision_numbers_db [None req-40a0a0e2-791a-4b64-abdf-9edd76748b96 20de404c0ea548a6a7a84b74e70ce13e b2ae8f5e95434cd2a67babdc7c0c8fac - - default default] Successfully bumped revision number for resource fc4c51cd-0608-489f-9c0a-24c8a1d04838 (type: security_group_rules) to 0 [pid: 7|app: 0|req: 849/1640] 10.0.0.170 () {32 vars in 643 bytes} [Fri May 15 02:02:25 2026] GET /v2.0/ports => generated 1533 bytes in 37 msecs (HTTP/1.1 200) 4 headers in 158 bytes (1 switches on core 0)
2026-05-15 02:02:25.299 8 INFO neutron.db.segments_db [None req-40a0a0e2-791a-4b64-abdf-9edd76748b96 20de404c0ea548a6a7a84b74e70ce13e b2ae8f5e95434cd2a67babdc7c0c8fac - - default default] Added segment d0a19750-c54f-49a4-8150-992ea4043fc1 of type geneve for network bd6bf64d-aac0-4861-8592-dad14326e84b
2026-05-15 02:02:25.407 8 INFO neutron.db.ovn_revision_numbers_db [None req-40a0a0e2-791a-4b64-abdf-9edd76748b96 20de404c0ea548a6a7a84b74e70ce13e b2ae8f5e95434cd2a67babdc7c0c8fac - - default default] Successfully bumped revision number for resource bd6bf64d-aac0-4861-8592-dad14326e84b (type: networks) to 1 [pid: 7|app: 0|req: 850/1641] 10.0.0.170 () {32 vars in 740 bytes} [Fri May 15 02:02:25 2026] DELETE /v2.0/security-groups/0e9c3fb1-3a8e-4e49-a487-e82dfe2e6e2b => generated 0 bytes in 197 msecs (HTTP/1.1 204) 2 headers in 112 bytes (1 switches on core 0)
2026-05-15 02:02:25.456 7 INFO neutron.pecan_wsgi.hooks.translation [None req-32bb3653-962e-4ac1-866e-6af138d71162 e367f4d62c374659b75904822e3286f2 4f8b5d48f94646428c6936dea53a015c - - default default] GET failed (client error): The resource could not be found. [pid: 7|app: 0|req: 851/1642] 10.0.0.170 () {32 vars in 717 bytes} [Fri May 15 02:02:25 2026] GET /v2.0/ports/76eac804-136a-4427-8235-5689e4153b46 => generated 132 bytes in 15 msecs (HTTP/1.1 404) 4 headers in 164 bytes (1 switches on core 0) [pid: 7|app: 0|req: 852/1643] 10.0.0.170 () {32 vars in 643 bytes} [Fri May 15 02:02:25 2026] GET /v2.0/ports => generated 1533 bytes in 42 msecs (HTTP/1.1 200) 4 headers in 158 bytes (1 switches on core 0) [pid: 7|app: 0|req: 853/1644] 10.0.0.170 () {32 vars in 717 bytes} [Fri May 15 02:02:25 2026] GET /v2.0/ports/9b386c53-e63a-4d45-a70a-5f3a3e43dacd => generated 774 bytes in 33 msecs (HTTP/1.1 200) 4 headers in 157 bytes (1 switches on core 0)
2026-05-15 02:02:25.569 7 INFO neutron.pecan_wsgi.hooks.translation [None req-85e7033a-2fef-4f6f-8e2d-374fc031104d e367f4d62c374659b75904822e3286f2 4f8b5d48f94646428c6936dea53a015c - - default default] DELETE failed (client error): The resource could not be found. [pid: 7|app: 0|req: 854/1645] 10.0.0.170 () {32 vars in 720 bytes} [Fri May 15 02:02:25 2026] DELETE /v2.0/ports/bf52181a-b42a-4268-b43f-671edf035c13 => generated 132 bytes in 18 msecs (HTTP/1.1 404) 4 headers in 164 bytes (1 switches on core 0)
2026-05-15 02:02:25.582 8 WARNING neutron.scheduler.dhcp_agent_scheduler [None req-40a0a0e2-791a-4b64-abdf-9edd76748b96 20de404c0ea548a6a7a84b74e70ce13e b2ae8f5e95434cd2a67babdc7c0c8fac - - default default] No more DHCP agents
2026-05-15 02:02:25.583 8 WARNING neutron.api.rpc.agentnotifiers.dhcp_rpc_agent_api [None req-40a0a0e2-791a-4b64-abdf-9edd76748b96 20de404c0ea548a6a7a84b74e70ce13e b2ae8f5e95434cd2a67babdc7c0c8fac - - default default] Unable to schedule network bd6bf64d-aac0-4861-8592-dad14326e84b: no agents available; will retry on subsequent port and subnet creation events.
2026-05-15 02:02:25.586 7 INFO neutron.pecan_wsgi.hooks.translation [None req-da7047a9-7acf-496f-a4cd-b96a271e1e6c e367f4d62c374659b75904822e3286f2 4f8b5d48f94646428c6936dea53a015c - - default default] DELETE failed (client error): The resource could not be found. [pid: 7|app: 0|req: 855/1646] 10.0.0.170 () {32 vars in 724 bytes} [Fri May 15 02:02:25 2026] DELETE /v2.0/subnets/da6b3d3d-9182-4eb8-93b2-b93f68d58759 => generated 136 bytes in 12 msecs (HTTP/1.1 404) 4 headers in 164 bytes (1 switches on core 0)
2026-05-15 02:02:25.602 7 INFO neutron.pecan_wsgi.hooks.translation [None req-22576f17-b04d-4815-a036-d9f9c7150ad3 e367f4d62c374659b75904822e3286f2 4f8b5d48f94646428c6936dea53a015c - - default default] DELETE failed (client error): The resource could not be found. [pid: 7|app: 0|req: 856/1647] 10.0.0.170 () {32 vars in 724 bytes} [Fri May 15 02:02:25 2026] DELETE /v2.0/subnets/6382fdfe-7029-424b-ad86-afa1ed346544 => generated 136 bytes in 13 msecs (HTTP/1.1 404) 4 headers in 164 bytes (1 switches on core 0)
2026-05-15 02:02:25.660 7 INFO neutron.plugins.ml2.drivers.ovn.mech_driver.mech_driver [None req-0a155fc6-0303-4cdd-824f-adb022612d8f - - - - - -] OVN reports status down for port: 851a9c0c-eec2-46a2-8ba4-6f0feb085b79
2026-05-15 02:02:25.668 8 INFO neutron.db.ovn_revision_numbers_db [None req-40a0a0e2-791a-4b64-abdf-9edd76748b96 20de404c0ea548a6a7a84b74e70ce13e b2ae8f5e95434cd2a67babdc7c0c8fac - - default default] Successfully bumped revision number for resource 851a9c0c-eec2-46a2-8ba4-6f0feb085b79 (type: ports) to 1 [pid: 8|app: 0|req: 792/1648] 10.0.0.170 () {34 vars in 670 bytes} [Fri May 15 02:02:24 2026] POST /v2.0/networks => generated 687 bytes in 936 msecs (HTTP/1.1 201) 4 headers in 162 bytes (1 switches on core 0)
2026-05-15 02:02:25.816 7 INFO neutron_taas.services.taas.taas_plugin [None req-1d3efc91-8b20-4d2d-b4f2-b9e8a6512cdf e367f4d62c374659b75904822e3286f2 4f8b5d48f94646428c6936dea53a015c - - default default] TaaS: Handle Delete Port: 9b386c53-e63a-4d45-a70a-5f3a3e43dacd
2026-05-15 02:02:25.819 7 INFO neutron_taas.services.taas.tap_mirror_plugin [None req-1d3efc91-8b20-4d2d-b4f2-b9e8a6512cdf e367f4d62c374659b75904822e3286f2 4f8b5d48f94646428c6936dea53a015c - - default default] Tap Mirror: Handle Delete Port: 9b386c53-e63a-4d45-a70a-5f3a3e43dacd [pid: 7|app: 0|req: 857/1649] 10.0.0.170 () {32 vars in 720 bytes} [Fri May 15 02:02:25 2026] DELETE /v2.0/ports/9b386c53-e63a-4d45-a70a-5f3a3e43dacd => generated 0 bytes in 325 msecs (HTTP/1.1 204) 3 headers in 131 bytes (1 switches on core 0)
2026-05-15 02:02:25.960 8 WARNING neutron.scheduler.dhcp_agent_scheduler [None req-eb223194-3e30-4f62-8596-b88945186530 20de404c0ea548a6a7a84b74e70ce13e b2ae8f5e95434cd2a67babdc7c0c8fac - - default default] No more DHCP agents
2026-05-15 02:02:25.961 8 WARNING neutron.api.rpc.agentnotifiers.dhcp_rpc_agent_api [None req-eb223194-3e30-4f62-8596-b88945186530 20de404c0ea548a6a7a84b74e70ce13e b2ae8f5e95434cd2a67babdc7c0c8fac - - default default] Unable to schedule network bd6bf64d-aac0-4861-8592-dad14326e84b: no agents available; will retry on subsequent port and subnet creation events.
2026-05-15 02:02:26.028 8 INFO neutron.plugins.ml2.drivers.ovn.mech_driver.mech_driver [None req-448e43c8-106f-448a-a51d-dc87c688aa19 - - - - - -] OVN reports status down for port: 8fff0cee-6e63-4aa2-9374-a3c8f6d8a8a0
2026-05-15 02:02:26.085 7 INFO neutron_taas.services.taas.taas_plugin [None req-c9cc4bfa-7fd3-478f-9b57-e54cdc62a176 e367f4d62c374659b75904822e3286f2 4f8b5d48f94646428c6936dea53a015c - - default default] TaaS: Handle Delete Port: 73b56165-9028-4c2d-abe8-ea5338ad18df
2026-05-15 02:02:26.087 7 INFO neutron_taas.services.taas.tap_mirror_plugin [None req-c9cc4bfa-7fd3-478f-9b57-e54cdc62a176 e367f4d62c374659b75904822e3286f2 4f8b5d48f94646428c6936dea53a015c - - default default] Tap Mirror: Handle Delete Port: 73b56165-9028-4c2d-abe8-ea5338ad18df
2026-05-15 02:02:26.094 8 INFO neutron.db.ovn_revision_numbers_db [None req-eb223194-3e30-4f62-8596-b88945186530 20de404c0ea548a6a7a84b74e70ce13e b2ae8f5e95434cd2a67babdc7c0c8fac - - default default] Successfully bumped revision number for resource 8fff0cee-6e63-4aa2-9374-a3c8f6d8a8a0 (type: ports) to 1 [pid: 8|app: 0|req: 793/1650] 10.0.0.170 () {34 vars in 665 bytes} [Fri May 15 02:02:25 2026] POST /v2.0/ports => generated 778 bytes in 474 msecs (HTTP/1.1 201) 4 headers in 162 bytes (1 switches on core 0) /var/lib/openstack/lib/python3.12/site-packages/pycadf/identifier.py:70: UserWarning: Invalid uuid: neutron. To ensure interoperability, identifiers should be a valid uuid. warnings.warn(('Invalid uuid: %s. To ensure interoperability, '
2026-05-15 02:02:26.261 7 INFO neutron.services.segments.plugin [-] Segment 9edcd66e-3177-4641-95bb-c9488c928f29 resource provider aggregate not found
2026-05-15 02:02:26.268 7 INFO neutron.services.segments.plugin [-] Segment 9edcd66e-3177-4641-95bb-c9488c928f29 resource provider aggregate not found
2026-05-15 02:02:26.274 8 INFO neutron.db.segments_db [None req-234b12a3-52df-4cd4-a07f-dc353456d48c 20de404c0ea548a6a7a84b74e70ce13e b2ae8f5e95434cd2a67babdc7c0c8fac - - default default] Added segment cfc5a296-62dd-4b1e-8718-8f2941b98662 of type geneve for network b3d99bc3-a297-4b23-af0a-ef0d5c8703f9
2026-05-15 02:02:26.283 7 INFO neutron.services.segments.plugin [-] Segment 9edcd66e-3177-4641-95bb-c9488c928f29 resource provider not found; error: Placement Client Error (4xx): {"errors": [{"status": 404, "title": "Not Found", "detail": "The resource could not be found.\n\n No resource provider with uuid 9edcd66e-3177-4641-95bb-c9488c928f29 found for delete ", "request_id": "req-258b1a47-7f52-4654-826c-7994e779b4cb"}]}
2026-05-15 02:02:26.290 7 INFO neutron.services.segments.plugin [-] Segment 9edcd66e-3177-4641-95bb-c9488c928f29 resource provider not found; error: Placement Client Error (4xx): {"errors": [{"status": 404, "title": "Not Found", "detail": "The resource could not be found.\n\n No resource provider with uuid 9edcd66e-3177-4641-95bb-c9488c928f29 found for delete ", "request_id": "req-fafbd5ef-3682-40b9-9df8-d82cb2d434ef"}]} [pid: 7|app: 0|req: 858/1651] 10.0.0.170 () {32 vars in 726 bytes} [Fri May 15 02:02:25 2026] DELETE /v2.0/networks/4b52fa9f-7f8c-41c9-adb1-46a5d171d235 => generated 0 bytes in 377 msecs (HTTP/1.1 204) 3 headers in 131 bytes (1 switches on core 0)
2026-05-15 02:02:26.386 8 INFO neutron.db.ovn_revision_numbers_db [None req-234b12a3-52df-4cd4-a07f-dc353456d48c 20de404c0ea548a6a7a84b74e70ce13e b2ae8f5e95434cd2a67babdc7c0c8fac - - default default] Successfully bumped revision number for resource b3d99bc3-a297-4b23-af0a-ef0d5c8703f9 (type: networks) to 1
2026-05-15 02:02:26.480 7 WARNING neutron.db.securitygroups_db [None req-ac593248-1b8c-482a-9057-0518628477b8 cac3d85d95d8416b83c337f544425ca7 88cb37c210d14db39afc497fe68080f9 - - default default] project_id key not found in filters, using tenant_id instead. This support has been deprecated and will be removed in a future release.
2026-05-15 02:02:26.577 8 WARNING neutron.scheduler.dhcp_agent_scheduler [None req-234b12a3-52df-4cd4-a07f-dc353456d48c 20de404c0ea548a6a7a84b74e70ce13e b2ae8f5e95434cd2a67babdc7c0c8fac - - default default] No more DHCP agents
2026-05-15 02:02:26.578 8 WARNING neutron.api.rpc.agentnotifiers.dhcp_rpc_agent_api [None req-234b12a3-52df-4cd4-a07f-dc353456d48c 20de404c0ea548a6a7a84b74e70ce13e b2ae8f5e95434cd2a67babdc7c0c8fac - - default default] Unable to schedule network b3d99bc3-a297-4b23-af0a-ef0d5c8703f9: no agents available; will retry on subsequent port and subnet creation events.
2026-05-15 02:02:26.630 7 INFO neutron.db.ovn_revision_numbers_db [None req-ac593248-1b8c-482a-9057-0518628477b8 cac3d85d95d8416b83c337f544425ca7 88cb37c210d14db39afc497fe68080f9 - - default default] Successfully bumped revision number for resource d0a4d8ed-cade-44b7-b7e7-a06171e3b93a (type: security_groups) to 1
2026-05-15 02:02:26.657 8 INFO neutron.plugins.ml2.drivers.ovn.mech_driver.mech_driver [None req-448e43c8-106f-448a-a51d-dc87c688aa19 - - - - - -] OVN reports status down for port: 3e2adcf8-61a8-46b4-98f8-210f6cb91802
2026-05-15 02:02:26.669 7 INFO neutron.db.ovn_revision_numbers_db [None req-ac593248-1b8c-482a-9057-0518628477b8 cac3d85d95d8416b83c337f544425ca7 88cb37c210d14db39afc497fe68080f9 - - default default] Successfully bumped revision number for resource 01bb78f8-5ca2-4c5e-b46d-661ec31a6797 (type: security_group_rules) to 0
2026-05-15 02:02:26.679 7 INFO neutron.db.ovn_revision_numbers_db [None req-ac593248-1b8c-482a-9057-0518628477b8 cac3d85d95d8416b83c337f544425ca7 88cb37c210d14db39afc497fe68080f9 - - default default] Successfully bumped revision number for resource 953a47bc-1038-40d2-9bad-9caf5db778c8 (type: security_group_rules) to 0
2026-05-15 02:02:26.694 7 INFO neutron.db.ovn_revision_numbers_db [None req-ac593248-1b8c-482a-9057-0518628477b8 cac3d85d95d8416b83c337f544425ca7 88cb37c210d14db39afc497fe68080f9 - - default default] Successfully bumped revision number for resource 9dddc6f7-7b95-4260-9a24-6f4750863a19 (type: security_group_rules) to 0
