2026-05-15 02:03:44.639 7 INFO neutron.db.ovn_revision_numbers_db [None req-fe329162-66c8-489d-86cd-4b6facd4d67d b23b6a02c8ec4a0a8b3fbd6cbb3ea8d3 6930af89af784f81ac91d822f71f840c - - default default] Successfully bumped revision number for resource 59206b10-4d3d-43e4-b694-d90ab720ccc9 (type: security_group_rules) to 0 [pid: 7|app: 0|req: 1096/2172] 10.0.0.170 () {34 vars in 695 bytes} [Fri May 15 02:03:44 2026] POST /v2.0/security-group-rules => generated 607 bytes in 145 msecs (HTTP/1.1 201) 4 headers in 162 bytes (1 switches on core 0)
2026-05-15 02:03:44.708 8 INFO neutron.db.securitygroups_db [None req-a6c6c81a-bedc-4fb7-b271-8b62c97f63d7 b23b6a02c8ec4a0a8b3fbd6cbb3ea8d3 6930af89af784f81ac91d822f71f840c - - default default] Project 6930af89af784f81ac91d822f71f840c added a security group rule with legacy IPv6 ICMP protocol name icmp, ipv6-icmp should be used instead. It was automatically converted.
2026-05-15 02:03:44.796 8 INFO neutron.db.ovn_revision_numbers_db [None req-a6c6c81a-bedc-4fb7-b271-8b62c97f63d7 b23b6a02c8ec4a0a8b3fbd6cbb3ea8d3 6930af89af784f81ac91d822f71f840c - - default default] Successfully bumped revision number for resource a2b78661-16d2-4738-8fc8-31585a16daa5 (type: security_group_rules) to 0 [pid: 8|app: 0|req: 1077/2173] 10.0.0.170 () {34 vars in 695 bytes} [Fri May 15 02:03:44 2026] POST /v2.0/security-group-rules => generated 606 bytes in 160 msecs (HTTP/1.1 201) 4 headers in 162 bytes (1 switches on core 0)
2026-05-15 02:03:45.367 7 INFO neutron.db.ovn_revision_numbers_db [None req-1b302cf6-dce1-4dac-882e-8fd5088260e3 b23b6a02c8ec4a0a8b3fbd6cbb3ea8d3 6930af89af784f81ac91d822f71f840c - - default default] Successfully bumped revision number for resource 5d511c90-8d9c-4e5c-9745-680fa151073f (type: security_groups) to 1
2026-05-15 02:03:45.381 7 INFO neutron.db.ovn_revision_numbers_db [None req-1b302cf6-dce1-4dac-882e-8fd5088260e3 b23b6a02c8ec4a0a8b3fbd6cbb3ea8d3 6930af89af784f81ac91d822f71f840c - - default default] Successfully bumped revision number for resource c3b3cb2b-ecb0-4235-b7c4-e6df80bf6495 (type: security_group_rules) to 0
2026-05-15 02:03:45.396 7 INFO neutron.db.ovn_revision_numbers_db [None req-1b302cf6-dce1-4dac-882e-8fd5088260e3 b23b6a02c8ec4a0a8b3fbd6cbb3ea8d3 6930af89af784f81ac91d822f71f840c - - default default] Successfully bumped revision number for resource f0ea3b80-60c9-4921-8e2d-b1a9903384cd (type: security_group_rules) to 0 [pid: 8|app: 0|req: 1078/2174] 10.0.0.46 () {34 vars in 989 bytes} [Fri May 15 02:03:45 2026] GET /v2.0/ports?device_id=ff7137b3-2fb7-44bf-96f5-d3694f8f7ecb => generated 969 bytes in 41 msecs (HTTP/1.1 200) 4 headers in 157 bytes (1 switches on core 0) [pid: 7|app: 0|req: 1097/2175] 10.0.0.170 () {34 vars in 685 bytes} [Fri May 15 02:03:45 2026] POST /v2.0/security-groups => generated 1660 bytes in 195 msecs (HTTP/1.1 201) 4 headers in 163 bytes (1 switches on core 0) [pid: 8|app: 0|req: 1079/2176] 199.204.45.235 () {34 vars in 1080 bytes} [Fri May 15 02:03:45 2026] GET /v2.0/ports?tenant_id=7beb8a3d0ea04296ae65afa172ed7182&device_id=ff7137b3-2fb7-44bf-96f5-d3694f8f7ecb => generated 1230 bytes in 32 msecs (HTTP/1.1 200) 4 headers in 158 bytes (1 switches on core 0) [pid: 7|app: 0|req: 1098/2177] 10.0.0.46 () {34 vars in 1039 bytes} [Fri May 15 02:03:45 2026] GET /v2.0/security-groups?id=79c75cd3-16de-4d11-ab70-911555af968c&fields=id&fields=name => generated 114 bytes in 32 msecs (HTTP/1.1 200) 4 headers in 157 bytes (1 switches on core 0) [pid: 7|app: 0|req: 1099/2178] 199.204.45.235 () {34 vars in 1058 bytes} [Fri May 15 02:03:45 2026] GET /v2.0/floatingips?fixed_ip_address=10.100.0.5&port_id=1d96a0a7-4351-4750-80c2-e70b5f9f6948 => generated 19 bytes in 19 msecs (HTTP/1.1 200) 4 headers in 156 bytes (1 switches on core 0) [pid: 7|app: 0|req: 1100/2179] 199.204.45.235 () {34 vars in 984 bytes} [Fri May 15 02:03:45 2026] GET /v2.0/subnets?id=844f572d-54ce-4d9b-88cb-96b4efb15e21 => generated 677 bytes in 25 msecs (HTTP/1.1 200) 4 headers in 157 bytes (1 switches on core 0) [pid: 7|app: 0|req: 1101/2180] 199.204.45.235 () {34 vars in 1052 bytes} [Fri May 15 02:03:45 2026] GET /v2.0/ports?network_id=ca1bbd32-4199-47cc-92d3-1f39a2cbf61a&device_owner=network%3Adhcp => generated 12 bytes in 18 msecs (HTTP/1.1 200) 4 headers in 156 bytes (1 switches on core 0)
2026-05-15 02:03:45.611 8 INFO neutron.db.ovn_revision_numbers_db [None req-68e4bdfe-f7f3-44da-a84f-a5a68057ac82 b23b6a02c8ec4a0a8b3fbd6cbb3ea8d3 6930af89af784f81ac91d822f71f840c - - default default] Successfully bumped revision number for resource 0b10503d-0d3c-4ad3-8179-e3154c540609 (type: security_group_rules) to 0 [pid: 7|app: 0|req: 1102/2181] 199.204.45.235 () {34 vars in 1012 bytes} [Fri May 15 02:03:45 2026] GET /v2.0/networks/ca1bbd32-4199-47cc-92d3-1f39a2cbf61a?fields=segments => generated 14 bytes in 49 msecs (HTTP/1.1 200) 4 headers in 156 bytes (1 switches on core 0) [pid: 8|app: 0|req: 1080/2182] 10.0.0.170 () {34 vars in 695 bytes} [Fri May 15 02:03:45 2026] POST /v2.0/security-group-rules => generated 597 bytes in 177 msecs (HTTP/1.1 201) 4 headers in 162 bytes (1 switches on core 0) [pid: 7|app: 0|req: 1103/2183] 199.204.45.235 () {34 vars in 1112 bytes} [Fri May 15 02:03:45 2026] GET /v2.0/networks/ca1bbd32-4199-47cc-92d3-1f39a2cbf61a?fields=provider%3Aphysical_network&fields=provider%3Anetwork_type => generated 79 bytes in 41 msecs (HTTP/1.1 200) 4 headers in 156 bytes (1 switches on core 0)
2026-05-15 02:03:45.751 8 INFO neutron.db.ovn_revision_numbers_db [None req-c2c749a8-88c4-4b04-b8ee-699d11849a8e b23b6a02c8ec4a0a8b3fbd6cbb3ea8d3 6930af89af784f81ac91d822f71f840c - - default default] Successfully bumped revision number for resource e6351032-d025-4184-8625-20c386667b3a (type: security_group_rules) to 0 [pid: 8|app: 0|req: 1081/2184] 10.0.0.170 () {34 vars in 695 bytes} [Fri May 15 02:03:45 2026] POST /v2.0/security-group-rules => generated 602 bytes in 128 msecs (HTTP/1.1 201) 4 headers in 162 bytes (1 switches on core 0)
2026-05-15 02:03:46.018 7 WARNING neutron.scheduler.dhcp_agent_scheduler [None req-e047aa9d-ecdb-40b3-bea4-c2f9c495ba55 b23b6a02c8ec4a0a8b3fbd6cbb3ea8d3 6930af89af784f81ac91d822f71f840c - - default default] No more DHCP agents
2026-05-15 02:03:46.019 7 WARNING neutron.api.rpc.agentnotifiers.dhcp_rpc_agent_api [None req-e047aa9d-ecdb-40b3-bea4-c2f9c495ba55 b23b6a02c8ec4a0a8b3fbd6cbb3ea8d3 6930af89af784f81ac91d822f71f840c - - default default] Unable to schedule network 1fdad79b-12c3-41ff-ae85-87c1e297e4ce: no agents available; will retry on subsequent port and subnet creation events. [pid: 7|app: 0|req: 1104/2185] 10.0.0.170 () {34 vars in 676 bytes} [Fri May 15 02:03:45 2026] POST /v2.0/floatingips => generated 552 bytes in 577 msecs (HTTP/1.1 201) 4 headers in 162 bytes (1 switches on core 0)
2026-05-15 02:03:46.455 7 WARNING neutron.db.securitygroups_db [req-cfb6b9d5-cdb8-4aa5-8072-a63d58e72f63 req-f941de09-40d5-44b5-a87f-9830b6e6bca7 b23b6a02c8ec4a0a8b3fbd6cbb3ea8d3 6930af89af784f81ac91d822f71f840c - - default default] project_id key not found in filters, using tenant_id instead. This support has been deprecated and will be removed in a future release. [pid: 7|app: 0|req: 1105/2186] 10.0.0.46 () {34 vars in 1097 bytes} [Fri May 15 02:03:46 2026] GET /v2.0/security-groups?name=tempest-securitygroup--162057219&fields=id&tenant_id=6930af89af784f81ac91d822f71f840c => generated 69 bytes in 28 msecs (HTTP/1.1 200) 4 headers in 156 bytes (1 switches on core 0)
2026-05-15 02:03:46.491 7 WARNING neutron.db.securitygroups_db [req-cfb6b9d5-cdb8-4aa5-8072-a63d58e72f63 req-162f3660-4cd6-48ee-94e3-bbbc02594dd8 b23b6a02c8ec4a0a8b3fbd6cbb3ea8d3 6930af89af784f81ac91d822f71f840c - - default default] project_id key not found in filters, using tenant_id instead. This support has been deprecated and will be removed in a future release. [pid: 7|app: 0|req: 1106/2187] 10.0.0.46 () {34 vars in 1099 bytes} [Fri May 15 02:03:46 2026] GET /v2.0/security-groups?name=tempest-secgroup-smoke-2010880737&fields=id&tenant_id=6930af89af784f81ac91d822f71f840c => generated 69 bytes in 31 msecs (HTTP/1.1 200) 4 headers in 156 bytes (1 switches on core 0) [pid: 7|app: 0|req: 1107/2188] 10.0.0.46 () {34 vars in 981 bytes} [Fri May 15 02:03:46 2026] GET /v2.0/networks?id=fde28e82-9cec-4517-a493-28a645cb433d => generated 710 bytes in 40 msecs (HTTP/1.1 200) 4 headers in 157 bytes (1 switches on core 0) [pid: 7|app: 0|req: 1108/2189] 10.0.0.46 () {34 vars in 989 bytes} [Fri May 15 02:03:46 2026] GET /v2.0/ports?device_id=ff7137b3-2fb7-44bf-96f5-d3694f8f7ecb => generated 969 bytes in 47 msecs (HTTP/1.1 200) 4 headers in 157 bytes (1 switches on core 0) [pid: 7|app: 0|req: 1109/2190] 10.0.0.46 () {34 vars in 964 bytes} [Fri May 15 02:03:46 2026] GET /v2.0/quotas/6930af89af784f81ac91d822f71f840c => generated 292 bytes in 12 msecs (HTTP/1.1 200) 4 headers in 157 bytes (1 switches on core 0)
2026-05-15 02:03:46.627 8 INFO neutron.db.ovn_revision_numbers_db [None req-11bf7c8b-80ba-4076-8dac-ddfec7c97e76 cd802bca15b34dcf8d3e9e2a269b25b3 6b1f9324739943a1a33487bf9296efc5 - - default default] Successfully bumped revision number for resource c87642ab-59c2-4ad9-bd99-8f566d01b654 (type: security_groups) to 1
2026-05-15 02:03:46.638 8 INFO neutron.db.ovn_revision_numbers_db [None req-11bf7c8b-80ba-4076-8dac-ddfec7c97e76 cd802bca15b34dcf8d3e9e2a269b25b3 6b1f9324739943a1a33487bf9296efc5 - - default default] Successfully bumped revision number for resource 136a186c-5572-4d9f-a34d-ab01f2542621 (type: security_group_rules) to 0
2026-05-15 02:03:46.648 8 INFO neutron.db.ovn_revision_numbers_db [None req-11bf7c8b-80ba-4076-8dac-ddfec7c97e76 cd802bca15b34dcf8d3e9e2a269b25b3 6b1f9324739943a1a33487bf9296efc5 - - default default] Successfully bumped revision number for resource 58ea3707-3826-41d0-b409-37bbc58b2bd9 (type: security_group_rules) to 0 [pid: 7|app: 0|req: 1110/2191] 10.0.0.46 () {34 vars in 1039 bytes} [Fri May 15 02:03:46 2026] GET /v2.0/security-groups?id=79c75cd3-16de-4d11-ab70-911555af968c&fields=id&fields=name => generated 114 bytes in 28 msecs (HTTP/1.1 200) 4 headers in 157 bytes (1 switches on core 0)
2026-05-15 02:03:46.659 8 INFO neutron.db.ovn_revision_numbers_db [None req-11bf7c8b-80ba-4076-8dac-ddfec7c97e76 cd802bca15b34dcf8d3e9e2a269b25b3 6b1f9324739943a1a33487bf9296efc5 - - default default] Successfully bumped revision number for resource 926b7b7c-06f8-4306-96ac-5c197aef9bb7 (type: security_group_rules) to 0
2026-05-15 02:03:46.669 8 INFO neutron.db.ovn_revision_numbers_db [None req-11bf7c8b-80ba-4076-8dac-ddfec7c97e76 cd802bca15b34dcf8d3e9e2a269b25b3 6b1f9324739943a1a33487bf9296efc5 - - default default] Successfully bumped revision number for resource ffa62e55-93a4-4fc0-887f-c739442bf1d9 (type: security_group_rules) to 0 [pid: 7|app: 0|req: 1111/2192] 10.0.0.46 () {34 vars in 1001 bytes} [Fri May 15 02:03:46 2026] GET /v2.0/ports?tenant_id=6930af89af784f81ac91d822f71f840c&fields=id => generated 103 bytes in 65 msecs (HTTP/1.1 200) 4 headers in 157 bytes (1 switches on core 0)
2026-05-15 02:03:46.779 8 INFO neutron.db.ovn_revision_numbers_db [None req-11bf7c8b-80ba-4076-8dac-ddfec7c97e76 cd802bca15b34dcf8d3e9e2a269b25b3 6b1f9324739943a1a33487bf9296efc5 - - default default] Successfully bumped revision number for resource c010af57-29b8-4196-b73b-4b702b008d53 (type: security_groups) to 1 [pid: 7|app: 0|req: 1112/2193] 10.0.0.46 () {34 vars in 1007 bytes} [Fri May 15 02:03:46 2026] GET /v2.0/networks/fde28e82-9cec-4517-a493-28a645cb433d?fields=segments => generated 14 bytes in 49 msecs (HTTP/1.1 200) 4 headers in 156 bytes (1 switches on core 0)
2026-05-15 02:03:46.789 8 INFO neutron.db.ovn_revision_numbers_db [None req-11bf7c8b-80ba-4076-8dac-ddfec7c97e76 cd802bca15b34dcf8d3e9e2a269b25b3 6b1f9324739943a1a33487bf9296efc5 - - default default] Successfully bumped revision number for resource ea22da9d-5a0c-4ed9-809a-2da5f4a6655b (type: security_group_rules) to 0
2026-05-15 02:03:46.802 8 INFO neutron.db.ovn_revision_numbers_db [None req-11bf7c8b-80ba-4076-8dac-ddfec7c97e76 cd802bca15b34dcf8d3e9e2a269b25b3 6b1f9324739943a1a33487bf9296efc5 - - default default] Successfully bumped revision number for resource f166d538-bb8b-497f-869c-4e6dcaed376d (type: security_group_rules) to 0 [pid: 7|app: 0|req: 1113/2194] 10.0.0.46 () {34 vars in 1107 bytes} [Fri May 15 02:03:46 2026] GET /v2.0/networks/fde28e82-9cec-4517-a493-28a645cb433d?fields=provider%3Aphysical_network&fields=provider%3Anetwork_type => generated 79 bytes in 38 msecs (HTTP/1.1 200) 4 headers in 156 bytes (1 switches on core 0) [pid: 8|app: 0|req: 1082/2195] 10.0.0.170 () {34 vars in 684 bytes} [Fri May 15 02:03:46 2026] POST /v2.0/security-groups => generated 1601 bytes in 518 msecs (HTTP/1.1 201) 4 headers in 163 bytes (1 switches on core 0)
2026-05-15 02:03:46.865 7 WARNING tagging [None req-40876568-d888-4c6d-b267-5cf9b0555d39 cd802bca15b34dcf8d3e9e2a269b25b3 6b1f9324739943a1a33487bf9296efc5 - - default default] project_id key not found in request, using tenant_id instead. This support has been deprecated and will be removed in a future release. [pid: 7|app: 0|req: 1114/2196] 10.0.0.170 () {34 vars in 767 bytes} [Fri May 15 02:03:46 2026] PUT /v2.0/security-groups/c010af57-29b8-4196-b73b-4b702b008d53/tags => generated 25 bytes in 55 msecs (HTTP/1.1 200) 4 headers in 156 bytes (1 switches on core 0)
2026-05-15 02:03:46.930 7 WARNING tagging [None req-fd3145fc-919e-456c-9568-e7c777c530a1 cd802bca15b34dcf8d3e9e2a269b25b3 6b1f9324739943a1a33487bf9296efc5 - - default default] project_id key not found in request, using tenant_id instead. This support has been deprecated and will be removed in a future release. [pid: 7|app: 0|req: 1115/2197] 10.0.0.170 () {32 vars in 747 bytes} [Fri May 15 02:03:46 2026] GET /v2.0/security-groups/c010af57-29b8-4196-b73b-4b702b008d53/tags => generated 25 bytes in 34 msecs (HTTP/1.1 200) 4 headers in 156 bytes (1 switches on core 0)
2026-05-15 02:03:46.972 7 WARNING tagging [None req-874889e0-044b-46ae-b6dc-8c83388a64d8 cd802bca15b34dcf8d3e9e2a269b25b3 6b1f9324739943a1a33487bf9296efc5 - - default default] project_id key not found in request, using tenant_id instead. This support has been deprecated and will be removed in a future release. [pid: 7|app: 0|req: 1116/2198] 10.0.0.170 () {34 vars in 778 bytes} [Fri May 15 02:03:46 2026] PUT /v2.0/security-groups/c010af57-29b8-4196-b73b-4b702b008d53/tags/green => generated 4 bytes in 63 msecs (HTTP/1.1 201) 4 headers in 160 bytes (1 switches on core 0) [pid: 7|app: 0|req: 1117/2199] 10.0.0.46 () {34 vars in 989 bytes} [Fri May 15 02:03:47 2026] GET /v2.0/ports?device_id=67a50e2c-6aff-4a93-91b8-89a05f2ece32 => generated 12 bytes in 22 msecs (HTTP/1.1 200) 4 headers in 156 bytes (1 switches on core 0)
2026-05-15 02:03:47.069 7 WARNING tagging [None req-14fea2f9-14ee-47d1-938d-9723a134fd95 cd802bca15b34dcf8d3e9e2a269b25b3 6b1f9324739943a1a33487bf9296efc5 - - default default] project_id key not found in request, using tenant_id instead. This support has been deprecated and will be removed in a future release.
2026-05-15 02:03:47.069 8 INFO neutron.db.ovn_revision_numbers_db [None req-dec093e2-25ac-4741-9652-d8a20f1dca99 c9f99ac86de147298ce9d79770dfef8a d3f3543d587049db9fd944afc996dfa5 - - default default] Successfully bumped revision number for resource d4f976c9-ca25-4f48-a24b-145bfa0b78b6 (type: security_groups) to 1
2026-05-15 02:03:47.082 8 INFO neutron.db.ovn_revision_numbers_db [None req-dec093e2-25ac-4741-9652-d8a20f1dca99 c9f99ac86de147298ce9d79770dfef8a d3f3543d587049db9fd944afc996dfa5 - - default default] Successfully bumped revision number for resource 4dc2fdf4-2fc3-4e1e-be1c-cc7d2067041b (type: security_group_rules) to 0 [pid: 7|app: 0|req: 1118/2200] 10.0.0.170 () {32 vars in 747 bytes} [Fri May 15 02:03:47 2026] GET /v2.0/security-groups/c010af57-29b8-4196-b73b-4b702b008d53/tags => generated 34 bytes in 54 msecs (HTTP/1.1 200) 4 headers in 156 bytes (1 switches on core 0)
2026-05-15 02:03:47.100 8 INFO neutron.db.ovn_revision_numbers_db [None req-dec093e2-25ac-4741-9652-d8a20f1dca99 c9f99ac86de147298ce9d79770dfef8a d3f3543d587049db9fd944afc996dfa5 - - default default] Successfully bumped revision number for resource 990ba1dd-5a7d-4af7-921d-e0df22523da2 (type: security_group_rules) to 0
2026-05-15 02:03:47.115 8 INFO neutron.db.ovn_revision_numbers_db [None req-dec093e2-25ac-4741-9652-d8a20f1dca99 c9f99ac86de147298ce9d79770dfef8a d3f3543d587049db9fd944afc996dfa5 - - default default] Successfully bumped revision number for resource 9f99204f-d507-4441-b257-6801d20a0380 (type: security_group_rules) to 0
2026-05-15 02:03:47.119 7 WARNING tagging [None req-0a60c1f2-d123-471e-a683-0dd07acc14c0 cd802bca15b34dcf8d3e9e2a269b25b3 6b1f9324739943a1a33487bf9296efc5 - - default default] project_id key not found in request, using tenant_id instead. This support has been deprecated and will be removed in a future release.
2026-05-15 02:03:47.128 8 INFO neutron.db.ovn_revision_numbers_db [None req-dec093e2-25ac-4741-9652-d8a20f1dca99 c9f99ac86de147298ce9d79770dfef8a d3f3543d587049db9fd944afc996dfa5 - - default default] Successfully bumped revision number for resource d459c20f-1657-46ef-8129-42448c0ee951 (type: security_group_rules) to 0 [pid: 7|app: 0|req: 1119/2201] 10.0.0.170 () {34 vars in 774 bytes} [Fri May 15 02:03:47 2026] PUT /v2.0/security-groups/c010af57-29b8-4196-b73b-4b702b008d53/tags/red => generated 4 bytes in 50 msecs (HTTP/1.1 201) 4 headers in 160 bytes (1 switches on core 0)
2026-05-15 02:03:47.168 7 WARNING tagging [None req-9f7a2a03-bbb0-4187-978a-a3fa222632a0 cd802bca15b34dcf8d3e9e2a269b25b3 6b1f9324739943a1a33487bf9296efc5 - - default default] project_id key not found in request, using tenant_id instead. This support has been deprecated and will be removed in a future release. [pid: 7|app: 0|req: 1120/2202] 10.0.0.170 () {32 vars in 747 bytes} [Fri May 15 02:03:47 2026] GET /v2.0/security-groups/c010af57-29b8-4196-b73b-4b702b008d53/tags => generated 34 bytes in 32 msecs (HTTP/1.1 200) 4 headers in 156 bytes (1 switches on core 0)
2026-05-15 02:03:47.197 8 INFO neutron.db.segments_db [None req-dec093e2-25ac-4741-9652-d8a20f1dca99 c9f99ac86de147298ce9d79770dfef8a d3f3543d587049db9fd944afc996dfa5 - - default default] Added segment c850cd6f-d3e7-4b09-8297-af3d9e8aaa06 of type geneve for network bb4f9d6d-d608-4ad8-9fea-82a4bd9bd842
2026-05-15 02:03:47.205 7 WARNING tagging [None req-f7cdbab8-e96a-45fc-b306-88edba4aac1a cd802bca15b34dcf8d3e9e2a269b25b3 6b1f9324739943a1a33487bf9296efc5 - - default default] project_id key not found in request, using tenant_id instead. This support has been deprecated and will be removed in a future release. [pid: 7|app: 0|req: 1121/2203] 10.0.0.170 () {34 vars in 796 bytes} [Fri May 15 02:03:47 2026] PUT /v2.0/security-groups/c010af57-29b8-4196-b73b-4b702b008d53/tags/black.or.white => generated 4 bytes in 56 msecs (HTTP/1.1 201) 4 headers in 160 bytes (1 switches on core 0)
2026-05-15 02:03:47.277 7 WARNING tagging [None req-d290efc6-4e92-41d2-8276-b02532a68a36 cd802bca15b34dcf8d3e9e2a269b25b3 6b1f9324739943a1a33487bf9296efc5 - - default default] project_id key not found in request, using tenant_id instead. This support has been deprecated and will be removed in a future release. [pid: 7|app: 0|req: 1122/2204] 10.0.0.170 () {32 vars in 747 bytes} [Fri May 15 02:03:47 2026] GET /v2.0/security-groups/c010af57-29b8-4196-b73b-4b702b008d53/tags => generated 52 bytes in 45 msecs (HTTP/1.1 200) 4 headers in 156 bytes (1 switches on core 0)
2026-05-15 02:03:47.305 8 INFO neutron.db.ovn_revision_numbers_db [None req-dec093e2-25ac-4741-9652-d8a20f1dca99 c9f99ac86de147298ce9d79770dfef8a d3f3543d587049db9fd944afc996dfa5 - - default default] Successfully bumped revision number for resource bb4f9d6d-d608-4ad8-9fea-82a4bd9bd842 (type: networks) to 1
2026-05-15 02:03:47.319 7 WARNING tagging [None req-57462471-8095-4e44-9d22-9f0e101284ba cd802bca15b34dcf8d3e9e2a269b25b3 6b1f9324739943a1a33487bf9296efc5 - - default default] project_id key not found in request, using tenant_id instead. This support has been deprecated and will be removed in a future release. [pid: 7|app: 0|req: 1123/2205] 10.0.0.170 () {34 vars in 767 bytes} [Fri May 15 02:03:47 2026] PUT /v2.0/security-groups/c010af57-29b8-4196-b73b-4b702b008d53/tags => generated 37 bytes in 52 msecs (HTTP/1.1 200) 4 headers in 156 bytes (1 switches on core 0)
2026-05-15 02:03:47.377 7 WARNING tagging [None req-a36af5b8-0dcd-4b94-ad59-d9e0d4f31ef4 cd802bca15b34dcf8d3e9e2a269b25b3 6b1f9324739943a1a33487bf9296efc5 - - default default] project_id key not found in request, using tenant_id instead. This support has been deprecated and will be removed in a future release. [pid: 7|app: 0|req: 1124/2206] 10.0.0.170 () {32 vars in 747 bytes} [Fri May 15 02:03:47 2026] GET /v2.0/security-groups/c010af57-29b8-4196-b73b-4b702b008d53/tags => generated 37 bytes in 35 msecs (HTTP/1.1 200) 4 headers in 156 bytes (1 switches on core 0)
2026-05-15 02:03:47.411 7 WARNING tagging [None req-7cebc006-0399-45cb-8e21-45f6c103f1be cd802bca15b34dcf8d3e9e2a269b25b3 6b1f9324739943a1a33487bf9296efc5 - - default default] project_id key not found in request, using tenant_id instead. This support has been deprecated and will be removed in a future release. [pid: 7|app: 0|req: 1125/2207] 10.0.0.170 () {32 vars in 755 bytes} [Fri May 15 02:03:47 2026] GET /v2.0/security-groups/c010af57-29b8-4196-b73b-4b702b008d53/tags/red => generated 0 bytes in 29 msecs (HTTP/1.1 204) 2 headers in 112 bytes (1 switches on core 0)
2026-05-15 02:03:47.451 7 WARNING tagging [None req-4cc8768d-5d2e-4557-a004-573e01c918ab cd802bca15b34dcf8d3e9e2a269b25b3 6b1f9324739943a1a33487bf9296efc5 - - default default] project_id key not found in request, using tenant_id instead. This support has been deprecated and will be removed in a future release.
2026-05-15 02:03:47.460 7 INFO neutron.api.v2.resource [None req-4cc8768d-5d2e-4557-a004-573e01c918ab cd802bca15b34dcf8d3e9e2a269b25b3 6b1f9324739943a1a33487bf9296efc5 - - default default] show failed (client error): The resource could not be found. [pid: 7|app: 0|req: 1126/2208] 10.0.0.170 () {32 vars in 759 bytes} [Fri May 15 02:03:47 2026] GET /v2.0/security-groups/c010af57-29b8-4196-b73b-4b702b008d53/tags/green => generated 99 bytes in 36 msecs (HTTP/1.1 404) 4 headers in 163 bytes (1 switches on core 0)
2026-05-15 02:03:47.470 8 WARNING neutron.scheduler.dhcp_agent_scheduler [None req-dec093e2-25ac-4741-9652-d8a20f1dca99 c9f99ac86de147298ce9d79770dfef8a d3f3543d587049db9fd944afc996dfa5 - - default default] No more DHCP agents
2026-05-15 02:03:47.471 8 WARNING neutron.api.rpc.agentnotifiers.dhcp_rpc_agent_api [None req-dec093e2-25ac-4741-9652-d8a20f1dca99 c9f99ac86de147298ce9d79770dfef8a d3f3543d587049db9fd944afc996dfa5 - - default default] Unable to schedule network bb4f9d6d-d608-4ad8-9fea-82a4bd9bd842: no agents available; will retry on subsequent port and subnet creation events.
2026-05-15 02:03:47.490 7 WARNING tagging [None req-c40ef174-9652-4e5c-af70-6e03d01689dc cd802bca15b34dcf8d3e9e2a269b25b3 6b1f9324739943a1a33487bf9296efc5 - - default default] project_id key not found in request, using tenant_id instead. This support has been deprecated and will be removed in a future release. [pid: 7|app: 0|req: 1127/2209] 10.0.0.170 () {32 vars in 758 bytes} [Fri May 15 02:03:47 2026] DELETE /v2.0/security-groups/c010af57-29b8-4196-b73b-4b702b008d53/tags/red => generated 0 bytes in 73 msecs (HTTP/1.1 204) 2 headers in 112 bytes (1 switches on core 0)
2026-05-15 02:03:47.573 7 WARNING tagging [None req-cdaf2345-cec5-479e-a038-0e0313c291c0 cd802bca15b34dcf8d3e9e2a269b25b3 6b1f9324739943a1a33487bf9296efc5 - - default default] project_id key not found in request, using tenant_id instead. This support has been deprecated and will be removed in a future release.
2026-05-15 02:03:47.574 8 INFO neutron.db.ovn_revision_numbers_db [None req-dec093e2-25ac-4741-9652-d8a20f1dca99 c9f99ac86de147298ce9d79770dfef8a d3f3543d587049db9fd944afc996dfa5 - - default default] Successfully bumped revision number for resource 34219434-5c6c-4ef6-a951-c961da2bb5b9 (type: ports) to 1 [pid: 7|app: 0|req: 1128/2210] 10.0.0.170 () {32 vars in 747 bytes} [Fri May 15 02:03:47 2026] GET /v2.0/security-groups/c010af57-29b8-4196-b73b-4b702b008d53/tags => generated 30 bytes in 38 msecs (HTTP/1.1 200) 4 headers in 156 bytes (1 switches on core 0) [pid: 8|app: 0|req: 1083/2211] 10.0.0.170 () {34 vars in 670 bytes} [Fri May 15 02:03:46 2026] POST /v2.0/networks => generated 678 bytes in 749 msecs (HTTP/1.1 201) 4 headers in 162 bytes (1 switches on core 0)
2026-05-15 02:03:47.611 7 WARNING tagging [None req-5e8a3443-b976-4bf0-ab03-9c2436aa9737 cd802bca15b34dcf8d3e9e2a269b25b3 6b1f9324739943a1a33487bf9296efc5 - - default default] project_id key not found in request, using tenant_id instead. This support has been deprecated and will be removed in a future release.
2026-05-15 02:03:47.626 7 INFO neutron.api.v2.resource [None req-5e8a3443-b976-4bf0-ab03-9c2436aa9737 cd802bca15b34dcf8d3e9e2a269b25b3 6b1f9324739943a1a33487bf9296efc5 - - default default] delete failed (client error): The resource could not be found. [pid: 7|app: 0|req: 1129/2212] 10.0.0.170 () {32 vars in 762 bytes} [Fri May 15 02:03:47 2026] DELETE /v2.0/security-groups/c010af57-29b8-4196-b73b-4b702b008d53/tags/green => generated 99 bytes in 37 msecs (HTTP/1.1 404) 4 headers in 163 bytes (1 switches on core 0)
2026-05-15 02:03:47.658 7 WARNING tagging [None req-dc437cc8-6e3a-4e09-815c-7f4f32eab30b cd802bca15b34dcf8d3e9e2a269b25b3 6b1f9324739943a1a33487bf9296efc5 - - default default] project_id key not found in request, using tenant_id instead. This support has been deprecated and will be removed in a future release.
2026-05-15 02:03:47.674 8 WARNING neutron.plugins.ml2.drivers.ovn.mech_driver.ovsdb.ovn_client [None req-1421ac6a-162b-400e-8924-f4364c221988 - - - - - -] No hosting information found for port 96696922-bd3d-4c38-97df-cccbadc21d7c: RuntimeError: No hosting information found for port 96696922-bd3d-4c38-97df-cccbadc21d7c
2026-05-15 02:03:47.674 8 INFO neutron.plugins.ml2.drivers.ovn.mech_driver.mech_driver [None req-1421ac6a-162b-400e-8924-f4364c221988 - - - - - -] OVN reports status down for port: 1d96a0a7-4351-4750-80c2-e70b5f9f6948 [pid: 7|app: 0|req: 1130/2213] 10.0.0.170 () {32 vars in 750 bytes} [Fri May 15 02:03:47 2026] DELETE /v2.0/security-groups/c010af57-29b8-4196-b73b-4b702b008d53/tags => generated 0 bytes in 55 msecs (HTTP/1.1 204) 2 headers in 112 bytes (1 switches on core 0)
2026-05-15 02:03:47.717 7 WARNING tagging [None req-f9f88ecf-a2bc-4ac2-ad59-73b5d3179aac cd802bca15b34dcf8d3e9e2a269b25b3 6b1f9324739943a1a33487bf9296efc5 - - default default] project_id key not found in request, using tenant_id instead. This support has been deprecated and will be removed in a future release. [pid: 7|app: 0|req: 1131/2214] 10.0.0.170 () {32 vars in 747 bytes} [Fri May 15 02:03:47 2026] GET /v2.0/security-groups/c010af57-29b8-4196-b73b-4b702b008d53/tags => generated 12 bytes in 38 msecs (HTTP/1.1 200) 4 headers in 156 bytes (1 switches on core 0) [pid: 7|app: 0|req: 1132/2215] 10.0.0.46 () {34 vars in 989 bytes} [Fri May 15 02:03:47 2026] GET /v2.0/ports?device_id=ff7137b3-2fb7-44bf-96f5-d3694f8f7ecb => generated 969 bytes in 39 msecs (HTTP/1.1 200) 4 headers in 157 bytes (1 switches on core 0)
2026-05-15 02:03:47.838 8 INFO neutron.notifiers.nova [-] Nova event matching ['req-d39b4cbe-a483-4dfb-9bdf-d6c78dd3cfae'] response: {'server_uuid': 'ff7137b3-2fb7-44bf-96f5-d3694f8f7ecb', 'name': 'network-vif-unplugged', 'status': 'completed', 'tag': '1d96a0a7-4351-4750-80c2-e70b5f9f6948', 'code': 200}
2026-05-15 02:03:47.903 8 WARNING neutron.scheduler.dhcp_agent_scheduler [None req-f2eebb4f-d9cd-49ff-ab63-ecec2118c1e6 c9f99ac86de147298ce9d79770dfef8a d3f3543d587049db9fd944afc996dfa5 - - default default] No more DHCP agents [pid: 7|app: 0|req: 1133/2216] 10.0.0.170 () {32 vars in 740 bytes} [Fri May 15 02:03:47 2026] DELETE /v2.0/security-groups/c010af57-29b8-4196-b73b-4b702b008d53 => generated 0 bytes in 136 msecs (HTTP/1.1 204) 2 headers in 112 bytes (1 switches on core 0)
2026-05-15 02:03:47.909 8 WARNING neutron.api.rpc.agentnotifiers.dhcp_rpc_agent_api [None req-f2eebb4f-d9cd-49ff-ab63-ecec2118c1e6 c9f99ac86de147298ce9d79770dfef8a d3f3543d587049db9fd944afc996dfa5 - - default default] Unable to schedule network bb4f9d6d-d608-4ad8-9fea-82a4bd9bd842: no agents available; will retry on subsequent port and subnet creation events. [pid: 7|app: 0|req: 1136/2219] 10.0.0.46 () {34 vars in 1039 bytes} [Fri May 15 02:03:47 2026] GET /v2.0/security-groups?id=79c75cd3-16de-4d11-ab70-911555af968c&fields=id&fields=name => generated 114 bytes in 42 msecs (HTTP/1.1 200) 4 headers in 157 bytes (1 switches on core 0)
2026-05-15 02:03:47.962 8 INFO neutron.db.ovn_revision_numbers_db [None req-1421ac6a-162b-400e-8924-f4364c221988 - - - - - -] Successfully bumped revision number for resource 96696922-bd3d-4c38-97df-cccbadc21d7c (type: router_ports) to 2
2026-05-15 02:03:47.963 8 INFO neutron.plugins.ml2.drivers.ovn.mech_driver.mech_driver [None req-1421ac6a-162b-400e-8924-f4364c221988 - - - - - -] OVN reports status down for port: 34219434-5c6c-4ef6-a951-c961da2bb5b9 [pid: 7|app: 0|req: 1137/2220] 10.0.0.46 () {34 vars in 989 bytes} [Fri May 15 02:03:48 2026] GET /v2.0/ports?device_id=67a50e2c-6aff-4a93-91b8-89a05f2ece32 => generated 12 bytes in 27 msecs (HTTP/1.1 200) 4 headers in 156 bytes (1 switches on core 0)
2026-05-15 02:03:48.310 8 INFO neutron.plugins.ml2.drivers.ovn.mech_driver.mech_driver [None req-1421ac6a-162b-400e-8924-f4364c221988 - - - - - -] OVN reports status up for port: 1d96a0a7-4351-4750-80c2-e70b5f9f6948
2026-05-15 02:03:48.325 8 INFO neutron.plugins.ml2.plugin [None req-1421ac6a-162b-400e-8924-f4364c221988 - - - - - -] Attempt 1 to provision port 1d96a0a7-4351-4750-80c2-e70b5f9f6948
2026-05-15 02:03:48.683 8 INFO neutron.db.ovn_revision_numbers_db [None req-f2eebb4f-d9cd-49ff-ab63-ecec2118c1e6 c9f99ac86de147298ce9d79770dfef8a d3f3543d587049db9fd944afc996dfa5 - - default default] Successfully bumped revision number for resource 34219434-5c6c-4ef6-a951-c961da2bb5b9 (type: ports) to 2
2026-05-15 02:03:48.754 8 INFO neutron.db.ovn_revision_numbers_db [None req-f2eebb4f-d9cd-49ff-ab63-ecec2118c1e6 c9f99ac86de147298ce9d79770dfef8a d3f3543d587049db9fd944afc996dfa5 - - default default] Successfully bumped revision number for resource 1a6f90e8-0a4f-45ca-9b27-4fa927beac18 (type: subnets) to 0 [pid: 8|app: 0|req: 1084/2221] 10.0.0.170 () {34 vars in 669 bytes} [Fri May 15 02:03:47 2026] POST /v2.0/subnets => generated 657 bytes in 1197 msecs (HTTP/1.1 201) 4 headers in 162 bytes (1 switches on core 0)
2026-05-15 02:03:48.828 8 INFO neutron.db.ovn_revision_numbers_db [None req-1421ac6a-162b-400e-8924-f4364c221988 - - - - - -] Successfully bumped revision number for resource 1d96a0a7-4351-4750-80c2-e70b5f9f6948 (type: ports) to 5
2026-05-15 02:03:48.873 7 WARNING neutron.db.securitygroups_db [None req-74add474-2b56-4e8f-99d1-4bd9788b9371 cac3d85d95d8416b83c337f544425ca7 88cb37c210d14db39afc497fe68080f9 - - default default] project_id key not found in filters, using tenant_id instead. This support has been deprecated and will be removed in a future release. /var/lib/openstack/lib/python3.12/site-packages/pycadf/identifier.py:70: UserWarning: Invalid uuid: neutron. To ensure interoperability, identifiers should be a valid uuid. warnings.warn(('Invalid uuid: %s. To ensure interoperability, ' [pid: 8|app: 0|req: 1085/2222] 10.0.0.170 () {32 vars in 722 bytes} [Fri May 15 02:03:48 2026] GET /v2.0/subnetpools?name=shared-default-subnetpool-v6 => generated 19 bytes in 133 msecs (HTTP/1.1 200) 4 headers in 156 bytes (1 switches on core 0)
2026-05-15 02:03:49.011 7 INFO neutron.db.ovn_revision_numbers_db [None req-74add474-2b56-4e8f-99d1-4bd9788b9371 cac3d85d95d8416b83c337f544425ca7 88cb37c210d14db39afc497fe68080f9 - - default default] Successfully bumped revision number for resource 2bdd0eb9-6c5f-43bf-ae44-a7eb624d68db (type: security_groups) to 1
2026-05-15 02:03:49.023 7 INFO neutron.db.ovn_revision_numbers_db [None req-74add474-2b56-4e8f-99d1-4bd9788b9371 cac3d85d95d8416b83c337f544425ca7 88cb37c210d14db39afc497fe68080f9 - - default default] Successfully bumped revision number for resource 08277bad-eef0-4746-821f-e0dceac147be (type: security_group_rules) to 0
2026-05-15 02:03:49.035 7 INFO neutron.db.ovn_revision_numbers_db [None req-74add474-2b56-4e8f-99d1-4bd9788b9371 cac3d85d95d8416b83c337f544425ca7 88cb37c210d14db39afc497fe68080f9 - - default default] Successfully bumped revision number for resource 57ad31d5-2336-4a12-8a34-2a258bbfe4bc (type: security_group_rules) to 0
2026-05-15 02:03:49.047 7 INFO neutron.db.ovn_revision_numbers_db [None req-74add474-2b56-4e8f-99d1-4bd9788b9371 cac3d85d95d8416b83c337f544425ca7 88cb37c210d14db39afc497fe68080f9 - - default default] Successfully bumped revision number for resource 9bbce0f8-2491-4ccb-82c1-481d0591d4a5 (type: security_group_rules) to 0
2026-05-15 02:03:49.058 7 INFO neutron.db.ovn_revision_numbers_db [None req-74add474-2b56-4e8f-99d1-4bd9788b9371 cac3d85d95d8416b83c337f544425ca7 88cb37c210d14db39afc497fe68080f9 - - default default] Successfully bumped revision number for resource a7affd74-ce26-47b9-b00f-27e1843c6ae8 (type: security_group_rules) to 0 [pid: 7|app: 0|req: 1138/2223] 10.0.0.170 () {32 vars in 774 bytes} [Fri May 15 02:03:48 2026] GET /v2.0/security-groups?tenant_id=21038fe1807e4ff7a057819e8b6d6155&name=default => generated 2925 bytes in 327 msecs (HTTP/1.1 200) 4 headers in 158 bytes (1 switches on core 0)
2026-05-15 02:03:49.161 8 WARNING neutron.scheduler.dhcp_agent_scheduler [None req-537fcc65-1de4-4316-af4c-84e505a5621b c9f99ac86de147298ce9d79770dfef8a d3f3543d587049db9fd944afc996dfa5 - - default default] No more DHCP agents
2026-05-15 02:03:49.163 8 WARNING neutron.api.rpc.agentnotifiers.dhcp_rpc_agent_api [None req-537fcc65-1de4-4316-af4c-84e505a5621b c9f99ac86de147298ce9d79770dfef8a d3f3543d587049db9fd944afc996dfa5 - - default default] Unable to schedule network bb4f9d6d-d608-4ad8-9fea-82a4bd9bd842: no agents available; will retry on subsequent port and subnet creation events. [pid: 7|app: 0|req: 1139/2224] 10.0.0.46 () {34 vars in 989 bytes} [Fri May 15 02:03:49 2026] GET /v2.0/ports?device_id=ff7137b3-2fb7-44bf-96f5-d3694f8f7ecb => generated 971 bytes in 80 msecs (HTTP/1.1 200) 4 headers in 157 bytes (1 switches on core 0)
2026-05-15 02:03:49.194 8 INFO neutron.db.ovn_revision_numbers_db [None req-537fcc65-1de4-4316-af4c-84e505a5621b c9f99ac86de147298ce9d79770dfef8a d3f3543d587049db9fd944afc996dfa5 - - default default] Successfully bumped revision number for resource ead0ca3d-3d19-438f-bf74-183e913a4191 (type: subnets) to 0 [pid: 8|app: 0|req: 1086/2225] 10.0.0.170 () {34 vars in 669 bytes} [Fri May 15 02:03:48 2026] POST /v2.0/subnets => generated 731 bytes in 272 msecs (HTTP/1.1 201) 4 headers in 162 bytes (1 switches on core 0) [pid: 8|app: 0|req: 1087/2226] 10.0.0.46 () {34 vars in 1039 bytes} [Fri May 15 02:03:49 2026] GET /v2.0/security-groups?id=79c75cd3-16de-4d11-ab70-911555af968c&fields=id&fields=name => generated 114 bytes in 26 msecs (HTTP/1.1 200) 4 headers in 157 bytes (1 switches on core 0) [pid: 8|app: 0|req: 1088/2227] 10.0.0.46 () {34 vars in 989 bytes} [Fri May 15 02:03:49 2026] GET /v2.0/ports?device_id=67a50e2c-6aff-4a93-91b8-89a05f2ece32 => generated 12 bytes in 18 msecs (HTTP/1.1 200) 4 headers in 156 bytes (1 switches on core 0)
2026-05-15 02:03:49.361 8 INFO neutron.db.segments_db [None req-74d4e391-9a1e-47bf-96a7-c00dcd30ed6d c9f99ac86de147298ce9d79770dfef8a d3f3543d587049db9fd944afc996dfa5 - - default default] Added segment c45c52a0-dc0d-4940-ac24-c377111dc5b1 of type geneve for network 657f6e4b-1d29-4c5d-bcc4-d4aa107a11eb [pid: 7|app: 0|req: 1140/2228] 10.0.0.170 () {32 vars in 740 bytes} [Fri May 15 02:03:49 2026] DELETE /v2.0/security-groups/2bdd0eb9-6c5f-43bf-ae44-a7eb624d68db => generated 0 bytes in 188 msecs (HTTP/1.1 204) 2 headers in 112 bytes (1 switches on core 0)
2026-05-15 02:03:49.460 7 WARNING neutron.db.securitygroups_db [None req-4f59550e-4951-47c8-869a-27535f10cb12 cac3d85d95d8416b83c337f544425ca7 88cb37c210d14db39afc497fe68080f9 - - default default] project_id key not found in filters, using tenant_id instead. This support has been deprecated and will be removed in a future release. [pid: 7|app: 0|req: 1141/2229] 10.0.0.170 () {32 vars in 774 bytes} [Fri May 15 02:03:49 2026] GET /v2.0/security-groups?tenant_id=6b1f9324739943a1a33487bf9296efc5&name=default => generated 2925 bytes in 28 msecs (HTTP/1.1 200) 4 headers in 158 bytes (1 switches on core 0)
2026-05-15 02:03:49.483 8 INFO neutron.db.ovn_revision_numbers_db [None req-74d4e391-9a1e-47bf-96a7-c00dcd30ed6d c9f99ac86de147298ce9d79770dfef8a d3f3543d587049db9fd944afc996dfa5 - - default default] Successfully bumped revision number for resource 657f6e4b-1d29-4c5d-bcc4-d4aa107a11eb (type: networks) to 1
2026-05-15 02:03:49.659 8 WARNING neutron.scheduler.dhcp_agent_scheduler [None req-74d4e391-9a1e-47bf-96a7-c00dcd30ed6d c9f99ac86de147298ce9d79770dfef8a d3f3543d587049db9fd944afc996dfa5 - - default default] No more DHCP agents
2026-05-15 02:03:49.660 8 WARNING neutron.api.rpc.agentnotifiers.dhcp_rpc_agent_api [None req-74d4e391-9a1e-47bf-96a7-c00dcd30ed6d c9f99ac86de147298ce9d79770dfef8a d3f3543d587049db9fd944afc996dfa5 - - default default] Unable to schedule network 657f6e4b-1d29-4c5d-bcc4-d4aa107a11eb: no agents available; will retry on subsequent port and subnet creation events. [pid: 7|app: 0|req: 1142/2230] 10.0.0.170 () {32 vars in 740 bytes} [Fri May 15 02:03:49 2026] DELETE /v2.0/security-groups/c87642ab-59c2-4ad9-bd99-8f566d01b654 => generated 0 bytes in 179 msecs (HTTP/1.1 204) 2 headers in 112 bytes (1 switches on core 0)
2026-05-15 02:03:49.728 8 INFO neutron.plugins.ml2.drivers.ovn.mech_driver.mech_driver [None req-5419c2ec-2c96-42b4-affe-b93bc59d0e42 - - - - - -] OVN reports status down for port: 083c286e-a1fe-4b3a-8a26-b76811ac7108
2026-05-15 02:03:49.797 8 INFO neutron.db.ovn_revision_numbers_db [None req-74d4e391-9a1e-47bf-96a7-c00dcd30ed6d c9f99ac86de147298ce9d79770dfef8a d3f3543d587049db9fd944afc996dfa5 - - default default] Successfully bumped revision number for resource 083c286e-a1fe-4b3a-8a26-b76811ac7108 (type: ports) to 1 [pid: 8|app: 0|req: 1089/2231] 10.0.0.170 () {34 vars in 670 bytes} [Fri May 15 02:03:49 2026] POST /v2.0/networks => generated 676 bytes in 576 msecs (HTTP/1.1 201) 4 headers in 162 bytes (1 switches on core 0)
2026-05-15 02:03:49.873 8 INFO neutron.notifiers.nova [-] Nova event matching ['req-492d38fb-974e-422d-9bf0-f32f15695967'] response: {'server_uuid': 'ff7137b3-2fb7-44bf-96f5-d3694f8f7ecb', 'name': 'network-vif-plugged', 'status': 'completed', 'tag': '1d96a0a7-4351-4750-80c2-e70b5f9f6948', 'code': 200}
2026-05-15 02:03:49.873 8 INFO neutron.notifiers.nova [-] Nova event matching ['req-492d38fb-974e-422d-9bf0-f32f15695967'] response: {'server_uuid': 'ff7137b3-2fb7-44bf-96f5-d3694f8f7ecb', 'name': 'network-vif-plugged', 'status': 'completed', 'tag': '1d96a0a7-4351-4750-80c2-e70b5f9f6948', 'code': 200}
2026-05-15 02:03:50.016 7 WARNING neutron.scheduler.dhcp_agent_scheduler [None req-8c76fc55-5cea-497f-9a59-4d05cf28eb83 c9f99ac86de147298ce9d79770dfef8a d3f3543d587049db9fd944afc996dfa5 - - default default] No more DHCP agents
2026-05-15 02:03:50.017 7 WARNING neutron.api.rpc.agentnotifiers.dhcp_rpc_agent_api [None req-8c76fc55-5cea-497f-9a59-4d05cf28eb83 c9f99ac86de147298ce9d79770dfef8a d3f3543d587049db9fd944afc996dfa5 - - default default] Unable to schedule network 657f6e4b-1d29-4c5d-bcc4-d4aa107a11eb: no agents available; will retry on subsequent port and subnet creation events. [pid: 8|app: 0|req: 1090/2232] 10.0.0.46 () {34 vars in 989 bytes} [Fri May 15 02:03:50 2026] GET /v2.0/ports?device_id=ff7137b3-2fb7-44bf-96f5-d3694f8f7ecb => generated 971 bytes in 92 msecs (HTTP/1.1 200) 4 headers in 157 bytes (1 switches on core 0) [pid: 8|app: 0|req: 1091/2233] 10.0.0.46 () {34 vars in 989 bytes} [Fri May 15 02:03:50 2026] GET /v2.0/ports?device_id=67a50e2c-6aff-4a93-91b8-89a05f2ece32 => generated 12 bytes in 16 msecs (HTTP/1.1 200) 4 headers in 156 bytes (1 switches on core 0)
2026-05-15 02:03:50.488 7 INFO neutron.db.ovn_revision_numbers_db [None req-8c76fc55-5cea-497f-9a59-4d05cf28eb83 c9f99ac86de147298ce9d79770dfef8a d3f3543d587049db9fd944afc996dfa5 - - default default] Successfully bumped revision number for resource 083c286e-a1fe-4b3a-8a26-b76811ac7108 (type: ports) to 2 [pid: 8|app: 0|req: 1092/2234] 10.0.0.46 () {34 vars in 1039 bytes} [Fri May 15 02:03:50 2026] GET /v2.0/security-groups?id=79c75cd3-16de-4d11-ab70-911555af968c&fields=id&fields=name => generated 114 bytes in 61 msecs (HTTP/1.1 200) 4 headers in 157 bytes (1 switches on core 0)
2026-05-15 02:03:50.521 7 INFO neutron.db.ovn_revision_numbers_db [None req-8c76fc55-5cea-497f-9a59-4d05cf28eb83 c9f99ac86de147298ce9d79770dfef8a d3f3543d587049db9fd944afc996dfa5 - - default default] Successfully bumped revision number for resource 6a341ef3-5703-4979-8ef9-fa496ac28a85 (type: subnets) to 0 [pid: 7|app: 0|req: 1143/2235] 10.0.0.170 () {34 vars in 669 bytes} [Fri May 15 02:03:49 2026] POST /v2.0/subnets => generated 656 bytes in 704 msecs (HTTP/1.1 201) 4 headers in 162 bytes (1 switches on core 0)
2026-05-15 02:03:50.795 8 WARNING neutron.scheduler.dhcp_agent_scheduler [None req-3ab777df-0861-407f-9239-36be2675f007 c9f99ac86de147298ce9d79770dfef8a d3f3543d587049db9fd944afc996dfa5 - - default default] No more DHCP agents
2026-05-15 02:03:50.797 8 WARNING neutron.api.rpc.agentnotifiers.dhcp_rpc_agent_api [None req-3ab777df-0861-407f-9239-36be2675f007 c9f99ac86de147298ce9d79770dfef8a d3f3543d587049db9fd944afc996dfa5 - - default default] Unable to schedule network 657f6e4b-1d29-4c5d-bcc4-d4aa107a11eb: no agents available; will retry on subsequent port and subnet creation events.
2026-05-15 02:03:50.835 8 INFO neutron.db.ovn_revision_numbers_db [None req-3ab777df-0861-407f-9239-36be2675f007 c9f99ac86de147298ce9d79770dfef8a d3f3543d587049db9fd944afc996dfa5 - - default default] Successfully bumped revision number for resource 51b40124-fd15-409a-a200-01efb7f1af3e (type: subnets) to 0 [pid: 8|app: 0|req: 1093/2236] 10.0.0.170 () {34 vars in 669 bytes} [Fri May 15 02:03:50 2026] POST /v2.0/subnets => generated 725 bytes in 309 msecs (HTTP/1.1 201) 4 headers in 162 bytes (1 switches on core 0)
2026-05-15 02:03:50.959 7 INFO neutron.db.segments_db [None req-1bfac705-fabe-4481-add4-e2aa4cd7ece9 c9f99ac86de147298ce9d79770dfef8a d3f3543d587049db9fd944afc996dfa5 - - default default] Added segment c7520f36-59c0-43d6-a723-d9b2fbd424db of type geneve for network 2d6860cb-65f1-4463-a965-788cd27e5c09
2026-05-15 02:03:51.073 7 INFO neutron.db.ovn_revision_numbers_db [None req-1bfac705-fabe-4481-add4-e2aa4cd7ece9 c9f99ac86de147298ce9d79770dfef8a d3f3543d587049db9fd944afc996dfa5 - - default default] Successfully bumped revision number for resource 2d6860cb-65f1-4463-a965-788cd27e5c09 (type: networks) to 1
2026-05-15 02:03:51.240 7 WARNING neutron.scheduler.dhcp_agent_scheduler [None req-1bfac705-fabe-4481-add4-e2aa4cd7ece9 c9f99ac86de147298ce9d79770dfef8a d3f3543d587049db9fd944afc996dfa5 - - default default] No more DHCP agents
2026-05-15 02:03:51.242 7 WARNING neutron.api.rpc.agentnotifiers.dhcp_rpc_agent_api [None req-1bfac705-fabe-4481-add4-e2aa4cd7ece9 c9f99ac86de147298ce9d79770dfef8a d3f3543d587049db9fd944afc996dfa5 - - default default] Unable to schedule network 2d6860cb-65f1-4463-a965-788cd27e5c09: no agents available; will retry on subsequent port and subnet creation events.
2026-05-15 02:03:51.302 7 INFO neutron.plugins.ml2.drivers.ovn.mech_driver.mech_driver [None req-f3877b5e-1ab9-4b79-b3d4-6d0c25743997 - - - - - -] OVN reports status down for port: 187371a2-ff40-4dae-a072-57a9cb9107e1 [pid: 8|app: 0|req: 1094/2237] 199.204.45.235 () {34 vars in 986 bytes} [Fri May 15 02:03:51 2026] GET /v2.0/networks?id=fde28e82-9cec-4517-a493-28a645cb433d => generated 710 bytes in 74 msecs (HTTP/1.1 200) 4 headers in 157 bytes (1 switches on core 0)
2026-05-15 02:03:51.331 8 WARNING neutron.db.securitygroups_db [req-cfb6b9d5-cdb8-4aa5-8072-a63d58e72f63 req-4d8c7068-c4a2-45da-be49-269ab2c01f5b b23b6a02c8ec4a0a8b3fbd6cbb3ea8d3 6930af89af784f81ac91d822f71f840c - - default default] project_id key not found in filters, using tenant_id instead. This support has been deprecated and will be removed in a future release.
2026-05-15 02:03:51.363 7 INFO neutron.db.ovn_revision_numbers_db [None req-1bfac705-fabe-4481-add4-e2aa4cd7ece9 c9f99ac86de147298ce9d79770dfef8a d3f3543d587049db9fd944afc996dfa5 - - default default] Successfully bumped revision number for resource 187371a2-ff40-4dae-a072-57a9cb9107e1 (type: ports) to 1 [pid: 8|app: 0|req: 1095/2238] 199.204.45.235 () {34 vars in 1050 bytes} [Fri May 15 02:03:51 2026] GET /v2.0/security-groups?fields=id&fields=name&tenant_id=6930af89af784f81ac91d822f71f840c => generated 273 bytes in 42 msecs (HTTP/1.1 200) 4 headers in 157 bytes (1 switches on core 0) [pid: 7|app: 0|req: 1144/2239] 10.0.0.170 () {34 vars in 670 bytes} [Fri May 15 02:03:50 2026] POST /v2.0/networks => generated 676 bytes in 539 msecs (HTTP/1.1 201) 4 headers in 162 bytes (1 switches on core 0)
2026-05-15 02:03:51.625 7 WARNING neutron.scheduler.dhcp_agent_scheduler [None req-f9bb8841-85fb-4c1d-8cbf-0e5d64d973bb c9f99ac86de147298ce9d79770dfef8a d3f3543d587049db9fd944afc996dfa5 - - default default] No more DHCP agents
2026-05-15 02:03:51.627 7 WARNING neutron.api.rpc.agentnotifiers.dhcp_rpc_agent_api [None req-f9bb8841-85fb-4c1d-8cbf-0e5d64d973bb c9f99ac86de147298ce9d79770dfef8a d3f3543d587049db9fd944afc996dfa5 - - default default] Unable to schedule network 2d6860cb-65f1-4463-a965-788cd27e5c09: no agents available; will retry on subsequent port and subnet creation events.
2026-05-15 02:03:51.677 8 WARNING neutron.scheduler.dhcp_agent_scheduler [req-cfb6b9d5-cdb8-4aa5-8072-a63d58e72f63 req-adbbc8e4-877a-47d1-9d13-9ffde8150d29 b23b6a02c8ec4a0a8b3fbd6cbb3ea8d3 6930af89af784f81ac91d822f71f840c - - default default] No more DHCP agents
2026-05-15 02:03:51.680 8 WARNING neutron.api.rpc.agentnotifiers.dhcp_rpc_agent_api [req-cfb6b9d5-cdb8-4aa5-8072-a63d58e72f63 req-adbbc8e4-877a-47d1-9d13-9ffde8150d29 b23b6a02c8ec4a0a8b3fbd6cbb3ea8d3 6930af89af784f81ac91d822f71f840c - - default default] Unable to schedule network fde28e82-9cec-4517-a493-28a645cb433d: no agents available; will retry on subsequent port and subnet creation events.
2026-05-15 02:03:51.850 8 INFO neutron.plugins.ml2.drivers.ovn.mech_driver.mech_driver [None req-5419c2ec-2c96-42b4-affe-b93bc59d0e42 - - - - - -] OVN reports status down for port: 0d0b9db9-2402-4be7-afec-0cc96b70638c
2026-05-15 02:03:51.921 8 INFO neutron.db.ovn_revision_numbers_db [req-cfb6b9d5-cdb8-4aa5-8072-a63d58e72f63 req-adbbc8e4-877a-47d1-9d13-9ffde8150d29 b23b6a02c8ec4a0a8b3fbd6cbb3ea8d3 6930af89af784f81ac91d822f71f840c - - default default] Successfully bumped revision number for resource 0d0b9db9-2402-4be7-afec-0cc96b70638c (type: ports) to 1 [pid: 8|app: 0|req: 1096/2240] 199.204.45.235 () {38 vars in 955 bytes} [Fri May 15 02:03:51 2026] POST /v2.0/ports => generated 993 bytes in 631 msecs (HTTP/1.1 201) 4 headers in 162 bytes (1 switches on core 0) /var/lib/openstack/lib/python3.12/site-packages/pycadf/identifier.py:70: UserWarning: Invalid uuid: neutron. To ensure interoperability, identifiers should be a valid uuid. warnings.warn(('Invalid uuid: %s. To ensure interoperability, ' [pid: 8|app: 0|req: 1097/2241] 10.0.0.46 () {34 vars in 989 bytes} [Fri May 15 02:03:52 2026] GET /v2.0/ports?device_id=67a50e2c-6aff-4a93-91b8-89a05f2ece32 => generated 996 bytes in 32 msecs (HTTP/1.1 200) 4 headers in 157 bytes (1 switches on core 0) [pid: 8|app: 0|req: 1098/2242] 10.0.0.46 () {34 vars in 989 bytes} [Fri May 15 02:03:52 2026] GET /v2.0/ports?device_id=ff7137b3-2fb7-44bf-96f5-d3694f8f7ecb => generated 971 bytes in 29 msecs (HTTP/1.1 200) 4 headers in 157 bytes (1 switches on core 0)
2026-05-15 02:03:52.180 7 INFO neutron.db.ovn_revision_numbers_db [None req-f9bb8841-85fb-4c1d-8cbf-0e5d64d973bb c9f99ac86de147298ce9d79770dfef8a d3f3543d587049db9fd944afc996dfa5 - - default default] Successfully bumped revision number for resource 187371a2-ff40-4dae-a072-57a9cb9107e1 (type: ports) to 2
2026-05-15 02:03:52.221 7 INFO neutron.db.ovn_revision_numbers_db [None req-f9bb8841-85fb-4c1d-8cbf-0e5d64d973bb c9f99ac86de147298ce9d79770dfef8a d3f3543d587049db9fd944afc996dfa5 - - default default] Successfully bumped revision number for resource aa63e0e5-b6cf-4873-89b4-fd1010d8a023 (type: subnets) to 0 [pid: 7|app: 0|req: 1145/2243] 10.0.0.170 () {34 vars in 669 bytes} [Fri May 15 02:03:51 2026] POST /v2.0/subnets => generated 654 bytes in 831 msecs (HTTP/1.1 201) 4 headers in 162 bytes (1 switches on core 0) [pid: 7|app: 0|req: 1146/2244] 10.0.0.46 () {34 vars in 1119 bytes} [Fri May 15 02:03:52 2026] GET /v2.0/security-groups?id=62d6a8be-c004-4b6e-8412-044ab26a6cc1&id=5d511c90-8d9c-4e5c-9745-680fa151073f&fields=id&fields=name => generated 206 bytes in 48 msecs (HTTP/1.1 200) 4 headers in 157 bytes (1 switches on core 0) [pid: 7|app: 0|req: 1147/2245] 10.0.0.46 () {34 vars in 1039 bytes} [Fri May 15 02:03:52 2026] GET /v2.0/security-groups?id=79c75cd3-16de-4d11-ab70-911555af968c&fields=id&fields=name => generated 114 bytes in 28 msecs (HTTP/1.1 200) 4 headers in 157 bytes (1 switches on core 0)
2026-05-15 02:03:52.454 8 INFO neutron.db.ovn_revision_numbers_db [req-cfb6b9d5-cdb8-4aa5-8072-a63d58e72f63 req-87593672-6e68-4c0a-a693-f0f3d775a622 28fa80a217b446218e9700622760411a 2c8e7681c7a54f8c9cd1b1cbf6370739 - - 04c3ea0177d4477c85ded9376c73d7b3 04c3ea0177d4477c85ded9376c73d7b3] Successfully bumped revision number for resource 0d0b9db9-2402-4be7-afec-0cc96b70638c (type: ports) to 2
