2026-05-15 02:05:01.031 8 INFO neutron.services.segments.plugin [-] Segment 30dbb8eb-d7c7-42e5-b6c3-5f2aef7fda0c resource provider not found; error: Placement Client Error (4xx): {"errors": [{"status": 404, "title": "Not Found", "detail": "The resource could not be found.\n\n No resource provider with uuid 30dbb8eb-d7c7-42e5-b6c3-5f2aef7fda0c found for delete ", "request_id": "req-11a367ee-b37c-4f90-88dc-7b28d58ec15d"}]} [pid: 8|app: 0|req: 1312/2703] 10.0.0.170 () {32 vars in 726 bytes} [Fri May 15 02:05:00 2026] DELETE /v2.0/networks/13fa46cb-b4db-4384-8ff6-8225881accb2 => generated 0 bytes in 407 msecs (HTTP/1.1 204) 3 headers in 131 bytes (1 switches on core 0)
2026-05-15 02:05:01.203 7 INFO neutron_taas.services.taas.taas_plugin [None req-5b8bfbbe-ba9f-414e-9207-dd4772f40767 ac2f3a7818234d1d82f21f88a427f440 5404ae0be0ca4702a1924e6fe451f5d8 - - default default] TaaS: Handle Delete Port: ac666bb3-917e-4bc3-be3a-85f85f737815
2026-05-15 02:05:01.206 7 INFO neutron_taas.services.taas.tap_mirror_plugin [None req-5b8bfbbe-ba9f-414e-9207-dd4772f40767 ac2f3a7818234d1d82f21f88a427f440 5404ae0be0ca4702a1924e6fe451f5d8 - - default default] Tap Mirror: Handle Delete Port: ac666bb3-917e-4bc3-be3a-85f85f737815
2026-05-15 02:05:01.359 8 WARNING neutron.db.securitygroups_db [None req-49eb8e0f-3bf6-40dd-ba63-293e1b2bba33 cac3d85d95d8416b83c337f544425ca7 88cb37c210d14db39afc497fe68080f9 - - default default] project_id key not found in filters, using tenant_id instead. This support has been deprecated and will be removed in a future release. [pid: 7|app: 0|req: 1392/2704] 10.0.0.170 () {32 vars in 726 bytes} [Fri May 15 02:05:01 2026] DELETE /v2.0/networks/31598428-1f64-45ba-9687-12f68d56a328 => generated 0 bytes in 397 msecs (HTTP/1.1 204) 3 headers in 131 bytes (1 switches on core 0)
2026-05-15 02:05:01.518 8 INFO neutron.db.ovn_revision_numbers_db [None req-49eb8e0f-3bf6-40dd-ba63-293e1b2bba33 cac3d85d95d8416b83c337f544425ca7 88cb37c210d14db39afc497fe68080f9 - - default default] Successfully bumped revision number for resource 14b45512-d8d7-49dc-b954-913ed03e415a (type: security_groups) to 1
2026-05-15 02:05:01.535 8 INFO neutron.db.ovn_revision_numbers_db [None req-49eb8e0f-3bf6-40dd-ba63-293e1b2bba33 cac3d85d95d8416b83c337f544425ca7 88cb37c210d14db39afc497fe68080f9 - - default default] Successfully bumped revision number for resource 01ad50bb-01df-4dbc-a7a3-0140c57f6838 (type: security_group_rules) to 0
2026-05-15 02:05:01.553 8 INFO neutron.db.ovn_revision_numbers_db [None req-49eb8e0f-3bf6-40dd-ba63-293e1b2bba33 cac3d85d95d8416b83c337f544425ca7 88cb37c210d14db39afc497fe68080f9 - - default default] Successfully bumped revision number for resource 89d4ce4e-228e-4dee-8336-a47c0b388b65 (type: security_group_rules) to 0
2026-05-15 02:05:01.570 8 INFO neutron.db.ovn_revision_numbers_db [None req-49eb8e0f-3bf6-40dd-ba63-293e1b2bba33 cac3d85d95d8416b83c337f544425ca7 88cb37c210d14db39afc497fe68080f9 - - default default] Successfully bumped revision number for resource b54154f4-538e-4fbd-a6e5-d058f9af910e (type: security_group_rules) to 0
2026-05-15 02:05:01.582 8 INFO neutron.db.ovn_revision_numbers_db [None req-49eb8e0f-3bf6-40dd-ba63-293e1b2bba33 cac3d85d95d8416b83c337f544425ca7 88cb37c210d14db39afc497fe68080f9 - - default default] Successfully bumped revision number for resource c9d5f802-a4d6-4e74-8427-5f3581382ae2 (type: security_group_rules) to 0
2026-05-15 02:05:01.627 7 INFO neutron_taas.services.taas.taas_plugin [None req-5ff261f3-113c-41c0-876d-8b7d9218dba3 ac2f3a7818234d1d82f21f88a427f440 5404ae0be0ca4702a1924e6fe451f5d8 - - default default] TaaS: Handle Delete Port: 1a8e7085-9f99-44ab-bbe2-80211b1d6cdc
2026-05-15 02:05:01.630 7 INFO neutron_taas.services.taas.tap_mirror_plugin [None req-5ff261f3-113c-41c0-876d-8b7d9218dba3 ac2f3a7818234d1d82f21f88a427f440 5404ae0be0ca4702a1924e6fe451f5d8 - - default default] Tap Mirror: Handle Delete Port: 1a8e7085-9f99-44ab-bbe2-80211b1d6cdc [pid: 8|app: 0|req: 1313/2705] 10.0.0.170 () {32 vars in 774 bytes} [Fri May 15 02:05:01 2026] GET /v2.0/security-groups?tenant_id=052024d08ad94e7aa2fc7f5fec037fd7&name=default => generated 2929 bytes in 460 msecs (HTTP/1.1 200) 4 headers in 158 bytes (1 switches on core 0) [pid: 8|app: 0|req: 1314/2706] 10.0.0.170 () {32 vars in 740 bytes} [Fri May 15 02:05:01 2026] DELETE /v2.0/security-groups/14b45512-d8d7-49dc-b954-913ed03e415a => generated 0 bytes in 203 msecs (HTTP/1.1 204) 2 headers in 112 bytes (1 switches on core 0) [pid: 7|app: 0|req: 1393/2707] 10.0.0.170 () {32 vars in 726 bytes} [Fri May 15 02:05:01 2026] DELETE /v2.0/networks/1506c4cf-115c-4036-aacb-efec888ccc87 => generated 0 bytes in 388 msecs (HTTP/1.1 204) 3 headers in 131 bytes (1 switches on core 0)
2026-05-15 02:05:01.939 8 WARNING neutron.db.securitygroups_db [None req-842812c4-2c3a-467f-bb4b-995a1e7eea96 cac3d85d95d8416b83c337f544425ca7 88cb37c210d14db39afc497fe68080f9 - - default default] project_id key not found in filters, using tenant_id instead. This support has been deprecated and will be removed in a future release.
2026-05-15 02:05:02.076 8 INFO neutron.db.ovn_revision_numbers_db [None req-842812c4-2c3a-467f-bb4b-995a1e7eea96 cac3d85d95d8416b83c337f544425ca7 88cb37c210d14db39afc497fe68080f9 - - default default] Successfully bumped revision number for resource 4b6ce1aa-b77e-4d8e-98e5-25e7db8e72f3 (type: security_groups) to 1
2026-05-15 02:05:02.090 8 INFO neutron.db.ovn_revision_numbers_db [None req-842812c4-2c3a-467f-bb4b-995a1e7eea96 cac3d85d95d8416b83c337f544425ca7 88cb37c210d14db39afc497fe68080f9 - - default default] Successfully bumped revision number for resource 3ef91c54-520d-4e1c-8918-b8db08d65d83 (type: security_group_rules) to 0
2026-05-15 02:05:02.103 8 INFO neutron.db.ovn_revision_numbers_db [None req-842812c4-2c3a-467f-bb4b-995a1e7eea96 cac3d85d95d8416b83c337f544425ca7 88cb37c210d14db39afc497fe68080f9 - - default default] Successfully bumped revision number for resource 8b61718a-3a86-4d7e-af9a-47f0dc98a189 (type: security_group_rules) to 0
2026-05-15 02:05:02.115 8 INFO neutron.db.ovn_revision_numbers_db [None req-842812c4-2c3a-467f-bb4b-995a1e7eea96 cac3d85d95d8416b83c337f544425ca7 88cb37c210d14db39afc497fe68080f9 - - default default] Successfully bumped revision number for resource cf250cb2-4bb7-44f7-9b6a-c9e238296c14 (type: security_group_rules) to 0
2026-05-15 02:05:02.130 8 INFO neutron.db.ovn_revision_numbers_db [None req-842812c4-2c3a-467f-bb4b-995a1e7eea96 cac3d85d95d8416b83c337f544425ca7 88cb37c210d14db39afc497fe68080f9 - - default default] Successfully bumped revision number for resource fe4c74cb-aea8-452d-8383-b77cb2e8577f (type: security_group_rules) to 0 [pid: 8|app: 0|req: 1315/2708] 10.0.0.170 () {32 vars in 774 bytes} [Fri May 15 02:05:01 2026] GET /v2.0/security-groups?tenant_id=3b744786881c450b86eaa6da5e9bd0e4&name=default => generated 2929 bytes in 237 msecs (HTTP/1.1 200) 4 headers in 158 bytes (1 switches on core 0)
2026-05-15 02:05:02.227 7 INFO neutron.services.segments.plugin [-] Segment fc9cc46f-994d-46a8-8566-90fdeff29c9f resource provider aggregate not found
2026-05-15 02:05:02.234 7 INFO neutron.services.segments.plugin [-] Segment fc9cc46f-994d-46a8-8566-90fdeff29c9f resource provider aggregate not found
2026-05-15 02:05:02.253 7 INFO neutron.services.segments.plugin [-] Segment fc9cc46f-994d-46a8-8566-90fdeff29c9f resource provider not found; error: Placement Client Error (4xx): {"errors": [{"status": 404, "title": "Not Found", "detail": "The resource could not be found.\n\n No resource provider with uuid fc9cc46f-994d-46a8-8566-90fdeff29c9f found for delete ", "request_id": "req-4fd408f3-32ab-4b47-9a8f-08837547990b"}]}
2026-05-15 02:05:02.262 7 INFO neutron.services.segments.plugin [-] Segment fc9cc46f-994d-46a8-8566-90fdeff29c9f resource provider not found; error: Placement Client Error (4xx): {"errors": [{"status": 404, "title": "Not Found", "detail": "The resource could not be found.\n\n No resource provider with uuid fc9cc46f-994d-46a8-8566-90fdeff29c9f found for delete ", "request_id": "req-3d01d708-d8b1-4f73-876d-6c3f09bf5fc7"}]}
2026-05-15 02:05:02.275 7 INFO neutron.services.segments.plugin [-] Segment b5025d38-8341-4122-96b8-ded0fec42109 resource provider aggregate not found
2026-05-15 02:05:02.284 7 INFO neutron.services.segments.plugin [-] Segment b5025d38-8341-4122-96b8-ded0fec42109 resource provider aggregate not found
2026-05-15 02:05:02.297 7 INFO neutron.services.segments.plugin [-] Segment b5025d38-8341-4122-96b8-ded0fec42109 resource provider not found; error: Placement Client Error (4xx): {"errors": [{"status": 404, "title": "Not Found", "detail": "The resource could not be found.\n\n No resource provider with uuid b5025d38-8341-4122-96b8-ded0fec42109 found for delete ", "request_id": "req-f8221cbc-800a-445d-9cb5-e73237acee79"}]}
2026-05-15 02:05:02.303 7 INFO neutron.services.segments.plugin [-] Segment b5025d38-8341-4122-96b8-ded0fec42109 resource provider not found; error: Placement Client Error (4xx): {"errors": [{"status": 404, "title": "Not Found", "detail": "The resource could not be found.\n\n No resource provider with uuid b5025d38-8341-4122-96b8-ded0fec42109 found for delete ", "request_id": "req-360aa801-12a5-446a-b738-dc60e6bae596"}]}
2026-05-15 02:05:02.348 7 INFO neutron.services.segments.plugin [-] Segment e55c1a22-b317-4231-a961-431fa5e034f7 resource provider aggregate not found
2026-05-15 02:05:02.356 7 INFO neutron.services.segments.plugin [-] Segment e55c1a22-b317-4231-a961-431fa5e034f7 resource provider aggregate not found
2026-05-15 02:05:02.372 7 INFO neutron.services.segments.plugin [-] Segment e55c1a22-b317-4231-a961-431fa5e034f7 resource provider not found; error: Placement Client Error (4xx): {"errors": [{"status": 404, "title": "Not Found", "detail": "The resource could not be found.\n\n No resource provider with uuid e55c1a22-b317-4231-a961-431fa5e034f7 found for delete ", "request_id": "req-d531cfef-b162-4893-a109-44c25fda983f"}]}
2026-05-15 02:05:02.374 7 INFO neutron.services.segments.plugin [-] Segment e55c1a22-b317-4231-a961-431fa5e034f7 resource provider not found; error: Placement Client Error (4xx): {"errors": [{"status": 404, "title": "Not Found", "detail": "The resource could not be found.\n\n No resource provider with uuid e55c1a22-b317-4231-a961-431fa5e034f7 found for delete ", "request_id": "req-fde82a13-f236-442e-b72a-d569dba03eb4"}]} [pid: 7|app: 0|req: 1394/2709] 10.0.0.170 () {32 vars in 740 bytes} [Fri May 15 02:05:02 2026] DELETE /v2.0/security-groups/4b6ce1aa-b77e-4d8e-98e5-25e7db8e72f3 => generated 0 bytes in 251 msecs (HTTP/1.1 204) 2 headers in 112 bytes (1 switches on core 0)
2026-05-15 02:05:02.612 8 WARNING neutron.db.securitygroups_db [None req-7bce2da7-a201-4af1-8335-356e577e08bc cac3d85d95d8416b83c337f544425ca7 88cb37c210d14db39afc497fe68080f9 - - default default] project_id key not found in filters, using tenant_id instead. This support has been deprecated and will be removed in a future release. [pid: 8|app: 0|req: 1316/2710] 10.0.0.170 () {32 vars in 774 bytes} [Fri May 15 02:05:02 2026] GET /v2.0/security-groups?tenant_id=e4678895e66b4fba961edb72a3b21771&name=default => generated 2929 bytes in 28 msecs (HTTP/1.1 200) 4 headers in 158 bytes (1 switches on core 0) [pid: 7|app: 0|req: 1395/2711] 10.0.0.170 () {32 vars in 740 bytes} [Fri May 15 02:05:02 2026] DELETE /v2.0/security-groups/352701c5-6314-492f-aa56-3c0baf44de60 => generated 0 bytes in 183 msecs (HTTP/1.1 204) 2 headers in 112 bytes (1 switches on core 0)
2026-05-15 02:05:02.895 8 WARNING neutron.db.securitygroups_db [None req-af05e569-9110-427d-8ef4-974a5df4a732 cac3d85d95d8416b83c337f544425ca7 88cb37c210d14db39afc497fe68080f9 - - default default] project_id key not found in filters, using tenant_id instead. This support has been deprecated and will be removed in a future release. [pid: 8|app: 0|req: 1317/2714] 10.0.0.170 () {32 vars in 774 bytes} [Fri May 15 02:05:02 2026] GET /v2.0/security-groups?tenant_id=5404ae0be0ca4702a1924e6fe451f5d8&name=default => generated 2925 bytes in 197 msecs (HTTP/1.1 200) 4 headers in 158 bytes (1 switches on core 0) [pid: 7|app: 0|req: 1398/2715] 10.0.0.170 () {32 vars in 740 bytes} [Fri May 15 02:05:02 2026] DELETE /v2.0/security-groups/6e415922-d023-4164-bd66-35df15bf14f7 => generated 0 bytes in 160 msecs (HTTP/1.1 204) 2 headers in 112 bytes (1 switches on core 0)
2026-05-15 02:05:03.230 8 WARNING neutron.db.securitygroups_db [None req-f654fe2d-36d0-4385-b478-bc7e657fdcea cac3d85d95d8416b83c337f544425ca7 88cb37c210d14db39afc497fe68080f9 - - default default] project_id key not found in filters, using tenant_id instead. This support has been deprecated and will be removed in a future release.
2026-05-15 02:05:03.364 8 INFO neutron.db.ovn_revision_numbers_db [None req-f654fe2d-36d0-4385-b478-bc7e657fdcea cac3d85d95d8416b83c337f544425ca7 88cb37c210d14db39afc497fe68080f9 - - default default] Successfully bumped revision number for resource 0267606b-8102-4bef-bf14-b401a09d455a (type: security_groups) to 1
2026-05-15 02:05:03.378 8 INFO neutron.db.ovn_revision_numbers_db [None req-f654fe2d-36d0-4385-b478-bc7e657fdcea cac3d85d95d8416b83c337f544425ca7 88cb37c210d14db39afc497fe68080f9 - - default default] Successfully bumped revision number for resource 6b29d1f3-9b3e-4d73-9832-349a9c10339d (type: security_group_rules) to 0
2026-05-15 02:05:03.393 8 INFO neutron.db.ovn_revision_numbers_db [None req-f654fe2d-36d0-4385-b478-bc7e657fdcea cac3d85d95d8416b83c337f544425ca7 88cb37c210d14db39afc497fe68080f9 - - default default] Successfully bumped revision number for resource cfe952aa-c2b1-4cc2-8525-40615e196867 (type: security_group_rules) to 0
2026-05-15 02:05:03.410 8 INFO neutron.db.ovn_revision_numbers_db [None req-f654fe2d-36d0-4385-b478-bc7e657fdcea cac3d85d95d8416b83c337f544425ca7 88cb37c210d14db39afc497fe68080f9 - - default default] Successfully bumped revision number for resource d139b8f2-d620-4409-b77b-81f8c0e54df1 (type: security_group_rules) to 0
2026-05-15 02:05:03.430 8 INFO neutron.db.ovn_revision_numbers_db [None req-f654fe2d-36d0-4385-b478-bc7e657fdcea cac3d85d95d8416b83c337f544425ca7 88cb37c210d14db39afc497fe68080f9 - - default default] Successfully bumped revision number for resource d96c5376-2b36-4487-9eba-967c6c8e06c4 (type: security_group_rules) to 0 [pid: 8|app: 0|req: 1318/2716] 10.0.0.170 () {32 vars in 774 bytes} [Fri May 15 02:05:03 2026] GET /v2.0/security-groups?tenant_id=d7293031017e46908f2fc8a8aa0e1caa&name=default => generated 2929 bytes in 253 msecs (HTTP/1.1 200) 4 headers in 158 bytes (1 switches on core 0) [pid: 7|app: 0|req: 1399/2717] 10.0.0.170 () {32 vars in 740 bytes} [Fri May 15 02:05:03 2026] DELETE /v2.0/security-groups/0267606b-8102-4bef-bf14-b401a09d455a => generated 0 bytes in 220 msecs (HTTP/1.1 204) 2 headers in 112 bytes (1 switches on core 0)
2026-05-15 02:05:03.796 8 WARNING neutron.db.securitygroups_db [None req-f73ee9fa-3f53-4309-83c6-6885dd915dab cac3d85d95d8416b83c337f544425ca7 88cb37c210d14db39afc497fe68080f9 - - default default] project_id key not found in filters, using tenant_id instead. This support has been deprecated and will be removed in a future release.
2026-05-15 02:05:03.925 8 INFO neutron.db.ovn_revision_numbers_db [None req-f73ee9fa-3f53-4309-83c6-6885dd915dab cac3d85d95d8416b83c337f544425ca7 88cb37c210d14db39afc497fe68080f9 - - default default] Successfully bumped revision number for resource d61e8ce4-0292-4e1b-8fa8-e70a81502ef0 (type: security_groups) to 1
2026-05-15 02:05:03.939 8 INFO neutron.db.ovn_revision_numbers_db [None req-f73ee9fa-3f53-4309-83c6-6885dd915dab cac3d85d95d8416b83c337f544425ca7 88cb37c210d14db39afc497fe68080f9 - - default default] Successfully bumped revision number for resource 81c48fc1-3971-4b61-9714-afb82fc1e1c7 (type: security_group_rules) to 0
2026-05-15 02:05:03.949 8 INFO neutron.db.ovn_revision_numbers_db [None req-f73ee9fa-3f53-4309-83c6-6885dd915dab cac3d85d95d8416b83c337f544425ca7 88cb37c210d14db39afc497fe68080f9 - - default default] Successfully bumped revision number for resource 896c2395-6a8e-46da-b726-11b42ef97944 (type: security_group_rules) to 0
2026-05-15 02:05:03.969 8 INFO neutron.db.ovn_revision_numbers_db [None req-f73ee9fa-3f53-4309-83c6-6885dd915dab cac3d85d95d8416b83c337f544425ca7 88cb37c210d14db39afc497fe68080f9 - - default default] Successfully bumped revision number for resource 9640653b-eff5-4ea4-abec-a1424c1e55de (type: security_group_rules) to 0
2026-05-15 02:05:03.996 8 INFO neutron.db.ovn_revision_numbers_db [None req-f73ee9fa-3f53-4309-83c6-6885dd915dab cac3d85d95d8416b83c337f544425ca7 88cb37c210d14db39afc497fe68080f9 - - default default] Successfully bumped revision number for resource bd8fdc33-d57e-4bec-94c5-b9c02596212f (type: security_group_rules) to 0 [pid: 8|app: 0|req: 1319/2718] 10.0.0.170 () {32 vars in 774 bytes} [Fri May 15 02:05:03 2026] GET /v2.0/security-groups?tenant_id=5bffb55c508146daaa8596c5fcd86634&name=default => generated 2929 bytes in 271 msecs (HTTP/1.1 200) 4 headers in 158 bytes (1 switches on core 0) [pid: 8|app: 0|req: 1320/2719] 10.0.0.46 () {34 vars in 1015 bytes} [Fri May 15 02:05:04 2026] GET /v2.0/security-groups?id=e8c49ea4-c7fc-49c4-9bf3-3dd25756a0e4&fields=id => generated 69 bytes in 57 msecs (HTTP/1.1 200) 4 headers in 156 bytes (1 switches on core 0) [pid: 7|app: 0|req: 1400/2720] 10.0.0.170 () {32 vars in 740 bytes} [Fri May 15 02:05:04 2026] DELETE /v2.0/security-groups/d61e8ce4-0292-4e1b-8fa8-e70a81502ef0 => generated 0 bytes in 201 msecs (HTTP/1.1 204) 2 headers in 112 bytes (1 switches on core 0) [pid: 8|app: 0|req: 1321/2721] 10.0.0.46 () {34 vars in 981 bytes} [Fri May 15 02:05:04 2026] GET /v2.0/networks?id=f44d12f2-90f3-4a03-b6f9-ec36b004a0ea => generated 776 bytes in 55 msecs (HTTP/1.1 200) 4 headers in 157 bytes (1 switches on core 0) [pid: 7|app: 0|req: 1401/2722] 10.0.0.46 () {34 vars in 964 bytes} [Fri May 15 02:05:04 2026] GET /v2.0/quotas/88cb37c210d14db39afc497fe68080f9 => generated 291 bytes in 14 msecs (HTTP/1.1 200) 4 headers in 157 bytes (1 switches on core 0) [pid: 8|app: 0|req: 1322/2723] 10.0.0.46 () {34 vars in 1001 bytes} [Fri May 15 02:05:04 2026] GET /v2.0/ports?tenant_id=88cb37c210d14db39afc497fe68080f9&fields=id => generated 149 bytes in 66 msecs (HTTP/1.1 200) 4 headers in 157 bytes (1 switches on core 0) [pid: 7|app: 0|req: 1402/2724] 10.0.0.46 () {34 vars in 1007 bytes} [Fri May 15 02:05:04 2026] GET /v2.0/networks/f44d12f2-90f3-4a03-b6f9-ec36b004a0ea?fields=segments => generated 14 bytes in 50 msecs (HTTP/1.1 200) 4 headers in 156 bytes (1 switches on core 0) [pid: 8|app: 0|req: 1323/2725] 10.0.0.46 () {34 vars in 1107 bytes} [Fri May 15 02:05:04 2026] GET /v2.0/networks/f44d12f2-90f3-4a03-b6f9-ec36b004a0ea?fields=provider%3Aphysical_network&fields=provider%3Anetwork_type => generated 79 bytes in 42 msecs (HTTP/1.1 200) 4 headers in 156 bytes (1 switches on core 0) [pid: 7|app: 0|req: 1403/2726] 10.0.0.46 () {34 vars in 989 bytes} [Fri May 15 02:05:05 2026] GET /v2.0/ports?device_id=64f2870d-9726-4cc7-bcff-2b800a7355ec => generated 12 bytes in 22 msecs (HTTP/1.1 200) 4 headers in 156 bytes (1 switches on core 0) [pid: 8|app: 0|req: 1324/2727] 10.0.0.46 () {34 vars in 989 bytes} [Fri May 15 02:05:05 2026] GET /v2.0/ports?device_id=64f2870d-9726-4cc7-bcff-2b800a7355ec => generated 12 bytes in 19 msecs (HTTP/1.1 200) 4 headers in 156 bytes (1 switches on core 0)
2026-05-15 02:05:07.249 7 INFO neutron.db.ovn_revision_numbers_db [None req-7ce281fd-dc9c-4a6d-8524-53ff8b79b8a4 86d1c816c09c4bd8bd52bc240ffab6f4 2261770cbdd041baa383fae85028e04f - - default default] Successfully bumped revision number for resource d9aa55b1-4332-4c50-aa6f-2711f6e15b0a (type: security_groups) to 1
2026-05-15 02:05:07.262 7 INFO neutron.db.ovn_revision_numbers_db [None req-7ce281fd-dc9c-4a6d-8524-53ff8b79b8a4 86d1c816c09c4bd8bd52bc240ffab6f4 2261770cbdd041baa383fae85028e04f - - default default] Successfully bumped revision number for resource 13b95746-d1c9-44a0-8acc-e92a2fe0b04c (type: security_group_rules) to 0
2026-05-15 02:05:07.276 7 INFO neutron.db.ovn_revision_numbers_db [None req-7ce281fd-dc9c-4a6d-8524-53ff8b79b8a4 86d1c816c09c4bd8bd52bc240ffab6f4 2261770cbdd041baa383fae85028e04f - - default default] Successfully bumped revision number for resource 4052d896-5b70-4eda-a9cf-22a815567a45 (type: security_group_rules) to 0
2026-05-15 02:05:07.290 7 INFO neutron.db.ovn_revision_numbers_db [None req-7ce281fd-dc9c-4a6d-8524-53ff8b79b8a4 86d1c816c09c4bd8bd52bc240ffab6f4 2261770cbdd041baa383fae85028e04f - - default default] Successfully bumped revision number for resource ebcc384c-eae6-4f30-9e26-c5c46d57c618 (type: security_group_rules) to 0
2026-05-15 02:05:07.304 7 INFO neutron.db.ovn_revision_numbers_db [None req-7ce281fd-dc9c-4a6d-8524-53ff8b79b8a4 86d1c816c09c4bd8bd52bc240ffab6f4 2261770cbdd041baa383fae85028e04f - - default default] Successfully bumped revision number for resource ff3e271c-a65b-4ca8-9717-f607cf4b627f (type: security_group_rules) to 0
2026-05-15 02:05:07.394 7 INFO neutron.db.segments_db [None req-7ce281fd-dc9c-4a6d-8524-53ff8b79b8a4 86d1c816c09c4bd8bd52bc240ffab6f4 2261770cbdd041baa383fae85028e04f - - default default] Added segment bd89141c-43ec-47c5-967f-c0d6bed49314 of type geneve for network ec7b86e1-ace7-46b3-a5b0-aabeb56bb270
2026-05-15 02:05:07.526 7 INFO neutron.db.ovn_revision_numbers_db [None req-7ce281fd-dc9c-4a6d-8524-53ff8b79b8a4 86d1c816c09c4bd8bd52bc240ffab6f4 2261770cbdd041baa383fae85028e04f - - default default] Successfully bumped revision number for resource ec7b86e1-ace7-46b3-a5b0-aabeb56bb270 (type: networks) to 1
2026-05-15 02:05:07.757 7 WARNING neutron.scheduler.dhcp_agent_scheduler [None req-7ce281fd-dc9c-4a6d-8524-53ff8b79b8a4 86d1c816c09c4bd8bd52bc240ffab6f4 2261770cbdd041baa383fae85028e04f - - default default] No more DHCP agents
2026-05-15 02:05:07.758 7 WARNING neutron.api.rpc.agentnotifiers.dhcp_rpc_agent_api [None req-7ce281fd-dc9c-4a6d-8524-53ff8b79b8a4 86d1c816c09c4bd8bd52bc240ffab6f4 2261770cbdd041baa383fae85028e04f - - default default] Unable to schedule network ec7b86e1-ace7-46b3-a5b0-aabeb56bb270: no agents available; will retry on subsequent port and subnet creation events.
2026-05-15 02:05:07.807 8 INFO neutron.plugins.ml2.drivers.ovn.mech_driver.mech_driver [None req-f2322964-7574-4b4f-b336-2315587edc89 - - - - - -] OVN reports status down for port: a2f1a3bd-3caa-4360-8b04-3ccbb61aa7d6
2026-05-15 02:05:07.832 7 INFO neutron.db.ovn_revision_numbers_db [None req-7ce281fd-dc9c-4a6d-8524-53ff8b79b8a4 86d1c816c09c4bd8bd52bc240ffab6f4 2261770cbdd041baa383fae85028e04f - - default default] Successfully bumped revision number for resource a2f1a3bd-3caa-4360-8b04-3ccbb61aa7d6 (type: ports) to 1 [pid: 7|app: 0|req: 1404/2728] 10.0.0.170 () {34 vars in 670 bytes} [Fri May 15 02:05:07 2026] POST /v2.0/networks => generated 670 bytes in 835 msecs (HTTP/1.1 201) 4 headers in 162 bytes (1 switches on core 0) [pid: 7|app: 0|req: 1405/2729] 10.0.0.46 () {34 vars in 989 bytes} [Fri May 15 02:05:08 2026] GET /v2.0/ports?device_id=64f2870d-9726-4cc7-bcff-2b800a7355ec => generated 12 bytes in 15 msecs (HTTP/1.1 200) 4 headers in 156 bytes (1 switches on core 0)
2026-05-15 02:05:08.136 8 WARNING neutron.scheduler.dhcp_agent_scheduler [None req-9eef65f9-ba5e-41ae-b4cb-7000442209e4 86d1c816c09c4bd8bd52bc240ffab6f4 2261770cbdd041baa383fae85028e04f - - default default] No more DHCP agents
2026-05-15 02:05:08.138 8 WARNING neutron.api.rpc.agentnotifiers.dhcp_rpc_agent_api [None req-9eef65f9-ba5e-41ae-b4cb-7000442209e4 86d1c816c09c4bd8bd52bc240ffab6f4 2261770cbdd041baa383fae85028e04f - - default default] Unable to schedule network ec7b86e1-ace7-46b3-a5b0-aabeb56bb270: no agents available; will retry on subsequent port and subnet creation events.
2026-05-15 02:05:08.215 8 INFO neutron.plugins.ml2.drivers.ovn.mech_driver.mech_driver [None req-f2322964-7574-4b4f-b336-2315587edc89 - - - - - -] OVN reports status down for port: b7892c01-f84f-4b62-92c9-672c616898b4 [pid: 7|app: 0|req: 1406/2730] 10.0.0.46 () {34 vars in 989 bytes} [Fri May 15 02:05:08 2026] GET /v2.0/ports?device_id=64f2870d-9726-4cc7-bcff-2b800a7355ec => generated 12 bytes in 19 msecs (HTTP/1.1 200) 4 headers in 156 bytes (1 switches on core 0)
2026-05-15 02:05:08.289 8 INFO neutron.db.ovn_revision_numbers_db [None req-9eef65f9-ba5e-41ae-b4cb-7000442209e4 86d1c816c09c4bd8bd52bc240ffab6f4 2261770cbdd041baa383fae85028e04f - - default default] Successfully bumped revision number for resource b7892c01-f84f-4b62-92c9-672c616898b4 (type: ports) to 1 [pid: 8|app: 0|req: 1325/2731] 10.0.0.170 () {34 vars in 664 bytes} [Fri May 15 02:05:07 2026] POST /v2.0/ports => generated 743 bytes in 508 msecs (HTTP/1.1 201) 4 headers in 162 bytes (1 switches on core 0) [pid: 7|app: 0|req: 1407/2732] 10.0.0.170 () {34 vars in 666 bytes} [Fri May 15 02:05:08 2026] POST /v2.0/trunks => generated 409 bytes in 259 msecs (HTTP/1.1 201) 4 headers in 162 bytes (1 switches on core 0) /var/lib/openstack/lib/python3.12/site-packages/pycadf/identifier.py:70: UserWarning: Invalid uuid: neutron. To ensure interoperability, identifiers should be a valid uuid. warnings.warn(('Invalid uuid: %s. To ensure interoperability, '
2026-05-15 02:05:08.738 7 INFO neutron.db.segments_db [None req-053998d5-1978-4330-88d0-5c57996531da 86d1c816c09c4bd8bd52bc240ffab6f4 2261770cbdd041baa383fae85028e04f - - default default] Added segment ce907dbf-fdef-49bf-b47c-fc58bd6e26b3 of type geneve for network 2af84c6f-bf3b-4b31-a1ac-ff5ba4da2445
2026-05-15 02:05:08.829 8 INFO neutron.db.ovn_revision_numbers_db [None req-2c25fcad-bf3a-4ce1-a39f-e39a7f77bb50 0053b18338094d849c1f5667e6b00880 b15e2fe546a54d89b138901ff063e3ae - - default default] Successfully bumped revision number for resource 58a5b213-5d96-4fb4-8e54-8756101a5ba1 (type: routers) to 1 [pid: 8|app: 0|req: 1326/2733] 10.0.0.170 () {34 vars in 668 bytes} [Fri May 15 02:05:08 2026] POST /v2.0/routers => generated 591 bytes in 292 msecs (HTTP/1.1 201) 4 headers in 162 bytes (1 switches on core 0)
2026-05-15 02:05:08.891 7 INFO neutron.db.ovn_revision_numbers_db [None req-053998d5-1978-4330-88d0-5c57996531da 86d1c816c09c4bd8bd52bc240ffab6f4 2261770cbdd041baa383fae85028e04f - - default default] Successfully bumped revision number for resource 2af84c6f-bf3b-4b31-a1ac-ff5ba4da2445 (type: networks) to 1
2026-05-15 02:05:08.985 8 INFO neutron.db.ovn_revision_numbers_db [None req-1be59d71-68b2-4362-a3e6-de50f66b5b7d 0053b18338094d849c1f5667e6b00880 b15e2fe546a54d89b138901ff063e3ae - - default default] Successfully bumped revision number for resource f90180ff-b2d0-4fbc-9227-2bdd9903a0fb (type: routers) to 1 [pid: 8|app: 0|req: 1327/2734] 10.0.0.170 () {34 vars in 668 bytes} [Fri May 15 02:05:08 2026] POST /v2.0/routers => generated 591 bytes in 159 msecs (HTTP/1.1 201) 4 headers in 162 bytes (1 switches on core 0)
2026-05-15 02:05:09.067 7 WARNING neutron.scheduler.dhcp_agent_scheduler [None req-053998d5-1978-4330-88d0-5c57996531da 86d1c816c09c4bd8bd52bc240ffab6f4 2261770cbdd041baa383fae85028e04f - - default default] No more DHCP agents
2026-05-15 02:05:09.070 7 WARNING neutron.api.rpc.agentnotifiers.dhcp_rpc_agent_api [None req-053998d5-1978-4330-88d0-5c57996531da 86d1c816c09c4bd8bd52bc240ffab6f4 2261770cbdd041baa383fae85028e04f - - default default] Unable to schedule network 2af84c6f-bf3b-4b31-a1ac-ff5ba4da2445: no agents available; will retry on subsequent port and subnet creation events.
2026-05-15 02:05:09.118 7 INFO neutron.plugins.ml2.drivers.ovn.mech_driver.mech_driver [None req-70762e37-e143-475f-976d-659a27d86f87 - - - - - -] OVN reports status down for port: 6973629c-f542-45d0-843e-7d90e9fb49af
2026-05-15 02:05:09.164 8 INFO neutron.db.ovn_revision_numbers_db [None req-f7bc63ca-2de6-4ce5-af45-1dd63804940a 0053b18338094d849c1f5667e6b00880 b15e2fe546a54d89b138901ff063e3ae - - default default] Successfully bumped revision number for resource 2293d29e-b1c2-4eb2-a9cf-e7f47886f9a8 (type: routers) to 1
2026-05-15 02:05:09.190 7 INFO neutron.db.ovn_revision_numbers_db [None req-053998d5-1978-4330-88d0-5c57996531da 86d1c816c09c4bd8bd52bc240ffab6f4 2261770cbdd041baa383fae85028e04f - - default default] Successfully bumped revision number for resource 6973629c-f542-45d0-843e-7d90e9fb49af (type: ports) to 1 [pid: 8|app: 0|req: 1328/2735] 10.0.0.170 () {34 vars in 668 bytes} [Fri May 15 02:05:09 2026] POST /v2.0/routers => generated 591 bytes in 186 msecs (HTTP/1.1 201) 4 headers in 162 bytes (1 switches on core 0) [pid: 7|app: 0|req: 1408/2736] 10.0.0.170 () {34 vars in 670 bytes} [Fri May 15 02:05:08 2026] POST /v2.0/networks => generated 669 bytes in 604 msecs (HTTP/1.1 201) 4 headers in 162 bytes (1 switches on core 0) [pid: 8|app: 0|req: 1329/2737] 199.204.45.235 () {34 vars in 986 bytes} [Fri May 15 02:05:09 2026] GET /v2.0/networks?id=f44d12f2-90f3-4a03-b6f9-ec36b004a0ea => generated 776 bytes in 86 msecs (HTTP/1.1 200) 4 headers in 157 bytes (1 switches on core 0)
2026-05-15 02:05:09.352 7 INFO neutron.db.ovn_revision_numbers_db [None req-99311701-3d46-4001-93ee-2ff3b044485c 0053b18338094d849c1f5667e6b00880 b15e2fe546a54d89b138901ff063e3ae - - default default] Successfully bumped revision number for resource bea029ef-adc3-4a29-803a-c947882dad6d (type: routers) to 1 [pid: 7|app: 0|req: 1409/2738] 10.0.0.170 () {34 vars in 668 bytes} [Fri May 15 02:05:09 2026] POST /v2.0/routers => generated 591 bytes in 125 msecs (HTTP/1.1 201) 4 headers in 162 bytes (1 switches on core 0)
2026-05-15 02:05:09.382 7 WARNING neutron.db.securitygroups_db [req-1b1ea94d-94c8-4336-994c-e9248d4db655 req-290c85ae-b9e6-45b7-a928-ab8b39cc7135 cac3d85d95d8416b83c337f544425ca7 88cb37c210d14db39afc497fe68080f9 - - default default] project_id key not found in filters, using tenant_id instead. This support has been deprecated and will be removed in a future release. [pid: 7|app: 0|req: 1410/2739] 199.204.45.235 () {34 vars in 1050 bytes} [Fri May 15 02:05:09 2026] GET /v2.0/security-groups?fields=id&fields=name&tenant_id=88cb37c210d14db39afc497fe68080f9 => generated 343 bytes in 38 msecs (HTTP/1.1 200) 4 headers in 157 bytes (1 switches on core 0)
2026-05-15 02:05:09.520 7 INFO neutron.db.ovn_revision_numbers_db [None req-afbe78d8-0256-4e31-82c1-c2d7c5f44a17 0053b18338094d849c1f5667e6b00880 b15e2fe546a54d89b138901ff063e3ae - - default default] Successfully bumped revision number for resource 1a8d4a49-faf0-4ed0-b54e-8b58a7c8917f (type: routers) to 1 [pid: 7|app: 0|req: 1411/2740] 10.0.0.170 () {34 vars in 668 bytes} [Fri May 15 02:05:09 2026] POST /v2.0/routers => generated 591 bytes in 123 msecs (HTTP/1.1 201) 4 headers in 162 bytes (1 switches on core 0)
2026-05-15 02:05:09.577 8 WARNING neutron.scheduler.dhcp_agent_scheduler [None req-1b0122ed-2505-47bf-ba5a-4c7697652755 86d1c816c09c4bd8bd52bc240ffab6f4 2261770cbdd041baa383fae85028e04f - - default default] No more DHCP agents
2026-05-15 02:05:09.578 8 WARNING neutron.api.rpc.agentnotifiers.dhcp_rpc_agent_api [None req-1b0122ed-2505-47bf-ba5a-4c7697652755 86d1c816c09c4bd8bd52bc240ffab6f4 2261770cbdd041baa383fae85028e04f - - default default] Unable to schedule network 2af84c6f-bf3b-4b31-a1ac-ff5ba4da2445: no agents available; will retry on subsequent port and subnet creation events.
2026-05-15 02:05:09.634 8 INFO neutron.plugins.ml2.drivers.ovn.mech_driver.mech_driver [None req-f2322964-7574-4b4f-b336-2315587edc89 - - - - - -] OVN reports status down for port: 2683ff8b-4569-4b6c-b329-990bd841f05f
2026-05-15 02:05:09.701 8 INFO neutron.db.ovn_revision_numbers_db [None req-1b0122ed-2505-47bf-ba5a-4c7697652755 86d1c816c09c4bd8bd52bc240ffab6f4 2261770cbdd041baa383fae85028e04f - - default default] Successfully bumped revision number for resource 2683ff8b-4569-4b6c-b329-990bd841f05f (type: ports) to 1 [pid: 8|app: 0|req: 1330/2741] 10.0.0.170 () {34 vars in 664 bytes} [Fri May 15 02:05:09 2026] POST /v2.0/ports => generated 743 bytes in 500 msecs (HTTP/1.1 201) 4 headers in 162 bytes (1 switches on core 0) /var/lib/openstack/lib/python3.12/site-packages/pycadf/identifier.py:70: UserWarning: Invalid uuid: neutron. To ensure interoperability, identifiers should be a valid uuid. warnings.warn(('Invalid uuid: %s. To ensure interoperability, '
2026-05-15 02:05:09.789 7 WARNING neutron.scheduler.dhcp_agent_scheduler [req-1b1ea94d-94c8-4336-994c-e9248d4db655 req-2a92f826-808c-4fe1-ad72-207ea620c1fe cac3d85d95d8416b83c337f544425ca7 88cb37c210d14db39afc497fe68080f9 - - default default] No more DHCP agents
2026-05-15 02:05:09.791 7 WARNING neutron.api.rpc.agentnotifiers.dhcp_rpc_agent_api [req-1b1ea94d-94c8-4336-994c-e9248d4db655 req-2a92f826-808c-4fe1-ad72-207ea620c1fe cac3d85d95d8416b83c337f544425ca7 88cb37c210d14db39afc497fe68080f9 - - default default] Unable to schedule network f44d12f2-90f3-4a03-b6f9-ec36b004a0ea: no agents available; will retry on subsequent port and subnet creation events.
2026-05-15 02:05:09.820 8 WARNING tagging [None req-254f4280-fa29-4a3b-a59e-01b6d4080f0a 0053b18338094d849c1f5667e6b00880 b15e2fe546a54d89b138901ff063e3ae - - default default] project_id key not found in request, using tenant_id instead. This support has been deprecated and will be removed in a future release. [pid: 8|app: 0|req: 1331/2742] 10.0.0.170 () {34 vars in 751 bytes} [Fri May 15 02:05:09 2026] PUT /v2.0/routers/58a5b213-5d96-4fb4-8e54-8756101a5ba1/tags => generated 17 bytes in 83 msecs (HTTP/1.1 200) 4 headers in 156 bytes (1 switches on core 0)
2026-05-15 02:05:09.920 8 INFO neutron.plugins.ml2.drivers.ovn.mech_driver.mech_driver [None req-f2322964-7574-4b4f-b336-2315587edc89 - - - - - -] OVN reports status down for port: 0b6867c1-2f31-46d0-86b1-43af12f79d8e
2026-05-15 02:05:09.948 7 INFO neutron.db.ovn_revision_numbers_db [req-1b1ea94d-94c8-4336-994c-e9248d4db655 req-2a92f826-808c-4fe1-ad72-207ea620c1fe cac3d85d95d8416b83c337f544425ca7 88cb37c210d14db39afc497fe68080f9 - - default default] Successfully bumped revision number for resource 0b6867c1-2f31-46d0-86b1-43af12f79d8e (type: ports) to 1 [pid: 7|app: 0|req: 1412/2743] 199.204.45.235 () {38 vars in 955 bytes} [Fri May 15 02:05:09 2026] POST /v2.0/ports => generated 1082 bytes in 446 msecs (HTTP/1.1 201) 4 headers in 163 bytes (1 switches on core 0) /var/lib/openstack/lib/python3.12/site-packages/pycadf/identifier.py:70: UserWarning: Invalid uuid: neutron. To ensure interoperability, identifiers should be a valid uuid. warnings.warn(('Invalid uuid: %s. To ensure interoperability, '
2026-05-15 02:05:10.017 7 WARNING tagging [None req-5e645965-a317-4b7f-9a99-8659de702705 0053b18338094d849c1f5667e6b00880 b15e2fe546a54d89b138901ff063e3ae - - default default] project_id key not found in request, using tenant_id instead. This support has been deprecated and will be removed in a future release. [pid: 7|app: 0|req: 1413/2744] 10.0.0.170 () {34 vars in 751 bytes} [Fri May 15 02:05:09 2026] PUT /v2.0/routers/f90180ff-b2d0-4fbc-9227-2bdd9903a0fb/tags => generated 25 bytes in 81 msecs (HTTP/1.1 200) 4 headers in 156 bytes (1 switches on core 0) [pid: 8|app: 0|req: 1332/2745] 10.0.0.170 () {34 vars in 666 bytes} [Fri May 15 02:05:09 2026] POST /v2.0/trunks => generated 409 bytes in 368 msecs (HTTP/1.1 201) 4 headers in 162 bytes (1 switches on core 0)
2026-05-15 02:05:10.488 7 INFO neutron.db.ovn_revision_numbers_db [req-1b1ea94d-94c8-4336-994c-e9248d4db655 req-4b189bf7-c34f-4c6c-8724-b06752f4c675 28fa80a217b446218e9700622760411a 2c8e7681c7a54f8c9cd1b1cbf6370739 - - 04c3ea0177d4477c85ded9376c73d7b3 04c3ea0177d4477c85ded9376c73d7b3] Successfully bumped revision number for resource 0b6867c1-2f31-46d0-86b1-43af12f79d8e (type: ports) to 2
2026-05-15 02:05:10.731 7 INFO neutron.db.ovn_revision_numbers_db [req-1b1ea94d-94c8-4336-994c-e9248d4db655 req-4b189bf7-c34f-4c6c-8724-b06752f4c675 28fa80a217b446218e9700622760411a 2c8e7681c7a54f8c9cd1b1cbf6370739 - - 04c3ea0177d4477c85ded9376c73d7b3 04c3ea0177d4477c85ded9376c73d7b3] Successfully bumped revision number for resource 0b6867c1-2f31-46d0-86b1-43af12f79d8e (type: ports) to 4 [pid: 7|app: 0|req: 1414/2746] 199.204.45.235 () {38 vars in 1028 bytes} [Fri May 15 02:05:10 2026] PUT /v2.0/ports/0b6867c1-2f31-46d0-86b1-43af12f79d8e => generated 1235 bytes in 694 msecs (HTTP/1.1 200) 4 headers in 158 bytes (1 switches on core 0) /var/lib/openstack/lib/python3.12/site-packages/pycadf/identifier.py:70: UserWarning: Invalid uuid: neutron. To ensure interoperability, identifiers should be a valid uuid. warnings.warn(('Invalid uuid: %s. To ensure interoperability, '
2026-05-15 02:05:10.783 8 WARNING tagging [None req-b5151141-1b6d-4846-8684-9ea6ab9bf584 0053b18338094d849c1f5667e6b00880 b15e2fe546a54d89b138901ff063e3ae - - default default] project_id key not found in request, using tenant_id instead. This support has been deprecated and will be removed in a future release.
2026-05-15 02:05:10.796 7 INFO neutron.notifiers.nova [-] Nova event matching ['req-be2d72ad-ab60-4e78-bb47-f5e414e3dbb4'] response: {'name': 'network-changed', 'server_uuid': '64f2870d-9726-4cc7-bcff-2b800a7355ec', 'tag': '0b6867c1-2f31-46d0-86b1-43af12f79d8e', 'status': 'completed', 'code': 200} [pid: 8|app: 0|req: 1333/2747] 10.0.0.170 () {34 vars in 751 bytes} [Fri May 15 02:05:10 2026] PUT /v2.0/routers/2293d29e-b1c2-4eb2-a9cf-e7f47886f9a8/tags => generated 34 bytes in 594 msecs (HTTP/1.1 200) 4 headers in 156 bytes (1 switches on core 0)
2026-05-15 02:05:10.869 7 INFO neutron.db.segments_db [None req-09bd6a21-5343-4f7f-aedd-78f99223e7c2 86d1c816c09c4bd8bd52bc240ffab6f4 2261770cbdd041baa383fae85028e04f - - default default] Added segment 9432ce24-2986-46ee-b8b4-992d8e3d37a5 of type geneve for network 361f586d-a8d1-47ae-9d37-92acd2aadd32
2026-05-15 02:05:10.906 8 WARNING tagging [None req-ee3eb489-a264-4c03-9ed7-5053ee18d0bf 0053b18338094d849c1f5667e6b00880 b15e2fe546a54d89b138901ff063e3ae - - default default] project_id key not found in request, using tenant_id instead. This support has been deprecated and will be removed in a future release. [pid: 8|app: 0|req: 1334/2748] 10.0.0.170 () {34 vars in 751 bytes} [Fri May 15 02:05:10 2026] PUT /v2.0/routers/bea029ef-adc3-4a29-803a-c947882dad6d/tags => generated 19 bytes in 92 msecs (HTTP/1.1 200) 4 headers in 156 bytes (1 switches on core 0)
2026-05-15 02:05:11.022 7 INFO neutron.db.ovn_revision_numbers_db [None req-09bd6a21-5343-4f7f-aedd-78f99223e7c2 86d1c816c09c4bd8bd52bc240ffab6f4 2261770cbdd041baa383fae85028e04f - - default default] Successfully bumped revision number for resource 361f586d-a8d1-47ae-9d37-92acd2aadd32 (type: networks) to 1 [pid: 8|app: 0|req: 1335/2749] 10.0.0.170 () {32 vars in 664 bytes} [Fri May 15 02:05:10 2026] GET /v2.0/routers?tags=red => generated 1814 bytes in 69 msecs (HTTP/1.1 200) 4 headers in 158 bytes (1 switches on core 0) [pid: 8|app: 0|req: 1336/2750] 10.0.0.170 () {32 vars in 678 bytes} [Fri May 15 02:05:11 2026] GET /v2.0/routers?tags=red%2Cblue => generated 1222 bytes in 61 msecs (HTTP/1.1 200) 4 headers in 158 bytes (1 switches on core 0) [pid: 8|app: 0|req: 1337/2751] 10.0.0.170 () {32 vars in 674 bytes} [Fri May 15 02:05:11 2026] GET /v2.0/routers?tags-any=blue => generated 1222 bytes in 77 msecs (HTTP/1.1 200) 4 headers in 158 bytes (1 switches on core 0) [pid: 8|app: 0|req: 1338/2752] 10.0.0.170 () {32 vars in 686 bytes} [Fri May 15 02:05:11 2026] GET /v2.0/routers?tags-any=red%2Cblue => generated 1814 bytes in 35 msecs (HTTP/1.1 200) 4 headers in 158 bytes (1 switches on core 0)
2026-05-15 02:05:11.271 7 WARNING neutron.scheduler.dhcp_agent_scheduler [None req-09bd6a21-5343-4f7f-aedd-78f99223e7c2 86d1c816c09c4bd8bd52bc240ffab6f4 2261770cbdd041baa383fae85028e04f - - default default] No more DHCP agents
2026-05-15 02:05:11.272 7 WARNING neutron.api.rpc.agentnotifiers.dhcp_rpc_agent_api [None req-09bd6a21-5343-4f7f-aedd-78f99223e7c2 86d1c816c09c4bd8bd52bc240ffab6f4 2261770cbdd041baa383fae85028e04f - - default default] Unable to schedule network 361f586d-a8d1-47ae-9d37-92acd2aadd32: no agents available; will retry on subsequent port and subnet creation events. [pid: 8|app: 0|req: 1339/2753] 10.0.0.170 () {32 vars in 672 bytes} [Fri May 15 02:05:11 2026] GET /v2.0/routers?not-tags=red => generated 1194 bytes in 52 msecs (HTTP/1.1 200) 4 headers in 158 bytes (1 switches on core 0)
2026-05-15 02:05:11.322 8 INFO neutron.plugins.ml2.drivers.ovn.mech_driver.mech_driver [None req-f2322964-7574-4b4f-b336-2315587edc89 - - - - - -] OVN reports status down for port: 44a3bed5-f2e7-4131-9ecf-fdd83732053b
2026-05-15 02:05:11.351 7 INFO neutron.db.ovn_revision_numbers_db [None req-09bd6a21-5343-4f7f-aedd-78f99223e7c2 86d1c816c09c4bd8bd52bc240ffab6f4 2261770cbdd041baa383fae85028e04f - - default default] Successfully bumped revision number for resource 44a3bed5-f2e7-4131-9ecf-fdd83732053b (type: ports) to 1 [pid: 8|app: 0|req: 1340/2754] 10.0.0.46 () {34 vars in 989 bytes} [Fri May 15 02:05:11 2026] GET /v2.0/ports?device_id=64f2870d-9726-4cc7-bcff-2b800a7355ec => generated 1238 bytes in 72 msecs (HTTP/1.1 200) 4 headers in 158 bytes (1 switches on core 0) [pid: 7|app: 0|req: 1415/2755] 10.0.0.170 () {34 vars in 670 bytes} [Fri May 15 02:05:10 2026] POST /v2.0/networks => generated 669 bytes in 614 msecs (HTTP/1.1 201) 4 headers in 162 bytes (1 switches on core 0) [pid: 7|app: 0|req: 1416/2756] 199.204.45.235 () {34 vars in 1080 bytes} [Fri May 15 02:05:11 2026] GET /v2.0/ports?tenant_id=88cb37c210d14db39afc497fe68080f9&device_id=64f2870d-9726-4cc7-bcff-2b800a7355ec => generated 1238 bytes in 38 msecs (HTTP/1.1 200) 4 headers in 158 bytes (1 switches on core 0) [pid: 7|app: 0|req: 1417/2757] 10.0.0.46 () {34 vars in 1039 bytes} [Fri May 15 02:05:11 2026] GET /v2.0/security-groups?id=e8c49ea4-c7fc-49c4-9bf3-3dd25756a0e4&fields=id&fields=name => generated 96 bytes in 29 msecs (HTTP/1.1 200) 4 headers in 156 bytes (1 switches on core 0) [pid: 8|app: 0|req: 1341/2758] 10.0.0.170 () {32 vars in 686 bytes} [Fri May 15 02:05:11 2026] GET /v2.0/routers?not-tags=red%2Cblue => generated 1786 bytes in 115 msecs (HTTP/1.1 200) 4 headers in 158 bytes (1 switches on core 0) [pid: 8|app: 0|req: 1342/2759] 199.204.45.235 () {34 vars in 1018 bytes} [Fri May 15 02:05:11 2026] GET /v2.0/networks?tenant_id=88cb37c210d14db39afc497fe68080f9&shared=False => generated 776 bytes in 47 msecs (HTTP/1.1 200) 4 headers in 157 bytes (1 switches on core 0) [pid: 8|app: 0|req: 1343/2760] 10.0.0.170 () {32 vars in 682 bytes} [Fri May 15 02:05:11 2026] GET /v2.0/routers?not-tags-any=blue => generated 1786 bytes in 62 msecs (HTTP/1.1 200) 4 headers in 158 bytes (1 switches on core 0) [pid: 8|app: 0|req: 1344/2761] 10.0.0.46 () {34 vars in 989 bytes} [Fri May 15 02:05:11 2026] GET /v2.0/ports?device_id=64f2870d-9726-4cc7-bcff-2b800a7355ec => generated 1238 bytes in 34 msecs (HTTP/1.1 200) 4 headers in 158 bytes (1 switches on core 0)
2026-05-15 02:05:11.666 7 WARNING neutron.scheduler.dhcp_agent_scheduler [None req-672a7d50-35ee-4c6d-a981-83db0aace3c4 86d1c816c09c4bd8bd52bc240ffab6f4 2261770cbdd041baa383fae85028e04f - - default default] No more DHCP agents [pid: 8|app: 0|req: 1345/2762] 199.204.45.235 () {34 vars in 930 bytes} [Fri May 15 02:05:11 2026] GET /v2.0/networks?shared=True => generated 791 bytes in 47 msecs (HTTP/1.1 200) 4 headers in 157 bytes (1 switches on core 0)
2026-05-15 02:05:11.670 7 WARNING neutron.api.rpc.agentnotifiers.dhcp_rpc_agent_api [None req-672a7d50-35ee-4c6d-a981-83db0aace3c4 86d1c816c09c4bd8bd52bc240ffab6f4 2261770cbdd041baa383fae85028e04f - - default default] Unable to schedule network 361f586d-a8d1-47ae-9d37-92acd2aadd32: no agents available; will retry on subsequent port and subnet creation events.
2026-05-15 02:05:11.716 7 INFO neutron.plugins.ml2.drivers.ovn.mech_driver.mech_driver [None req-70762e37-e143-475f-976d-659a27d86f87 - - - - - -] OVN reports status down for port: 947a3cff-a58f-4638-a3aa-8d260fe1cfb4 [pid: 8|app: 0|req: 1346/2763] 10.0.0.170 () {32 vars in 694 bytes} [Fri May 15 02:05:11 2026] GET /v2.0/routers?not-tags-any=red%2Cblue => generated 1194 bytes in 67 msecs (HTTP/1.1 200) 4 headers in 158 bytes (1 switches on core 0)
2026-05-15 02:05:11.768 7 INFO neutron.db.ovn_revision_numbers_db [None req-672a7d50-35ee-4c6d-a981-83db0aace3c4 86d1c816c09c4bd8bd52bc240ffab6f4 2261770cbdd041baa383fae85028e04f - - default default] Successfully bumped revision number for resource 947a3cff-a58f-4638-a3aa-8d260fe1cfb4 (type: ports) to 1 [pid: 8|app: 0|req: 1347/2764] 10.0.0.170 () {32 vars in 721 bytes} [Fri May 15 02:05:11 2026] GET /v2.0/routers/58a5b213-5d96-4fb4-8e54-8756101a5ba1 => generated 602 bytes in 44 msecs (HTTP/1.1 200) 4 headers in 157 bytes (1 switches on core 0) [pid: 7|app: 0|req: 1418/2765] 10.0.0.170 () {34 vars in 664 bytes} [Fri May 15 02:05:11 2026] POST /v2.0/ports => generated 743 bytes in 401 msecs (HTTP/1.1 201) 4 headers in 162 bytes (1 switches on core 0) /var/lib/openstack/lib/python3.12/site-packages/pycadf/identifier.py:70: UserWarning: Invalid uuid: neutron. To ensure interoperability, identifiers should be a valid uuid. warnings.warn(('Invalid uuid: %s. To ensure interoperability, ' [pid: 7|app: 0|req: 1419/2766] 10.0.0.170 () {34 vars in 666 bytes} [Fri May 15 02:05:11 2026] POST /v2.0/trunks => generated 409 bytes in 151 msecs (HTTP/1.1 201) 4 headers in 162 bytes (1 switches on core 0)
2026-05-15 02:05:12.093 7 INFO neutron.db.segments_db [None req-98280856-eb8c-41bf-ae2b-cc9c1cefca1c 86d1c816c09c4bd8bd52bc240ffab6f4 2261770cbdd041baa383fae85028e04f - - default default] Added segment 3ffc8ee8-09e9-4aba-9a5f-cd16bd532cc9 of type geneve for network 58953dec-020b-43a9-b674-2fc8a8a7f6d8
2026-05-15 02:05:12.135 8 INFO neutron.db.ovn_revision_numbers_db [None req-a642fe40-21a2-47dd-9330-a4874b4b589d 0053b18338094d849c1f5667e6b00880 b15e2fe546a54d89b138901ff063e3ae - - default default] Successfully bumped revision number for resource 58a5b213-5d96-4fb4-8e54-8756101a5ba1 (type: routers) to 2 [pid: 8|app: 0|req: 1348/2767] 10.0.0.170 () {34 vars in 742 bytes} [Fri May 15 02:05:11 2026] PUT /v2.0/routers/58a5b213-5d96-4fb4-8e54-8756101a5ba1 => generated 602 bytes in 348 msecs (HTTP/1.1 200) 4 headers in 157 bytes (1 switches on core 0) [pid: 8|app: 0|req: 1349/2768] 10.0.0.170 () {32 vars in 736 bytes} [Fri May 15 02:05:12 2026] GET /v2.0/ports?device_id=58a5b213-5d96-4fb4-8e54-8756101a5ba1 => generated 12 bytes in 23 msecs (HTTP/1.1 200) 4 headers in 156 bytes (1 switches on core 0)
2026-05-15 02:05:12.219 7 INFO neutron.db.ovn_revision_numbers_db [None req-98280856-eb8c-41bf-ae2b-cc9c1cefca1c 86d1c816c09c4bd8bd52bc240ffab6f4 2261770cbdd041baa383fae85028e04f - - default default] Successfully bumped revision number for resource 58953dec-020b-43a9-b674-2fc8a8a7f6d8 (type: networks) to 1
2026-05-15 02:05:12.390 7 WARNING neutron.scheduler.dhcp_agent_scheduler [None req-98280856-eb8c-41bf-ae2b-cc9c1cefca1c 86d1c816c09c4bd8bd52bc240ffab6f4 2261770cbdd041baa383fae85028e04f - - default default] No more DHCP agents
2026-05-15 02:05:12.392 7 WARNING neutron.api.rpc.agentnotifiers.dhcp_rpc_agent_api [None req-98280856-eb8c-41bf-ae2b-cc9c1cefca1c 86d1c816c09c4bd8bd52bc240ffab6f4 2261770cbdd041baa383fae85028e04f - - default default] Unable to schedule network 58953dec-020b-43a9-b674-2fc8a8a7f6d8: no agents available; will retry on subsequent port and subnet creation events. [pid: 8|app: 0|req: 1350/2769] 10.0.0.170 () {32 vars in 724 bytes} [Fri May 15 02:05:12 2026] DELETE /v2.0/routers/58a5b213-5d96-4fb4-8e54-8756101a5ba1 => generated 0 bytes in 216 msecs (HTTP/1.1 204) 2 headers in 112 bytes (1 switches on core 0)
2026-05-15 02:05:12.464 7 INFO neutron.db.ovn_revision_numbers_db [None req-98280856-eb8c-41bf-ae2b-cc9c1cefca1c 86d1c816c09c4bd8bd52bc240ffab6f4 2261770cbdd041baa383fae85028e04f - - default default] Successfully bumped revision number for resource 8acd9cc6-0e81-417d-9505-f278bbcf16eb (type: ports) to 1
2026-05-15 02:05:12.471 8 INFO neutron.plugins.ml2.drivers.ovn.mech_driver.mech_driver [None req-f2322964-7574-4b4f-b336-2315587edc89 - - - - - -] OVN reports status down for port: 8acd9cc6-0e81-417d-9505-f278bbcf16eb [pid: 7|app: 0|req: 1420/2770] 10.0.0.170 () {34 vars in 670 bytes} [Fri May 15 02:05:12 2026] POST /v2.0/networks => generated 669 bytes in 497 msecs (HTTP/1.1 201) 4 headers in 162 bytes (1 switches on core 0) [pid: 8|app: 0|req: 1351/2771] 10.0.0.170 () {32 vars in 721 bytes} [Fri May 15 02:05:12 2026] GET /v2.0/routers/f90180ff-b2d0-4fbc-9227-2bdd9903a0fb => generated 610 bytes in 100 msecs (HTTP/1.1 200) 4 headers in 157 bytes (1 switches on core 0)
2026-05-15 02:05:12.723 7 WARNING neutron.scheduler.dhcp_agent_scheduler [None req-6b3ba94c-eb22-404e-b58c-553c22df891a 86d1c816c09c4bd8bd52bc240ffab6f4 2261770cbdd041baa383fae85028e04f - - default default] No more DHCP agents
2026-05-15 02:05:12.725 7 WARNING neutron.api.rpc.agentnotifiers.dhcp_rpc_agent_api [None req-6b3ba94c-eb22-404e-b58c-553c22df891a 86d1c816c09c4bd8bd52bc240ffab6f4 2261770cbdd041baa383fae85028e04f - - default default] Unable to schedule network 58953dec-020b-43a9-b674-2fc8a8a7f6d8: no agents available; will retry on subsequent port and subnet creation events.
2026-05-15 02:05:12.809 7 INFO neutron.db.ovn_revision_numbers_db [None req-6b3ba94c-eb22-404e-b58c-553c22df891a 86d1c816c09c4bd8bd52bc240ffab6f4 2261770cbdd041baa383fae85028e04f - - default default] Successfully bumped revision number for resource 374cad7b-f02f-4a4b-9689-7fe76fd29c7a (type: ports) to 1
