2026-05-15 02:03:06.213 8 INFO neutron.services.segments.plugin [-] Segment 2a1a6644-11a7-40b5-8249-de5b639551ce resource provider aggregate not found
2026-05-15 02:03:06.226 8 INFO neutron.services.segments.plugin [-] Segment 2a1a6644-11a7-40b5-8249-de5b639551ce resource provider aggregate not found
2026-05-15 02:03:06.237 8 INFO neutron.services.segments.plugin [-] Segment 2a1a6644-11a7-40b5-8249-de5b639551ce resource provider not found; error: Placement Client Error (4xx): {"errors": [{"status": 404, "title": "Not Found", "detail": "The resource could not be found.\n\n No resource provider with uuid 2a1a6644-11a7-40b5-8249-de5b639551ce found for delete ", "request_id": "req-a6b8cb68-4a61-4637-85c7-f112ea066da8"}]}
2026-05-15 02:03:06.247 8 INFO neutron.services.segments.plugin [-] Segment 2a1a6644-11a7-40b5-8249-de5b639551ce resource provider not found; error: Placement Client Error (4xx): {"errors": [{"status": 404, "title": "Not Found", "detail": "The resource could not be found.\n\n No resource provider with uuid 2a1a6644-11a7-40b5-8249-de5b639551ce found for delete ", "request_id": "req-4497e2ca-6806-4b05-87b5-ebce513fc9c5"}]} [pid: 8|app: 0|req: 959/1929] 10.0.0.170 () {32 vars in 726 bytes} [Fri May 15 02:03:05 2026] DELETE /v2.0/networks/05b8729c-a067-44f8-a2e3-8a96eca027ae => generated 0 bytes in 359 msecs (HTTP/1.1 204) 3 headers in 131 bytes (1 switches on core 0) /var/lib/openstack/lib/python3.12/site-packages/pycadf/identifier.py:70: UserWarning: Invalid uuid: neutron. To ensure interoperability, identifiers should be a valid uuid. warnings.warn(('Invalid uuid: %s. To ensure interoperability, '
2026-05-15 02:03:06.384 7 INFO neutron_taas.services.taas.taas_plugin [None req-6f0d8a3a-02e0-4442-93bb-f98868c0ff9a 53f6d54b08f949c09ede4e53428aa278 4695aba6524046cea3f6797a2b0a18b7 - - default default] TaaS: Handle Delete Port: b39d733d-af69-4209-80c8-b4a93b5eb913
2026-05-15 02:03:06.387 7 INFO neutron_taas.services.taas.tap_mirror_plugin [None req-6f0d8a3a-02e0-4442-93bb-f98868c0ff9a 53f6d54b08f949c09ede4e53428aa278 4695aba6524046cea3f6797a2b0a18b7 - - default default] Tap Mirror: Handle Delete Port: b39d733d-af69-4209-80c8-b4a93b5eb913
2026-05-15 02:03:06.589 7 INFO neutron.services.segments.plugin [-] Segment 823f839b-43da-41e2-831d-f2acd0e74e2a resource provider aggregate not found
2026-05-15 02:03:06.593 7 INFO neutron.services.segments.plugin [-] Segment 823f839b-43da-41e2-831d-f2acd0e74e2a resource provider aggregate not found
2026-05-15 02:03:06.613 7 INFO neutron.services.segments.plugin [-] Segment 823f839b-43da-41e2-831d-f2acd0e74e2a resource provider not found; error: Placement Client Error (4xx): {"errors": [{"status": 404, "title": "Not Found", "detail": "The resource could not be found.\n\n No resource provider with uuid 823f839b-43da-41e2-831d-f2acd0e74e2a found for delete ", "request_id": "req-0fa59b1c-4296-487c-a5e3-4a4410f49f22"}]}
2026-05-15 02:03:06.617 7 INFO neutron.services.segments.plugin [-] Segment 823f839b-43da-41e2-831d-f2acd0e74e2a resource provider not found; error: Placement Client Error (4xx): {"errors": [{"status": 404, "title": "Not Found", "detail": "The resource could not be found.\n\n No resource provider with uuid 823f839b-43da-41e2-831d-f2acd0e74e2a found for delete ", "request_id": "req-25859512-1c32-42c0-ae66-18ae47c0a675"}]} [pid: 8|app: 0|req: 960/1930] 199.204.45.235 () {34 vars in 994 bytes} [Fri May 15 02:03:06 2026] GET /v2.0/ports?device_id=9119b8af-bf62-43c0-920b-00c39a59e761 => generated 969 bytes in 90 msecs (HTTP/1.1 200) 4 headers in 157 bytes (1 switches on core 0) [pid: 7|app: 0|req: 971/1931] 10.0.0.170 () {32 vars in 726 bytes} [Fri May 15 02:03:06 2026] DELETE /v2.0/networks/707c6064-93f9-4b6d-bdd1-ced1fd8522b1 => generated 0 bytes in 372 msecs (HTTP/1.1 204) 3 headers in 131 bytes (1 switches on core 0)
2026-05-15 02:03:06.761 7 INFO neutron_taas.services.taas.taas_plugin [None req-22ee235f-1968-4488-b53b-0e69fafcea2b 53f6d54b08f949c09ede4e53428aa278 4695aba6524046cea3f6797a2b0a18b7 - - default default] TaaS: Handle Delete Port: 66cf5c40-9157-47de-9ea7-9565034a4df5
2026-05-15 02:03:06.763 8 INFO neutron_taas.services.taas.taas_plugin [req-02c8bff8-8756-41a6-a3bf-67cccb21235f req-ddc00120-ed0f-449e-a458-239e86d27823 020ae3efe51b49f88785e35a162b63b3 21c42896f3104a5d92ac66547f128d0d - - default default] TaaS: Handle Delete Port: 0e56152d-f790-4b75-8835-6c6bbce203fb
2026-05-15 02:03:06.764 7 INFO neutron_taas.services.taas.tap_mirror_plugin [None req-22ee235f-1968-4488-b53b-0e69fafcea2b 53f6d54b08f949c09ede4e53428aa278 4695aba6524046cea3f6797a2b0a18b7 - - default default] Tap Mirror: Handle Delete Port: 66cf5c40-9157-47de-9ea7-9565034a4df5
2026-05-15 02:03:06.767 8 INFO neutron_taas.services.taas.tap_mirror_plugin [req-02c8bff8-8756-41a6-a3bf-67cccb21235f req-ddc00120-ed0f-449e-a458-239e86d27823 020ae3efe51b49f88785e35a162b63b3 21c42896f3104a5d92ac66547f128d0d - - default default] Tap Mirror: Handle Delete Port: 0e56152d-f790-4b75-8835-6c6bbce203fb [pid: 8|app: 0|req: 961/1932] 199.204.45.235 () {36 vars in 997 bytes} [Fri May 15 02:03:06 2026] DELETE /v2.0/ports/0e56152d-f790-4b75-8835-6c6bbce203fb => generated 0 bytes in 283 msecs (HTTP/1.1 204) 3 headers in 131 bytes (1 switches on core 0) [pid: 8|app: 0|req: 962/1933] 10.0.0.46 () {34 vars in 989 bytes} [Fri May 15 02:03:06 2026] GET /v2.0/ports?device_id=9119b8af-bf62-43c0-920b-00c39a59e761 => generated 12 bytes in 18 msecs (HTTP/1.1 200) 4 headers in 156 bytes (1 switches on core 0)
2026-05-15 02:03:06.947 8 INFO neutron.notifiers.nova [-] Nova event matching ['req-abc70c39-2f66-40c1-be2c-218e8c2aa90d'] response: {'server_uuid': '9119b8af-bf62-43c0-920b-00c39a59e761', 'name': 'network-vif-deleted', 'tag': '0e56152d-f790-4b75-8835-6c6bbce203fb', 'status': 'completed', 'code': 200} [pid: 7|app: 0|req: 972/1934] 10.0.0.170 () {32 vars in 726 bytes} [Fri May 15 02:03:06 2026] DELETE /v2.0/networks/8a4c7d27-d2fd-4503-8394-8d740f82c353 => generated 0 bytes in 341 msecs (HTTP/1.1 204) 3 headers in 131 bytes (1 switches on core 0)
2026-05-15 02:03:07.113 8 INFO neutron_taas.services.taas.taas_plugin [None req-69dee23a-7d11-46b1-a90e-b3ae1d309a6c 53f6d54b08f949c09ede4e53428aa278 4695aba6524046cea3f6797a2b0a18b7 - - default default] TaaS: Handle Delete Port: e670b48c-e344-4d30-9b10-fad89b7af5a1
2026-05-15 02:03:07.116 8 INFO neutron_taas.services.taas.tap_mirror_plugin [None req-69dee23a-7d11-46b1-a90e-b3ae1d309a6c 53f6d54b08f949c09ede4e53428aa278 4695aba6524046cea3f6797a2b0a18b7 - - default default] Tap Mirror: Handle Delete Port: e670b48c-e344-4d30-9b10-fad89b7af5a1 [pid: 8|app: 0|req: 963/1935] 10.0.0.170 () {32 vars in 726 bytes} [Fri May 15 02:03:06 2026] DELETE /v2.0/networks/1b8ab6f5-cc32-4b44-830c-d6c821729252 => generated 0 bytes in 319 msecs (HTTP/1.1 204) 3 headers in 131 bytes (1 switches on core 0)
2026-05-15 02:03:07.503 8 INFO neutron_taas.services.taas.taas_plugin [None req-a1e358f2-5a14-4c29-8efb-76fa1a0d7332 53f6d54b08f949c09ede4e53428aa278 4695aba6524046cea3f6797a2b0a18b7 - - default default] TaaS: Handle Delete Port: bc3246c6-b5de-41ce-b3a4-914337f36864
2026-05-15 02:03:07.505 8 INFO neutron_taas.services.taas.tap_mirror_plugin [None req-a1e358f2-5a14-4c29-8efb-76fa1a0d7332 53f6d54b08f949c09ede4e53428aa278 4695aba6524046cea3f6797a2b0a18b7 - - default default] Tap Mirror: Handle Delete Port: bc3246c6-b5de-41ce-b3a4-914337f36864
2026-05-15 02:03:07.582 7 INFO neutron.notifiers.nova [-] Nova event matching ['req-96bc1240-aec2-4202-ad45-be2683abe3d7'] response: {'server_uuid': '9119b8af-bf62-43c0-920b-00c39a59e761', 'name': 'network-vif-unplugged', 'status': 'completed', 'tag': '0e56152d-f790-4b75-8835-6c6bbce203fb', 'code': 200}
2026-05-15 02:03:07.983 7 INFO neutron.db.ovn_revision_numbers_db [None req-b7310c91-ce03-4780-847a-a10ab2d2fa77 da50358ac9c0485d9984e662a7b82b54 8e92fd5d716d41b1933c3d32acdc1301 - - default default] Successfully bumped revision number for resource d7bfcbd1-cbc4-4669-98ef-95dde6153e61 (type: security_groups) to 1
2026-05-15 02:03:07.996 7 INFO neutron.db.ovn_revision_numbers_db [None req-b7310c91-ce03-4780-847a-a10ab2d2fa77 da50358ac9c0485d9984e662a7b82b54 8e92fd5d716d41b1933c3d32acdc1301 - - default default] Successfully bumped revision number for resource 6374cdbc-d46a-41fc-a9d5-37d205a9c6f9 (type: security_group_rules) to 0
2026-05-15 02:03:08.012 7 INFO neutron.db.ovn_revision_numbers_db [None req-b7310c91-ce03-4780-847a-a10ab2d2fa77 da50358ac9c0485d9984e662a7b82b54 8e92fd5d716d41b1933c3d32acdc1301 - - default default] Successfully bumped revision number for resource 681e03b7-e982-4b22-ae8a-5afcb13424d4 (type: security_group_rules) to 0
2026-05-15 02:03:08.034 7 INFO neutron.db.ovn_revision_numbers_db [None req-b7310c91-ce03-4780-847a-a10ab2d2fa77 da50358ac9c0485d9984e662a7b82b54 8e92fd5d716d41b1933c3d32acdc1301 - - default default] Successfully bumped revision number for resource 997737cc-6f89-4655-b763-2d5c8cbbf037 (type: security_group_rules) to 0
2026-05-15 02:03:08.048 7 INFO neutron.db.ovn_revision_numbers_db [None req-b7310c91-ce03-4780-847a-a10ab2d2fa77 da50358ac9c0485d9984e662a7b82b54 8e92fd5d716d41b1933c3d32acdc1301 - - default default] Successfully bumped revision number for resource f8ac548b-d0c9-4f6c-be21-4b35663e69ae (type: security_group_rules) to 0 [pid: 8|app: 0|req: 964/1936] 10.0.0.170 () {32 vars in 726 bytes} [Fri May 15 02:03:07 2026] DELETE /v2.0/networks/53d25546-8757-41ab-a0dd-6cbfb3d3b061 => generated 0 bytes in 796 msecs (HTTP/1.1 204) 3 headers in 131 bytes (1 switches on core 0) [pid: 8|app: 0|req: 965/1937] 10.0.0.46 () {34 vars in 989 bytes} [Fri May 15 02:03:08 2026] GET /v2.0/ports?device_id=9119b8af-bf62-43c0-920b-00c39a59e761 => generated 12 bytes in 18 msecs (HTTP/1.1 200) 4 headers in 156 bytes (1 switches on core 0)
2026-05-15 02:03:08.133 7 INFO neutron.db.segments_db [None req-b7310c91-ce03-4780-847a-a10ab2d2fa77 da50358ac9c0485d9984e662a7b82b54 8e92fd5d716d41b1933c3d32acdc1301 - - default default] Added segment e9a8cdfa-7ccf-4605-b718-678228830742 of type geneve for network 72d7684f-c008-4a5f-b63b-77faba999801
2026-05-15 02:03:08.252 7 INFO neutron.db.ovn_revision_numbers_db [None req-b7310c91-ce03-4780-847a-a10ab2d2fa77 da50358ac9c0485d9984e662a7b82b54 8e92fd5d716d41b1933c3d32acdc1301 - - default default] Successfully bumped revision number for resource 72d7684f-c008-4a5f-b63b-77faba999801 (type: networks) to 1
2026-05-15 02:03:08.253 8 INFO neutron.services.segments.plugin [-] Segment fd2e7cda-96ab-4b44-b036-dcae528abc0f resource provider aggregate not found
2026-05-15 02:03:08.270 8 INFO neutron.services.segments.plugin [-] Segment fd2e7cda-96ab-4b44-b036-dcae528abc0f resource provider not found; error: Placement Client Error (4xx): {"errors": [{"status": 404, "title": "Not Found", "detail": "The resource could not be found.\n\n No resource provider with uuid fd2e7cda-96ab-4b44-b036-dcae528abc0f found for delete ", "request_id": "req-54f8be55-254e-4652-8138-62ce2be4e6a3"}]}
2026-05-15 02:03:08.275 8 INFO neutron.services.segments.plugin [-] Segment fd2e7cda-96ab-4b44-b036-dcae528abc0f resource provider aggregate not found
2026-05-15 02:03:08.295 8 INFO neutron.services.segments.plugin [-] Segment 90d8000e-eb6f-45d8-ace8-e5df66fd5dd6 resource provider aggregate not found
2026-05-15 02:03:08.304 8 INFO neutron.services.segments.plugin [-] Segment fd2e7cda-96ab-4b44-b036-dcae528abc0f resource provider not found; error: Placement Client Error (4xx): {"errors": [{"status": 404, "title": "Not Found", "detail": "The resource could not be found.\n\n No resource provider with uuid fd2e7cda-96ab-4b44-b036-dcae528abc0f found for delete ", "request_id": "req-4d31768d-cc50-489d-b4bc-ac29d8196477"}]}
2026-05-15 02:03:08.317 8 INFO neutron.services.segments.plugin [-] Segment 90d8000e-eb6f-45d8-ace8-e5df66fd5dd6 resource provider not found; error: Placement Client Error (4xx): {"errors": [{"status": 404, "title": "Not Found", "detail": "The resource could not be found.\n\n No resource provider with uuid 90d8000e-eb6f-45d8-ace8-e5df66fd5dd6 found for delete ", "request_id": "req-13a2643f-b635-4734-a3e1-07003aa2513d"}]}
2026-05-15 02:03:08.319 8 INFO neutron.services.segments.plugin [-] Segment 90d8000e-eb6f-45d8-ace8-e5df66fd5dd6 resource provider aggregate not found
2026-05-15 02:03:08.334 8 INFO neutron.services.segments.plugin [-] Segment 90d8000e-eb6f-45d8-ace8-e5df66fd5dd6 resource provider not found; error: Placement Client Error (4xx): {"errors": [{"status": 404, "title": "Not Found", "detail": "The resource could not be found.\n\n No resource provider with uuid 90d8000e-eb6f-45d8-ace8-e5df66fd5dd6 found for delete ", "request_id": "req-708e6e1d-00f8-4d7b-9f0a-6fbf172b74ff"}]}
2026-05-15 02:03:08.426 7 WARNING neutron.scheduler.dhcp_agent_scheduler [None req-b7310c91-ce03-4780-847a-a10ab2d2fa77 da50358ac9c0485d9984e662a7b82b54 8e92fd5d716d41b1933c3d32acdc1301 - - default default] No more DHCP agents
2026-05-15 02:03:08.428 7 WARNING neutron.api.rpc.agentnotifiers.dhcp_rpc_agent_api [None req-b7310c91-ce03-4780-847a-a10ab2d2fa77 da50358ac9c0485d9984e662a7b82b54 8e92fd5d716d41b1933c3d32acdc1301 - - default default] Unable to schedule network 72d7684f-c008-4a5f-b63b-77faba999801: no agents available; will retry on subsequent port and subnet creation events.
2026-05-15 02:03:08.477 8 INFO neutron.plugins.ml2.drivers.ovn.mech_driver.mech_driver [None req-60406cce-748e-49be-8e6a-ebef23ecdd97 - - - - - -] OVN reports status down for port: e976bcf3-b63c-48d9-afe3-7c3c22b32e8a
2026-05-15 02:03:08.515 7 INFO neutron.db.ovn_revision_numbers_db [None req-b7310c91-ce03-4780-847a-a10ab2d2fa77 da50358ac9c0485d9984e662a7b82b54 8e92fd5d716d41b1933c3d32acdc1301 - - default default] Successfully bumped revision number for resource e976bcf3-b63c-48d9-afe3-7c3c22b32e8a (type: ports) to 1 [pid: 7|app: 0|req: 973/1938] 10.0.0.170 () {34 vars in 670 bytes} [Fri May 15 02:03:07 2026] POST /v2.0/networks => generated 768 bytes in 1384 msecs (HTTP/1.1 201) 4 headers in 162 bytes (1 switches on core 0)
2026-05-15 02:03:08.637 7 INFO neutron.services.segments.plugin [-] Segment ffea322e-a985-41e5-b9c7-417c7b80d2dc resource provider aggregate not found
2026-05-15 02:03:08.642 7 INFO neutron.services.segments.plugin [-] Segment ffea322e-a985-41e5-b9c7-417c7b80d2dc resource provider aggregate not found
2026-05-15 02:03:08.658 7 INFO neutron.services.segments.plugin [-] Segment ffea322e-a985-41e5-b9c7-417c7b80d2dc resource provider not found; error: Placement Client Error (4xx): {"errors": [{"status": 404, "title": "Not Found", "detail": "The resource could not be found.\n\n No resource provider with uuid ffea322e-a985-41e5-b9c7-417c7b80d2dc found for delete ", "request_id": "req-caf0f961-aae7-4e95-b3db-2edcabe0247f"}]}
2026-05-15 02:03:08.660 7 INFO neutron.services.segments.plugin [-] Segment ffea322e-a985-41e5-b9c7-417c7b80d2dc resource provider not found; error: Placement Client Error (4xx): {"errors": [{"status": 404, "title": "Not Found", "detail": "The resource could not be found.\n\n No resource provider with uuid ffea322e-a985-41e5-b9c7-417c7b80d2dc found for delete ", "request_id": "req-89e4f0b2-935e-44eb-9338-7664507a16d8"}]}
2026-05-15 02:03:08.705 8 WARNING neutron.scheduler.dhcp_agent_scheduler [None req-45a104e6-5fdd-4baa-9362-c4df86fd25c6 da50358ac9c0485d9984e662a7b82b54 8e92fd5d716d41b1933c3d32acdc1301 - - default default] No more DHCP agents
2026-05-15 02:03:08.706 8 WARNING neutron.api.rpc.agentnotifiers.dhcp_rpc_agent_api [None req-45a104e6-5fdd-4baa-9362-c4df86fd25c6 da50358ac9c0485d9984e662a7b82b54 8e92fd5d716d41b1933c3d32acdc1301 - - default default] Unable to schedule network 72d7684f-c008-4a5f-b63b-77faba999801: no agents available; will retry on subsequent port and subnet creation events.
2026-05-15 02:03:09.060 7 WARNING neutron.db.securitygroups_db [None req-27a3b7d5-537c-41f4-a987-87038f5b2cc4 cac3d85d95d8416b83c337f544425ca7 88cb37c210d14db39afc497fe68080f9 - - default default] project_id key not found in filters, using tenant_id instead. This support has been deprecated and will be removed in a future release. [pid: 7|app: 0|req: 974/1939] 10.0.0.170 () {32 vars in 774 bytes} [Fri May 15 02:03:08 2026] GET /v2.0/security-groups?tenant_id=4695aba6524046cea3f6797a2b0a18b7&name=default => generated 2925 bytes in 173 msecs (HTTP/1.1 200) 4 headers in 158 bytes (1 switches on core 0)
2026-05-15 02:03:09.126 8 INFO neutron.db.ovn_revision_numbers_db [None req-45a104e6-5fdd-4baa-9362-c4df86fd25c6 da50358ac9c0485d9984e662a7b82b54 8e92fd5d716d41b1933c3d32acdc1301 - - default default] Successfully bumped revision number for resource e976bcf3-b63c-48d9-afe3-7c3c22b32e8a (type: ports) to 2
2026-05-15 02:03:09.177 8 INFO neutron.db.ovn_revision_numbers_db [None req-45a104e6-5fdd-4baa-9362-c4df86fd25c6 da50358ac9c0485d9984e662a7b82b54 8e92fd5d716d41b1933c3d32acdc1301 - - default default] Successfully bumped revision number for resource 7788c9c3-513b-44e4-b40f-4b9c64cb98ae (type: subnets) to 0 [pid: 8|app: 0|req: 966/1940] 10.0.0.170 () {34 vars in 669 bytes} [Fri May 15 02:03:08 2026] POST /v2.0/subnets => generated 644 bytes in 650 msecs (HTTP/1.1 201) 4 headers in 162 bytes (1 switches on core 0)
2026-05-15 02:03:09.202 8 WARNING neutron.api.v2.base [None req-f5b97780-a402-4552-91b0-c6fcd8f13d28 da50358ac9c0485d9984e662a7b82b54 8e92fd5d716d41b1933c3d32acdc1301 - - default default] An exception happened while processing the request body. The exception message is [Invalid input for target_tenant. Reason: 'None' is not a valid string.].: webob.exc.HTTPBadRequest: Invalid input for target_tenant. Reason: 'None' is not a valid string.
2026-05-15 02:03:09.203 8 INFO neutron.api.v2.resource [None req-f5b97780-a402-4552-91b0-c6fcd8f13d28 da50358ac9c0485d9984e662a7b82b54 8e92fd5d716d41b1933c3d32acdc1301 - - default default] create failed (client error): Invalid input for target_tenant. Reason: 'None' is not a valid string. [pid: 8|app: 0|req: 967/1941] 10.0.0.170 () {34 vars in 681 bytes} [Fri May 15 02:03:09 2026] POST /v2.0/rbac-policies => generated 143 bytes in 8 msecs (HTTP/1.1 400) 4 headers in 166 bytes (1 switches on core 0) [pid: 7|app: 0|req: 975/1942] 10.0.0.170 () {32 vars in 740 bytes} [Fri May 15 02:03:09 2026] DELETE /v2.0/security-groups/803462d7-5d51-4953-b952-ac2c6c4438c1 => generated 0 bytes in 179 msecs (HTTP/1.1 204) 2 headers in 112 bytes (1 switches on core 0) [pid: 7|app: 0|req: 976/1943] 10.0.0.46 () {34 vars in 989 bytes} [Fri May 15 02:03:09 2026] GET /v2.0/ports?device_id=9119b8af-bf62-43c0-920b-00c39a59e761 => generated 12 bytes in 16 msecs (HTTP/1.1 200) 4 headers in 156 bytes (1 switches on core 0)
2026-05-15 02:03:09.322 8 INFO neutron_taas.services.taas.taas_plugin [None req-840aa6b0-fdb9-4a7a-a192-b269543a2709 da50358ac9c0485d9984e662a7b82b54 8e92fd5d716d41b1933c3d32acdc1301 - - default default] TaaS: Handle Delete Port: e976bcf3-b63c-48d9-afe3-7c3c22b32e8a
2026-05-15 02:03:09.324 8 INFO neutron_taas.services.taas.tap_mirror_plugin [None req-840aa6b0-fdb9-4a7a-a192-b269543a2709 da50358ac9c0485d9984e662a7b82b54 8e92fd5d716d41b1933c3d32acdc1301 - - default default] Tap Mirror: Handle Delete Port: e976bcf3-b63c-48d9-afe3-7c3c22b32e8a
2026-05-15 02:03:09.441 7 WARNING neutron.db.securitygroups_db [None req-ece1efa8-0fa0-4b0f-a8bc-b22d05e7c19c cac3d85d95d8416b83c337f544425ca7 88cb37c210d14db39afc497fe68080f9 - - default default] project_id key not found in filters, using tenant_id instead. This support has been deprecated and will be removed in a future release.
2026-05-15 02:03:09.562 7 INFO neutron.db.ovn_revision_numbers_db [None req-ece1efa8-0fa0-4b0f-a8bc-b22d05e7c19c cac3d85d95d8416b83c337f544425ca7 88cb37c210d14db39afc497fe68080f9 - - default default] Successfully bumped revision number for resource 2d953691-0e37-4133-aa3c-d2d4454f2dd9 (type: security_groups) to 1
2026-05-15 02:03:09.580 7 INFO neutron.db.ovn_revision_numbers_db [None req-ece1efa8-0fa0-4b0f-a8bc-b22d05e7c19c cac3d85d95d8416b83c337f544425ca7 88cb37c210d14db39afc497fe68080f9 - - default default] Successfully bumped revision number for resource 0e405391-4ee9-4e61-bc6b-53566fe222fa (type: security_group_rules) to 0
2026-05-15 02:03:09.597 7 INFO neutron.db.ovn_revision_numbers_db [None req-ece1efa8-0fa0-4b0f-a8bc-b22d05e7c19c cac3d85d95d8416b83c337f544425ca7 88cb37c210d14db39afc497fe68080f9 - - default default] Successfully bumped revision number for resource 1fe190cb-b3fd-4e43-b8bf-91120369d65b (type: security_group_rules) to 0
2026-05-15 02:03:09.611 7 INFO neutron.db.ovn_revision_numbers_db [None req-ece1efa8-0fa0-4b0f-a8bc-b22d05e7c19c cac3d85d95d8416b83c337f544425ca7 88cb37c210d14db39afc497fe68080f9 - - default default] Successfully bumped revision number for resource 287afb3e-ee16-487a-a53f-470f1038aa14 (type: security_group_rules) to 0 [pid: 8|app: 0|req: 968/1944] 10.0.0.170 () {32 vars in 726 bytes} [Fri May 15 02:03:09 2026] DELETE /v2.0/networks/72d7684f-c008-4a5f-b63b-77faba999801 => generated 0 bytes in 411 msecs (HTTP/1.1 204) 3 headers in 131 bytes (1 switches on core 0)
2026-05-15 02:03:09.625 7 INFO neutron.db.ovn_revision_numbers_db [None req-ece1efa8-0fa0-4b0f-a8bc-b22d05e7c19c cac3d85d95d8416b83c337f544425ca7 88cb37c210d14db39afc497fe68080f9 - - default default] Successfully bumped revision number for resource b4a624b4-e48c-4462-a83f-ca81bb7858c6 (type: security_group_rules) to 0 [pid: 7|app: 0|req: 977/1945] 10.0.0.170 () {32 vars in 774 bytes} [Fri May 15 02:03:09 2026] GET /v2.0/security-groups?tenant_id=10cb9cc0f8dc40d68d5b077619f391ec&name=default => generated 2925 bytes in 230 msecs (HTTP/1.1 200) 4 headers in 158 bytes (1 switches on core 0)
2026-05-15 02:03:09.723 8 WARNING neutron.db.securitygroups_db [None req-6bb685ab-ee1e-4769-9b83-bb6a1617b9b7 cac3d85d95d8416b83c337f544425ca7 88cb37c210d14db39afc497fe68080f9 - - default default] project_id key not found in filters, using tenant_id instead. This support has been deprecated and will be removed in a future release.
2026-05-15 02:03:09.755 7 INFO neutron.db.segments_db [None req-358c1c25-d179-4a4c-b9b3-85ffd3e4146c da50358ac9c0485d9984e662a7b82b54 8e92fd5d716d41b1933c3d32acdc1301 - - default default] Added segment aef42007-b8be-4356-b1cd-ee6aff9d467d of type geneve for network f8a86032-fbf5-4a86-ac4b-5ee251744840
2026-05-15 02:03:09.857 8 INFO neutron.db.ovn_revision_numbers_db [None req-6bb685ab-ee1e-4769-9b83-bb6a1617b9b7 cac3d85d95d8416b83c337f544425ca7 88cb37c210d14db39afc497fe68080f9 - - default default] Successfully bumped revision number for resource 554f5ee7-2fbd-45c1-a9cb-8796c2fcecb5 (type: security_groups) to 1
2026-05-15 02:03:09.876 8 INFO neutron.db.ovn_revision_numbers_db [None req-6bb685ab-ee1e-4769-9b83-bb6a1617b9b7 cac3d85d95d8416b83c337f544425ca7 88cb37c210d14db39afc497fe68080f9 - - default default] Successfully bumped revision number for resource 43857029-43f0-4c5a-862c-e9c96a065e30 (type: security_group_rules) to 0
2026-05-15 02:03:09.888 7 INFO neutron.db.ovn_revision_numbers_db [None req-358c1c25-d179-4a4c-b9b3-85ffd3e4146c da50358ac9c0485d9984e662a7b82b54 8e92fd5d716d41b1933c3d32acdc1301 - - default default] Successfully bumped revision number for resource f8a86032-fbf5-4a86-ac4b-5ee251744840 (type: networks) to 1
2026-05-15 02:03:09.889 8 INFO neutron.db.ovn_revision_numbers_db [None req-6bb685ab-ee1e-4769-9b83-bb6a1617b9b7 cac3d85d95d8416b83c337f544425ca7 88cb37c210d14db39afc497fe68080f9 - - default default] Successfully bumped revision number for resource 47ce0167-e931-4e7c-8dbe-4245c81ca804 (type: security_group_rules) to 0
2026-05-15 02:03:09.901 8 INFO neutron.db.ovn_revision_numbers_db [None req-6bb685ab-ee1e-4769-9b83-bb6a1617b9b7 cac3d85d95d8416b83c337f544425ca7 88cb37c210d14db39afc497fe68080f9 - - default default] Successfully bumped revision number for resource 49c2702c-f7a9-4049-8656-76a68328862a (type: security_group_rules) to 0
2026-05-15 02:03:09.913 8 INFO neutron.db.ovn_revision_numbers_db [None req-6bb685ab-ee1e-4769-9b83-bb6a1617b9b7 cac3d85d95d8416b83c337f544425ca7 88cb37c210d14db39afc497fe68080f9 - - default default] Successfully bumped revision number for resource cd13c77f-85b3-4323-9667-ca33f0e1d065 (type: security_group_rules) to 0 [pid: 8|app: 0|req: 969/1946] 10.0.0.170 () {32 vars in 774 bytes} [Fri May 15 02:03:09 2026] GET /v2.0/security-groups?tenant_id=41a2079876fe46729d00956614ad7be2&name=default => generated 2925 bytes in 329 msecs (HTTP/1.1 200) 4 headers in 158 bytes (1 switches on core 0)
2026-05-15 02:03:10.055 7 WARNING neutron.scheduler.dhcp_agent_scheduler [None req-358c1c25-d179-4a4c-b9b3-85ffd3e4146c da50358ac9c0485d9984e662a7b82b54 8e92fd5d716d41b1933c3d32acdc1301 - - default default] No more DHCP agents
2026-05-15 02:03:10.057 7 WARNING neutron.api.rpc.agentnotifiers.dhcp_rpc_agent_api [None req-358c1c25-d179-4a4c-b9b3-85ffd3e4146c da50358ac9c0485d9984e662a7b82b54 8e92fd5d716d41b1933c3d32acdc1301 - - default default] Unable to schedule network f8a86032-fbf5-4a86-ac4b-5ee251744840: no agents available; will retry on subsequent port and subnet creation events.
2026-05-15 02:03:10.100 8 INFO neutron.plugins.ml2.drivers.ovn.mech_driver.mech_driver [None req-60406cce-748e-49be-8e6a-ebef23ecdd97 - - - - - -] OVN reports status down for port: fc64dd89-2152-453e-a1cc-59d8f5cbf3f6 [pid: 8|app: 0|req: 970/1947] 10.0.0.170 () {32 vars in 740 bytes} [Fri May 15 02:03:09 2026] DELETE /v2.0/security-groups/2d953691-0e37-4133-aa3c-d2d4454f2dd9 => generated 0 bytes in 165 msecs (HTTP/1.1 204) 2 headers in 112 bytes (1 switches on core 0)
2026-05-15 02:03:10.133 7 INFO neutron.db.ovn_revision_numbers_db [None req-358c1c25-d179-4a4c-b9b3-85ffd3e4146c da50358ac9c0485d9984e662a7b82b54 8e92fd5d716d41b1933c3d32acdc1301 - - default default] Successfully bumped revision number for resource fc64dd89-2152-453e-a1cc-59d8f5cbf3f6 (type: ports) to 1 [pid: 7|app: 0|req: 978/1948] 10.0.0.170 () {34 vars in 670 bytes} [Fri May 15 02:03:09 2026] POST /v2.0/networks => generated 767 bytes in 497 msecs (HTTP/1.1 201) 4 headers in 162 bytes (1 switches on core 0)
2026-05-15 02:03:10.310 7 WARNING neutron.scheduler.dhcp_agent_scheduler [None req-96eb26af-2f8d-45f8-9f55-5994bb51a06e da50358ac9c0485d9984e662a7b82b54 8e92fd5d716d41b1933c3d32acdc1301 - - default default] No more DHCP agents
2026-05-15 02:03:10.312 7 WARNING neutron.api.rpc.agentnotifiers.dhcp_rpc_agent_api [None req-96eb26af-2f8d-45f8-9f55-5994bb51a06e da50358ac9c0485d9984e662a7b82b54 8e92fd5d716d41b1933c3d32acdc1301 - - default default] Unable to schedule network f8a86032-fbf5-4a86-ac4b-5ee251744840: no agents available; will retry on subsequent port and subnet creation events. [pid: 8|app: 0|req: 971/1949] 10.0.0.170 () {32 vars in 740 bytes} [Fri May 15 02:03:10 2026] DELETE /v2.0/security-groups/554f5ee7-2fbd-45c1-a9cb-8796c2fcecb5 => generated 0 bytes in 213 msecs (HTTP/1.1 204) 2 headers in 112 bytes (1 switches on core 0)
2026-05-15 02:03:10.333 8 WARNING neutron.db.securitygroups_db [None req-b9fab103-4e34-4cef-b46a-7e3f38af2f18 cac3d85d95d8416b83c337f544425ca7 88cb37c210d14db39afc497fe68080f9 - - default default] project_id key not found in filters, using tenant_id instead. This support has been deprecated and will be removed in a future release.
2026-05-15 02:03:10.339 8 INFO neutron.services.segments.plugin [-] Segment e9a8cdfa-7ccf-4605-b718-678228830742 resource provider aggregate not found
2026-05-15 02:03:10.357 8 INFO neutron.services.segments.plugin [-] Segment e9a8cdfa-7ccf-4605-b718-678228830742 resource provider aggregate not found
2026-05-15 02:03:10.364 8 INFO neutron.services.segments.plugin [-] Segment e9a8cdfa-7ccf-4605-b718-678228830742 resource provider not found; error: Placement Client Error (4xx): {"errors": [{"status": 404, "title": "Not Found", "detail": "The resource could not be found.\n\n No resource provider with uuid e9a8cdfa-7ccf-4605-b718-678228830742 found for delete ", "request_id": "req-b88d6ab7-0eb1-4a85-a8be-1c8bd9877788"}]}
2026-05-15 02:03:10.376 8 INFO neutron.services.segments.plugin [-] Segment e9a8cdfa-7ccf-4605-b718-678228830742 resource provider not found; error: Placement Client Error (4xx): {"errors": [{"status": 404, "title": "Not Found", "detail": "The resource could not be found.\n\n No resource provider with uuid e9a8cdfa-7ccf-4605-b718-678228830742 found for delete ", "request_id": "req-0bafdf38-943f-428c-829b-9cc117cd5cc4"}]}
2026-05-15 02:03:10.457 8 INFO neutron.db.ovn_revision_numbers_db [None req-b9fab103-4e34-4cef-b46a-7e3f38af2f18 cac3d85d95d8416b83c337f544425ca7 88cb37c210d14db39afc497fe68080f9 - - default default] Successfully bumped revision number for resource 4834aac8-eb4c-4870-ba30-4e467063b539 (type: security_groups) to 1
2026-05-15 02:03:10.467 8 INFO neutron.db.ovn_revision_numbers_db [None req-b9fab103-4e34-4cef-b46a-7e3f38af2f18 cac3d85d95d8416b83c337f544425ca7 88cb37c210d14db39afc497fe68080f9 - - default default] Successfully bumped revision number for resource 61d33340-0c6a-4a2d-89a4-1389f21388fb (type: security_group_rules) to 0
2026-05-15 02:03:10.481 8 INFO neutron.db.ovn_revision_numbers_db [None req-b9fab103-4e34-4cef-b46a-7e3f38af2f18 cac3d85d95d8416b83c337f544425ca7 88cb37c210d14db39afc497fe68080f9 - - default default] Successfully bumped revision number for resource 68e5b8e5-36d3-498e-9ad2-ecbf76922821 (type: security_group_rules) to 0
2026-05-15 02:03:10.492 8 INFO neutron.db.ovn_revision_numbers_db [None req-b9fab103-4e34-4cef-b46a-7e3f38af2f18 cac3d85d95d8416b83c337f544425ca7 88cb37c210d14db39afc497fe68080f9 - - default default] Successfully bumped revision number for resource 6c526a7e-828e-40bd-8b87-d876432fa889 (type: security_group_rules) to 0
2026-05-15 02:03:10.508 8 INFO neutron.db.ovn_revision_numbers_db [None req-b9fab103-4e34-4cef-b46a-7e3f38af2f18 cac3d85d95d8416b83c337f544425ca7 88cb37c210d14db39afc497fe68080f9 - - default default] Successfully bumped revision number for resource b6003d3d-0543-49bd-a778-17bb17cf48cf (type: security_group_rules) to 0 [pid: 8|app: 0|req: 972/1950] 10.0.0.170 () {32 vars in 774 bytes} [Fri May 15 02:03:10 2026] GET /v2.0/security-groups?tenant_id=7566e6f06dd74958aaf5f171c1e55701&name=default => generated 2925 bytes in 232 msecs (HTTP/1.1 200) 4 headers in 158 bytes (1 switches on core 0) [pid: 8|app: 0|req: 973/1951] 10.0.0.170 () {32 vars in 740 bytes} [Fri May 15 02:03:10 2026] DELETE /v2.0/security-groups/4834aac8-eb4c-4870-ba30-4e467063b539 => generated 0 bytes in 173 msecs (HTTP/1.1 204) 2 headers in 112 bytes (1 switches on core 0)
2026-05-15 02:03:10.750 7 INFO neutron.db.ovn_revision_numbers_db [None req-96eb26af-2f8d-45f8-9f55-5994bb51a06e da50358ac9c0485d9984e662a7b82b54 8e92fd5d716d41b1933c3d32acdc1301 - - default default] Successfully bumped revision number for resource fc64dd89-2152-453e-a1cc-59d8f5cbf3f6 (type: ports) to 2
2026-05-15 02:03:10.780 7 INFO neutron.db.ovn_revision_numbers_db [None req-96eb26af-2f8d-45f8-9f55-5994bb51a06e da50358ac9c0485d9984e662a7b82b54 8e92fd5d716d41b1933c3d32acdc1301 - - default default] Successfully bumped revision number for resource 6db4f117-9356-423f-a861-e18256aa59a1 (type: subnets) to 0 [pid: 7|app: 0|req: 979/1952] 10.0.0.170 () {34 vars in 669 bytes} [Fri May 15 02:03:10 2026] POST /v2.0/subnets => generated 647 bytes in 628 msecs (HTTP/1.1 201) 4 headers in 162 bytes (1 switches on core 0)
2026-05-15 02:03:10.804 8 WARNING neutron.api.v2.base [None req-6854d727-f83a-4381-be28-3838c5b3be72 da50358ac9c0485d9984e662a7b82b54 8e92fd5d716d41b1933c3d32acdc1301 - - default default] An exception happened while processing the request body. The exception message is [Invalid input for target_tenant. Reason: '1234123412341234123412341234123412341234123412341234123412341234123412341234123412341234123412341234123412341234123412341234123412341234123412341234123412341234123412341234123412341234123412341234123412341234123412341234123412341234123412341234123412341234123412341234123412341234123412341234123412341234123412341234123412341234123412341234123412341234123412341234123412341234123412341234123412341234' exceeds maximum length of 255.].: webob.exc.HTTPBadRequest: Invalid input for target_tenant. Reason: '1234123412341234123412341234123412341234123412341234123412341234123412341234123412341234123412341234123412341234123412341234123412341234123412341234123412341234123412341234123412341234123412341234123412341234123412341234123412341234123412341234123412341234123412341234123412341234123412341234123412341234123412341234123412341234123412341234123412341234123412341234123412341234123412341234123412341234' exceeds maximum length of 255.
2026-05-15 02:03:10.805 8 INFO neutron.api.v2.resource [None req-6854d727-f83a-4381-be28-3838c5b3be72 da50358ac9c0485d9984e662a7b82b54 8e92fd5d716d41b1933c3d32acdc1301 - - default default] create failed (client error): Invalid input for target_tenant. Reason: '1234123412341234123412341234123412341234123412341234123412341234123412341234123412341234123412341234123412341234123412341234123412341234123412341234123412341234123412341234123412341234123412341234123412341234123412341234123412341234123412341234123412341234123412341234123412341234123412341234123412341234123412341234123412341234123412341234123412341234123412341234123412341234123412341234123412341234' exceeds maximum length of 255. [pid: 8|app: 0|req: 974/1953] 10.0.0.170 () {34 vars in 681 bytes} [Fri May 15 02:03:10 2026] POST /v2.0/rbac-policies => generated 547 bytes in 7 msecs (HTTP/1.1 400) 4 headers in 166 bytes (1 switches on core 0)
2026-05-15 02:03:10.959 7 INFO neutron_taas.services.taas.taas_plugin [None req-8ee91ad5-3fd7-4567-80f0-0413cbca6eb3 da50358ac9c0485d9984e662a7b82b54 8e92fd5d716d41b1933c3d32acdc1301 - - default default] TaaS: Handle Delete Port: fc64dd89-2152-453e-a1cc-59d8f5cbf3f6
2026-05-15 02:03:10.962 7 INFO neutron_taas.services.taas.tap_mirror_plugin [None req-8ee91ad5-3fd7-4567-80f0-0413cbca6eb3 da50358ac9c0485d9984e662a7b82b54 8e92fd5d716d41b1933c3d32acdc1301 - - default default] Tap Mirror: Handle Delete Port: fc64dd89-2152-453e-a1cc-59d8f5cbf3f6
2026-05-15 02:03:11.257 7 INFO neutron.services.segments.plugin [-] Segment aef42007-b8be-4356-b1cd-ee6aff9d467d resource provider aggregate not found
2026-05-15 02:03:11.262 7 INFO neutron.services.segments.plugin [-] Segment aef42007-b8be-4356-b1cd-ee6aff9d467d resource provider aggregate not found
2026-05-15 02:03:11.276 7 INFO neutron.services.segments.plugin [-] Segment aef42007-b8be-4356-b1cd-ee6aff9d467d resource provider not found; error: Placement Client Error (4xx): {"errors": [{"status": 404, "title": "Not Found", "detail": "The resource could not be found.\n\n No resource provider with uuid aef42007-b8be-4356-b1cd-ee6aff9d467d found for delete ", "request_id": "req-4bf79e5f-7de2-4ac8-8bfe-77d87eb699ea"}]}
2026-05-15 02:03:11.282 7 INFO neutron.services.segments.plugin [-] Segment aef42007-b8be-4356-b1cd-ee6aff9d467d resource provider not found; error: Placement Client Error (4xx): {"errors": [{"status": 404, "title": "Not Found", "detail": "The resource could not be found.\n\n No resource provider with uuid aef42007-b8be-4356-b1cd-ee6aff9d467d found for delete ", "request_id": "req-ccd66e65-3548-48f0-a790-76b68aae0048"}]} [pid: 7|app: 0|req: 980/1954] 10.0.0.170 () {32 vars in 726 bytes} [Fri May 15 02:03:10 2026] DELETE /v2.0/networks/f8a86032-fbf5-4a86-ac4b-5ee251744840 => generated 0 bytes in 503 msecs (HTTP/1.1 204) 3 headers in 131 bytes (1 switches on core 0)
2026-05-15 02:03:11.402 8 INFO neutron.db.segments_db [None req-02f33703-b79a-4c79-87f4-4a5bf4bbb0a8 da50358ac9c0485d9984e662a7b82b54 8e92fd5d716d41b1933c3d32acdc1301 - - default default] Added segment 4dcf5b71-d8fd-4f26-9830-44d442a832c7 of type geneve for network ca656ba2-1293-46f5-ba9b-e1ec41deca22
2026-05-15 02:03:11.505 8 INFO neutron.db.ovn_revision_numbers_db [None req-02f33703-b79a-4c79-87f4-4a5bf4bbb0a8 da50358ac9c0485d9984e662a7b82b54 8e92fd5d716d41b1933c3d32acdc1301 - - default default] Successfully bumped revision number for resource ca656ba2-1293-46f5-ba9b-e1ec41deca22 (type: networks) to 1
2026-05-15 02:03:11.665 8 WARNING neutron.scheduler.dhcp_agent_scheduler [None req-02f33703-b79a-4c79-87f4-4a5bf4bbb0a8 da50358ac9c0485d9984e662a7b82b54 8e92fd5d716d41b1933c3d32acdc1301 - - default default] No more DHCP agents
2026-05-15 02:03:11.666 8 WARNING neutron.api.rpc.agentnotifiers.dhcp_rpc_agent_api [None req-02f33703-b79a-4c79-87f4-4a5bf4bbb0a8 da50358ac9c0485d9984e662a7b82b54 8e92fd5d716d41b1933c3d32acdc1301 - - default default] Unable to schedule network ca656ba2-1293-46f5-ba9b-e1ec41deca22: no agents available; will retry on subsequent port and subnet creation events.
2026-05-15 02:03:11.745 8 INFO neutron.db.ovn_revision_numbers_db [None req-02f33703-b79a-4c79-87f4-4a5bf4bbb0a8 da50358ac9c0485d9984e662a7b82b54 8e92fd5d716d41b1933c3d32acdc1301 - - default default] Successfully bumped revision number for resource 233a90cd-73d5-4bfd-aeb5-e7c138bd342b (type: ports) to 1
2026-05-15 02:03:11.747 7 INFO neutron.plugins.ml2.drivers.ovn.mech_driver.mech_driver [None req-ebe890ca-e25b-45cf-b4ac-08ed41b2262b - - - - - -] OVN reports status down for port: 233a90cd-73d5-4bfd-aeb5-e7c138bd342b [pid: 8|app: 0|req: 975/1955] 10.0.0.170 () {34 vars in 670 bytes} [Fri May 15 02:03:11 2026] POST /v2.0/networks => generated 768 bytes in 449 msecs (HTTP/1.1 201) 4 headers in 162 bytes (1 switches on core 0)
2026-05-15 02:03:11.881 7 INFO neutron_taas.services.taas.taas_plugin [None req-fd11b70f-941e-400e-9861-4bc45aefd3d4 cac3d85d95d8416b83c337f544425ca7 88cb37c210d14db39afc497fe68080f9 - - default default] TaaS: Handle Delete Port: 7d043bc8-e891-427b-a6ed-ee3e40db2723
2026-05-15 02:03:11.885 7 INFO neutron_taas.services.taas.tap_mirror_plugin [None req-fd11b70f-941e-400e-9861-4bc45aefd3d4 cac3d85d95d8416b83c337f544425ca7 88cb37c210d14db39afc497fe68080f9 - - default default] Tap Mirror: Handle Delete Port: 7d043bc8-e891-427b-a6ed-ee3e40db2723
2026-05-15 02:03:11.927 8 WARNING neutron.scheduler.dhcp_agent_scheduler [None req-017ff0a8-8d71-41ff-b422-742b727e6d9c da50358ac9c0485d9984e662a7b82b54 8e92fd5d716d41b1933c3d32acdc1301 - - default default] No more DHCP agents
2026-05-15 02:03:11.928 8 WARNING neutron.api.rpc.agentnotifiers.dhcp_rpc_agent_api [None req-017ff0a8-8d71-41ff-b422-742b727e6d9c da50358ac9c0485d9984e662a7b82b54 8e92fd5d716d41b1933c3d32acdc1301 - - default default] Unable to schedule network ca656ba2-1293-46f5-ba9b-e1ec41deca22: no agents available; will retry on subsequent port and subnet creation events.
2026-05-15 02:03:12.416 8 INFO neutron.db.ovn_revision_numbers_db [None req-017ff0a8-8d71-41ff-b422-742b727e6d9c da50358ac9c0485d9984e662a7b82b54 8e92fd5d716d41b1933c3d32acdc1301 - - default default] Successfully bumped revision number for resource 233a90cd-73d5-4bfd-aeb5-e7c138bd342b (type: ports) to 2
2026-05-15 02:03:12.452 8 INFO neutron.db.ovn_revision_numbers_db [None req-017ff0a8-8d71-41ff-b422-742b727e6d9c da50358ac9c0485d9984e662a7b82b54 8e92fd5d716d41b1933c3d32acdc1301 - - default default] Successfully bumped revision number for resource c84c7535-9acc-4819-9d2e-48c7ae530655 (type: subnets) to 0 [pid: 8|app: 0|req: 976/1956] 10.0.0.170 () {34 vars in 669 bytes} [Fri May 15 02:03:11 2026] POST /v2.0/subnets => generated 647 bytes in 694 msecs (HTTP/1.1 201) 4 headers in 162 bytes (1 switches on core 0) [pid: 8|app: 0|req: 977/1957] 10.0.0.170 () {34 vars in 681 bytes} [Fri May 15 02:03:12 2026] POST /v2.0/rbac-policies => generated 324 bytes in 201 msecs (HTTP/1.1 201) 4 headers in 162 bytes (1 switches on core 0) [pid: 7|app: 0|req: 981/1958] 10.0.0.170 () {34 vars in 789 bytes} [Fri May 15 02:03:11 2026] PUT /v2.0/routers/af3d65e0-7ed5-4f0e-8f46-4c0507515bfb/remove_router_interface => generated 310 bytes in 1468 msecs (HTTP/1.1 200) 4 headers in 157 bytes (1 switches on core 0) /var/lib/openstack/lib/python3.12/site-packages/pycadf/identifier.py:70: UserWarning: Invalid uuid: neutron. To ensure interoperability, identifiers should be a valid uuid. warnings.warn(('Invalid uuid: %s. To ensure interoperability, '
2026-05-15 02:03:13.296 8 INFO neutron_taas.services.taas.taas_plugin [None req-c879c1cd-35be-4747-946d-14c2c9e6074d cac3d85d95d8416b83c337f544425ca7 88cb37c210d14db39afc497fe68080f9 - - default default] TaaS: Handle Delete Port: 9c62cf77-1b84-4514-9212-0b5513f4c6c9
2026-05-15 02:03:13.299 8 INFO neutron_taas.services.taas.tap_mirror_plugin [None req-c879c1cd-35be-4747-946d-14c2c9e6074d cac3d85d95d8416b83c337f544425ca7 88cb37c210d14db39afc497fe68080f9 - - default default] Tap Mirror: Handle Delete Port: 9c62cf77-1b84-4514-9212-0b5513f4c6c9 [pid: 7|app: 0|req: 982/1959] 10.0.0.170 () {32 vars in 723 bytes} [Fri May 15 02:03:13 2026] GET /v2.0/networks/ca656ba2-1293-46f5-ba9b-e1ec41deca22 => generated 693 bytes in 263 msecs (HTTP/1.1 200) 4 headers in 157 bytes (1 switches on core 0) [pid: 8|app: 0|req: 978/1960] 10.0.0.170 () {32 vars in 724 bytes} [Fri May 15 02:03:12 2026] DELETE /v2.0/routers/af3d65e0-7ed5-4f0e-8f46-4c0507515bfb => generated 0 bytes in 686 msecs (HTTP/1.1 204) 2 headers in 112 bytes (1 switches on core 0)
2026-05-15 02:03:13.790 8 INFO neutron.pecan_wsgi.hooks.translation [None req-89bbc4e7-6948-4b50-ba71-dcd6d47640c3 026196e2c9104cde96f5bc97f2fc2625 c7a1a3156c984e52aec48fb89f482d46 - - default default] GET failed (client error): The resource could not be found. [pid: 8|app: 0|req: 979/1961] 10.0.0.170 () {32 vars in 723 bytes} [Fri May 15 02:03:13 2026] GET /v2.0/networks/ca656ba2-1293-46f5-ba9b-e1ec41deca22 => generated 138 bytes in 106 msecs (HTTP/1.1 404) 4 headers in 164 bytes (1 switches on core 0) [pid: 7|app: 0|req: 983/1962] 10.0.0.170 () {32 vars in 724 bytes} [Fri May 15 02:03:13 2026] DELETE /v2.0/subnets/2f0cb8db-30aa-4189-8ba8-58484b05579d => generated 0 bytes in 168 msecs (HTTP/1.1 204) 3 headers in 131 bytes (1 switches on core 0)
2026-05-15 02:03:13.919 8 INFO neutron_taas.services.taas.taas_plugin [None req-e3dad433-af2d-4c48-abd6-44db182d662e da50358ac9c0485d9984e662a7b82b54 8e92fd5d716d41b1933c3d32acdc1301 - - default default] TaaS: Handle Delete Port: 233a90cd-73d5-4bfd-aeb5-e7c138bd342b
2026-05-15 02:03:13.921 8 INFO neutron_taas.services.taas.tap_mirror_plugin [None req-e3dad433-af2d-4c48-abd6-44db182d662e da50358ac9c0485d9984e662a7b82b54 8e92fd5d716d41b1933c3d32acdc1301 - - default default] Tap Mirror: Handle Delete Port: 233a90cd-73d5-4bfd-aeb5-e7c138bd342b
2026-05-15 02:03:13.950 7 INFO neutron_taas.services.taas.taas_plugin [None req-5790a751-af26-452d-8648-19b020807804 cac3d85d95d8416b83c337f544425ca7 88cb37c210d14db39afc497fe68080f9 - - default default] TaaS: Handle Delete Port: 420d7dfd-5c55-4850-8793-d70438383add
2026-05-15 02:03:13.953 7 INFO neutron_taas.services.taas.tap_mirror_plugin [None req-5790a751-af26-452d-8648-19b020807804 cac3d85d95d8416b83c337f544425ca7 88cb37c210d14db39afc497fe68080f9 - - default default] Tap Mirror: Handle Delete Port: 420d7dfd-5c55-4850-8793-d70438383add
2026-05-15 02:03:14.172 7 INFO neutron.services.segments.plugin [-] Segment b29d4644-af85-4a07-abca-c548cfc231e9 resource provider aggregate not found
2026-05-15 02:03:14.175 7 INFO neutron.services.segments.plugin [-] Segment b29d4644-af85-4a07-abca-c548cfc231e9 resource provider aggregate not found
2026-05-15 02:03:14.196 7 INFO neutron.services.segments.plugin [-] Segment b29d4644-af85-4a07-abca-c548cfc231e9 resource provider not found; error: Placement Client Error (4xx): {"errors": [{"status": 404, "title": "Not Found", "detail": "The resource could not be found.\n\n No resource provider with uuid b29d4644-af85-4a07-abca-c548cfc231e9 found for delete ", "request_id": "req-cc15ec6c-209e-40d0-8689-83443de4c874"}]}
2026-05-15 02:03:14.197 7 INFO neutron.services.segments.plugin [-] Segment b29d4644-af85-4a07-abca-c548cfc231e9 resource provider not found; error: Placement Client Error (4xx): {"errors": [{"status": 404, "title": "Not Found", "detail": "The resource could not be found.\n\n No resource provider with uuid b29d4644-af85-4a07-abca-c548cfc231e9 found for delete ", "request_id": "req-35d05a28-8b36-4613-b096-fab346db02ed"}]}
2026-05-15 02:03:14.201 8 INFO neutron.services.segments.plugin [-] Segment 4dcf5b71-d8fd-4f26-9830-44d442a832c7 resource provider aggregate not found
2026-05-15 02:03:14.205 8 INFO neutron.services.segments.plugin [-] Segment 4dcf5b71-d8fd-4f26-9830-44d442a832c7 resource provider aggregate not found
2026-05-15 02:03:14.230 8 INFO neutron.services.segments.plugin [-] Segment 4dcf5b71-d8fd-4f26-9830-44d442a832c7 resource provider not found; error: Placement Client Error (4xx): {"errors": [{"status": 404, "title": "Not Found", "detail": "The resource could not be found.\n\n No resource provider with uuid 4dcf5b71-d8fd-4f26-9830-44d442a832c7 found for delete ", "request_id": "req-d267820c-6b9e-4f12-8084-a0c596c3327c"}]} [pid: 7|app: 0|req: 984/1963] 10.0.0.170 () {32 vars in 726 bytes} [Fri May 15 02:03:13 2026] DELETE /v2.0/networks/3a0cf767-b63a-457b-a730-7e60228586a7 => generated 0 bytes in 388 msecs (HTTP/1.1 204) 3 headers in 131 bytes (1 switches on core 0)
2026-05-15 02:03:14.236 8 INFO neutron.services.segments.plugin [-] Segment 4dcf5b71-d8fd-4f26-9830-44d442a832c7 resource provider not found; error: Placement Client Error (4xx): {"errors": [{"status": 404, "title": "Not Found", "detail": "The resource could not be found.\n\n No resource provider with uuid 4dcf5b71-d8fd-4f26-9830-44d442a832c7 found for delete ", "request_id": "req-e9c42a62-d0d2-4e08-b192-f68b19001f9a"}]} [pid: 8|app: 0|req: 980/1964] 10.0.0.170 () {32 vars in 726 bytes} [Fri May 15 02:03:13 2026] DELETE /v2.0/networks/ca656ba2-1293-46f5-ba9b-e1ec41deca22 => generated 0 bytes in 461 msecs (HTTP/1.1 204) 3 headers in 131 bytes (1 switches on core 0)
2026-05-15 02:03:14.273 8 INFO neutron.pecan_wsgi.hooks.translation [None req-0202c980-50b8-42f4-ae87-7dfba26e6317 da50358ac9c0485d9984e662a7b82b54 8e92fd5d716d41b1933c3d32acdc1301 - - default default] DELETE failed (client error): The resource could not be found. [pid: 8|app: 0|req: 981/1965] 10.0.0.170 () {32 vars in 724 bytes} [Fri May 15 02:03:14 2026] DELETE /v2.0/subnets/7788c9c3-513b-44e4-b40f-4b9c64cb98ae => generated 136 bytes in 17 msecs (HTTP/1.1 404) 4 headers in 164 bytes (1 switches on core 0)
2026-05-15 02:03:14.298 8 INFO neutron.pecan_wsgi.hooks.translation [None req-0638e0dc-fa95-4b18-a9d4-d9796c45d93b da50358ac9c0485d9984e662a7b82b54 8e92fd5d716d41b1933c3d32acdc1301 - - default default] DELETE failed (client error): The resource could not be found. [pid: 8|app: 0|req: 982/1966] 10.0.0.170 () {32 vars in 724 bytes} [Fri May 15 02:03:14 2026] DELETE /v2.0/subnets/6db4f117-9356-423f-a861-e18256aa59a1 => generated 136 bytes in 17 msecs (HTTP/1.1 404) 4 headers in 164 bytes (1 switches on core 0)
2026-05-15 02:03:14.319 8 INFO neutron.pecan_wsgi.hooks.translation [None req-5d1d718f-4833-461e-bb5a-a8cbcc6536b0 da50358ac9c0485d9984e662a7b82b54 8e92fd5d716d41b1933c3d32acdc1301 - - default default] DELETE failed (client error): The resource could not be found. [pid: 8|app: 0|req: 983/1967] 10.0.0.170 () {32 vars in 724 bytes} [Fri May 15 02:03:14 2026] DELETE /v2.0/subnets/c84c7535-9acc-4819-9d2e-48c7ae530655 => generated 136 bytes in 15 msecs (HTTP/1.1 404) 4 headers in 164 bytes (1 switches on core 0)
2026-05-15 02:03:14.396 8 WARNING neutron.db.securitygroups_db [None req-8078a571-e989-4665-8ec6-6360d20d0391 cac3d85d95d8416b83c337f544425ca7 88cb37c210d14db39afc497fe68080f9 - - default default] project_id key not found in filters, using tenant_id instead. This support has been deprecated and will be removed in a future release. [pid: 8|app: 0|req: 984/1968] 10.0.0.170 () {32 vars in 774 bytes} [Fri May 15 02:03:14 2026] GET /v2.0/security-groups?tenant_id=21c42896f3104a5d92ac66547f128d0d&name=default => generated 2925 bytes in 36 msecs (HTTP/1.1 200) 4 headers in 158 bytes (1 switches on core 0)
2026-05-15 02:03:14.427 7 INFO neutron.db.ovn_revision_numbers_db [None req-a65947b4-3eff-48dd-ba76-9846da11ca82 071b6882ebb94cf1a228478efa8df397 a7b818ebfa82435a89bcc101f87d056e - - default default] Successfully bumped revision number for resource d4da155b-e054-4b35-8e0c-6ac5699e08f1 (type: security_groups) to 1
2026-05-15 02:03:14.438 7 INFO neutron.db.ovn_revision_numbers_db [None req-a65947b4-3eff-48dd-ba76-9846da11ca82 071b6882ebb94cf1a228478efa8df397 a7b818ebfa82435a89bcc101f87d056e - - default default] Successfully bumped revision number for resource 41db94bc-be36-42ac-94a7-cfe7554c1b70 (type: security_group_rules) to 0
2026-05-15 02:03:14.449 7 INFO neutron.db.ovn_revision_numbers_db [None req-a65947b4-3eff-48dd-ba76-9846da11ca82 071b6882ebb94cf1a228478efa8df397 a7b818ebfa82435a89bcc101f87d056e - - default default] Successfully bumped revision number for resource 93d17c5d-8c42-4465-b7a1-9384e22cd765 (type: security_group_rules) to 0
2026-05-15 02:03:14.461 7 INFO neutron.db.ovn_revision_numbers_db [None req-a65947b4-3eff-48dd-ba76-9846da11ca82 071b6882ebb94cf1a228478efa8df397 a7b818ebfa82435a89bcc101f87d056e - - default default] Successfully bumped revision number for resource d81b23c7-1ec0-4a21-8b40-d44a8a0b5c25 (type: security_group_rules) to 0
2026-05-15 02:03:14.472 7 INFO neutron.db.ovn_revision_numbers_db [None req-a65947b4-3eff-48dd-ba76-9846da11ca82 071b6882ebb94cf1a228478efa8df397 a7b818ebfa82435a89bcc101f87d056e - - default default] Successfully bumped revision number for resource ee424b69-a8c9-493e-95d0-bc2b4b50ebf2 (type: security_group_rules) to 0
