2026-05-15 02:02:26.709 7 INFO neutron.db.ovn_revision_numbers_db [None req-ac593248-1b8c-482a-9057-0518628477b8 cac3d85d95d8416b83c337f544425ca7 88cb37c210d14db39afc497fe68080f9 - - default default] Successfully bumped revision number for resource fb0717d5-d0bf-40e1-bc90-36ce7efdc794 (type: security_group_rules) to 0
2026-05-15 02:02:26.723 8 INFO neutron.db.ovn_revision_numbers_db [None req-234b12a3-52df-4cd4-a07f-dc353456d48c 20de404c0ea548a6a7a84b74e70ce13e b2ae8f5e95434cd2a67babdc7c0c8fac - - default default] Successfully bumped revision number for resource 3e2adcf8-61a8-46b4-98f8-210f6cb91802 (type: ports) to 1 [pid: 7|app: 0|req: 859/1652] 10.0.0.170 () {32 vars in 774 bytes} [Fri May 15 02:02:26 2026] GET /v2.0/security-groups?tenant_id=8d91f600cb1a44b88972102b26624c5a&name=default => generated 2925 bytes in 442 msecs (HTTP/1.1 200) 4 headers in 158 bytes (1 switches on core 0) [pid: 8|app: 0|req: 794/1653] 10.0.0.170 () {34 vars in 670 bytes} [Fri May 15 02:02:26 2026] POST /v2.0/networks => generated 674 bytes in 581 msecs (HTTP/1.1 201) 4 headers in 162 bytes (1 switches on core 0) [pid: 7|app: 0|req: 860/1654] 10.0.0.170 () {32 vars in 740 bytes} [Fri May 15 02:02:26 2026] DELETE /v2.0/security-groups/d0a4d8ed-cade-44b7-b7e7-a06171e3b93a => generated 0 bytes in 178 msecs (HTTP/1.1 204) 2 headers in 112 bytes (1 switches on core 0)
2026-05-15 02:02:26.975 8 WARNING neutron.scheduler.dhcp_agent_scheduler [None req-77423991-ae87-49f2-bfe0-ae5fd722c261 20de404c0ea548a6a7a84b74e70ce13e b2ae8f5e95434cd2a67babdc7c0c8fac - - default default] No more DHCP agents
2026-05-15 02:02:26.976 8 WARNING neutron.api.rpc.agentnotifiers.dhcp_rpc_agent_api [None req-77423991-ae87-49f2-bfe0-ae5fd722c261 20de404c0ea548a6a7a84b74e70ce13e b2ae8f5e95434cd2a67babdc7c0c8fac - - default default] Unable to schedule network b3d99bc3-a297-4b23-af0a-ef0d5c8703f9: no agents available; will retry on subsequent port and subnet creation events.
2026-05-15 02:02:27.004 8 INFO neutron.db.ovn_revision_numbers_db [None req-77423991-ae87-49f2-bfe0-ae5fd722c261 20de404c0ea548a6a7a84b74e70ce13e b2ae8f5e95434cd2a67babdc7c0c8fac - - default default] Successfully bumped revision number for resource 533a7125-ea3b-44c3-af0f-ce902c77cc1c (type: subnets) to 0 [pid: 8|app: 0|req: 795/1655] 10.0.0.170 () {34 vars in 669 bytes} [Fri May 15 02:02:26 2026] POST /v2.0/subnets => generated 646 bytes in 253 msecs (HTTP/1.1 201) 4 headers in 162 bytes (1 switches on core 0)
2026-05-15 02:02:27.101 7 WARNING neutron.db.securitygroups_db [None req-c585316f-d927-490a-9686-e510a3ad9848 cac3d85d95d8416b83c337f544425ca7 88cb37c210d14db39afc497fe68080f9 - - default default] project_id key not found in filters, using tenant_id instead. This support has been deprecated and will be removed in a future release. [pid: 7|app: 0|req: 861/1656] 10.0.0.170 () {32 vars in 774 bytes} [Fri May 15 02:02:26 2026] GET /v2.0/security-groups?tenant_id=4f8b5d48f94646428c6936dea53a015c&name=default => generated 2925 bytes in 185 msecs (HTTP/1.1 200) 4 headers in 158 bytes (1 switches on core 0)
2026-05-15 02:02:27.130 7 WARNING neutron.db.securitygroups_db [None req-09f2aa97-7740-41c4-816a-435698d8674b cac3d85d95d8416b83c337f544425ca7 88cb37c210d14db39afc497fe68080f9 - - default default] project_id key not found in filters, using tenant_id instead. This support has been deprecated and will be removed in a future release.
2026-05-15 02:02:27.254 7 INFO neutron.db.ovn_revision_numbers_db [None req-09f2aa97-7740-41c4-816a-435698d8674b cac3d85d95d8416b83c337f544425ca7 88cb37c210d14db39afc497fe68080f9 - - default default] Successfully bumped revision number for resource 90f525da-b7ca-4d06-8b85-fa8c011f1c67 (type: security_groups) to 1
2026-05-15 02:02:27.266 7 INFO neutron.db.ovn_revision_numbers_db [None req-09f2aa97-7740-41c4-816a-435698d8674b cac3d85d95d8416b83c337f544425ca7 88cb37c210d14db39afc497fe68080f9 - - default default] Successfully bumped revision number for resource b7416397-77e0-4b83-9069-6f8f1f2a39a9 (type: security_group_rules) to 0
2026-05-15 02:02:27.277 7 INFO neutron.db.ovn_revision_numbers_db [None req-09f2aa97-7740-41c4-816a-435698d8674b cac3d85d95d8416b83c337f544425ca7 88cb37c210d14db39afc497fe68080f9 - - default default] Successfully bumped revision number for resource ccc30c3c-4095-4e76-a24d-3d3989698cea (type: security_group_rules) to 0
2026-05-15 02:02:27.289 7 INFO neutron.db.ovn_revision_numbers_db [None req-09f2aa97-7740-41c4-816a-435698d8674b cac3d85d95d8416b83c337f544425ca7 88cb37c210d14db39afc497fe68080f9 - - default default] Successfully bumped revision number for resource e50d3e15-4820-4e33-8e82-326d43e56e86 (type: security_group_rules) to 0
2026-05-15 02:02:27.302 7 INFO neutron.db.ovn_revision_numbers_db [None req-09f2aa97-7740-41c4-816a-435698d8674b cac3d85d95d8416b83c337f544425ca7 88cb37c210d14db39afc497fe68080f9 - - default default] Successfully bumped revision number for resource f14d3de6-6a22-4a4c-ad7a-b3e762115695 (type: security_group_rules) to 0
2026-05-15 02:02:27.324 8 WARNING neutron.scheduler.dhcp_agent_scheduler [None req-d5a6b3be-8776-4d29-8331-b83c8a890c82 20de404c0ea548a6a7a84b74e70ce13e b2ae8f5e95434cd2a67babdc7c0c8fac - - default default] No more DHCP agents
2026-05-15 02:02:27.328 8 WARNING neutron.api.rpc.agentnotifiers.dhcp_rpc_agent_api [None req-d5a6b3be-8776-4d29-8331-b83c8a890c82 20de404c0ea548a6a7a84b74e70ce13e b2ae8f5e95434cd2a67babdc7c0c8fac - - default default] Unable to schedule network b3d99bc3-a297-4b23-af0a-ef0d5c8703f9: no agents available; will retry on subsequent port and subnet creation events. [pid: 7|app: 0|req: 862/1657] 10.0.0.170 () {32 vars in 774 bytes} [Fri May 15 02:02:27 2026] GET /v2.0/security-groups?tenant_id=db975b43f78d42889790106b0ff6f23e&name=default => generated 2925 bytes in 212 msecs (HTTP/1.1 200) 4 headers in 158 bytes (1 switches on core 0)
2026-05-15 02:02:27.415 8 INFO neutron.plugins.ml2.drivers.ovn.mech_driver.mech_driver [None req-448e43c8-106f-448a-a51d-dc87c688aa19 - - - - - -] OVN reports status down for port: d8385057-a9f6-46c0-9411-cbc00e587163
2026-05-15 02:02:27.485 8 INFO neutron.db.ovn_revision_numbers_db [None req-d5a6b3be-8776-4d29-8331-b83c8a890c82 20de404c0ea548a6a7a84b74e70ce13e b2ae8f5e95434cd2a67babdc7c0c8fac - - default default] Successfully bumped revision number for resource d8385057-a9f6-46c0-9411-cbc00e587163 (type: ports) to 1 [pid: 8|app: 0|req: 796/1658] 10.0.0.170 () {34 vars in 665 bytes} [Fri May 15 02:02:27 2026] POST /v2.0/ports => generated 966 bytes in 511 msecs (HTTP/1.1 201) 4 headers in 162 bytes (1 switches on core 0) [pid: 7|app: 0|req: 863/1659] 10.0.0.170 () {32 vars in 740 bytes} [Fri May 15 02:02:27 2026] DELETE /v2.0/security-groups/da1a044f-b0a1-408b-a6ac-59871bdd5ca2 => generated 0 bytes in 202 msecs (HTTP/1.1 204) 2 headers in 112 bytes (1 switches on core 0) /var/lib/openstack/lib/python3.12/site-packages/pycadf/identifier.py:70: UserWarning: Invalid uuid: neutron. To ensure interoperability, identifiers should be a valid uuid. warnings.warn(('Invalid uuid: %s. To ensure interoperability, ' [pid: 7|app: 0|req: 864/1660] 10.0.0.170 () {32 vars in 740 bytes} [Fri May 15 02:02:27 2026] DELETE /v2.0/security-groups/90f525da-b7ca-4d06-8b85-fa8c011f1c67 => generated 0 bytes in 166 msecs (HTTP/1.1 204) 2 headers in 112 bytes (1 switches on core 0)
2026-05-15 02:02:27.803 8 INFO neutron.db.ovn_revision_numbers_db [None req-031a0a30-0d77-4399-803d-fbb99b59b7f8 ac015b6d775e4c33bf854ecbe3adad07 0695f7d07fd347adadd95dceb0d431e4 - - default default] Successfully bumped revision number for resource 98c3c4f7-eb8c-4faf-b897-92503a688107 (type: security_groups) to 1
2026-05-15 02:02:27.814 8 INFO neutron.db.ovn_revision_numbers_db [None req-031a0a30-0d77-4399-803d-fbb99b59b7f8 ac015b6d775e4c33bf854ecbe3adad07 0695f7d07fd347adadd95dceb0d431e4 - - default default] Successfully bumped revision number for resource 11a4ca9a-c3b1-4c29-8282-cd877e7cbb9e (type: security_group_rules) to 0
2026-05-15 02:02:27.826 8 INFO neutron.db.ovn_revision_numbers_db [None req-031a0a30-0d77-4399-803d-fbb99b59b7f8 ac015b6d775e4c33bf854ecbe3adad07 0695f7d07fd347adadd95dceb0d431e4 - - default default] Successfully bumped revision number for resource 4b579bc3-f4c6-4a54-b9f5-f773371c8aa5 (type: security_group_rules) to 0
2026-05-15 02:02:27.836 8 INFO neutron.db.ovn_revision_numbers_db [None req-031a0a30-0d77-4399-803d-fbb99b59b7f8 ac015b6d775e4c33bf854ecbe3adad07 0695f7d07fd347adadd95dceb0d431e4 - - default default] Successfully bumped revision number for resource d6a13fed-2889-4ede-bc7a-54896912bbed (type: security_group_rules) to 0
2026-05-15 02:02:27.849 8 INFO neutron.db.ovn_revision_numbers_db [None req-031a0a30-0d77-4399-803d-fbb99b59b7f8 ac015b6d775e4c33bf854ecbe3adad07 0695f7d07fd347adadd95dceb0d431e4 - - default default] Successfully bumped revision number for resource e3b9de63-5c7e-4a40-bed5-31875ba028d7 (type: security_group_rules) to 0
2026-05-15 02:02:27.908 7 INFO neutron_taas.services.taas.taas_plugin [None req-4d55a466-d26d-4f44-aea8-898ad90b10c6 20de404c0ea548a6a7a84b74e70ce13e b2ae8f5e95434cd2a67babdc7c0c8fac - - default default] TaaS: Handle Delete Port: d8385057-a9f6-46c0-9411-cbc00e587163
2026-05-15 02:02:27.911 7 INFO neutron_taas.services.taas.tap_mirror_plugin [None req-4d55a466-d26d-4f44-aea8-898ad90b10c6 20de404c0ea548a6a7a84b74e70ce13e b2ae8f5e95434cd2a67babdc7c0c8fac - - default default] Tap Mirror: Handle Delete Port: d8385057-a9f6-46c0-9411-cbc00e587163
2026-05-15 02:02:27.984 8 INFO neutron.db.ovn_revision_numbers_db [None req-031a0a30-0d77-4399-803d-fbb99b59b7f8 ac015b6d775e4c33bf854ecbe3adad07 0695f7d07fd347adadd95dceb0d431e4 - - default default] Successfully bumped revision number for resource 428e7c15-54bd-486c-90e5-0d122e43aedf (type: security_groups) to 1
2026-05-15 02:02:28.009 8 INFO neutron.db.ovn_revision_numbers_db [None req-031a0a30-0d77-4399-803d-fbb99b59b7f8 ac015b6d775e4c33bf854ecbe3adad07 0695f7d07fd347adadd95dceb0d431e4 - - default default] Successfully bumped revision number for resource 28153f0f-1586-45be-9711-1b318c76d6e5 (type: security_group_rules) to 0
2026-05-15 02:02:28.024 8 INFO neutron.db.ovn_revision_numbers_db [None req-031a0a30-0d77-4399-803d-fbb99b59b7f8 ac015b6d775e4c33bf854ecbe3adad07 0695f7d07fd347adadd95dceb0d431e4 - - default default] Successfully bumped revision number for resource 3abfce42-7571-48de-b917-9188c7137491 (type: security_group_rules) to 0 [pid: 8|app: 0|req: 797/1661] 10.0.0.170 () {34 vars in 684 bytes} [Fri May 15 02:02:27 2026] POST /v2.0/security-groups => generated 1624 bytes in 558 msecs (HTTP/1.1 201) 4 headers in 163 bytes (1 switches on core 0) [pid: 7|app: 0|req: 865/1662] 10.0.0.170 () {32 vars in 720 bytes} [Fri May 15 02:02:27 2026] DELETE /v2.0/ports/d8385057-a9f6-46c0-9411-cbc00e587163 => generated 0 bytes in 393 msecs (HTTP/1.1 204) 3 headers in 131 bytes (1 switches on core 0)
2026-05-15 02:02:28.127 7 INFO neutron.pecan_wsgi.hooks.translation [None req-9bf516fb-04bb-41f3-b2a2-2ccdd8b4aa6f 20de404c0ea548a6a7a84b74e70ce13e b2ae8f5e95434cd2a67babdc7c0c8fac - - default default] DELETE failed (client error): The resource could not be found. [pid: 7|app: 0|req: 866/1663] 10.0.0.170 () {32 vars in 720 bytes} [Fri May 15 02:02:28 2026] DELETE /v2.0/ports/d8385057-a9f6-46c0-9411-cbc00e587163 => generated 132 bytes in 22 msecs (HTTP/1.1 404) 4 headers in 164 bytes (1 switches on core 0)
2026-05-15 02:02:28.156 7 INFO neutron.pecan_wsgi.hooks.translation [None req-3fcb8d72-7b01-495d-a849-ddd43d7fcd34 20de404c0ea548a6a7a84b74e70ce13e b2ae8f5e95434cd2a67babdc7c0c8fac - - default default] GET failed (client error): The resource could not be found. [pid: 7|app: 0|req: 867/1664] 10.0.0.170 () {32 vars in 717 bytes} [Fri May 15 02:02:28 2026] GET /v2.0/ports/d8385057-a9f6-46c0-9411-cbc00e587163 => generated 132 bytes in 20 msecs (HTTP/1.1 404) 4 headers in 164 bytes (1 switches on core 0) [pid: 8|app: 0|req: 798/1665] 10.0.0.170 () {32 vars in 663 bytes} [Fri May 15 02:02:28 2026] GET /v2.0/security-groups => generated 4529 bytes in 66 msecs (HTTP/1.1 200) 4 headers in 158 bytes (1 switches on core 0)
2026-05-15 02:02:28.273 8 INFO neutron.db.ovn_revision_numbers_db [None req-e08f8df0-bca7-49d4-9b71-451fc5a7d2b4 ac015b6d775e4c33bf854ecbe3adad07 0695f7d07fd347adadd95dceb0d431e4 - - default default] Successfully bumped revision number for resource 428e7c15-54bd-486c-90e5-0d122e43aedf (type: security_groups) to 2 [pid: 8|app: 0|req: 799/1666] 10.0.0.170 () {34 vars in 758 bytes} [Fri May 15 02:02:28 2026] PUT /v2.0/security-groups/428e7c15-54bd-486c-90e5-0d122e43aedf => generated 1664 bytes in 129 msecs (HTTP/1.1 200) 4 headers in 158 bytes (1 switches on core 0) [pid: 8|app: 0|req: 800/1667] 10.0.0.170 () {32 vars in 737 bytes} [Fri May 15 02:02:28 2026] GET /v2.0/security-groups/428e7c15-54bd-486c-90e5-0d122e43aedf => generated 1664 bytes in 34 msecs (HTTP/1.1 200) 4 headers in 158 bytes (1 switches on core 0) [pid: 7|app: 0|req: 868/1668] 10.0.0.170 () {32 vars in 724 bytes} [Fri May 15 02:02:28 2026] DELETE /v2.0/subnets/533a7125-ea3b-44c3-af0f-ce902c77cc1c => generated 0 bytes in 185 msecs (HTTP/1.1 204) 3 headers in 131 bytes (1 switches on core 0) [pid: 8|app: 0|req: 801/1669] 10.0.0.170 () {32 vars in 740 bytes} [Fri May 15 02:02:28 2026] DELETE /v2.0/security-groups/428e7c15-54bd-486c-90e5-0d122e43aedf => generated 0 bytes in 149 msecs (HTTP/1.1 204) 2 headers in 112 bytes (1 switches on core 0)
2026-05-15 02:02:28.500 7 INFO neutron_taas.services.taas.taas_plugin [None req-f68d7dc9-efb3-4da4-9952-cf641211d82a 20de404c0ea548a6a7a84b74e70ce13e b2ae8f5e95434cd2a67babdc7c0c8fac - - default default] TaaS: Handle Delete Port: 3e2adcf8-61a8-46b4-98f8-210f6cb91802
2026-05-15 02:02:28.504 7 INFO neutron_taas.services.taas.tap_mirror_plugin [None req-f68d7dc9-efb3-4da4-9952-cf641211d82a 20de404c0ea548a6a7a84b74e70ce13e b2ae8f5e95434cd2a67babdc7c0c8fac - - default default] Tap Mirror: Handle Delete Port: 3e2adcf8-61a8-46b4-98f8-210f6cb91802 [pid: 8|app: 0|req: 802/1670] 10.0.0.170 () {32 vars in 663 bytes} [Fri May 15 02:02:28 2026] GET /v2.0/security-groups => generated 2925 bytes in 33 msecs (HTTP/1.1 200) 4 headers in 158 bytes (1 switches on core 0)
2026-05-15 02:02:28.554 8 INFO neutron.api.v2.resource [None req-faaa3751-f4de-4e06-adf6-ef0ac1e1db7f ac015b6d775e4c33bf854ecbe3adad07 0695f7d07fd347adadd95dceb0d431e4 - - default default] delete failed (client error): The resource could not be found. [pid: 8|app: 0|req: 803/1671] 10.0.0.170 () {32 vars in 740 bytes} [Fri May 15 02:02:28 2026] DELETE /v2.0/security-groups/428e7c15-54bd-486c-90e5-0d122e43aedf => generated 146 bytes in 13 msecs (HTTP/1.1 404) 4 headers in 164 bytes (1 switches on core 0)
2026-05-15 02:02:28.690 8 INFO neutron.db.ovn_revision_numbers_db [None req-13f5f86f-4af9-4b0b-b011-ccda3d95f35a ac015b6d775e4c33bf854ecbe3adad07 0695f7d07fd347adadd95dceb0d431e4 - - default default] Successfully bumped revision number for resource 6092f085-cef8-4f14-9f35-db28be39bdff (type: security_groups) to 1
2026-05-15 02:02:28.691 7 INFO neutron.services.segments.plugin [-] Segment cfc5a296-62dd-4b1e-8718-8f2941b98662 resource provider aggregate not found
2026-05-15 02:02:28.695 7 INFO neutron.services.segments.plugin [-] Segment cfc5a296-62dd-4b1e-8718-8f2941b98662 resource provider aggregate not found
2026-05-15 02:02:28.708 8 INFO neutron.db.ovn_revision_numbers_db [None req-13f5f86f-4af9-4b0b-b011-ccda3d95f35a ac015b6d775e4c33bf854ecbe3adad07 0695f7d07fd347adadd95dceb0d431e4 - - default default] Successfully bumped revision number for resource 06177e51-1357-4382-8d8c-363c9b806c88 (type: security_group_rules) to 0
2026-05-15 02:02:28.715 7 INFO neutron.services.segments.plugin [-] Segment cfc5a296-62dd-4b1e-8718-8f2941b98662 resource provider not found; error: Placement Client Error (4xx): {"errors": [{"status": 404, "title": "Not Found", "detail": "The resource could not be found.\n\n No resource provider with uuid cfc5a296-62dd-4b1e-8718-8f2941b98662 found for delete ", "request_id": "req-cff3b592-90d8-494c-b5f2-cab034348ad2"}]}
2026-05-15 02:02:28.718 7 INFO neutron.services.segments.plugin [-] Segment cfc5a296-62dd-4b1e-8718-8f2941b98662 resource provider not found; error: Placement Client Error (4xx): {"errors": [{"status": 404, "title": "Not Found", "detail": "The resource could not be found.\n\n No resource provider with uuid cfc5a296-62dd-4b1e-8718-8f2941b98662 found for delete ", "request_id": "req-80da2560-807b-4181-93e5-153704805df4"}]}
2026-05-15 02:02:28.722 8 INFO neutron.db.ovn_revision_numbers_db [None req-13f5f86f-4af9-4b0b-b011-ccda3d95f35a ac015b6d775e4c33bf854ecbe3adad07 0695f7d07fd347adadd95dceb0d431e4 - - default default] Successfully bumped revision number for resource 239455e1-514c-480a-bc61-973eae8322b6 (type: security_group_rules) to 0 [pid: 8|app: 0|req: 804/1672] 10.0.0.170 () {34 vars in 684 bytes} [Fri May 15 02:02:28 2026] POST /v2.0/security-groups => generated 1624 bytes in 202 msecs (HTTP/1.1 201) 4 headers in 163 bytes (1 switches on core 0) [pid: 7|app: 0|req: 869/1673] 10.0.0.170 () {32 vars in 726 bytes} [Fri May 15 02:02:28 2026] DELETE /v2.0/networks/b3d99bc3-a297-4b23-af0a-ef0d5c8703f9 => generated 0 bytes in 414 msecs (HTTP/1.1 204) 3 headers in 131 bytes (1 switches on core 0)
2026-05-15 02:02:28.866 7 INFO neutron.db.segments_db [None req-30b0e71f-29fa-4b99-9448-8a59c1a9c06f 20de404c0ea548a6a7a84b74e70ce13e b2ae8f5e95434cd2a67babdc7c0c8fac - - default default] Added segment 6b1ba407-6565-4f12-a149-9f2de431f502 of type geneve for network a042c58e-ab2a-466b-ae45-83d17b8733be
2026-05-15 02:02:28.887 8 INFO neutron.db.ovn_revision_numbers_db [None req-1626004a-6f62-4ea8-89df-88593d5f9702 ac015b6d775e4c33bf854ecbe3adad07 0695f7d07fd347adadd95dceb0d431e4 - - default default] Successfully bumped revision number for resource 01bbcc33-3119-47f7-be89-8a35baf944fe (type: security_group_rules) to 0 [pid: 8|app: 0|req: 805/1674] 10.0.0.170 () {34 vars in 695 bytes} [Fri May 15 02:02:28 2026] POST /v2.0/security-group-rules => generated 601 bytes in 156 msecs (HTTP/1.1 201) 4 headers in 162 bytes (1 switches on core 0) [pid: 8|app: 0|req: 806/1675] 10.0.0.170 () {32 vars in 747 bytes} [Fri May 15 02:02:28 2026] GET /v2.0/security-group-rules/01bbcc33-3119-47f7-be89-8a35baf944fe => generated 601 bytes in 19 msecs (HTTP/1.1 200) 4 headers in 157 bytes (1 switches on core 0)
2026-05-15 02:02:28.971 7 INFO neutron.db.ovn_revision_numbers_db [None req-30b0e71f-29fa-4b99-9448-8a59c1a9c06f 20de404c0ea548a6a7a84b74e70ce13e b2ae8f5e95434cd2a67babdc7c0c8fac - - default default] Successfully bumped revision number for resource a042c58e-ab2a-466b-ae45-83d17b8733be (type: networks) to 1 [pid: 8|app: 0|req: 807/1676] 10.0.0.170 () {32 vars in 673 bytes} [Fri May 15 02:02:28 2026] GET /v2.0/security-group-rules => generated 4138 bytes in 85 msecs (HTTP/1.1 200) 4 headers in 158 bytes (1 switches on core 0)
2026-05-15 02:02:29.166 7 WARNING neutron.scheduler.dhcp_agent_scheduler [None req-30b0e71f-29fa-4b99-9448-8a59c1a9c06f 20de404c0ea548a6a7a84b74e70ce13e b2ae8f5e95434cd2a67babdc7c0c8fac - - default default] No more DHCP agents
2026-05-15 02:02:29.170 7 WARNING neutron.api.rpc.agentnotifiers.dhcp_rpc_agent_api [None req-30b0e71f-29fa-4b99-9448-8a59c1a9c06f 20de404c0ea548a6a7a84b74e70ce13e b2ae8f5e95434cd2a67babdc7c0c8fac - - default default] Unable to schedule network a042c58e-ab2a-466b-ae45-83d17b8733be: no agents available; will retry on subsequent port and subnet creation events. [pid: 8|app: 0|req: 808/1677] 10.0.0.170 () {32 vars in 750 bytes} [Fri May 15 02:02:29 2026] DELETE /v2.0/security-group-rules/01bbcc33-3119-47f7-be89-8a35baf944fe => generated 0 bytes in 136 msecs (HTTP/1.1 204) 2 headers in 112 bytes (1 switches on core 0)
2026-05-15 02:02:29.221 7 INFO neutron.plugins.ml2.drivers.ovn.mech_driver.mech_driver [None req-0a155fc6-0303-4cdd-824f-adb022612d8f - - - - - -] OVN reports status down for port: 66d24ec2-30f9-48c2-94e6-4871bf82c7ef [pid: 8|app: 0|req: 809/1678] 10.0.0.170 () {32 vars in 673 bytes} [Fri May 15 02:02:29 2026] GET /v2.0/security-group-rules => generated 3560 bytes in 75 msecs (HTTP/1.1 200) 4 headers in 158 bytes (1 switches on core 0)
2026-05-15 02:02:29.285 7 INFO neutron.db.ovn_revision_numbers_db [None req-30b0e71f-29fa-4b99-9448-8a59c1a9c06f 20de404c0ea548a6a7a84b74e70ce13e b2ae8f5e95434cd2a67babdc7c0c8fac - - default default] Successfully bumped revision number for resource 66d24ec2-30f9-48c2-94e6-4871bf82c7ef (type: ports) to 1 [pid: 7|app: 0|req: 870/1679] 10.0.0.170 () {34 vars in 670 bytes} [Fri May 15 02:02:28 2026] POST /v2.0/networks => generated 673 bytes in 564 msecs (HTTP/1.1 201) 4 headers in 162 bytes (1 switches on core 0)
2026-05-15 02:02:29.369 8 INFO neutron.db.ovn_revision_numbers_db [None req-33e6cebf-4898-450a-8e96-c7e579239201 ac015b6d775e4c33bf854ecbe3adad07 0695f7d07fd347adadd95dceb0d431e4 - - default default] Successfully bumped revision number for resource e40fb5a7-399e-4057-a8e1-53b9c52cdca7 (type: security_group_rules) to 0 [pid: 8|app: 0|req: 810/1680] 10.0.0.170 () {34 vars in 695 bytes} [Fri May 15 02:02:29 2026] POST /v2.0/security-group-rules => generated 601 bytes in 152 msecs (HTTP/1.1 201) 4 headers in 162 bytes (1 switches on core 0)
2026-05-15 02:02:29.593 8 WARNING neutron.scheduler.dhcp_agent_scheduler [None req-d141d711-4f40-4ff9-8a63-85252f4e028f 20de404c0ea548a6a7a84b74e70ce13e b2ae8f5e95434cd2a67babdc7c0c8fac - - default default] No more DHCP agents
2026-05-15 02:02:29.596 8 WARNING neutron.api.rpc.agentnotifiers.dhcp_rpc_agent_api [None req-d141d711-4f40-4ff9-8a63-85252f4e028f 20de404c0ea548a6a7a84b74e70ce13e b2ae8f5e95434cd2a67babdc7c0c8fac - - default default] Unable to schedule network a042c58e-ab2a-466b-ae45-83d17b8733be: no agents available; will retry on subsequent port and subnet creation events.
2026-05-15 02:02:29.634 8 INFO neutron.db.ovn_revision_numbers_db [None req-d141d711-4f40-4ff9-8a63-85252f4e028f 20de404c0ea548a6a7a84b74e70ce13e b2ae8f5e95434cd2a67babdc7c0c8fac - - default default] Successfully bumped revision number for resource 4b9f3215-409c-4928-b800-0cd8b2137eae (type: subnets) to 0 [pid: 8|app: 0|req: 811/1681] 10.0.0.170 () {34 vars in 669 bytes} [Fri May 15 02:02:29 2026] POST /v2.0/subnets => generated 646 bytes in 239 msecs (HTTP/1.1 201) 4 headers in 162 bytes (1 switches on core 0) [pid: 8|app: 0|req: 812/1682] 10.0.0.170 () {32 vars in 747 bytes} [Fri May 15 02:02:29 2026] GET /v2.0/security-group-rules/e40fb5a7-399e-4057-a8e1-53b9c52cdca7 => generated 601 bytes in 15 msecs (HTTP/1.1 200) 4 headers in 157 bytes (1 switches on core 0)
2026-05-15 02:02:29.721 7 INFO neutron.db.ovn_revision_numbers_db [None req-50945a17-030b-4a61-a461-340f599afe82 65c75bca6c42454d8e4f37ab6a0d68fa 24af420d10f2434bbcb0b46dedc34514 - - default default] Successfully bumped revision number for resource b8e13f2a-99fb-48b8-8270-93e810b953c0 (type: security_groups) to 1
2026-05-15 02:02:29.737 7 INFO neutron.db.ovn_revision_numbers_db [None req-50945a17-030b-4a61-a461-340f599afe82 65c75bca6c42454d8e4f37ab6a0d68fa 24af420d10f2434bbcb0b46dedc34514 - - default default] Successfully bumped revision number for resource 1af0e0e5-f9b2-4051-86cc-510dc433aa7c (type: security_group_rules) to 0
2026-05-15 02:02:29.749 7 INFO neutron.db.ovn_revision_numbers_db [None req-50945a17-030b-4a61-a461-340f599afe82 65c75bca6c42454d8e4f37ab6a0d68fa 24af420d10f2434bbcb0b46dedc34514 - - default default] Successfully bumped revision number for resource 268c1fd3-1433-4b13-9b50-69bf629ebc9d (type: security_group_rules) to 0
2026-05-15 02:02:29.761 7 INFO neutron.db.ovn_revision_numbers_db [None req-50945a17-030b-4a61-a461-340f599afe82 65c75bca6c42454d8e4f37ab6a0d68fa 24af420d10f2434bbcb0b46dedc34514 - - default default] Successfully bumped revision number for resource 85b1bf1b-c52c-429e-bd21-e2d0aff000a4 (type: security_group_rules) to 0
2026-05-15 02:02:29.771 7 INFO neutron.db.ovn_revision_numbers_db [None req-50945a17-030b-4a61-a461-340f599afe82 65c75bca6c42454d8e4f37ab6a0d68fa 24af420d10f2434bbcb0b46dedc34514 - - default default] Successfully bumped revision number for resource d447258a-5ed5-44db-8f97-64afb97a57ea (type: security_group_rules) to 0
2026-05-15 02:02:29.852 7 INFO neutron.db.segments_db [None req-50945a17-030b-4a61-a461-340f599afe82 65c75bca6c42454d8e4f37ab6a0d68fa 24af420d10f2434bbcb0b46dedc34514 - - default default] Added segment daf71209-d8c0-4ecd-bb60-cf47d27b5e91 of type geneve for network c225aa16-eaf0-457a-847b-3c45f46d8a5d
2026-05-15 02:02:29.938 8 WARNING neutron.scheduler.dhcp_agent_scheduler [None req-5e6a84bf-3347-4e9a-81c6-7918da69e2ca 20de404c0ea548a6a7a84b74e70ce13e b2ae8f5e95434cd2a67babdc7c0c8fac - - default default] No more DHCP agents
2026-05-15 02:02:29.939 8 WARNING neutron.api.rpc.agentnotifiers.dhcp_rpc_agent_api [None req-5e6a84bf-3347-4e9a-81c6-7918da69e2ca 20de404c0ea548a6a7a84b74e70ce13e b2ae8f5e95434cd2a67babdc7c0c8fac - - default default] Unable to schedule network a042c58e-ab2a-466b-ae45-83d17b8733be: no agents available; will retry on subsequent port and subnet creation events.
2026-05-15 02:02:29.987 7 INFO neutron.db.ovn_revision_numbers_db [None req-50945a17-030b-4a61-a461-340f599afe82 65c75bca6c42454d8e4f37ab6a0d68fa 24af420d10f2434bbcb0b46dedc34514 - - default default] Successfully bumped revision number for resource c225aa16-eaf0-457a-847b-3c45f46d8a5d (type: networks) to 1
2026-05-15 02:02:30.047 7 INFO neutron.plugins.ml2.drivers.ovn.mech_driver.mech_driver [None req-0a155fc6-0303-4cdd-824f-adb022612d8f - - - - - -] OVN reports status down for port: 13ce810f-8ea5-45a0-8ea8-84ae427660af
2026-05-15 02:02:30.067 8 INFO neutron.db.ovn_revision_numbers_db [None req-5e6a84bf-3347-4e9a-81c6-7918da69e2ca 20de404c0ea548a6a7a84b74e70ce13e b2ae8f5e95434cd2a67babdc7c0c8fac - - default default] Successfully bumped revision number for resource 13ce810f-8ea5-45a0-8ea8-84ae427660af (type: ports) to 1 [pid: 8|app: 0|req: 813/1683] 10.0.0.170 () {34 vars in 665 bytes} [Fri May 15 02:02:29 2026] POST /v2.0/ports => generated 928 bytes in 422 msecs (HTTP/1.1 201) 4 headers in 162 bytes (1 switches on core 0) [pid: 8|app: 0|req: 814/1684] 10.0.0.170 () {32 vars in 673 bytes} [Fri May 15 02:02:30 2026] GET /v2.0/security-group-rules => generated 4138 bytes in 70 msecs (HTTP/1.1 200) 4 headers in 158 bytes (1 switches on core 0)
2026-05-15 02:02:30.237 7 WARNING neutron.scheduler.dhcp_agent_scheduler [None req-50945a17-030b-4a61-a461-340f599afe82 65c75bca6c42454d8e4f37ab6a0d68fa 24af420d10f2434bbcb0b46dedc34514 - - default default] No more DHCP agents
2026-05-15 02:02:30.239 7 WARNING neutron.api.rpc.agentnotifiers.dhcp_rpc_agent_api [None req-50945a17-030b-4a61-a461-340f599afe82 65c75bca6c42454d8e4f37ab6a0d68fa 24af420d10f2434bbcb0b46dedc34514 - - default default] Unable to schedule network c225aa16-eaf0-457a-847b-3c45f46d8a5d: no agents available; will retry on subsequent port and subnet creation events.
2026-05-15 02:02:30.295 7 INFO neutron.plugins.ml2.drivers.ovn.mech_driver.mech_driver [None req-0a155fc6-0303-4cdd-824f-adb022612d8f - - - - - -] OVN reports status down for port: b7d84917-13f2-4dde-b521-a28f4e02cff5
2026-05-15 02:02:30.298 8 INFO neutron_taas.services.taas.taas_plugin [None req-2cb0bbab-62d2-4921-b625-de3f6010e942 20de404c0ea548a6a7a84b74e70ce13e b2ae8f5e95434cd2a67babdc7c0c8fac - - default default] TaaS: Handle Delete Port: 13ce810f-8ea5-45a0-8ea8-84ae427660af
2026-05-15 02:02:30.301 8 INFO neutron_taas.services.taas.tap_mirror_plugin [None req-2cb0bbab-62d2-4921-b625-de3f6010e942 20de404c0ea548a6a7a84b74e70ce13e b2ae8f5e95434cd2a67babdc7c0c8fac - - default default] Tap Mirror: Handle Delete Port: 13ce810f-8ea5-45a0-8ea8-84ae427660af
2026-05-15 02:02:30.349 7 INFO neutron.db.ovn_revision_numbers_db [None req-50945a17-030b-4a61-a461-340f599afe82 65c75bca6c42454d8e4f37ab6a0d68fa 24af420d10f2434bbcb0b46dedc34514 - - default default] Successfully bumped revision number for resource b7d84917-13f2-4dde-b521-a28f4e02cff5 (type: ports) to 1 [pid: 7|app: 0|req: 871/1685] 10.0.0.170 () {34 vars in 670 bytes} [Fri May 15 02:02:29 2026] POST /v2.0/networks => generated 671 bytes in 1055 msecs (HTTP/1.1 201) 4 headers in 162 bytes (1 switches on core 0) [pid: 8|app: 0|req: 815/1686] 10.0.0.170 () {32 vars in 720 bytes} [Fri May 15 02:02:30 2026] DELETE /v2.0/ports/13ce810f-8ea5-45a0-8ea8-84ae427660af => generated 0 bytes in 284 msecs (HTTP/1.1 204) 3 headers in 131 bytes (1 switches on core 0) [pid: 7|app: 0|req: 872/1687] 10.0.0.170 () {32 vars in 750 bytes} [Fri May 15 02:02:30 2026] DELETE /v2.0/security-group-rules/e40fb5a7-399e-4057-a8e1-53b9c52cdca7 => generated 0 bytes in 125 msecs (HTTP/1.1 204) 2 headers in 112 bytes (1 switches on core 0)
2026-05-15 02:02:30.530 8 INFO neutron.db.segments_db [None req-1c60c4ab-156f-4547-831f-99c8229fd269 65c75bca6c42454d8e4f37ab6a0d68fa 24af420d10f2434bbcb0b46dedc34514 - - default default] Added segment 053185a6-1dd2-4756-bef0-0afab8a90396 of type geneve for network 2a49e277-4768-46d7-8187-5821fdf4e463
2026-05-15 02:02:30.542 7 INFO neutron.pecan_wsgi.hooks.translation [None req-a4e8385b-67d6-450c-b6e0-0b5e083dfe4a 20de404c0ea548a6a7a84b74e70ce13e b2ae8f5e95434cd2a67babdc7c0c8fac - - default default] GET failed (client error): The resource could not be found. [pid: 7|app: 0|req: 873/1688] 10.0.0.170 () {32 vars in 717 bytes} [Fri May 15 02:02:30 2026] GET /v2.0/ports/13ce810f-8ea5-45a0-8ea8-84ae427660af => generated 132 bytes in 14 msecs (HTTP/1.1 404) 4 headers in 164 bytes (1 switches on core 0) [pid: 7|app: 0|req: 874/1689] 10.0.0.170 () {32 vars in 673 bytes} [Fri May 15 02:02:30 2026] GET /v2.0/security-group-rules => generated 3560 bytes in 63 msecs (HTTP/1.1 200) 4 headers in 158 bytes (1 switches on core 0)
2026-05-15 02:02:30.645 8 INFO neutron.db.ovn_revision_numbers_db [None req-1c60c4ab-156f-4547-831f-99c8229fd269 65c75bca6c42454d8e4f37ab6a0d68fa 24af420d10f2434bbcb0b46dedc34514 - - default default] Successfully bumped revision number for resource 2a49e277-4768-46d7-8187-5821fdf4e463 (type: networks) to 1 [pid: 7|app: 0|req: 875/1690] 10.0.0.170 () {32 vars in 724 bytes} [Fri May 15 02:02:30 2026] DELETE /v2.0/subnets/4b9f3215-409c-4928-b800-0cd8b2137eae => generated 0 bytes in 160 msecs (HTTP/1.1 204) 3 headers in 131 bytes (1 switches on core 0)
2026-05-15 02:02:30.817 8 WARNING neutron.scheduler.dhcp_agent_scheduler [None req-1c60c4ab-156f-4547-831f-99c8229fd269 65c75bca6c42454d8e4f37ab6a0d68fa 24af420d10f2434bbcb0b46dedc34514 - - default default] No more DHCP agents
2026-05-15 02:02:30.819 8 WARNING neutron.api.rpc.agentnotifiers.dhcp_rpc_agent_api [None req-1c60c4ab-156f-4547-831f-99c8229fd269 65c75bca6c42454d8e4f37ab6a0d68fa 24af420d10f2434bbcb0b46dedc34514 - - default default] Unable to schedule network 2a49e277-4768-46d7-8187-5821fdf4e463: no agents available; will retry on subsequent port and subnet creation events.
2026-05-15 02:02:30.879 8 INFO neutron.plugins.ml2.drivers.ovn.mech_driver.mech_driver [None req-448e43c8-106f-448a-a51d-dc87c688aa19 - - - - - -] OVN reports status down for port: 1f7a96af-e761-4a47-9027-4710f9e72fd8
2026-05-15 02:02:30.893 7 INFO neutron.db.ovn_revision_numbers_db [None req-28f0436e-424a-463d-b05c-e8321ff7fba4 ac015b6d775e4c33bf854ecbe3adad07 0695f7d07fd347adadd95dceb0d431e4 - - default default] Successfully bumped revision number for resource e916c459-5434-45ef-b084-c4297dc6c51d (type: security_group_rules) to 0 [pid: 7|app: 0|req: 876/1691] 10.0.0.170 () {34 vars in 695 bytes} [Fri May 15 02:02:30 2026] POST /v2.0/security-group-rules => generated 602 bytes in 159 msecs (HTTP/1.1 201) 4 headers in 162 bytes (1 switches on core 0)
2026-05-15 02:02:30.933 8 INFO neutron.db.ovn_revision_numbers_db [None req-1c60c4ab-156f-4547-831f-99c8229fd269 65c75bca6c42454d8e4f37ab6a0d68fa 24af420d10f2434bbcb0b46dedc34514 - - default default] Successfully bumped revision number for resource 1f7a96af-e761-4a47-9027-4710f9e72fd8 (type: ports) to 1 [pid: 8|app: 0|req: 816/1692] 10.0.0.170 () {34 vars in 670 bytes} [Fri May 15 02:02:30 2026] POST /v2.0/networks => generated 671 bytes in 524 msecs (HTTP/1.1 201) 4 headers in 162 bytes (1 switches on core 0) [pid: 8|app: 0|req: 817/1693] 10.0.0.170 () {32 vars in 747 bytes} [Fri May 15 02:02:30 2026] GET /v2.0/security-group-rules/e916c459-5434-45ef-b084-c4297dc6c51d => generated 602 bytes in 24 msecs (HTTP/1.1 200) 4 headers in 157 bytes (1 switches on core 0)
2026-05-15 02:02:31.055 7 INFO neutron_taas.services.taas.taas_plugin [None req-901538bb-7156-4d62-8789-92de9a4c76ab 20de404c0ea548a6a7a84b74e70ce13e b2ae8f5e95434cd2a67babdc7c0c8fac - - default default] TaaS: Handle Delete Port: 66d24ec2-30f9-48c2-94e6-4871bf82c7ef
2026-05-15 02:02:31.058 7 INFO neutron_taas.services.taas.tap_mirror_plugin [None req-901538bb-7156-4d62-8789-92de9a4c76ab 20de404c0ea548a6a7a84b74e70ce13e b2ae8f5e95434cd2a67babdc7c0c8fac - - default default] Tap Mirror: Handle Delete Port: 66d24ec2-30f9-48c2-94e6-4871bf82c7ef
2026-05-15 02:02:31.198 8 WARNING neutron.scheduler.dhcp_agent_scheduler [None req-9db3cb94-a669-4b65-9545-040a71c05853 65c75bca6c42454d8e4f37ab6a0d68fa 24af420d10f2434bbcb0b46dedc34514 - - default default] No more DHCP agents
2026-05-15 02:02:31.199 8 WARNING neutron.api.rpc.agentnotifiers.dhcp_rpc_agent_api [None req-9db3cb94-a669-4b65-9545-040a71c05853 65c75bca6c42454d8e4f37ab6a0d68fa 24af420d10f2434bbcb0b46dedc34514 - - default default] Unable to schedule network c225aa16-eaf0-457a-847b-3c45f46d8a5d: no agents available; will retry on subsequent port and subnet creation events.
2026-05-15 02:02:31.234 8 INFO neutron.db.ovn_revision_numbers_db [None req-9db3cb94-a669-4b65-9545-040a71c05853 65c75bca6c42454d8e4f37ab6a0d68fa 24af420d10f2434bbcb0b46dedc34514 - - default default] Successfully bumped revision number for resource 8fd757fe-ab3e-44ff-8b46-10099e39c4ce (type: subnets) to 0
2026-05-15 02:02:31.240 7 INFO neutron.services.segments.plugin [-] Segment 6b1ba407-6565-4f12-a149-9f2de431f502 resource provider aggregate not found
2026-05-15 02:02:31.247 7 INFO neutron.services.segments.plugin [-] Segment 6b1ba407-6565-4f12-a149-9f2de431f502 resource provider aggregate not found [pid: 8|app: 0|req: 818/1694] 10.0.0.170 () {34 vars in 669 bytes} [Fri May 15 02:02:30 2026] POST /v2.0/subnets => generated 646 bytes in 255 msecs (HTTP/1.1 201) 4 headers in 162 bytes (1 switches on core 0)
2026-05-15 02:02:31.268 7 INFO neutron.services.segments.plugin [-] Segment 6b1ba407-6565-4f12-a149-9f2de431f502 resource provider not found; error: Placement Client Error (4xx): {"errors": [{"status": 404, "title": "Not Found", "detail": "The resource could not be found.\n\n No resource provider with uuid 6b1ba407-6565-4f12-a149-9f2de431f502 found for delete ", "request_id": "req-3a24568e-8079-4af8-a7b6-309e166174ef"}]}
2026-05-15 02:02:31.271 7 INFO neutron.services.segments.plugin [-] Segment 6b1ba407-6565-4f12-a149-9f2de431f502 resource provider not found; error: Placement Client Error (4xx): {"errors": [{"status": 404, "title": "Not Found", "detail": "The resource could not be found.\n\n No resource provider with uuid 6b1ba407-6565-4f12-a149-9f2de431f502 found for delete ", "request_id": "req-c542fcde-f684-419b-84ec-0e8515ab3b7b"}]} [pid: 7|app: 0|req: 877/1695] 10.0.0.170 () {32 vars in 726 bytes} [Fri May 15 02:02:30 2026] DELETE /v2.0/networks/a042c58e-ab2a-466b-ae45-83d17b8733be => generated 0 bytes in 372 msecs (HTTP/1.1 204) 3 headers in 131 bytes (1 switches on core 0) [pid: 8|app: 0|req: 819/1696] 10.0.0.170 () {32 vars in 673 bytes} [Fri May 15 02:02:31 2026] GET /v2.0/security-group-rules => generated 4139 bytes in 78 msecs (HTTP/1.1 200) 4 headers in 158 bytes (1 switches on core 0)
2026-05-15 02:02:31.485 7 WARNING neutron.scheduler.dhcp_agent_scheduler [None req-14bfcee8-0024-410d-b62e-e5840719db07 65c75bca6c42454d8e4f37ab6a0d68fa 24af420d10f2434bbcb0b46dedc34514 - - default default] No more DHCP agents
2026-05-15 02:02:31.487 7 WARNING neutron.api.rpc.agentnotifiers.dhcp_rpc_agent_api [None req-14bfcee8-0024-410d-b62e-e5840719db07 65c75bca6c42454d8e4f37ab6a0d68fa 24af420d10f2434bbcb0b46dedc34514 - - default default] Unable to schedule network 2a49e277-4768-46d7-8187-5821fdf4e463: no agents available; will retry on subsequent port and subnet creation events.
2026-05-15 02:02:31.520 7 INFO neutron.db.ovn_revision_numbers_db [None req-14bfcee8-0024-410d-b62e-e5840719db07 65c75bca6c42454d8e4f37ab6a0d68fa 24af420d10f2434bbcb0b46dedc34514 - - default default] Successfully bumped revision number for resource b5aef74b-901c-44c1-a22b-288fba36e003 (type: subnets) to 0 [pid: 7|app: 0|req: 878/1697] 10.0.0.170 () {34 vars in 669 bytes} [Fri May 15 02:02:31 2026] POST /v2.0/subnets => generated 655 bytes in 237 msecs (HTTP/1.1 201) 4 headers in 162 bytes (1 switches on core 0)
2026-05-15 02:02:31.549 8 WARNING neutron.scheduler.dhcp_agent_scheduler [None req-065b5c60-0f7a-47db-b2ef-97303918bccc 20de404c0ea548a6a7a84b74e70ce13e b2ae8f5e95434cd2a67babdc7c0c8fac - - default default] No more DHCP agents
2026-05-15 02:02:31.550 8 WARNING neutron.api.rpc.agentnotifiers.dhcp_rpc_agent_api [None req-065b5c60-0f7a-47db-b2ef-97303918bccc 20de404c0ea548a6a7a84b74e70ce13e b2ae8f5e95434cd2a67babdc7c0c8fac - - default default] Unable to schedule network bd6bf64d-aac0-4861-8592-dad14326e84b: no agents available; will retry on subsequent port and subnet creation events.
2026-05-15 02:02:31.618 7 INFO neutron.plugins.ml2.drivers.ovn.mech_driver.mech_driver [None req-0a155fc6-0303-4cdd-824f-adb022612d8f - - - - - -] OVN reports status down for port: 0352240d-4564-4e89-bdf6-f69d69942a03
2026-05-15 02:02:31.661 8 INFO neutron.db.ovn_revision_numbers_db [None req-065b5c60-0f7a-47db-b2ef-97303918bccc 20de404c0ea548a6a7a84b74e70ce13e b2ae8f5e95434cd2a67babdc7c0c8fac - - default default] Successfully bumped revision number for resource 0352240d-4564-4e89-bdf6-f69d69942a03 (type: ports) to 1 [pid: 7|app: 0|req: 879/1698] 10.0.0.170 () {32 vars in 750 bytes} [Fri May 15 02:02:31 2026] DELETE /v2.0/security-group-rules/e916c459-5434-45ef-b084-c4297dc6c51d => generated 0 bytes in 144 msecs (HTTP/1.1 204) 2 headers in 112 bytes (1 switches on core 0) [pid: 8|app: 0|req: 820/1699] 10.0.0.170 () {34 vars in 665 bytes} [Fri May 15 02:02:31 2026] POST /v2.0/ports => generated 778 bytes in 377 msecs (HTTP/1.1 201) 4 headers in 162 bytes (1 switches on core 0) /var/lib/openstack/lib/python3.12/site-packages/pycadf/identifier.py:70: UserWarning: Invalid uuid: neutron. To ensure interoperability, identifiers should be a valid uuid. warnings.warn(('Invalid uuid: %s. To ensure interoperability, ' [pid: 8|app: 0|req: 821/1700] 10.0.0.170 () {32 vars in 673 bytes} [Fri May 15 02:02:31 2026] GET /v2.0/security-group-rules => generated 3560 bytes in 51 msecs (HTTP/1.1 200) 4 headers in 158 bytes (1 switches on core 0)
2026-05-15 02:02:31.806 7 INFO neutron.db.ovn_revision_numbers_db [None req-0c554402-dda3-43c9-8200-1cf24630aa30 65c75bca6c42454d8e4f37ab6a0d68fa 24af420d10f2434bbcb0b46dedc34514 - - default default] Successfully bumped revision number for resource 28009faf-43cb-4fab-8c53-214633b9408f (type: routers) to 1 [pid: 7|app: 0|req: 880/1701] 10.0.0.170 () {34 vars in 669 bytes} [Fri May 15 02:02:31 2026] POST /v2.0/routers => generated 628 bytes in 140 msecs (HTTP/1.1 201) 4 headers in 162 bytes (1 switches on core 0) [pid: 7|app: 0|req: 881/1702] 10.0.0.170 () {32 vars in 740 bytes} [Fri May 15 02:02:31 2026] DELETE /v2.0/security-groups/6092f085-cef8-4f14-9f35-db28be39bdff => generated 0 bytes in 120 msecs (HTTP/1.1 204) 2 headers in 112 bytes (1 switches on core 0)
2026-05-15 02:02:32.019 7 INFO neutron.plugins.ml2.drivers.ovn.mech_driver.mech_driver [None req-0a155fc6-0303-4cdd-824f-adb022612d8f - - - - - -] OVN reports status down for port: 0352240d-4564-4e89-bdf6-f69d69942a03
2026-05-15 02:02:32.042 8 INFO neutron.db.ovn_revision_numbers_db [None req-9d353600-c394-4442-bf75-c0e2760aee25 20de404c0ea548a6a7a84b74e70ce13e b2ae8f5e95434cd2a67babdc7c0c8fac - - default default] Successfully bumped revision number for resource 0352240d-4564-4e89-bdf6-f69d69942a03 (type: ports) to 2 [pid: 8|app: 0|req: 822/1703] 10.0.0.170 () {34 vars in 737 bytes} [Fri May 15 02:02:31 2026] PUT /v2.0/ports/0352240d-4564-4e89-bdf6-f69d69942a03 => generated 752 bytes in 303 msecs (HTTP/1.1 200) 4 headers in 157 bytes (1 switches on core 0) /var/lib/openstack/lib/python3.12/site-packages/pycadf/identifier.py:70: UserWarning: Invalid uuid: neutron. To ensure interoperability, identifiers should be a valid uuid. warnings.warn(('Invalid uuid: %s. To ensure interoperability, ' [pid: 8|app: 0|req: 823/1704] 10.0.0.170 () {32 vars in 663 bytes} [Fri May 15 02:02:32 2026] GET /v2.0/security-groups => generated 2925 bytes in 29 msecs (HTTP/1.1 200) 4 headers in 158 bytes (1 switches on core 0)
2026-05-15 02:02:32.196 8 INFO neutron_taas.services.taas.taas_plugin [None req-f962ccd8-f8be-46c8-b71c-5e7726be7032 20de404c0ea548a6a7a84b74e70ce13e b2ae8f5e95434cd2a67babdc7c0c8fac - - default default] TaaS: Handle Delete Port: 0352240d-4564-4e89-bdf6-f69d69942a03
2026-05-15 02:02:32.199 8 INFO neutron_taas.services.taas.tap_mirror_plugin [None req-f962ccd8-f8be-46c8-b71c-5e7726be7032 20de404c0ea548a6a7a84b74e70ce13e b2ae8f5e95434cd2a67babdc7c0c8fac - - default default] Tap Mirror: Handle Delete Port: 0352240d-4564-4e89-bdf6-f69d69942a03 [pid: 8|app: 0|req: 824/1705] 10.0.0.170 () {32 vars in 720 bytes} [Fri May 15 02:02:32 2026] DELETE /v2.0/ports/0352240d-4564-4e89-bdf6-f69d69942a03 => generated 0 bytes in 221 msecs (HTTP/1.1 204) 3 headers in 131 bytes (1 switches on core 0) [pid: 8|app: 0|req: 825/1706] 10.0.0.170 () {32 vars in 663 bytes} [Fri May 15 02:02:32 2026] GET /v2.0/security-groups => generated 2925 bytes in 23 msecs (HTTP/1.1 200) 4 headers in 158 bytes (1 switches on core 0) [pid: 8|app: 0|req: 826/1707] 10.0.0.170 () {32 vars in 643 bytes} [Fri May 15 02:02:32 2026] GET /v2.0/ports => generated 1537 bytes in 46 msecs (HTTP/1.1 200) 4 headers in 158 bytes (1 switches on core 0)
2026-05-15 02:02:32.384 7 WARNING neutron.scheduler.dhcp_agent_scheduler [None req-e30687c6-1082-465b-9662-40c4357fcb37 65c75bca6c42454d8e4f37ab6a0d68fa 24af420d10f2434bbcb0b46dedc34514 - - default default] No more DHCP agents
2026-05-15 02:02:32.385 7 WARNING neutron.api.rpc.agentnotifiers.dhcp_rpc_agent_api [None req-e30687c6-1082-465b-9662-40c4357fcb37 65c75bca6c42454d8e4f37ab6a0d68fa 24af420d10f2434bbcb0b46dedc34514 - - default default] Unable to schedule network c225aa16-eaf0-457a-847b-3c45f46d8a5d: no agents available; will retry on subsequent port and subnet creation events.
2026-05-15 02:02:32.404 8 INFO neutron.pecan_wsgi.hooks.translation [None req-2169e536-f03f-443b-919b-80257bba0326 20de404c0ea548a6a7a84b74e70ce13e b2ae8f5e95434cd2a67babdc7c0c8fac - - default default] GET failed (client error): The resource could not be found. [pid: 8|app: 0|req: 827/1708] 10.0.0.170 () {32 vars in 717 bytes} [Fri May 15 02:02:32 2026] GET /v2.0/ports/0352240d-4564-4e89-bdf6-f69d69942a03 => generated 132 bytes in 17 msecs (HTTP/1.1 404) 4 headers in 164 bytes (1 switches on core 0) [pid: 8|app: 0|req: 828/1709] 10.0.0.170 () {32 vars in 643 bytes} [Fri May 15 02:02:32 2026] GET /v2.0/ports => generated 1537 bytes in 40 msecs (HTTP/1.1 200) 4 headers in 158 bytes (1 switches on core 0)
2026-05-15 02:02:32.484 7 INFO neutron.plugins.ml2.drivers.ovn.mech_driver.mech_driver [None req-0a155fc6-0303-4cdd-824f-adb022612d8f - - - - - -] OVN reports status down for port: 3bf333b5-b961-4fd8-9a02-15759d5a9912 [pid: 8|app: 0|req: 829/1710] 10.0.0.170 () {32 vars in 717 bytes} [Fri May 15 02:02:32 2026] GET /v2.0/ports/8fff0cee-6e63-4aa2-9374-a3c8f6d8a8a0 => generated 778 bytes in 49 msecs (HTTP/1.1 200) 4 headers in 157 bytes (1 switches on core 0)
2026-05-15 02:02:32.531 8 INFO neutron.pecan_wsgi.hooks.translation [None req-17177a4f-cc17-438a-b14e-e27020bd680b 20de404c0ea548a6a7a84b74e70ce13e b2ae8f5e95434cd2a67babdc7c0c8fac - - default default] DELETE failed (client error): The resource could not be found. [pid: 8|app: 0|req: 830/1711] 10.0.0.170 () {32 vars in 720 bytes} [Fri May 15 02:02:32 2026] DELETE /v2.0/ports/13ce810f-8ea5-45a0-8ea8-84ae427660af => generated 132 bytes in 23 msecs (HTTP/1.1 404) 4 headers in 164 bytes (1 switches on core 0)
2026-05-15 02:02:32.543 7 INFO neutron.db.ovn_revision_numbers_db [None req-e30687c6-1082-465b-9662-40c4357fcb37 65c75bca6c42454d8e4f37ab6a0d68fa 24af420d10f2434bbcb0b46dedc34514 - - default default] Successfully bumped revision number for resource 3bf333b5-b961-4fd8-9a02-15759d5a9912 (type: ports) to 1
2026-05-15 02:02:32.550 8 INFO neutron.pecan_wsgi.hooks.translation [None req-8a10aeca-f9d0-4d9c-8e90-32613e575d67 20de404c0ea548a6a7a84b74e70ce13e b2ae8f5e95434cd2a67babdc7c0c8fac - - default default] DELETE failed (client error): The resource could not be found. [pid: 8|app: 0|req: 831/1712] 10.0.0.170 () {32 vars in 724 bytes} [Fri May 15 02:02:32 2026] DELETE /v2.0/subnets/4b9f3215-409c-4928-b800-0cd8b2137eae => generated 136 bytes in 15 msecs (HTTP/1.1 404) 4 headers in 164 bytes (1 switches on core 0)
2026-05-15 02:02:32.570 8 INFO neutron.pecan_wsgi.hooks.translation [None req-5712010b-0eb7-43d6-a70a-4118e9dac7c1 20de404c0ea548a6a7a84b74e70ce13e b2ae8f5e95434cd2a67babdc7c0c8fac - - default default] DELETE failed (client error): The resource could not be found. [pid: 8|app: 0|req: 832/1713] 10.0.0.170 () {32 vars in 724 bytes} [Fri May 15 02:02:32 2026] DELETE /v2.0/subnets/533a7125-ea3b-44c3-af0f-ce902c77cc1c => generated 136 bytes in 14 msecs (HTTP/1.1 404) 4 headers in 164 bytes (1 switches on core 0)
2026-05-15 02:02:32.685 8 INFO neutron_taas.services.taas.taas_plugin [None req-4b6a7a41-8415-4764-8f02-629fd3abec76 20de404c0ea548a6a7a84b74e70ce13e b2ae8f5e95434cd2a67babdc7c0c8fac - - default default] TaaS: Handle Delete Port: 8fff0cee-6e63-4aa2-9374-a3c8f6d8a8a0
2026-05-15 02:02:32.688 8 INFO neutron_taas.services.taas.tap_mirror_plugin [None req-4b6a7a41-8415-4764-8f02-629fd3abec76 20de404c0ea548a6a7a84b74e70ce13e b2ae8f5e95434cd2a67babdc7c0c8fac - - default default] Tap Mirror: Handle Delete Port: 8fff0cee-6e63-4aa2-9374-a3c8f6d8a8a0 [pid: 8|app: 0|req: 833/1714] 10.0.0.170 () {32 vars in 720 bytes} [Fri May 15 02:02:32 2026] DELETE /v2.0/ports/8fff0cee-6e63-4aa2-9374-a3c8f6d8a8a0 => generated 0 bytes in 231 msecs (HTTP/1.1 204) 3 headers in 131 bytes (1 switches on core 0)
2026-05-15 02:02:32.908 8 INFO neutron_taas.services.taas.taas_plugin [None req-79e4de30-a291-4d50-95b2-e039ccee5c1a 20de404c0ea548a6a7a84b74e70ce13e b2ae8f5e95434cd2a67babdc7c0c8fac - - default default] TaaS: Handle Delete Port: 851a9c0c-eec2-46a2-8ba4-6f0feb085b79
2026-05-15 02:02:32.910 8 INFO neutron_taas.services.taas.tap_mirror_plugin [None req-79e4de30-a291-4d50-95b2-e039ccee5c1a 20de404c0ea548a6a7a84b74e70ce13e b2ae8f5e95434cd2a67babdc7c0c8fac - - default default] Tap Mirror: Handle Delete Port: 851a9c0c-eec2-46a2-8ba4-6f0feb085b79
2026-05-15 02:02:33.047 7 INFO neutron.plugins.ml2.drivers.ovn.mech_driver.mech_driver [None req-0a155fc6-0303-4cdd-824f-adb022612d8f - - - - - -] OVN reports status up for port: 3bf333b5-b961-4fd8-9a02-15759d5a9912
2026-05-15 02:02:33.074 7 INFO neutron.plugins.ml2.plugin [None req-0a155fc6-0303-4cdd-824f-adb022612d8f - - - - - -] Attempt 1 to provision port 3bf333b5-b961-4fd8-9a02-15759d5a9912
2026-05-15 02:02:33.108 8 INFO neutron.services.segments.plugin [-] Segment d0a19750-c54f-49a4-8150-992ea4043fc1 resource provider aggregate not found
2026-05-15 02:02:33.113 8 INFO neutron.services.segments.plugin [-] Segment d0a19750-c54f-49a4-8150-992ea4043fc1 resource provider aggregate not found
2026-05-15 02:02:33.127 8 INFO neutron.services.segments.plugin [-] Segment d0a19750-c54f-49a4-8150-992ea4043fc1 resource provider not found; error: Placement Client Error (4xx): {"errors": [{"status": 404, "title": "Not Found", "detail": "The resource could not be found.\n\n No resource provider with uuid d0a19750-c54f-49a4-8150-992ea4043fc1 found for delete ", "request_id": "req-fa22fa97-0827-4460-82bb-ec562e75c936"}]}
2026-05-15 02:02:33.130 8 INFO neutron.services.segments.plugin [-] Segment d0a19750-c54f-49a4-8150-992ea4043fc1 resource provider not found; error: Placement Client Error (4xx): {"errors": [{"status": 404, "title": "Not Found", "detail": "The resource could not be found.\n\n No resource provider with uuid d0a19750-c54f-49a4-8150-992ea4043fc1 found for delete ", "request_id": "req-559f29a3-ed0c-4134-93cc-dd5aa8e74f45"}]} [pid: 8|app: 0|req: 836/1717] 10.0.0.170 () {32 vars in 726 bytes} [Fri May 15 02:02:32 2026] DELETE /v2.0/networks/bd6bf64d-aac0-4861-8592-dad14326e84b => generated 0 bytes in 353 msecs (HTTP/1.1 204) 3 headers in 131 bytes (1 switches on core 0)
2026-05-15 02:02:33.195 7 WARNING neutron.scheduler.dhcp_agent_scheduler [None req-e30687c6-1082-465b-9662-40c4357fcb37 65c75bca6c42454d8e4f37ab6a0d68fa 24af420d10f2434bbcb0b46dedc34514 - - default default] No more DHCP agents
2026-05-15 02:02:33.198 7 WARNING neutron.api.rpc.agentnotifiers.dhcp_rpc_agent_api [None req-e30687c6-1082-465b-9662-40c4357fcb37 65c75bca6c42454d8e4f37ab6a0d68fa 24af420d10f2434bbcb0b46dedc34514 - - default default] Unable to schedule network c225aa16-eaf0-457a-847b-3c45f46d8a5d: no agents available; will retry on subsequent port and subnet creation events.
