2026-05-15 02:03:46.998 8 INFO placement.requestlog [req-cfb6b9d5-cdb8-4aa5-8072-a63d58e72f63 req-5f649fcc-3b1a-428c-b376-de1625cbbeff 7699237bbfa2411fa74bd4bbbdea6634 2c8e7681c7a54f8c9cd1b1cbf6370739 - - 04c3ea0177d4477c85ded9376c73d7b3 04c3ea0177d4477c85ded9376c73d7b3] 10.0.0.157 "GET /allocation_candidates?limit=1000&resources=DISK_GB%3A1%2CMEMORY_MB%3A512%2CVCPU%3A1&root_required=%21COMPUTE_STATUS_DISABLED" status: 200 len: 2783 microversion: 1.36 [pid: 8|app: 0|req: 469/937] 10.0.0.157 () {34 vars in 1012 bytes} [Fri May 15 02:03:46 2026] GET /allocation_candidates?limit=1000&resources=DISK_GB%3A1%2CMEMORY_MB%3A512%2CVCPU%3A1&root_required=%21COMPUTE_STATUS_DISABLED => generated 2783 bytes in 48 msecs (HTTP/1.1 200) 8 headers in 297 bytes (1 switches on core 0)
2026-05-15 02:03:47.029 7 INFO placement.requestlog [req-cfb6b9d5-cdb8-4aa5-8072-a63d58e72f63 req-243c4845-efbe-453c-be4d-5e1a54e82481 7699237bbfa2411fa74bd4bbbdea6634 2c8e7681c7a54f8c9cd1b1cbf6370739 - - 04c3ea0177d4477c85ded9376c73d7b3 04c3ea0177d4477c85ded9376c73d7b3] 10.0.0.157 "GET /allocations/67a50e2c-6aff-4a93-91b8-89a05f2ece32" status: 200 len: 19 microversion: 1.28 [pid: 7|app: 0|req: 469/938] 10.0.0.157 () {34 vars in 861 bytes} [Fri May 15 02:03:47 2026] GET /allocations/67a50e2c-6aff-4a93-91b8-89a05f2ece32 => generated 19 bytes in 11 msecs (HTTP/1.1 200) 8 headers in 295 bytes (1 switches on core 0)
2026-05-15 02:03:47.105 8 INFO placement.requestlog [req-cfb6b9d5-cdb8-4aa5-8072-a63d58e72f63 req-eed347dd-cf5a-48d9-a081-b2a698e54433 7699237bbfa2411fa74bd4bbbdea6634 2c8e7681c7a54f8c9cd1b1cbf6370739 - - 04c3ea0177d4477c85ded9376c73d7b3 04c3ea0177d4477c85ded9376c73d7b3] 10.0.0.157 "PUT /allocations/67a50e2c-6aff-4a93-91b8-89a05f2ece32" status: 204 len: 0 microversion: 1.36 [pid: 8|app: 0|req: 470/939] 10.0.0.157 () {38 vars in 914 bytes} [Fri May 15 02:03:47 2026] PUT /allocations/67a50e2c-6aff-4a93-91b8-89a05f2ece32 => generated 0 bytes in 68 msecs (HTTP/1.1 204) 5 headers in 199 bytes (1 switches on core 0)
2026-05-15 02:03:48.625 7 INFO placement.requestlog [req-cfb6b9d5-cdb8-4aa5-8072-a63d58e72f63 req-abea4b0f-2ae0-4d5a-b3cc-fc42dbaa7d39 7699237bbfa2411fa74bd4bbbdea6634 2c8e7681c7a54f8c9cd1b1cbf6370739 - - 04c3ea0177d4477c85ded9376c73d7b3 04c3ea0177d4477c85ded9376c73d7b3] 199.204.45.235 "GET /allocations/67a50e2c-6aff-4a93-91b8-89a05f2ece32" status: 200 len: 258 microversion: 1.28 [pid: 7|app: 0|req: 470/940] 199.204.45.235 () {34 vars in 863 bytes} [Fri May 15 02:03:48 2026] GET /allocations/67a50e2c-6aff-4a93-91b8-89a05f2ece32 => generated 258 bytes in 22 msecs (HTTP/1.1 200) 8 headers in 296 bytes (1 switches on core 0)
2026-05-15 02:03:48.928 7 INFO placement.requestlog [None req-1a060936-18a9-419e-9b4d-590122ed661e - - - - - -] 10.0.0.236 "GET /" status: 200 len: 136 microversion: 1.0
2026-05-15 02:03:48.929 8 INFO placement.requestlog [None req-d8543a8b-c0f0-4bbc-98a8-8bb3aede3dec - - - - - -] 10.0.0.236 "GET /" status: 200 len: 136 microversion: 1.0
2026-05-15 02:03:49.662 7 INFO placement.requestlog [req-cfb6b9d5-cdb8-4aa5-8072-a63d58e72f63 req-99e2023e-fc33-4083-bbf8-ef59b201fe1f 7699237bbfa2411fa74bd4bbbdea6634 2c8e7681c7a54f8c9cd1b1cbf6370739 - - 04c3ea0177d4477c85ded9376c73d7b3 04c3ea0177d4477c85ded9376c73d7b3] 199.204.45.235 "GET /resource_providers/c1e31cf8-9f82-40fc-90af-ab7f682148b5/allocations" status: 200 len: 253 microversion: 1.0 [pid: 7|app: 0|req: 472/943] 199.204.45.235 () {32 vars in 857 bytes} [Fri May 15 02:03:49 2026] GET /resource_providers/c1e31cf8-9f82-40fc-90af-ab7f682148b5/allocations => generated 253 bytes in 18 msecs (HTTP/1.1 200) 6 headers in 224 bytes (1 switches on core 0)
2026-05-15 02:03:49.682 8 INFO placement.requestlog [req-cfb6b9d5-cdb8-4aa5-8072-a63d58e72f63 req-dc338de8-3fa8-4db1-9b77-24a15ce9a596 7699237bbfa2411fa74bd4bbbdea6634 2c8e7681c7a54f8c9cd1b1cbf6370739 - - 04c3ea0177d4477c85ded9376c73d7b3 04c3ea0177d4477c85ded9376c73d7b3] 199.204.45.235 "GET /allocations/67a50e2c-6aff-4a93-91b8-89a05f2ece32" status: 200 len: 258 microversion: 1.28 [pid: 8|app: 0|req: 472/944] 199.204.45.235 () {34 vars in 863 bytes} [Fri May 15 02:03:49 2026] GET /allocations/67a50e2c-6aff-4a93-91b8-89a05f2ece32 => generated 258 bytes in 13 msecs (HTTP/1.1 200) 8 headers in 296 bytes (1 switches on core 0)
2026-05-15 02:03:49.704 7 INFO placement.requestlog [req-cfb6b9d5-cdb8-4aa5-8072-a63d58e72f63 req-756dd9fe-7964-48bd-bd95-c8fecb0f2633 7699237bbfa2411fa74bd4bbbdea6634 2c8e7681c7a54f8c9cd1b1cbf6370739 - - 04c3ea0177d4477c85ded9376c73d7b3 04c3ea0177d4477c85ded9376c73d7b3] 199.204.45.235 "GET /allocations/ff7137b3-2fb7-44bf-96f5-d3694f8f7ecb" status: 200 len: 258 microversion: 1.28 [pid: 7|app: 0|req: 473/945] 199.204.45.235 () {34 vars in 863 bytes} [Fri May 15 02:03:49 2026] GET /allocations/ff7137b3-2fb7-44bf-96f5-d3694f8f7ecb => generated 258 bytes in 17 msecs (HTTP/1.1 200) 8 headers in 296 bytes (1 switches on core 0)
2026-05-15 02:03:58.928 7 INFO placement.requestlog [None req-52ad9122-9ca1-4142-9874-4197e6350ca0 - - - - - -] 10.0.0.236 "GET /" status: 200 len: 136 microversion: 1.0
2026-05-15 02:03:58.929 8 INFO placement.requestlog [None req-7296cc21-067c-4e8a-b078-72a23f4c6a22 - - - - - -] 10.0.0.236 "GET /" status: 200 len: 136 microversion: 1.0
2026-05-15 02:04:04.789 8 INFO placement.requestlog [req-2f54ed31-974a-472a-8d0e-90fd99ef5a4c req-5d0db3d4-ed82-4230-a464-464ddb793c27 7699237bbfa2411fa74bd4bbbdea6634 2c8e7681c7a54f8c9cd1b1cbf6370739 - - 04c3ea0177d4477c85ded9376c73d7b3 04c3ea0177d4477c85ded9376c73d7b3] 10.0.0.157 "GET /allocation_candidates?limit=1000&resources=DISK_GB%3A1%2CMEMORY_MB%3A512%2CVCPU%3A1&root_required=%21COMPUTE_STATUS_DISABLED" status: 200 len: 2784 microversion: 1.36 [pid: 8|app: 0|req: 474/948] 10.0.0.157 () {34 vars in 1012 bytes} [Fri May 15 02:04:04 2026] GET /allocation_candidates?limit=1000&resources=DISK_GB%3A1%2CMEMORY_MB%3A512%2CVCPU%3A1&root_required=%21COMPUTE_STATUS_DISABLED => generated 2784 bytes in 65 msecs (HTTP/1.1 200) 8 headers in 297 bytes (1 switches on core 0)
2026-05-15 02:04:04.823 7 INFO placement.requestlog [req-2f54ed31-974a-472a-8d0e-90fd99ef5a4c req-92a2dcee-9825-41b4-acac-66b49a732d42 7699237bbfa2411fa74bd4bbbdea6634 2c8e7681c7a54f8c9cd1b1cbf6370739 - - 04c3ea0177d4477c85ded9376c73d7b3 04c3ea0177d4477c85ded9376c73d7b3] 10.0.0.157 "GET /allocations/264e42f7-7294-425d-af4d-2da89c84aa46" status: 200 len: 19 microversion: 1.28 [pid: 7|app: 0|req: 475/949] 10.0.0.157 () {34 vars in 861 bytes} [Fri May 15 02:04:04 2026] GET /allocations/264e42f7-7294-425d-af4d-2da89c84aa46 => generated 19 bytes in 9 msecs (HTTP/1.1 200) 8 headers in 295 bytes (1 switches on core 0)
2026-05-15 02:04:04.892 8 INFO placement.requestlog [req-2f54ed31-974a-472a-8d0e-90fd99ef5a4c req-40dbe514-d5a8-47fc-aafc-d88bfd6f566c 7699237bbfa2411fa74bd4bbbdea6634 2c8e7681c7a54f8c9cd1b1cbf6370739 - - 04c3ea0177d4477c85ded9376c73d7b3 04c3ea0177d4477c85ded9376c73d7b3] 10.0.0.157 "PUT /allocations/264e42f7-7294-425d-af4d-2da89c84aa46" status: 204 len: 0 microversion: 1.36 [pid: 8|app: 0|req: 475/950] 10.0.0.157 () {38 vars in 914 bytes} [Fri May 15 02:04:04 2026] PUT /allocations/264e42f7-7294-425d-af4d-2da89c84aa46 => generated 0 bytes in 63 msecs (HTTP/1.1 204) 5 headers in 199 bytes (1 switches on core 0)
2026-05-15 02:04:06.381 7 INFO placement.requestlog [req-2f54ed31-974a-472a-8d0e-90fd99ef5a4c req-0745d2d9-18a6-4a0e-a53b-b3d9aeb524da 7699237bbfa2411fa74bd4bbbdea6634 2c8e7681c7a54f8c9cd1b1cbf6370739 - - 04c3ea0177d4477c85ded9376c73d7b3 04c3ea0177d4477c85ded9376c73d7b3] 199.204.45.235 "GET /allocations/264e42f7-7294-425d-af4d-2da89c84aa46" status: 200 len: 258 microversion: 1.28 [pid: 7|app: 0|req: 476/951] 199.204.45.235 () {34 vars in 863 bytes} [Fri May 15 02:04:06 2026] GET /allocations/264e42f7-7294-425d-af4d-2da89c84aa46 => generated 258 bytes in 16 msecs (HTTP/1.1 200) 8 headers in 296 bytes (1 switches on core 0)
2026-05-15 02:04:07.424 8 INFO placement.requestlog [req-2f54ed31-974a-472a-8d0e-90fd99ef5a4c req-245cdc52-8f15-4741-9f37-b07b6a0de4df 7699237bbfa2411fa74bd4bbbdea6634 2c8e7681c7a54f8c9cd1b1cbf6370739 - - 04c3ea0177d4477c85ded9376c73d7b3 04c3ea0177d4477c85ded9376c73d7b3] 199.204.45.235 "GET /resource_providers/c1e31cf8-9f82-40fc-90af-ab7f682148b5/allocations" status: 200 len: 353 microversion: 1.0 [pid: 8|app: 0|req: 476/952] 199.204.45.235 () {32 vars in 857 bytes} [Fri May 15 02:04:07 2026] GET /resource_providers/c1e31cf8-9f82-40fc-90af-ab7f682148b5/allocations => generated 353 bytes in 14 msecs (HTTP/1.1 200) 6 headers in 224 bytes (1 switches on core 0)
2026-05-15 02:04:07.446 7 INFO placement.requestlog [req-2f54ed31-974a-472a-8d0e-90fd99ef5a4c req-2d06149a-e2fd-4e9b-b4d9-4dc6b237a5d8 7699237bbfa2411fa74bd4bbbdea6634 2c8e7681c7a54f8c9cd1b1cbf6370739 - - 04c3ea0177d4477c85ded9376c73d7b3 04c3ea0177d4477c85ded9376c73d7b3] 199.204.45.235 "GET /allocations/67a50e2c-6aff-4a93-91b8-89a05f2ece32" status: 200 len: 258 microversion: 1.28 [pid: 7|app: 0|req: 477/953] 199.204.45.235 () {34 vars in 863 bytes} [Fri May 15 02:04:07 2026] GET /allocations/67a50e2c-6aff-4a93-91b8-89a05f2ece32 => generated 258 bytes in 14 msecs (HTTP/1.1 200) 8 headers in 296 bytes (1 switches on core 0)
2026-05-15 02:04:07.463 8 INFO placement.requestlog [req-2f54ed31-974a-472a-8d0e-90fd99ef5a4c req-c82d5421-870d-4d79-939d-530ae359d5df 7699237bbfa2411fa74bd4bbbdea6634 2c8e7681c7a54f8c9cd1b1cbf6370739 - - 04c3ea0177d4477c85ded9376c73d7b3 04c3ea0177d4477c85ded9376c73d7b3] 199.204.45.235 "GET /allocations/264e42f7-7294-425d-af4d-2da89c84aa46" status: 200 len: 258 microversion: 1.28 [pid: 8|app: 0|req: 477/954] 199.204.45.235 () {34 vars in 863 bytes} [Fri May 15 02:04:07 2026] GET /allocations/264e42f7-7294-425d-af4d-2da89c84aa46 => generated 258 bytes in 12 msecs (HTTP/1.1 200) 8 headers in 296 bytes (1 switches on core 0)
2026-05-15 02:04:07.480 7 INFO placement.requestlog [req-2f54ed31-974a-472a-8d0e-90fd99ef5a4c req-d4132539-1f06-4f97-8b8b-03ba9f9d7730 7699237bbfa2411fa74bd4bbbdea6634 2c8e7681c7a54f8c9cd1b1cbf6370739 - - 04c3ea0177d4477c85ded9376c73d7b3 04c3ea0177d4477c85ded9376c73d7b3] 199.204.45.235 "GET /allocations/ff7137b3-2fb7-44bf-96f5-d3694f8f7ecb" status: 200 len: 258 microversion: 1.28 [pid: 7|app: 0|req: 478/955] 199.204.45.235 () {34 vars in 863 bytes} [Fri May 15 02:04:07 2026] GET /allocations/ff7137b3-2fb7-44bf-96f5-d3694f8f7ecb => generated 258 bytes in 11 msecs (HTTP/1.1 200) 8 headers in 296 bytes (1 switches on core 0)
2026-05-15 02:04:07.592 8 INFO placement.requestlog [req-80c086ec-5b39-4677-a726-a5f7da6fc7ce req-15a6e518-4351-4d6d-92e3-a41d44207a1e 7699237bbfa2411fa74bd4bbbdea6634 2c8e7681c7a54f8c9cd1b1cbf6370739 - - 04c3ea0177d4477c85ded9376c73d7b3 04c3ea0177d4477c85ded9376c73d7b3] 10.0.0.157 "GET /allocation_candidates?limit=1000&resources=DISK_GB%3A1%2CMEMORY_MB%3A512%2CVCPU%3A1&root_required=%21COMPUTE_STATUS_DISABLED" status: 200 len: 2784 microversion: 1.36 [pid: 8|app: 0|req: 478/956] 10.0.0.157 () {34 vars in 1012 bytes} [Fri May 15 02:04:07 2026] GET /allocation_candidates?limit=1000&resources=DISK_GB%3A1%2CMEMORY_MB%3A512%2CVCPU%3A1&root_required=%21COMPUTE_STATUS_DISABLED => generated 2784 bytes in 45 msecs (HTTP/1.1 200) 8 headers in 297 bytes (1 switches on core 0)
2026-05-15 02:04:07.628 7 INFO placement.requestlog [req-80c086ec-5b39-4677-a726-a5f7da6fc7ce req-d9d0a299-9b9f-401b-b2b7-b3bf2cadf91e 7699237bbfa2411fa74bd4bbbdea6634 2c8e7681c7a54f8c9cd1b1cbf6370739 - - 04c3ea0177d4477c85ded9376c73d7b3 04c3ea0177d4477c85ded9376c73d7b3] 10.0.0.157 "GET /allocations/1fbeb7b8-ffb5-47af-baf6-3af8fcf66fda" status: 200 len: 19 microversion: 1.28 [pid: 7|app: 0|req: 479/957] 10.0.0.157 () {34 vars in 861 bytes} [Fri May 15 02:04:07 2026] GET /allocations/1fbeb7b8-ffb5-47af-baf6-3af8fcf66fda => generated 19 bytes in 16 msecs (HTTP/1.1 200) 8 headers in 295 bytes (1 switches on core 0)
2026-05-15 02:04:07.681 8 INFO placement.requestlog [req-80c086ec-5b39-4677-a726-a5f7da6fc7ce req-ceb8f9e4-3336-4acf-87de-f3ad91fdd758 7699237bbfa2411fa74bd4bbbdea6634 2c8e7681c7a54f8c9cd1b1cbf6370739 - - 04c3ea0177d4477c85ded9376c73d7b3 04c3ea0177d4477c85ded9376c73d7b3] 10.0.0.157 "PUT /allocations/1fbeb7b8-ffb5-47af-baf6-3af8fcf66fda" status: 204 len: 0 microversion: 1.36 [pid: 8|app: 0|req: 479/958] 10.0.0.157 () {38 vars in 914 bytes} [Fri May 15 02:04:07 2026] PUT /allocations/1fbeb7b8-ffb5-47af-baf6-3af8fcf66fda => generated 0 bytes in 45 msecs (HTTP/1.1 204) 5 headers in 199 bytes (1 switches on core 0)
2026-05-15 02:04:08.928 8 INFO placement.requestlog [None req-99d7123a-3d8a-4032-af7f-809642c41ecd - - - - - -] 10.0.0.236 "GET /" status: 200 len: 136 microversion: 1.0
2026-05-15 02:04:08.929 7 INFO placement.requestlog [None req-299456cc-7731-4090-a75b-b97ee410c73b - - - - - -] 10.0.0.236 "GET /" status: 200 len: 136 microversion: 1.0
2026-05-15 02:04:09.194 8 INFO placement.requestlog [req-80c086ec-5b39-4677-a726-a5f7da6fc7ce req-7240b9e1-d5bb-4378-a31b-3cddfd0446ae 7699237bbfa2411fa74bd4bbbdea6634 2c8e7681c7a54f8c9cd1b1cbf6370739 - - 04c3ea0177d4477c85ded9376c73d7b3 04c3ea0177d4477c85ded9376c73d7b3] 199.204.45.235 "GET /allocations/1fbeb7b8-ffb5-47af-baf6-3af8fcf66fda" status: 200 len: 258 microversion: 1.28 [pid: 8|app: 0|req: 481/961] 199.204.45.235 () {34 vars in 863 bytes} [Fri May 15 02:04:09 2026] GET /allocations/1fbeb7b8-ffb5-47af-baf6-3af8fcf66fda => generated 258 bytes in 15 msecs (HTTP/1.1 200) 8 headers in 296 bytes (1 switches on core 0)
2026-05-15 02:04:10.232 7 INFO placement.requestlog [req-80c086ec-5b39-4677-a726-a5f7da6fc7ce req-174b7f3c-8595-477e-98b5-916edd35248f 7699237bbfa2411fa74bd4bbbdea6634 2c8e7681c7a54f8c9cd1b1cbf6370739 - - 04c3ea0177d4477c85ded9376c73d7b3 04c3ea0177d4477c85ded9376c73d7b3] 199.204.45.235 "GET /resource_providers/c1e31cf8-9f82-40fc-90af-ab7f682148b5/allocations" status: 200 len: 453 microversion: 1.0 [pid: 7|app: 0|req: 481/962] 199.204.45.235 () {32 vars in 857 bytes} [Fri May 15 02:04:10 2026] GET /resource_providers/c1e31cf8-9f82-40fc-90af-ab7f682148b5/allocations => generated 453 bytes in 16 msecs (HTTP/1.1 200) 6 headers in 224 bytes (1 switches on core 0)
2026-05-15 02:04:10.254 8 INFO placement.requestlog [req-80c086ec-5b39-4677-a726-a5f7da6fc7ce req-a97fa53b-81e1-4b54-8fd3-154d2b6a4d15 7699237bbfa2411fa74bd4bbbdea6634 2c8e7681c7a54f8c9cd1b1cbf6370739 - - 04c3ea0177d4477c85ded9376c73d7b3 04c3ea0177d4477c85ded9376c73d7b3] 199.204.45.235 "GET /allocations/1fbeb7b8-ffb5-47af-baf6-3af8fcf66fda" status: 200 len: 258 microversion: 1.28 [pid: 8|app: 0|req: 482/963] 199.204.45.235 () {34 vars in 863 bytes} [Fri May 15 02:04:10 2026] GET /allocations/1fbeb7b8-ffb5-47af-baf6-3af8fcf66fda => generated 258 bytes in 14 msecs (HTTP/1.1 200) 8 headers in 296 bytes (1 switches on core 0)
2026-05-15 02:04:10.275 7 INFO placement.requestlog [req-80c086ec-5b39-4677-a726-a5f7da6fc7ce req-a1e65579-9e2c-497a-aab7-8686ed873e95 7699237bbfa2411fa74bd4bbbdea6634 2c8e7681c7a54f8c9cd1b1cbf6370739 - - 04c3ea0177d4477c85ded9376c73d7b3 04c3ea0177d4477c85ded9376c73d7b3] 199.204.45.235 "GET /allocations/67a50e2c-6aff-4a93-91b8-89a05f2ece32" status: 200 len: 258 microversion: 1.28 [pid: 7|app: 0|req: 482/964] 199.204.45.235 () {34 vars in 863 bytes} [Fri May 15 02:04:10 2026] GET /allocations/67a50e2c-6aff-4a93-91b8-89a05f2ece32 => generated 258 bytes in 16 msecs (HTTP/1.1 200) 8 headers in 296 bytes (1 switches on core 0)
2026-05-15 02:04:10.295 8 INFO placement.requestlog [req-80c086ec-5b39-4677-a726-a5f7da6fc7ce req-7ec8ee58-b2c2-497a-9d40-6f428a897cad 7699237bbfa2411fa74bd4bbbdea6634 2c8e7681c7a54f8c9cd1b1cbf6370739 - - 04c3ea0177d4477c85ded9376c73d7b3 04c3ea0177d4477c85ded9376c73d7b3] 199.204.45.235 "GET /allocations/264e42f7-7294-425d-af4d-2da89c84aa46" status: 200 len: 258 microversion: 1.28 [pid: 8|app: 0|req: 483/965] 199.204.45.235 () {34 vars in 863 bytes} [Fri May 15 02:04:10 2026] GET /allocations/264e42f7-7294-425d-af4d-2da89c84aa46 => generated 258 bytes in 13 msecs (HTTP/1.1 200) 8 headers in 296 bytes (1 switches on core 0)
2026-05-15 02:04:10.314 7 INFO placement.requestlog [req-80c086ec-5b39-4677-a726-a5f7da6fc7ce req-19234117-6f92-440e-b343-1f6c879cbacb 7699237bbfa2411fa74bd4bbbdea6634 2c8e7681c7a54f8c9cd1b1cbf6370739 - - 04c3ea0177d4477c85ded9376c73d7b3 04c3ea0177d4477c85ded9376c73d7b3] 199.204.45.235 "GET /allocations/ff7137b3-2fb7-44bf-96f5-d3694f8f7ecb" status: 200 len: 258 microversion: 1.28 [pid: 7|app: 0|req: 483/966] 199.204.45.235 () {34 vars in 863 bytes} [Fri May 15 02:04:10 2026] GET /allocations/ff7137b3-2fb7-44bf-96f5-d3694f8f7ecb => generated 258 bytes in 13 msecs (HTTP/1.1 200) 8 headers in 296 bytes (1 switches on core 0)
2026-05-15 02:04:18.929 8 INFO placement.requestlog [None req-2dfcfffe-18f7-4b97-b99f-1aebc79e9ced - - - - - -] 10.0.0.236 "GET /" status: 200 len: 136 microversion: 1.0
2026-05-15 02:04:18.929 7 INFO placement.requestlog [None req-b0846c73-c685-418f-b530-4bc28ad4b93d - - - - - -] 10.0.0.236 "GET /" status: 200 len: 136 microversion: 1.0
2026-05-15 02:04:22.312 8 INFO placement.requestlog [req-da456a29-64ec-4491-8c94-4f727f770a73 req-2afcfbcc-ae21-40a9-b9bc-c9be9b974142 7699237bbfa2411fa74bd4bbbdea6634 2c8e7681c7a54f8c9cd1b1cbf6370739 - - 04c3ea0177d4477c85ded9376c73d7b3 04c3ea0177d4477c85ded9376c73d7b3] 10.0.0.157 "GET /allocation_candidates?limit=1000&resources=DISK_GB%3A1%2CMEMORY_MB%3A512%2CVCPU%3A1&root_required=%21COMPUTE_STATUS_DISABLED" status: 200 len: 2784 microversion: 1.36 [pid: 8|app: 0|req: 485/969] 10.0.0.157 () {34 vars in 1012 bytes} [Fri May 15 02:04:22 2026] GET /allocation_candidates?limit=1000&resources=DISK_GB%3A1%2CMEMORY_MB%3A512%2CVCPU%3A1&root_required=%21COMPUTE_STATUS_DISABLED => generated 2784 bytes in 46 msecs (HTTP/1.1 200) 8 headers in 297 bytes (1 switches on core 0)
2026-05-15 02:04:22.345 7 INFO placement.requestlog [req-da456a29-64ec-4491-8c94-4f727f770a73 req-44977542-084a-4bcb-b05a-ff1d0faa9022 7699237bbfa2411fa74bd4bbbdea6634 2c8e7681c7a54f8c9cd1b1cbf6370739 - - 04c3ea0177d4477c85ded9376c73d7b3 04c3ea0177d4477c85ded9376c73d7b3] 10.0.0.157 "GET /allocations/af324efb-ce05-4b6a-8755-81c7ffcf8252" status: 200 len: 19 microversion: 1.28 [pid: 7|app: 0|req: 485/970] 10.0.0.157 () {34 vars in 861 bytes} [Fri May 15 02:04:22 2026] GET /allocations/af324efb-ce05-4b6a-8755-81c7ffcf8252 => generated 19 bytes in 11 msecs (HTTP/1.1 200) 8 headers in 295 bytes (1 switches on core 0)
2026-05-15 02:04:22.417 8 INFO placement.requestlog [req-da456a29-64ec-4491-8c94-4f727f770a73 req-7a7992a7-11e7-43d8-a6b3-9c254b33e07c 7699237bbfa2411fa74bd4bbbdea6634 2c8e7681c7a54f8c9cd1b1cbf6370739 - - 04c3ea0177d4477c85ded9376c73d7b3 04c3ea0177d4477c85ded9376c73d7b3] 10.0.0.157 "PUT /allocations/af324efb-ce05-4b6a-8755-81c7ffcf8252" status: 204 len: 0 microversion: 1.36 [pid: 8|app: 0|req: 486/971] 10.0.0.157 () {38 vars in 914 bytes} [Fri May 15 02:04:22 2026] PUT /allocations/af324efb-ce05-4b6a-8755-81c7ffcf8252 => generated 0 bytes in 66 msecs (HTTP/1.1 204) 5 headers in 199 bytes (1 switches on core 0)
2026-05-15 02:04:24.034 7 INFO placement.requestlog [req-da456a29-64ec-4491-8c94-4f727f770a73 req-60cac5e7-d237-4b2d-89b5-cf1209da0ddb 7699237bbfa2411fa74bd4bbbdea6634 2c8e7681c7a54f8c9cd1b1cbf6370739 - - 04c3ea0177d4477c85ded9376c73d7b3 04c3ea0177d4477c85ded9376c73d7b3] 199.204.45.235 "GET /allocations/af324efb-ce05-4b6a-8755-81c7ffcf8252" status: 200 len: 258 microversion: 1.28 [pid: 7|app: 0|req: 486/972] 199.204.45.235 () {34 vars in 863 bytes} [Fri May 15 02:04:23 2026] GET /allocations/af324efb-ce05-4b6a-8755-81c7ffcf8252 => generated 258 bytes in 115 msecs (HTTP/1.1 200) 8 headers in 296 bytes (1 switches on core 0)
2026-05-15 02:04:25.083 8 INFO placement.requestlog [req-da456a29-64ec-4491-8c94-4f727f770a73 req-28d465d0-d199-4388-a1d1-e532e087e236 7699237bbfa2411fa74bd4bbbdea6634 2c8e7681c7a54f8c9cd1b1cbf6370739 - - 04c3ea0177d4477c85ded9376c73d7b3 04c3ea0177d4477c85ded9376c73d7b3] 199.204.45.235 "GET /resource_providers?in_tree=c1e31cf8-9f82-40fc-90af-ab7f682148b5" status: 200 len: 798 microversion: 1.14 [pid: 8|app: 0|req: 487/973] 199.204.45.235 () {34 vars in 892 bytes} [Fri May 15 02:04:25 2026] GET /resource_providers?in_tree=c1e31cf8-9f82-40fc-90af-ab7f682148b5 => generated 798 bytes in 25 msecs (HTTP/1.1 200) 6 headers in 225 bytes (1 switches on core 0)
2026-05-15 02:04:25.103 7 INFO placement.requestlog [req-da456a29-64ec-4491-8c94-4f727f770a73 req-b9889e62-23c8-48ee-a649-54592a881d92 7699237bbfa2411fa74bd4bbbdea6634 2c8e7681c7a54f8c9cd1b1cbf6370739 - - 04c3ea0177d4477c85ded9376c73d7b3 04c3ea0177d4477c85ded9376c73d7b3] 199.204.45.235 "GET /resource_providers/c1e31cf8-9f82-40fc-90af-ab7f682148b5/inventories" status: 200 len: 401 microversion: 1.0 [pid: 7|app: 0|req: 487/974] 199.204.45.235 () {32 vars in 857 bytes} [Fri May 15 02:04:25 2026] GET /resource_providers/c1e31cf8-9f82-40fc-90af-ab7f682148b5/inventories => generated 401 bytes in 14 msecs (HTTP/1.1 200) 6 headers in 224 bytes (1 switches on core 0)
2026-05-15 02:04:25.121 8 INFO placement.requestlog [req-da456a29-64ec-4491-8c94-4f727f770a73 req-6ecaee7a-49d9-40d0-9f02-2c42f93d305d 7699237bbfa2411fa74bd4bbbdea6634 2c8e7681c7a54f8c9cd1b1cbf6370739 - - 04c3ea0177d4477c85ded9376c73d7b3 04c3ea0177d4477c85ded9376c73d7b3] 199.204.45.235 "GET /resource_providers/c1e31cf8-9f82-40fc-90af-ab7f682148b5/aggregates" status: 200 len: 54 microversion: 1.19 [pid: 8|app: 0|req: 488/975] 199.204.45.235 () {34 vars in 899 bytes} [Fri May 15 02:04:25 2026] GET /resource_providers/c1e31cf8-9f82-40fc-90af-ab7f682148b5/aggregates => generated 54 bytes in 10 msecs (HTTP/1.1 200) 8 headers in 295 bytes (1 switches on core 0)
2026-05-15 02:04:25.146 7 INFO placement.requestlog [req-da456a29-64ec-4491-8c94-4f727f770a73 req-9bd91321-046c-44fd-8a57-e82e3f434776 7699237bbfa2411fa74bd4bbbdea6634 2c8e7681c7a54f8c9cd1b1cbf6370739 - - 04c3ea0177d4477c85ded9376c73d7b3 04c3ea0177d4477c85ded9376c73d7b3] 199.204.45.235 "GET /resource_providers/c1e31cf8-9f82-40fc-90af-ab7f682148b5/traits" status: 200 len: 2317 microversion: 1.6 [pid: 7|app: 0|req: 488/976] 199.204.45.235 () {34 vars in 890 bytes} [Fri May 15 02:04:25 2026] GET /resource_providers/c1e31cf8-9f82-40fc-90af-ab7f682148b5/traits => generated 2317 bytes in 18 msecs (HTTP/1.1 200) 6 headers in 225 bytes (1 switches on core 0)
2026-05-15 02:04:25.170 8 INFO placement.requestlog [req-da456a29-64ec-4491-8c94-4f727f770a73 req-1f1cf1ba-f609-4241-a790-2c5684c4b1a5 7699237bbfa2411fa74bd4bbbdea6634 2c8e7681c7a54f8c9cd1b1cbf6370739 - - 04c3ea0177d4477c85ded9376c73d7b3 04c3ea0177d4477c85ded9376c73d7b3] 199.204.45.235 "GET /resource_providers/c1e31cf8-9f82-40fc-90af-ab7f682148b5/allocations" status: 200 len: 553 microversion: 1.0 [pid: 8|app: 0|req: 489/977] 199.204.45.235 () {32 vars in 857 bytes} [Fri May 15 02:04:25 2026] GET /resource_providers/c1e31cf8-9f82-40fc-90af-ab7f682148b5/allocations => generated 553 bytes in 15 msecs (HTTP/1.1 200) 6 headers in 224 bytes (1 switches on core 0)
2026-05-15 02:04:25.189 7 INFO placement.requestlog [req-da456a29-64ec-4491-8c94-4f727f770a73 req-79fe523e-961b-443b-8313-cc95b5521f15 7699237bbfa2411fa74bd4bbbdea6634 2c8e7681c7a54f8c9cd1b1cbf6370739 - - 04c3ea0177d4477c85ded9376c73d7b3 04c3ea0177d4477c85ded9376c73d7b3] 199.204.45.235 "GET /allocations/1fbeb7b8-ffb5-47af-baf6-3af8fcf66fda" status: 200 len: 258 microversion: 1.28 [pid: 7|app: 0|req: 489/978] 199.204.45.235 () {34 vars in 863 bytes} [Fri May 15 02:04:25 2026] GET /allocations/1fbeb7b8-ffb5-47af-baf6-3af8fcf66fda => generated 258 bytes in 12 msecs (HTTP/1.1 200) 8 headers in 296 bytes (1 switches on core 0)
2026-05-15 02:04:25.206 8 INFO placement.requestlog [req-da456a29-64ec-4491-8c94-4f727f770a73 req-96a3ffaa-ed4c-4729-bc66-272bb5dda579 7699237bbfa2411fa74bd4bbbdea6634 2c8e7681c7a54f8c9cd1b1cbf6370739 - - 04c3ea0177d4477c85ded9376c73d7b3 04c3ea0177d4477c85ded9376c73d7b3] 199.204.45.235 "GET /allocations/264e42f7-7294-425d-af4d-2da89c84aa46" status: 200 len: 258 microversion: 1.28 [pid: 8|app: 0|req: 490/979] 199.204.45.235 () {34 vars in 863 bytes} [Fri May 15 02:04:25 2026] GET /allocations/264e42f7-7294-425d-af4d-2da89c84aa46 => generated 258 bytes in 11 msecs (HTTP/1.1 200) 8 headers in 296 bytes (1 switches on core 0)
2026-05-15 02:04:25.224 7 INFO placement.requestlog [req-da456a29-64ec-4491-8c94-4f727f770a73 req-b25ad0b2-01a1-4855-bf35-ceed4850a7ae 7699237bbfa2411fa74bd4bbbdea6634 2c8e7681c7a54f8c9cd1b1cbf6370739 - - 04c3ea0177d4477c85ded9376c73d7b3 04c3ea0177d4477c85ded9376c73d7b3] 199.204.45.235 "GET /allocations/af324efb-ce05-4b6a-8755-81c7ffcf8252" status: 200 len: 258 microversion: 1.28 [pid: 7|app: 0|req: 490/980] 199.204.45.235 () {34 vars in 863 bytes} [Fri May 15 02:04:25 2026] GET /allocations/af324efb-ce05-4b6a-8755-81c7ffcf8252 => generated 258 bytes in 13 msecs (HTTP/1.1 200) 8 headers in 296 bytes (1 switches on core 0)
2026-05-15 02:04:25.269 8 INFO placement.requestlog [req-da456a29-64ec-4491-8c94-4f727f770a73 req-1fd3e7bc-6335-4da5-a99b-96e21e62dbf2 7699237bbfa2411fa74bd4bbbdea6634 2c8e7681c7a54f8c9cd1b1cbf6370739 - - 04c3ea0177d4477c85ded9376c73d7b3 04c3ea0177d4477c85ded9376c73d7b3] 199.204.45.235 "GET /allocations/67a50e2c-6aff-4a93-91b8-89a05f2ece32" status: 200 len: 258 microversion: 1.28 [pid: 8|app: 0|req: 491/981] 199.204.45.235 () {34 vars in 863 bytes} [Fri May 15 02:04:25 2026] GET /allocations/67a50e2c-6aff-4a93-91b8-89a05f2ece32 => generated 258 bytes in 39 msecs (HTTP/1.1 200) 8 headers in 296 bytes (1 switches on core 0)
2026-05-15 02:04:25.291 7 INFO placement.requestlog [req-da456a29-64ec-4491-8c94-4f727f770a73 req-1430f61a-3988-4345-9134-4e1dbc0006fe 7699237bbfa2411fa74bd4bbbdea6634 2c8e7681c7a54f8c9cd1b1cbf6370739 - - 04c3ea0177d4477c85ded9376c73d7b3 04c3ea0177d4477c85ded9376c73d7b3] 199.204.45.235 "GET /allocations/ff7137b3-2fb7-44bf-96f5-d3694f8f7ecb" status: 200 len: 258 microversion: 1.28 [pid: 7|app: 0|req: 491/982] 199.204.45.235 () {34 vars in 863 bytes} [Fri May 15 02:04:25 2026] GET /allocations/ff7137b3-2fb7-44bf-96f5-d3694f8f7ecb => generated 258 bytes in 11 msecs (HTTP/1.1 200) 8 headers in 296 bytes (1 switches on core 0)
2026-05-15 02:04:27.615 8 INFO placement.requestlog [req-728b46ac-f386-4970-9cea-4b91baf01295 req-1fb41314-c923-481d-8aab-00c499c69f3a 7699237bbfa2411fa74bd4bbbdea6634 2c8e7681c7a54f8c9cd1b1cbf6370739 - - 04c3ea0177d4477c85ded9376c73d7b3 04c3ea0177d4477c85ded9376c73d7b3] 199.204.45.235 "GET /resource_providers/c1e31cf8-9f82-40fc-90af-ab7f682148b5/allocations" status: 200 len: 553 microversion: 1.0 [pid: 8|app: 0|req: 492/983] 199.204.45.235 () {32 vars in 857 bytes} [Fri May 15 02:04:27 2026] GET /resource_providers/c1e31cf8-9f82-40fc-90af-ab7f682148b5/allocations => generated 553 bytes in 15 msecs (HTTP/1.1 200) 6 headers in 224 bytes (1 switches on core 0)
2026-05-15 02:04:27.639 7 INFO placement.requestlog [req-728b46ac-f386-4970-9cea-4b91baf01295 req-3b25318f-4d58-48fc-91c6-113da0d878a3 7699237bbfa2411fa74bd4bbbdea6634 2c8e7681c7a54f8c9cd1b1cbf6370739 - - 04c3ea0177d4477c85ded9376c73d7b3 04c3ea0177d4477c85ded9376c73d7b3] 199.204.45.235 "GET /allocations/1fbeb7b8-ffb5-47af-baf6-3af8fcf66fda" status: 200 len: 258 microversion: 1.28 [pid: 7|app: 0|req: 492/984] 199.204.45.235 () {34 vars in 863 bytes} [Fri May 15 02:04:27 2026] GET /allocations/1fbeb7b8-ffb5-47af-baf6-3af8fcf66fda => generated 258 bytes in 13 msecs (HTTP/1.1 200) 8 headers in 296 bytes (1 switches on core 0)
2026-05-15 02:04:27.658 8 INFO placement.requestlog [req-728b46ac-f386-4970-9cea-4b91baf01295 req-27a2d12a-f304-453b-aa0a-6e30e22c792c 7699237bbfa2411fa74bd4bbbdea6634 2c8e7681c7a54f8c9cd1b1cbf6370739 - - 04c3ea0177d4477c85ded9376c73d7b3 04c3ea0177d4477c85ded9376c73d7b3] 199.204.45.235 "GET /allocations/264e42f7-7294-425d-af4d-2da89c84aa46" status: 200 len: 258 microversion: 1.28 [pid: 8|app: 0|req: 493/985] 199.204.45.235 () {34 vars in 863 bytes} [Fri May 15 02:04:27 2026] GET /allocations/264e42f7-7294-425d-af4d-2da89c84aa46 => generated 258 bytes in 13 msecs (HTTP/1.1 200) 8 headers in 296 bytes (1 switches on core 0)
2026-05-15 02:04:27.678 7 INFO placement.requestlog [req-728b46ac-f386-4970-9cea-4b91baf01295 req-a15fa976-79db-4946-b66b-c5af17daa8ad 7699237bbfa2411fa74bd4bbbdea6634 2c8e7681c7a54f8c9cd1b1cbf6370739 - - 04c3ea0177d4477c85ded9376c73d7b3 04c3ea0177d4477c85ded9376c73d7b3] 199.204.45.235 "GET /allocations/af324efb-ce05-4b6a-8755-81c7ffcf8252" status: 200 len: 258 microversion: 1.28 [pid: 7|app: 0|req: 493/986] 199.204.45.235 () {34 vars in 863 bytes} [Fri May 15 02:04:27 2026] GET /allocations/af324efb-ce05-4b6a-8755-81c7ffcf8252 => generated 258 bytes in 14 msecs (HTTP/1.1 200) 8 headers in 296 bytes (1 switches on core 0)
2026-05-15 02:04:27.701 8 INFO placement.requestlog [req-728b46ac-f386-4970-9cea-4b91baf01295 req-dc8f06e8-d104-4f40-9180-544e353b42bb 7699237bbfa2411fa74bd4bbbdea6634 2c8e7681c7a54f8c9cd1b1cbf6370739 - - 04c3ea0177d4477c85ded9376c73d7b3 04c3ea0177d4477c85ded9376c73d7b3] 199.204.45.235 "GET /allocations/67a50e2c-6aff-4a93-91b8-89a05f2ece32" status: 200 len: 258 microversion: 1.28 [pid: 8|app: 0|req: 494/987] 199.204.45.235 () {34 vars in 863 bytes} [Fri May 15 02:04:27 2026] GET /allocations/67a50e2c-6aff-4a93-91b8-89a05f2ece32 => generated 258 bytes in 12 msecs (HTTP/1.1 200) 8 headers in 296 bytes (1 switches on core 0)
2026-05-15 02:04:27.718 7 INFO placement.requestlog [req-728b46ac-f386-4970-9cea-4b91baf01295 req-8052c8c8-9895-4d15-9fb8-df0333548b37 7699237bbfa2411fa74bd4bbbdea6634 2c8e7681c7a54f8c9cd1b1cbf6370739 - - 04c3ea0177d4477c85ded9376c73d7b3 04c3ea0177d4477c85ded9376c73d7b3] 199.204.45.235 "GET /allocations/ff7137b3-2fb7-44bf-96f5-d3694f8f7ecb" status: 200 len: 258 microversion: 1.28 [pid: 7|app: 0|req: 494/988] 199.204.45.235 () {34 vars in 863 bytes} [Fri May 15 02:04:27 2026] GET /allocations/ff7137b3-2fb7-44bf-96f5-d3694f8f7ecb => generated 258 bytes in 13 msecs (HTTP/1.1 200) 8 headers in 296 bytes (1 switches on core 0)
2026-05-15 02:04:28.788 8 INFO placement.requestlog [req-728b46ac-f386-4970-9cea-4b91baf01295 req-6ee57005-a57e-44a7-9345-96643bbd8679 7699237bbfa2411fa74bd4bbbdea6634 2c8e7681c7a54f8c9cd1b1cbf6370739 - - 04c3ea0177d4477c85ded9376c73d7b3 04c3ea0177d4477c85ded9376c73d7b3] 199.204.45.235 "DELETE /allocations/67a50e2c-6aff-4a93-91b8-89a05f2ece32" status: 204 len: 0 microversion: 1.0 [pid: 8|app: 0|req: 495/989] 199.204.45.235 () {34 vars in 841 bytes} [Fri May 15 02:04:28 2026] DELETE /allocations/67a50e2c-6aff-4a93-91b8-89a05f2ece32 => generated 0 bytes in 44 msecs (HTTP/1.1 204) 5 headers in 198 bytes (1 switches on core 0)
2026-05-15 02:04:28.929 7 INFO placement.requestlog [None req-2313cfeb-f980-4745-a335-a5fae6380500 - - - - - -] 10.0.0.236 "GET /" status: 200 len: 136 microversion: 1.0
2026-05-15 02:04:28.929 8 INFO placement.requestlog [None req-50d0dbfc-1093-440e-8acb-318b1754fa8c - - - - - -] 10.0.0.236 "GET /" status: 200 len: 136 microversion: 1.0
2026-05-15 02:04:29.782 7 INFO placement.requestlog [req-1bce55d3-911a-4359-a69f-94a0aef2785d req-d6662fbd-4fd1-44da-85b7-7c9b38652087 7699237bbfa2411fa74bd4bbbdea6634 2c8e7681c7a54f8c9cd1b1cbf6370739 - - 04c3ea0177d4477c85ded9376c73d7b3 04c3ea0177d4477c85ded9376c73d7b3] 199.204.45.235 "GET /resource_providers/c1e31cf8-9f82-40fc-90af-ab7f682148b5/allocations" status: 200 len: 453 microversion: 1.0 [pid: 7|app: 0|req: 496/992] 199.204.45.235 () {32 vars in 857 bytes} [Fri May 15 02:04:29 2026] GET /resource_providers/c1e31cf8-9f82-40fc-90af-ab7f682148b5/allocations => generated 453 bytes in 20 msecs (HTTP/1.1 200) 6 headers in 224 bytes (1 switches on core 0)
2026-05-15 02:04:29.809 8 INFO placement.requestlog [req-1bce55d3-911a-4359-a69f-94a0aef2785d req-cf3f5007-dff2-49ef-bf64-57b77d95f18d 7699237bbfa2411fa74bd4bbbdea6634 2c8e7681c7a54f8c9cd1b1cbf6370739 - - 04c3ea0177d4477c85ded9376c73d7b3 04c3ea0177d4477c85ded9376c73d7b3] 199.204.45.235 "GET /resource_providers/c1e31cf8-9f82-40fc-90af-ab7f682148b5/allocations" status: 200 len: 453 microversion: 1.0 [pid: 8|app: 0|req: 497/993] 199.204.45.235 () {32 vars in 857 bytes} [Fri May 15 02:04:29 2026] GET /resource_providers/c1e31cf8-9f82-40fc-90af-ab7f682148b5/allocations => generated 453 bytes in 16 msecs (HTTP/1.1 200) 6 headers in 224 bytes (1 switches on core 0)
2026-05-15 02:04:29.829 7 INFO placement.requestlog [req-1bce55d3-911a-4359-a69f-94a0aef2785d req-aae86c61-74ac-493d-ae39-1bae8ea8d41e 7699237bbfa2411fa74bd4bbbdea6634 2c8e7681c7a54f8c9cd1b1cbf6370739 - - 04c3ea0177d4477c85ded9376c73d7b3 04c3ea0177d4477c85ded9376c73d7b3] 199.204.45.235 "GET /allocations/1fbeb7b8-ffb5-47af-baf6-3af8fcf66fda" status: 200 len: 258 microversion: 1.28 [pid: 7|app: 0|req: 497/994] 199.204.45.235 () {34 vars in 863 bytes} [Fri May 15 02:04:29 2026] GET /allocations/1fbeb7b8-ffb5-47af-baf6-3af8fcf66fda => generated 258 bytes in 12 msecs (HTTP/1.1 200) 8 headers in 296 bytes (1 switches on core 0)
2026-05-15 02:04:29.851 8 INFO placement.requestlog [req-1bce55d3-911a-4359-a69f-94a0aef2785d req-428a693d-7891-461b-8e56-5e4fd71a281b 7699237bbfa2411fa74bd4bbbdea6634 2c8e7681c7a54f8c9cd1b1cbf6370739 - - 04c3ea0177d4477c85ded9376c73d7b3 04c3ea0177d4477c85ded9376c73d7b3] 199.204.45.235 "GET /allocations/af324efb-ce05-4b6a-8755-81c7ffcf8252" status: 200 len: 258 microversion: 1.28 [pid: 8|app: 0|req: 498/995] 199.204.45.235 () {34 vars in 863 bytes} [Fri May 15 02:04:29 2026] GET /allocations/af324efb-ce05-4b6a-8755-81c7ffcf8252 => generated 258 bytes in 12 msecs (HTTP/1.1 200) 8 headers in 296 bytes (1 switches on core 0)
2026-05-15 02:04:29.871 7 INFO placement.requestlog [req-1bce55d3-911a-4359-a69f-94a0aef2785d req-44054a4e-669c-461b-b6d1-335ffb9019d6 7699237bbfa2411fa74bd4bbbdea6634 2c8e7681c7a54f8c9cd1b1cbf6370739 - - 04c3ea0177d4477c85ded9376c73d7b3 04c3ea0177d4477c85ded9376c73d7b3] 199.204.45.235 "GET /allocations/264e42f7-7294-425d-af4d-2da89c84aa46" status: 200 len: 258 microversion: 1.28 [pid: 7|app: 0|req: 498/996] 199.204.45.235 () {34 vars in 863 bytes} [Fri May 15 02:04:29 2026] GET /allocations/264e42f7-7294-425d-af4d-2da89c84aa46 => generated 258 bytes in 12 msecs (HTTP/1.1 200) 8 headers in 296 bytes (1 switches on core 0)
2026-05-15 02:04:29.891 8 INFO placement.requestlog [req-1bce55d3-911a-4359-a69f-94a0aef2785d req-c652b03b-c372-4fc2-be98-8a6b10552c98 7699237bbfa2411fa74bd4bbbdea6634 2c8e7681c7a54f8c9cd1b1cbf6370739 - - 04c3ea0177d4477c85ded9376c73d7b3 04c3ea0177d4477c85ded9376c73d7b3] 199.204.45.235 "GET /allocations/ff7137b3-2fb7-44bf-96f5-d3694f8f7ecb" status: 200 len: 258 microversion: 1.28 [pid: 8|app: 0|req: 499/997] 199.204.45.235 () {34 vars in 863 bytes} [Fri May 15 02:04:29 2026] GET /allocations/ff7137b3-2fb7-44bf-96f5-d3694f8f7ecb => generated 258 bytes in 12 msecs (HTTP/1.1 200) 8 headers in 296 bytes (1 switches on core 0)
2026-05-15 02:04:33.290 8 INFO placement.requestlog [None req-19d08b1c-cf5d-46aa-aa17-e0ef7cd7e911 28fa80a217b446218e9700622760411a 2c8e7681c7a54f8c9cd1b1cbf6370739 - - 04c3ea0177d4477c85ded9376c73d7b3 04c3ea0177d4477c85ded9376c73d7b3] 10.0.0.80 "GET /resource_providers/50960e30-88fb-48dd-828a-edfdb0ee6c72/aggregates" status: 404 len: 235 microversion: 1.1 [pid: 8|app: 0|req: 500/998] 10.0.0.80 () {32 vars in 815 bytes} [Fri May 15 02:04:33 2026] GET /resource_providers/50960e30-88fb-48dd-828a-edfdb0ee6c72/aggregates => generated 235 bytes in 21 msecs (HTTP/1.1 404) 5 headers in 202 bytes (1 switches on core 0)
2026-05-15 02:04:33.296 7 INFO placement.requestlog [None req-8088ead4-0e88-41c6-86cb-dd1671bf1cce 28fa80a217b446218e9700622760411a 2c8e7681c7a54f8c9cd1b1cbf6370739 - - 04c3ea0177d4477c85ded9376c73d7b3 04c3ea0177d4477c85ded9376c73d7b3] 10.0.0.80 "GET /resource_providers/50960e30-88fb-48dd-828a-edfdb0ee6c72/aggregates" status: 404 len: 235 microversion: 1.1 [pid: 7|app: 0|req: 499/999] 10.0.0.80 () {32 vars in 815 bytes} [Fri May 15 02:04:33 2026] GET /resource_providers/50960e30-88fb-48dd-828a-edfdb0ee6c72/aggregates => generated 235 bytes in 27 msecs (HTTP/1.1 404) 5 headers in 202 bytes (1 switches on core 0)
2026-05-15 02:04:33.313 8 INFO placement.requestlog [None req-e5e8e9ed-2dc3-43c3-a04e-4bf57ca8e92c 28fa80a217b446218e9700622760411a 2c8e7681c7a54f8c9cd1b1cbf6370739 - - 04c3ea0177d4477c85ded9376c73d7b3 04c3ea0177d4477c85ded9376c73d7b3] 10.0.0.80 "DELETE /resource_providers/50960e30-88fb-48dd-828a-edfdb0ee6c72" status: 404 len: 246 microversion: 1.1 [pid: 8|app: 0|req: 501/1000] 10.0.0.80 () {34 vars in 815 bytes} [Fri May 15 02:04:33 2026] DELETE /resource_providers/50960e30-88fb-48dd-828a-edfdb0ee6c72 => generated 246 bytes in 8 msecs (HTTP/1.1 404) 6 headers in 231 bytes (1 switches on core 0)
2026-05-15 02:04:33.326 7 INFO placement.requestlog [None req-9cc40ad0-da1e-468c-9cd4-55564105b594 28fa80a217b446218e9700622760411a 2c8e7681c7a54f8c9cd1b1cbf6370739 - - 04c3ea0177d4477c85ded9376c73d7b3 04c3ea0177d4477c85ded9376c73d7b3] 10.0.0.80 "DELETE /resource_providers/50960e30-88fb-48dd-828a-edfdb0ee6c72" status: 404 len: 246 microversion: 1.1 [pid: 7|app: 0|req: 500/1001] 10.0.0.80 () {34 vars in 815 bytes} [Fri May 15 02:04:33 2026] DELETE /resource_providers/50960e30-88fb-48dd-828a-edfdb0ee6c72 => generated 246 bytes in 12 msecs (HTTP/1.1 404) 6 headers in 231 bytes (1 switches on core 0)
2026-05-15 02:04:35.851 8 INFO placement.requestlog [None req-c8341cf4-d206-4e00-9c81-83f867c84309 28fa80a217b446218e9700622760411a 2c8e7681c7a54f8c9cd1b1cbf6370739 - - 04c3ea0177d4477c85ded9376c73d7b3 04c3ea0177d4477c85ded9376c73d7b3] 10.0.0.80 "GET /resource_providers/5e440ded-ecbc-47f6-965c-e62f4677f107/aggregates" status: 404 len: 235 microversion: 1.1 [pid: 8|app: 0|req: 502/1002] 10.0.0.80 () {32 vars in 815 bytes} [Fri May 15 02:04:35 2026] GET /resource_providers/5e440ded-ecbc-47f6-965c-e62f4677f107/aggregates => generated 235 bytes in 10 msecs (HTTP/1.1 404) 5 headers in 202 bytes (1 switches on core 0)
2026-05-15 02:04:35.857 7 INFO placement.requestlog [None req-04bc9248-efcf-4db4-ba09-91a874ca1ce7 28fa80a217b446218e9700622760411a 2c8e7681c7a54f8c9cd1b1cbf6370739 - - 04c3ea0177d4477c85ded9376c73d7b3 04c3ea0177d4477c85ded9376c73d7b3] 10.0.0.80 "GET /resource_providers/5e440ded-ecbc-47f6-965c-e62f4677f107/aggregates" status: 404 len: 235 microversion: 1.1 [pid: 7|app: 0|req: 501/1003] 10.0.0.80 () {32 vars in 815 bytes} [Fri May 15 02:04:35 2026] GET /resource_providers/5e440ded-ecbc-47f6-965c-e62f4677f107/aggregates => generated 235 bytes in 13 msecs (HTTP/1.1 404) 5 headers in 202 bytes (1 switches on core 0)
2026-05-15 02:04:35.879 7 INFO placement.requestlog [None req-0c1f1720-a0b3-4a3e-9c28-ceed2da26d28 28fa80a217b446218e9700622760411a 2c8e7681c7a54f8c9cd1b1cbf6370739 - - 04c3ea0177d4477c85ded9376c73d7b3 04c3ea0177d4477c85ded9376c73d7b3] 10.0.0.80 "DELETE /resource_providers/5e440ded-ecbc-47f6-965c-e62f4677f107" status: 404 len: 246 microversion: 1.1 [pid: 7|app: 0|req: 502/1004] 10.0.0.80 () {34 vars in 815 bytes} [Fri May 15 02:04:35 2026] DELETE /resource_providers/5e440ded-ecbc-47f6-965c-e62f4677f107 => generated 246 bytes in 10 msecs (HTTP/1.1 404) 6 headers in 231 bytes (1 switches on core 0)
2026-05-15 02:04:35.880 8 INFO placement.requestlog [None req-9e3a0b4a-c7ef-451f-85d2-6f0defe8e4c1 28fa80a217b446218e9700622760411a 2c8e7681c7a54f8c9cd1b1cbf6370739 - - 04c3ea0177d4477c85ded9376c73d7b3 04c3ea0177d4477c85ded9376c73d7b3] 10.0.0.80 "DELETE /resource_providers/5e440ded-ecbc-47f6-965c-e62f4677f107" status: 404 len: 246 microversion: 1.1 [pid: 8|app: 0|req: 503/1005] 10.0.0.80 () {34 vars in 815 bytes} [Fri May 15 02:04:35 2026] DELETE /resource_providers/5e440ded-ecbc-47f6-965c-e62f4677f107 => generated 246 bytes in 11 msecs (HTTP/1.1 404) 6 headers in 231 bytes (1 switches on core 0)
2026-05-15 02:04:38.333 7 INFO placement.requestlog [req-3868a783-5fb4-427d-a92f-9fbe66ad601a req-af61b962-2479-4fb3-aac6-29131c6b85a4 7699237bbfa2411fa74bd4bbbdea6634 2c8e7681c7a54f8c9cd1b1cbf6370739 - - 04c3ea0177d4477c85ded9376c73d7b3 04c3ea0177d4477c85ded9376c73d7b3] 199.204.45.235 "GET /resource_providers/c1e31cf8-9f82-40fc-90af-ab7f682148b5/allocations" status: 200 len: 453 microversion: 1.0 [pid: 7|app: 0|req: 503/1006] 199.204.45.235 () {32 vars in 857 bytes} [Fri May 15 02:04:38 2026] GET /resource_providers/c1e31cf8-9f82-40fc-90af-ab7f682148b5/allocations => generated 453 bytes in 14 msecs (HTTP/1.1 200) 6 headers in 224 bytes (1 switches on core 0)
2026-05-15 02:04:38.350 8 INFO placement.requestlog [req-3868a783-5fb4-427d-a92f-9fbe66ad601a req-2f31ecc6-99f4-4026-b600-3f115595c7d1 7699237bbfa2411fa74bd4bbbdea6634 2c8e7681c7a54f8c9cd1b1cbf6370739 - - 04c3ea0177d4477c85ded9376c73d7b3 04c3ea0177d4477c85ded9376c73d7b3] 199.204.45.235 "GET /allocations/1fbeb7b8-ffb5-47af-baf6-3af8fcf66fda" status: 200 len: 258 microversion: 1.28 [pid: 8|app: 0|req: 504/1007] 199.204.45.235 () {34 vars in 863 bytes} [Fri May 15 02:04:38 2026] GET /allocations/1fbeb7b8-ffb5-47af-baf6-3af8fcf66fda => generated 258 bytes in 12 msecs (HTTP/1.1 200) 8 headers in 296 bytes (1 switches on core 0)
2026-05-15 02:04:38.369 7 INFO placement.requestlog [req-3868a783-5fb4-427d-a92f-9fbe66ad601a req-e0834f00-f6dd-4c9c-8bd4-7b38b4d85038 7699237bbfa2411fa74bd4bbbdea6634 2c8e7681c7a54f8c9cd1b1cbf6370739 - - 04c3ea0177d4477c85ded9376c73d7b3 04c3ea0177d4477c85ded9376c73d7b3] 199.204.45.235 "GET /allocations/af324efb-ce05-4b6a-8755-81c7ffcf8252" status: 200 len: 258 microversion: 1.28 [pid: 7|app: 0|req: 504/1008] 199.204.45.235 () {34 vars in 863 bytes} [Fri May 15 02:04:38 2026] GET /allocations/af324efb-ce05-4b6a-8755-81c7ffcf8252 => generated 258 bytes in 11 msecs (HTTP/1.1 200) 8 headers in 296 bytes (1 switches on core 0)
2026-05-15 02:04:38.392 8 INFO placement.requestlog [req-3868a783-5fb4-427d-a92f-9fbe66ad601a req-9de5d6c9-88dc-4691-b076-aa2a78834f77 7699237bbfa2411fa74bd4bbbdea6634 2c8e7681c7a54f8c9cd1b1cbf6370739 - - 04c3ea0177d4477c85ded9376c73d7b3 04c3ea0177d4477c85ded9376c73d7b3] 199.204.45.235 "GET /allocations/264e42f7-7294-425d-af4d-2da89c84aa46" status: 200 len: 258 microversion: 1.28 [pid: 8|app: 0|req: 505/1009] 199.204.45.235 () {34 vars in 863 bytes} [Fri May 15 02:04:38 2026] GET /allocations/264e42f7-7294-425d-af4d-2da89c84aa46 => generated 258 bytes in 15 msecs (HTTP/1.1 200) 8 headers in 296 bytes (1 switches on core 0)
2026-05-15 02:04:38.412 7 INFO placement.requestlog [req-3868a783-5fb4-427d-a92f-9fbe66ad601a req-d1043a9f-a794-4f45-8fb0-adf9c5eea24c 7699237bbfa2411fa74bd4bbbdea6634 2c8e7681c7a54f8c9cd1b1cbf6370739 - - 04c3ea0177d4477c85ded9376c73d7b3 04c3ea0177d4477c85ded9376c73d7b3] 199.204.45.235 "GET /allocations/ff7137b3-2fb7-44bf-96f5-d3694f8f7ecb" status: 200 len: 258 microversion: 1.28 [pid: 7|app: 0|req: 505/1010] 199.204.45.235 () {34 vars in 863 bytes} [Fri May 15 02:04:38 2026] GET /allocations/ff7137b3-2fb7-44bf-96f5-d3694f8f7ecb => generated 258 bytes in 13 msecs (HTTP/1.1 200) 8 headers in 296 bytes (1 switches on core 0)
2026-05-15 02:04:38.929 8 INFO placement.requestlog [None req-11f4e121-7df0-42a4-8894-5b43063db2f0 - - - - - -] 10.0.0.236 "GET /" status: 200 len: 136 microversion: 1.0
2026-05-15 02:04:38.929 7 INFO placement.requestlog [None req-a5c9550e-12bf-4173-8867-3013b4728769 - - - - - -] 10.0.0.236 "GET /" status: 200 len: 136 microversion: 1.0
2026-05-15 02:04:39.460 7 INFO placement.requestlog [req-3868a783-5fb4-427d-a92f-9fbe66ad601a req-362a1e8a-9a65-495e-bda4-3b553f81573b 7699237bbfa2411fa74bd4bbbdea6634 2c8e7681c7a54f8c9cd1b1cbf6370739 - - 04c3ea0177d4477c85ded9376c73d7b3 04c3ea0177d4477c85ded9376c73d7b3] 199.204.45.235 "DELETE /allocations/1fbeb7b8-ffb5-47af-baf6-3af8fcf66fda" status: 204 len: 0 microversion: 1.0 [pid: 7|app: 0|req: 507/1013] 199.204.45.235 () {34 vars in 841 bytes} [Fri May 15 02:04:39 2026] DELETE /allocations/1fbeb7b8-ffb5-47af-baf6-3af8fcf66fda => generated 0 bytes in 24 msecs (HTTP/1.1 204) 5 headers in 198 bytes (1 switches on core 0)
2026-05-15 02:04:45.995 8 INFO placement.requestlog [req-067ca510-effa-4017-b80f-0d4dbaabd4ac req-1a65b556-a913-4781-a4d6-d2c95b91ac57 7699237bbfa2411fa74bd4bbbdea6634 2c8e7681c7a54f8c9cd1b1cbf6370739 - - 04c3ea0177d4477c85ded9376c73d7b3 04c3ea0177d4477c85ded9376c73d7b3] 199.204.45.235 "GET /resource_providers/c1e31cf8-9f82-40fc-90af-ab7f682148b5/allocations" status: 200 len: 353 microversion: 1.0 [pid: 8|app: 0|req: 507/1014] 199.204.45.235 () {32 vars in 857 bytes} [Fri May 15 02:04:45 2026] GET /resource_providers/c1e31cf8-9f82-40fc-90af-ab7f682148b5/allocations => generated 353 bytes in 12 msecs (HTTP/1.1 200) 6 headers in 224 bytes (1 switches on core 0)
2026-05-15 02:04:46.014 7 INFO placement.requestlog [req-067ca510-effa-4017-b80f-0d4dbaabd4ac req-5435ce25-c25c-47ac-9ce6-529161ee9e34 7699237bbfa2411fa74bd4bbbdea6634 2c8e7681c7a54f8c9cd1b1cbf6370739 - - 04c3ea0177d4477c85ded9376c73d7b3 04c3ea0177d4477c85ded9376c73d7b3] 199.204.45.235 "GET /allocations/af324efb-ce05-4b6a-8755-81c7ffcf8252" status: 200 len: 258 microversion: 1.28 [pid: 7|app: 0|req: 508/1015] 199.204.45.235 () {34 vars in 863 bytes} [Fri May 15 02:04:46 2026] GET /allocations/af324efb-ce05-4b6a-8755-81c7ffcf8252 => generated 258 bytes in 12 msecs (HTTP/1.1 200) 8 headers in 296 bytes (1 switches on core 0)
2026-05-15 02:04:46.030 8 INFO placement.requestlog [req-067ca510-effa-4017-b80f-0d4dbaabd4ac req-15e7d9c9-d64c-410f-8d11-2f5825f09da1 7699237bbfa2411fa74bd4bbbdea6634 2c8e7681c7a54f8c9cd1b1cbf6370739 - - 04c3ea0177d4477c85ded9376c73d7b3 04c3ea0177d4477c85ded9376c73d7b3] 199.204.45.235 "GET /allocations/264e42f7-7294-425d-af4d-2da89c84aa46" status: 200 len: 258 microversion: 1.28 [pid: 8|app: 0|req: 508/1016] 199.204.45.235 () {34 vars in 863 bytes} [Fri May 15 02:04:46 2026] GET /allocations/264e42f7-7294-425d-af4d-2da89c84aa46 => generated 258 bytes in 12 msecs (HTTP/1.1 200) 8 headers in 296 bytes (1 switches on core 0)
2026-05-15 02:04:46.046 7 INFO placement.requestlog [req-067ca510-effa-4017-b80f-0d4dbaabd4ac req-b3b4b7d5-c349-4717-9093-33ba543fda3c 7699237bbfa2411fa74bd4bbbdea6634 2c8e7681c7a54f8c9cd1b1cbf6370739 - - 04c3ea0177d4477c85ded9376c73d7b3 04c3ea0177d4477c85ded9376c73d7b3] 199.204.45.235 "GET /allocations/ff7137b3-2fb7-44bf-96f5-d3694f8f7ecb" status: 200 len: 258 microversion: 1.28 [pid: 7|app: 0|req: 509/1017] 199.204.45.235 () {34 vars in 863 bytes} [Fri May 15 02:04:46 2026] GET /allocations/ff7137b3-2fb7-44bf-96f5-d3694f8f7ecb => generated 258 bytes in 11 msecs (HTTP/1.1 200) 8 headers in 296 bytes (1 switches on core 0)
2026-05-15 02:04:47.087 8 INFO placement.requestlog [req-067ca510-effa-4017-b80f-0d4dbaabd4ac req-0945baa7-bc6b-413b-bedc-7d418511ca99 7699237bbfa2411fa74bd4bbbdea6634 2c8e7681c7a54f8c9cd1b1cbf6370739 - - 04c3ea0177d4477c85ded9376c73d7b3 04c3ea0177d4477c85ded9376c73d7b3] 199.204.45.235 "DELETE /allocations/ff7137b3-2fb7-44bf-96f5-d3694f8f7ecb" status: 204 len: 0 microversion: 1.0 [pid: 8|app: 0|req: 509/1018] 199.204.45.235 () {34 vars in 841 bytes} [Fri May 15 02:04:47 2026] DELETE /allocations/ff7137b3-2fb7-44bf-96f5-d3694f8f7ecb => generated 0 bytes in 21 msecs (HTTP/1.1 204) 5 headers in 198 bytes (1 switches on core 0)
2026-05-15 02:04:48.929 7 INFO placement.requestlog [None req-4df08abe-fba2-422d-bf30-2886be4b7df3 - - - - - -] 10.0.0.236 "GET /" status: 200 len: 136 microversion: 1.0
2026-05-15 02:04:48.929 8 INFO placement.requestlog [None req-12c51531-15b5-46f3-89fe-c4d985b15580 - - - - - -] 10.0.0.236 "GET /" status: 200 len: 136 microversion: 1.0
2026-05-15 02:04:49.074 7 INFO placement.requestlog [None req-4ce874c4-d0e2-45cd-adde-d9c457c3a340 28fa80a217b446218e9700622760411a 2c8e7681c7a54f8c9cd1b1cbf6370739 - - 04c3ea0177d4477c85ded9376c73d7b3 04c3ea0177d4477c85ded9376c73d7b3] 10.0.0.80 "GET /resource_providers/39bc23f9-3c3f-4cb4-8ed7-1287620770aa/aggregates" status: 404 len: 235 microversion: 1.1 [pid: 7|app: 0|req: 511/1021] 10.0.0.80 () {32 vars in 815 bytes} [Fri May 15 02:04:49 2026] GET /resource_providers/39bc23f9-3c3f-4cb4-8ed7-1287620770aa/aggregates => generated 235 bytes in 9 msecs (HTTP/1.1 404) 5 headers in 202 bytes (1 switches on core 0)
2026-05-15 02:04:49.076 8 INFO placement.requestlog [None req-5c377b75-01c5-489f-917e-9f16f9f38d48 28fa80a217b446218e9700622760411a 2c8e7681c7a54f8c9cd1b1cbf6370739 - - 04c3ea0177d4477c85ded9376c73d7b3 04c3ea0177d4477c85ded9376c73d7b3] 10.0.0.80 "GET /resource_providers/39bc23f9-3c3f-4cb4-8ed7-1287620770aa/aggregates" status: 404 len: 235 microversion: 1.1 [pid: 8|app: 0|req: 511/1022] 10.0.0.80 () {32 vars in 815 bytes} [Fri May 15 02:04:49 2026] GET /resource_providers/39bc23f9-3c3f-4cb4-8ed7-1287620770aa/aggregates => generated 235 bytes in 12 msecs (HTTP/1.1 404) 5 headers in 202 bytes (1 switches on core 0)
2026-05-15 02:04:49.094 8 INFO placement.requestlog [None req-fd88b753-8b3a-4368-b907-32e25389a79a 28fa80a217b446218e9700622760411a 2c8e7681c7a54f8c9cd1b1cbf6370739 - - 04c3ea0177d4477c85ded9376c73d7b3 04c3ea0177d4477c85ded9376c73d7b3] 10.0.0.80 "DELETE /resource_providers/39bc23f9-3c3f-4cb4-8ed7-1287620770aa" status: 404 len: 246 microversion: 1.1 [pid: 8|app: 0|req: 512/1023] 10.0.0.80 () {34 vars in 815 bytes} [Fri May 15 02:04:49 2026] DELETE /resource_providers/39bc23f9-3c3f-4cb4-8ed7-1287620770aa => generated 246 bytes in 6 msecs (HTTP/1.1 404) 6 headers in 231 bytes (1 switches on core 0)
2026-05-15 02:04:49.099 7 INFO placement.requestlog [None req-b82706d1-751d-4ca4-82e1-0dcc9f9aa10d 28fa80a217b446218e9700622760411a 2c8e7681c7a54f8c9cd1b1cbf6370739 - - 04c3ea0177d4477c85ded9376c73d7b3 04c3ea0177d4477c85ded9376c73d7b3] 10.0.0.80 "DELETE /resource_providers/39bc23f9-3c3f-4cb4-8ed7-1287620770aa" status: 404 len: 246 microversion: 1.1 [pid: 7|app: 0|req: 512/1024] 10.0.0.80 () {34 vars in 815 bytes} [Fri May 15 02:04:49 2026] DELETE /resource_providers/39bc23f9-3c3f-4cb4-8ed7-1287620770aa => generated 246 bytes in 11 msecs (HTTP/1.1 404) 6 headers in 231 bytes (1 switches on core 0)
