2026-05-06 02:30:23.968 9 INFO neutron.services.segments.plugin [-] Segment 1fe91b18-857e-4b2f-a4e5-9bd9286dcfc4 resource provider not found; error: Placement Client Error (4xx): {"errors": [{"status": 404, "title": "Not Found", "detail": "The resource could not be found.\n\n No resource provider with uuid 1fe91b18-857e-4b2f-a4e5-9bd9286dcfc4 found for delete ", "request_id": "req-6489deaf-1993-402e-ba55-c0303e3a4476"}]}
2026-05-06 02:30:23.999 10 WARNING neutron.plugins.ml2.drivers.ovn.mech_driver.ovsdb.ovn_client [None req-4e1b341c-ceab-4cdf-924c-408697357392 - - - - - -] No hosting information found for port b076db66-4180-4560-a612-1113555cc7d9: RuntimeError: No hosting information found for port b076db66-4180-4560-a612-1113555cc7d9
2026-05-06 02:30:24.031 10 INFO neutron.wsgi [req-39e1ebff-cfd9-4508-9461-7dae41d9d162 req-17cf4501-d85f-4cff-b7ba-ce05664874aa 8435eaa9ccac4ab89076fb659db7a872 ff8a6a7ce65847d2ba127db9d23089ea - - default default] 10.0.0.8 "GET /v2.0/networks?id=2814faa7-4b01-4948-9bdf-2f0a4cf99ba7 HTTP/1.1" status: 200 len: 871 time: 0.1026897
2026-05-06 02:30:24.064 10 INFO neutron.wsgi [req-39e1ebff-cfd9-4508-9461-7dae41d9d162 req-bcf26a04-1c5b-4883-b130-b05570758566 8435eaa9ccac4ab89076fb659db7a872 ff8a6a7ce65847d2ba127db9d23089ea - - default default] 10.0.0.8 "GET /v2.0/quotas/ff8a6a7ce65847d2ba127db9d23089ea HTTP/1.1" status: 200 len: 386 time: 0.0266130
2026-05-06 02:30:24.130 9 INFO neutron.wsgi [None req-b6450f75-4f43-47e5-9014-daa930013259 73dd423aefdc4972938d861bab61fd9f 5b8d6c50a34b45e5bd036ca27f3e8796 - - - -] 10.0.0.199 "DELETE /v2.0/networks/4a49e657-002e-4193-b47f-f87a343243e3 HTTP/1.1" status: 204 len: 168 time: 0.5973749
2026-05-06 02:30:24.205 10 INFO neutron.wsgi [req-39e1ebff-cfd9-4508-9461-7dae41d9d162 req-78a5f03b-71d7-4585-92c0-266e272fd1a0 8435eaa9ccac4ab89076fb659db7a872 ff8a6a7ce65847d2ba127db9d23089ea - - default default] 10.0.0.8 "GET /v2.0/ports?tenant_id=ff8a6a7ce65847d2ba127db9d23089ea&fields=id HTTP/1.1" status: 200 len: 302 time: 0.1333008
2026-05-06 02:30:24.221 9 INFO neutron.db.segments_db [None req-7184dad4-7b2a-4bbe-959b-a63dac505f5a 73dd423aefdc4972938d861bab61fd9f 5b8d6c50a34b45e5bd036ca27f3e8796 - - - -] Added segment 6d858530-fa6b-4e29-b664-24c000da8036 of type geneve for network fc3eba30-d229-4145-9a5a-8b9258a04cf2
2026-05-06 02:30:24.330 9 INFO neutron.db.ovn_revision_numbers_db [None req-7184dad4-7b2a-4bbe-959b-a63dac505f5a 73dd423aefdc4972938d861bab61fd9f 5b8d6c50a34b45e5bd036ca27f3e8796 - - - -] Successfully bumped revision number for resource fc3eba30-d229-4145-9a5a-8b9258a04cf2 (type: networks) to 1
2026-05-06 02:30:24.483 9 WARNING neutron.scheduler.dhcp_agent_scheduler [None req-7184dad4-7b2a-4bbe-959b-a63dac505f5a 73dd423aefdc4972938d861bab61fd9f 5b8d6c50a34b45e5bd036ca27f3e8796 - - - -] No more DHCP agents
2026-05-06 02:30:24.484 9 WARNING neutron.api.rpc.agentnotifiers.dhcp_rpc_agent_api [None req-7184dad4-7b2a-4bbe-959b-a63dac505f5a 73dd423aefdc4972938d861bab61fd9f 5b8d6c50a34b45e5bd036ca27f3e8796 - - - -] Unable to schedule network fc3eba30-d229-4145-9a5a-8b9258a04cf2: no agents available; will retry on subsequent port and subnet creation events.
2026-05-06 02:30:24.554 9 INFO neutron.db.ovn_revision_numbers_db [None req-7184dad4-7b2a-4bbe-959b-a63dac505f5a 73dd423aefdc4972938d861bab61fd9f 5b8d6c50a34b45e5bd036ca27f3e8796 - - - -] Successfully bumped revision number for resource 2103577a-1d81-4bf8-90fc-1538001ea7a0 (type: ports) to 1
2026-05-06 02:30:24.559 10 INFO neutron.wsgi [req-39e1ebff-cfd9-4508-9461-7dae41d9d162 req-2ffdef8d-03b9-40c4-af61-a39552ca5826 9e2c17717c684236bffdf7e3016dc467 de48dc460ccb44fe8471d716a0a99fac - - 1e3de47416ab442dac3acb72b83625e9 1e3de47416ab442dac3acb72b83625e9] 10.0.0.8 "GET /v2.0/networks/2814faa7-4b01-4948-9bdf-2f0a4cf99ba7?fields=segments HTTP/1.1" status: 200 len: 212 time: 0.3415170
2026-05-06 02:30:24.565 10 INFO neutron.wsgi [None req-8665b7b4-fcee-44a6-aba9-4f0f81d247df 4fb52434344b4c4cb8180470e9351591 309bacbcd50c47d680dfe66a7b4b5cc2 - - - -] 10.0.0.199 "DELETE /v2.0/networks/5f72de4c-4ec1-4b2f-89fb-41a25506fb85 HTTP/1.1" status: 204 len: 168 time: 0.8388109
2026-05-06 02:30:24.581 9 INFO neutron.wsgi [None req-7184dad4-7b2a-4bbe-959b-a63dac505f5a 73dd423aefdc4972938d861bab61fd9f 5b8d6c50a34b45e5bd036ca27f3e8796 - - - -] 10.0.0.199 "POST /v2.0/networks HTTP/1.1" status: 201 len: 928 time: 0.4406469
2026-05-06 02:30:24.636 10 INFO neutron.wsgi [req-39e1ebff-cfd9-4508-9461-7dae41d9d162 req-e381ee4f-773a-4f47-a16a-96fa3455779a 9e2c17717c684236bffdf7e3016dc467 de48dc460ccb44fe8471d716a0a99fac - - 1e3de47416ab442dac3acb72b83625e9 1e3de47416ab442dac3acb72b83625e9] 10.0.0.8 "GET /v2.0/networks/2814faa7-4b01-4948-9bdf-2f0a4cf99ba7?fields=provider%3Aphysical_network&fields=provider%3Anetwork_type HTTP/1.1" status: 200 len: 277 time: 0.0639520
2026-05-06 02:30:24.774 10 WARNING neutron.scheduler.dhcp_agent_scheduler [None req-f45f59d8-f3c5-4b28-9c06-e93592d9af2d 73dd423aefdc4972938d861bab61fd9f 5b8d6c50a34b45e5bd036ca27f3e8796 - - - -] No more DHCP agents
2026-05-06 02:30:24.778 10 INFO neutron.wsgi [req-7acc5764-769f-4bc2-85a9-14c6de06538d req-d6a1346f-11ff-419b-992e-3dca1707990b 8435eaa9ccac4ab89076fb659db7a872 ff8a6a7ce65847d2ba127db9d23089ea - - default default] 10.0.0.8 "GET /v2.0/ports?device_id=a3b4798c-daed-4cbf-b896-2c488b8055b4 HTTP/1.1" status: 200 len: 210 time: 0.0207775
2026-05-06 02:30:24.778 10 WARNING neutron.api.rpc.agentnotifiers.dhcp_rpc_agent_api [None req-f45f59d8-f3c5-4b28-9c06-e93592d9af2d 73dd423aefdc4972938d861bab61fd9f 5b8d6c50a34b45e5bd036ca27f3e8796 - - - -] Unable to schedule network fc3eba30-d229-4145-9a5a-8b9258a04cf2: no agents available; will retry on subsequent port and subnet creation events.
2026-05-06 02:30:24.935 9 INFO neutron.wsgi [None req-5c7eb523-656b-4d23-b363-60d3ae674af0 4fb52434344b4c4cb8180470e9351591 309bacbcd50c47d680dfe66a7b4b5cc2 - - - -] 10.0.0.199 "DELETE /v2.0/networks/d056f0dd-5f55-47df-8608-0ad9297f7775 HTTP/1.1" status: 204 len: 168 time: 0.3655789
2026-05-06 02:30:25.349 10 INFO neutron.db.ovn_revision_numbers_db [None req-f45f59d8-f3c5-4b28-9c06-e93592d9af2d 73dd423aefdc4972938d861bab61fd9f 5b8d6c50a34b45e5bd036ca27f3e8796 - - - -] Successfully bumped revision number for resource 2103577a-1d81-4bf8-90fc-1538001ea7a0 (type: ports) to 2
2026-05-06 02:30:25.369 10 INFO neutron.db.ovn_revision_numbers_db [None req-f45f59d8-f3c5-4b28-9c06-e93592d9af2d 73dd423aefdc4972938d861bab61fd9f 5b8d6c50a34b45e5bd036ca27f3e8796 - - - -] Successfully bumped revision number for resource 7901d618-24b0-4bc8-958f-716e3a0362a9 (type: subnets) to 0
2026-05-06 02:30:25.394 10 INFO neutron.wsgi [None req-f45f59d8-f3c5-4b28-9c06-e93592d9af2d 73dd423aefdc4972938d861bab61fd9f 5b8d6c50a34b45e5bd036ca27f3e8796 - - - -] 10.0.0.199 "POST /v2.0/subnets HTTP/1.1" status: 201 len: 822 time: 0.8085272
2026-05-06 02:30:25.422 10 INFO neutron.wsgi [None req-2f339861-b1c6-4d7f-89e5-4a383367bbce 4fb52434344b4c4cb8180470e9351591 309bacbcd50c47d680dfe66a7b4b5cc2 - - - -] 10.0.0.199 "DELETE /v2.0/networks/afe16b94-b0bd-4f5c-bae1-fab47b57592a HTTP/1.1" status: 204 len: 168 time: 0.4811769
2026-05-06 02:30:25.579 9 INFO neutron.wsgi [req-39e1ebff-cfd9-4508-9461-7dae41d9d162 req-b9f42103-86b9-4357-a17e-5eddd7dfc90b 8435eaa9ccac4ab89076fb659db7a872 ff8a6a7ce65847d2ba127db9d23089ea - - default default] 199.204.45.250 "GET /v2.0/networks?id=2814faa7-4b01-4948-9bdf-2f0a4cf99ba7 HTTP/1.1" status: 200 len: 871 time: 0.0786376
2026-05-06 02:30:25.648 9 INFO neutron.wsgi [req-39e1ebff-cfd9-4508-9461-7dae41d9d162 req-7ef6bb36-54dd-4e1b-be24-510dfb8dcad0 8435eaa9ccac4ab89076fb659db7a872 ff8a6a7ce65847d2ba127db9d23089ea - - default default] 199.204.45.250 "GET /v2.0/security-groups?fields=id&fields=name&tenant_id=ff8a6a7ce65847d2ba127db9d23089ea HTTP/1.1" status: 200 len: 472 time: 0.0607986
2026-05-06 02:30:25.717 10 INFO neutron.services.segments.plugin [-] Segment ad0fbfe2-39f2-4244-a579-f2c87b6a59b2 resource provider aggregate not found
2026-05-06 02:30:25.725 10 INFO neutron.services.segments.plugin [-] Segment ad0fbfe2-39f2-4244-a579-f2c87b6a59b2 resource provider aggregate not found
2026-05-06 02:30:25.731 10 INFO neutron.services.segments.plugin [-] Segment ad0fbfe2-39f2-4244-a579-f2c87b6a59b2 resource provider not found; error: Placement Client Error (4xx): {"errors": [{"status": 404, "title": "Not Found", "detail": "The resource could not be found.\n\n No resource provider with uuid ad0fbfe2-39f2-4244-a579-f2c87b6a59b2 found for delete ", "request_id": "req-aff30fbf-5ad4-40f2-b9ee-dfac320a8244"}]}
2026-05-06 02:30:25.744 10 INFO neutron.wsgi [None req-dd08e954-3224-462c-9164-0a90f799b1b0 73dd423aefdc4972938d861bab61fd9f 5b8d6c50a34b45e5bd036ca27f3e8796 - - - -] 10.0.0.199 "POST /v2.0/rbac-policies HTTP/1.1" status: 201 len: 523 time: 0.3434570
2026-05-06 02:30:25.744 10 INFO neutron.services.segments.plugin [-] Segment ad0fbfe2-39f2-4244-a579-f2c87b6a59b2 resource provider not found; error: Placement Client Error (4xx): {"errors": [{"status": 404, "title": "Not Found", "detail": "The resource could not be found.\n\n No resource provider with uuid ad0fbfe2-39f2-4244-a579-f2c87b6a59b2 found for delete ", "request_id": "req-fa7e831b-8993-4000-83f9-da11cc51183f"}]}
2026-05-06 02:30:25.749 10 INFO neutron.services.segments.plugin [-] Segment 3d86b8e1-2a26-4f65-9ff8-e1894e3721ed resource provider aggregate not found
2026-05-06 02:30:25.759 10 INFO neutron.services.segments.plugin [-] Segment 3d86b8e1-2a26-4f65-9ff8-e1894e3721ed resource provider aggregate not found
2026-05-06 02:30:25.764 10 INFO neutron.services.segments.plugin [-] Segment 3d86b8e1-2a26-4f65-9ff8-e1894e3721ed resource provider not found; error: Placement Client Error (4xx): {"errors": [{"status": 404, "title": "Not Found", "detail": "The resource could not be found.\n\n No resource provider with uuid 3d86b8e1-2a26-4f65-9ff8-e1894e3721ed found for delete ", "request_id": "req-52f820b4-dec0-4c40-8d18-2931b120fb0d"}]}
2026-05-06 02:30:25.775 10 INFO neutron.services.segments.plugin [-] Segment 3d86b8e1-2a26-4f65-9ff8-e1894e3721ed resource provider not found; error: Placement Client Error (4xx): {"errors": [{"status": 404, "title": "Not Found", "detail": "The resource could not be found.\n\n No resource provider with uuid 3d86b8e1-2a26-4f65-9ff8-e1894e3721ed found for delete ", "request_id": "req-28bc45a3-be45-480a-9876-7db4f1b43ca1"}]}
2026-05-06 02:30:25.875 10 INFO neutron.wsgi [req-15af7293-8846-4875-bb0a-8be1c22e3365 req-30f2088b-657a-4426-8e9c-f0f30d49b26e 8435eaa9ccac4ab89076fb659db7a872 ff8a6a7ce65847d2ba127db9d23089ea - - default default] 10.0.0.8 "GET /v2.0/ports?device_id=a3b4798c-daed-4cbf-b896-2c488b8055b4 HTTP/1.1" status: 200 len: 210 time: 0.0251515
2026-05-06 02:30:25.983 9 INFO neutron.services.segments.plugin [-] Segment 9b8404c1-ad73-4452-b9ea-6ab643c3100b resource provider aggregate not found
2026-05-06 02:30:25.996 9 INFO neutron.services.segments.plugin [-] Segment 9b8404c1-ad73-4452-b9ea-6ab643c3100b resource provider aggregate not found
2026-05-06 02:30:26.004 9 INFO neutron.services.segments.plugin [-] Segment 9b8404c1-ad73-4452-b9ea-6ab643c3100b resource provider not found; error: Placement Client Error (4xx): {"errors": [{"status": 404, "title": "Not Found", "detail": "The resource could not be found.\n\n No resource provider with uuid 9b8404c1-ad73-4452-b9ea-6ab643c3100b found for delete ", "request_id": "req-14c71d1d-7431-4cb6-8cb9-fc6b74cec753"}]}
2026-05-06 02:30:26.012 9 INFO neutron.services.segments.plugin [-] Segment 9b8404c1-ad73-4452-b9ea-6ab643c3100b resource provider not found; error: Placement Client Error (4xx): {"errors": [{"status": 404, "title": "Not Found", "detail": "The resource could not be found.\n\n No resource provider with uuid 9b8404c1-ad73-4452-b9ea-6ab643c3100b found for delete ", "request_id": "req-008e48e9-4bc6-4e7c-9121-0ffeda3e4081"}]}
2026-05-06 02:30:26.029 9 INFO neutron.services.segments.plugin [-] Segment 557034cf-b71f-4aaa-8418-45e60e1f502b resource provider aggregate not found
2026-05-06 02:30:26.035 9 INFO neutron.services.segments.plugin [-] Segment 557034cf-b71f-4aaa-8418-45e60e1f502b resource provider aggregate not found
2026-05-06 02:30:26.054 9 INFO neutron.services.segments.plugin [-] Segment 557034cf-b71f-4aaa-8418-45e60e1f502b resource provider not found; error: Placement Client Error (4xx): {"errors": [{"status": 404, "title": "Not Found", "detail": "The resource could not be found.\n\n No resource provider with uuid 557034cf-b71f-4aaa-8418-45e60e1f502b found for delete ", "request_id": "req-0b2a62dc-8642-4c9c-af6d-2577fb44ca87"}]}
2026-05-06 02:30:26.055 9 INFO neutron.services.segments.plugin [-] Segment 557034cf-b71f-4aaa-8418-45e60e1f502b resource provider not found; error: Placement Client Error (4xx): {"errors": [{"status": 404, "title": "Not Found", "detail": "The resource could not be found.\n\n No resource provider with uuid 557034cf-b71f-4aaa-8418-45e60e1f502b found for delete ", "request_id": "req-b022dfe4-e6d7-4f66-afbc-22dc181be728"}]}
2026-05-06 02:30:26.062 9 WARNING neutron.scheduler.dhcp_agent_scheduler [None req-1821c528-067f-4c60-84f0-3ca3325a6a4f 8435eaa9ccac4ab89076fb659db7a872 ff8a6a7ce65847d2ba127db9d23089ea - - - -] No more DHCP agents
2026-05-06 02:30:26.064 9 WARNING neutron.api.rpc.agentnotifiers.dhcp_rpc_agent_api [None req-1821c528-067f-4c60-84f0-3ca3325a6a4f 8435eaa9ccac4ab89076fb659db7a872 ff8a6a7ce65847d2ba127db9d23089ea - - - -] Unable to schedule network 2814faa7-4b01-4948-9bdf-2f0a4cf99ba7: no agents available; will retry on subsequent port and subnet creation events.
2026-05-06 02:30:26.239 9 INFO neutron.db.ovn_revision_numbers_db [None req-1821c528-067f-4c60-84f0-3ca3325a6a4f 8435eaa9ccac4ab89076fb659db7a872 ff8a6a7ce65847d2ba127db9d23089ea - - - -] Successfully bumped revision number for resource 828e028c-6633-48cd-8f4f-b191c07cdb02 (type: ports) to 1
2026-05-06 02:30:26.265 9 INFO neutron.wsgi [None req-1821c528-067f-4c60-84f0-3ca3325a6a4f 8435eaa9ccac4ab89076fb659db7a872 ff8a6a7ce65847d2ba127db9d23089ea - - - -] 199.204.45.250 "POST /v2.0/ports HTTP/1.1" status: 201 len: 1197 time: 0.5955951 /var/lib/openstack/lib/python3.10/site-packages/pycadf/identifier.py:71: UserWarning: Invalid uuid: neutron. To ensure interoperability, identifiers should be a valid uuid. warnings.warn(('Invalid uuid: %s. To ensure interoperability, '
2026-05-06 02:30:26.373 10 INFO neutron.wsgi [None req-3cea0f2b-0295-4ba4-a287-d715636db2f5 9bec970bcdfa4a85bf66193e8f04b70c b7897d025db44020873e9a7e6647cad9 - - default default] 10.0.0.199 "GET /v2.0/networks/fc3eba30-d229-4145-9a5a-8b9258a04cf2 HTTP/1.1" status: 200 len: 848 time: 0.2676373
2026-05-06 02:30:26.460 10 INFO neutron.db.ovn_revision_numbers_db [None req-ff08ddc1-f970-4e2e-b6aa-ba63891b9bac 9030e845e549407f873747d5b74e3f6d a4a0ce4dc7f14d4cb436fd58f99b5256 - - default default] Successfully bumped revision number for resource 618b02aa-7142-40b5-8ede-101cad71fcf4 (type: security_groups) to 1
2026-05-06 02:30:26.483 10 INFO neutron.wsgi [None req-ff08ddc1-f970-4e2e-b6aa-ba63891b9bac 9030e845e549407f873747d5b74e3f6d a4a0ce4dc7f14d4cb436fd58f99b5256 - - default default] 10.0.0.199 "GET /v2.0/security-groups?tenant_id=e4182c09ae1144a69b08c7c0dde34d17&name=default HTTP/1.1" status: 200 len: 2996 time: 0.1732996
2026-05-06 02:30:26.635 9 INFO neutron.db.ovn_revision_numbers_db [None req-74878636-8e67-4453-88d4-dccdc2c1dae5 9e2c17717c684236bffdf7e3016dc467 de48dc460ccb44fe8471d716a0a99fac - - - -] Successfully bumped revision number for resource 828e028c-6633-48cd-8f4f-b191c07cdb02 (type: ports) to 2
2026-05-06 02:30:26.657 10 INFO neutron.wsgi [None req-142f0d43-111e-4837-865b-8e413f892a5b 9030e845e549407f873747d5b74e3f6d a4a0ce4dc7f14d4cb436fd58f99b5256 - - - -] 10.0.0.199 "DELETE /v2.0/security-groups/618b02aa-7142-40b5-8ede-101cad71fcf4 HTTP/1.1" status: 204 len: 168 time: 0.1674366 /var/lib/openstack/lib/python3.10/site-packages/pycadf/identifier.py:71: UserWarning: Invalid uuid: neutron. To ensure interoperability, identifiers should be a valid uuid. warnings.warn(('Invalid uuid: %s. To ensure interoperability, '
2026-05-06 02:30:26.805 9 INFO neutron.db.ovn_revision_numbers_db [None req-74878636-8e67-4453-88d4-dccdc2c1dae5 9e2c17717c684236bffdf7e3016dc467 de48dc460ccb44fe8471d716a0a99fac - - - -] Successfully bumped revision number for resource 828e028c-6633-48cd-8f4f-b191c07cdb02 (type: ports) to 2
2026-05-06 02:30:26.825 9 INFO neutron.wsgi [None req-74878636-8e67-4453-88d4-dccdc2c1dae5 9e2c17717c684236bffdf7e3016dc467 de48dc460ccb44fe8471d716a0a99fac - - - -] 199.204.45.250 "PUT /v2.0/ports/828e028c-6633-48cd-8f4f-b191c07cdb02 HTTP/1.1" status: 200 len: 1367 time: 0.5521462
2026-05-06 02:30:26.864 9 INFO neutron.db.ovn_revision_numbers_db [None req-3cf0f8ee-d6f5-49cb-b7ba-4b26d260a060 9030e845e549407f873747d5b74e3f6d a4a0ce4dc7f14d4cb436fd58f99b5256 - - default default] Successfully bumped revision number for resource cb8ad4dd-21bb-4b42-aee6-c9dcd221dec8 (type: security_groups) to 1
2026-05-06 02:30:26.870 9 INFO neutron.notifiers.nova [-] Nova event matching ['req-5ceb7683-1d84-48dc-b0a2-5b2fff09af76'] response: {'name': 'network-changed', 'server_uuid': 'a3b4798c-daed-4cbf-b896-2c488b8055b4', 'tag': '828e028c-6633-48cd-8f4f-b191c07cdb02', 'status': 'completed', 'code': 200}
2026-05-06 02:30:26.899 10 INFO neutron.pecan_wsgi.hooks.translation [None req-f514bcf9-6920-4ce9-bf94-9d3773e34642 8b71ccadbe1b41d881d7a98d61c6eb5a ee9126e6e2834bafb34c006bcc4e525a - - default default] GET failed (client error): The resource could not be found.
2026-05-06 02:30:26.901 10 INFO neutron.wsgi [None req-f514bcf9-6920-4ce9-bf94-9d3773e34642 8b71ccadbe1b41d881d7a98d61c6eb5a ee9126e6e2834bafb34c006bcc4e525a - - default default] 10.0.0.199 "GET /v2.0/networks/fc3eba30-d229-4145-9a5a-8b9258a04cf2 HTTP/1.1" status: 404 len: 339 time: 0.2028346
2026-05-06 02:30:26.924 9 INFO neutron.wsgi [None req-3cf0f8ee-d6f5-49cb-b7ba-4b26d260a060 9030e845e549407f873747d5b74e3f6d a4a0ce4dc7f14d4cb436fd58f99b5256 - - default default] 10.0.0.199 "GET /v2.0/security-groups?tenant_id=1a53c5d34d6b4291a41dcf51c01fcb66&name=default HTTP/1.1" status: 200 len: 2996 time: 0.1766336
2026-05-06 02:30:26.934 9 INFO neutron.wsgi [req-39e1ebff-cfd9-4508-9461-7dae41d9d162 req-a2f46754-ba5c-427e-af63-4185981df894 9e2c17717c684236bffdf7e3016dc467 de48dc460ccb44fe8471d716a0a99fac - - 1e3de47416ab442dac3acb72b83625e9 1e3de47416ab442dac3acb72b83625e9] 199.204.45.250 "GET /v2.0/ports?tenant_id=ff8a6a7ce65847d2ba127db9d23089ea&device_id=a3b4798c-daed-4cbf-b896-2c488b8055b4 HTTP/1.1" status: 200 len: 1398 time: 0.0665550
2026-05-06 02:30:26.963 9 INFO neutron.wsgi [req-39e1ebff-cfd9-4508-9461-7dae41d9d162 req-2ce35a94-a659-4837-ad40-aed3f90daa5e 9e2c17717c684236bffdf7e3016dc467 de48dc460ccb44fe8471d716a0a99fac - - 1e3de47416ab442dac3acb72b83625e9 1e3de47416ab442dac3acb72b83625e9] 199.204.45.250 "GET /v2.0/floatingips?fixed_ip_address=10.100.0.7&port_id=828e028c-6633-48cd-8f4f-b191c07cdb02 HTTP/1.1" status: 200 len: 217 time: 0.0246940
2026-05-06 02:30:27.002 9 INFO neutron.wsgi [req-39e1ebff-cfd9-4508-9461-7dae41d9d162 req-c3893d0a-d016-46af-ad30-6e11e217a7f1 9e2c17717c684236bffdf7e3016dc467 de48dc460ccb44fe8471d716a0a99fac - - 1e3de47416ab442dac3acb72b83625e9 1e3de47416ab442dac3acb72b83625e9] 199.204.45.250 "GET /v2.0/subnets?id=333a920a-247b-4087-b698-7b7fd72819ae HTTP/1.1" status: 200 len: 865 time: 0.0342054
2026-05-06 02:30:27.003 10 INFO neutron.wsgi [req-29ee3eaf-8e31-4945-88c4-29b9ee4c091f req-1cbd6476-b9f0-4e1c-a3a8-5af96d3e4d1d 8435eaa9ccac4ab89076fb659db7a872 ff8a6a7ce65847d2ba127db9d23089ea - - default default] 10.0.0.8 "GET /v2.0/ports?device_id=a3b4798c-daed-4cbf-b896-2c488b8055b4 HTTP/1.1" status: 200 len: 1208 time: 0.0451918
2026-05-06 02:30:27.032 9 INFO neutron.wsgi [req-39e1ebff-cfd9-4508-9461-7dae41d9d162 req-fd244d64-825d-4b0c-a797-f0acd08bc3de 9e2c17717c684236bffdf7e3016dc467 de48dc460ccb44fe8471d716a0a99fac - - 1e3de47416ab442dac3acb72b83625e9 1e3de47416ab442dac3acb72b83625e9] 199.204.45.250 "GET /v2.0/ports?network_id=2814faa7-4b01-4948-9bdf-2f0a4cf99ba7&device_owner=network%3Adhcp HTTP/1.1" status: 200 len: 210 time: 0.0228305
2026-05-06 02:30:27.067 10 INFO neutron.wsgi [req-29ee3eaf-8e31-4945-88c4-29b9ee4c091f req-87d365fa-bfba-47e0-9b68-773688b86a9d 8435eaa9ccac4ab89076fb659db7a872 ff8a6a7ce65847d2ba127db9d23089ea - - default default] 10.0.0.8 "GET /v2.0/security-groups?id=e4747d98-c343-4f01-82f2-4d0c17eef785&id=2bba4020-4543-4a5d-95ac-5b4e7466a7e9&fields=id&fields=name HTTP/1.1" status: 200 len: 405 time: 0.0548081
2026-05-06 02:30:27.097 9 INFO neutron.wsgi [req-39e1ebff-cfd9-4508-9461-7dae41d9d162 req-be834674-aa92-415f-823d-c84c9fe69dae 9e2c17717c684236bffdf7e3016dc467 de48dc460ccb44fe8471d716a0a99fac - - 1e3de47416ab442dac3acb72b83625e9 1e3de47416ab442dac3acb72b83625e9] 199.204.45.250 "GET /v2.0/networks/2814faa7-4b01-4948-9bdf-2f0a4cf99ba7?fields=segments HTTP/1.1" status: 200 len: 212 time: 0.0601966
2026-05-06 02:30:27.162 9 INFO neutron.wsgi [req-39e1ebff-cfd9-4508-9461-7dae41d9d162 req-fa282897-28f5-44a2-8796-1c5d37a52957 9e2c17717c684236bffdf7e3016dc467 de48dc460ccb44fe8471d716a0a99fac - - 1e3de47416ab442dac3acb72b83625e9 1e3de47416ab442dac3acb72b83625e9] 199.204.45.250 "GET /v2.0/networks/2814faa7-4b01-4948-9bdf-2f0a4cf99ba7?fields=provider%3Aphysical_network&fields=provider%3Anetwork_type HTTP/1.1" status: 200 len: 277 time: 0.0579834
2026-05-06 02:30:27.223 10 INFO neutron.wsgi [None req-32be2245-562e-48b2-ae55-5419982213c2 9030e845e549407f873747d5b74e3f6d a4a0ce4dc7f14d4cb436fd58f99b5256 - - - -] 10.0.0.199 "DELETE /v2.0/security-groups/cb8ad4dd-21bb-4b42-aee6-c9dcd221dec8 HTTP/1.1" status: 204 len: 168 time: 0.2944207
2026-05-06 02:30:27.241 9 INFO neutron.wsgi [req-26098c88-2e88-4567-8e0d-f45c5c3300ef req-f7f8529e-df2d-47cd-9f32-302c10ec7b32 9e2c17717c684236bffdf7e3016dc467 de48dc460ccb44fe8471d716a0a99fac - - 1e3de47416ab442dac3acb72b83625e9 1e3de47416ab442dac3acb72b83625e9] 199.204.45.250 "GET /v2.0/ports?tenant_id=ff8a6a7ce65847d2ba127db9d23089ea&device_id=a3b4798c-daed-4cbf-b896-2c488b8055b4 HTTP/1.1" status: 200 len: 1398 time: 0.0342808
2026-05-06 02:30:27.315 9 INFO neutron.wsgi [req-26098c88-2e88-4567-8e0d-f45c5c3300ef req-9a4a8f62-c907-4e8d-a34e-a335ea350b14 9e2c17717c684236bffdf7e3016dc467 de48dc460ccb44fe8471d716a0a99fac - - 1e3de47416ab442dac3acb72b83625e9 1e3de47416ab442dac3acb72b83625e9] 199.204.45.250 "GET /v2.0/networks?id=2814faa7-4b01-4948-9bdf-2f0a4cf99ba7 HTTP/1.1" status: 200 len: 970 time: 0.0659378
2026-05-06 02:30:27.349 9 INFO neutron.wsgi [req-26098c88-2e88-4567-8e0d-f45c5c3300ef req-aa30aa0a-8c6c-4471-b8a9-112dba757ec9 9e2c17717c684236bffdf7e3016dc467 de48dc460ccb44fe8471d716a0a99fac - - 1e3de47416ab442dac3acb72b83625e9 1e3de47416ab442dac3acb72b83625e9] 199.204.45.250 "GET /v2.0/floatingips?fixed_ip_address=10.100.0.7&port_id=828e028c-6633-48cd-8f4f-b191c07cdb02 HTTP/1.1" status: 200 len: 217 time: 0.0307481
2026-05-06 02:30:27.352 10 INFO neutron.wsgi [req-c84b038a-d63e-438b-8f61-ee9db702e7a6 req-5a36546f-21f7-456b-bfcb-2fb0f8b448a4 9e2c17717c684236bffdf7e3016dc467 de48dc460ccb44fe8471d716a0a99fac - - 1e3de47416ab442dac3acb72b83625e9 1e3de47416ab442dac3acb72b83625e9] 199.204.45.250 "GET /v2.0/ports?device_id=a3b4798c-daed-4cbf-b896-2c488b8055b4 HTTP/1.1" status: 200 len: 1398 time: 0.0375745
2026-05-06 02:30:27.396 9 INFO neutron.wsgi [req-26098c88-2e88-4567-8e0d-f45c5c3300ef req-f4a5065e-236c-4844-9d12-e0d8e1d0f9dd 9e2c17717c684236bffdf7e3016dc467 de48dc460ccb44fe8471d716a0a99fac - - 1e3de47416ab442dac3acb72b83625e9 1e3de47416ab442dac3acb72b83625e9] 199.204.45.250 "GET /v2.0/subnets?id=333a920a-247b-4087-b698-7b7fd72819ae HTTP/1.1" status: 200 len: 865 time: 0.0376918
2026-05-06 02:30:27.403 9 INFO neutron.wsgi [None req-f4260c34-4217-4da8-85c6-f57a3c19bf83 9030e845e549407f873747d5b74e3f6d a4a0ce4dc7f14d4cb436fd58f99b5256 - - default default] 10.0.0.199 "GET /v2.0/security-groups?tenant_id=309bacbcd50c47d680dfe66a7b4b5cc2&name=default HTTP/1.1" status: 200 len: 2996 time: 0.0298347
2026-05-06 02:30:27.411 10 INFO neutron.wsgi [req-c84b038a-d63e-438b-8f61-ee9db702e7a6 req-116d8bee-c867-4ed2-a08a-46c33b225531 9e2c17717c684236bffdf7e3016dc467 de48dc460ccb44fe8471d716a0a99fac - - 1e3de47416ab442dac3acb72b83625e9 1e3de47416ab442dac3acb72b83625e9] 199.204.45.250 "GET /v2.0/security-groups?id=2bba4020-4543-4a5d-95ac-5b4e7466a7e9&id=e4747d98-c343-4f01-82f2-4d0c17eef785&fields=id&fields=name HTTP/1.1" status: 200 len: 405 time: 0.0529535
2026-05-06 02:30:27.425 9 INFO neutron.wsgi [req-26098c88-2e88-4567-8e0d-f45c5c3300ef req-f14923a9-854f-4e3b-9070-f9065c0c87c7 9e2c17717c684236bffdf7e3016dc467 de48dc460ccb44fe8471d716a0a99fac - - 1e3de47416ab442dac3acb72b83625e9 1e3de47416ab442dac3acb72b83625e9] 199.204.45.250 "GET /v2.0/ports?network_id=2814faa7-4b01-4948-9bdf-2f0a4cf99ba7&device_owner=network%3Adhcp HTTP/1.1" status: 200 len: 210 time: 0.0214899
2026-05-06 02:30:27.520 9 INFO neutron.wsgi [req-26098c88-2e88-4567-8e0d-f45c5c3300ef req-2ccc7b2e-5137-476f-8125-448a2a6c850e 9e2c17717c684236bffdf7e3016dc467 de48dc460ccb44fe8471d716a0a99fac - - 1e3de47416ab442dac3acb72b83625e9 1e3de47416ab442dac3acb72b83625e9] 199.204.45.250 "GET /v2.0/networks/2814faa7-4b01-4948-9bdf-2f0a4cf99ba7?fields=segments HTTP/1.1" status: 200 len: 212 time: 0.0788016
2026-05-06 02:30:27.527 10 INFO neutron.plugins.ml2.drivers.ovn.mech_driver.mech_driver [None req-4e1b341c-ceab-4cdf-924c-408697357392 - - - - - -] OVN reports status up for port: 828e028c-6633-48cd-8f4f-b191c07cdb02
2026-05-06 02:30:27.588 10 INFO neutron.plugins.ml2.plugin [None req-4e1b341c-ceab-4cdf-924c-408697357392 - - - - - -] Attempt 1 to provision port 828e028c-6633-48cd-8f4f-b191c07cdb02
2026-05-06 02:30:27.609 9 INFO neutron.wsgi [req-26098c88-2e88-4567-8e0d-f45c5c3300ef req-711f9759-68f7-4961-93f3-f39f11ecee01 9e2c17717c684236bffdf7e3016dc467 de48dc460ccb44fe8471d716a0a99fac - - 1e3de47416ab442dac3acb72b83625e9 1e3de47416ab442dac3acb72b83625e9] 199.204.45.250 "GET /v2.0/networks/2814faa7-4b01-4948-9bdf-2f0a4cf99ba7?fields=provider%3Aphysical_network&fields=provider%3Anetwork_type HTTP/1.1" status: 200 len: 277 time: 0.0826323
2026-05-06 02:30:27.691 10 INFO neutron.wsgi [req-257d993a-afdb-4d92-ae84-5aa181cdd3ae req-0e0f8ff8-2c3d-4b95-bef5-efc06fb6377d 5cb84de43d554255860acb035a9d06b9 ccb120a5e74345078776e6e70b621283 - - default default] 10.0.0.8 "GET /v2.0/ports?device_id=49b92f1f-fb36-4be9-8c49-7cc7240c5ebd HTTP/1.1" status: 200 len: 1170 time: 0.1783142
2026-05-06 02:30:27.694 9 INFO neutron.wsgi [None req-61df130a-ec67-44f2-86f3-e2feaa8c2637 9030e845e549407f873747d5b74e3f6d a4a0ce4dc7f14d4cb436fd58f99b5256 - - - -] 10.0.0.199 "DELETE /v2.0/security-groups/126270cb-7d44-4ada-bd39-94100fe99534 HTTP/1.1" status: 204 len: 168 time: 0.2822502
2026-05-06 02:30:27.757 10 INFO neutron.wsgi [None req-f5031e6b-6d8f-4165-89f8-1d56991c3909 73dd423aefdc4972938d861bab61fd9f 5b8d6c50a34b45e5bd036ca27f3e8796 - - - -] 10.0.0.199 "DELETE /v2.0/networks/fc3eba30-d229-4145-9a5a-8b9258a04cf2 HTTP/1.1" status: 204 len: 168 time: 0.8516998
2026-05-06 02:30:27.778 10 INFO neutron.wsgi [req-257d993a-afdb-4d92-ae84-5aa181cdd3ae req-f1c2a72e-e258-485e-af29-058ecc52ac33 5cb84de43d554255860acb035a9d06b9 ccb120a5e74345078776e6e70b621283 - - default default] 10.0.0.8 "GET /v2.0/security-groups?id=5a1e6398-1c3d-4790-b8b8-06d98ec67393&fields=id&fields=name HTTP/1.1" status: 200 len: 313 time: 0.0792701
2026-05-06 02:30:27.785 9 INFO neutron.pecan_wsgi.hooks.translation [None req-b241d137-a48e-4e28-893b-6117e977006d 73dd423aefdc4972938d861bab61fd9f 5b8d6c50a34b45e5bd036ca27f3e8796 - - - -] DELETE failed (client error): The resource could not be found.
2026-05-06 02:30:27.790 9 INFO neutron.wsgi [None req-b241d137-a48e-4e28-893b-6117e977006d 73dd423aefdc4972938d861bab61fd9f 5b8d6c50a34b45e5bd036ca27f3e8796 - - - -] 10.0.0.199 "DELETE /v2.0/subnets/207cbe3d-6789-44c9-b33f-fef5fba9af96 HTTP/1.1" status: 404 len: 337 time: 0.0232913
2026-05-06 02:30:27.805 10 INFO neutron.services.segments.plugin [-] Segment 6d858530-fa6b-4e29-b664-24c000da8036 resource provider aggregate not found
2026-05-06 02:30:27.814 10 INFO neutron.services.segments.plugin [-] Segment 6d858530-fa6b-4e29-b664-24c000da8036 resource provider aggregate not found
2026-05-06 02:30:27.827 9 INFO neutron.pecan_wsgi.hooks.translation [None req-fec0ba72-9fe7-4976-a6a9-cd2126ec37d4 73dd423aefdc4972938d861bab61fd9f 5b8d6c50a34b45e5bd036ca27f3e8796 - - - -] DELETE failed (client error): The resource could not be found.
2026-05-06 02:30:27.830 9 INFO neutron.wsgi [None req-fec0ba72-9fe7-4976-a6a9-cd2126ec37d4 73dd423aefdc4972938d861bab61fd9f 5b8d6c50a34b45e5bd036ca27f3e8796 - - - -] 10.0.0.199 "DELETE /v2.0/subnets/d9119fcf-2e94-42cc-b70a-abd124ebd634 HTTP/1.1" status: 404 len: 337 time: 0.0283079
2026-05-06 02:30:27.840 10 INFO neutron.services.segments.plugin [-] Segment 6d858530-fa6b-4e29-b664-24c000da8036 resource provider not found; error: Placement Client Error (4xx): {"errors": [{"status": 404, "title": "Not Found", "detail": "The resource could not be found.\n\n No resource provider with uuid 6d858530-fa6b-4e29-b664-24c000da8036 found for delete ", "request_id": "req-b7640739-5539-4727-b730-d577d1207219"}]}
2026-05-06 02:30:27.841 10 INFO neutron.services.segments.plugin [-] Segment 6d858530-fa6b-4e29-b664-24c000da8036 resource provider not found; error: Placement Client Error (4xx): {"errors": [{"status": 404, "title": "Not Found", "detail": "The resource could not be found.\n\n No resource provider with uuid 6d858530-fa6b-4e29-b664-24c000da8036 found for delete ", "request_id": "req-98fe83a9-9d71-4359-8b17-e1e8a170e948"}]}
2026-05-06 02:30:27.855 9 INFO neutron.pecan_wsgi.hooks.translation [None req-f1636d5f-6eb9-440d-ab31-86116eedf4be 73dd423aefdc4972938d861bab61fd9f 5b8d6c50a34b45e5bd036ca27f3e8796 - - - -] DELETE failed (client error): The resource could not be found.
2026-05-06 02:30:27.858 9 INFO neutron.wsgi [None req-f1636d5f-6eb9-440d-ab31-86116eedf4be 73dd423aefdc4972938d861bab61fd9f 5b8d6c50a34b45e5bd036ca27f3e8796 - - - -] 10.0.0.199 "DELETE /v2.0/subnets/7901d618-24b0-4bc8-958f-716e3a0362a9 HTTP/1.1" status: 404 len: 337 time: 0.0223551
2026-05-06 02:30:27.878 10 INFO neutron.notifiers.nova [-] Nova event matching ['req-a147203e-25a1-4cae-b627-a63e1100f6a9'] response: {'server_uuid': 'a3b4798c-daed-4cbf-b896-2c488b8055b4', 'name': 'network-vif-plugged', 'status': 'completed', 'tag': '828e028c-6633-48cd-8f4f-b191c07cdb02', 'code': 200}
2026-05-06 02:30:27.926 10 INFO neutron.wsgi [req-5940f867-6176-495d-8f48-cab038e88dde req-1cbcae97-29cd-41f4-a6a2-531960071bd3 5cb84de43d554255860acb035a9d06b9 ccb120a5e74345078776e6e70b621283 - - default default] 10.0.0.8 "GET /v2.0/ports?device_id=49b92f1f-fb36-4be9-8c49-7cc7240c5ebd HTTP/1.1" status: 200 len: 1170 time: 0.0491362
2026-05-06 02:30:27.970 10 INFO neutron.wsgi [req-5940f867-6176-495d-8f48-cab038e88dde req-6633d36c-6851-4f26-a99e-faaaf3dfb951 5cb84de43d554255860acb035a9d06b9 ccb120a5e74345078776e6e70b621283 - - default default] 10.0.0.8 "GET /v2.0/security-groups?id=5a1e6398-1c3d-4790-b8b8-06d98ec67393&fields=id&fields=name HTTP/1.1" status: 200 len: 313 time: 0.0395734
2026-05-06 02:30:28.064 10 INFO neutron.db.ovn_revision_numbers_db [None req-4e1b341c-ceab-4cdf-924c-408697357392 - - - - - -] Successfully bumped revision number for resource 828e028c-6633-48cd-8f4f-b191c07cdb02 (type: ports) to 4 /var/lib/openstack/lib/python3.10/site-packages/pycadf/identifier.py:71: UserWarning: Invalid uuid: neutron. To ensure interoperability, identifiers should be a valid uuid. warnings.warn(('Invalid uuid: %s. To ensure interoperability, '
2026-05-06 02:30:28.180 10 INFO neutron.wsgi [req-7ff116c9-6356-4c65-a9c9-c6aa80cf9ef1 req-d7b5dbd9-8c5c-43fc-9e24-8006bbf2bf03 8435eaa9ccac4ab89076fb659db7a872 ff8a6a7ce65847d2ba127db9d23089ea - - default default] 10.0.0.8 "GET /v2.0/ports?device_id=a3b4798c-daed-4cbf-b896-2c488b8055b4 HTTP/1.1" status: 200 len: 1210 time: 0.0471289
2026-05-06 02:30:28.232 10 INFO neutron.wsgi [req-7ff116c9-6356-4c65-a9c9-c6aa80cf9ef1 req-cd093e98-0bff-4b7e-a169-9a3f0aa41f2c 8435eaa9ccac4ab89076fb659db7a872 ff8a6a7ce65847d2ba127db9d23089ea - - default default] 10.0.0.8 "GET /v2.0/security-groups?id=e4747d98-c343-4f01-82f2-4d0c17eef785&id=2bba4020-4543-4a5d-95ac-5b4e7466a7e9&fields=id&fields=name HTTP/1.1" status: 200 len: 405 time: 0.0452652
2026-05-06 02:30:28.298 10 INFO neutron.wsgi [req-9b38b28f-185a-4974-b49f-6a33b04e7e91 req-45e57cea-4389-47e6-ba32-5c2631333784 5cb84de43d554255860acb035a9d06b9 ccb120a5e74345078776e6e70b621283 - - default default] 10.0.0.8 "GET /v2.0/ports?device_id=49b92f1f-fb36-4be9-8c49-7cc7240c5ebd HTTP/1.1" status: 200 len: 1170 time: 0.0388412
2026-05-06 02:30:28.313 9 INFO neutron.wsgi [req-ae24dffb-12cf-48bb-9a70-14546735702c req-1720f0cd-30a4-45d6-a11b-6c95486bfc52 9e2c17717c684236bffdf7e3016dc467 de48dc460ccb44fe8471d716a0a99fac - - 1e3de47416ab442dac3acb72b83625e9 1e3de47416ab442dac3acb72b83625e9] 199.204.45.250 "GET /v2.0/ports?tenant_id=ccb120a5e74345078776e6e70b621283&device_id=49b92f1f-fb36-4be9-8c49-7cc7240c5ebd HTTP/1.1" status: 200 len: 1361 time: 0.0385654
2026-05-06 02:30:28.339 10 INFO neutron.wsgi [req-9b38b28f-185a-4974-b49f-6a33b04e7e91 req-4ab3bb69-1fc6-405a-bcba-3c6af25c5923 5cb84de43d554255860acb035a9d06b9 ccb120a5e74345078776e6e70b621283 - - default default] 10.0.0.8 "GET /v2.0/security-groups?id=5a1e6398-1c3d-4790-b8b8-06d98ec67393&fields=id&fields=name HTTP/1.1" status: 200 len: 313 time: 0.0342746
2026-05-06 02:30:28.374 9 INFO neutron.wsgi [req-ae24dffb-12cf-48bb-9a70-14546735702c req-73ecb56c-b20e-4572-aea7-38e017632fa4 9e2c17717c684236bffdf7e3016dc467 de48dc460ccb44fe8471d716a0a99fac - - 1e3de47416ab442dac3acb72b83625e9 1e3de47416ab442dac3acb72b83625e9] 199.204.45.250 "GET /v2.0/networks?id=4bf16701-99d0-43fa-917f-911655be8ce5 HTTP/1.1" status: 200 len: 973 time: 0.0567579
2026-05-06 02:30:28.429 9 INFO neutron.wsgi [req-ae24dffb-12cf-48bb-9a70-14546735702c req-f717070d-1f10-4590-8e0c-d9f39f6b72e5 9e2c17717c684236bffdf7e3016dc467 de48dc460ccb44fe8471d716a0a99fac - - 1e3de47416ab442dac3acb72b83625e9 1e3de47416ab442dac3acb72b83625e9] 199.204.45.250 "GET /v2.0/floatingips?fixed_ip_address=10.100.0.9&port_id=ccfa08a0-6bc3-4536-ab61-f714a7a23efb HTTP/1.1" status: 200 len: 1059 time: 0.0470359
2026-05-06 02:30:28.470 9 INFO neutron.wsgi [req-ae24dffb-12cf-48bb-9a70-14546735702c req-b07017f8-da84-4e3e-a991-5a4577129fb4 9e2c17717c684236bffdf7e3016dc467 de48dc460ccb44fe8471d716a0a99fac - - 1e3de47416ab442dac3acb72b83625e9 1e3de47416ab442dac3acb72b83625e9] 199.204.45.250 "GET /v2.0/subnets?id=f22642e5-2497-4f26-8d80-5146b7f82495 HTTP/1.1" status: 200 len: 868 time: 0.0354772
2026-05-06 02:30:28.509 9 INFO neutron.wsgi [req-ae24dffb-12cf-48bb-9a70-14546735702c req-9f9c5e93-3a22-4d5b-85ca-9d77f4e942f3 9e2c17717c684236bffdf7e3016dc467 de48dc460ccb44fe8471d716a0a99fac - - 1e3de47416ab442dac3acb72b83625e9 1e3de47416ab442dac3acb72b83625e9] 199.204.45.250 "GET /v2.0/ports?network_id=4bf16701-99d0-43fa-917f-911655be8ce5&device_owner=network%3Adhcp HTTP/1.1" status: 200 len: 210 time: 0.0322473
2026-05-06 02:30:28.601 9 INFO neutron.wsgi [req-ae24dffb-12cf-48bb-9a70-14546735702c req-03f99a09-0553-42c5-aa85-a716dc3a4dc9 9e2c17717c684236bffdf7e3016dc467 de48dc460ccb44fe8471d716a0a99fac - - 1e3de47416ab442dac3acb72b83625e9 1e3de47416ab442dac3acb72b83625e9] 199.204.45.250 "GET /v2.0/networks/4bf16701-99d0-43fa-917f-911655be8ce5?fields=segments HTTP/1.1" status: 200 len: 212 time: 0.0857573
2026-05-06 02:30:28.668 9 INFO neutron.wsgi [req-ae24dffb-12cf-48bb-9a70-14546735702c req-f25f8e81-fbd5-4f56-abd0-df7284ec8497 9e2c17717c684236bffdf7e3016dc467 de48dc460ccb44fe8471d716a0a99fac - - 1e3de47416ab442dac3acb72b83625e9 1e3de47416ab442dac3acb72b83625e9] 199.204.45.250 "GET /v2.0/networks/4bf16701-99d0-43fa-917f-911655be8ce5?fields=provider%3Aphysical_network&fields=provider%3Anetwork_type HTTP/1.1" status: 200 len: 277 time: 0.0610902
2026-05-06 02:30:28.956 9 INFO neutron.plugins.ml2.drivers.ovn.mech_driver.mech_driver [None req-7f8cd7a8-f853-46b9-89a2-a18d502592e1 - - - - - -] OVN reports status down for port: ccfa08a0-6bc3-4536-ab61-f714a7a23efb
2026-05-06 02:30:29.062 9 INFO neutron.wsgi [None req-9e71ce1e-23d5-42a6-a167-a8aed7b610bb 9030e845e549407f873747d5b74e3f6d a4a0ce4dc7f14d4cb436fd58f99b5256 - - default default] 10.0.0.199 "GET /v2.0/security-groups?tenant_id=5b8d6c50a34b45e5bd036ca27f3e8796&name=default HTTP/1.1" status: 200 len: 2996 time: 0.3096256
2026-05-06 02:30:29.118 9 INFO neutron.notifiers.nova [-] Nova event matching ['req-7eb9ff85-26ef-4a40-a6d6-ded7a6c674dc'] response: {'server_uuid': '49b92f1f-fb36-4be9-8c49-7cc7240c5ebd', 'name': 'network-vif-unplugged', 'status': 'completed', 'tag': 'ccfa08a0-6bc3-4536-ab61-f714a7a23efb', 'code': 200}
2026-05-06 02:30:29.300 10 INFO neutron.wsgi [None req-1ed2f281-2b85-47d2-9e54-ce28f4b14c09 9030e845e549407f873747d5b74e3f6d a4a0ce4dc7f14d4cb436fd58f99b5256 - - - -] 10.0.0.199 "DELETE /v2.0/security-groups/fd836a2e-f8a3-42a1-98e9-14e93887efd1 HTTP/1.1" status: 204 len: 168 time: 0.2290230
2026-05-06 02:30:29.336 9 INFO neutron.db.ovn_revision_numbers_db [None req-7f8cd7a8-f853-46b9-89a2-a18d502592e1 - - - - - -] Successfully bumped revision number for resource ccfa08a0-6bc3-4536-ab61-f714a7a23efb (type: ports) to 5 /var/lib/openstack/lib/python3.10/site-packages/pycadf/identifier.py:71: UserWarning: Invalid uuid: neutron. To ensure interoperability, identifiers should be a valid uuid. warnings.warn(('Invalid uuid: %s. To ensure interoperability, '
2026-05-06 02:30:29.483 10 INFO neutron.wsgi [req-a476d799-a74b-4ca2-ae40-c994245022a9 req-d533fa39-7284-4118-ab9b-daed3601e404 5cb84de43d554255860acb035a9d06b9 ccb120a5e74345078776e6e70b621283 - - default default] 10.0.0.8 "GET /v2.0/ports?device_id=49b92f1f-fb36-4be9-8c49-7cc7240c5ebd HTTP/1.1" status: 200 len: 1168 time: 0.0652974
2026-05-06 02:30:29.511 10 INFO neutron.wsgi [req-bf086984-b0fe-45ef-9f8d-dfa8af4c0475 req-6e23cce6-9294-4348-8b12-f6515c14e31c 8435eaa9ccac4ab89076fb659db7a872 ff8a6a7ce65847d2ba127db9d23089ea - - default default] 10.0.0.8 "GET /v2.0/ports?device_id=a3b4798c-daed-4cbf-b896-2c488b8055b4 HTTP/1.1" status: 200 len: 1210 time: 0.1552989
2026-05-06 02:30:29.550 10 INFO neutron.wsgi [req-a476d799-a74b-4ca2-ae40-c994245022a9 req-7c1a8f5a-1b53-4d36-ba47-b6d1d7a5f40c 5cb84de43d554255860acb035a9d06b9 ccb120a5e74345078776e6e70b621283 - - default default] 10.0.0.8 "GET /v2.0/security-groups?id=5a1e6398-1c3d-4790-b8b8-06d98ec67393&fields=id&fields=name HTTP/1.1" status: 200 len: 313 time: 0.0527468
2026-05-06 02:30:29.589 9 INFO neutron.db.ovn_revision_numbers_db [None req-cc3da747-c2b5-4efb-a1b1-ffe2fabd653f 9030e845e549407f873747d5b74e3f6d a4a0ce4dc7f14d4cb436fd58f99b5256 - - default default] Successfully bumped revision number for resource 0abc9fbc-6764-404b-9bbc-404f26ecd1e7 (type: security_groups) to 1
2026-05-06 02:30:29.603 10 INFO neutron.wsgi [req-bf086984-b0fe-45ef-9f8d-dfa8af4c0475 req-7b33649b-ed05-4b81-9b2c-c0db67ebf3df 8435eaa9ccac4ab89076fb659db7a872 ff8a6a7ce65847d2ba127db9d23089ea - - default default] 10.0.0.8 "GET /v2.0/security-groups?id=e4747d98-c343-4f01-82f2-4d0c17eef785&id=2bba4020-4543-4a5d-95ac-5b4e7466a7e9&fields=id&fields=name HTTP/1.1" status: 200 len: 405 time: 0.0819037
2026-05-06 02:30:29.635 9 INFO neutron.wsgi [None req-cc3da747-c2b5-4efb-a1b1-ffe2fabd653f 9030e845e549407f873747d5b74e3f6d a4a0ce4dc7f14d4cb436fd58f99b5256 - - default default] 10.0.0.199 "GET /v2.0/security-groups?tenant_id=ee9126e6e2834bafb34c006bcc4e525a&name=default HTTP/1.1" status: 200 len: 2996 time: 0.1796510
2026-05-06 02:30:29.647 9 INFO neutron.plugins.ml2.drivers.ovn.mech_driver.mech_driver [None req-7f8cd7a8-f853-46b9-89a2-a18d502592e1 - - - - - -] OVN reports status up for port: ccfa08a0-6bc3-4536-ab61-f714a7a23efb
2026-05-06 02:30:29.665 9 INFO neutron.plugins.ml2.plugin [None req-7f8cd7a8-f853-46b9-89a2-a18d502592e1 - - - - - -] Attempt 1 to provision port ccfa08a0-6bc3-4536-ab61-f714a7a23efb
2026-05-06 02:30:29.747 10 INFO neutron.wsgi [req-6bd67fa9-06cf-4466-97d7-65fd34a89eb5 req-f80afb28-5861-49b6-afaf-5dee1e68d956 8435eaa9ccac4ab89076fb659db7a872 ff8a6a7ce65847d2ba127db9d23089ea - - default default] 10.0.0.8 "GET /v2.0/ports?device_id=a3b4798c-daed-4cbf-b896-2c488b8055b4 HTTP/1.1" status: 200 len: 1210 time: 0.0457664
2026-05-06 02:30:29.936 10 INFO neutron.notifiers.nova [-] Nova event matching ['req-e03a46df-43c3-4ab1-bb67-7fb2f3e47c0e'] response: {'server_uuid': 'a3b4798c-daed-4cbf-b896-2c488b8055b4', 'name': 'network-vif-plugged', 'status': 'completed', 'tag': '828e028c-6633-48cd-8f4f-b191c07cdb02', 'code': 200}
2026-05-06 02:30:30.026 9 INFO neutron.db.ovn_revision_numbers_db [None req-7f8cd7a8-f853-46b9-89a2-a18d502592e1 - - - - - -] Successfully bumped revision number for resource ccfa08a0-6bc3-4536-ab61-f714a7a23efb (type: ports) to 6
2026-05-06 02:30:30.058 10 INFO neutron.db.l3_db [None req-6d515ab0-4b35-4d4d-abfa-d38ed89136d6 8435eaa9ccac4ab89076fb659db7a872 ff8a6a7ce65847d2ba127db9d23089ea - - - -] Floating IP a0731272-eb95-413d-8ed3-17cc3464c5c7 associated. External IP: 10.96.250.208, port: 828e028c-6633-48cd-8f4f-b191c07cdb02.
2026-05-06 02:30:30.090 10 INFO neutron.wsgi [None req-cbbff3f2-ee5e-4cd5-a7a3-de5a4f53e6a0 9030e845e549407f873747d5b74e3f6d a4a0ce4dc7f14d4cb436fd58f99b5256 - - - -] 10.0.0.199 "DELETE /v2.0/security-groups/0abc9fbc-6764-404b-9bbc-404f26ecd1e7 HTTP/1.1" status: 204 len: 168 time: 0.4458561
2026-05-06 02:30:30.350 9 INFO neutron.wsgi [-] 10.0.0.207 "GET / HTTP/1.1" status: 200 len: 247 time: 0.0015945
2026-05-06 02:30:30.352 9 INFO neutron.wsgi [-] 10.0.0.207 "GET / HTTP/1.1" status: 200 len: 247 time: 0.0012310
2026-05-06 02:30:30.474 9 INFO neutron.db.ovn_revision_numbers_db [None req-0f4cd7ba-76d2-4dcd-99d9-8da5e226782d 9030e845e549407f873747d5b74e3f6d a4a0ce4dc7f14d4cb436fd58f99b5256 - - default default] Successfully bumped revision number for resource c1b630c2-23f8-4ceb-99e6-cab914f8c04e (type: security_groups) to 1
2026-05-06 02:30:30.496 9 INFO neutron.wsgi [None req-0f4cd7ba-76d2-4dcd-99d9-8da5e226782d 9030e845e549407f873747d5b74e3f6d a4a0ce4dc7f14d4cb436fd58f99b5256 - - default default] 10.0.0.199 "GET /v2.0/security-groups?tenant_id=b7897d025db44020873e9a7e6647cad9&name=default HTTP/1.1" status: 200 len: 2996 time: 0.1622798
2026-05-06 02:30:30.634 10 INFO neutron.db.ovn_revision_numbers_db [None req-6d515ab0-4b35-4d4d-abfa-d38ed89136d6 8435eaa9ccac4ab89076fb659db7a872 ff8a6a7ce65847d2ba127db9d23089ea - - - -] Successfully bumped revision number for resource a0731272-eb95-413d-8ed3-17cc3464c5c7 (type: floatingips) to 1
2026-05-06 02:30:30.728 10 INFO neutron.wsgi [req-3ac313ae-3971-47c5-a865-81a911e1e16a req-5b798736-fdb3-4eb8-a62b-567467f2d57b 5cb84de43d554255860acb035a9d06b9 ccb120a5e74345078776e6e70b621283 - - default default] 10.0.0.8 "GET /v2.0/ports?device_id=49b92f1f-fb36-4be9-8c49-7cc7240c5ebd HTTP/1.1" status: 200 len: 1170 time: 0.0705810
2026-05-06 02:30:30.793 10 INFO neutron.db.ovn_revision_numbers_db [None req-6d515ab0-4b35-4d4d-abfa-d38ed89136d6 8435eaa9ccac4ab89076fb659db7a872 ff8a6a7ce65847d2ba127db9d23089ea - - - -] Successfully bumped revision number for resource a0731272-eb95-413d-8ed3-17cc3464c5c7 (type: floatingips) to 2
2026-05-06 02:30:30.829 10 INFO neutron.wsgi [req-3ac313ae-3971-47c5-a865-81a911e1e16a req-bfac2d4f-bf7a-4242-b55d-15d3a7174b37 5cb84de43d554255860acb035a9d06b9 ccb120a5e74345078776e6e70b621283 - - default default] 10.0.0.8 "GET /v2.0/security-groups?id=5a1e6398-1c3d-4790-b8b8-06d98ec67393&fields=id&fields=name HTTP/1.1" status: 200 len: 313 time: 0.0866358
2026-05-06 02:30:30.837 10 INFO neutron.wsgi [None req-6d515ab0-4b35-4d4d-abfa-d38ed89136d6 8435eaa9ccac4ab89076fb659db7a872 ff8a6a7ce65847d2ba127db9d23089ea - - - -] 10.0.0.199 "PUT /v2.0/floatingips/a0731272-eb95-413d-8ed3-17cc3464c5c7 HTTP/1.1" status: 200 len: 1049 time: 1.0724418
2026-05-06 02:30:30.885 10 INFO neutron.wsgi [None req-2f46d8cd-9017-4b08-b6b8-5d5c55875cfc 9030e845e549407f873747d5b74e3f6d a4a0ce4dc7f14d4cb436fd58f99b5256 - - - -] 10.0.0.199 "DELETE /v2.0/security-groups/c1b630c2-23f8-4ceb-99e6-cab914f8c04e HTTP/1.1" status: 204 len: 168 time: 0.3647964
2026-05-06 02:30:31.197 9 INFO neutron.notifiers.nova [-] Nova event matching ['req-072c8e17-8c4f-40eb-9dcf-d048e791f932'] response: {'server_uuid': '49b92f1f-fb36-4be9-8c49-7cc7240c5ebd', 'name': 'network-vif-plugged', 'status': 'completed', 'tag': 'ccfa08a0-6bc3-4536-ab61-f714a7a23efb', 'code': 200}
2026-05-06 02:30:31.198 9 INFO neutron.notifiers.nova [-] Nova event matching ['req-072c8e17-8c4f-40eb-9dcf-d048e791f932'] response: {'server_uuid': '49b92f1f-fb36-4be9-8c49-7cc7240c5ebd', 'name': 'network-vif-plugged', 'status': 'completed', 'tag': 'ccfa08a0-6bc3-4536-ab61-f714a7a23efb', 'code': 200}
2026-05-06 02:30:31.198 9 INFO neutron.notifiers.nova [-] Nova event matching ['req-072c8e17-8c4f-40eb-9dcf-d048e791f932'] response: {'server_uuid': '49b92f1f-fb36-4be9-8c49-7cc7240c5ebd', 'name': 'network-vif-plugged', 'status': 'completed', 'tag': 'ccfa08a0-6bc3-4536-ab61-f714a7a23efb', 'code': 200}
2026-05-06 02:30:31.900 10 INFO neutron.db.ovn_revision_numbers_db [None req-f5ca8c91-1204-4f80-8366-0a1fd69a2707 d5fe7d2dde604ca18ad4c4bbb29ce36b 8d419f43b3dc486ea3fddb0af7c18c0d - - - -] Successfully bumped revision number for resource abdd428a-5637-4df3-b037-112a0cc6bb32 (type: routers) to 1
2026-05-06 02:30:31.934 10 INFO neutron.wsgi [None req-f5ca8c91-1204-4f80-8366-0a1fd69a2707 d5fe7d2dde604ca18ad4c4bbb29ce36b 8d419f43b3dc486ea3fddb0af7c18c0d - - - -] 10.0.0.199 "POST /v2.0/routers HTTP/1.1" status: 201 len: 654 time: 0.3993931 /var/lib/openstack/lib/python3.10/site-packages/pycadf/identifier.py:71: UserWarning: Invalid uuid: neutron. To ensure interoperability, identifiers should be a valid uuid. warnings.warn(('Invalid uuid: %s. To ensure interoperability, '
2026-05-06 02:30:32.000 10 INFO neutron.wsgi [req-121354a3-3acd-4b22-96ac-6cc16da5f25f req-543bce30-239b-4d86-b503-05ac0428e2ca 5cb84de43d554255860acb035a9d06b9 ccb120a5e74345078776e6e70b621283 - - default default] 10.0.0.8 "GET /v2.0/ports?device_id=49b92f1f-fb36-4be9-8c49-7cc7240c5ebd HTTP/1.1" status: 200 len: 1170 time: 0.0824296
2026-05-06 02:30:32.003 10 INFO neutron.notifiers.nova [-] Nova event matching ['req-579a6f43-cadc-49c4-8510-cb8e34db8691'] response: {'name': 'network-changed', 'server_uuid': 'a3b4798c-daed-4cbf-b896-2c488b8055b4', 'tag': '828e028c-6633-48cd-8f4f-b191c07cdb02', 'status': 'completed', 'code': 200}
2026-05-06 02:30:32.045 10 INFO neutron.wsgi [req-121354a3-3acd-4b22-96ac-6cc16da5f25f req-2b3b4b91-9edb-4a5a-a151-0e2a906f2a87 5cb84de43d554255860acb035a9d06b9 ccb120a5e74345078776e6e70b621283 - - default default] 10.0.0.8 "GET /v2.0/security-groups?id=5a1e6398-1c3d-4790-b8b8-06d98ec67393&fields=id&fields=name HTTP/1.1" status: 200 len: 313 time: 0.0395093
2026-05-06 02:30:32.055 9 INFO neutron.wsgi [None req-7dd6f701-2a65-44b9-8dd6-128fae15c46f d5fe7d2dde604ca18ad4c4bbb29ce36b 8d419f43b3dc486ea3fddb0af7c18c0d - - - -] 10.0.0.199 "PUT /v2.0/routers/abdd428a-5637-4df3-b037-112a0cc6bb32/tags HTTP/1.1" status: 200 len: 218 time: 0.1150119
2026-05-06 02:30:32.094 9 INFO neutron.wsgi [req-1ff8911f-87fd-421a-ae9b-bbd88a599970 req-14e454ea-7c74-4b36-afa4-c972b0c8db0d 9e2c17717c684236bffdf7e3016dc467 de48dc460ccb44fe8471d716a0a99fac - - 1e3de47416ab442dac3acb72b83625e9 1e3de47416ab442dac3acb72b83625e9] 199.204.45.250 "GET /v2.0/ports?tenant_id=ff8a6a7ce65847d2ba127db9d23089ea&device_id=a3b4798c-daed-4cbf-b896-2c488b8055b4 HTTP/1.1" status: 200 len: 1400 time: 0.0662675
2026-05-06 02:30:32.122 9 INFO neutron.wsgi [None req-5c374bc8-8a38-4ff4-91e3-458f5205d057 d5fe7d2dde604ca18ad4c4bbb29ce36b 8d419f43b3dc486ea3fddb0af7c18c0d - - default default] 10.0.0.199 "GET /v2.0/routers/abdd428a-5637-4df3-b037-112a0cc6bb32/tags HTTP/1.1" status: 200 len: 218 time: 0.0601180
2026-05-06 02:30:32.181 9 INFO neutron.wsgi [req-1ff8911f-87fd-421a-ae9b-bbd88a599970 req-bf6810ea-d4ab-4b81-b468-e6c90c31e5d8 9e2c17717c684236bffdf7e3016dc467 de48dc460ccb44fe8471d716a0a99fac - - 1e3de47416ab442dac3acb72b83625e9 1e3de47416ab442dac3acb72b83625e9] 199.204.45.250 "GET /v2.0/networks?id=2814faa7-4b01-4948-9bdf-2f0a4cf99ba7 HTTP/1.1" status: 200 len: 970 time: 0.0692265
2026-05-06 02:30:32.193 10 INFO neutron.wsgi [None req-7e3af94a-5c49-4e89-9d4a-06ff76c070b4 d5fe7d2dde604ca18ad4c4bbb29ce36b 8d419f43b3dc486ea3fddb0af7c18c0d - - - -] 10.0.0.199 "PUT /v2.0/routers/abdd428a-5637-4df3-b037-112a0cc6bb32/tags/green HTTP/1.1" status: 201 len: 201 time: 0.0655487
2026-05-06 02:30:32.243 9 INFO neutron.wsgi [req-1ff8911f-87fd-421a-ae9b-bbd88a599970 req-30762b17-838a-4e6b-91ae-87ea3a91ab2f 9e2c17717c684236bffdf7e3016dc467 de48dc460ccb44fe8471d716a0a99fac - - 1e3de47416ab442dac3acb72b83625e9 1e3de47416ab442dac3acb72b83625e9] 199.204.45.250 "GET /v2.0/floatingips?fixed_ip_address=10.100.0.7&port_id=828e028c-6633-48cd-8f4f-b191c07cdb02 HTTP/1.1" status: 200 len: 1059 time: 0.0541794
2026-05-06 02:30:32.264 10 INFO neutron.wsgi [None req-d1db3a18-6ac9-4b92-95f8-db048e8d4d79 d5fe7d2dde604ca18ad4c4bbb29ce36b 8d419f43b3dc486ea3fddb0af7c18c0d - - default default] 10.0.0.199 "GET /v2.0/routers/abdd428a-5637-4df3-b037-112a0cc6bb32/tags HTTP/1.1" status: 200 len: 227 time: 0.0524461
2026-05-06 02:30:32.305 9 INFO neutron.wsgi [req-1ff8911f-87fd-421a-ae9b-bbd88a599970 req-d39734ee-627b-4df3-809d-598f41423208 9e2c17717c684236bffdf7e3016dc467 de48dc460ccb44fe8471d716a0a99fac - - 1e3de47416ab442dac3acb72b83625e9 1e3de47416ab442dac3acb72b83625e9] 199.204.45.250 "GET /v2.0/subnets?id=333a920a-247b-4087-b698-7b7fd72819ae HTTP/1.1" status: 200 len: 865 time: 0.0553720
