2026-05-06 02:33:52.358 10 INFO neutron.wsgi [None req-36574bec-4aac-43ee-a03f-c4dea9bc3033 9030e845e549407f873747d5b74e3f6d a4a0ce4dc7f14d4cb436fd58f99b5256 - - default default] 199.204.45.250 "GET /v2.0/extensions/qos HTTP/1.1" status: 200 len: 365 time: 0.0041749
2026-05-06 02:33:52.366 10 INFO neutron.wsgi [None req-c264df37-a4ed-4ea7-8782-dee490806f6f 9030e845e549407f873747d5b74e3f6d a4a0ce4dc7f14d4cb436fd58f99b5256 - - default default] 199.204.45.250 "GET /v2.0/extensions/allowed-address-pairs HTTP/1.1" status: 200 len: 383 time: 0.0040305
2026-05-06 02:33:52.401 10 INFO neutron.wsgi [None req-ab1a8fa0-f348-4ee7-9167-f6c578b8ef78 9030e845e549407f873747d5b74e3f6d a4a0ce4dc7f14d4cb436fd58f99b5256 - - default default] 199.204.45.250 "GET /v2.0/ports/8e1ee925-62f0-4a91-a537-46a240c9fc15 HTTP/1.1" status: 200 len: 1358 time: 0.0291762
2026-05-06 02:33:52.826 10 INFO neutron.db.ovn_revision_numbers_db [None req-39ba04f8-871e-4f16-ae9d-bd7f3a28796c 9030e845e549407f873747d5b74e3f6d a4a0ce4dc7f14d4cb436fd58f99b5256 - - - -] Successfully bumped revision number for resource 8e1ee925-62f0-4a91-a537-46a240c9fc15 (type: ports) to 6
2026-05-06 02:33:52.835 10 INFO neutron.wsgi [None req-39ba04f8-871e-4f16-ae9d-bd7f3a28796c 9030e845e549407f873747d5b74e3f6d a4a0ce4dc7f14d4cb436fd58f99b5256 - - - -] 199.204.45.250 "PUT /v2.0/ports/8e1ee925-62f0-4a91-a537-46a240c9fc15 HTTP/1.1" status: 200 len: 1154 time: 0.4259465 /var/lib/openstack/lib/python3.10/site-packages/pycadf/identifier.py:71: UserWarning: Invalid uuid: neutron. To ensure interoperability, identifiers should be a valid uuid. warnings.warn(('Invalid uuid: %s. To ensure interoperability, '
2026-05-06 02:33:52.880 10 INFO neutron.notifiers.nova [-] Nova event matching ['req-37bf43ec-d1da-4434-97af-2f26bfeb4f93'] response: {'name': 'network-changed', 'server_uuid': 'b9cd6dbb-df89-4699-941a-a64243b30a9d', 'tag': '8e1ee925-62f0-4a91-a537-46a240c9fc15', 'status': 'completed', 'code': 200}
2026-05-06 02:33:52.903 10 INFO neutron.wsgi [None req-4456a962-9996-41f1-a837-b1d9a13efbcf 9030e845e549407f873747d5b74e3f6d a4a0ce4dc7f14d4cb436fd58f99b5256 - - default default] 199.204.45.250 "GET /v2.0/networks/d0f379fd-982c-45ba-a2b4-c89802f283f3 HTTP/1.1" status: 200 len: 999 time: 0.0624607
2026-05-06 02:33:52.937 10 INFO neutron.wsgi [req-4b601055-ed11-483a-917d-08c3105e50e1 req-563ff291-2fc8-4b40-a9f2-a637fead6771 9e2c17717c684236bffdf7e3016dc467 de48dc460ccb44fe8471d716a0a99fac - - 1e3de47416ab442dac3acb72b83625e9 1e3de47416ab442dac3acb72b83625e9] 199.204.45.250 "GET /v2.0/ports?tenant_id=a4a0ce4dc7f14d4cb436fd58f99b5256&device_id=b9cd6dbb-df89-4699-941a-a64243b30a9d HTTP/1.1" status: 200 len: 4744 time: 0.0431073
2026-05-06 02:33:52.947 10 INFO neutron.wsgi [None req-491e9d50-3208-4427-b866-e9bbe31fbe15 9030e845e549407f873747d5b74e3f6d a4a0ce4dc7f14d4cb436fd58f99b5256 - - default default] 199.204.45.250 "GET /v2.0/ports?device_id=b9cd6dbb-df89-4699-941a-a64243b30a9d HTTP/1.1" status: 200 len: 4744 time: 0.0358293
2026-05-06 02:33:52.996 10 INFO neutron.wsgi [req-4b601055-ed11-483a-917d-08c3105e50e1 req-d99c0928-bb55-4f1b-91fd-7993c47e8cba 9e2c17717c684236bffdf7e3016dc467 de48dc460ccb44fe8471d716a0a99fac - - 1e3de47416ab442dac3acb72b83625e9 1e3de47416ab442dac3acb72b83625e9] 199.204.45.250 "GET /v2.0/networks?id=d0f379fd-982c-45ba-a2b4-c89802f283f3 HTTP/1.1" status: 200 len: 1002 time: 0.0525811
2026-05-06 02:33:53.086 10 INFO neutron.wsgi [None req-235c9716-09ff-4d3d-b521-e65692e25893 9030e845e549407f873747d5b74e3f6d a4a0ce4dc7f14d4cb436fd58f99b5256 - - default default] 199.204.45.250 "GET /v2.0/ports?device_id=b9cd6dbb-df89-4699-941a-a64243b30a9d HTTP/1.1" status: 200 len: 4744 time: 0.0606461
2026-05-06 02:33:53.102 10 INFO neutron.wsgi [req-4b601055-ed11-483a-917d-08c3105e50e1 req-c2fc6ccb-ff28-4ec5-a22f-71c4d74b7b3c 9e2c17717c684236bffdf7e3016dc467 de48dc460ccb44fe8471d716a0a99fac - - 1e3de47416ab442dac3acb72b83625e9 1e3de47416ab442dac3acb72b83625e9] 199.204.45.250 "GET /v2.0/networks/d0f379fd-982c-45ba-a2b4-c89802f283f3?fields=segments HTTP/1.1" status: 200 len: 212 time: 0.0963099
2026-05-06 02:33:53.173 10 INFO neutron.wsgi [req-4b601055-ed11-483a-917d-08c3105e50e1 req-902cd64e-e0ab-4b34-a438-d2e234cb7f56 9e2c17717c684236bffdf7e3016dc467 de48dc460ccb44fe8471d716a0a99fac - - 1e3de47416ab442dac3acb72b83625e9 1e3de47416ab442dac3acb72b83625e9] 199.204.45.250 "GET /v2.0/networks/d0f379fd-982c-45ba-a2b4-c89802f283f3?fields=provider%3Aphysical_network&fields=provider%3Anetwork_type HTTP/1.1" status: 200 len: 277 time: 0.0647831
2026-05-06 02:33:53.317 10 INFO neutron.plugins.ml2.drivers.ovn.mech_driver.mech_driver [None req-4e1b341c-ceab-4cdf-924c-408697357392 - - - - - -] OVN reports status down for port: 8e1ee925-62f0-4a91-a537-46a240c9fc15
2026-05-06 02:33:53.394 10 INFO neutron.wsgi [req-c354009f-8ddc-48da-a826-82baadf1b30d req-f6679f18-ac97-48c0-915e-531af02c494d 9e2c17717c684236bffdf7e3016dc467 de48dc460ccb44fe8471d716a0a99fac - - 1e3de47416ab442dac3acb72b83625e9 1e3de47416ab442dac3acb72b83625e9] 199.204.45.250 "GET /v2.0/ports/8e1ee925-62f0-4a91-a537-46a240c9fc15 HTTP/1.1" status: 200 len: 1182 time: 0.0424840
2026-05-06 02:33:53.661 10 INFO neutron.db.ovn_revision_numbers_db [None req-4e1b341c-ceab-4cdf-924c-408697357392 - - - - - -] Successfully bumped revision number for resource 8e1ee925-62f0-4a91-a537-46a240c9fc15 (type: ports) to 7
2026-05-06 02:33:53.738 10 INFO neutron.wsgi [None req-5e17fa64-ba69-42d3-a5da-6fcfbde8129b 9030e845e549407f873747d5b74e3f6d a4a0ce4dc7f14d4cb436fd58f99b5256 - - - -] 199.204.45.250 "DELETE /v2.0/ports/8e1ee925-62f0-4a91-a537-46a240c9fc15 HTTP/1.1" status: 204 len: 173 time: 0.3388379
2026-05-06 02:33:53.832 10 INFO neutron.wsgi [req-c354009f-8ddc-48da-a826-82baadf1b30d req-b2fbe172-62bb-429a-8a62-cb35d682b929 9e2c17717c684236bffdf7e3016dc467 de48dc460ccb44fe8471d716a0a99fac - - 1e3de47416ab442dac3acb72b83625e9 1e3de47416ab442dac3acb72b83625e9] 199.204.45.250 "GET /v2.0/ports?tenant_id=a4a0ce4dc7f14d4cb436fd58f99b5256&device_id=b9cd6dbb-df89-4699-941a-a64243b30a9d HTTP/1.1" status: 200 len: 3769 time: 0.0479531
2026-05-06 02:33:53.913 10 INFO neutron.wsgi [req-c354009f-8ddc-48da-a826-82baadf1b30d req-a60a6316-37ce-467f-b219-57af6afa19bb 9e2c17717c684236bffdf7e3016dc467 de48dc460ccb44fe8471d716a0a99fac - - 1e3de47416ab442dac3acb72b83625e9 1e3de47416ab442dac3acb72b83625e9] 199.204.45.250 "GET /v2.0/networks?id=bae84e93-aab7-424a-b998-e5492b3c89c2&id=17a7fd3f-176a-4323-9536-e468dad16605&id=b2c712e4-0b2a-454a-ad53-47a64c65a3fc&id=d0f379fd-982c-45ba-a2b4-c89802f283f3 HTTP/1.1" status: 200 len: 3306 time: 0.0729501
2026-05-06 02:33:53.951 10 INFO neutron.wsgi [req-c354009f-8ddc-48da-a826-82baadf1b30d req-c033f304-fc6d-4620-8416-a313bd34ee78 9e2c17717c684236bffdf7e3016dc467 de48dc460ccb44fe8471d716a0a99fac - - 1e3de47416ab442dac3acb72b83625e9 1e3de47416ab442dac3acb72b83625e9] 199.204.45.250 "GET /v2.0/floatingips?fixed_ip_address=172.24.3.77&port_id=6f363834-f630-4007-b4c4-c83c9fc9bf19 HTTP/1.1" status: 200 len: 217 time: 0.0314057
2026-05-06 02:33:53.990 10 INFO neutron.wsgi [req-c354009f-8ddc-48da-a826-82baadf1b30d req-1f387877-8bc8-43b7-a152-f8afe9bfab66 9e2c17717c684236bffdf7e3016dc467 de48dc460ccb44fe8471d716a0a99fac - - 1e3de47416ab442dac3acb72b83625e9 1e3de47416ab442dac3acb72b83625e9] 199.204.45.250 "GET /v2.0/subnets?id=5e8899ba-ed8f-483b-9b3d-198c33274ca4 HTTP/1.1" status: 200 len: 829 time: 0.0334799
2026-05-06 02:33:54.028 10 INFO neutron.wsgi [req-c354009f-8ddc-48da-a826-82baadf1b30d req-209bb8d6-bcf5-480a-84f7-f8a2339489a6 9e2c17717c684236bffdf7e3016dc467 de48dc460ccb44fe8471d716a0a99fac - - 1e3de47416ab442dac3acb72b83625e9 1e3de47416ab442dac3acb72b83625e9] 199.204.45.250 "GET /v2.0/ports?network_id=bae84e93-aab7-424a-b998-e5492b3c89c2&device_owner=network%3Adhcp HTTP/1.1" status: 200 len: 210 time: 0.0327637
2026-05-06 02:33:54.106 10 INFO neutron.wsgi [req-c354009f-8ddc-48da-a826-82baadf1b30d req-049ca853-9b6d-4f86-8a0c-24220a4a30a7 9e2c17717c684236bffdf7e3016dc467 de48dc460ccb44fe8471d716a0a99fac - - 1e3de47416ab442dac3acb72b83625e9 1e3de47416ab442dac3acb72b83625e9] 199.204.45.250 "GET /v2.0/networks/bae84e93-aab7-424a-b998-e5492b3c89c2?fields=segments HTTP/1.1" status: 200 len: 212 time: 0.0663025
2026-05-06 02:33:54.139 10 INFO neutron.wsgi [None req-1d9ded57-897e-4e83-a8f9-be4c81a27f0a 9030e845e549407f873747d5b74e3f6d a4a0ce4dc7f14d4cb436fd58f99b5256 - - default default] 199.204.45.250 "GET /v2.0/ports?device_id=b9cd6dbb-df89-4699-941a-a64243b30a9d HTTP/1.1" status: 200 len: 3769 time: 0.0439606
2026-05-06 02:33:54.170 10 INFO neutron.pecan_wsgi.hooks.translation [None req-a31667e3-2b5b-44e4-8cb8-171093ac9e38 9030e845e549407f873747d5b74e3f6d a4a0ce4dc7f14d4cb436fd58f99b5256 - - - -] DELETE failed (client error): The resource could not be found.
2026-05-06 02:33:54.172 10 INFO neutron.wsgi [None req-a31667e3-2b5b-44e4-8cb8-171093ac9e38 9030e845e549407f873747d5b74e3f6d a4a0ce4dc7f14d4cb436fd58f99b5256 - - - -] 199.204.45.250 "DELETE /v2.0/ports/8e1ee925-62f0-4a91-a537-46a240c9fc15 HTTP/1.1" status: 404 len: 338 time: 0.0200224
2026-05-06 02:33:54.184 10 INFO neutron.wsgi [req-c354009f-8ddc-48da-a826-82baadf1b30d req-959c06f5-95eb-4ba5-94c2-1231e9b9ec42 9e2c17717c684236bffdf7e3016dc467 de48dc460ccb44fe8471d716a0a99fac - - 1e3de47416ab442dac3acb72b83625e9 1e3de47416ab442dac3acb72b83625e9] 199.204.45.250 "GET /v2.0/networks/bae84e93-aab7-424a-b998-e5492b3c89c2?fields=provider%3Aphysical_network&fields=provider%3Anetwork_type HTTP/1.1" status: 200 len: 277 time: 0.0666504
2026-05-06 02:33:54.213 10 INFO neutron.wsgi [req-c354009f-8ddc-48da-a826-82baadf1b30d req-c91ddf5f-50bc-43c4-b17c-10767d1e1c9b 9e2c17717c684236bffdf7e3016dc467 de48dc460ccb44fe8471d716a0a99fac - - 1e3de47416ab442dac3acb72b83625e9 1e3de47416ab442dac3acb72b83625e9] 199.204.45.250 "GET /v2.0/floatingips?fixed_ip_address=10.1.1.14&port_id=94f6428e-3e5e-4dd0-8d68-74da52952e33 HTTP/1.1" status: 200 len: 217 time: 0.0242245
2026-05-06 02:33:54.244 10 INFO neutron.wsgi [req-c354009f-8ddc-48da-a826-82baadf1b30d req-72e2b72b-7c3a-4f02-b7a0-31b102d187c4 9e2c17717c684236bffdf7e3016dc467 de48dc460ccb44fe8471d716a0a99fac - - 1e3de47416ab442dac3acb72b83625e9 1e3de47416ab442dac3acb72b83625e9] 199.204.45.250 "GET /v2.0/subnets?id=2ff461ad-a8c0-48c2-a534-d44acaa5cd7b HTTP/1.1" status: 200 len: 852 time: 0.0258622
2026-05-06 02:33:54.248 10 INFO neutron.wsgi [None req-4679c727-2af5-40f6-84e9-97a0357fe5ec 9030e845e549407f873747d5b74e3f6d a4a0ce4dc7f14d4cb436fd58f99b5256 - - default default] 199.204.45.250 "GET /v2.0/extensions/security-group HTTP/1.1" status: 200 len: 369 time: 0.0065815
2026-05-06 02:33:54.258 10 INFO neutron.wsgi [None req-d221c950-54a1-47c1-b3d3-721a962be9f4 9030e845e549407f873747d5b74e3f6d a4a0ce4dc7f14d4cb436fd58f99b5256 - - default default] 199.204.45.250 "GET /v2.0/extensions/dns-integration HTTP/1.1" status: 200 len: 371 time: 0.0033336
2026-05-06 02:33:54.269 10 INFO neutron.wsgi [None req-7f5d56e4-1917-448b-b0f7-a82bec486542 9030e845e549407f873747d5b74e3f6d a4a0ce4dc7f14d4cb436fd58f99b5256 - - default default] 199.204.45.250 "GET /v2.0/extensions/qos HTTP/1.1" status: 200 len: 365 time: 0.0029473
2026-05-06 02:33:54.271 10 INFO neutron.wsgi [req-c354009f-8ddc-48da-a826-82baadf1b30d req-996d00fc-1e94-496b-934c-2a9fec5f82b5 9e2c17717c684236bffdf7e3016dc467 de48dc460ccb44fe8471d716a0a99fac - - 1e3de47416ab442dac3acb72b83625e9 1e3de47416ab442dac3acb72b83625e9] 199.204.45.250 "GET /v2.0/ports?network_id=17a7fd3f-176a-4323-9536-e468dad16605&device_owner=network%3Adhcp HTTP/1.1" status: 200 len: 210 time: 0.0216722
2026-05-06 02:33:54.281 10 INFO neutron.wsgi [None req-ad2c99e4-165c-4a37-80a1-bcec720b1205 9030e845e549407f873747d5b74e3f6d a4a0ce4dc7f14d4cb436fd58f99b5256 - - default default] 199.204.45.250 "GET /v2.0/extensions/allowed-address-pairs HTTP/1.1" status: 200 len: 383 time: 0.0054345
2026-05-06 02:33:54.340 10 INFO neutron.wsgi [None req-42531f88-c226-471f-ba0f-deb31988689a 9030e845e549407f873747d5b74e3f6d a4a0ce4dc7f14d4cb436fd58f99b5256 - - default default] 199.204.45.250 "GET /v2.0/subnets/2ff461ad-a8c0-48c2-a534-d44acaa5cd7b HTTP/1.1" status: 200 len: 849 time: 0.0522940
2026-05-06 02:33:54.385 10 INFO neutron.wsgi [req-c354009f-8ddc-48da-a826-82baadf1b30d req-a2aafe90-0bd5-40f9-ae73-3a37f39980ab 9e2c17717c684236bffdf7e3016dc467 de48dc460ccb44fe8471d716a0a99fac - - 1e3de47416ab442dac3acb72b83625e9 1e3de47416ab442dac3acb72b83625e9] 199.204.45.250 "GET /v2.0/networks/17a7fd3f-176a-4323-9536-e468dad16605?fields=segments HTTP/1.1" status: 200 len: 212 time: 0.1035972
2026-05-06 02:33:54.389 10 INFO neutron.wsgi [None req-b8f7f3cd-e4ab-4707-b00a-43819aa93cc2 9030e845e549407f873747d5b74e3f6d a4a0ce4dc7f14d4cb436fd58f99b5256 - - default default] 199.204.45.250 "GET /v2.0/ports/25a8d918-0ca0-47e7-ac47-229368b15eb9 HTTP/1.1" status: 200 len: 1336 time: 0.0412779
2026-05-06 02:33:54.442 10 INFO neutron.wsgi [None req-0c79daa4-73bc-4d24-90fd-8271d6c8711f 9030e845e549407f873747d5b74e3f6d a4a0ce4dc7f14d4cb436fd58f99b5256 - - default default] 199.204.45.250 "GET /v2.0/ports/94f6428e-3e5e-4dd0-8d68-74da52952e33 HTTP/1.1" status: 200 len: 1466 time: 0.0452876
2026-05-06 02:33:54.475 10 INFO neutron.wsgi [req-c354009f-8ddc-48da-a826-82baadf1b30d req-442d8634-5b91-4bad-a27c-25b38d0aead8 9e2c17717c684236bffdf7e3016dc467 de48dc460ccb44fe8471d716a0a99fac - - 1e3de47416ab442dac3acb72b83625e9 1e3de47416ab442dac3acb72b83625e9] 199.204.45.250 "GET /v2.0/networks/17a7fd3f-176a-4323-9536-e468dad16605?fields=provider%3Aphysical_network&fields=provider%3Anetwork_type HTTP/1.1" status: 200 len: 277 time: 0.0847332
2026-05-06 02:33:54.488 10 INFO neutron.wsgi [None req-92c46776-0ccc-47c5-a8b8-c93fab287841 9030e845e549407f873747d5b74e3f6d a4a0ce4dc7f14d4cb436fd58f99b5256 - - default default] 199.204.45.250 "GET /v2.0/subnets/2ff461ad-a8c0-48c2-a534-d44acaa5cd7b HTTP/1.1" status: 200 len: 849 time: 0.0388162
2026-05-06 02:33:54.513 10 INFO neutron.wsgi [req-c354009f-8ddc-48da-a826-82baadf1b30d req-28893a9c-f509-4faf-86b1-bfdac72a46b1 9e2c17717c684236bffdf7e3016dc467 de48dc460ccb44fe8471d716a0a99fac - - 1e3de47416ab442dac3acb72b83625e9 1e3de47416ab442dac3acb72b83625e9] 199.204.45.250 "GET /v2.0/floatingips?fixed_ip_address=10.2.1.55&port_id=b23e0624-ef20-4f00-8597-72c7fb6bab57 HTTP/1.1" status: 200 len: 217 time: 0.0308878
2026-05-06 02:33:54.561 10 INFO neutron.wsgi [req-c354009f-8ddc-48da-a826-82baadf1b30d req-2949ca10-819c-42e2-a7dd-304b8b1f09a8 9e2c17717c684236bffdf7e3016dc467 de48dc460ccb44fe8471d716a0a99fac - - 1e3de47416ab442dac3acb72b83625e9 1e3de47416ab442dac3acb72b83625e9] 199.204.45.250 "GET /v2.0/subnets?id=61223e12-3706-4646-8993-fe1121b693d2 HTTP/1.1" status: 200 len: 851 time: 0.0416536
2026-05-06 02:33:54.571 10 INFO neutron.wsgi [None req-c056aefc-aca4-43bc-9fc1-e90fc2708c97 9030e845e549407f873747d5b74e3f6d a4a0ce4dc7f14d4cb436fd58f99b5256 - - default default] 199.204.45.250 "GET /v2.0/networks/17a7fd3f-176a-4323-9536-e468dad16605 HTTP/1.1" status: 200 len: 1001 time: 0.0660522
2026-05-06 02:33:54.591 10 INFO neutron.wsgi [req-c354009f-8ddc-48da-a826-82baadf1b30d req-ccc9849f-f5b4-42e1-9090-32708ebac49a 9e2c17717c684236bffdf7e3016dc467 de48dc460ccb44fe8471d716a0a99fac - - 1e3de47416ab442dac3acb72b83625e9 1e3de47416ab442dac3acb72b83625e9] 199.204.45.250 "GET /v2.0/ports?network_id=b2c712e4-0b2a-454a-ad53-47a64c65a3fc&device_owner=network%3Adhcp HTTP/1.1" status: 200 len: 210 time: 0.0224137
2026-05-06 02:33:54.624 10 INFO neutron.wsgi [None req-31adfe74-6931-4ec6-9878-a7cbbd5b4855 9030e845e549407f873747d5b74e3f6d a4a0ce4dc7f14d4cb436fd58f99b5256 - - default default] 199.204.45.250 "GET /v2.0/ports/25a8d918-0ca0-47e7-ac47-229368b15eb9 HTTP/1.1" status: 200 len: 1336 time: 0.0472498
2026-05-06 02:33:54.678 10 INFO neutron.wsgi [None req-f81fb036-f467-4d21-a0ad-1902608ec105 9030e845e549407f873747d5b74e3f6d a4a0ce4dc7f14d4cb436fd58f99b5256 - - default default] 199.204.45.250 "GET /v2.0/subnets/2ff461ad-a8c0-48c2-a534-d44acaa5cd7b HTTP/1.1" status: 200 len: 849 time: 0.0474246
2026-05-06 02:33:54.681 10 INFO neutron.wsgi [req-c354009f-8ddc-48da-a826-82baadf1b30d req-7185b9a1-1a55-41fe-998c-a2ed7d3a57e8 9e2c17717c684236bffdf7e3016dc467 de48dc460ccb44fe8471d716a0a99fac - - 1e3de47416ab442dac3acb72b83625e9 1e3de47416ab442dac3acb72b83625e9] 199.204.45.250 "GET /v2.0/networks/b2c712e4-0b2a-454a-ad53-47a64c65a3fc?fields=segments HTTP/1.1" status: 200 len: 212 time: 0.0798626
2026-05-06 02:33:54.779 10 INFO neutron.wsgi [req-c354009f-8ddc-48da-a826-82baadf1b30d req-650da061-9c31-459f-92bb-d8ab7729beee 9e2c17717c684236bffdf7e3016dc467 de48dc460ccb44fe8471d716a0a99fac - - 1e3de47416ab442dac3acb72b83625e9 1e3de47416ab442dac3acb72b83625e9] 199.204.45.250 "GET /v2.0/networks/b2c712e4-0b2a-454a-ad53-47a64c65a3fc?fields=provider%3Aphysical_network&fields=provider%3Anetwork_type HTTP/1.1" status: 200 len: 277 time: 0.0905495
2026-05-06 02:33:54.921 10 INFO neutron.notifiers.nova [-] Nova event matching ['req-1843eeb4-7b85-41f7-ab5f-03e8b6f3bfbe'] response: {'server_uuid': 'b9cd6dbb-df89-4699-941a-a64243b30a9d', 'name': 'network-vif-unplugged', 'status': 'completed', 'tag': '8e1ee925-62f0-4a91-a537-46a240c9fc15', 'code': 200}
2026-05-06 02:33:54.922 10 INFO neutron.notifiers.nova [-] Nova event matching ['req-1843eeb4-7b85-41f7-ab5f-03e8b6f3bfbe'] response: {'server_uuid': 'b9cd6dbb-df89-4699-941a-a64243b30a9d', 'name': 'network-vif-plugged', 'status': 'completed', 'tag': '8e1ee925-62f0-4a91-a537-46a240c9fc15', 'code': 200}
2026-05-06 02:33:54.922 10 INFO neutron.notifiers.nova [-] Nova event matching ['req-1843eeb4-7b85-41f7-ab5f-03e8b6f3bfbe'] response: {'server_uuid': 'b9cd6dbb-df89-4699-941a-a64243b30a9d', 'name': 'network-vif-deleted', 'tag': '8e1ee925-62f0-4a91-a537-46a240c9fc15', 'status': 'completed', 'code': 200}
2026-05-06 02:33:57.593 10 INFO neutron.wsgi [None req-4ccc559d-b4fc-4f32-bddf-1c171b30711c 9030e845e549407f873747d5b74e3f6d a4a0ce4dc7f14d4cb436fd58f99b5256 - - default default] 199.204.45.250 "GET /v2.0/extensions/security-group HTTP/1.1" status: 200 len: 369 time: 0.0076847
2026-05-06 02:33:57.603 10 INFO neutron.wsgi [None req-5e12fc93-5aee-4248-964a-53f97635aa1d 9030e845e549407f873747d5b74e3f6d a4a0ce4dc7f14d4cb436fd58f99b5256 - - default default] 199.204.45.250 "GET /v2.0/extensions/dns-integration HTTP/1.1" status: 200 len: 371 time: 0.0045984
2026-05-06 02:33:57.611 10 INFO neutron.wsgi [None req-4a0f6b79-41a3-486f-9296-cea4f2de7774 9030e845e549407f873747d5b74e3f6d a4a0ce4dc7f14d4cb436fd58f99b5256 - - default default] 199.204.45.250 "GET /v2.0/extensions/qos HTTP/1.1" status: 200 len: 365 time: 0.0041280
2026-05-06 02:33:57.622 10 INFO neutron.wsgi [None req-c126b6aa-4346-4d22-b2c1-beeb5783fb56 9030e845e549407f873747d5b74e3f6d a4a0ce4dc7f14d4cb436fd58f99b5256 - - default default] 199.204.45.250 "GET /v2.0/extensions/allowed-address-pairs HTTP/1.1" status: 200 len: 383 time: 0.0051937
2026-05-06 02:33:57.662 10 INFO neutron.wsgi [None req-8ecfaaed-a16a-46b6-a736-69287ab966e4 9030e845e549407f873747d5b74e3f6d a4a0ce4dc7f14d4cb436fd58f99b5256 - - default default] 199.204.45.250 "GET /v2.0/ports?device_id=b9cd6dbb-df89-4699-941a-a64243b30a9d HTTP/1.1" status: 200 len: 3769 time: 0.0339663
2026-05-06 02:33:57.780 10 INFO neutron.wsgi [None req-ddc9a777-e8c8-4287-8d74-f94dd9f1428b 9030e845e549407f873747d5b74e3f6d a4a0ce4dc7f14d4cb436fd58f99b5256 - - default default] 199.204.45.250 "GET /v2.0/extensions/security-group HTTP/1.1" status: 200 len: 369 time: 0.0068932
2026-05-06 02:33:57.787 10 INFO neutron.wsgi [None req-d4587fb3-e6f2-42e0-948c-afb10a2f7493 9030e845e549407f873747d5b74e3f6d a4a0ce4dc7f14d4cb436fd58f99b5256 - - default default] 199.204.45.250 "GET /v2.0/extensions/dns-integration HTTP/1.1" status: 200 len: 371 time: 0.0030677
2026-05-06 02:33:57.794 10 INFO neutron.wsgi [None req-68d371bb-55db-4be4-93dc-4771df9e0d00 9030e845e549407f873747d5b74e3f6d a4a0ce4dc7f14d4cb436fd58f99b5256 - - default default] 199.204.45.250 "GET /v2.0/extensions/qos HTTP/1.1" status: 200 len: 365 time: 0.0039041
2026-05-06 02:33:57.809 10 INFO neutron.wsgi [None req-b9021b7e-1bb0-4d51-890a-6b0c06a352ce 9030e845e549407f873747d5b74e3f6d a4a0ce4dc7f14d4cb436fd58f99b5256 - - default default] 199.204.45.250 "GET /v2.0/extensions/allowed-address-pairs HTTP/1.1" status: 200 len: 383 time: 0.0091796
2026-05-06 02:33:57.859 10 INFO neutron.wsgi [None req-8350b42c-204f-4d9b-9392-2caf0da00546 9030e845e549407f873747d5b74e3f6d a4a0ce4dc7f14d4cb436fd58f99b5256 - - default default] 199.204.45.250 "GET /v2.0/ports/b23e0624-ef20-4f00-8597-72c7fb6bab57 HTTP/1.1" status: 200 len: 1354 time: 0.0354073
2026-05-06 02:33:58.242 10 INFO neutron.db.ovn_revision_numbers_db [None req-3fe8c8bc-b616-4941-bbdc-9b750a480bd6 9030e845e549407f873747d5b74e3f6d a4a0ce4dc7f14d4cb436fd58f99b5256 - - - -] Successfully bumped revision number for resource b23e0624-ef20-4f00-8597-72c7fb6bab57 (type: ports) to 6
2026-05-06 02:33:58.250 10 INFO neutron.wsgi [None req-3fe8c8bc-b616-4941-bbdc-9b750a480bd6 9030e845e549407f873747d5b74e3f6d a4a0ce4dc7f14d4cb436fd58f99b5256 - - - -] 199.204.45.250 "PUT /v2.0/ports/b23e0624-ef20-4f00-8597-72c7fb6bab57 HTTP/1.1" status: 200 len: 1154 time: 0.3834343 /var/lib/openstack/lib/python3.10/site-packages/pycadf/identifier.py:71: UserWarning: Invalid uuid: neutron. To ensure interoperability, identifiers should be a valid uuid. warnings.warn(('Invalid uuid: %s. To ensure interoperability, '
2026-05-06 02:33:58.297 10 INFO neutron.notifiers.nova [-] Nova event matching ['req-ded9a1a0-e619-4d4c-9841-c3ef8386ab3e'] response: {'name': 'network-changed', 'server_uuid': 'b9cd6dbb-df89-4699-941a-a64243b30a9d', 'tag': 'b23e0624-ef20-4f00-8597-72c7fb6bab57', 'status': 'completed', 'code': 200}
2026-05-06 02:33:58.324 10 INFO neutron.wsgi [None req-9efeead8-3fa5-454f-9f5a-c2e18ead6187 9030e845e549407f873747d5b74e3f6d a4a0ce4dc7f14d4cb436fd58f99b5256 - - default default] 199.204.45.250 "GET /v2.0/networks/b2c712e4-0b2a-454a-ad53-47a64c65a3fc HTTP/1.1" status: 200 len: 999 time: 0.0657110
2026-05-06 02:33:58.376 10 INFO neutron.wsgi [req-ac9a9176-2daf-44c0-b81e-b0e3a70bc43b req-634316a7-18ee-4701-98f3-3c9290992b23 9e2c17717c684236bffdf7e3016dc467 de48dc460ccb44fe8471d716a0a99fac - - 1e3de47416ab442dac3acb72b83625e9 1e3de47416ab442dac3acb72b83625e9] 199.204.45.250 "GET /v2.0/ports?tenant_id=a4a0ce4dc7f14d4cb436fd58f99b5256&device_id=b9cd6dbb-df89-4699-941a-a64243b30a9d HTTP/1.1" status: 200 len: 3598 time: 0.0655239
2026-05-06 02:33:58.382 10 INFO neutron.wsgi [None req-0efc402e-e933-4c3e-ab83-337c2499dfc0 9030e845e549407f873747d5b74e3f6d a4a0ce4dc7f14d4cb436fd58f99b5256 - - default default] 199.204.45.250 "GET /v2.0/ports?device_id=b9cd6dbb-df89-4699-941a-a64243b30a9d HTTP/1.1" status: 200 len: 3598 time: 0.0447991
2026-05-06 02:33:58.442 10 INFO neutron.wsgi [req-ac9a9176-2daf-44c0-b81e-b0e3a70bc43b req-d43633d8-ca95-4f8f-b39c-dea513a02c8f 9e2c17717c684236bffdf7e3016dc467 de48dc460ccb44fe8471d716a0a99fac - - 1e3de47416ab442dac3acb72b83625e9 1e3de47416ab442dac3acb72b83625e9] 199.204.45.250 "GET /v2.0/networks?id=b2c712e4-0b2a-454a-ad53-47a64c65a3fc HTTP/1.1" status: 200 len: 1002 time: 0.0583558
2026-05-06 02:33:58.528 10 INFO neutron.wsgi [None req-a8698f35-1907-436e-ad11-18dd9ecf71aa 9030e845e549407f873747d5b74e3f6d a4a0ce4dc7f14d4cb436fd58f99b5256 - - default default] 199.204.45.250 "GET /v2.0/ports?device_id=b9cd6dbb-df89-4699-941a-a64243b30a9d HTTP/1.1" status: 200 len: 3598 time: 0.0560925
2026-05-06 02:33:58.558 10 INFO neutron.wsgi [req-ac9a9176-2daf-44c0-b81e-b0e3a70bc43b req-baac3203-59bc-486f-aafa-f9ab6a08f927 9e2c17717c684236bffdf7e3016dc467 de48dc460ccb44fe8471d716a0a99fac - - 1e3de47416ab442dac3acb72b83625e9 1e3de47416ab442dac3acb72b83625e9] 199.204.45.250 "GET /v2.0/networks/b2c712e4-0b2a-454a-ad53-47a64c65a3fc?fields=segments HTTP/1.1" status: 200 len: 212 time: 0.1098127
2026-05-06 02:33:58.830 9 INFO neutron.plugins.ml2.drivers.ovn.mech_driver.mech_driver [None req-7f8cd7a8-f853-46b9-89a2-a18d502592e1 - - - - - -] OVN reports status down for port: b23e0624-ef20-4f00-8597-72c7fb6bab57
2026-05-06 02:33:58.890 9 INFO neutron.wsgi [req-7cd766ff-f165-4397-b761-e0ceb9d003ce req-04505400-9c54-4dc8-bc86-859c777438a5 9e2c17717c684236bffdf7e3016dc467 de48dc460ccb44fe8471d716a0a99fac - - 1e3de47416ab442dac3acb72b83625e9 1e3de47416ab442dac3acb72b83625e9] 199.204.45.250 "GET /v2.0/ports/b23e0624-ef20-4f00-8597-72c7fb6bab57 HTTP/1.1" status: 200 len: 1182 time: 0.0368769
2026-05-06 02:33:59.006 9 INFO neutron.notifiers.nova [-] Nova event matching ['req-9fe09298-89e0-46e9-b58f-b5e4bcd0ef07'] response: {'server_uuid': 'b9cd6dbb-df89-4699-941a-a64243b30a9d', 'name': 'network-vif-unplugged', 'status': 'completed', 'tag': 'b23e0624-ef20-4f00-8597-72c7fb6bab57', 'code': 200}
2026-05-06 02:33:59.027 10 INFO neutron.wsgi [req-ac9a9176-2daf-44c0-b81e-b0e3a70bc43b req-ac643cef-5f02-48b3-a8c9-fb7e0c1a2374 9e2c17717c684236bffdf7e3016dc467 de48dc460ccb44fe8471d716a0a99fac - - 1e3de47416ab442dac3acb72b83625e9 1e3de47416ab442dac3acb72b83625e9] 199.204.45.250 "GET /v2.0/networks/b2c712e4-0b2a-454a-ad53-47a64c65a3fc?fields=provider%3Aphysical_network&fields=provider%3Anetwork_type HTTP/1.1" status: 200 len: 277 time: 0.4608436
2026-05-06 02:33:59.181 9 INFO neutron.db.ovn_revision_numbers_db [None req-7f8cd7a8-f853-46b9-89a2-a18d502592e1 - - - - - -] Successfully bumped revision number for resource b23e0624-ef20-4f00-8597-72c7fb6bab57 (type: ports) to 7
2026-05-06 02:33:59.238 9 INFO neutron.wsgi [None req-883e33f1-5efc-4d99-9f71-e71f9f9f6ba3 9030e845e549407f873747d5b74e3f6d a4a0ce4dc7f14d4cb436fd58f99b5256 - - - -] 199.204.45.250 "DELETE /v2.0/ports/b23e0624-ef20-4f00-8597-72c7fb6bab57 HTTP/1.1" status: 204 len: 173 time: 0.3426380
2026-05-06 02:33:59.335 9 INFO neutron.wsgi [req-7cd766ff-f165-4397-b761-e0ceb9d003ce req-a5c12c8b-38bb-48ee-b312-e7919b2cd118 9e2c17717c684236bffdf7e3016dc467 de48dc460ccb44fe8471d716a0a99fac - - 1e3de47416ab442dac3acb72b83625e9 1e3de47416ab442dac3acb72b83625e9] 199.204.45.250 "GET /v2.0/ports?tenant_id=a4a0ce4dc7f14d4cb436fd58f99b5256&device_id=b9cd6dbb-df89-4699-941a-a64243b30a9d HTTP/1.1" status: 200 len: 2623 time: 0.0374272
2026-05-06 02:33:59.403 9 INFO neutron.wsgi [req-7cd766ff-f165-4397-b761-e0ceb9d003ce req-c69fbac3-3f2e-48e8-a27c-3005ccef8f48 9e2c17717c684236bffdf7e3016dc467 de48dc460ccb44fe8471d716a0a99fac - - 1e3de47416ab442dac3acb72b83625e9 1e3de47416ab442dac3acb72b83625e9] 199.204.45.250 "GET /v2.0/networks?id=bae84e93-aab7-424a-b998-e5492b3c89c2&id=17a7fd3f-176a-4323-9536-e468dad16605&id=b2c712e4-0b2a-454a-ad53-47a64c65a3fc HTTP/1.1" status: 200 len: 2517 time: 0.0608888
2026-05-06 02:33:59.440 9 INFO neutron.wsgi [req-7cd766ff-f165-4397-b761-e0ceb9d003ce req-c0afd9cb-837b-410e-9da8-da7871ee5a9c 9e2c17717c684236bffdf7e3016dc467 de48dc460ccb44fe8471d716a0a99fac - - 1e3de47416ab442dac3acb72b83625e9 1e3de47416ab442dac3acb72b83625e9] 199.204.45.250 "GET /v2.0/floatingips?fixed_ip_address=172.24.3.77&port_id=6f363834-f630-4007-b4c4-c83c9fc9bf19 HTTP/1.1" status: 200 len: 217 time: 0.0296128
2026-05-06 02:33:59.493 9 INFO neutron.wsgi [req-7cd766ff-f165-4397-b761-e0ceb9d003ce req-80e04af0-c3bb-4516-a62f-a982f7d51605 9e2c17717c684236bffdf7e3016dc467 de48dc460ccb44fe8471d716a0a99fac - - 1e3de47416ab442dac3acb72b83625e9 1e3de47416ab442dac3acb72b83625e9] 199.204.45.250 "GET /v2.0/subnets?id=5e8899ba-ed8f-483b-9b3d-198c33274ca4 HTTP/1.1" status: 200 len: 829 time: 0.0483012
2026-05-06 02:33:59.538 9 INFO neutron.wsgi [req-7cd766ff-f165-4397-b761-e0ceb9d003ce req-b4cc702c-09cd-4708-a38b-7053a3f22fe8 9e2c17717c684236bffdf7e3016dc467 de48dc460ccb44fe8471d716a0a99fac - - 1e3de47416ab442dac3acb72b83625e9 1e3de47416ab442dac3acb72b83625e9] 199.204.45.250 "GET /v2.0/ports?network_id=bae84e93-aab7-424a-b998-e5492b3c89c2&device_owner=network%3Adhcp HTTP/1.1" status: 200 len: 210 time: 0.0318875
2026-05-06 02:33:59.573 10 INFO neutron.wsgi [None req-cdcb8d08-ed88-4414-a947-da89d6873e11 9030e845e549407f873747d5b74e3f6d a4a0ce4dc7f14d4cb436fd58f99b5256 - - default default] 199.204.45.250 "GET /v2.0/ports?device_id=b9cd6dbb-df89-4699-941a-a64243b30a9d HTTP/1.1" status: 200 len: 2623 time: 0.0362139
2026-05-06 02:33:59.601 10 INFO neutron.pecan_wsgi.hooks.translation [None req-bf66bfd0-cb4d-4f16-8c04-a0a04c3d7e05 9030e845e549407f873747d5b74e3f6d a4a0ce4dc7f14d4cb436fd58f99b5256 - - - -] DELETE failed (client error): The resource could not be found.
2026-05-06 02:33:59.603 10 INFO neutron.wsgi [None req-bf66bfd0-cb4d-4f16-8c04-a0a04c3d7e05 9030e845e549407f873747d5b74e3f6d a4a0ce4dc7f14d4cb436fd58f99b5256 - - - -] 199.204.45.250 "DELETE /v2.0/ports/b23e0624-ef20-4f00-8597-72c7fb6bab57 HTTP/1.1" status: 404 len: 338 time: 0.0205169
2026-05-06 02:33:59.619 9 INFO neutron.wsgi [req-7cd766ff-f165-4397-b761-e0ceb9d003ce req-fe470f73-0dae-41bf-9f11-c1e65d22069c 9e2c17717c684236bffdf7e3016dc467 de48dc460ccb44fe8471d716a0a99fac - - 1e3de47416ab442dac3acb72b83625e9 1e3de47416ab442dac3acb72b83625e9] 199.204.45.250 "GET /v2.0/networks/bae84e93-aab7-424a-b998-e5492b3c89c2?fields=segments HTTP/1.1" status: 200 len: 212 time: 0.0719082
2026-05-06 02:33:59.688 9 INFO neutron.wsgi [req-7cd766ff-f165-4397-b761-e0ceb9d003ce req-c65962c6-d3c9-408e-b9d4-a2825eda92f5 9e2c17717c684236bffdf7e3016dc467 de48dc460ccb44fe8471d716a0a99fac - - 1e3de47416ab442dac3acb72b83625e9 1e3de47416ab442dac3acb72b83625e9] 199.204.45.250 "GET /v2.0/networks/bae84e93-aab7-424a-b998-e5492b3c89c2?fields=provider%3Aphysical_network&fields=provider%3Anetwork_type HTTP/1.1" status: 200 len: 277 time: 0.0605876
2026-05-06 02:33:59.721 10 INFO neutron.wsgi [None req-fafda5ad-8bd3-4be7-ad1b-e7b1e8240355 9030e845e549407f873747d5b74e3f6d a4a0ce4dc7f14d4cb436fd58f99b5256 - - default default] 199.204.45.250 "GET /v2.0/extensions/security-group HTTP/1.1" status: 200 len: 369 time: 0.0063155
2026-05-06 02:33:59.722 9 INFO neutron.wsgi [req-7cd766ff-f165-4397-b761-e0ceb9d003ce req-aece6b1d-e8ab-445b-b331-10b01adf6ac7 9e2c17717c684236bffdf7e3016dc467 de48dc460ccb44fe8471d716a0a99fac - - 1e3de47416ab442dac3acb72b83625e9 1e3de47416ab442dac3acb72b83625e9] 199.204.45.250 "GET /v2.0/floatingips?fixed_ip_address=10.1.1.14&port_id=94f6428e-3e5e-4dd0-8d68-74da52952e33 HTTP/1.1" status: 200 len: 217 time: 0.0239089
2026-05-06 02:33:59.730 10 INFO neutron.wsgi [None req-63e470f9-26e4-4b13-a4c1-3a7f6e55480a 9030e845e549407f873747d5b74e3f6d a4a0ce4dc7f14d4cb436fd58f99b5256 - - default default] 199.204.45.250 "GET /v2.0/extensions/dns-integration HTTP/1.1" status: 200 len: 371 time: 0.0051758
2026-05-06 02:33:59.738 10 INFO neutron.wsgi [None req-5798f705-caa7-4498-9e4c-8f76ef5bc6d9 9030e845e549407f873747d5b74e3f6d a4a0ce4dc7f14d4cb436fd58f99b5256 - - default default] 199.204.45.250 "GET /v2.0/extensions/qos HTTP/1.1" status: 200 len: 365 time: 0.0052168
2026-05-06 02:33:59.747 10 INFO neutron.wsgi [None req-0868403e-5ac8-42a3-8728-88689d26399c 9030e845e549407f873747d5b74e3f6d a4a0ce4dc7f14d4cb436fd58f99b5256 - - default default] 199.204.45.250 "GET /v2.0/extensions/allowed-address-pairs HTTP/1.1" status: 200 len: 383 time: 0.0056434
2026-05-06 02:33:59.766 9 INFO neutron.wsgi [req-7cd766ff-f165-4397-b761-e0ceb9d003ce req-f166edde-6a6b-40ad-bb9d-7ab4e6afcdf8 9e2c17717c684236bffdf7e3016dc467 de48dc460ccb44fe8471d716a0a99fac - - 1e3de47416ab442dac3acb72b83625e9 1e3de47416ab442dac3acb72b83625e9] 199.204.45.250 "GET /v2.0/subnets?id=2ff461ad-a8c0-48c2-a534-d44acaa5cd7b HTTP/1.1" status: 200 len: 852 time: 0.0374808
2026-05-06 02:33:59.798 9 INFO neutron.wsgi [req-7cd766ff-f165-4397-b761-e0ceb9d003ce req-d992cf4a-0fe3-4a34-a487-0c86d19f2c2c 9e2c17717c684236bffdf7e3016dc467 de48dc460ccb44fe8471d716a0a99fac - - 1e3de47416ab442dac3acb72b83625e9 1e3de47416ab442dac3acb72b83625e9] 199.204.45.250 "GET /v2.0/ports?network_id=17a7fd3f-176a-4323-9536-e468dad16605&device_owner=network%3Adhcp HTTP/1.1" status: 200 len: 210 time: 0.0262637
2026-05-06 02:33:59.801 10 INFO neutron.wsgi [None req-ea05d294-1996-4b18-8fc0-8da1471672c3 9030e845e549407f873747d5b74e3f6d a4a0ce4dc7f14d4cb436fd58f99b5256 - - default default] 199.204.45.250 "GET /v2.0/subnets/2ff461ad-a8c0-48c2-a534-d44acaa5cd7b HTTP/1.1" status: 200 len: 849 time: 0.0481198
2026-05-06 02:33:59.841 10 INFO neutron.wsgi [None req-f084e693-d0cb-4799-a58a-27af4e95384f 9030e845e549407f873747d5b74e3f6d a4a0ce4dc7f14d4cb436fd58f99b5256 - - default default] 199.204.45.250 "GET /v2.0/ports/25a8d918-0ca0-47e7-ac47-229368b15eb9 HTTP/1.1" status: 200 len: 1336 time: 0.0298200
2026-05-06 02:33:59.874 10 INFO neutron.wsgi [None req-8fe91cc0-7aff-4ab2-8564-a493494f958c 9030e845e549407f873747d5b74e3f6d a4a0ce4dc7f14d4cb436fd58f99b5256 - - default default] 199.204.45.250 "GET /v2.0/ports/94f6428e-3e5e-4dd0-8d68-74da52952e33 HTTP/1.1" status: 200 len: 1466 time: 0.0271831
2026-05-06 02:33:59.885 9 INFO neutron.wsgi [req-7cd766ff-f165-4397-b761-e0ceb9d003ce req-5073d2d4-6845-446c-b063-38d014b5302a 9e2c17717c684236bffdf7e3016dc467 de48dc460ccb44fe8471d716a0a99fac - - 1e3de47416ab442dac3acb72b83625e9 1e3de47416ab442dac3acb72b83625e9] 199.204.45.250 "GET /v2.0/networks/17a7fd3f-176a-4323-9536-e468dad16605?fields=segments HTTP/1.1" status: 200 len: 212 time: 0.0744202
2026-05-06 02:33:59.912 10 INFO neutron.wsgi [None req-9ff188ab-366b-46f8-97c4-a93cb82ffc85 9030e845e549407f873747d5b74e3f6d a4a0ce4dc7f14d4cb436fd58f99b5256 - - default default] 199.204.45.250 "GET /v2.0/subnets/2ff461ad-a8c0-48c2-a534-d44acaa5cd7b HTTP/1.1" status: 200 len: 849 time: 0.0311847
2026-05-06 02:33:59.956 9 INFO neutron.wsgi [req-7cd766ff-f165-4397-b761-e0ceb9d003ce req-eb624e3f-48ad-4d59-b329-c43e65f19ba3 9e2c17717c684236bffdf7e3016dc467 de48dc460ccb44fe8471d716a0a99fac - - 1e3de47416ab442dac3acb72b83625e9 1e3de47416ab442dac3acb72b83625e9] 199.204.45.250 "GET /v2.0/networks/17a7fd3f-176a-4323-9536-e468dad16605?fields=provider%3Aphysical_network&fields=provider%3Anetwork_type HTTP/1.1" status: 200 len: 277 time: 0.0630913
2026-05-06 02:33:59.972 10 INFO neutron.wsgi [None req-80500bd6-fade-468c-b9ec-51a1093b1d1c 9030e845e549407f873747d5b74e3f6d a4a0ce4dc7f14d4cb436fd58f99b5256 - - default default] 199.204.45.250 "GET /v2.0/networks/17a7fd3f-176a-4323-9536-e468dad16605 HTTP/1.1" status: 200 len: 1001 time: 0.0558777
2026-05-06 02:34:00.010 10 INFO neutron.wsgi [None req-57167d33-92f4-4e0b-ab1c-c2a23be4913c 9030e845e549407f873747d5b74e3f6d a4a0ce4dc7f14d4cb436fd58f99b5256 - - default default] 199.204.45.250 "GET /v2.0/ports/25a8d918-0ca0-47e7-ac47-229368b15eb9 HTTP/1.1" status: 200 len: 1336 time: 0.0314023
2026-05-06 02:34:00.058 10 INFO neutron.wsgi [None req-93eecaff-746d-4ae9-93b7-a0c2abe50caa 9030e845e549407f873747d5b74e3f6d a4a0ce4dc7f14d4cb436fd58f99b5256 - - default default] 199.204.45.250 "GET /v2.0/subnets/2ff461ad-a8c0-48c2-a534-d44acaa5cd7b HTTP/1.1" status: 200 len: 849 time: 0.0404501
2026-05-06 02:34:00.350 9 INFO neutron.wsgi [-] 10.0.0.207 "GET / HTTP/1.1" status: 200 len: 247 time: 0.0026031
2026-05-06 02:34:00.350 10 INFO neutron.wsgi [-] 10.0.0.207 "GET / HTTP/1.1" status: 200 len: 247 time: 0.0027320
2026-05-06 02:34:01.051 9 INFO neutron.notifiers.nova [-] Nova event matching ['req-2ad0e8e3-d277-4fcf-a13a-13391ee7e54d'] response: {'server_uuid': 'b9cd6dbb-df89-4699-941a-a64243b30a9d', 'name': 'network-vif-plugged', 'status': 'completed', 'tag': 'b23e0624-ef20-4f00-8597-72c7fb6bab57', 'code': 200}
2026-05-06 02:34:01.051 9 INFO neutron.notifiers.nova [-] Nova event matching ['req-2ad0e8e3-d277-4fcf-a13a-13391ee7e54d'] response: {'server_uuid': 'b9cd6dbb-df89-4699-941a-a64243b30a9d', 'name': 'network-vif-deleted', 'tag': 'b23e0624-ef20-4f00-8597-72c7fb6bab57', 'status': 'completed', 'code': 200}
2026-05-06 02:34:08.832 10 INFO neutron.wsgi [None req-5d0cf9a7-d0aa-4751-92b7-e99e1a9f592b 9030e845e549407f873747d5b74e3f6d a4a0ce4dc7f14d4cb436fd58f99b5256 - - default default] 199.204.45.250 "GET /v2.0/extensions/security-group HTTP/1.1" status: 200 len: 369 time: 0.0104589
2026-05-06 02:34:08.839 10 INFO neutron.wsgi [None req-b0145d03-8930-4a0a-b5e7-da4f8a6027ee 9030e845e549407f873747d5b74e3f6d a4a0ce4dc7f14d4cb436fd58f99b5256 - - default default] 199.204.45.250 "GET /v2.0/extensions/dns-integration HTTP/1.1" status: 200 len: 371 time: 0.0030773
2026-05-06 02:34:08.847 10 INFO neutron.wsgi [None req-f0954dd3-8916-40a3-871e-e52fb2fd79f1 9030e845e549407f873747d5b74e3f6d a4a0ce4dc7f14d4cb436fd58f99b5256 - - default default] 199.204.45.250 "GET /v2.0/extensions/qos HTTP/1.1" status: 200 len: 365 time: 0.0039465
2026-05-06 02:34:08.857 10 INFO neutron.wsgi [None req-66009323-8b23-42f1-94f3-b098302ec014 9030e845e549407f873747d5b74e3f6d a4a0ce4dc7f14d4cb436fd58f99b5256 - - default default] 199.204.45.250 "GET /v2.0/extensions/allowed-address-pairs HTTP/1.1" status: 200 len: 383 time: 0.0046115
2026-05-06 02:34:08.894 10 INFO neutron.wsgi [None req-62daac38-c286-4fc8-a792-f4d1cfb36efd 9030e845e549407f873747d5b74e3f6d a4a0ce4dc7f14d4cb436fd58f99b5256 - - default default] 199.204.45.250 "GET /v2.0/security-groups?name=lb-a76e2177-2975-4666-829c-ad542bf10e7a HTTP/1.1" status: 200 len: 2939 time: 0.0313215
2026-05-06 02:34:08.921 10 INFO neutron.wsgi [None req-872d40b7-c6d1-4014-8b2c-bc5fa25c4b0e 9030e845e549407f873747d5b74e3f6d a4a0ce4dc7f14d4cb436fd58f99b5256 - - default default] 199.204.45.250 "GET /v2.0/security-group-rules?security_group_id=945332b7-ba33-4395-bc43-8e56a77312af HTTP/1.1" status: 200 len: 2406 time: 0.0206275
2026-05-06 02:34:09.041 10 INFO neutron.wsgi [None req-934df408-1cf2-420c-ace7-c05d9a9cc35a 9030e845e549407f873747d5b74e3f6d a4a0ce4dc7f14d4cb436fd58f99b5256 - - - -] 199.204.45.250 "DELETE /v2.0/security-group-rules/d07e8bbd-2285-4630-bbe2-c804e7999eba HTTP/1.1" status: 204 len: 173 time: 0.1143541
2026-05-06 02:34:09.152 10 INFO neutron.wsgi [None req-2f165713-9961-4f5d-a874-ecf1242ca825 9030e845e549407f873747d5b74e3f6d a4a0ce4dc7f14d4cb436fd58f99b5256 - - - -] 199.204.45.250 "DELETE /v2.0/security-group-rules/fe57fead-41a7-4e9d-9f51-eeed4b4edef3 HTTP/1.1" status: 204 len: 173 time: 0.1013775
2026-05-06 02:34:13.649 9 INFO neutron.db.l3_db [None req-963ff608-bb76-4d6d-b352-40a378fb1e93 1e88aca4738e439a913926ed3db7f1c3 391384eafc644adca02530e29c29887d - - - -] Floating IP 2e4097ad-5cb2-443b-b31c-0148ce3c4317 disassociated (deleted). External IP: 10.96.250.216, port: 25a8d918-0ca0-47e7-ac47-229368b15eb9.
2026-05-06 02:34:13.718 9 INFO neutron.wsgi [None req-963ff608-bb76-4d6d-b352-40a378fb1e93 1e88aca4738e439a913926ed3db7f1c3 391384eafc644adca02530e29c29887d - - - -] 10.0.0.199 "DELETE /v2.0/floatingips/2e4097ad-5cb2-443b-b31c-0148ce3c4317 HTTP/1.1" status: 204 len: 168 time: 0.4698918 /var/lib/openstack/lib/python3.10/site-packages/pycadf/identifier.py:71: UserWarning: Invalid uuid: neutron. To ensure interoperability, identifiers should be a valid uuid. warnings.warn(('Invalid uuid: %s. To ensure interoperability, '
2026-05-06 02:34:13.749 9 INFO neutron.api.v2.resource [None req-36eceb70-25f9-43be-ab8f-8dc51a8813cf 1e88aca4738e439a913926ed3db7f1c3 391384eafc644adca02530e29c29887d - - default default] show failed (client error): The resource could not be found.
2026-05-06 02:34:13.751 9 INFO neutron.wsgi [None req-36eceb70-25f9-43be-ab8f-8dc51a8813cf 1e88aca4738e439a913926ed3db7f1c3 391384eafc644adca02530e29c29887d - - default default] 10.0.0.199 "GET /v2.0/floatingips/2e4097ad-5cb2-443b-b31c-0148ce3c4317 HTTP/1.1" status: 404 len: 345 time: 0.0259790
2026-05-06 02:34:14.016 10 INFO neutron.wsgi [None req-fd40ec0b-9882-4ee4-9341-c4fc38631d99 9030e845e549407f873747d5b74e3f6d a4a0ce4dc7f14d4cb436fd58f99b5256 - - default default] 199.204.45.250 "GET /v2.0/extensions/security-group HTTP/1.1" status: 200 len: 369 time: 0.0068979
2026-05-06 02:34:14.025 10 INFO neutron.wsgi [None req-8e37c940-54d3-4263-ab42-5df40c0a1427 9030e845e549407f873747d5b74e3f6d a4a0ce4dc7f14d4cb436fd58f99b5256 - - default default] 199.204.45.250 "GET /v2.0/extensions/dns-integration HTTP/1.1" status: 200 len: 371 time: 0.0043874
2026-05-06 02:34:14.034 10 INFO neutron.wsgi [None req-2fcd232e-8486-4745-bc21-98b29eda2a48 9030e845e549407f873747d5b74e3f6d a4a0ce4dc7f14d4cb436fd58f99b5256 - - default default] 199.204.45.250 "GET /v2.0/extensions/qos HTTP/1.1" status: 200 len: 365 time: 0.0046427
2026-05-06 02:34:14.044 10 INFO neutron.wsgi [None req-47ae1b63-f417-426e-9744-3783eff51c7b 9030e845e549407f873747d5b74e3f6d a4a0ce4dc7f14d4cb436fd58f99b5256 - - default default] 199.204.45.250 "GET /v2.0/extensions/allowed-address-pairs HTTP/1.1" status: 200 len: 383 time: 0.0055377
2026-05-06 02:34:14.090 10 INFO neutron.wsgi [None req-69130de3-9b6c-4850-b246-edd8f7e5343c 9030e845e549407f873747d5b74e3f6d a4a0ce4dc7f14d4cb436fd58f99b5256 - - default default] 199.204.45.250 "GET /v2.0/subnets/2ff461ad-a8c0-48c2-a534-d44acaa5cd7b HTTP/1.1" status: 200 len: 849 time: 0.0387566
2026-05-06 02:34:14.131 10 INFO neutron.wsgi [None req-e5a3cbab-1143-4671-9dfc-24b962054eba 9030e845e549407f873747d5b74e3f6d a4a0ce4dc7f14d4cb436fd58f99b5256 - - default default] 199.204.45.250 "GET /v2.0/ports?device_id=b9cd6dbb-df89-4699-941a-a64243b30a9d HTTP/1.1" status: 200 len: 2623 time: 0.0343781
2026-05-06 02:34:14.173 10 INFO neutron.wsgi [None req-65e5cdb7-9f1c-4655-a9ec-1fea538bbc44 9030e845e549407f873747d5b74e3f6d a4a0ce4dc7f14d4cb436fd58f99b5256 - - default default] 199.204.45.250 "GET /v2.0/ports?device_id=b9cd6dbb-df89-4699-941a-a64243b30a9d HTTP/1.1" status: 200 len: 2623 time: 0.0368829
2026-05-06 02:34:14.281 10 INFO neutron.wsgi [None req-818ad56b-1e03-4afe-970b-a642d43f53ad 9030e845e549407f873747d5b74e3f6d a4a0ce4dc7f14d4cb436fd58f99b5256 - - default default] 199.204.45.250 "GET /v2.0/ports?device_id=b9cd6dbb-df89-4699-941a-a64243b30a9d HTTP/1.1" status: 200 len: 2623 time: 0.0384374
2026-05-06 02:34:14.551 9 INFO neutron.plugins.ml2.drivers.ovn.mech_driver.mech_driver [None req-7f8cd7a8-f853-46b9-89a2-a18d502592e1 - - - - - -] OVN reports status down for port: 25a8d918-0ca0-47e7-ac47-229368b15eb9
2026-05-06 02:34:14.555 10 INFO neutron.plugins.ml2.drivers.ovn.mech_driver.mech_driver [None req-4e1b341c-ceab-4cdf-924c-408697357392 - - - - - -] OVN reports status down for port: 94f6428e-3e5e-4dd0-8d68-74da52952e33
2026-05-06 02:34:14.673 9 INFO neutron.wsgi [req-dbad70a9-1a61-40fd-a1db-1cb34f79f838 req-2f2fb098-690e-457d-9e33-0eef1c102a37 9e2c17717c684236bffdf7e3016dc467 de48dc460ccb44fe8471d716a0a99fac - - 1e3de47416ab442dac3acb72b83625e9 1e3de47416ab442dac3acb72b83625e9] 199.204.45.250 "GET /v2.0/ports/94f6428e-3e5e-4dd0-8d68-74da52952e33 HTTP/1.1" status: 200 len: 1466 time: 0.0684650
2026-05-06 02:34:14.710 9 INFO neutron.wsgi [req-dbad70a9-1a61-40fd-a1db-1cb34f79f838 req-d4128458-8a7a-4022-ab7b-ba837913e1c3 9030e845e549407f873747d5b74e3f6d a4a0ce4dc7f14d4cb436fd58f99b5256 - - default default] 199.204.45.250 "GET /v2.0/ports/94f6428e-3e5e-4dd0-8d68-74da52952e33?fields=binding%3Aprofile&fields=network_id HTTP/1.1" status: 200 len: 281 time: 0.0313282
2026-05-06 02:34:14.754 10 INFO neutron.notifiers.nova [-] Nova event matching ['req-0c49614c-be3d-4c22-af48-86594b801bbb'] response: {'server_uuid': 'b9cd6dbb-df89-4699-941a-a64243b30a9d', 'name': 'network-vif-unplugged', 'status': 'completed', 'tag': '94f6428e-3e5e-4dd0-8d68-74da52952e33', 'code': 200}
2026-05-06 02:34:14.793 9 INFO neutron.wsgi [req-dbad70a9-1a61-40fd-a1db-1cb34f79f838 req-e8247450-5bda-4ea8-b918-d22cf5a896d5 9030e845e549407f873747d5b74e3f6d a4a0ce4dc7f14d4cb436fd58f99b5256 - - default default] 199.204.45.250 "GET /v2.0/networks/17a7fd3f-176a-4323-9536-e468dad16605?fields=dns_domain HTTP/1.1" status: 200 len: 227 time: 0.0781100
2026-05-06 02:34:14.878 10 INFO neutron.db.ovn_revision_numbers_db [None req-4e1b341c-ceab-4cdf-924c-408697357392 - - - - - -] Successfully bumped revision number for resource 94f6428e-3e5e-4dd0-8d68-74da52952e33 (type: ports) to 7
2026-05-06 02:34:15.133 9 INFO neutron.db.ovn_revision_numbers_db [None req-d38f2fe3-b56d-4575-9389-34e8955c9de2 9e2c17717c684236bffdf7e3016dc467 de48dc460ccb44fe8471d716a0a99fac - - - -] Successfully bumped revision number for resource 94f6428e-3e5e-4dd0-8d68-74da52952e33 (type: ports) to 8
2026-05-06 02:34:15.147 9 INFO neutron.wsgi [None req-d38f2fe3-b56d-4575-9389-34e8955c9de2 9e2c17717c684236bffdf7e3016dc467 de48dc460ccb44fe8471d716a0a99fac - - - -] 199.204.45.250 "PUT /v2.0/ports/94f6428e-3e5e-4dd0-8d68-74da52952e33 HTTP/1.1" status: 200 len: 1346 time: 0.3474596 /var/lib/openstack/lib/python3.10/site-packages/pycadf/identifier.py:71: UserWarning: Invalid uuid: neutron. To ensure interoperability, identifiers should be a valid uuid. warnings.warn(('Invalid uuid: %s. To ensure interoperability, '
2026-05-06 02:34:15.256 9 INFO neutron.wsgi [req-dbad70a9-1a61-40fd-a1db-1cb34f79f838 req-64c0d592-5735-4524-bbe3-8a7b7ea0df2c 9e2c17717c684236bffdf7e3016dc467 de48dc460ccb44fe8471d716a0a99fac - - 1e3de47416ab442dac3acb72b83625e9 1e3de47416ab442dac3acb72b83625e9] 199.204.45.250 "GET /v2.0/ports?tenant_id=a4a0ce4dc7f14d4cb436fd58f99b5256&device_id=b9cd6dbb-df89-4699-941a-a64243b30a9d HTTP/1.1" status: 200 len: 1365 time: 0.0535738 /var/lib/openstack/lib/python3.10/site-packages/pycadf/identifier.py:71: UserWarning: Invalid uuid: neutron. To ensure interoperability, identifiers should be a valid uuid. warnings.warn(('Invalid uuid: %s. To ensure interoperability, '
2026-05-06 02:34:15.325 10 INFO neutron.wsgi [None req-75fa8d92-b607-4a1f-b2a4-242a93d3f84e 9030e845e549407f873747d5b74e3f6d a4a0ce4dc7f14d4cb436fd58f99b5256 - - default default] 199.204.45.250 "GET /v2.0/ports?device_id=b9cd6dbb-df89-4699-941a-a64243b30a9d HTTP/1.1" status: 200 len: 1365 time: 0.0365956
2026-05-06 02:34:15.348 9 INFO neutron.wsgi [-] 10.0.0.207 "GET / HTTP/1.1" status: 200 len: 247 time: 0.0017953
2026-05-06 02:34:15.350 9 INFO neutron.wsgi [-] 10.0.0.207 "GET / HTTP/1.1" status: 200 len: 247 time: 0.0009403
2026-05-06 02:34:15.354 9 INFO neutron.wsgi [req-dbad70a9-1a61-40fd-a1db-1cb34f79f838 req-b75f5ec6-f1cb-49de-b927-ffe094954ce7 9e2c17717c684236bffdf7e3016dc467 de48dc460ccb44fe8471d716a0a99fac - - 1e3de47416ab442dac3acb72b83625e9 1e3de47416ab442dac3acb72b83625e9] 199.204.45.250 "GET /v2.0/networks?id=bae84e93-aab7-424a-b998-e5492b3c89c2&id=17a7fd3f-176a-4323-9536-e468dad16605 HTTP/1.1" status: 200 len: 1728 time: 0.0852933
2026-05-06 02:34:15.395 9 INFO neutron.wsgi [req-dbad70a9-1a61-40fd-a1db-1cb34f79f838 req-b7196075-2b4e-4018-a270-86a777751fec 9e2c17717c684236bffdf7e3016dc467 de48dc460ccb44fe8471d716a0a99fac - - 1e3de47416ab442dac3acb72b83625e9 1e3de47416ab442dac3acb72b83625e9] 199.204.45.250 "GET /v2.0/floatingips?fixed_ip_address=172.24.3.77&port_id=6f363834-f630-4007-b4c4-c83c9fc9bf19 HTTP/1.1" status: 200 len: 217 time: 0.0317526
2026-05-06 02:34:15.682 9 INFO neutron.wsgi [req-dbad70a9-1a61-40fd-a1db-1cb34f79f838 req-5dd3d445-29e0-455a-a442-df0e3f11a57e 9e2c17717c684236bffdf7e3016dc467 de48dc460ccb44fe8471d716a0a99fac - - 1e3de47416ab442dac3acb72b83625e9 1e3de47416ab442dac3acb72b83625e9] 199.204.45.250 "GET /v2.0/subnets?id=5e8899ba-ed8f-483b-9b3d-198c33274ca4 HTTP/1.1" status: 200 len: 829 time: 0.2827516
2026-05-06 02:34:15.713 9 INFO neutron.wsgi [req-dbad70a9-1a61-40fd-a1db-1cb34f79f838 req-4bb68ea1-be84-477e-b227-d1956b7e2ff8 9e2c17717c684236bffdf7e3016dc467 de48dc460ccb44fe8471d716a0a99fac - - 1e3de47416ab442dac3acb72b83625e9 1e3de47416ab442dac3acb72b83625e9] 199.204.45.250 "GET /v2.0/ports?network_id=bae84e93-aab7-424a-b998-e5492b3c89c2&device_owner=network%3Adhcp HTTP/1.1" status: 200 len: 210 time: 0.0242403
2026-05-06 02:34:15.746 10 INFO neutron.db.ovn_revision_numbers_db [None req-85a2015a-c9bb-4624-8417-c1c526055797 9030e845e549407f873747d5b74e3f6d a4a0ce4dc7f14d4cb436fd58f99b5256 - - - -] Successfully bumped revision number for resource 94f6428e-3e5e-4dd0-8d68-74da52952e33 (type: ports) to 9
2026-05-06 02:34:15.775 10 INFO neutron.wsgi [None req-85a2015a-c9bb-4624-8417-c1c526055797 9030e845e549407f873747d5b74e3f6d a4a0ce4dc7f14d4cb436fd58f99b5256 - - - -] 199.204.45.250 "PUT /v2.0/ports/94f6428e-3e5e-4dd0-8d68-74da52952e33 HTTP/1.1" status: 200 len: 1286 time: 0.4451587
2026-05-06 02:34:15.783 9 INFO neutron.wsgi [req-dbad70a9-1a61-40fd-a1db-1cb34f79f838 req-b1ad2a40-a5a6-4cf1-9bda-bf9d3c1a82a1 9e2c17717c684236bffdf7e3016dc467 de48dc460ccb44fe8471d716a0a99fac - - 1e3de47416ab442dac3acb72b83625e9 1e3de47416ab442dac3acb72b83625e9] 199.204.45.250 "GET /v2.0/networks/bae84e93-aab7-424a-b998-e5492b3c89c2?fields=segments HTTP/1.1" status: 200 len: 212 time: 0.0641651 /var/lib/openstack/lib/python3.10/site-packages/pycadf/identifier.py:71: UserWarning: Invalid uuid: neutron. To ensure interoperability, identifiers should be a valid uuid. warnings.warn(('Invalid uuid: %s. To ensure interoperability, '
2026-05-06 02:34:15.816 10 INFO neutron.wsgi [None req-9d8ed042-ee8c-4d56-b687-4605fea491d3 9030e845e549407f873747d5b74e3f6d a4a0ce4dc7f14d4cb436fd58f99b5256 - - default default] 199.204.45.250 "GET /v2.0/ports/94f6428e-3e5e-4dd0-8d68-74da52952e33 HTTP/1.1" status: 200 len: 1286 time: 0.0317588
2026-05-06 02:34:15.852 9 INFO neutron.wsgi [req-dbad70a9-1a61-40fd-a1db-1cb34f79f838 req-8469b213-a65a-480d-8b47-7baaaabe8c28 9e2c17717c684236bffdf7e3016dc467 de48dc460ccb44fe8471d716a0a99fac - - 1e3de47416ab442dac3acb72b83625e9 1e3de47416ab442dac3acb72b83625e9] 199.204.45.250 "GET /v2.0/networks/bae84e93-aab7-424a-b998-e5492b3c89c2?fields=provider%3Aphysical_network&fields=provider%3Anetwork_type HTTP/1.1" status: 200 len: 277 time: 0.0627370
2026-05-06 02:34:16.152 10 INFO neutron.wsgi [None req-4da03a6d-f9f5-4044-a449-6a1a3d67d7ec 9030e845e549407f873747d5b74e3f6d a4a0ce4dc7f14d4cb436fd58f99b5256 - - - -] 199.204.45.250 "DELETE /v2.0/ports/94f6428e-3e5e-4dd0-8d68-74da52952e33 HTTP/1.1" status: 204 len: 173 time: 0.3306372
2026-05-06 02:34:16.196 10 INFO neutron.wsgi [None req-2566ab7d-0766-47c7-9591-889a6b373eed 9030e845e549407f873747d5b74e3f6d a4a0ce4dc7f14d4cb436fd58f99b5256 - - default default] 199.204.45.250 "GET /v2.0/extensions/security-group HTTP/1.1" status: 200 len: 369 time: 0.0091264
