2026-05-06 02:29:40.099 9 INFO neutron.wsgi [req-159e30d0-0c90-489e-ae30-5c344ff70076 req-5784bf22-208c-402c-b7b0-8fbd962a012e 9e2c17717c684236bffdf7e3016dc467 de48dc460ccb44fe8471d716a0a99fac - - 1e3de47416ab442dac3acb72b83625e9 1e3de47416ab442dac3acb72b83625e9] 199.204.45.250 "GET /v2.0/ports?network_id=c6f6ddb0-c1aa-4fd2-97f9-9a6287ff5d28&device_owner=network%3Adhcp HTTP/1.1" status: 200 len: 210 time: 0.0271819
2026-05-06 02:29:40.106 10 INFO neutron.wsgi [req-479e8053-dc64-4108-a685-8cca4986e81c req-f06899f7-d5b8-499c-8666-0c4f3a0b7310 745f69ce5cb24e7aa950777a27efdb5d 387a2462fb1f4a6fa9973c58455c23b4 - - default default] 10.0.0.8 "GET /v2.0/security-groups?name=tempest-securitygroup--448151614&fields=id&tenant_id=387a2462fb1f4a6fa9973c58455c23b4 HTTP/1.1" status: 200 len: 267 time: 0.0623579
2026-05-06 02:29:40.161 9 INFO neutron.wsgi [req-159e30d0-0c90-489e-ae30-5c344ff70076 req-06fef99f-8ebc-45de-a512-67dac2b44134 9e2c17717c684236bffdf7e3016dc467 de48dc460ccb44fe8471d716a0a99fac - - 1e3de47416ab442dac3acb72b83625e9 1e3de47416ab442dac3acb72b83625e9] 199.204.45.250 "GET /v2.0/networks/c6f6ddb0-c1aa-4fd2-97f9-9a6287ff5d28?fields=segments HTTP/1.1" status: 200 len: 212 time: 0.0538669
2026-05-06 02:29:40.210 10 INFO neutron.wsgi [req-479e8053-dc64-4108-a685-8cca4986e81c req-2312180f-782a-4c8b-b714-01199889e4ca 745f69ce5cb24e7aa950777a27efdb5d 387a2462fb1f4a6fa9973c58455c23b4 - - default default] 10.0.0.8 "GET /v2.0/networks?id=ce059ebd-9cf7-45aa-8fba-bcb6fa6a2eac HTTP/1.1" status: 200 len: 874 time: 0.0891321
2026-05-06 02:29:40.233 10 INFO neutron.wsgi [req-479e8053-dc64-4108-a685-8cca4986e81c req-05bcc383-2ed1-41f4-b51e-82123cca36de 745f69ce5cb24e7aa950777a27efdb5d 387a2462fb1f4a6fa9973c58455c23b4 - - default default] 10.0.0.8 "GET /v2.0/quotas/387a2462fb1f4a6fa9973c58455c23b4 HTTP/1.1" status: 200 len: 386 time: 0.0147634
2026-05-06 02:29:40.246 9 INFO neutron.wsgi [req-159e30d0-0c90-489e-ae30-5c344ff70076 req-77a5c96a-5cb3-4e74-b1bc-46c7e7b85159 9e2c17717c684236bffdf7e3016dc467 de48dc460ccb44fe8471d716a0a99fac - - 1e3de47416ab442dac3acb72b83625e9 1e3de47416ab442dac3acb72b83625e9] 199.204.45.250 "GET /v2.0/networks/c6f6ddb0-c1aa-4fd2-97f9-9a6287ff5d28?fields=provider%3Aphysical_network&fields=provider%3Anetwork_type HTTP/1.1" status: 200 len: 277 time: 0.0809908
2026-05-06 02:29:40.256 10 WARNING neutron.scheduler.dhcp_agent_scheduler [None req-b0200534-9ccd-41bc-94d4-4e8539c0c151 4ef8f8ebd54e446a86613fd2b7b2d390 1dc91d8a847e400e85360bf1086b7290 - - - -] No more DHCP agents
2026-05-06 02:29:40.267 10 WARNING neutron.api.rpc.agentnotifiers.dhcp_rpc_agent_api [None req-b0200534-9ccd-41bc-94d4-4e8539c0c151 4ef8f8ebd54e446a86613fd2b7b2d390 1dc91d8a847e400e85360bf1086b7290 - - - -] Unable to schedule network 0f43f6d2-9240-4ce9-b201-2e3e65dbd07a: no agents available; will retry on subsequent port and subnet creation events.
2026-05-06 02:29:40.360 10 INFO neutron.db.ovn_revision_numbers_db [None req-b0200534-9ccd-41bc-94d4-4e8539c0c151 4ef8f8ebd54e446a86613fd2b7b2d390 1dc91d8a847e400e85360bf1086b7290 - - - -] Successfully bumped revision number for resource 23428613-1995-4d35-b4e9-fcac888d1460 (type: ports) to 1
2026-05-06 02:29:40.371 10 INFO neutron.wsgi [req-479e8053-dc64-4108-a685-8cca4986e81c req-a89bad01-b63e-47e0-b6c2-bcfa29ca45f1 745f69ce5cb24e7aa950777a27efdb5d 387a2462fb1f4a6fa9973c58455c23b4 - - default default] 10.0.0.8 "GET /v2.0/ports?tenant_id=387a2462fb1f4a6fa9973c58455c23b4&fields=id HTTP/1.1" status: 200 len: 302 time: 0.1288242
2026-05-06 02:29:40.393 10 INFO neutron.wsgi [None req-b0200534-9ccd-41bc-94d4-4e8539c0c151 4ef8f8ebd54e446a86613fd2b7b2d390 1dc91d8a847e400e85360bf1086b7290 - - - -] 10.0.0.199 "POST /v2.0/networks HTTP/1.1" status: 201 len: 843 time: 0.9509363
2026-05-06 02:29:40.472 10 INFO neutron.wsgi [req-479e8053-dc64-4108-a685-8cca4986e81c req-52d39d84-23db-42b3-911a-183189e9bcc2 9e2c17717c684236bffdf7e3016dc467 de48dc460ccb44fe8471d716a0a99fac - - 1e3de47416ab442dac3acb72b83625e9 1e3de47416ab442dac3acb72b83625e9] 10.0.0.8 "GET /v2.0/networks/ce059ebd-9cf7-45aa-8fba-bcb6fa6a2eac?fields=segments HTTP/1.1" status: 200 len: 212 time: 0.0774422
2026-05-06 02:29:40.537 10 INFO neutron.wsgi [req-479e8053-dc64-4108-a685-8cca4986e81c req-8f279746-8a3d-4760-ae76-b5f5188d4c19 9e2c17717c684236bffdf7e3016dc467 de48dc460ccb44fe8471d716a0a99fac - - 1e3de47416ab442dac3acb72b83625e9 1e3de47416ab442dac3acb72b83625e9] 10.0.0.8 "GET /v2.0/networks/ce059ebd-9cf7-45aa-8fba-bcb6fa6a2eac?fields=provider%3Aphysical_network&fields=provider%3Anetwork_type HTTP/1.1" status: 200 len: 277 time: 0.0589328
2026-05-06 02:29:40.682 9 WARNING neutron.scheduler.dhcp_agent_scheduler [None req-311ef3b0-d6c9-4a95-b269-24da34508777 4ef8f8ebd54e446a86613fd2b7b2d390 1dc91d8a847e400e85360bf1086b7290 - - - -] No more DHCP agents
2026-05-06 02:29:40.685 9 WARNING neutron.api.rpc.agentnotifiers.dhcp_rpc_agent_api [None req-311ef3b0-d6c9-4a95-b269-24da34508777 4ef8f8ebd54e446a86613fd2b7b2d390 1dc91d8a847e400e85360bf1086b7290 - - - -] Unable to schedule network 0f43f6d2-9240-4ce9-b201-2e3e65dbd07a: no agents available; will retry on subsequent port and subnet creation events.
2026-05-06 02:29:40.719 10 INFO neutron.wsgi [req-ed7b8c52-5a1b-4f99-a0a9-c5c201751ba9 req-a86c11fa-f79b-4ba2-ae15-16e24ac3ac35 745f69ce5cb24e7aa950777a27efdb5d 387a2462fb1f4a6fa9973c58455c23b4 - - default default] 10.0.0.8 "GET /v2.0/ports?device_id=33340e47-fa30-4a66-ad3a-fe59ecff49eb HTTP/1.1" status: 200 len: 210 time: 0.0322986
2026-05-06 02:29:40.779 9 INFO neutron.db.ovn_revision_numbers_db [None req-311ef3b0-d6c9-4a95-b269-24da34508777 4ef8f8ebd54e446a86613fd2b7b2d390 1dc91d8a847e400e85360bf1086b7290 - - - -] Successfully bumped revision number for resource e66b6183-659f-467f-969a-6bd579716810 (type: ports) to 1
2026-05-06 02:29:40.807 9 INFO neutron.wsgi [None req-311ef3b0-d6c9-4a95-b269-24da34508777 4ef8f8ebd54e446a86613fd2b7b2d390 1dc91d8a847e400e85360bf1086b7290 - - - -] 10.0.0.199 "POST /v2.0/ports HTTP/1.1" status: 201 len: 974 time: 0.4070992 /var/lib/openstack/lib/python3.10/site-packages/pycadf/identifier.py:71: UserWarning: Invalid uuid: neutron. To ensure interoperability, identifiers should be a valid uuid. warnings.warn(('Invalid uuid: %s. To ensure interoperability, '
2026-05-06 02:29:40.900 9 INFO neutron.db.segments_db [None req-43f80f4c-e1d8-4b3e-ba0c-92ce610e674d 4ef8f8ebd54e446a86613fd2b7b2d390 1dc91d8a847e400e85360bf1086b7290 - - - -] Added segment 1433f7c3-a5a1-4b6f-95ae-34883da9b388 of type geneve for network afe136d9-3a89-42cd-84ac-ec34d1f2e617
2026-05-06 02:29:41.011 10 INFO neutron.db.ovn_revision_numbers_db [None req-9690db24-6645-4286-a03e-3faa320bd058 4a2a963eca9540fea6a1e20f81dd5a9e f67c3b1720ad42aa9ea93f58b77cd045 - - - -] Successfully bumped revision number for resource 28dd08f6-5b7a-4f9f-b8fa-0ba2ad23a825 (type: security_groups) to 1
2026-05-06 02:29:41.021 9 INFO neutron.db.ovn_revision_numbers_db [None req-43f80f4c-e1d8-4b3e-ba0c-92ce610e674d 4ef8f8ebd54e446a86613fd2b7b2d390 1dc91d8a847e400e85360bf1086b7290 - - - -] Successfully bumped revision number for resource afe136d9-3a89-42cd-84ac-ec34d1f2e617 (type: networks) to 1
2026-05-06 02:29:41.031 10 INFO neutron.wsgi [None req-9690db24-6645-4286-a03e-3faa320bd058 4a2a963eca9540fea6a1e20f81dd5a9e f67c3b1720ad42aa9ea93f58b77cd045 - - - -] 10.0.0.199 "POST /v2.0/security-groups HTTP/1.1" status: 201 len: 1811 time: 0.1342275
2026-05-06 02:29:41.223 9 INFO neutron.db.ovn_revision_numbers_db [None req-65919a49-39ac-4a3f-975a-28a8be52964f 4a2a963eca9540fea6a1e20f81dd5a9e f67c3b1720ad42aa9ea93f58b77cd045 - - - -] Successfully bumped revision number for resource 3c460c31-5161-4e0f-aef0-8a7efb9b9f10 (type: security_group_rules) to 0
2026-05-06 02:29:41.235 9 WARNING neutron.scheduler.dhcp_agent_scheduler [None req-43f80f4c-e1d8-4b3e-ba0c-92ce610e674d 4ef8f8ebd54e446a86613fd2b7b2d390 1dc91d8a847e400e85360bf1086b7290 - - - -] No more DHCP agents
2026-05-06 02:29:41.240 9 WARNING neutron.api.rpc.agentnotifiers.dhcp_rpc_agent_api [None req-43f80f4c-e1d8-4b3e-ba0c-92ce610e674d 4ef8f8ebd54e446a86613fd2b7b2d390 1dc91d8a847e400e85360bf1086b7290 - - - -] Unable to schedule network afe136d9-3a89-42cd-84ac-ec34d1f2e617: no agents available; will retry on subsequent port and subnet creation events.
2026-05-06 02:29:41.261 9 INFO neutron.wsgi [None req-65919a49-39ac-4a3f-975a-28a8be52964f 4a2a963eca9540fea6a1e20f81dd5a9e f67c3b1720ad42aa9ea93f58b77cd045 - - - -] 10.0.0.199 "POST /v2.0/security-group-rules HTTP/1.1" status: 201 len: 764 time: 0.2207508
2026-05-06 02:29:41.313 9 INFO neutron.db.ovn_revision_numbers_db [None req-43f80f4c-e1d8-4b3e-ba0c-92ce610e674d 4ef8f8ebd54e446a86613fd2b7b2d390 1dc91d8a847e400e85360bf1086b7290 - - - -] Successfully bumped revision number for resource c66d2e68-389e-4f09-96ae-abba0192ce66 (type: ports) to 1
2026-05-06 02:29:41.344 9 INFO neutron.wsgi [None req-43f80f4c-e1d8-4b3e-ba0c-92ce610e674d 4ef8f8ebd54e446a86613fd2b7b2d390 1dc91d8a847e400e85360bf1086b7290 - - - -] 10.0.0.199 "POST /v2.0/networks HTTP/1.1" status: 201 len: 830 time: 0.5316401
2026-05-06 02:29:41.426 9 INFO neutron.db.ovn_revision_numbers_db [None req-f4016653-61af-4ff6-bce6-6859b6d79375 4a2a963eca9540fea6a1e20f81dd5a9e f67c3b1720ad42aa9ea93f58b77cd045 - - - -] Successfully bumped revision number for resource 664b77ad-7991-4f7f-9e0e-346fef0f67d6 (type: security_group_rules) to 0
2026-05-06 02:29:41.496 9 INFO neutron.wsgi [None req-f4016653-61af-4ff6-bce6-6859b6d79375 4a2a963eca9540fea6a1e20f81dd5a9e f67c3b1720ad42aa9ea93f58b77cd045 - - - -] 10.0.0.199 "POST /v2.0/security-group-rules HTTP/1.1" status: 201 len: 763 time: 0.2288666
2026-05-06 02:29:41.510 9 INFO neutron.wsgi [req-479e8053-dc64-4108-a685-8cca4986e81c req-a138dc86-ef8d-42aa-a9dc-a365cc9c2e63 745f69ce5cb24e7aa950777a27efdb5d 387a2462fb1f4a6fa9973c58455c23b4 - - default default] 199.204.45.250 "GET /v2.0/networks?id=ce059ebd-9cf7-45aa-8fba-bcb6fa6a2eac HTTP/1.1" status: 200 len: 874 time: 0.0936084
2026-05-06 02:29:41.582 9 INFO neutron.wsgi [req-479e8053-dc64-4108-a685-8cca4986e81c req-922811e8-3a8e-4f16-bf71-247705c774e1 745f69ce5cb24e7aa950777a27efdb5d 387a2462fb1f4a6fa9973c58455c23b4 - - default default] 199.204.45.250 "GET /v2.0/security-groups?fields=id&fields=name&tenant_id=387a2462fb1f4a6fa9973c58455c23b4 HTTP/1.1" status: 200 len: 379 time: 0.0628958
2026-05-06 02:29:41.651 10 INFO neutron.db.ovn_revision_numbers_db [None req-639aaf01-62ad-4974-9d15-063ebc6c7989 4a2a963eca9540fea6a1e20f81dd5a9e f67c3b1720ad42aa9ea93f58b77cd045 - - - -] Successfully bumped revision number for resource ff4a591f-4d36-4276-87f8-7ed5a0b2222a (type: security_group_rules) to 0
2026-05-06 02:29:41.689 10 INFO neutron.wsgi [None req-639aaf01-62ad-4974-9d15-063ebc6c7989 4a2a963eca9540fea6a1e20f81dd5a9e f67c3b1720ad42aa9ea93f58b77cd045 - - - -] 10.0.0.199 "POST /v2.0/security-group-rules HTTP/1.1" status: 201 len: 769 time: 0.1846075
2026-05-06 02:29:41.716 10 INFO neutron.db.ovn_revision_numbers_db [None req-76a033d8-933b-463c-88cb-5d176560a72c 9030e845e549407f873747d5b74e3f6d a4a0ce4dc7f14d4cb436fd58f99b5256 - - default default] Successfully bumped revision number for resource e9d3fecd-0c5b-4f17-b496-d0c92d649696 (type: security_groups) to 1
2026-05-06 02:29:41.728 9 WARNING neutron.scheduler.dhcp_agent_scheduler [None req-01892a5d-4468-4903-a7fe-235a8641a9dc 4ef8f8ebd54e446a86613fd2b7b2d390 1dc91d8a847e400e85360bf1086b7290 - - - -] No more DHCP agents
2026-05-06 02:29:41.732 9 WARNING neutron.api.rpc.agentnotifiers.dhcp_rpc_agent_api [None req-01892a5d-4468-4903-a7fe-235a8641a9dc 4ef8f8ebd54e446a86613fd2b7b2d390 1dc91d8a847e400e85360bf1086b7290 - - - -] Unable to schedule network afe136d9-3a89-42cd-84ac-ec34d1f2e617: no agents available; will retry on subsequent port and subnet creation events.
2026-05-06 02:29:41.744 10 INFO neutron.wsgi [None req-76a033d8-933b-463c-88cb-5d176560a72c 9030e845e549407f873747d5b74e3f6d a4a0ce4dc7f14d4cb436fd58f99b5256 - - default default] 10.0.0.199 "GET /v2.0/security-groups?tenant_id=d52a932c7dfe48859eab98aa54c7d85b&name=default HTTP/1.1" status: 200 len: 2996 time: 0.2925014
2026-05-06 02:29:41.826 10 INFO neutron.wsgi [req-2167afb0-eaa3-44d4-a6c8-395fe85b710f req-3a062849-6f56-4be6-9d55-5ccb30ca5472 745f69ce5cb24e7aa950777a27efdb5d 387a2462fb1f4a6fa9973c58455c23b4 - - default default] 10.0.0.8 "GET /v2.0/ports?device_id=33340e47-fa30-4a66-ad3a-fe59ecff49eb HTTP/1.1" status: 200 len: 210 time: 0.0310881
2026-05-06 02:29:41.850 10 INFO neutron.db.ovn_revision_numbers_db [None req-b59c454b-bd99-4a6d-9d86-0ef81f67a985 4a2a963eca9540fea6a1e20f81dd5a9e f67c3b1720ad42aa9ea93f58b77cd045 - - - -] Successfully bumped revision number for resource 55367f51-ca7e-4e61-8f07-0202a9a1e23f (type: security_group_rules) to 0
2026-05-06 02:29:41.881 10 INFO neutron.wsgi [None req-b59c454b-bd99-4a6d-9d86-0ef81f67a985 4a2a963eca9540fea6a1e20f81dd5a9e f67c3b1720ad42aa9ea93f58b77cd045 - - - -] 10.0.0.199 "POST /v2.0/security-group-rules HTTP/1.1" status: 201 len: 768 time: 0.1845634
2026-05-06 02:29:41.934 9 INFO neutron.db.securitygroups_db [None req-820f147f-8834-4bf7-8a8e-90137def7246 4a2a963eca9540fea6a1e20f81dd5a9e f67c3b1720ad42aa9ea93f58b77cd045 - - - -] Project f67c3b1720ad42aa9ea93f58b77cd045 added a security group rule with legacy IPv6 ICMP protocol name icmp, ipv6-icmp should be used instead. It was automatically converted.
2026-05-06 02:29:41.987 10 INFO neutron.wsgi [None req-28eb6626-6965-4e9e-8417-c9727bc9c784 9030e845e549407f873747d5b74e3f6d a4a0ce4dc7f14d4cb436fd58f99b5256 - - - -] 10.0.0.199 "DELETE /v2.0/security-groups/e9d3fecd-0c5b-4f17-b496-d0c92d649696 HTTP/1.1" status: 204 len: 168 time: 0.2374496
2026-05-06 02:29:42.106 9 WARNING neutron.scheduler.dhcp_agent_scheduler [None req-a581fc0d-6ca7-4e50-a767-dbb24b74f7ea 745f69ce5cb24e7aa950777a27efdb5d 387a2462fb1f4a6fa9973c58455c23b4 - - - -] No more DHCP agents
2026-05-06 02:29:42.111 9 WARNING neutron.api.rpc.agentnotifiers.dhcp_rpc_agent_api [None req-a581fc0d-6ca7-4e50-a767-dbb24b74f7ea 745f69ce5cb24e7aa950777a27efdb5d 387a2462fb1f4a6fa9973c58455c23b4 - - - -] Unable to schedule network ce059ebd-9cf7-45aa-8fba-bcb6fa6a2eac: no agents available; will retry on subsequent port and subnet creation events.
2026-05-06 02:29:42.136 9 INFO neutron.db.ovn_revision_numbers_db [None req-820f147f-8834-4bf7-8a8e-90137def7246 4a2a963eca9540fea6a1e20f81dd5a9e f67c3b1720ad42aa9ea93f58b77cd045 - - - -] Successfully bumped revision number for resource 6bef08e1-4b96-4aa3-93e6-bc8551a636d2 (type: security_group_rules) to 0
2026-05-06 02:29:42.201 9 INFO neutron.wsgi [None req-820f147f-8834-4bf7-8a8e-90137def7246 4a2a963eca9540fea6a1e20f81dd5a9e f67c3b1720ad42aa9ea93f58b77cd045 - - - -] 10.0.0.199 "POST /v2.0/security-group-rules HTTP/1.1" status: 201 len: 774 time: 0.3137598
2026-05-06 02:29:42.231 10 INFO neutron.db.securitygroups_db [None req-af71f113-0381-4b22-b116-23cdb9545395 4a2a963eca9540fea6a1e20f81dd5a9e f67c3b1720ad42aa9ea93f58b77cd045 - - - -] Project f67c3b1720ad42aa9ea93f58b77cd045 added a security group rule with legacy IPv6 ICMP protocol name icmp, ipv6-icmp should be used instead. It was automatically converted.
2026-05-06 02:29:42.334 9 INFO neutron.db.ovn_revision_numbers_db [None req-a581fc0d-6ca7-4e50-a767-dbb24b74f7ea 745f69ce5cb24e7aa950777a27efdb5d 387a2462fb1f4a6fa9973c58455c23b4 - - - -] Successfully bumped revision number for resource efe3ef5a-376a-4acc-98b1-b89bfcb7b539 (type: ports) to 1
2026-05-06 02:29:42.339 10 INFO neutron.db.ovn_revision_numbers_db [None req-af71f113-0381-4b22-b116-23cdb9545395 4a2a963eca9540fea6a1e20f81dd5a9e f67c3b1720ad42aa9ea93f58b77cd045 - - - -] Successfully bumped revision number for resource 4344716a-a8f8-4390-ba14-ddbaab043e78 (type: security_group_rules) to 0
2026-05-06 02:29:42.363 10 INFO neutron.wsgi [None req-af71f113-0381-4b22-b116-23cdb9545395 4a2a963eca9540fea6a1e20f81dd5a9e f67c3b1720ad42aa9ea93f58b77cd045 - - - -] 10.0.0.199 "POST /v2.0/security-group-rules HTTP/1.1" status: 201 len: 773 time: 0.1552732
2026-05-06 02:29:42.365 9 INFO neutron.wsgi [None req-a581fc0d-6ca7-4e50-a767-dbb24b74f7ea 745f69ce5cb24e7aa950777a27efdb5d 387a2462fb1f4a6fa9973c58455c23b4 - - - -] 199.204.45.250 "POST /v2.0/ports HTTP/1.1" status: 201 len: 1162 time: 0.7563107 /var/lib/openstack/lib/python3.10/site-packages/pycadf/identifier.py:71: UserWarning: Invalid uuid: neutron. To ensure interoperability, identifiers should be a valid uuid. warnings.warn(('Invalid uuid: %s. To ensure interoperability, '
2026-05-06 02:29:42.436 9 INFO neutron.db.ovn_revision_numbers_db [None req-01892a5d-4468-4903-a7fe-235a8641a9dc 4ef8f8ebd54e446a86613fd2b7b2d390 1dc91d8a847e400e85360bf1086b7290 - - - -] Successfully bumped revision number for resource c66d2e68-389e-4f09-96ae-abba0192ce66 (type: ports) to 2
2026-05-06 02:29:42.461 9 INFO neutron.db.ovn_revision_numbers_db [None req-01892a5d-4468-4903-a7fe-235a8641a9dc 4ef8f8ebd54e446a86613fd2b7b2d390 1dc91d8a847e400e85360bf1086b7290 - - - -] Successfully bumped revision number for resource 097e0638-7f42-4493-b092-164058f9f334 (type: subnets) to 0
2026-05-06 02:29:42.480 9 INFO neutron.wsgi [None req-01892a5d-4468-4903-a7fe-235a8641a9dc 4ef8f8ebd54e446a86613fd2b7b2d390 1dc91d8a847e400e85360bf1086b7290 - - - -] 10.0.0.199 "POST /v2.0/subnets HTTP/1.1" status: 201 len: 801 time: 1.1310468
2026-05-06 02:29:42.749 9 WARNING neutron.plugins.ml2.drivers.ovn.mech_driver.ovsdb.ovn_client [None req-7f8cd7a8-f853-46b9-89a2-a18d502592e1 - - - - - -] No hosting information found for port 8e9c5806-8446-4149-be04-9ef691144323: RuntimeError: No hosting information found for port 8e9c5806-8446-4149-be04-9ef691144323
2026-05-06 02:29:42.830 9 INFO neutron.db.ovn_revision_numbers_db [None req-1f710a18-4f17-4d6a-824a-8ce93ae3fe4a 9e2c17717c684236bffdf7e3016dc467 de48dc460ccb44fe8471d716a0a99fac - - - -] Successfully bumped revision number for resource efe3ef5a-376a-4acc-98b1-b89bfcb7b539 (type: ports) to 2 /var/lib/openstack/lib/python3.10/site-packages/pycadf/identifier.py:71: UserWarning: Invalid uuid: neutron. To ensure interoperability, identifiers should be a valid uuid. warnings.warn(('Invalid uuid: %s. To ensure interoperability, '
2026-05-06 02:29:42.938 9 INFO neutron.wsgi [None req-715b8c45-60c1-46a1-8592-3495767b4b19 4a2a963eca9540fea6a1e20f81dd5a9e f67c3b1720ad42aa9ea93f58b77cd045 - - default default] 10.0.0.199 "GET /v2.0/networks HTTP/1.1" status: 200 len: 1492 time: 0.2265692
2026-05-06 02:29:42.939 10 INFO neutron.wsgi [req-cb13b43e-4e45-401a-a073-e27080935c7f req-0cb53d83-bc74-45ab-953a-e940dfbf406b 745f69ce5cb24e7aa950777a27efdb5d 387a2462fb1f4a6fa9973c58455c23b4 - - default default] 10.0.0.8 "GET /v2.0/ports?device_id=33340e47-fa30-4a66-ad3a-fe59ecff49eb HTTP/1.1" status: 200 len: 1172 time: 0.0442450
2026-05-06 02:29:42.999 10 INFO neutron.wsgi [req-cb13b43e-4e45-401a-a073-e27080935c7f req-71fdba35-3fef-44f4-96e0-a88c620203d3 745f69ce5cb24e7aa950777a27efdb5d 387a2462fb1f4a6fa9973c58455c23b4 - - default default] 10.0.0.8 "GET /v2.0/security-groups?id=f0537102-ee6a-4424-b53a-07b51a93d435&fields=id&fields=name HTTP/1.1" status: 200 len: 312 time: 0.0517869
2026-05-06 02:29:43.055 10 INFO neutron.wsgi [req-ada75e56-1760-46a9-a209-9fd9f1553a30 req-daa05794-28f9-4fc8-89d6-17509ca687e3 4a2a963eca9540fea6a1e20f81dd5a9e f67c3b1720ad42aa9ea93f58b77cd045 - - default default] 10.0.0.8 "GET /v2.0/security-groups?name=tempest-secgroup-smoke-2119206159&fields=id&tenant_id=f67c3b1720ad42aa9ea93f58b77cd045 HTTP/1.1" status: 200 len: 267 time: 0.0386493
2026-05-06 02:29:43.055 9 INFO neutron.db.ovn_revision_numbers_db [None req-1f710a18-4f17-4d6a-824a-8ce93ae3fe4a 9e2c17717c684236bffdf7e3016dc467 de48dc460ccb44fe8471d716a0a99fac - - - -] Successfully bumped revision number for resource efe3ef5a-376a-4acc-98b1-b89bfcb7b539 (type: ports) to 2
2026-05-06 02:29:43.072 9 INFO neutron.wsgi [None req-1f710a18-4f17-4d6a-824a-8ce93ae3fe4a 9e2c17717c684236bffdf7e3016dc467 de48dc460ccb44fe8471d716a0a99fac - - - -] 199.204.45.250 "PUT /v2.0/ports/efe3ef5a-376a-4acc-98b1-b89bfcb7b539 HTTP/1.1" status: 200 len: 1332 time: 0.6904106
2026-05-06 02:29:43.114 9 INFO neutron.notifiers.nova [-] Nova event matching ['req-6f12de34-9aed-486f-afa8-dfff41605b72'] response: {'name': 'network-changed', 'server_uuid': '33340e47-fa30-4a66-ad3a-fe59ecff49eb', 'tag': 'efe3ef5a-376a-4acc-98b1-b89bfcb7b539', 'status': 'completed', 'code': 200} /var/lib/openstack/lib/python3.10/site-packages/pycadf/identifier.py:71: UserWarning: Invalid uuid: neutron. To ensure interoperability, identifiers should be a valid uuid. warnings.warn(('Invalid uuid: %s. To ensure interoperability, '
2026-05-06 02:29:43.148 10 WARNING neutron.scheduler.dhcp_agent_scheduler [None req-e2e24e89-1cc5-48e4-a301-bdd1b2db160d 4ef8f8ebd54e446a86613fd2b7b2d390 1dc91d8a847e400e85360bf1086b7290 - - - -] No more DHCP agents
2026-05-06 02:29:43.150 10 WARNING neutron.api.rpc.agentnotifiers.dhcp_rpc_agent_api [None req-e2e24e89-1cc5-48e4-a301-bdd1b2db160d 4ef8f8ebd54e446a86613fd2b7b2d390 1dc91d8a847e400e85360bf1086b7290 - - - -] Unable to schedule network afe136d9-3a89-42cd-84ac-ec34d1f2e617: no agents available; will retry on subsequent port and subnet creation events.
2026-05-06 02:29:43.156 10 INFO neutron.wsgi [req-ada75e56-1760-46a9-a209-9fd9f1553a30 req-9bf2be81-21ab-400d-98a7-3e25a44bda95 4a2a963eca9540fea6a1e20f81dd5a9e f67c3b1720ad42aa9ea93f58b77cd045 - - default default] 10.0.0.8 "GET /v2.0/networks?id=c6f6ddb0-c1aa-4fd2-97f9-9a6287ff5d28 HTTP/1.1" status: 200 len: 859 time: 0.0838578
2026-05-06 02:29:43.159 9 INFO neutron.wsgi [req-479e8053-dc64-4108-a685-8cca4986e81c req-9b504969-d00a-4d94-a143-e15479614cfa 9e2c17717c684236bffdf7e3016dc467 de48dc460ccb44fe8471d716a0a99fac - - 1e3de47416ab442dac3acb72b83625e9 1e3de47416ab442dac3acb72b83625e9] 199.204.45.250 "GET /v2.0/ports?tenant_id=387a2462fb1f4a6fa9973c58455c23b4&device_id=33340e47-fa30-4a66-ad3a-fe59ecff49eb HTTP/1.1" status: 200 len: 1363 time: 0.0417769 /var/lib/openstack/lib/python3.10/site-packages/pycadf/identifier.py:71: UserWarning: Invalid uuid: neutron. To ensure interoperability, identifiers should be a valid uuid. warnings.warn(('Invalid uuid: %s. To ensure interoperability, '
2026-05-06 02:29:43.182 10 INFO neutron.wsgi [req-ada75e56-1760-46a9-a209-9fd9f1553a30 req-261d88ba-86f7-45ec-bda2-22a977d3c915 4a2a963eca9540fea6a1e20f81dd5a9e f67c3b1720ad42aa9ea93f58b77cd045 - - default default] 10.0.0.8 "GET /v2.0/quotas/f67c3b1720ad42aa9ea93f58b77cd045 HTTP/1.1" status: 200 len: 386 time: 0.0128644
2026-05-06 02:29:43.189 9 INFO neutron.wsgi [req-479e8053-dc64-4108-a685-8cca4986e81c req-96eb3a3b-489a-4cc7-babd-8256e6ecb6a6 9e2c17717c684236bffdf7e3016dc467 de48dc460ccb44fe8471d716a0a99fac - - 1e3de47416ab442dac3acb72b83625e9 1e3de47416ab442dac3acb72b83625e9] 199.204.45.250 "GET /v2.0/floatingips?fixed_ip_address=10.100.0.12&port_id=efe3ef5a-376a-4acc-98b1-b89bfcb7b539 HTTP/1.1" status: 200 len: 217 time: 0.0253267
2026-05-06 02:29:43.224 9 INFO neutron.wsgi [req-479e8053-dc64-4108-a685-8cca4986e81c req-8493b419-4b69-4a95-b09d-51460a8c12fe 9e2c17717c684236bffdf7e3016dc467 de48dc460ccb44fe8471d716a0a99fac - - 1e3de47416ab442dac3acb72b83625e9 1e3de47416ab442dac3acb72b83625e9] 199.204.45.250 "GET /v2.0/subnets?id=7842a4ef-1c00-473b-96e9-a546ce2bc58a HTTP/1.1" status: 200 len: 868 time: 0.0302033
2026-05-06 02:29:43.249 9 INFO neutron.wsgi [req-479e8053-dc64-4108-a685-8cca4986e81c req-196620cf-1be2-4dbd-898f-da92504b2c84 9e2c17717c684236bffdf7e3016dc467 de48dc460ccb44fe8471d716a0a99fac - - 1e3de47416ab442dac3acb72b83625e9 1e3de47416ab442dac3acb72b83625e9] 199.204.45.250 "GET /v2.0/ports?network_id=ce059ebd-9cf7-45aa-8fba-bcb6fa6a2eac&device_owner=network%3Adhcp HTTP/1.1" status: 200 len: 210 time: 0.0197489
2026-05-06 02:29:43.312 10 INFO neutron.wsgi [req-ada75e56-1760-46a9-a209-9fd9f1553a30 req-50199e82-1684-4218-bf8c-0da3320a7c17 4a2a963eca9540fea6a1e20f81dd5a9e f67c3b1720ad42aa9ea93f58b77cd045 - - default default] 10.0.0.8 "GET /v2.0/ports?tenant_id=f67c3b1720ad42aa9ea93f58b77cd045&fields=id HTTP/1.1" status: 200 len: 348 time: 0.1225832
2026-05-06 02:29:43.315 9 INFO neutron.wsgi [req-479e8053-dc64-4108-a685-8cca4986e81c req-32b707c1-1bb4-4d0d-90f2-08c66744ef4b 9e2c17717c684236bffdf7e3016dc467 de48dc460ccb44fe8471d716a0a99fac - - 1e3de47416ab442dac3acb72b83625e9 1e3de47416ab442dac3acb72b83625e9] 199.204.45.250 "GET /v2.0/networks/ce059ebd-9cf7-45aa-8fba-bcb6fa6a2eac?fields=segments HTTP/1.1" status: 200 len: 212 time: 0.0601103
2026-05-06 02:29:43.384 10 INFO neutron.db.ovn_revision_numbers_db [None req-e2e24e89-1cc5-48e4-a301-bdd1b2db160d 4ef8f8ebd54e446a86613fd2b7b2d390 1dc91d8a847e400e85360bf1086b7290 - - - -] Successfully bumped revision number for resource 7b7eb33b-5515-409d-a826-1db1245df331 (type: ports) to 1
2026-05-06 02:29:43.401 10 INFO neutron.wsgi [req-ada75e56-1760-46a9-a209-9fd9f1553a30 req-5308eccb-fd80-4af3-8428-547d72fad5e0 9e2c17717c684236bffdf7e3016dc467 de48dc460ccb44fe8471d716a0a99fac - - 1e3de47416ab442dac3acb72b83625e9 1e3de47416ab442dac3acb72b83625e9] 10.0.0.8 "GET /v2.0/networks/c6f6ddb0-c1aa-4fd2-97f9-9a6287ff5d28?fields=segments HTTP/1.1" status: 200 len: 212 time: 0.0718174
2026-05-06 02:29:43.410 10 INFO neutron.wsgi [None req-e2e24e89-1cc5-48e4-a301-bdd1b2db160d 4ef8f8ebd54e446a86613fd2b7b2d390 1dc91d8a847e400e85360bf1086b7290 - - - -] 10.0.0.199 "POST /v2.0/ports HTTP/1.1" status: 201 len: 1153 time: 0.9228411
2026-05-06 02:29:43.497 10 INFO neutron.wsgi [req-ada75e56-1760-46a9-a209-9fd9f1553a30 req-9a822f59-2de1-45c5-b8a2-3b6129349e27 9e2c17717c684236bffdf7e3016dc467 de48dc460ccb44fe8471d716a0a99fac - - 1e3de47416ab442dac3acb72b83625e9 1e3de47416ab442dac3acb72b83625e9] 10.0.0.8 "GET /v2.0/networks/c6f6ddb0-c1aa-4fd2-97f9-9a6287ff5d28?fields=provider%3Aphysical_network&fields=provider%3Anetwork_type HTTP/1.1" status: 200 len: 277 time: 0.0861602
2026-05-06 02:29:43.656 10 INFO neutron.wsgi [req-0e455769-230e-4072-90c6-ef3c0aa523ab req-7fe5c2ad-304c-4122-a8db-f7f1f06a7012 4a2a963eca9540fea6a1e20f81dd5a9e f67c3b1720ad42aa9ea93f58b77cd045 - - default default] 10.0.0.8 "GET /v2.0/ports?device_id=ee4455a8-8707-4b5d-9ff0-018712fc21d8 HTTP/1.1" status: 200 len: 210 time: 0.0201709
2026-05-06 02:29:43.677 9 INFO neutron.wsgi [req-479e8053-dc64-4108-a685-8cca4986e81c req-f3a2eb77-ffaf-4053-9676-efb1cba7df21 9e2c17717c684236bffdf7e3016dc467 de48dc460ccb44fe8471d716a0a99fac - - 1e3de47416ab442dac3acb72b83625e9 1e3de47416ab442dac3acb72b83625e9] 199.204.45.250 "GET /v2.0/networks/ce059ebd-9cf7-45aa-8fba-bcb6fa6a2eac?fields=provider%3Aphysical_network&fields=provider%3Anetwork_type HTTP/1.1" status: 200 len: 277 time: 0.3555007
2026-05-06 02:29:43.754 9 INFO neutron.wsgi [req-39594459-bf9e-4358-9ec9-06f28d4ce923 req-bd24be9e-bb3c-480e-a8a5-73adb443b423 9e2c17717c684236bffdf7e3016dc467 de48dc460ccb44fe8471d716a0a99fac - - 1e3de47416ab442dac3acb72b83625e9 1e3de47416ab442dac3acb72b83625e9] 199.204.45.250 "GET /v2.0/ports?tenant_id=387a2462fb1f4a6fa9973c58455c23b4&device_id=33340e47-fa30-4a66-ad3a-fe59ecff49eb HTTP/1.1" status: 200 len: 1363 time: 0.0373580
2026-05-06 02:29:43.802 10 INFO neutron.wsgi [None req-c397a3df-6ab1-498f-8f8c-905dee7dde6e 4ef8f8ebd54e446a86613fd2b7b2d390 1dc91d8a847e400e85360bf1086b7290 - - - -] 10.0.0.199 "DELETE /v2.0/ports/7b7eb33b-5515-409d-a826-1db1245df331 HTTP/1.1" status: 204 len: 168 time: 0.3824265
2026-05-06 02:29:43.832 10 INFO neutron.pecan_wsgi.hooks.translation [None req-28d8b375-d055-4b98-bab9-a07f521e1035 4ef8f8ebd54e446a86613fd2b7b2d390 1dc91d8a847e400e85360bf1086b7290 - - - -] DELETE failed (client error): The resource could not be found.
2026-05-06 02:29:43.835 10 INFO neutron.wsgi [None req-28d8b375-d055-4b98-bab9-a07f521e1035 4ef8f8ebd54e446a86613fd2b7b2d390 1dc91d8a847e400e85360bf1086b7290 - - - -] 10.0.0.199 "DELETE /v2.0/ports/7b7eb33b-5515-409d-a826-1db1245df331 HTTP/1.1" status: 404 len: 333 time: 0.0291986
2026-05-06 02:29:43.839 9 INFO neutron.wsgi [req-39594459-bf9e-4358-9ec9-06f28d4ce923 req-573aa797-fbd1-4456-9d42-bc941bef7c24 9e2c17717c684236bffdf7e3016dc467 de48dc460ccb44fe8471d716a0a99fac - - 1e3de47416ab442dac3acb72b83625e9 1e3de47416ab442dac3acb72b83625e9] 199.204.45.250 "GET /v2.0/networks?id=ce059ebd-9cf7-45aa-8fba-bcb6fa6a2eac HTTP/1.1" status: 200 len: 973 time: 0.0785739
2026-05-06 02:29:43.873 10 INFO neutron.plugins.ml2.drivers.ovn.mech_driver.mech_driver [None req-4e1b341c-ceab-4cdf-924c-408697357392 - - - - - -] OVN reports status up for port: efe3ef5a-376a-4acc-98b1-b89bfcb7b539
2026-05-06 02:29:43.880 9 INFO neutron.wsgi [req-39594459-bf9e-4358-9ec9-06f28d4ce923 req-d3d67a5f-05dd-48f4-808b-27b9ce250dce 9e2c17717c684236bffdf7e3016dc467 de48dc460ccb44fe8471d716a0a99fac - - 1e3de47416ab442dac3acb72b83625e9 1e3de47416ab442dac3acb72b83625e9] 199.204.45.250 "GET /v2.0/floatingips?fixed_ip_address=10.100.0.12&port_id=efe3ef5a-376a-4acc-98b1-b89bfcb7b539 HTTP/1.1" status: 200 len: 217 time: 0.0336189
2026-05-06 02:29:43.883 10 INFO neutron.pecan_wsgi.hooks.translation [None req-d6140b0a-7765-4741-8f81-93309e5e1fc3 4ef8f8ebd54e446a86613fd2b7b2d390 1dc91d8a847e400e85360bf1086b7290 - - default default] GET failed (client error): The resource could not be found.
2026-05-06 02:29:43.885 10 INFO neutron.wsgi [None req-d6140b0a-7765-4741-8f81-93309e5e1fc3 4ef8f8ebd54e446a86613fd2b7b2d390 1dc91d8a847e400e85360bf1086b7290 - - default default] 10.0.0.199 "GET /v2.0/ports/7b7eb33b-5515-409d-a826-1db1245df331 HTTP/1.1" status: 404 len: 333 time: 0.0430739
2026-05-06 02:29:43.904 10 INFO neutron.plugins.ml2.plugin [None req-4e1b341c-ceab-4cdf-924c-408697357392 - - - - - -] Attempt 1 to provision port efe3ef5a-376a-4acc-98b1-b89bfcb7b539
2026-05-06 02:29:43.948 9 INFO neutron.wsgi [req-39594459-bf9e-4358-9ec9-06f28d4ce923 req-4b4cdaed-5ff8-4335-8b8b-62a781418aed 9e2c17717c684236bffdf7e3016dc467 de48dc460ccb44fe8471d716a0a99fac - - 1e3de47416ab442dac3acb72b83625e9 1e3de47416ab442dac3acb72b83625e9] 199.204.45.250 "GET /v2.0/subnets?id=7842a4ef-1c00-473b-96e9-a546ce2bc58a HTTP/1.1" status: 200 len: 868 time: 0.0634606
2026-05-06 02:29:43.972 9 INFO neutron.wsgi [req-39594459-bf9e-4358-9ec9-06f28d4ce923 req-f5297496-5489-47f1-ac06-b0049dc7dbd8 9e2c17717c684236bffdf7e3016dc467 de48dc460ccb44fe8471d716a0a99fac - - 1e3de47416ab442dac3acb72b83625e9 1e3de47416ab442dac3acb72b83625e9] 199.204.45.250 "GET /v2.0/ports?network_id=ce059ebd-9cf7-45aa-8fba-bcb6fa6a2eac&device_owner=network%3Adhcp HTTP/1.1" status: 200 len: 210 time: 0.0193603
2026-05-06 02:29:44.044 9 INFO neutron.wsgi [req-39594459-bf9e-4358-9ec9-06f28d4ce923 req-2eff8d60-6399-4ca3-a33e-06459c9459b2 9e2c17717c684236bffdf7e3016dc467 de48dc460ccb44fe8471d716a0a99fac - - 1e3de47416ab442dac3acb72b83625e9 1e3de47416ab442dac3acb72b83625e9] 199.204.45.250 "GET /v2.0/networks/ce059ebd-9cf7-45aa-8fba-bcb6fa6a2eac?fields=segments HTTP/1.1" status: 200 len: 212 time: 0.0680573
2026-05-06 02:29:44.121 10 INFO neutron.notifiers.nova [-] Nova event matching ['req-5f692c01-a0e3-4613-a86b-2cc165990912'] response: {'server_uuid': '33340e47-fa30-4a66-ad3a-fe59ecff49eb', 'name': 'network-vif-plugged', 'status': 'completed', 'tag': 'efe3ef5a-376a-4acc-98b1-b89bfcb7b539', 'code': 200}
2026-05-06 02:29:44.133 9 INFO neutron.wsgi [req-39594459-bf9e-4358-9ec9-06f28d4ce923 req-52a43dc0-0602-41f3-ae1c-911fd5fea64e 9e2c17717c684236bffdf7e3016dc467 de48dc460ccb44fe8471d716a0a99fac - - 1e3de47416ab442dac3acb72b83625e9 1e3de47416ab442dac3acb72b83625e9] 199.204.45.250 "GET /v2.0/networks/ce059ebd-9cf7-45aa-8fba-bcb6fa6a2eac?fields=provider%3Aphysical_network&fields=provider%3Anetwork_type HTTP/1.1" status: 200 len: 277 time: 0.0851402
2026-05-06 02:29:44.180 10 INFO neutron.wsgi [req-ef76b028-143c-48ed-b1ae-0e53115ce129 req-286f2c66-ae35-40a3-962b-7e820bb380e7 745f69ce5cb24e7aa950777a27efdb5d 387a2462fb1f4a6fa9973c58455c23b4 - - default default] 10.0.0.8 "GET /v2.0/ports?device_id=33340e47-fa30-4a66-ad3a-fe59ecff49eb HTTP/1.1" status: 200 len: 1174 time: 0.1010826
2026-05-06 02:29:44.229 10 INFO neutron.wsgi [req-ef76b028-143c-48ed-b1ae-0e53115ce129 req-b57c4e5b-96c8-447d-8b18-0590f78093e2 745f69ce5cb24e7aa950777a27efdb5d 387a2462fb1f4a6fa9973c58455c23b4 - - default default] 10.0.0.8 "GET /v2.0/security-groups?id=f0537102-ee6a-4424-b53a-07b51a93d435&fields=id&fields=name HTTP/1.1" status: 200 len: 312 time: 0.0429757
2026-05-06 02:29:44.289 10 INFO neutron.wsgi [None req-6c3d1942-b1e9-4851-882e-43625150cbf5 4ef8f8ebd54e446a86613fd2b7b2d390 1dc91d8a847e400e85360bf1086b7290 - - - -] 10.0.0.199 "DELETE /v2.0/subnets/097e0638-7f42-4493-b092-164058f9f334 HTTP/1.1" status: 204 len: 168 time: 0.3970213
2026-05-06 02:29:44.361 10 INFO neutron.db.ovn_revision_numbers_db [None req-4e1b341c-ceab-4cdf-924c-408697357392 - - - - - -] Successfully bumped revision number for resource efe3ef5a-376a-4acc-98b1-b89bfcb7b539 (type: ports) to 4
2026-05-06 02:29:44.679 9 INFO neutron.wsgi [req-ada75e56-1760-46a9-a209-9fd9f1553a30 req-d162c306-9fae-4162-9ad4-28a4d94bd422 4a2a963eca9540fea6a1e20f81dd5a9e f67c3b1720ad42aa9ea93f58b77cd045 - - default default] 199.204.45.250 "GET /v2.0/networks?id=c6f6ddb0-c1aa-4fd2-97f9-9a6287ff5d28 HTTP/1.1" status: 200 len: 859 time: 0.0949862
2026-05-06 02:29:44.724 9 INFO neutron.services.segments.plugin [-] Segment 1433f7c3-a5a1-4b6f-95ae-34883da9b388 resource provider aggregate not found
2026-05-06 02:29:44.736 9 INFO neutron.services.segments.plugin [-] Segment 1433f7c3-a5a1-4b6f-95ae-34883da9b388 resource provider aggregate not found /var/lib/openstack/lib/python3.10/site-packages/pycadf/identifier.py:71: UserWarning: Invalid uuid: neutron. To ensure interoperability, identifiers should be a valid uuid. warnings.warn(('Invalid uuid: %s. To ensure interoperability, '
2026-05-06 02:29:44.757 9 INFO neutron.services.segments.plugin [-] Segment 1433f7c3-a5a1-4b6f-95ae-34883da9b388 resource provider not found; error: Placement Client Error (4xx): {"errors": [{"status": 404, "title": "Not Found", "detail": "The resource could not be found.\n\n No resource provider with uuid 1433f7c3-a5a1-4b6f-95ae-34883da9b388 found for delete ", "request_id": "req-ee0767d9-c7a5-4cdb-9677-945eb58fb581"}]}
2026-05-06 02:29:44.775 10 INFO neutron.wsgi [req-8e608ff4-a80c-4826-af64-74af5c0c5d56 req-a5205531-9278-4dc2-bab6-b7f982f6d3a2 4a2a963eca9540fea6a1e20f81dd5a9e f67c3b1720ad42aa9ea93f58b77cd045 - - default default] 10.0.0.8 "GET /v2.0/ports?device_id=ee4455a8-8707-4b5d-9ff0-018712fc21d8 HTTP/1.1" status: 200 len: 210 time: 0.0355110
2026-05-06 02:29:44.776 9 INFO neutron.services.segments.plugin [-] Segment 1433f7c3-a5a1-4b6f-95ae-34883da9b388 resource provider not found; error: Placement Client Error (4xx): {"errors": [{"status": 404, "title": "Not Found", "detail": "The resource could not be found.\n\n No resource provider with uuid 1433f7c3-a5a1-4b6f-95ae-34883da9b388 found for delete ", "request_id": "req-5eee3e9a-54f2-4ffd-8bca-28ae50f0d268"}]}
2026-05-06 02:29:44.794 9 INFO neutron.wsgi [req-ada75e56-1760-46a9-a209-9fd9f1553a30 req-d76ccdfd-0467-48e7-8346-1cb7cda46612 4a2a963eca9540fea6a1e20f81dd5a9e f67c3b1720ad42aa9ea93f58b77cd045 - - default default] 199.204.45.250 "GET /v2.0/security-groups?fields=id&fields=name&tenant_id=f67c3b1720ad42aa9ea93f58b77cd045 HTTP/1.1" status: 200 len: 472 time: 0.1074791
2026-05-06 02:29:44.802 9 INFO neutron.wsgi [None req-1cc1395b-7e2d-41f6-b206-d0ac5603cbc6 4ef8f8ebd54e446a86613fd2b7b2d390 1dc91d8a847e400e85360bf1086b7290 - - - -] 10.0.0.199 "DELETE /v2.0/networks/afe136d9-3a89-42cd-84ac-ec34d1f2e617 HTTP/1.1" status: 204 len: 168 time: 0.5032313
2026-05-06 02:29:44.900 10 INFO neutron.db.segments_db [None req-2b2aa4d2-12a2-48dd-a851-ced0f644dffd 4ef8f8ebd54e446a86613fd2b7b2d390 1dc91d8a847e400e85360bf1086b7290 - - - -] Added segment a79563ab-4974-4c7c-b38b-2372057daedf of type geneve for network cb9d1bb7-1d0a-46f4-98cd-6aba90f3bb66
2026-05-06 02:29:45.037 10 INFO neutron.db.ovn_revision_numbers_db [None req-2b2aa4d2-12a2-48dd-a851-ced0f644dffd 4ef8f8ebd54e446a86613fd2b7b2d390 1dc91d8a847e400e85360bf1086b7290 - - - -] Successfully bumped revision number for resource cb9d1bb7-1d0a-46f4-98cd-6aba90f3bb66 (type: networks) to 1
2026-05-06 02:29:45.165 9 WARNING neutron.scheduler.dhcp_agent_scheduler [None req-61bb44ad-472f-4d6c-a6d9-88ef5f579314 4a2a963eca9540fea6a1e20f81dd5a9e f67c3b1720ad42aa9ea93f58b77cd045 - - - -] No more DHCP agents
2026-05-06 02:29:45.167 9 WARNING neutron.api.rpc.agentnotifiers.dhcp_rpc_agent_api [None req-61bb44ad-472f-4d6c-a6d9-88ef5f579314 4a2a963eca9540fea6a1e20f81dd5a9e f67c3b1720ad42aa9ea93f58b77cd045 - - - -] Unable to schedule network c6f6ddb0-c1aa-4fd2-97f9-9a6287ff5d28: no agents available; will retry on subsequent port and subnet creation events.
2026-05-06 02:29:45.249 10 WARNING neutron.scheduler.dhcp_agent_scheduler [None req-2b2aa4d2-12a2-48dd-a851-ced0f644dffd 4ef8f8ebd54e446a86613fd2b7b2d390 1dc91d8a847e400e85360bf1086b7290 - - - -] No more DHCP agents
2026-05-06 02:29:45.251 10 WARNING neutron.api.rpc.agentnotifiers.dhcp_rpc_agent_api [None req-2b2aa4d2-12a2-48dd-a851-ced0f644dffd 4ef8f8ebd54e446a86613fd2b7b2d390 1dc91d8a847e400e85360bf1086b7290 - - - -] Unable to schedule network cb9d1bb7-1d0a-46f4-98cd-6aba90f3bb66: no agents available; will retry on subsequent port and subnet creation events.
2026-05-06 02:29:45.333 9 INFO neutron.db.ovn_revision_numbers_db [None req-61bb44ad-472f-4d6c-a6d9-88ef5f579314 4a2a963eca9540fea6a1e20f81dd5a9e f67c3b1720ad42aa9ea93f58b77cd045 - - - -] Successfully bumped revision number for resource ac6a458f-580a-4d47-881a-97fb26dfbb73 (type: ports) to 1
2026-05-06 02:29:45.343 10 INFO neutron.wsgi [req-778a929c-c8ba-48ad-82b1-75f5ce1447f2 req-39e80389-bcf5-461d-94b4-1a16586a6f0d 745f69ce5cb24e7aa950777a27efdb5d 387a2462fb1f4a6fa9973c58455c23b4 - - default default] 10.0.0.8 "GET /v2.0/ports?device_id=33340e47-fa30-4a66-ad3a-fe59ecff49eb HTTP/1.1" status: 200 len: 1174 time: 0.0410638
2026-05-06 02:29:45.343 10 INFO neutron.db.ovn_revision_numbers_db [None req-2b2aa4d2-12a2-48dd-a851-ced0f644dffd 4ef8f8ebd54e446a86613fd2b7b2d390 1dc91d8a847e400e85360bf1086b7290 - - - -] Successfully bumped revision number for resource 6c672c0d-57ec-42f9-90f5-8e106d0c7f8f (type: ports) to 1
2026-05-06 02:29:45.348 10 INFO neutron.wsgi [-] 10.0.0.207 "GET / HTTP/1.1" status: 200 len: 247 time: 0.0011468
2026-05-06 02:29:45.349 10 INFO neutron.wsgi [-] 10.0.0.207 "GET / HTTP/1.1" status: 200 len: 247 time: 0.0008934
2026-05-06 02:29:45.362 9 INFO neutron.wsgi [None req-61bb44ad-472f-4d6c-a6d9-88ef5f579314 4a2a963eca9540fea6a1e20f81dd5a9e f67c3b1720ad42aa9ea93f58b77cd045 - - - -] 199.204.45.250 "POST /v2.0/ports HTTP/1.1" status: 201 len: 1158 time: 0.5589387
2026-05-06 02:29:45.368 10 INFO neutron.wsgi [None req-2b2aa4d2-12a2-48dd-a851-ced0f644dffd 4ef8f8ebd54e446a86613fd2b7b2d390 1dc91d8a847e400e85360bf1086b7290 - - - -] 10.0.0.199 "POST /v2.0/networks HTTP/1.1" status: 201 len: 830 time: 0.5602884 /var/lib/openstack/lib/python3.10/site-packages/pycadf/identifier.py:71: UserWarning: Invalid uuid: neutron. To ensure interoperability, identifiers should be a valid uuid. warnings.warn(('Invalid uuid: %s. To ensure interoperability, '
2026-05-06 02:29:45.401 10 INFO neutron.wsgi [req-778a929c-c8ba-48ad-82b1-75f5ce1447f2 req-5f308a44-4fe8-4097-bd58-8bbb940c10d8 745f69ce5cb24e7aa950777a27efdb5d 387a2462fb1f4a6fa9973c58455c23b4 - - default default] 10.0.0.8 "GET /v2.0/security-groups?id=f0537102-ee6a-4424-b53a-07b51a93d435&fields=id&fields=name HTTP/1.1" status: 200 len: 312 time: 0.0429096
2026-05-06 02:29:45.597 10 INFO neutron.wsgi [req-9f98d147-26c8-4bb7-b83f-8939afeaebc6 req-59424b30-1b09-4174-91c1-b757d03bbc0a 745f69ce5cb24e7aa950777a27efdb5d 387a2462fb1f4a6fa9973c58455c23b4 - - default default] 10.0.0.8 "GET /v2.0/ports?device_id=33340e47-fa30-4a66-ad3a-fe59ecff49eb HTTP/1.1" status: 200 len: 1174 time: 0.1256337
2026-05-06 02:29:45.709 10 WARNING neutron.scheduler.dhcp_agent_scheduler [None req-03a542ff-9fb4-4170-8ab3-97d815060239 4ef8f8ebd54e446a86613fd2b7b2d390 1dc91d8a847e400e85360bf1086b7290 - - - -] No more DHCP agents
2026-05-06 02:29:45.712 10 WARNING neutron.api.rpc.agentnotifiers.dhcp_rpc_agent_api [None req-03a542ff-9fb4-4170-8ab3-97d815060239 4ef8f8ebd54e446a86613fd2b7b2d390 1dc91d8a847e400e85360bf1086b7290 - - - -] Unable to schedule network cb9d1bb7-1d0a-46f4-98cd-6aba90f3bb66: no agents available; will retry on subsequent port and subnet creation events.
2026-05-06 02:29:45.906 10 INFO neutron.wsgi [req-1bf6b208-568e-4128-9c25-a25672cfc9d3 req-59db8967-03fd-404f-bfba-c21882d52195 4a2a963eca9540fea6a1e20f81dd5a9e f67c3b1720ad42aa9ea93f58b77cd045 - - default default] 10.0.0.8 "GET /v2.0/ports?device_id=ee4455a8-8707-4b5d-9ff0-018712fc21d8 HTTP/1.1" status: 200 len: 1168 time: 0.0577645
2026-05-06 02:29:45.932 9 INFO neutron.db.l3_db [None req-84e28e63-3757-45d5-be8b-444f6180f27c 745f69ce5cb24e7aa950777a27efdb5d 387a2462fb1f4a6fa9973c58455c23b4 - - - -] Floating IP 9bb3ffb6-9588-4d54-af0b-f69313f79e9b associated. External IP: 10.96.250.213, port: efe3ef5a-376a-4acc-98b1-b89bfcb7b539.
2026-05-06 02:29:45.968 9 INFO neutron.db.ovn_revision_numbers_db [None req-6adc4e40-b7ad-42fa-882e-520b2037db00 9e2c17717c684236bffdf7e3016dc467 de48dc460ccb44fe8471d716a0a99fac - - - -] Successfully bumped revision number for resource ac6a458f-580a-4d47-881a-97fb26dfbb73 (type: ports) to 2
2026-05-06 02:29:45.978 10 INFO neutron.wsgi [req-1bf6b208-568e-4128-9c25-a25672cfc9d3 req-9b041d0f-8902-47e6-9dcf-954a4af8fabf 4a2a963eca9540fea6a1e20f81dd5a9e f67c3b1720ad42aa9ea93f58b77cd045 - - default default] 10.0.0.8 "GET /v2.0/security-groups?id=28dd08f6-5b7a-4f9f-b8fa-0ba2ad23a825&fields=id&fields=name HTTP/1.1" status: 200 len: 313 time: 0.0670235
2026-05-06 02:29:46.143 9 INFO neutron.db.ovn_revision_numbers_db [None req-84e28e63-3757-45d5-be8b-444f6180f27c 745f69ce5cb24e7aa950777a27efdb5d 387a2462fb1f4a6fa9973c58455c23b4 - - - -] Successfully bumped revision number for resource 9bb3ffb6-9588-4d54-af0b-f69313f79e9b (type: floatingips) to 1
2026-05-06 02:29:46.165 10 INFO neutron.notifiers.nova [-] Nova event matching ['req-f79ae7f2-3aa2-4e01-86e3-942b4f5d0fe4'] response: {'server_uuid': '33340e47-fa30-4a66-ad3a-fe59ecff49eb', 'name': 'network-vif-plugged', 'status': 'completed', 'tag': 'efe3ef5a-376a-4acc-98b1-b89bfcb7b539', 'code': 200}
2026-05-06 02:29:46.264 9 INFO neutron.db.ovn_revision_numbers_db [None req-6adc4e40-b7ad-42fa-882e-520b2037db00 9e2c17717c684236bffdf7e3016dc467 de48dc460ccb44fe8471d716a0a99fac - - - -] Successfully bumped revision number for resource ac6a458f-580a-4d47-881a-97fb26dfbb73 (type: ports) to 2
2026-05-06 02:29:46.266 9 INFO neutron.db.ovn_revision_numbers_db [None req-84e28e63-3757-45d5-be8b-444f6180f27c 745f69ce5cb24e7aa950777a27efdb5d 387a2462fb1f4a6fa9973c58455c23b4 - - - -] Successfully bumped revision number for resource 9bb3ffb6-9588-4d54-af0b-f69313f79e9b (type: floatingips) to 2
2026-05-06 02:29:46.266 10 INFO neutron.db.ovn_revision_numbers_db [None req-03a542ff-9fb4-4170-8ab3-97d815060239 4ef8f8ebd54e446a86613fd2b7b2d390 1dc91d8a847e400e85360bf1086b7290 - - - -] Successfully bumped revision number for resource 6c672c0d-57ec-42f9-90f5-8e106d0c7f8f (type: ports) to 2
2026-05-06 02:29:46.280 10 INFO neutron.db.ovn_revision_numbers_db [None req-03a542ff-9fb4-4170-8ab3-97d815060239 4ef8f8ebd54e446a86613fd2b7b2d390 1dc91d8a847e400e85360bf1086b7290 - - - -] Successfully bumped revision number for resource 247b87dc-0c21-4fb8-a41d-ceb5191c8bf7 (type: subnets) to 0
2026-05-06 02:29:46.290 9 INFO neutron.wsgi [None req-84e28e63-3757-45d5-be8b-444f6180f27c 745f69ce5cb24e7aa950777a27efdb5d 387a2462fb1f4a6fa9973c58455c23b4 - - - -] 10.0.0.199 "PUT /v2.0/floatingips/9bb3ffb6-9588-4d54-af0b-f69313f79e9b HTTP/1.1" status: 200 len: 1050 time: 0.6782804
2026-05-06 02:29:46.292 9 INFO neutron.wsgi [None req-6adc4e40-b7ad-42fa-882e-520b2037db00 9e2c17717c684236bffdf7e3016dc467 de48dc460ccb44fe8471d716a0a99fac - - - -] 199.204.45.250 "PUT /v2.0/ports/ac6a458f-580a-4d47-881a-97fb26dfbb73 HTTP/1.1" status: 200 len: 1328 time: 0.9209189
2026-05-06 02:29:46.296 10 INFO neutron.wsgi [None req-03a542ff-9fb4-4170-8ab3-97d815060239 4ef8f8ebd54e446a86613fd2b7b2d390 1dc91d8a847e400e85360bf1086b7290 - - - -] 10.0.0.199 "POST /v2.0/subnets HTTP/1.1" status: 201 len: 801 time: 0.9216139 /var/lib/openstack/lib/python3.10/site-packages/pycadf/identifier.py:71: UserWarning: Invalid uuid: neutron. To ensure interoperability, identifiers should be a valid uuid. warnings.warn(('Invalid uuid: %s. To ensure interoperability, '
2026-05-06 02:29:46.343 9 INFO neutron.notifiers.nova [-] Nova event matching ['req-c3e03dbe-1eb8-43c8-961b-9345a3c2fb47'] response: {'name': 'network-changed', 'server_uuid': '33340e47-fa30-4a66-ad3a-fe59ecff49eb', 'tag': 'efe3ef5a-376a-4acc-98b1-b89bfcb7b539', 'status': 'completed', 'code': 200}
2026-05-06 02:29:46.344 9 INFO neutron.notifiers.nova [-] Nova event matching ['req-c3e03dbe-1eb8-43c8-961b-9345a3c2fb47'] response: {'name': 'network-changed', 'server_uuid': 'ee4455a8-8707-4b5d-9ff0-018712fc21d8', 'tag': 'ac6a458f-580a-4d47-881a-97fb26dfbb73', 'status': 'completed', 'code': 200}
2026-05-06 02:29:46.378 9 INFO neutron.wsgi [req-ada75e56-1760-46a9-a209-9fd9f1553a30 req-79ad07f5-efbc-4b81-a22f-f09604809a9a 9e2c17717c684236bffdf7e3016dc467 de48dc460ccb44fe8471d716a0a99fac - - 1e3de47416ab442dac3acb72b83625e9 1e3de47416ab442dac3acb72b83625e9] 199.204.45.250 "GET /v2.0/ports?tenant_id=f67c3b1720ad42aa9ea93f58b77cd045&device_id=ee4455a8-8707-4b5d-9ff0-018712fc21d8 HTTP/1.1" status: 200 len: 1359 time: 0.0492344
2026-05-06 02:29:46.394 10 INFO neutron.wsgi [req-e76788b3-4407-42f5-9a9e-3ea86c6fd136 req-19b678c2-2752-4ec4-9e7f-3b8b8f4ed631 745f69ce5cb24e7aa950777a27efdb5d 387a2462fb1f4a6fa9973c58455c23b4 - - default default] 10.0.0.8 "GET /v2.0/ports?device_id=33340e47-fa30-4a66-ad3a-fe59ecff49eb HTTP/1.1" status: 200 len: 1174 time: 0.0598953
2026-05-06 02:29:46.399 10 INFO neutron.wsgi [req-c5bf9327-0d3c-4d7d-ab32-5919e008baaa req-b5a35838-8fc7-47c4-8107-29394adc8e9c 9e2c17717c684236bffdf7e3016dc467 de48dc460ccb44fe8471d716a0a99fac - - 1e3de47416ab442dac3acb72b83625e9 1e3de47416ab442dac3acb72b83625e9] 199.204.45.250 "GET /v2.0/ports?tenant_id=387a2462fb1f4a6fa9973c58455c23b4&device_id=33340e47-fa30-4a66-ad3a-fe59ecff49eb HTTP/1.1" status: 200 len: 1365 time: 0.0399358
2026-05-06 02:29:46.409 9 INFO neutron.wsgi [req-ada75e56-1760-46a9-a209-9fd9f1553a30 req-5ab39a3c-d419-49f7-bf73-4883b372dcc8 9e2c17717c684236bffdf7e3016dc467 de48dc460ccb44fe8471d716a0a99fac - - 1e3de47416ab442dac3acb72b83625e9 1e3de47416ab442dac3acb72b83625e9] 199.204.45.250 "GET /v2.0/floatingips?fixed_ip_address=10.100.0.9&port_id=ac6a458f-580a-4d47-881a-97fb26dfbb73 HTTP/1.1" status: 200 len: 217 time: 0.0257661
2026-05-06 02:29:46.451 9 INFO neutron.wsgi [req-ada75e56-1760-46a9-a209-9fd9f1553a30 req-51b0ae74-a975-484e-a917-7085a3325f16 9e2c17717c684236bffdf7e3016dc467 de48dc460ccb44fe8471d716a0a99fac - - 1e3de47416ab442dac3acb72b83625e9 1e3de47416ab442dac3acb72b83625e9] 199.204.45.250 "GET /v2.0/subnets?id=29ad32db-6c33-4a47-8707-4dc42fb51acf HTTP/1.1" status: 200 len: 852 time: 0.0372291
2026-05-06 02:29:46.456 10 INFO neutron.wsgi [req-e76788b3-4407-42f5-9a9e-3ea86c6fd136 req-de5f1091-710d-4526-945a-0b2d8299fa5b 745f69ce5cb24e7aa950777a27efdb5d 387a2462fb1f4a6fa9973c58455c23b4 - - default default] 10.0.0.8 "GET /v2.0/security-groups?id=f0537102-ee6a-4424-b53a-07b51a93d435&fields=id&fields=name HTTP/1.1" status: 200 len: 312 time: 0.0537794
2026-05-06 02:29:46.478 10 INFO neutron.wsgi [req-c5bf9327-0d3c-4d7d-ab32-5919e008baaa req-657bff72-e040-4311-aa0e-075fae08a748 9e2c17717c684236bffdf7e3016dc467 de48dc460ccb44fe8471d716a0a99fac - - 1e3de47416ab442dac3acb72b83625e9 1e3de47416ab442dac3acb72b83625e9] 199.204.45.250 "GET /v2.0/networks?id=ce059ebd-9cf7-45aa-8fba-bcb6fa6a2eac HTTP/1.1" status: 200 len: 973 time: 0.0702143
2026-05-06 02:29:46.495 9 INFO neutron.wsgi [req-ada75e56-1760-46a9-a209-9fd9f1553a30 req-c07ed395-5ba0-46fc-b716-eaae750a52bf 9e2c17717c684236bffdf7e3016dc467 de48dc460ccb44fe8471d716a0a99fac - - 1e3de47416ab442dac3acb72b83625e9 1e3de47416ab442dac3acb72b83625e9] 199.204.45.250 "GET /v2.0/ports?network_id=c6f6ddb0-c1aa-4fd2-97f9-9a6287ff5d28&device_owner=network%3Adhcp HTTP/1.1" status: 200 len: 210 time: 0.0333931
2026-05-06 02:29:46.532 10 INFO neutron.wsgi [req-c5bf9327-0d3c-4d7d-ab32-5919e008baaa req-b67e3705-9afb-4c71-b9f5-51b83a248b6a 9e2c17717c684236bffdf7e3016dc467 de48dc460ccb44fe8471d716a0a99fac - - 1e3de47416ab442dac3acb72b83625e9 1e3de47416ab442dac3acb72b83625e9] 199.204.45.250 "GET /v2.0/floatingips?fixed_ip_address=10.100.0.12&port_id=efe3ef5a-376a-4acc-98b1-b89bfcb7b539 HTTP/1.1" status: 200 len: 1060 time: 0.0464218
2026-05-06 02:29:46.576 9 INFO neutron.wsgi [req-ada75e56-1760-46a9-a209-9fd9f1553a30 req-01a03479-6e7d-490f-94fb-c1002ff2736d 9e2c17717c684236bffdf7e3016dc467 de48dc460ccb44fe8471d716a0a99fac - - 1e3de47416ab442dac3acb72b83625e9 1e3de47416ab442dac3acb72b83625e9] 199.204.45.250 "GET /v2.0/networks/c6f6ddb0-c1aa-4fd2-97f9-9a6287ff5d28?fields=segments HTTP/1.1" status: 200 len: 212 time: 0.0732038
2026-05-06 02:29:46.580 10 INFO neutron.wsgi [req-c5bf9327-0d3c-4d7d-ab32-5919e008baaa req-e876c23b-c993-4975-94bb-bf89388f0935 9e2c17717c684236bffdf7e3016dc467 de48dc460ccb44fe8471d716a0a99fac - - 1e3de47416ab442dac3acb72b83625e9 1e3de47416ab442dac3acb72b83625e9] 199.204.45.250 "GET /v2.0/subnets?id=7842a4ef-1c00-473b-96e9-a546ce2bc58a HTTP/1.1" status: 200 len: 868 time: 0.0419526
2026-05-06 02:29:46.606 10 INFO neutron.wsgi [req-c5bf9327-0d3c-4d7d-ab32-5919e008baaa req-3c4bbe10-d01d-4060-b2da-ef5dc69e49a3 9e2c17717c684236bffdf7e3016dc467 de48dc460ccb44fe8471d716a0a99fac - - 1e3de47416ab442dac3acb72b83625e9 1e3de47416ab442dac3acb72b83625e9] 199.204.45.250 "GET /v2.0/ports?network_id=ce059ebd-9cf7-45aa-8fba-bcb6fa6a2eac&device_owner=network%3Adhcp HTTP/1.1" status: 200 len: 210 time: 0.0188813
