2026-05-06 02:28:53.460 10 INFO neutron.wsgi [req-1ff45078-ebe8-4a19-a242-22c04efae068 req-6b258aad-6759-4059-9cb4-e7b64ba48bf5 790d354db5314698986f3469c271b266 b4fe44d1f17d4cfc896e92cb2253ae94 - - default default] 10.0.0.8 "GET /v2.0/ports?device_id=ae5dc7ea-ffcb-4521-9dc4-b3721ad9c1aa HTTP/1.1" status: 200 len: 1348 time: 0.0428054
2026-05-06 02:28:53.500 10 INFO neutron.wsgi [req-1ff45078-ebe8-4a19-a242-22c04efae068 req-a78692f3-841e-498f-9eaa-bed11810a3dd 790d354db5314698986f3469c271b266 b4fe44d1f17d4cfc896e92cb2253ae94 - - default default] 10.0.0.8 "GET /v2.0/security-groups?id=12abe361-dad4-4841-b29d-6b3b49167125&fields=id&fields=name HTTP/1.1" status: 200 len: 312 time: 0.0305424
2026-05-06 02:28:53.622 9 INFO neutron.db.ovn_revision_numbers_db [None req-eeca69e6-bd48-405f-ab02-a099db3c7e5e 81a8e9c61d2647a7b468b887cd9b9571 eb7eb48ea9b947c1a40218bf1b74f432 - - - -] Successfully bumped revision number for resource abc1089b-c980-48c3-b40c-759ca6175bf7 (type: routers) to 1
2026-05-06 02:28:53.636 9 INFO neutron.wsgi [None req-eeca69e6-bd48-405f-ab02-a099db3c7e5e 81a8e9c61d2647a7b468b887cd9b9571 eb7eb48ea9b947c1a40218bf1b74f432 - - - -] 10.0.0.199 "POST /v2.0/routers HTTP/1.1" status: 201 len: 687 time: 0.2065499
2026-05-06 02:28:53.916 10 INFO neutron.wsgi [req-300141c1-0870-47c1-becc-6b7b95ade52c req-29e83f78-9407-443b-a610-77e6b09a86e9 790d354db5314698986f3469c271b266 b4fe44d1f17d4cfc896e92cb2253ae94 - - default default] 199.204.45.250 "GET /v2.0/ports?device_id=ae5dc7ea-ffcb-4521-9dc4-b3721ad9c1aa&device_owner=compute%3Anova&fixed_ips=ip_address%3D10.100.0.4 HTTP/1.1" status: 200 len: 1348 time: 0.3027866
2026-05-06 02:28:54.045 10 INFO neutron.db.ovn_revision_numbers_db [None req-0b287874-3764-43f4-8760-bc7707755951 9030e845e549407f873747d5b74e3f6d a4a0ce4dc7f14d4cb436fd58f99b5256 - - default default] Successfully bumped revision number for resource 2d831366-0235-48cc-a901-6e5af7a2c8e7 (type: security_groups) to 1
2026-05-06 02:28:54.077 10 INFO neutron.wsgi [None req-0b287874-3764-43f4-8760-bc7707755951 9030e845e549407f873747d5b74e3f6d a4a0ce4dc7f14d4cb436fd58f99b5256 - - default default] 10.0.0.199 "GET /v2.0/security-groups?tenant_id=7a9ea5be3ad74bec941873a6a5f3addf&name=default HTTP/1.1" status: 200 len: 2996 time: 0.5186667
2026-05-06 02:28:54.079 9 WARNING neutron.scheduler.dhcp_agent_scheduler [None req-91009800-ea7c-4da7-b8cd-51f796f4eb0e 81a8e9c61d2647a7b468b887cd9b9571 eb7eb48ea9b947c1a40218bf1b74f432 - - default default] No more DHCP agents
2026-05-06 02:28:54.083 9 WARNING neutron.api.rpc.agentnotifiers.dhcp_rpc_agent_api [None req-91009800-ea7c-4da7-b8cd-51f796f4eb0e 81a8e9c61d2647a7b468b887cd9b9571 eb7eb48ea9b947c1a40218bf1b74f432 - - default default] Unable to schedule network 1cea25ab-5a04-4552-9583-7c6074a058fc: no agents available; will retry on subsequent port and subnet creation events.
2026-05-06 02:28:54.246 9 INFO neutron.db.ovn_revision_numbers_db [None req-91009800-ea7c-4da7-b8cd-51f796f4eb0e 81a8e9c61d2647a7b468b887cd9b9571 eb7eb48ea9b947c1a40218bf1b74f432 - - default default] Successfully bumped revision number for resource 846fb3c6-5b61-4cd5-a5d2-a1da2c3ee97f (type: ports) to 1
2026-05-06 02:28:54.341 9 INFO neutron.wsgi [None req-2ba808a7-a8e7-49ec-860d-ff3635200b9b 9030e845e549407f873747d5b74e3f6d a4a0ce4dc7f14d4cb436fd58f99b5256 - - - -] 10.0.0.199 "DELETE /v2.0/security-groups/2d831366-0235-48cc-a901-6e5af7a2c8e7 HTTP/1.1" status: 204 len: 168 time: 0.2584507
2026-05-06 02:28:54.391 10 INFO neutron.db.ovn_revision_numbers_db [None req-271cf9d0-c636-4f8e-a30a-7e1dbdaeca4a 790d354db5314698986f3469c271b266 b4fe44d1f17d4cfc896e92cb2253ae94 - - - -] Successfully bumped revision number for resource a3d86f98-e997-4bc8-9318-be5f50ae5a41 (type: ports) to 6
2026-05-06 02:28:54.403 10 INFO neutron.wsgi [None req-271cf9d0-c636-4f8e-a30a-7e1dbdaeca4a 790d354db5314698986f3469c271b266 b4fe44d1f17d4cfc896e92cb2253ae94 - - - -] 199.204.45.250 "PUT /v2.0/ports/a3d86f98-e997-4bc8-9318-be5f50ae5a41 HTTP/1.1" status: 200 len: 1167 time: 0.4797122 /var/lib/openstack/lib/python3.10/site-packages/pycadf/identifier.py:71: UserWarning: Invalid uuid: neutron. To ensure interoperability, identifiers should be a valid uuid. warnings.warn(('Invalid uuid: %s. To ensure interoperability, '
2026-05-06 02:28:54.449 10 INFO neutron.notifiers.nova [-] Nova event matching ['req-949f9d49-ffb4-4c26-b1d2-3cc6dbcccc11'] response: {'name': 'network-changed', 'server_uuid': 'ae5dc7ea-ffcb-4521-9dc4-b3721ad9c1aa', 'tag': 'a3d86f98-e997-4bc8-9318-be5f50ae5a41', 'status': 'completed', 'code': 200}
2026-05-06 02:28:54.461 10 INFO neutron.wsgi [req-300141c1-0870-47c1-becc-6b7b95ade52c req-7d416365-f7b1-4847-a106-bee5d44c58d0 9e2c17717c684236bffdf7e3016dc467 de48dc460ccb44fe8471d716a0a99fac - - 1e3de47416ab442dac3acb72b83625e9 1e3de47416ab442dac3acb72b83625e9] 199.204.45.250 "GET /v2.0/ports?tenant_id=b4fe44d1f17d4cfc896e92cb2253ae94&device_id=ae5dc7ea-ffcb-4521-9dc4-b3721ad9c1aa HTTP/1.1" status: 200 len: 1361 time: 0.0380688
2026-05-06 02:28:54.524 10 INFO neutron.wsgi [req-300141c1-0870-47c1-becc-6b7b95ade52c req-ef7e1516-ee87-49d4-b329-7e89a5a7c954 9e2c17717c684236bffdf7e3016dc467 de48dc460ccb44fe8471d716a0a99fac - - 1e3de47416ab442dac3acb72b83625e9 1e3de47416ab442dac3acb72b83625e9] 199.204.45.250 "GET /v2.0/networks?id=5772c077-e281-43d5-abc9-746986a96db5 HTTP/1.1" status: 200 len: 982 time: 0.0577049
2026-05-06 02:28:54.569 10 INFO neutron.wsgi [req-300141c1-0870-47c1-becc-6b7b95ade52c req-f53ffaab-6980-46b3-9c2d-cb27ccf8433e 9e2c17717c684236bffdf7e3016dc467 de48dc460ccb44fe8471d716a0a99fac - - 1e3de47416ab442dac3acb72b83625e9 1e3de47416ab442dac3acb72b83625e9] 199.204.45.250 "GET /v2.0/floatingips?fixed_ip_address=10.100.0.8&port_id=a3d86f98-e997-4bc8-9318-be5f50ae5a41 HTTP/1.1" status: 200 len: 1059 time: 0.0399315
2026-05-06 02:28:54.605 10 INFO neutron.wsgi [req-300141c1-0870-47c1-becc-6b7b95ade52c req-fa852e1c-64ff-40fa-9596-7d6efc231730 9e2c17717c684236bffdf7e3016dc467 de48dc460ccb44fe8471d716a0a99fac - - 1e3de47416ab442dac3acb72b83625e9 1e3de47416ab442dac3acb72b83625e9] 199.204.45.250 "GET /v2.0/subnets?id=35d9f209-7868-4b05-b17a-fc0e12b628f2 HTTP/1.1" status: 200 len: 877 time: 0.0296900
2026-05-06 02:28:54.628 9 INFO neutron.plugins.ml2.drivers.ovn.mech_driver.mech_driver [None req-7f8cd7a8-f853-46b9-89a2-a18d502592e1 - - - - - -] OVN reports status up for port: 846fb3c6-5b61-4cd5-a5d2-a1da2c3ee97f
2026-05-06 02:28:54.631 9 INFO neutron.db.ovn_revision_numbers_db [None req-91009800-ea7c-4da7-b8cd-51f796f4eb0e 81a8e9c61d2647a7b468b887cd9b9571 eb7eb48ea9b947c1a40218bf1b74f432 - - default default] Successfully bumped revision number for resource 846fb3c6-5b61-4cd5-a5d2-a1da2c3ee97f (type: router_ports) to 2
2026-05-06 02:28:54.635 9 INFO neutron.plugins.ml2.plugin [None req-7f8cd7a8-f853-46b9-89a2-a18d502592e1 - - - - - -] Attempt 1 to provision port 846fb3c6-5b61-4cd5-a5d2-a1da2c3ee97f
2026-05-06 02:28:54.640 10 INFO neutron.wsgi [req-300141c1-0870-47c1-becc-6b7b95ade52c req-b718ffb8-0188-4c04-9abb-f2eb6cee9801 9e2c17717c684236bffdf7e3016dc467 de48dc460ccb44fe8471d716a0a99fac - - 1e3de47416ab442dac3acb72b83625e9 1e3de47416ab442dac3acb72b83625e9] 199.204.45.250 "GET /v2.0/ports?network_id=5772c077-e281-43d5-abc9-746986a96db5&device_owner=network%3Adhcp HTTP/1.1" status: 200 len: 210 time: 0.0295415
2026-05-06 02:28:54.710 10 INFO neutron.wsgi [req-300141c1-0870-47c1-becc-6b7b95ade52c req-88d3c917-0a34-4534-8928-72fa0c6a12cc 9e2c17717c684236bffdf7e3016dc467 de48dc460ccb44fe8471d716a0a99fac - - 1e3de47416ab442dac3acb72b83625e9 1e3de47416ab442dac3acb72b83625e9] 199.204.45.250 "GET /v2.0/networks/5772c077-e281-43d5-abc9-746986a96db5?fields=segments HTTP/1.1" status: 200 len: 212 time: 0.0647621
2026-05-06 02:28:54.780 10 INFO neutron.wsgi [req-300141c1-0870-47c1-becc-6b7b95ade52c req-63a96d43-944c-4090-bf86-f15a125ea4f1 9e2c17717c684236bffdf7e3016dc467 de48dc460ccb44fe8471d716a0a99fac - - 1e3de47416ab442dac3acb72b83625e9 1e3de47416ab442dac3acb72b83625e9] 199.204.45.250 "GET /v2.0/networks/5772c077-e281-43d5-abc9-746986a96db5?fields=provider%3Aphysical_network&fields=provider%3Anetwork_type HTTP/1.1" status: 200 len: 277 time: 0.0639548
2026-05-06 02:28:54.825 9 INFO neutron.db.ovn_revision_numbers_db [None req-91009800-ea7c-4da7-b8cd-51f796f4eb0e 81a8e9c61d2647a7b468b887cd9b9571 eb7eb48ea9b947c1a40218bf1b74f432 - - default default] Successfully bumped revision number for resource 846fb3c6-5b61-4cd5-a5d2-a1da2c3ee97f (type: ports) to 2
2026-05-06 02:28:54.865 10 INFO neutron.wsgi [req-8a7bdbc9-dbf4-4c06-a096-9ad0275e06f4 req-3fe3bc0e-61ab-482f-953b-5f3dde6b9c4f 9e2c17717c684236bffdf7e3016dc467 de48dc460ccb44fe8471d716a0a99fac - - 1e3de47416ab442dac3acb72b83625e9 1e3de47416ab442dac3acb72b83625e9] 199.204.45.250 "GET /v2.0/ports?tenant_id=b4fe44d1f17d4cfc896e92cb2253ae94&device_id=ae5dc7ea-ffcb-4521-9dc4-b3721ad9c1aa HTTP/1.1" status: 200 len: 1361 time: 0.0356057
2026-05-06 02:28:54.923 9 WARNING neutron.scheduler.dhcp_agent_scheduler [None req-91009800-ea7c-4da7-b8cd-51f796f4eb0e 81a8e9c61d2647a7b468b887cd9b9571 eb7eb48ea9b947c1a40218bf1b74f432 - - default default] No more DHCP agents
2026-05-06 02:28:54.926 9 WARNING neutron.api.rpc.agentnotifiers.dhcp_rpc_agent_api [None req-91009800-ea7c-4da7-b8cd-51f796f4eb0e 81a8e9c61d2647a7b468b887cd9b9571 eb7eb48ea9b947c1a40218bf1b74f432 - - default default] Unable to schedule network 1cea25ab-5a04-4552-9583-7c6074a058fc: no agents available; will retry on subsequent port and subnet creation events.
2026-05-06 02:28:54.926 10 INFO neutron.wsgi [req-8a7bdbc9-dbf4-4c06-a096-9ad0275e06f4 req-9c172482-dd1b-4817-9ff0-5c8fbf1682f4 9e2c17717c684236bffdf7e3016dc467 de48dc460ccb44fe8471d716a0a99fac - - 1e3de47416ab442dac3acb72b83625e9 1e3de47416ab442dac3acb72b83625e9] 199.204.45.250 "GET /v2.0/networks?id=5772c077-e281-43d5-abc9-746986a96db5 HTTP/1.1" status: 200 len: 982 time: 0.0556209
2026-05-06 02:28:54.954 9 INFO neutron.db.ovn_revision_numbers_db [None req-7f8cd7a8-f853-46b9-89a2-a18d502592e1 - - - - - -] Successfully bumped revision number for resource 846fb3c6-5b61-4cd5-a5d2-a1da2c3ee97f (type: ports) to 3
2026-05-06 02:28:54.975 10 INFO neutron.wsgi [req-8a7bdbc9-dbf4-4c06-a096-9ad0275e06f4 req-1e464e3a-b78c-4c10-90c9-5755cef08d71 9e2c17717c684236bffdf7e3016dc467 de48dc460ccb44fe8471d716a0a99fac - - 1e3de47416ab442dac3acb72b83625e9 1e3de47416ab442dac3acb72b83625e9] 199.204.45.250 "GET /v2.0/floatingips?fixed_ip_address=10.100.0.8&port_id=a3d86f98-e997-4bc8-9318-be5f50ae5a41 HTTP/1.1" status: 200 len: 1059 time: 0.0422878
2026-05-06 02:28:55.012 10 INFO neutron.wsgi [req-8a7bdbc9-dbf4-4c06-a096-9ad0275e06f4 req-37f5e15d-bf56-4a58-89f6-73ceb85717b1 9e2c17717c684236bffdf7e3016dc467 de48dc460ccb44fe8471d716a0a99fac - - 1e3de47416ab442dac3acb72b83625e9 1e3de47416ab442dac3acb72b83625e9] 199.204.45.250 "GET /v2.0/subnets?id=35d9f209-7868-4b05-b17a-fc0e12b628f2 HTTP/1.1" status: 200 len: 877 time: 0.0299344
2026-05-06 02:28:55.046 10 INFO neutron.wsgi [req-8a7bdbc9-dbf4-4c06-a096-9ad0275e06f4 req-eb4b5ae7-7da8-4e2e-ad04-1920743ebb00 9e2c17717c684236bffdf7e3016dc467 de48dc460ccb44fe8471d716a0a99fac - - 1e3de47416ab442dac3acb72b83625e9 1e3de47416ab442dac3acb72b83625e9] 199.204.45.250 "GET /v2.0/ports?network_id=5772c077-e281-43d5-abc9-746986a96db5&device_owner=network%3Adhcp HTTP/1.1" status: 200 len: 210 time: 0.0262578
2026-05-06 02:28:55.109 9 INFO neutron.db.ovn_revision_numbers_db [None req-7f8cd7a8-f853-46b9-89a2-a18d502592e1 - - - - - -] Successfully bumped revision number for resource 846fb3c6-5b61-4cd5-a5d2-a1da2c3ee97f (type: router_ports) to 3
2026-05-06 02:28:55.110 10 INFO neutron.wsgi [req-8a7bdbc9-dbf4-4c06-a096-9ad0275e06f4 req-73974d1d-21cf-42e9-a13a-85684fe47ada 9e2c17717c684236bffdf7e3016dc467 de48dc460ccb44fe8471d716a0a99fac - - 1e3de47416ab442dac3acb72b83625e9 1e3de47416ab442dac3acb72b83625e9] 199.204.45.250 "GET /v2.0/networks/5772c077-e281-43d5-abc9-746986a96db5?fields=segments HTTP/1.1" status: 200 len: 212 time: 0.0575514
2026-05-06 02:28:55.135 9 INFO neutron.db.ovn_revision_numbers_db [None req-91009800-ea7c-4da7-b8cd-51f796f4eb0e 81a8e9c61d2647a7b468b887cd9b9571 eb7eb48ea9b947c1a40218bf1b74f432 - - - -] Successfully bumped revision number for resource 846fb3c6-5b61-4cd5-a5d2-a1da2c3ee97f (type: router_ports) to 3
2026-05-06 02:28:55.138 9 INFO neutron.wsgi [None req-91009800-ea7c-4da7-b8cd-51f796f4eb0e 81a8e9c61d2647a7b468b887cd9b9571 eb7eb48ea9b947c1a40218bf1b74f432 - - - -] 10.0.0.199 "PUT /v2.0/routers/abc1089b-c980-48c3-b40c-759ca6175bf7/add_router_interface HTTP/1.1" status: 200 len: 503 time: 1.4962511
2026-05-06 02:28:55.170 10 INFO neutron.wsgi [req-8a7bdbc9-dbf4-4c06-a096-9ad0275e06f4 req-1f903851-b1c1-4902-8fa6-73749d86f29d 9e2c17717c684236bffdf7e3016dc467 de48dc460ccb44fe8471d716a0a99fac - - 1e3de47416ab442dac3acb72b83625e9 1e3de47416ab442dac3acb72b83625e9] 199.204.45.250 "GET /v2.0/networks/5772c077-e281-43d5-abc9-746986a96db5?fields=provider%3Aphysical_network&fields=provider%3Anetwork_type HTTP/1.1" status: 200 len: 277 time: 0.0530555
2026-05-06 02:28:55.225 9 INFO neutron.wsgi [None req-192b3cd4-cf5a-460c-952b-95a2e7437769 81a8e9c61d2647a7b468b887cd9b9571 eb7eb48ea9b947c1a40218bf1b74f432 - - default default] 10.0.0.199 "GET /v2.0/ports/846fb3c6-5b61-4cd5-a5d2-a1da2c3ee97f HTTP/1.1" status: 200 len: 1137 time: 0.0770869
2026-05-06 02:28:55.942 10 INFO neutron.wsgi [req-0f596b34-bbe4-4bda-a41c-a488308d5c3e req-cb2f9e12-ef7f-4c67-9c1d-e216cf8c2ae9 790d354db5314698986f3469c271b266 b4fe44d1f17d4cfc896e92cb2253ae94 - - default default] 10.0.0.8 "GET /v2.0/ports?device_id=ae5dc7ea-ffcb-4521-9dc4-b3721ad9c1aa HTTP/1.1" status: 200 len: 1170 time: 0.0563385
2026-05-06 02:28:55.990 10 INFO neutron.wsgi [req-0f596b34-bbe4-4bda-a41c-a488308d5c3e req-459f4761-8390-4340-a2ad-886fd9552ff9 790d354db5314698986f3469c271b266 b4fe44d1f17d4cfc896e92cb2253ae94 - - default default] 10.0.0.8 "GET /v2.0/security-groups?id=12abe361-dad4-4841-b29d-6b3b49167125&fields=id&fields=name HTTP/1.1" status: 200 len: 312 time: 0.0417464
2026-05-06 02:28:56.027 9 WARNING neutron.scheduler.dhcp_agent_scheduler [None req-70f8777d-77b3-462a-9b98-b9b056c650cf 81a8e9c61d2647a7b468b887cd9b9571 eb7eb48ea9b947c1a40218bf1b74f432 - - default default] No more DHCP agents
2026-05-06 02:28:56.029 9 WARNING neutron.api.rpc.agentnotifiers.dhcp_rpc_agent_api [None req-70f8777d-77b3-462a-9b98-b9b056c650cf 81a8e9c61d2647a7b468b887cd9b9571 eb7eb48ea9b947c1a40218bf1b74f432 - - default default] Unable to schedule network 9cb8506e-6e0f-49d3-982c-ba8f85d77c13: no agents available; will retry on subsequent port and subnet creation events.
2026-05-06 02:28:56.173 9 INFO neutron.db.ovn_revision_numbers_db [None req-70f8777d-77b3-462a-9b98-b9b056c650cf 81a8e9c61d2647a7b468b887cd9b9571 eb7eb48ea9b947c1a40218bf1b74f432 - - default default] Successfully bumped revision number for resource 6dad440b-ecdc-4c53-835b-baa4831e9155 (type: ports) to 1
2026-05-06 02:28:56.295 10 INFO neutron.wsgi [req-7ef4dcb1-ca5e-4b34-a404-d1f85d1f6e70 req-d52deec9-74ad-4dd1-b92b-f8b40f45e05a 790d354db5314698986f3469c271b266 b4fe44d1f17d4cfc896e92cb2253ae94 - - default default] 199.204.45.250 "GET /v2.0/ports?device_id=ae5dc7ea-ffcb-4521-9dc4-b3721ad9c1aa HTTP/1.1" status: 200 len: 1170 time: 0.0938919
2026-05-06 02:28:56.661 10 INFO neutron.db.l3_db [None req-a4ca48ec-b58c-408f-88ae-5395aee0c395 790d354db5314698986f3469c271b266 b4fe44d1f17d4cfc896e92cb2253ae94 - - - -] Floating IP b929e5db-f090-46df-97aa-53e4445c4816 disassociated. External IP: 10.96.250.207, port: a3d86f98-e997-4bc8-9318-be5f50ae5a41.
2026-05-06 02:28:56.684 9 INFO neutron.db.ovn_revision_numbers_db [None req-70f8777d-77b3-462a-9b98-b9b056c650cf 81a8e9c61d2647a7b468b887cd9b9571 eb7eb48ea9b947c1a40218bf1b74f432 - - default default] Successfully bumped revision number for resource 6dad440b-ecdc-4c53-835b-baa4831e9155 (type: router_ports) to 2
2026-05-06 02:28:56.847 9 INFO neutron.db.ovn_revision_numbers_db [None req-70f8777d-77b3-462a-9b98-b9b056c650cf 81a8e9c61d2647a7b468b887cd9b9571 eb7eb48ea9b947c1a40218bf1b74f432 - - default default] Successfully bumped revision number for resource 6dad440b-ecdc-4c53-835b-baa4831e9155 (type: ports) to 2
2026-05-06 02:28:56.873 10 INFO neutron.wsgi [None req-a4ca48ec-b58c-408f-88ae-5395aee0c395 790d354db5314698986f3469c271b266 b4fe44d1f17d4cfc896e92cb2253ae94 - - - -] 199.204.45.250 "DELETE /v2.0/ports/a3d86f98-e997-4bc8-9318-be5f50ae5a41 HTTP/1.1" status: 204 len: 173 time: 0.5714324
2026-05-06 02:28:56.927 10 INFO neutron.notifiers.nova [-] Nova event matching ['req-be3292f2-0e2b-47b6-9eb5-c6cd6f377d07'] response: {'server_uuid': 'ae5dc7ea-ffcb-4521-9dc4-b3721ad9c1aa', 'name': 'network-vif-deleted', 'tag': 'a3d86f98-e997-4bc8-9318-be5f50ae5a41', 'status': 'completed', 'code': 200}
2026-05-06 02:28:56.951 9 WARNING neutron.scheduler.dhcp_agent_scheduler [None req-70f8777d-77b3-462a-9b98-b9b056c650cf 81a8e9c61d2647a7b468b887cd9b9571 eb7eb48ea9b947c1a40218bf1b74f432 - - default default] No more DHCP agents
2026-05-06 02:28:56.952 9 WARNING neutron.api.rpc.agentnotifiers.dhcp_rpc_agent_api [None req-70f8777d-77b3-462a-9b98-b9b056c650cf 81a8e9c61d2647a7b468b887cd9b9571 eb7eb48ea9b947c1a40218bf1b74f432 - - default default] Unable to schedule network 9cb8506e-6e0f-49d3-982c-ba8f85d77c13: no agents available; will retry on subsequent port and subnet creation events. /var/lib/openstack/lib/python3.10/site-packages/pycadf/identifier.py:71: UserWarning: Invalid uuid: neutron. To ensure interoperability, identifiers should be a valid uuid. warnings.warn(('Invalid uuid: %s. To ensure interoperability, '
2026-05-06 02:28:57.121 9 INFO neutron.db.ovn_revision_numbers_db [None req-70f8777d-77b3-462a-9b98-b9b056c650cf 81a8e9c61d2647a7b468b887cd9b9571 eb7eb48ea9b947c1a40218bf1b74f432 - - - -] Successfully bumped revision number for resource 6dad440b-ecdc-4c53-835b-baa4831e9155 (type: router_ports) to 2
2026-05-06 02:28:57.124 9 INFO neutron.wsgi [None req-70f8777d-77b3-462a-9b98-b9b056c650cf 81a8e9c61d2647a7b468b887cd9b9571 eb7eb48ea9b947c1a40218bf1b74f432 - - - -] 10.0.0.199 "PUT /v2.0/routers/abc1089b-c980-48c3-b40c-759ca6175bf7/add_router_interface HTTP/1.1" status: 200 len: 503 time: 1.8937588
2026-05-06 02:28:57.127 10 INFO neutron.wsgi [req-e20cf3fb-4299-4a14-b4e6-fb7d0d57fee4 req-f8f0ae42-b19b-4af3-b0ac-15b968af19fd 790d354db5314698986f3469c271b266 b4fe44d1f17d4cfc896e92cb2253ae94 - - default default] 10.0.0.8 "GET /v2.0/ports?device_id=ae5dc7ea-ffcb-4521-9dc4-b3721ad9c1aa HTTP/1.1" status: 200 len: 210 time: 0.0418715
2026-05-06 02:28:57.160 9 INFO neutron.wsgi [None req-9a3219e0-bf3b-46d3-aaf6-dd1e3a485b76 81a8e9c61d2647a7b468b887cd9b9571 eb7eb48ea9b947c1a40218bf1b74f432 - - default default] 10.0.0.199 "GET /v2.0/ports/6dad440b-ecdc-4c53-835b-baa4831e9155 HTTP/1.1" status: 200 len: 1135 time: 0.0317433
2026-05-06 02:28:57.196 9 INFO neutron.wsgi [None req-a90fa58a-e5f6-4725-8aad-ea312b4800c0 81a8e9c61d2647a7b468b887cd9b9571 eb7eb48ea9b947c1a40218bf1b74f432 - - default default] 10.0.0.199 "GET /v2.0/ports/6dad440b-ecdc-4c53-835b-baa4831e9155 HTTP/1.1" status: 200 len: 1135 time: 0.0315714
2026-05-06 02:28:57.402 10 INFO neutron.db.ovn_revision_numbers_db [None req-f3e969b5-4176-43fa-8161-fa05bcf946ee 9030e845e549407f873747d5b74e3f6d a4a0ce4dc7f14d4cb436fd58f99b5256 - - default default] Successfully bumped revision number for resource 69e98dcc-6ee7-42b6-8975-a524dd560fbf (type: security_groups) to 1
2026-05-06 02:28:57.420 10 INFO neutron.wsgi [None req-f3e969b5-4176-43fa-8161-fa05bcf946ee 9030e845e549407f873747d5b74e3f6d a4a0ce4dc7f14d4cb436fd58f99b5256 - - default default] 10.0.0.199 "GET /v2.0/security-groups?tenant_id=5a209f7d82de45feb3a397e5efd7f624&name=default HTTP/1.1" status: 200 len: 2996 time: 0.1868052
2026-05-06 02:28:57.421 9 INFO neutron.wsgi [None req-468af32c-0e91-4f6e-a6c6-761cc0afa1c5 4183197816fa432a8f2fbee97e36c245 825f3bf28f814fbe838fa95e125b13ef - - default default] 10.0.0.61 "GET /v2.0/extensions HTTP/1.1" status: 200 len: 16525 time: 0.0503793
2026-05-06 02:28:57.546 9 INFO neutron.wsgi [None req-6aaae369-2f6c-4f45-b342-a84cfbba1fff 4183197816fa432a8f2fbee97e36c245 825f3bf28f814fbe838fa95e125b13ef - - default default] 10.0.0.61 "GET /v2.0/quotas/825f3bf28f814fbe838fa95e125b13ef/details HTTP/1.1" status: 200 len: 756 time: 0.1060646
2026-05-06 02:28:57.619 10 INFO neutron.wsgi [None req-a376e164-95b2-4b8f-81da-b0c14a66e74d 9030e845e549407f873747d5b74e3f6d a4a0ce4dc7f14d4cb436fd58f99b5256 - - - -] 10.0.0.199 "DELETE /v2.0/security-groups/69e98dcc-6ee7-42b6-8975-a524dd560fbf HTTP/1.1" status: 204 len: 168 time: 0.1934392
2026-05-06 02:28:57.806 9 INFO neutron.db.ovn_revision_numbers_db [None req-ab1b16bb-7c85-4b32-abd5-8da2988084d5 9030e845e549407f873747d5b74e3f6d a4a0ce4dc7f14d4cb436fd58f99b5256 - - default default] Successfully bumped revision number for resource 7febc9a4-fb56-43f0-83d4-be0d76a771e5 (type: security_groups) to 1
2026-05-06 02:28:57.842 9 INFO neutron.wsgi [None req-ab1b16bb-7c85-4b32-abd5-8da2988084d5 9030e845e549407f873747d5b74e3f6d a4a0ce4dc7f14d4cb436fd58f99b5256 - - default default] 10.0.0.199 "GET /v2.0/security-groups?tenant_id=738705912c5f43a197437d059959a27c&name=default HTTP/1.1" status: 200 len: 2996 time: 0.1293309
2026-05-06 02:28:58.020 9 INFO neutron.wsgi [None req-f1eccd2b-a219-43ac-9dd9-edf1b623041d 9030e845e549407f873747d5b74e3f6d a4a0ce4dc7f14d4cb436fd58f99b5256 - - - -] 10.0.0.199 "DELETE /v2.0/security-groups/7febc9a4-fb56-43f0-83d4-be0d76a771e5 HTTP/1.1" status: 204 len: 168 time: 0.1668580
2026-05-06 02:28:58.295 9 INFO neutron.wsgi [None req-5e17228d-5c85-4ff6-b14f-569cf5c41124 81a8e9c61d2647a7b468b887cd9b9571 eb7eb48ea9b947c1a40218bf1b74f432 - - default default] 10.0.0.199 "GET /v2.0/ports/6dad440b-ecdc-4c53-835b-baa4831e9155 HTTP/1.1" status: 200 len: 1135 time: 0.0932734
2026-05-06 02:28:58.332 10 INFO neutron.wsgi [None req-5f839a1c-f020-447e-8eb0-c412c5f25eff 790d354db5314698986f3469c271b266 b4fe44d1f17d4cfc896e92cb2253ae94 - - - -] 10.0.0.199 "DELETE /v2.0/security-groups/12abe361-dad4-4841-b29d-6b3b49167125 HTTP/1.1" status: 204 len: 168 time: 0.1170878
2026-05-06 02:28:58.347 10 INFO neutron.api.v2.resource [None req-3266e9a1-cae7-483b-bc34-d5944fa27f87 790d354db5314698986f3469c271b266 b4fe44d1f17d4cfc896e92cb2253ae94 - - default default] show failed (client error): The resource could not be found.
2026-05-06 02:28:58.349 10 INFO neutron.wsgi [None req-3266e9a1-cae7-483b-bc34-d5944fa27f87 790d354db5314698986f3469c271b266 b4fe44d1f17d4cfc896e92cb2253ae94 - - default default] 10.0.0.199 "GET /v2.0/security-groups/12abe361-dad4-4841-b29d-6b3b49167125 HTTP/1.1" status: 404 len: 347 time: 0.0132949
2026-05-06 02:28:58.682 10 INFO neutron.wsgi [None req-8c820d0b-0529-4e4e-8d23-5946791acc2c 790d354db5314698986f3469c271b266 b4fe44d1f17d4cfc896e92cb2253ae94 - - - -] 10.0.0.199 "DELETE /v2.0/floatingips/b929e5db-f090-46df-97aa-53e4445c4816 HTTP/1.1" status: 204 len: 168 time: 0.3269732
2026-05-06 02:28:59.424 10 INFO neutron.wsgi [None req-1906627e-b822-43a2-8394-12ffd7dedeea 81a8e9c61d2647a7b468b887cd9b9571 eb7eb48ea9b947c1a40218bf1b74f432 - - default default] 10.0.0.199 "GET /v2.0/ports/6dad440b-ecdc-4c53-835b-baa4831e9155 HTTP/1.1" status: 200 len: 1135 time: 0.1204436
2026-05-06 02:28:59.730 10 INFO neutron.wsgi [None req-33d203b3-9b59-47d9-bcb9-ba844581273f 9030e845e549407f873747d5b74e3f6d a4a0ce4dc7f14d4cb436fd58f99b5256 - - - -] 10.0.0.199 "PUT /v2.0/routers/e0f96e8f-7670-4852-84c5-57cb3ab09868/remove_router_interface HTTP/1.1" status: 200 len: 503 time: 0.9856186 /var/lib/openstack/lib/python3.10/site-packages/pycadf/identifier.py:71: UserWarning: Invalid uuid: neutron. To ensure interoperability, identifiers should be a valid uuid. warnings.warn(('Invalid uuid: %s. To ensure interoperability, '
2026-05-06 02:28:59.965 10 INFO neutron.wsgi [None req-df55e35a-f184-44c6-afef-75ff443f2010 4183197816fa432a8f2fbee97e36c245 825f3bf28f814fbe838fa95e125b13ef - - default default] 10.0.0.61 "GET /v2.0/extensions HTTP/1.1" status: 200 len: 16525 time: 0.0074327
2026-05-06 02:29:00.344 9 WARNING neutron.plugins.ml2.drivers.ovn.mech_driver.ovsdb.ovn_client [None req-7f8cd7a8-f853-46b9-89a2-a18d502592e1 - - - - - -] No hosting information found for port 846fb3c6-5b61-4cd5-a5d2-a1da2c3ee97f: RuntimeError: No hosting information found for port 846fb3c6-5b61-4cd5-a5d2-a1da2c3ee97f
2026-05-06 02:29:00.345 9 INFO neutron.plugins.ml2.drivers.ovn.mech_driver.mech_driver [None req-7f8cd7a8-f853-46b9-89a2-a18d502592e1 - - - - - -] OVN reports status down for port: a3d86f98-e997-4bc8-9318-be5f50ae5a41
2026-05-06 02:29:00.348 9 INFO neutron.wsgi [-] 10.0.0.207 "GET / HTTP/1.1" status: 200 len: 247 time: 0.0015786
2026-05-06 02:29:00.351 9 INFO neutron.wsgi [-] 10.0.0.207 "GET / HTTP/1.1" status: 200 len: 247 time: 0.0019534
2026-05-06 02:29:00.362 9 INFO neutron.plugins.ml2.drivers.ovn.mech_driver.mech_driver [None req-7f8cd7a8-f853-46b9-89a2-a18d502592e1 - - - - - -] OVN reports status up for port: 6dad440b-ecdc-4c53-835b-baa4831e9155
2026-05-06 02:29:00.367 9 INFO neutron.plugins.ml2.plugin [None req-7f8cd7a8-f853-46b9-89a2-a18d502592e1 - - - - - -] Attempt 1 to provision port 6dad440b-ecdc-4c53-835b-baa4831e9155
2026-05-06 02:29:00.368 10 INFO neutron.wsgi [None req-265ade5f-3e85-4deb-a758-c39a60d98654 4183197816fa432a8f2fbee97e36c245 825f3bf28f814fbe838fa95e125b13ef - - default default] 10.0.0.61 "GET /v2.0/quotas/825f3bf28f814fbe838fa95e125b13ef/details HTTP/1.1" status: 200 len: 756 time: 0.3796277
2026-05-06 02:29:00.470 9 INFO neutron.wsgi [None req-5ecf9623-ff16-4fe9-bd18-bc63933b19ed 81a8e9c61d2647a7b468b887cd9b9571 eb7eb48ea9b947c1a40218bf1b74f432 - - default default] 10.0.0.199 "GET /v2.0/ports/6dad440b-ecdc-4c53-835b-baa4831e9155 HTTP/1.1" status: 200 len: 1135 time: 0.0401652
2026-05-06 02:29:00.574 10 INFO neutron.wsgi [None req-ee1f8b1d-9d2c-4e6d-8e93-a13fefcf77a9 9030e845e549407f873747d5b74e3f6d a4a0ce4dc7f14d4cb436fd58f99b5256 - - - -] 10.0.0.199 "DELETE /v2.0/routers/e0f96e8f-7670-4852-84c5-57cb3ab09868 HTTP/1.1" status: 204 len: 168 time: 0.8400285
2026-05-06 02:29:00.644 9 INFO neutron.db.ovn_revision_numbers_db [None req-7f8cd7a8-f853-46b9-89a2-a18d502592e1 - - - - - -] Successfully bumped revision number for resource 6dad440b-ecdc-4c53-835b-baa4831e9155 (type: ports) to 3
2026-05-06 02:29:00.740 9 INFO neutron.db.ovn_revision_numbers_db [None req-85247b61-9b0e-4ed2-9433-b3a7d4628f95 9030e845e549407f873747d5b74e3f6d a4a0ce4dc7f14d4cb436fd58f99b5256 - - default default] Successfully bumped revision number for resource 38f33d0a-ac02-42ef-8b01-4195ecb0752e (type: security_groups) to 1
2026-05-06 02:29:00.764 10 INFO neutron.wsgi [None req-f67ddf26-6385-4762-a94c-364e852cfbd2 9030e845e549407f873747d5b74e3f6d a4a0ce4dc7f14d4cb436fd58f99b5256 - - - -] 10.0.0.199 "DELETE /v2.0/subnets/35d9f209-7868-4b05-b17a-fc0e12b628f2 HTTP/1.1" status: 204 len: 168 time: 0.1827743
2026-05-06 02:29:00.766 9 INFO neutron.wsgi [None req-85247b61-9b0e-4ed2-9433-b3a7d4628f95 9030e845e549407f873747d5b74e3f6d a4a0ce4dc7f14d4cb436fd58f99b5256 - - default default] 10.0.0.199 "GET /v2.0/security-groups?tenant_id=625cccbb68524506b322a8fc1ec694db&name=default HTTP/1.1" status: 200 len: 2996 time: 0.2703724
2026-05-06 02:29:00.776 9 INFO neutron.db.ovn_revision_numbers_db [None req-7f8cd7a8-f853-46b9-89a2-a18d502592e1 - - - - - -] Successfully bumped revision number for resource 6dad440b-ecdc-4c53-835b-baa4831e9155 (type: router_ports) to 3
2026-05-06 02:29:01.029 9 INFO neutron.wsgi [None req-35810751-7399-4778-be41-372ebba60b08 9030e845e549407f873747d5b74e3f6d a4a0ce4dc7f14d4cb436fd58f99b5256 - - - -] 10.0.0.199 "DELETE /v2.0/security-groups/38f33d0a-ac02-42ef-8b01-4195ecb0752e HTTP/1.1" status: 204 len: 168 time: 0.2588563
2026-05-06 02:29:01.149 9 INFO neutron.services.segments.plugin [-] Segment 3ef8421a-c498-4ef6-aed5-18cfc0d3c2ce resource provider aggregate not found
2026-05-06 02:29:01.154 9 INFO neutron.services.segments.plugin [-] Segment 3ef8421a-c498-4ef6-aed5-18cfc0d3c2ce resource provider aggregate not found
2026-05-06 02:29:01.171 9 INFO neutron.services.segments.plugin [-] Segment 3ef8421a-c498-4ef6-aed5-18cfc0d3c2ce resource provider not found; error: Placement Client Error (4xx): {"errors": [{"status": 404, "title": "Not Found", "detail": "The resource could not be found.\n\n No resource provider with uuid 3ef8421a-c498-4ef6-aed5-18cfc0d3c2ce found for delete ", "request_id": "req-6f0d3aa1-0191-4eb9-be9d-cf409aeaeae3"}]}
2026-05-06 02:29:01.172 9 INFO neutron.services.segments.plugin [-] Segment 3ef8421a-c498-4ef6-aed5-18cfc0d3c2ce resource provider not found; error: Placement Client Error (4xx): {"errors": [{"status": 404, "title": "Not Found", "detail": "The resource could not be found.\n\n No resource provider with uuid 3ef8421a-c498-4ef6-aed5-18cfc0d3c2ce found for delete ", "request_id": "req-e44fcc24-a336-496e-b617-9b1ee02fe7f7"}]}
2026-05-06 02:29:01.231 9 INFO neutron.wsgi [None req-580141c0-ca66-4300-9e5c-3972fa1f8916 9030e845e549407f873747d5b74e3f6d a4a0ce4dc7f14d4cb436fd58f99b5256 - - - -] 10.0.0.199 "DELETE /v2.0/networks/5772c077-e281-43d5-abc9-746986a96db5 HTTP/1.1" status: 204 len: 168 time: 0.4560852
2026-05-06 02:29:01.401 10 INFO neutron.wsgi [None req-d9e4172a-73d2-4d4e-a48c-2379bfde2cb0 9030e845e549407f873747d5b74e3f6d a4a0ce4dc7f14d4cb436fd58f99b5256 - - default default] 10.0.0.199 "GET /v2.0/security-groups?tenant_id=b4fe44d1f17d4cfc896e92cb2253ae94&name=default HTTP/1.1" status: 200 len: 2996 time: 0.0292566
2026-05-06 02:29:01.524 9 INFO neutron.wsgi [None req-bf88f896-6df9-48ad-b5a1-9e6bc9b78cf3 81a8e9c61d2647a7b468b887cd9b9571 eb7eb48ea9b947c1a40218bf1b74f432 - - default default] 10.0.0.199 "GET /v2.0/ports/6dad440b-ecdc-4c53-835b-baa4831e9155 HTTP/1.1" status: 200 len: 1137 time: 0.0484059
2026-05-06 02:29:01.640 10 INFO neutron.wsgi [None req-468dee17-56f7-4335-8d90-b7746b488083 9030e845e549407f873747d5b74e3f6d a4a0ce4dc7f14d4cb436fd58f99b5256 - - - -] 10.0.0.199 "DELETE /v2.0/security-groups/80af8730-f636-4007-b3ff-239b2efa477c HTTP/1.1" status: 204 len: 168 time: 0.2349207
2026-05-06 02:29:02.269 9 INFO neutron.wsgi [None req-2418ad5d-aa2f-45f1-a8b4-3495f77b22e3 81a8e9c61d2647a7b468b887cd9b9571 eb7eb48ea9b947c1a40218bf1b74f432 - - - -] 10.0.0.199 "PUT /v2.0/routers/abc1089b-c980-48c3-b40c-759ca6175bf7/remove_router_interface HTTP/1.1" status: 200 len: 503 time: 0.7387452 /var/lib/openstack/lib/python3.10/site-packages/pycadf/identifier.py:71: UserWarning: Invalid uuid: neutron. To ensure interoperability, identifiers should be a valid uuid. warnings.warn(('Invalid uuid: %s. To ensure interoperability, '
2026-05-06 02:29:02.365 9 INFO neutron.wsgi [None req-97cd4b0c-15f2-4838-ab93-35fc11f088f0 81a8e9c61d2647a7b468b887cd9b9571 eb7eb48ea9b947c1a40218bf1b74f432 - - default default] 10.0.0.199 "GET /v2.0/ports/846fb3c6-5b61-4cd5-a5d2-a1da2c3ee97f HTTP/1.1" status: 200 len: 1137 time: 0.0920992
2026-05-06 02:29:02.952 10 INFO neutron.db.ovn_revision_numbers_db [None req-9aa45df4-ed0e-418c-885d-f667c3e3bca8 9030e845e549407f873747d5b74e3f6d a4a0ce4dc7f14d4cb436fd58f99b5256 - - default default] Successfully bumped revision number for resource a2cba9a6-57d6-4323-80dc-d884f3799542 (type: security_groups) to 1
2026-05-06 02:29:02.979 10 INFO neutron.wsgi [None req-9aa45df4-ed0e-418c-885d-f667c3e3bca8 9030e845e549407f873747d5b74e3f6d a4a0ce4dc7f14d4cb436fd58f99b5256 - - default default] 10.0.0.199 "GET /v2.0/security-groups?tenant_id=825f3bf28f814fbe838fa95e125b13ef&name=default HTTP/1.1" status: 200 len: 2996 time: 0.2558818
2026-05-06 02:29:03.157 10 INFO neutron.wsgi [None req-f4715e4a-24a7-4ba6-bdb7-dc4734195058 9030e845e549407f873747d5b74e3f6d a4a0ce4dc7f14d4cb436fd58f99b5256 - - - -] 10.0.0.199 "DELETE /v2.0/security-groups/a2cba9a6-57d6-4323-80dc-d884f3799542 HTTP/1.1" status: 204 len: 168 time: 0.1738441
2026-05-06 02:29:03.430 9 INFO neutron.wsgi [None req-8fd34197-0d76-4183-b8d2-5874b13e4167 81a8e9c61d2647a7b468b887cd9b9571 eb7eb48ea9b947c1a40218bf1b74f432 - - - -] 10.0.0.199 "PUT /v2.0/routers/abc1089b-c980-48c3-b40c-759ca6175bf7/remove_router_interface HTTP/1.1" status: 200 len: 503 time: 1.0588822 /var/lib/openstack/lib/python3.10/site-packages/pycadf/identifier.py:71: UserWarning: Invalid uuid: neutron. To ensure interoperability, identifiers should be a valid uuid. warnings.warn(('Invalid uuid: %s. To ensure interoperability, '
2026-05-06 02:29:03.461 9 INFO neutron.wsgi [None req-57b4216d-7d61-4ffa-aa1c-043635bd1a62 81a8e9c61d2647a7b468b887cd9b9571 eb7eb48ea9b947c1a40218bf1b74f432 - - default default] 10.0.0.199 "GET /v2.0/ports?device_id=abc1089b-c980-48c3-b40c-759ca6175bf7 HTTP/1.1" status: 200 len: 205 time: 0.0267847
2026-05-06 02:29:03.679 9 INFO neutron.wsgi [None req-0c344824-5568-4fa1-80e8-639e282e5861 81a8e9c61d2647a7b468b887cd9b9571 eb7eb48ea9b947c1a40218bf1b74f432 - - - -] 10.0.0.199 "DELETE /v2.0/routers/abc1089b-c980-48c3-b40c-759ca6175bf7 HTTP/1.1" status: 204 len: 168 time: 0.2132230
2026-05-06 02:29:03.707 10 INFO neutron.db.ovn_revision_numbers_db [None req-56e3448e-36a0-4e56-99b9-bcc40d6d1a36 9030e845e549407f873747d5b74e3f6d a4a0ce4dc7f14d4cb436fd58f99b5256 - - - -] Successfully bumped revision number for resource cbcda7be-21a1-4f49-985a-7b88075e9a44 (type: security_groups) to 1
2026-05-06 02:29:03.769 10 INFO neutron.db.segments_db [None req-56e3448e-36a0-4e56-99b9-bcc40d6d1a36 9030e845e549407f873747d5b74e3f6d a4a0ce4dc7f14d4cb436fd58f99b5256 - - - -] Added segment b3dc32df-eadc-4fcb-8cbb-1be73c3a62eb of type geneve for network 85ba4fba-1a2a-490e-9181-2aaec59fcba4
2026-05-06 02:29:03.927 10 INFO neutron.db.ovn_revision_numbers_db [None req-56e3448e-36a0-4e56-99b9-bcc40d6d1a36 9030e845e549407f873747d5b74e3f6d a4a0ce4dc7f14d4cb436fd58f99b5256 - - - -] Successfully bumped revision number for resource 85ba4fba-1a2a-490e-9181-2aaec59fcba4 (type: networks) to 1
2026-05-06 02:29:03.953 10 INFO neutron.wsgi [None req-68263d7f-1865-47b5-a0ca-7f8f675a420f 81a8e9c61d2647a7b468b887cd9b9571 eb7eb48ea9b947c1a40218bf1b74f432 - - - -] 10.0.0.199 "DELETE /v2.0/subnets/7e89f5c3-8bf0-4721-8b5e-483d66dcd1f6 HTTP/1.1" status: 204 len: 168 time: 0.2682874
2026-05-06 02:29:04.115 10 WARNING neutron.scheduler.dhcp_agent_scheduler [None req-56e3448e-36a0-4e56-99b9-bcc40d6d1a36 9030e845e549407f873747d5b74e3f6d a4a0ce4dc7f14d4cb436fd58f99b5256 - - - -] No more DHCP agents
2026-05-06 02:29:04.116 10 WARNING neutron.api.rpc.agentnotifiers.dhcp_rpc_agent_api [None req-56e3448e-36a0-4e56-99b9-bcc40d6d1a36 9030e845e549407f873747d5b74e3f6d a4a0ce4dc7f14d4cb436fd58f99b5256 - - - -] Unable to schedule network 85ba4fba-1a2a-490e-9181-2aaec59fcba4: no agents available; will retry on subsequent port and subnet creation events.
2026-05-06 02:29:04.133 9 INFO neutron.wsgi [None req-b2cfa52e-0a6f-4d7f-b57a-c3f0e0ac8720 81a8e9c61d2647a7b468b887cd9b9571 eb7eb48ea9b947c1a40218bf1b74f432 - - - -] 10.0.0.199 "DELETE /v2.0/subnets/77cf442a-fb6c-44c6-860a-83bd925ee3f5 HTTP/1.1" status: 204 len: 168 time: 0.1747723
2026-05-06 02:29:04.185 10 INFO neutron.db.ovn_revision_numbers_db [None req-56e3448e-36a0-4e56-99b9-bcc40d6d1a36 9030e845e549407f873747d5b74e3f6d a4a0ce4dc7f14d4cb436fd58f99b5256 - - - -] Successfully bumped revision number for resource b1963ac4-3ff0-47a9-8a7c-2cd8937e2594 (type: ports) to 1
2026-05-06 02:29:04.208 10 INFO neutron.wsgi [None req-56e3448e-36a0-4e56-99b9-bcc40d6d1a36 9030e845e549407f873747d5b74e3f6d a4a0ce4dc7f14d4cb436fd58f99b5256 - - - -] 10.0.0.199 "POST /v2.0/networks HTTP/1.1" status: 201 len: 939 time: 0.7862151
2026-05-06 02:29:04.374 10 WARNING neutron.scheduler.dhcp_agent_scheduler [None req-ea69944b-8965-4860-996f-3f97745a5f75 9030e845e549407f873747d5b74e3f6d a4a0ce4dc7f14d4cb436fd58f99b5256 - - - -] No more DHCP agents
2026-05-06 02:29:04.378 10 WARNING neutron.api.rpc.agentnotifiers.dhcp_rpc_agent_api [None req-ea69944b-8965-4860-996f-3f97745a5f75 9030e845e549407f873747d5b74e3f6d a4a0ce4dc7f14d4cb436fd58f99b5256 - - - -] Unable to schedule network 85ba4fba-1a2a-490e-9181-2aaec59fcba4: no agents available; will retry on subsequent port and subnet creation events.
2026-05-06 02:29:04.507 9 INFO neutron.services.segments.plugin [-] Segment 57ac7b36-3b68-4df5-83cf-16273b1c72e5 resource provider aggregate not found
2026-05-06 02:29:04.511 9 INFO neutron.services.segments.plugin [-] Segment 57ac7b36-3b68-4df5-83cf-16273b1c72e5 resource provider aggregate not found
2026-05-06 02:29:04.530 9 INFO neutron.services.segments.plugin [-] Segment 57ac7b36-3b68-4df5-83cf-16273b1c72e5 resource provider not found; error: Placement Client Error (4xx): {"errors": [{"status": 404, "title": "Not Found", "detail": "The resource could not be found.\n\n No resource provider with uuid 57ac7b36-3b68-4df5-83cf-16273b1c72e5 found for delete ", "request_id": "req-ee912021-95e6-47a0-8324-c84660bca8cc"}]}
2026-05-06 02:29:04.531 9 INFO neutron.services.segments.plugin [-] Segment 57ac7b36-3b68-4df5-83cf-16273b1c72e5 resource provider not found; error: Placement Client Error (4xx): {"errors": [{"status": 404, "title": "Not Found", "detail": "The resource could not be found.\n\n No resource provider with uuid 57ac7b36-3b68-4df5-83cf-16273b1c72e5 found for delete ", "request_id": "req-355cc2dc-9a89-4184-a58a-f9efe12ed820"}]}
2026-05-06 02:29:04.560 9 INFO neutron.wsgi [None req-92ca6486-ac5b-46e9-bab2-6383e9445e27 81a8e9c61d2647a7b468b887cd9b9571 eb7eb48ea9b947c1a40218bf1b74f432 - - - -] 10.0.0.199 "DELETE /v2.0/networks/9cb8506e-6e0f-49d3-982c-ba8f85d77c13 HTTP/1.1" status: 204 len: 168 time: 0.4209294
2026-05-06 02:29:04.973 10 INFO neutron.db.ovn_revision_numbers_db [None req-ea69944b-8965-4860-996f-3f97745a5f75 9030e845e549407f873747d5b74e3f6d a4a0ce4dc7f14d4cb436fd58f99b5256 - - - -] Successfully bumped revision number for resource b1963ac4-3ff0-47a9-8a7c-2cd8937e2594 (type: ports) to 2
2026-05-06 02:29:04.992 10 INFO neutron.db.ovn_revision_numbers_db [None req-ea69944b-8965-4860-996f-3f97745a5f75 9030e845e549407f873747d5b74e3f6d a4a0ce4dc7f14d4cb436fd58f99b5256 - - - -] Successfully bumped revision number for resource 9c0edefa-7d2a-4dc0-b0e5-7ece2df80323 (type: subnets) to 0
2026-05-06 02:29:05.025 10 INFO neutron.services.segments.plugin [-] Segment a016a4f9-9408-4573-9fd8-9965a07588bb resource provider aggregate not found
2026-05-06 02:29:05.031 10 INFO neutron.services.segments.plugin [-] Segment a016a4f9-9408-4573-9fd8-9965a07588bb resource provider aggregate not found
2026-05-06 02:29:05.052 10 INFO neutron.wsgi [None req-ea69944b-8965-4860-996f-3f97745a5f75 9030e845e549407f873747d5b74e3f6d a4a0ce4dc7f14d4cb436fd58f99b5256 - - - -] 10.0.0.199 "POST /v2.0/subnets HTTP/1.1" status: 201 len: 860 time: 0.8396451
2026-05-06 02:29:05.052 10 INFO neutron.services.segments.plugin [-] Segment a016a4f9-9408-4573-9fd8-9965a07588bb resource provider not found; error: Placement Client Error (4xx): {"errors": [{"status": 404, "title": "Not Found", "detail": "The resource could not be found.\n\n No resource provider with uuid a016a4f9-9408-4573-9fd8-9965a07588bb found for delete ", "request_id": "req-987ac7dd-16a0-47f2-9433-d5ce6b4bcd16"}]}
2026-05-06 02:29:05.053 10 INFO neutron.services.segments.plugin [-] Segment a016a4f9-9408-4573-9fd8-9965a07588bb resource provider not found; error: Placement Client Error (4xx): {"errors": [{"status": 404, "title": "Not Found", "detail": "The resource could not be found.\n\n No resource provider with uuid a016a4f9-9408-4573-9fd8-9965a07588bb found for delete ", "request_id": "req-dbc4723f-2c85-40e2-8b42-4d0652fa31f7"}]}
2026-05-06 02:29:05.082 10 INFO neutron.wsgi [None req-fe3b1711-87fa-495c-ad6e-27d1bb81cfcd 81a8e9c61d2647a7b468b887cd9b9571 eb7eb48ea9b947c1a40218bf1b74f432 - - - -] 10.0.0.199 "DELETE /v2.0/networks/1cea25ab-5a04-4552-9583-7c6074a058fc HTTP/1.1" status: 204 len: 168 time: 0.5148432
2026-05-06 02:29:05.173 9 INFO neutron.db.segments_db [None req-10589b25-3e68-4d30-9652-5fe9202bdc9a 81a8e9c61d2647a7b468b887cd9b9571 eb7eb48ea9b947c1a40218bf1b74f432 - - - -] Added segment c5410f8c-c914-46bd-9e9b-036024a12535 of type geneve for network bd349d02-fb36-42cc-a579-f13ddcc7cbcb
2026-05-06 02:29:05.308 9 INFO neutron.db.ovn_revision_numbers_db [None req-10589b25-3e68-4d30-9652-5fe9202bdc9a 81a8e9c61d2647a7b468b887cd9b9571 eb7eb48ea9b947c1a40218bf1b74f432 - - - -] Successfully bumped revision number for resource bd349d02-fb36-42cc-a579-f13ddcc7cbcb (type: networks) to 1
2026-05-06 02:29:05.501 9 WARNING neutron.scheduler.dhcp_agent_scheduler [None req-10589b25-3e68-4d30-9652-5fe9202bdc9a 81a8e9c61d2647a7b468b887cd9b9571 eb7eb48ea9b947c1a40218bf1b74f432 - - - -] No more DHCP agents
2026-05-06 02:29:05.503 9 WARNING neutron.api.rpc.agentnotifiers.dhcp_rpc_agent_api [None req-10589b25-3e68-4d30-9652-5fe9202bdc9a 81a8e9c61d2647a7b468b887cd9b9571 eb7eb48ea9b947c1a40218bf1b74f432 - - - -] Unable to schedule network bd349d02-fb36-42cc-a579-f13ddcc7cbcb: no agents available; will retry on subsequent port and subnet creation events.
2026-05-06 02:29:05.563 10 WARNING neutron.scheduler.dhcp_agent_scheduler [None req-0788694b-4da8-47be-b070-ba2a3e0a90d5 9030e845e549407f873747d5b74e3f6d a4a0ce4dc7f14d4cb436fd58f99b5256 - - - -] No more DHCP agents
2026-05-06 02:29:05.564 10 WARNING neutron.api.rpc.agentnotifiers.dhcp_rpc_agent_api [None req-0788694b-4da8-47be-b070-ba2a3e0a90d5 9030e845e549407f873747d5b74e3f6d a4a0ce4dc7f14d4cb436fd58f99b5256 - - - -] Unable to schedule network e756cb31-8779-4691-9034-ed1e436e9f2b: no agents available; will retry on subsequent port and subnet creation events.
2026-05-06 02:29:05.573 9 INFO neutron.db.ovn_revision_numbers_db [None req-10589b25-3e68-4d30-9652-5fe9202bdc9a 81a8e9c61d2647a7b468b887cd9b9571 eb7eb48ea9b947c1a40218bf1b74f432 - - - -] Successfully bumped revision number for resource d9f606dc-d686-48e2-8355-9e51695f5870 (type: ports) to 1
2026-05-06 02:29:05.621 9 INFO neutron.wsgi [None req-10589b25-3e68-4d30-9652-5fe9202bdc9a 81a8e9c61d2647a7b468b887cd9b9571 eb7eb48ea9b947c1a40218bf1b74f432 - - - -] 10.0.0.199 "POST /v2.0/networks HTTP/1.1" status: 201 len: 829 time: 0.5330918
2026-05-06 02:29:05.707 10 INFO neutron.db.ovn_revision_numbers_db [None req-0788694b-4da8-47be-b070-ba2a3e0a90d5 9030e845e549407f873747d5b74e3f6d a4a0ce4dc7f14d4cb436fd58f99b5256 - - - -] Successfully bumped revision number for resource 3fa66ef8-54c6-45e6-9d10-9e7220cb1397 (type: ports) to 1
2026-05-06 02:29:05.936 9 WARNING neutron.scheduler.dhcp_agent_scheduler [None req-f57af426-2fa3-4d3a-85f3-0f544a76f426 81a8e9c61d2647a7b468b887cd9b9571 eb7eb48ea9b947c1a40218bf1b74f432 - - - -] No more DHCP agents
2026-05-06 02:29:05.939 9 WARNING neutron.api.rpc.agentnotifiers.dhcp_rpc_agent_api [None req-f57af426-2fa3-4d3a-85f3-0f544a76f426 81a8e9c61d2647a7b468b887cd9b9571 eb7eb48ea9b947c1a40218bf1b74f432 - - - -] Unable to schedule network bd349d02-fb36-42cc-a579-f13ddcc7cbcb: no agents available; will retry on subsequent port and subnet creation events.
2026-05-06 02:29:05.986 9 WARNING neutron.plugins.ml2.drivers.ovn.mech_driver.ovsdb.ovn_client [None req-7f8cd7a8-f853-46b9-89a2-a18d502592e1 - - - - - -] No port found with ID 6dad440b-ecdc-4c53-835b-baa4831e9155: RuntimeError: No port found with ID 6dad440b-ecdc-4c53-835b-baa4831e9155
2026-05-06 02:29:06.399 9 INFO neutron.db.ovn_revision_numbers_db [None req-cd5a3c82-7b1d-4a7b-8eb6-f150e85064fb 4a2a963eca9540fea6a1e20f81dd5a9e f67c3b1720ad42aa9ea93f58b77cd045 - - - -] Successfully bumped revision number for resource 591e72bc-961e-40d2-b176-ca49f0e264f0 (type: security_groups) to 1
2026-05-06 02:29:06.424 9 INFO neutron.db.ovn_revision_numbers_db [None req-824d98b5-49de-4c55-b246-5027e298036f 9030e845e549407f873747d5b74e3f6d a4a0ce4dc7f14d4cb436fd58f99b5256 - - default default] Successfully bumped revision number for resource 57996eab-eca7-4893-9b3e-074b34825542 (type: security_groups) to 1
2026-05-06 02:29:06.443 9 INFO neutron.wsgi [None req-824d98b5-49de-4c55-b246-5027e298036f 9030e845e549407f873747d5b74e3f6d a4a0ce4dc7f14d4cb436fd58f99b5256 - - default default] 10.0.0.199 "GET /v2.0/security-groups?tenant_id=4d2db999344447e19f6c668c1f167650&name=default HTTP/1.1" status: 200 len: 2996 time: 0.2962360
2026-05-06 02:29:06.467 9 INFO neutron.db.segments_db [None req-cd5a3c82-7b1d-4a7b-8eb6-f150e85064fb 4a2a963eca9540fea6a1e20f81dd5a9e f67c3b1720ad42aa9ea93f58b77cd045 - - - -] Added segment 9ef6937c-e417-4fe1-9f89-c2e7bf088d2b of type geneve for network c6f6ddb0-c1aa-4fd2-97f9-9a6287ff5d28
2026-05-06 02:29:06.581 10 INFO neutron.db.ovn_revision_numbers_db [None req-0788694b-4da8-47be-b070-ba2a3e0a90d5 9030e845e549407f873747d5b74e3f6d a4a0ce4dc7f14d4cb436fd58f99b5256 - - - -] Successfully bumped revision number for resource 3fa66ef8-54c6-45e6-9d10-9e7220cb1397 (type: router_ports) to 1
2026-05-06 02:29:06.582 9 INFO neutron.plugins.ml2.drivers.ovn.mech_driver.mech_driver [None req-7f8cd7a8-f853-46b9-89a2-a18d502592e1 - - - - - -] OVN reports status up for port: 3fa66ef8-54c6-45e6-9d10-9e7220cb1397
2026-05-06 02:29:06.610 9 INFO neutron.plugins.ml2.plugin [None req-7f8cd7a8-f853-46b9-89a2-a18d502592e1 - - - - - -] Attempt 1 to provision port 3fa66ef8-54c6-45e6-9d10-9e7220cb1397
2026-05-06 02:29:06.628 9 INFO neutron.plugins.ml2.drivers.ovn.mech_driver.ovsdb.ovsdb_monitor [-] Router 8f9ab423-7d5f-4226-bcce-a5362eb7ca75 is bound to host instance
2026-05-06 02:29:06.647 10 INFO neutron.db.ovn_revision_numbers_db [None req-0788694b-4da8-47be-b070-ba2a3e0a90d5 9030e845e549407f873747d5b74e3f6d a4a0ce4dc7f14d4cb436fd58f99b5256 - - - -] Successfully bumped revision number for resource 8f9ab423-7d5f-4226-bcce-a5362eb7ca75 (type: routers) to 3
2026-05-06 02:29:06.672 10 INFO neutron.wsgi [None req-0788694b-4da8-47be-b070-ba2a3e0a90d5 9030e845e549407f873747d5b74e3f6d a4a0ce4dc7f14d4cb436fd58f99b5256 - - - -] 10.0.0.199 "POST /v2.0/routers HTTP/1.1" status: 201 len: 871 time: 1.6135309
2026-05-06 02:29:06.726 9 INFO neutron.db.ovn_revision_numbers_db [None req-f57af426-2fa3-4d3a-85f3-0f544a76f426 81a8e9c61d2647a7b468b887cd9b9571 eb7eb48ea9b947c1a40218bf1b74f432 - - - -] Successfully bumped revision number for resource d9f606dc-d686-48e2-8355-9e51695f5870 (type: ports) to 2
2026-05-06 02:29:06.731 10 INFO neutron.wsgi [None req-a26e1c8f-fac2-4c76-a965-e36fb27c4026 9030e845e549407f873747d5b74e3f6d a4a0ce4dc7f14d4cb436fd58f99b5256 - - - -] 10.0.0.199 "DELETE /v2.0/security-groups/57996eab-eca7-4893-9b3e-074b34825542 HTTP/1.1" status: 204 len: 168 time: 0.2830684
2026-05-06 02:29:06.733 9 INFO neutron.db.ovn_revision_numbers_db [None req-cd5a3c82-7b1d-4a7b-8eb6-f150e85064fb 4a2a963eca9540fea6a1e20f81dd5a9e f67c3b1720ad42aa9ea93f58b77cd045 - - - -] Successfully bumped revision number for resource c6f6ddb0-c1aa-4fd2-97f9-9a6287ff5d28 (type: networks) to 1
2026-05-06 02:29:07.001 9 INFO neutron.db.ovn_revision_numbers_db [None req-f57af426-2fa3-4d3a-85f3-0f544a76f426 81a8e9c61d2647a7b468b887cd9b9571 eb7eb48ea9b947c1a40218bf1b74f432 - - - -] Successfully bumped revision number for resource 95625822-30cb-4dc1-a867-742d39aae2e8 (type: subnets) to 0
2026-05-06 02:29:07.039 9 INFO neutron.wsgi [None req-f57af426-2fa3-4d3a-85f3-0f544a76f426 81a8e9c61d2647a7b468b887cd9b9571 eb7eb48ea9b947c1a40218bf1b74f432 - - - -] 10.0.0.199 "POST /v2.0/subnets HTTP/1.1" status: 201 len: 801 time: 1.4139328
2026-05-06 02:29:07.093 10 WARNING neutron.scheduler.dhcp_agent_scheduler [None req-31be0694-e263-4817-a2c0-94484f86728e 9030e845e549407f873747d5b74e3f6d a4a0ce4dc7f14d4cb436fd58f99b5256 - - default default] No more DHCP agents
2026-05-06 02:29:07.095 10 WARNING neutron.api.rpc.agentnotifiers.dhcp_rpc_agent_api [None req-31be0694-e263-4817-a2c0-94484f86728e 9030e845e549407f873747d5b74e3f6d a4a0ce4dc7f14d4cb436fd58f99b5256 - - default default] Unable to schedule network 85ba4fba-1a2a-490e-9181-2aaec59fcba4: no agents available; will retry on subsequent port and subnet creation events.
2026-05-06 02:29:07.218 9 WARNING neutron.scheduler.dhcp_agent_scheduler [None req-cd5a3c82-7b1d-4a7b-8eb6-f150e85064fb 4a2a963eca9540fea6a1e20f81dd5a9e f67c3b1720ad42aa9ea93f58b77cd045 - - - -] No more DHCP agents
2026-05-06 02:29:07.221 9 WARNING neutron.api.rpc.agentnotifiers.dhcp_rpc_agent_api [None req-cd5a3c82-7b1d-4a7b-8eb6-f150e85064fb 4a2a963eca9540fea6a1e20f81dd5a9e f67c3b1720ad42aa9ea93f58b77cd045 - - - -] Unable to schedule network c6f6ddb0-c1aa-4fd2-97f9-9a6287ff5d28: no agents available; will retry on subsequent port and subnet creation events.
2026-05-06 02:29:07.257 10 INFO neutron.db.ovn_revision_numbers_db [None req-fde5262a-0f24-4200-a3ef-dbd6d3d0a283 81a8e9c61d2647a7b468b887cd9b9571 eb7eb48ea9b947c1a40218bf1b74f432 - - - -] Successfully bumped revision number for resource bdf01a3d-cbdf-430d-bf21-96e7d916b500 (type: routers) to 1
2026-05-06 02:29:07.277 10 INFO neutron.wsgi [None req-fde5262a-0f24-4200-a3ef-dbd6d3d0a283 81a8e9c61d2647a7b468b887cd9b9571 eb7eb48ea9b947c1a40218bf1b74f432 - - - -] 10.0.0.199 "POST /v2.0/routers HTTP/1.1" status: 201 len: 686 time: 0.2321000
2026-05-06 02:29:07.316 10 INFO neutron.db.ovn_revision_numbers_db [None req-31be0694-e263-4817-a2c0-94484f86728e 9030e845e549407f873747d5b74e3f6d a4a0ce4dc7f14d4cb436fd58f99b5256 - - default default] Successfully bumped revision number for resource 0cb1bb73-5eda-486b-800b-adb6db95c614 (type: ports) to 1
2026-05-06 02:29:07.330 9 INFO neutron.db.ovn_revision_numbers_db [None req-cd5a3c82-7b1d-4a7b-8eb6-f150e85064fb 4a2a963eca9540fea6a1e20f81dd5a9e f67c3b1720ad42aa9ea93f58b77cd045 - - - -] Successfully bumped revision number for resource 769471c1-34d2-450c-8d6b-f92ba9f23ead (type: ports) to 1
2026-05-06 02:29:07.362 9 INFO neutron.wsgi [None req-cd5a3c82-7b1d-4a7b-8eb6-f150e85064fb 4a2a963eca9540fea6a1e20f81dd5a9e f67c3b1720ad42aa9ea93f58b77cd045 - - - -] 10.0.0.199 "POST /v2.0/networks HTTP/1.1" status: 201 len: 831 time: 1.5718751
