2026-05-06 02:29:20.563 10 INFO neutron.wsgi [req-73cf246c-17d5-4c52-938d-228098e71bd6 req-38d4ad78-e8c7-45e6-b6c0-33db3276db26 ce944c19f0f847dc9cde5cc439e76ddb 42fe975a98af4f1fa833ae776d580572 - - default default] 10.0.0.8 "GET /v2.0/security-groups?id=7ca317c9-f7d7-47e2-b55c-af9c55aeafa6&fields=id&fields=name HTTP/1.1" status: 200 len: 312 time: 0.0808384
2026-05-06 02:29:20.595 10 INFO neutron.wsgi [req-122581af-fb0c-4976-911a-909c9be8b299 req-5cbeb745-4d09-4200-963d-47140f59d7af 9e2c17717c684236bffdf7e3016dc467 de48dc460ccb44fe8471d716a0a99fac - - 1e3de47416ab442dac3acb72b83625e9 1e3de47416ab442dac3acb72b83625e9] 199.204.45.250 "GET /v2.0/networks/85ba4fba-1a2a-490e-9181-2aaec59fcba4?fields=provider%3Aphysical_network&fields=provider%3Anetwork_type HTTP/1.1" status: 200 len: 277 time: 0.1089103
2026-05-06 02:29:20.643 9 INFO neutron.wsgi [req-37173033-4364-46cb-b847-4b464f1143d2 req-268c9133-1e8d-4e0e-82c9-3e985c7cadf3 4a2a963eca9540fea6a1e20f81dd5a9e f67c3b1720ad42aa9ea93f58b77cd045 - - default default] 199.204.45.250 "GET /v2.0/security-groups?fields=id&fields=name&tenant_id=f67c3b1720ad42aa9ea93f58b77cd045 HTTP/1.1" status: 200 len: 379 time: 0.1231513
2026-05-06 02:29:20.711 10 INFO neutron.wsgi [req-5533c3cc-c74d-4d53-a84a-9954294ed70c req-6ee8106f-2077-483e-9c5e-2de64eb174bf 4a2a963eca9540fea6a1e20f81dd5a9e f67c3b1720ad42aa9ea93f58b77cd045 - - default default] 10.0.0.8 "GET /v2.0/ports?device_id=58b74192-294f-477b-9ef1-3ba6976c491e HTTP/1.1" status: 200 len: 210 time: 0.0491133
2026-05-06 02:29:20.758 10 INFO neutron.wsgi [req-8be2d2f9-5f23-45c4-b733-583d758357c1 req-716c2572-2949-43b6-b0e8-27d819b9ad65 ce944c19f0f847dc9cde5cc439e76ddb 42fe975a98af4f1fa833ae776d580572 - - default default] 199.204.45.250 "GET /v2.0/ports?device_id=e3d67eb0-1cde-4c0e-b3d9-134a5e181c0c HTTP/1.1" status: 200 len: 1174 time: 0.0453343
2026-05-06 02:29:21.264 9 INFO neutron.wsgi [None req-1161f924-d1cf-423e-b566-5bc73260f94e 0b2a55a07d184bd2a2673722e310eaff 8531ecd3307c4f67865f2ebfd1068431 - - - -] 10.0.0.199 "DELETE /v2.0/ports/5a72fbaf-ccf0-4af7-ade7-b71dee0d231c HTTP/1.1" status: 204 len: 168 time: 0.9136183
2026-05-06 02:29:21.364 9 INFO neutron.wsgi [None req-2499069b-6afa-4a09-831f-c2253d9c493e 81a8e9c61d2647a7b468b887cd9b9571 eb7eb48ea9b947c1a40218bf1b74f432 - - - -] 10.0.0.199 "PUT /v2.0/routers/63bae2bf-1cba-4e3a-944d-d2180d785d78/remove_router_interface HTTP/1.1" status: 200 len: 503 time: 1.4587247
2026-05-06 02:29:21.407 10 INFO neutron.wsgi [None req-128c00da-64d0-438a-9987-919d55bfece2 81a8e9c61d2647a7b468b887cd9b9571 eb7eb48ea9b947c1a40218bf1b74f432 - - default default] 10.0.0.199 "GET /v2.0/ports?device_id=63bae2bf-1cba-4e3a-944d-d2180d785d78 HTTP/1.1" status: 200 len: 205 time: 0.0355570
2026-05-06 02:29:21.433 9 INFO neutron.db.ovn_revision_numbers_db [None req-7f8cd7a8-f853-46b9-89a2-a18d502592e1 - - - - - -] Successfully bumped revision number for resource 8547473a-874f-41c5-9abc-7fdc232c8895 (type: ports) to 5
2026-05-06 02:29:21.438 10 INFO neutron.db.l3_db [None req-dd3ebee4-0dec-45fa-b46d-77a1af8dffc5 ce944c19f0f847dc9cde5cc439e76ddb 42fe975a98af4f1fa833ae776d580572 - - - -] Floating IP a3014fcd-cca2-401c-830d-6732ccccc110 disassociated. External IP: 10.96.250.210, port: 8547473a-874f-41c5-9abc-7fdc232c8895.
2026-05-06 02:29:21.599 9 WARNING neutron.scheduler.dhcp_agent_scheduler [None req-83cb4a11-be9d-4574-8f19-fc70be09ea42 4a2a963eca9540fea6a1e20f81dd5a9e f67c3b1720ad42aa9ea93f58b77cd045 - - - -] No more DHCP agents
2026-05-06 02:29:21.604 9 WARNING neutron.api.rpc.agentnotifiers.dhcp_rpc_agent_api [None req-83cb4a11-be9d-4574-8f19-fc70be09ea42 4a2a963eca9540fea6a1e20f81dd5a9e f67c3b1720ad42aa9ea93f58b77cd045 - - - -] Unable to schedule network c6f6ddb0-c1aa-4fd2-97f9-9a6287ff5d28: no agents available; will retry on subsequent port and subnet creation events.
2026-05-06 02:29:21.704 10 INFO neutron.wsgi [req-ac7dc059-aa37-4bdb-a74e-386ef54d56e0 req-1544f59f-10c7-45dc-9431-878415bacd89 ce944c19f0f847dc9cde5cc439e76ddb 42fe975a98af4f1fa833ae776d580572 - - default default] 10.0.0.8 "GET /v2.0/ports?device_id=e3d67eb0-1cde-4c0e-b3d9-134a5e181c0c HTTP/1.1" status: 200 len: 1172 time: 0.0391955
2026-05-06 02:29:21.705 9 INFO neutron.wsgi [None req-ab1fb726-4c10-4c42-a966-fd4ecaa563ef 0b2a55a07d184bd2a2673722e310eaff 8531ecd3307c4f67865f2ebfd1068431 - - - -] 10.0.0.199 "DELETE /v2.0/ports/0cf8afe5-1aee-4a31-8b7a-4af9e123477c HTTP/1.1" status: 204 len: 168 time: 0.4323332
2026-05-06 02:29:21.709 10 INFO neutron.wsgi [None req-abbc8a28-058e-44f1-9a77-351db03a9a3d 81a8e9c61d2647a7b468b887cd9b9571 eb7eb48ea9b947c1a40218bf1b74f432 - - - -] 10.0.0.199 "DELETE /v2.0/routers/63bae2bf-1cba-4e3a-944d-d2180d785d78 HTTP/1.1" status: 204 len: 168 time: 0.2966545 /var/lib/openstack/lib/python3.10/site-packages/pycadf/identifier.py:71: UserWarning: Invalid uuid: neutron. To ensure interoperability, identifiers should be a valid uuid. warnings.warn(('Invalid uuid: %s. To ensure interoperability, '
2026-05-06 02:29:21.767 10 INFO neutron.wsgi [req-ac7dc059-aa37-4bdb-a74e-386ef54d56e0 req-b179ca59-6841-4621-a62b-196843806c27 ce944c19f0f847dc9cde5cc439e76ddb 42fe975a98af4f1fa833ae776d580572 - - default default] 10.0.0.8 "GET /v2.0/security-groups?id=7ca317c9-f7d7-47e2-b55c-af9c55aeafa6&fields=id&fields=name HTTP/1.1" status: 200 len: 312 time: 0.0483258
2026-05-06 02:29:21.769 9 INFO neutron.wsgi [None req-7b2a9046-5b36-45e8-8434-b0bbb0d971b1 0b2a55a07d184bd2a2673722e310eaff 8531ecd3307c4f67865f2ebfd1068431 - - default default] 10.0.0.199 "GET /v2.0/ports HTTP/1.1" status: 200 len: 1718 time: 0.0562911
2026-05-06 02:29:21.784 10 INFO neutron.wsgi [None req-dd3ebee4-0dec-45fa-b46d-77a1af8dffc5 ce944c19f0f847dc9cde5cc439e76ddb 42fe975a98af4f1fa833ae776d580572 - - - -] 199.204.45.250 "DELETE /v2.0/ports/8547473a-874f-41c5-9abc-7fdc232c8895 HTTP/1.1" status: 204 len: 173 time: 1.0187902
2026-05-06 02:29:21.802 9 INFO neutron.db.ovn_revision_numbers_db [None req-83cb4a11-be9d-4574-8f19-fc70be09ea42 4a2a963eca9540fea6a1e20f81dd5a9e f67c3b1720ad42aa9ea93f58b77cd045 - - - -] Successfully bumped revision number for resource 4c496e5b-7b4a-4a8b-a04f-1076f99e0958 (type: ports) to 1
2026-05-06 02:29:21.817 9 INFO neutron.notifiers.nova [-] Nova event matching ['req-f2c30104-63ab-46e4-ae24-742dead3d828'] response: {'server_uuid': 'e3d67eb0-1cde-4c0e-b3d9-134a5e181c0c', 'name': 'network-vif-unplugged', 'status': 'completed', 'tag': '8547473a-874f-41c5-9abc-7fdc232c8895', 'code': 200}
2026-05-06 02:29:21.818 9 INFO neutron.notifiers.nova [-] Nova event matching ['req-f2c30104-63ab-46e4-ae24-742dead3d828'] response: {'server_uuid': 'e3d67eb0-1cde-4c0e-b3d9-134a5e181c0c', 'name': 'network-vif-plugged', 'status': 'completed', 'tag': '8547473a-874f-41c5-9abc-7fdc232c8895', 'code': 200}
2026-05-06 02:29:21.833 9 INFO neutron.wsgi [None req-83cb4a11-be9d-4574-8f19-fc70be09ea42 4a2a963eca9540fea6a1e20f81dd5a9e f67c3b1720ad42aa9ea93f58b77cd045 - - - -] 199.204.45.250 "POST /v2.0/ports HTTP/1.1" status: 201 len: 1162 time: 1.1733787
2026-05-06 02:29:21.851 10 INFO neutron.wsgi [req-2dcec80a-de32-4b08-a57a-e9c0e4e736ce req-b6b8a8ce-030f-48b5-b163-92f89f44913e 4a2a963eca9540fea6a1e20f81dd5a9e f67c3b1720ad42aa9ea93f58b77cd045 - - default default] 10.0.0.8 "GET /v2.0/ports?device_id=58b74192-294f-477b-9ef1-3ba6976c491e HTTP/1.1" status: 200 len: 1160 time: 0.0395787
2026-05-06 02:29:21.882 9 INFO neutron.db.segments_db [None req-5127b0c5-e8da-4d75-ac1c-7c3238ad0fbf 0b2a55a07d184bd2a2673722e310eaff 8531ecd3307c4f67865f2ebfd1068431 - - - -] Added segment 53fe6dc4-4e80-4546-87c0-52921406c817 of type geneve for network d7af6310-9d89-4823-958b-cf6d275e68ca
2026-05-06 02:29:21.928 10 INFO neutron.wsgi [req-2dcec80a-de32-4b08-a57a-e9c0e4e736ce req-3648e927-5448-4523-b39a-fcade7dd1f87 4a2a963eca9540fea6a1e20f81dd5a9e f67c3b1720ad42aa9ea93f58b77cd045 - - default default] 10.0.0.8 "GET /v2.0/security-groups?id=34dcb06c-7f15-4d42-a886-05d346ac5f27&fields=id&fields=name HTTP/1.1" status: 200 len: 312 time: 0.0685418
2026-05-06 02:29:21.947 10 INFO neutron.notifiers.nova [-] Nova event matching ['req-1ba3b316-2162-43d9-8fa7-09ab0365e2ec'] response: {'server_uuid': 'e3d67eb0-1cde-4c0e-b3d9-134a5e181c0c', 'name': 'network-vif-deleted', 'tag': '8547473a-874f-41c5-9abc-7fdc232c8895', 'status': 'completed', 'code': 200}
2026-05-06 02:29:22.005 10 INFO neutron.wsgi [None req-db6e9ac9-1933-4415-8cda-728fe1b042ae 81a8e9c61d2647a7b468b887cd9b9571 eb7eb48ea9b947c1a40218bf1b74f432 - - - -] 10.0.0.199 "DELETE /v2.0/subnets/c0586d7f-a753-47e2-9cac-ba4e50b45e6f HTTP/1.1" status: 204 len: 168 time: 0.2850876
2026-05-06 02:29:22.070 9 INFO neutron.db.ovn_revision_numbers_db [None req-5127b0c5-e8da-4d75-ac1c-7c3238ad0fbf 0b2a55a07d184bd2a2673722e310eaff 8531ecd3307c4f67865f2ebfd1068431 - - - -] Successfully bumped revision number for resource d7af6310-9d89-4823-958b-cf6d275e68ca (type: networks) to 1
2026-05-06 02:29:22.284 9 WARNING neutron.scheduler.dhcp_agent_scheduler [None req-5127b0c5-e8da-4d75-ac1c-7c3238ad0fbf 0b2a55a07d184bd2a2673722e310eaff 8531ecd3307c4f67865f2ebfd1068431 - - - -] No more DHCP agents
2026-05-06 02:29:22.288 9 WARNING neutron.api.rpc.agentnotifiers.dhcp_rpc_agent_api [None req-5127b0c5-e8da-4d75-ac1c-7c3238ad0fbf 0b2a55a07d184bd2a2673722e310eaff 8531ecd3307c4f67865f2ebfd1068431 - - - -] Unable to schedule network d7af6310-9d89-4823-958b-cf6d275e68ca: no agents available; will retry on subsequent port and subnet creation events.
2026-05-06 02:29:22.378 9 INFO neutron.db.ovn_revision_numbers_db [None req-5127b0c5-e8da-4d75-ac1c-7c3238ad0fbf 0b2a55a07d184bd2a2673722e310eaff 8531ecd3307c4f67865f2ebfd1068431 - - - -] Successfully bumped revision number for resource aa5222c6-ce3b-4006-af2a-4f79b8e423b5 (type: ports) to 1
2026-05-06 02:29:22.383 9 INFO neutron.db.ovn_revision_numbers_db [None req-003152c4-716e-4e3a-a226-3c5dec4ea35a 9e2c17717c684236bffdf7e3016dc467 de48dc460ccb44fe8471d716a0a99fac - - - -] Successfully bumped revision number for resource 4c496e5b-7b4a-4a8b-a04f-1076f99e0958 (type: ports) to 2
2026-05-06 02:29:22.387 10 INFO neutron.services.segments.plugin [-] Segment d6d5247b-f31a-4030-9d03-04be02c41d09 resource provider aggregate not found
2026-05-06 02:29:22.391 10 INFO neutron.services.segments.plugin [-] Segment d6d5247b-f31a-4030-9d03-04be02c41d09 resource provider aggregate not found
2026-05-06 02:29:22.398 9 INFO neutron.wsgi [None req-5127b0c5-e8da-4d75-ac1c-7c3238ad0fbf 0b2a55a07d184bd2a2673722e310eaff 8531ecd3307c4f67865f2ebfd1068431 - - - -] 10.0.0.199 "POST /v2.0/networks HTTP/1.1" status: 201 len: 853 time: 0.6104367 /var/lib/openstack/lib/python3.10/site-packages/pycadf/identifier.py:71: UserWarning: Invalid uuid: neutron. To ensure interoperability, identifiers should be a valid uuid. warnings.warn(('Invalid uuid: %s. To ensure interoperability, '
2026-05-06 02:29:22.410 10 INFO neutron.services.segments.plugin [-] Segment d6d5247b-f31a-4030-9d03-04be02c41d09 resource provider not found; error: Placement Client Error (4xx): {"errors": [{"status": 404, "title": "Not Found", "detail": "The resource could not be found.\n\n No resource provider with uuid d6d5247b-f31a-4030-9d03-04be02c41d09 found for delete ", "request_id": "req-02619d3c-34ee-45ca-9515-5c527b86f9b6"}]}
2026-05-06 02:29:22.411 10 INFO neutron.services.segments.plugin [-] Segment d6d5247b-f31a-4030-9d03-04be02c41d09 resource provider not found; error: Placement Client Error (4xx): {"errors": [{"status": 404, "title": "Not Found", "detail": "The resource could not be found.\n\n No resource provider with uuid d6d5247b-f31a-4030-9d03-04be02c41d09 found for delete ", "request_id": "req-5e305a7a-a2c9-4226-86f4-b9588ac0e039"}]}
2026-05-06 02:29:22.444 10 INFO neutron.wsgi [None req-27958214-60da-4b9a-bd75-df131ead6cb3 81a8e9c61d2647a7b468b887cd9b9571 eb7eb48ea9b947c1a40218bf1b74f432 - - - -] 10.0.0.199 "DELETE /v2.0/networks/2428645b-cf6c-4056-b9de-614152159fcf HTTP/1.1" status: 204 len: 168 time: 0.4345453
2026-05-06 02:29:22.506 9 INFO neutron.db.segments_db [None req-53a38fe7-4c49-46bd-95e0-81f6d77718d5 0b2a55a07d184bd2a2673722e310eaff 8531ecd3307c4f67865f2ebfd1068431 - - - -] Added segment 1a56a4d6-842d-4898-b620-e61e82fe7f15 of type geneve for network a5268511-191c-4bcc-85a2-84a8895f641d
2026-05-06 02:29:22.591 9 INFO neutron.db.ovn_revision_numbers_db [None req-003152c4-716e-4e3a-a226-3c5dec4ea35a 9e2c17717c684236bffdf7e3016dc467 de48dc460ccb44fe8471d716a0a99fac - - - -] Successfully bumped revision number for resource 4c496e5b-7b4a-4a8b-a04f-1076f99e0958 (type: ports) to 2
2026-05-06 02:29:22.616 9 INFO neutron.wsgi [None req-003152c4-716e-4e3a-a226-3c5dec4ea35a 9e2c17717c684236bffdf7e3016dc467 de48dc460ccb44fe8471d716a0a99fac - - - -] 199.204.45.250 "PUT /v2.0/ports/4c496e5b-7b4a-4a8b-a04f-1076f99e0958 HTTP/1.1" status: 200 len: 1332 time: 0.7758379
2026-05-06 02:29:22.644 9 INFO neutron.db.ovn_revision_numbers_db [None req-53a38fe7-4c49-46bd-95e0-81f6d77718d5 0b2a55a07d184bd2a2673722e310eaff 8531ecd3307c4f67865f2ebfd1068431 - - - -] Successfully bumped revision number for resource a5268511-191c-4bcc-85a2-84a8895f641d (type: networks) to 1 /var/lib/openstack/lib/python3.10/site-packages/pycadf/identifier.py:71: UserWarning: Invalid uuid: neutron. To ensure interoperability, identifiers should be a valid uuid. warnings.warn(('Invalid uuid: %s. To ensure interoperability, '
2026-05-06 02:29:22.692 9 INFO neutron.wsgi [req-37173033-4364-46cb-b847-4b464f1143d2 req-35dbb7be-f1ad-4c8e-a1f3-7c2270466053 9e2c17717c684236bffdf7e3016dc467 de48dc460ccb44fe8471d716a0a99fac - - 1e3de47416ab442dac3acb72b83625e9 1e3de47416ab442dac3acb72b83625e9] 199.204.45.250 "GET /v2.0/ports?tenant_id=f67c3b1720ad42aa9ea93f58b77cd045&device_id=58b74192-294f-477b-9ef1-3ba6976c491e HTTP/1.1" status: 200 len: 1363 time: 0.0324864
2026-05-06 02:29:22.738 9 INFO neutron.wsgi [req-37173033-4364-46cb-b847-4b464f1143d2 req-642e858d-b623-4068-8827-eaa01946d1f2 9e2c17717c684236bffdf7e3016dc467 de48dc460ccb44fe8471d716a0a99fac - - 1e3de47416ab442dac3acb72b83625e9 1e3de47416ab442dac3acb72b83625e9] 199.204.45.250 "GET /v2.0/floatingips?fixed_ip_address=10.100.0.11&port_id=4c496e5b-7b4a-4a8b-a04f-1076f99e0958 HTTP/1.1" status: 200 len: 217 time: 0.0392311
2026-05-06 02:29:22.794 9 INFO neutron.wsgi [req-37173033-4364-46cb-b847-4b464f1143d2 req-3c4a896d-9b43-4845-a407-bfb1bbe55051 9e2c17717c684236bffdf7e3016dc467 de48dc460ccb44fe8471d716a0a99fac - - 1e3de47416ab442dac3acb72b83625e9 1e3de47416ab442dac3acb72b83625e9] 199.204.45.250 "GET /v2.0/subnets?id=29ad32db-6c33-4a47-8707-4dc42fb51acf HTTP/1.1" status: 200 len: 852 time: 0.0464969
2026-05-06 02:29:22.825 9 INFO neutron.wsgi [req-37173033-4364-46cb-b847-4b464f1143d2 req-9f504bb4-1e22-4824-8c6b-9642fe93336d 9e2c17717c684236bffdf7e3016dc467 de48dc460ccb44fe8471d716a0a99fac - - 1e3de47416ab442dac3acb72b83625e9 1e3de47416ab442dac3acb72b83625e9] 199.204.45.250 "GET /v2.0/ports?network_id=c6f6ddb0-c1aa-4fd2-97f9-9a6287ff5d28&device_owner=network%3Adhcp HTTP/1.1" status: 200 len: 210 time: 0.0227060
2026-05-06 02:29:22.866 9 WARNING neutron.scheduler.dhcp_agent_scheduler [None req-53a38fe7-4c49-46bd-95e0-81f6d77718d5 0b2a55a07d184bd2a2673722e310eaff 8531ecd3307c4f67865f2ebfd1068431 - - - -] No more DHCP agents
2026-05-06 02:29:22.869 9 WARNING neutron.api.rpc.agentnotifiers.dhcp_rpc_agent_api [None req-53a38fe7-4c49-46bd-95e0-81f6d77718d5 0b2a55a07d184bd2a2673722e310eaff 8531ecd3307c4f67865f2ebfd1068431 - - - -] Unable to schedule network a5268511-191c-4bcc-85a2-84a8895f641d: no agents available; will retry on subsequent port and subnet creation events.
2026-05-06 02:29:22.908 9 INFO neutron.wsgi [req-37173033-4364-46cb-b847-4b464f1143d2 req-d6c0331a-d351-4251-91fd-6f20c81ce143 9e2c17717c684236bffdf7e3016dc467 de48dc460ccb44fe8471d716a0a99fac - - 1e3de47416ab442dac3acb72b83625e9 1e3de47416ab442dac3acb72b83625e9] 199.204.45.250 "GET /v2.0/networks/c6f6ddb0-c1aa-4fd2-97f9-9a6287ff5d28?fields=segments HTTP/1.1" status: 200 len: 212 time: 0.0754528
2026-05-06 02:29:22.933 10 WARNING neutron.scheduler.dhcp_agent_scheduler [None req-4b790a38-729e-41d7-b47a-ba27d8af2542 81a8e9c61d2647a7b468b887cd9b9571 eb7eb48ea9b947c1a40218bf1b74f432 - - - -] No more DHCP agents
2026-05-06 02:29:22.935 10 WARNING neutron.api.rpc.agentnotifiers.dhcp_rpc_agent_api [None req-4b790a38-729e-41d7-b47a-ba27d8af2542 81a8e9c61d2647a7b468b887cd9b9571 eb7eb48ea9b947c1a40218bf1b74f432 - - - -] Unable to schedule network e756cb31-8779-4691-9034-ed1e436e9f2b: no agents available; will retry on subsequent port and subnet creation events.
2026-05-06 02:29:22.977 9 INFO neutron.db.ovn_revision_numbers_db [None req-53a38fe7-4c49-46bd-95e0-81f6d77718d5 0b2a55a07d184bd2a2673722e310eaff 8531ecd3307c4f67865f2ebfd1068431 - - - -] Successfully bumped revision number for resource 21482ab8-b614-4838-99e4-76c3f1608a6c (type: ports) to 1
2026-05-06 02:29:22.999 9 INFO neutron.wsgi [req-37173033-4364-46cb-b847-4b464f1143d2 req-0a0950af-3aac-4b70-b3e9-e8c646047962 9e2c17717c684236bffdf7e3016dc467 de48dc460ccb44fe8471d716a0a99fac - - 1e3de47416ab442dac3acb72b83625e9 1e3de47416ab442dac3acb72b83625e9] 199.204.45.250 "GET /v2.0/networks/c6f6ddb0-c1aa-4fd2-97f9-9a6287ff5d28?fields=provider%3Aphysical_network&fields=provider%3Anetwork_type HTTP/1.1" status: 200 len: 277 time: 0.0764794
2026-05-06 02:29:23.004 9 INFO neutron.wsgi [None req-53a38fe7-4c49-46bd-95e0-81f6d77718d5 0b2a55a07d184bd2a2673722e310eaff 8531ecd3307c4f67865f2ebfd1068431 - - - -] 10.0.0.199 "POST /v2.0/networks HTTP/1.1" status: 201 len: 853 time: 0.5990033
2026-05-06 02:29:23.200 9 INFO neutron.plugins.ml2.drivers.ovn.mech_driver.mech_driver [None req-7f8cd7a8-f853-46b9-89a2-a18d502592e1 - - - - - -] OVN reports status up for port: 4c496e5b-7b4a-4a8b-a04f-1076f99e0958
2026-05-06 02:29:23.227 10 INFO neutron.wsgi [req-d490e63a-50e8-4b45-8ba2-fb20e49d50d1 req-8abf835f-7f0f-48e1-9bee-7dcb6f6ccd2f 4a2a963eca9540fea6a1e20f81dd5a9e f67c3b1720ad42aa9ea93f58b77cd045 - - default default] 10.0.0.8 "GET /v2.0/ports?device_id=58b74192-294f-477b-9ef1-3ba6976c491e HTTP/1.1" status: 200 len: 1172 time: 0.0473440
2026-05-06 02:29:23.248 9 INFO neutron.plugins.ml2.plugin [None req-7f8cd7a8-f853-46b9-89a2-a18d502592e1 - - - - - -] Attempt 1 to provision port 4c496e5b-7b4a-4a8b-a04f-1076f99e0958
2026-05-06 02:29:23.254 10 INFO neutron.wsgi [None req-0f7d218a-a5f0-4eb2-90a0-29505fbb37a3 ce944c19f0f847dc9cde5cc439e76ddb 42fe975a98af4f1fa833ae776d580572 - - - -] 10.0.0.199 "DELETE /v2.0/security-groups/7ca317c9-f7d7-47e2-b55c-af9c55aeafa6 HTTP/1.1" status: 204 len: 168 time: 0.3962946
2026-05-06 02:29:23.279 9 INFO neutron.api.v2.resource [None req-673b5c29-e488-42ca-bd24-a090e51195eb ce944c19f0f847dc9cde5cc439e76ddb 42fe975a98af4f1fa833ae776d580572 - - default default] show failed (client error): The resource could not be found.
2026-05-06 02:29:23.283 9 INFO neutron.wsgi [None req-673b5c29-e488-42ca-bd24-a090e51195eb ce944c19f0f847dc9cde5cc439e76ddb 42fe975a98af4f1fa833ae776d580572 - - default default] 10.0.0.199 "GET /v2.0/security-groups/7ca317c9-f7d7-47e2-b55c-af9c55aeafa6 HTTP/1.1" status: 404 len: 347 time: 0.0185318
2026-05-06 02:29:23.303 10 INFO neutron.wsgi [req-d490e63a-50e8-4b45-8ba2-fb20e49d50d1 req-3994be0f-07f2-4956-b102-94711045ceaa 4a2a963eca9540fea6a1e20f81dd5a9e f67c3b1720ad42aa9ea93f58b77cd045 - - default default] 10.0.0.8 "GET /v2.0/security-groups?id=34dcb06c-7f15-4d42-a886-05d346ac5f27&fields=id&fields=name HTTP/1.1" status: 200 len: 312 time: 0.0575502
2026-05-06 02:29:23.331 10 INFO neutron.db.ovn_revision_numbers_db [None req-4b790a38-729e-41d7-b47a-ba27d8af2542 81a8e9c61d2647a7b468b887cd9b9571 eb7eb48ea9b947c1a40218bf1b74f432 - - - -] Successfully bumped revision number for resource dfb2df83-9cfb-4087-b2c1-bfe888c6d355 (type: ports) to 1
2026-05-06 02:29:23.859 9 INFO neutron.notifiers.nova [-] Nova event matching ['req-98790ba5-2afd-4712-b177-f0d5c880e697'] response: {'name': 'network-changed', 'server_uuid': '58b74192-294f-477b-9ef1-3ba6976c491e', 'tag': '4c496e5b-7b4a-4a8b-a04f-1076f99e0958', 'status': 'completed', 'code': 200}
2026-05-06 02:29:23.860 9 INFO neutron.notifiers.nova [-] Nova event matching ['req-98790ba5-2afd-4712-b177-f0d5c880e697'] response: {'server_uuid': '58b74192-294f-477b-9ef1-3ba6976c491e', 'name': 'network-vif-plugged', 'status': 'completed', 'tag': '4c496e5b-7b4a-4a8b-a04f-1076f99e0958', 'code': 200}
2026-05-06 02:29:23.863 9 INFO neutron.db.ovn_revision_numbers_db [None req-7f8cd7a8-f853-46b9-89a2-a18d502592e1 - - - - - -] Successfully bumped revision number for resource 4c496e5b-7b4a-4a8b-a04f-1076f99e0958 (type: ports) to 4
2026-05-06 02:29:23.947 9 INFO neutron.wsgi [req-81bbb31e-904f-436a-8108-a7e7c97242c4 req-8f7fd2ac-1e52-4e0e-917c-167bfdca48c2 9e2c17717c684236bffdf7e3016dc467 de48dc460ccb44fe8471d716a0a99fac - - 1e3de47416ab442dac3acb72b83625e9 1e3de47416ab442dac3acb72b83625e9] 199.204.45.250 "GET /v2.0/ports?tenant_id=f67c3b1720ad42aa9ea93f58b77cd045&device_id=58b74192-294f-477b-9ef1-3ba6976c491e HTTP/1.1" status: 200 len: 1365 time: 0.0554228 /var/lib/openstack/lib/python3.10/site-packages/pycadf/identifier.py:71: UserWarning: Invalid uuid: neutron. To ensure interoperability, identifiers should be a valid uuid. warnings.warn(('Invalid uuid: %s. To ensure interoperability, '
2026-05-06 02:29:24.024 9 INFO neutron.wsgi [req-81bbb31e-904f-436a-8108-a7e7c97242c4 req-f11c2c2e-cdd1-4615-8a5f-7b52934dd7ba 9e2c17717c684236bffdf7e3016dc467 de48dc460ccb44fe8471d716a0a99fac - - 1e3de47416ab442dac3acb72b83625e9 1e3de47416ab442dac3acb72b83625e9] 199.204.45.250 "GET /v2.0/networks?id=c6f6ddb0-c1aa-4fd2-97f9-9a6287ff5d28 HTTP/1.1" status: 200 len: 958 time: 0.0696135
2026-05-06 02:29:24.059 9 INFO neutron.wsgi [req-81bbb31e-904f-436a-8108-a7e7c97242c4 req-03250558-318d-4179-9946-e18c8216be18 9e2c17717c684236bffdf7e3016dc467 de48dc460ccb44fe8471d716a0a99fac - - 1e3de47416ab442dac3acb72b83625e9 1e3de47416ab442dac3acb72b83625e9] 199.204.45.250 "GET /v2.0/floatingips?fixed_ip_address=10.100.0.11&port_id=4c496e5b-7b4a-4a8b-a04f-1076f99e0958 HTTP/1.1" status: 200 len: 217 time: 0.0274401
2026-05-06 02:29:24.062 9 INFO neutron.wsgi [None req-482797b6-f4d4-4ae9-969b-f59941f2fd94 ce944c19f0f847dc9cde5cc439e76ddb 42fe975a98af4f1fa833ae776d580572 - - - -] 10.0.0.199 "DELETE /v2.0/floatingips/a3014fcd-cca2-401c-830d-6732ccccc110 HTTP/1.1" status: 204 len: 168 time: 0.7720351
2026-05-06 02:29:24.099 9 INFO neutron.wsgi [req-81bbb31e-904f-436a-8108-a7e7c97242c4 req-89b0feb5-b960-4c33-9ae8-b0c642fbf40d 9e2c17717c684236bffdf7e3016dc467 de48dc460ccb44fe8471d716a0a99fac - - 1e3de47416ab442dac3acb72b83625e9 1e3de47416ab442dac3acb72b83625e9] 199.204.45.250 "GET /v2.0/subnets?id=29ad32db-6c33-4a47-8707-4dc42fb51acf HTTP/1.1" status: 200 len: 852 time: 0.0337038
2026-05-06 02:29:24.131 9 INFO neutron.wsgi [req-81bbb31e-904f-436a-8108-a7e7c97242c4 req-19a0065a-3a85-4cf7-b4c0-961c5b1f6f79 9e2c17717c684236bffdf7e3016dc467 de48dc460ccb44fe8471d716a0a99fac - - 1e3de47416ab442dac3acb72b83625e9 1e3de47416ab442dac3acb72b83625e9] 199.204.45.250 "GET /v2.0/ports?network_id=c6f6ddb0-c1aa-4fd2-97f9-9a6287ff5d28&device_owner=network%3Adhcp HTTP/1.1" status: 200 len: 210 time: 0.0224717
2026-05-06 02:29:24.203 9 INFO neutron.wsgi [req-81bbb31e-904f-436a-8108-a7e7c97242c4 req-6d9941eb-f041-4932-b0af-1c5b6589f62b 9e2c17717c684236bffdf7e3016dc467 de48dc460ccb44fe8471d716a0a99fac - - 1e3de47416ab442dac3acb72b83625e9 1e3de47416ab442dac3acb72b83625e9] 199.204.45.250 "GET /v2.0/networks/c6f6ddb0-c1aa-4fd2-97f9-9a6287ff5d28?fields=segments HTTP/1.1" status: 200 len: 212 time: 0.0636752
2026-05-06 02:29:24.228 10 WARNING neutron.scheduler.dhcp_agent_scheduler [None req-1cacfbd3-e62a-4a04-9fab-6f8ac6bcbf01 0b2a55a07d184bd2a2673722e310eaff 8531ecd3307c4f67865f2ebfd1068431 - - - -] No more DHCP agents
2026-05-06 02:29:24.232 10 WARNING neutron.api.rpc.agentnotifiers.dhcp_rpc_agent_api [None req-1cacfbd3-e62a-4a04-9fab-6f8ac6bcbf01 0b2a55a07d184bd2a2673722e310eaff 8531ecd3307c4f67865f2ebfd1068431 - - - -] Unable to schedule network d7af6310-9d89-4823-958b-cf6d275e68ca: no agents available; will retry on subsequent port and subnet creation events.
2026-05-06 02:29:24.232 10 INFO neutron.db.ovn_revision_numbers_db [None req-4b790a38-729e-41d7-b47a-ba27d8af2542 81a8e9c61d2647a7b468b887cd9b9571 eb7eb48ea9b947c1a40218bf1b74f432 - - - -] Successfully bumped revision number for resource dfb2df83-9cfb-4087-b2c1-bfe888c6d355 (type: router_ports) to 1
2026-05-06 02:29:24.264 9 INFO neutron.wsgi [req-81bbb31e-904f-436a-8108-a7e7c97242c4 req-90911f44-3626-4bb1-96dc-8e7a81a288b9 9e2c17717c684236bffdf7e3016dc467 de48dc460ccb44fe8471d716a0a99fac - - 1e3de47416ab442dac3acb72b83625e9 1e3de47416ab442dac3acb72b83625e9] 199.204.45.250 "GET /v2.0/networks/c6f6ddb0-c1aa-4fd2-97f9-9a6287ff5d28?fields=provider%3Aphysical_network&fields=provider%3Anetwork_type HTTP/1.1" status: 200 len: 277 time: 0.0548205
2026-05-06 02:29:24.300 10 INFO neutron.db.ovn_revision_numbers_db [None req-1cacfbd3-e62a-4a04-9fab-6f8ac6bcbf01 0b2a55a07d184bd2a2673722e310eaff 8531ecd3307c4f67865f2ebfd1068431 - - - -] Successfully bumped revision number for resource 36e5f7b9-db4e-4180-a5aa-ce39b7ab6b33 (type: subnets) to 0
2026-05-06 02:29:24.393 10 WARNING neutron.scheduler.dhcp_agent_scheduler [None req-1cacfbd3-e62a-4a04-9fab-6f8ac6bcbf01 0b2a55a07d184bd2a2673722e310eaff 8531ecd3307c4f67865f2ebfd1068431 - - - -] No more DHCP agents
2026-05-06 02:29:24.394 10 INFO neutron.db.ovn_revision_numbers_db [None req-4b790a38-729e-41d7-b47a-ba27d8af2542 81a8e9c61d2647a7b468b887cd9b9571 eb7eb48ea9b947c1a40218bf1b74f432 - - - -] Successfully bumped revision number for resource 1b66ff54-aaa1-4072-a0d2-c89157b86bae (type: routers) to 3
2026-05-06 02:29:24.397 10 WARNING neutron.api.rpc.agentnotifiers.dhcp_rpc_agent_api [None req-1cacfbd3-e62a-4a04-9fab-6f8ac6bcbf01 0b2a55a07d184bd2a2673722e310eaff 8531ecd3307c4f67865f2ebfd1068431 - - - -] Unable to schedule network a5268511-191c-4bcc-85a2-84a8895f641d: no agents available; will retry on subsequent port and subnet creation events.
2026-05-06 02:29:24.437 10 INFO neutron.wsgi [None req-4b790a38-729e-41d7-b47a-ba27d8af2542 81a8e9c61d2647a7b468b887cd9b9571 eb7eb48ea9b947c1a40218bf1b74f432 - - - -] 10.0.0.199 "POST /v2.0/routers HTTP/1.1" status: 201 len: 867 time: 1.9858174
2026-05-06 02:29:24.451 10 INFO neutron.db.ovn_revision_numbers_db [None req-1cacfbd3-e62a-4a04-9fab-6f8ac6bcbf01 0b2a55a07d184bd2a2673722e310eaff 8531ecd3307c4f67865f2ebfd1068431 - - - -] Successfully bumped revision number for resource a811d293-2640-4d62-88b9-6d05038ca47e (type: subnets) to 0
2026-05-06 02:29:24.540 9 INFO neutron.wsgi [None req-08674b40-67c3-4396-98a6-f2689fb2daea 81a8e9c61d2647a7b468b887cd9b9571 eb7eb48ea9b947c1a40218bf1b74f432 - - default default] 10.0.0.199 "GET /v2.0/routers/1b66ff54-aaa1-4072-a0d2-c89157b86bae HTTP/1.1" status: 200 len: 868 time: 0.0874355
2026-05-06 02:29:24.694 9 INFO neutron.wsgi [None req-62aa236d-42a2-40bd-a1af-42cbc04b96fc 81a8e9c61d2647a7b468b887cd9b9571 eb7eb48ea9b947c1a40218bf1b74f432 - - default default] 10.0.0.199 "GET /v2.0/routers HTTP/1.1" status: 200 len: 871 time: 0.1498470
2026-05-06 02:29:24.720 10 INFO neutron.wsgi [None req-1cacfbd3-e62a-4a04-9fab-6f8ac6bcbf01 0b2a55a07d184bd2a2673722e310eaff 8531ecd3307c4f67865f2ebfd1068431 - - - -] 10.0.0.199 "POST /v2.0/subnets HTTP/1.1" status: 201 len: 1476 time: 1.2041225
2026-05-06 02:29:24.774 10 INFO neutron.wsgi [req-cededf3d-6328-4026-b286-d7abee9e13bc req-de55bba1-e04e-424e-ae8a-c1afd5f87271 4a2a963eca9540fea6a1e20f81dd5a9e f67c3b1720ad42aa9ea93f58b77cd045 - - default default] 10.0.0.8 "GET /v2.0/ports?device_id=58b74192-294f-477b-9ef1-3ba6976c491e HTTP/1.1" status: 200 len: 1174 time: 0.3928766
2026-05-06 02:29:24.810 10 INFO neutron.wsgi [None req-e0bd4a5e-5104-4807-800a-b6a3cf7c439c 0b2a55a07d184bd2a2673722e310eaff 8531ecd3307c4f67865f2ebfd1068431 - - default default] 10.0.0.199 "GET /v2.0/subnets HTTP/1.1" status: 200 len: 2084 time: 0.0844355
2026-05-06 02:29:24.845 10 INFO neutron.wsgi [req-cededf3d-6328-4026-b286-d7abee9e13bc req-58a38481-91c9-42a0-a4e3-b84fe89ebe52 4a2a963eca9540fea6a1e20f81dd5a9e f67c3b1720ad42aa9ea93f58b77cd045 - - default default] 10.0.0.8 "GET /v2.0/security-groups?id=34dcb06c-7f15-4d42-a886-05d346ac5f27&fields=id&fields=name HTTP/1.1" status: 200 len: 312 time: 0.0626802
2026-05-06 02:29:25.062 10 INFO neutron.wsgi [None req-e325b202-47f6-4b8f-b08e-c8487947a916 0b2a55a07d184bd2a2673722e310eaff 8531ecd3307c4f67865f2ebfd1068431 - - - -] 10.0.0.199 "DELETE /v2.0/subnets/36e5f7b9-db4e-4180-a5aa-ce39b7ab6b33 HTTP/1.1" status: 204 len: 168 time: 0.2317500
2026-05-06 02:29:25.315 9 INFO neutron.wsgi [None req-d13271f8-1cec-4a82-96ee-aba528241aec 0b2a55a07d184bd2a2673722e310eaff 8531ecd3307c4f67865f2ebfd1068431 - - - -] 10.0.0.199 "DELETE /v2.0/subnets/a811d293-2640-4d62-88b9-6d05038ca47e HTTP/1.1" status: 204 len: 168 time: 0.2450631
2026-05-06 02:29:25.331 9 INFO neutron.db.ovn_revision_numbers_db [None req-941ada2f-5ca3-4b02-ad01-a2f52317a460 81a8e9c61d2647a7b468b887cd9b9571 eb7eb48ea9b947c1a40218bf1b74f432 - - - -] Successfully bumped revision number for resource 1b66ff54-aaa1-4072-a0d2-c89157b86bae (type: routers) to 4
2026-05-06 02:29:25.334 9 INFO neutron.wsgi [None req-941ada2f-5ca3-4b02-ad01-a2f52317a460 81a8e9c61d2647a7b468b887cd9b9571 eb7eb48ea9b947c1a40218bf1b74f432 - - - -] 10.0.0.199 "PUT /v2.0/routers/1b66ff54-aaa1-4072-a0d2-c89157b86bae HTTP/1.1" status: 200 len: 875 time: 0.6344960
2026-05-06 02:29:25.361 9 INFO neutron.wsgi [None req-1ae01ce9-2b04-47d9-9731-6f098b5b81d2 0b2a55a07d184bd2a2673722e310eaff 8531ecd3307c4f67865f2ebfd1068431 - - default default] 10.0.0.199 "GET /v2.0/subnets HTTP/1.1" status: 200 len: 820 time: 0.0384495
2026-05-06 02:29:25.439 10 INFO neutron.wsgi [None req-eb88ad98-6003-4db2-a73d-87a67d672598 81a8e9c61d2647a7b468b887cd9b9571 eb7eb48ea9b947c1a40218bf1b74f432 - - default default] 10.0.0.199 "GET /v2.0/routers/1b66ff54-aaa1-4072-a0d2-c89157b86bae HTTP/1.1" status: 200 len: 875 time: 0.0987771
2026-05-06 02:29:25.474 10 INFO neutron.wsgi [None req-4cabf387-6a9c-4c7d-bc3c-b574ba5477bd 81a8e9c61d2647a7b468b887cd9b9571 eb7eb48ea9b947c1a40218bf1b74f432 - - default default] 10.0.0.199 "GET /v2.0/ports?device_id=1b66ff54-aaa1-4072-a0d2-c89157b86bae HTTP/1.1" status: 200 len: 205 time: 0.0289128
2026-05-06 02:29:25.626 10 WARNING neutron.plugins.ml2.drivers.ovn.mech_driver.ovsdb.ovn_client [None req-4e1b341c-ceab-4cdf-924c-408697357392 - - - - - -] No port found with ID 6195af5c-2ce9-4d18-849b-38cbb11e10b3: RuntimeError: No port found with ID 6195af5c-2ce9-4d18-849b-38cbb11e10b3
2026-05-06 02:29:25.708 10 INFO neutron.plugins.ml2.drivers.ovn.mech_driver.mech_driver [None req-4e1b341c-ceab-4cdf-924c-408697357392 - - - - - -] OVN reports status up for port: dfb2df83-9cfb-4087-b2c1-bfe888c6d355
2026-05-06 02:29:25.736 9 INFO neutron.services.segments.plugin [-] Segment 1a56a4d6-842d-4898-b620-e61e82fe7f15 resource provider aggregate not found
2026-05-06 02:29:25.742 9 INFO neutron.services.segments.plugin [-] Segment 1a56a4d6-842d-4898-b620-e61e82fe7f15 resource provider aggregate not found
2026-05-06 02:29:25.746 10 INFO neutron.plugins.ml2.plugin [None req-4e1b341c-ceab-4cdf-924c-408697357392 - - - - - -] Attempt 1 to provision port dfb2df83-9cfb-4087-b2c1-bfe888c6d355
2026-05-06 02:29:25.766 9 INFO neutron.services.segments.plugin [-] Segment 1a56a4d6-842d-4898-b620-e61e82fe7f15 resource provider not found; error: Placement Client Error (4xx): {"errors": [{"status": 404, "title": "Not Found", "detail": "The resource could not be found.\n\n No resource provider with uuid 1a56a4d6-842d-4898-b620-e61e82fe7f15 found for delete ", "request_id": "req-e5247bc7-1f51-4dc9-9c98-a2d0201290b4"}]}
2026-05-06 02:29:25.766 9 INFO neutron.services.segments.plugin [-] Segment 1a56a4d6-842d-4898-b620-e61e82fe7f15 resource provider not found; error: Placement Client Error (4xx): {"errors": [{"status": 404, "title": "Not Found", "detail": "The resource could not be found.\n\n No resource provider with uuid 1a56a4d6-842d-4898-b620-e61e82fe7f15 found for delete ", "request_id": "req-f2adf269-066a-4520-8ce3-04afb9a233f3"}]}
2026-05-06 02:29:25.798 9 INFO neutron.wsgi [None req-bba670e7-2686-498b-ba41-d07d746e877f 0b2a55a07d184bd2a2673722e310eaff 8531ecd3307c4f67865f2ebfd1068431 - - - -] 10.0.0.199 "DELETE /v2.0/networks/a5268511-191c-4bcc-85a2-84a8895f641d HTTP/1.1" status: 204 len: 168 time: 0.4286726
2026-05-06 02:29:25.902 9 INFO neutron.notifiers.nova [-] Nova event matching ['req-9a905ca4-37a0-43ce-8047-f9561b71ffda'] response: {'server_uuid': '58b74192-294f-477b-9ef1-3ba6976c491e', 'name': 'network-vif-plugged', 'status': 'completed', 'tag': '4c496e5b-7b4a-4a8b-a04f-1076f99e0958', 'code': 200} /var/lib/openstack/lib/python3.10/site-packages/pycadf/identifier.py:71: UserWarning: Invalid uuid: neutron. To ensure interoperability, identifiers should be a valid uuid. warnings.warn(('Invalid uuid: %s. To ensure interoperability, '
2026-05-06 02:29:26.012 10 INFO neutron.wsgi [req-f9b9ae36-0e93-4b17-9053-a7540a5798c9 req-0f9f85b9-9546-45d9-991a-15283e65ee8e 4a2a963eca9540fea6a1e20f81dd5a9e f67c3b1720ad42aa9ea93f58b77cd045 - - default default] 10.0.0.8 "GET /v2.0/ports?device_id=58b74192-294f-477b-9ef1-3ba6976c491e HTTP/1.1" status: 200 len: 1174 time: 0.0890317
2026-05-06 02:29:26.020 10 INFO neutron.wsgi [None req-fa65a6ac-9223-4d19-81f8-38fc30d8c90f 9030e845e549407f873747d5b74e3f6d a4a0ce4dc7f14d4cb436fd58f99b5256 - - - -] 10.0.0.199 "PUT /v2.0/routers/8f9ab423-7d5f-4226-bcce-a5362eb7ca75/remove_router_interface HTTP/1.1" status: 200 len: 503 time: 1.9500740 /var/lib/openstack/lib/python3.10/site-packages/pycadf/identifier.py:71: UserWarning: Invalid uuid: neutron. To ensure interoperability, identifiers should be a valid uuid. warnings.warn(('Invalid uuid: %s. To ensure interoperability, '
2026-05-06 02:29:26.085 10 INFO neutron.wsgi [req-f9b9ae36-0e93-4b17-9053-a7540a5798c9 req-efbbc6e3-14d6-4583-98e0-957f5945ebee 4a2a963eca9540fea6a1e20f81dd5a9e f67c3b1720ad42aa9ea93f58b77cd045 - - default default] 10.0.0.8 "GET /v2.0/security-groups?id=34dcb06c-7f15-4d42-a886-05d346ac5f27&fields=id&fields=name HTTP/1.1" status: 200 len: 312 time: 0.0631881
2026-05-06 02:29:26.218 10 INFO neutron.wsgi [req-9fa47a44-9102-4ccd-9133-0167c0002da8 req-05cfb23a-db51-49b8-9260-8de348223985 4a2a963eca9540fea6a1e20f81dd5a9e f67c3b1720ad42aa9ea93f58b77cd045 - - default default] 10.0.0.8 "GET /v2.0/ports?device_id=58b74192-294f-477b-9ef1-3ba6976c491e HTTP/1.1" status: 200 len: 1174 time: 0.0422583
2026-05-06 02:29:26.279 10 INFO neutron.wsgi [req-9fa47a44-9102-4ccd-9133-0167c0002da8 req-5514911c-296d-4e83-94be-b045928bf932 4a2a963eca9540fea6a1e20f81dd5a9e f67c3b1720ad42aa9ea93f58b77cd045 - - default default] 10.0.0.8 "GET /v2.0/security-groups?id=34dcb06c-7f15-4d42-a886-05d346ac5f27&fields=id&fields=name HTTP/1.1" status: 200 len: 312 time: 0.0426016
2026-05-06 02:29:26.600 10 INFO neutron.wsgi [None req-4772d6af-a738-4acd-95ab-b00c54c4bb99 3bc2f1f64c344be18cc503e409e27776 87c5614975554908a1d4de7351c5f28f - - default default] 10.0.0.199 "GET /v2.0/ports?device_id=58b74192-294f-477b-9ef1-3ba6976c491e HTTP/1.1" status: 200 len: 1360 time: 0.2919316
2026-05-06 02:29:26.604 9 INFO neutron.wsgi [None req-4c2f9f09-b4fa-4b90-a30e-3cecc021342c 0b2a55a07d184bd2a2673722e310eaff 8531ecd3307c4f67865f2ebfd1068431 - - - -] 10.0.0.199 "DELETE /v2.0/networks/d7af6310-9d89-4823-958b-cf6d275e68ca HTTP/1.1" status: 204 len: 168 time: 0.7947371
2026-05-06 02:29:26.773 10 INFO neutron.wsgi [None req-2c445e9c-bb19-4cfc-a111-84255bbbae95 81a8e9c61d2647a7b468b887cd9b9571 eb7eb48ea9b947c1a40218bf1b74f432 - - - -] 10.0.0.199 "DELETE /v2.0/routers/1b66ff54-aaa1-4072-a0d2-c89157b86bae HTTP/1.1" status: 204 len: 168 time: 1.2951536
2026-05-06 02:29:26.814 10 INFO neutron.wsgi [None req-3928c840-a65f-4b3d-8bcf-10a93c88aca3 81a8e9c61d2647a7b468b887cd9b9571 eb7eb48ea9b947c1a40218bf1b74f432 - - default default] 10.0.0.199 "GET /v2.0/ports?device_id=1b66ff54-aaa1-4072-a0d2-c89157b86bae HTTP/1.1" status: 200 len: 205 time: 0.0317616
2026-05-06 02:29:26.841 10 INFO neutron.api.v2.resource [None req-97b83247-1b22-4581-9d4f-6ffb89bb87a4 81a8e9c61d2647a7b468b887cd9b9571 eb7eb48ea9b947c1a40218bf1b74f432 - - - -] delete failed (client error): The resource could not be found.
2026-05-06 02:29:26.842 10 INFO neutron.wsgi [None req-97b83247-1b22-4581-9d4f-6ffb89bb87a4 81a8e9c61d2647a7b468b887cd9b9571 eb7eb48ea9b947c1a40218bf1b74f432 - - - -] 10.0.0.199 "DELETE /v2.0/routers/1b66ff54-aaa1-4072-a0d2-c89157b86bae HTTP/1.1" status: 404 len: 336 time: 0.0234435
2026-05-06 02:29:26.866 10 INFO neutron.wsgi [None req-e1e4c24f-e1d9-46d9-88cc-5e87f40780ed 81a8e9c61d2647a7b468b887cd9b9571 eb7eb48ea9b947c1a40218bf1b74f432 - - default default] 10.0.0.199 "GET /v2.0/ports?device_id=63bae2bf-1cba-4e3a-944d-d2180d785d78 HTTP/1.1" status: 200 len: 205 time: 0.0184572
2026-05-06 02:29:26.892 10 INFO neutron.api.v2.resource [None req-58dc59f4-4869-41ea-95c7-7e36e2282ff6 81a8e9c61d2647a7b468b887cd9b9571 eb7eb48ea9b947c1a40218bf1b74f432 - - - -] delete failed (client error): The resource could not be found.
2026-05-06 02:29:26.893 10 INFO neutron.wsgi [None req-58dc59f4-4869-41ea-95c7-7e36e2282ff6 81a8e9c61d2647a7b468b887cd9b9571 eb7eb48ea9b947c1a40218bf1b74f432 - - - -] 10.0.0.199 "DELETE /v2.0/routers/63bae2bf-1cba-4e3a-944d-d2180d785d78 HTTP/1.1" status: 404 len: 336 time: 0.0221255
2026-05-06 02:29:26.913 10 INFO neutron.pecan_wsgi.hooks.translation [None req-3e9a4258-9106-47d1-849c-c4174492c743 81a8e9c61d2647a7b468b887cd9b9571 eb7eb48ea9b947c1a40218bf1b74f432 - - - -] DELETE failed (client error): The resource could not be found.
2026-05-06 02:29:26.915 10 INFO neutron.wsgi [None req-3e9a4258-9106-47d1-849c-c4174492c743 81a8e9c61d2647a7b468b887cd9b9571 eb7eb48ea9b947c1a40218bf1b74f432 - - - -] 10.0.0.199 "DELETE /v2.0/subnets/c0586d7f-a753-47e2-9cac-ba4e50b45e6f HTTP/1.1" status: 404 len: 337 time: 0.0171218
2026-05-06 02:29:26.942 10 INFO neutron.wsgi [None req-f4518a5d-7798-4cd7-accc-78d7828a1bc4 81a8e9c61d2647a7b468b887cd9b9571 eb7eb48ea9b947c1a40218bf1b74f432 - - default default] 10.0.0.199 "GET /v2.0/ports?device_id=bdf01a3d-cbdf-430d-bf21-96e7d916b500 HTTP/1.1" status: 200 len: 205 time: 0.0225871
2026-05-06 02:29:26.971 10 INFO neutron.api.v2.resource [None req-a49734f3-c588-4d53-96aa-ed5779f63f9e 81a8e9c61d2647a7b468b887cd9b9571 eb7eb48ea9b947c1a40218bf1b74f432 - - - -] delete failed (client error): The resource could not be found.
2026-05-06 02:29:26.972 10 INFO neutron.wsgi [None req-a49734f3-c588-4d53-96aa-ed5779f63f9e 81a8e9c61d2647a7b468b887cd9b9571 eb7eb48ea9b947c1a40218bf1b74f432 - - - -] 10.0.0.199 "DELETE /v2.0/routers/bdf01a3d-cbdf-430d-bf21-96e7d916b500 HTTP/1.1" status: 404 len: 336 time: 0.0238471
2026-05-06 02:29:26.993 10 INFO neutron.pecan_wsgi.hooks.translation [None req-f49bab62-dc3d-4243-81e8-b197a027e372 81a8e9c61d2647a7b468b887cd9b9571 eb7eb48ea9b947c1a40218bf1b74f432 - - - -] DELETE failed (client error): The resource could not be found.
2026-05-06 02:29:26.996 10 INFO neutron.wsgi [None req-f49bab62-dc3d-4243-81e8-b197a027e372 81a8e9c61d2647a7b468b887cd9b9571 eb7eb48ea9b947c1a40218bf1b74f432 - - - -] 10.0.0.199 "DELETE /v2.0/subnets/95625822-30cb-4dc1-a867-742d39aae2e8 HTTP/1.1" status: 404 len: 337 time: 0.0205355
2026-05-06 02:29:27.024 10 INFO neutron.wsgi [None req-88322aa0-8ebe-4f14-b045-f96e74c8d2f0 81a8e9c61d2647a7b468b887cd9b9571 eb7eb48ea9b947c1a40218bf1b74f432 - - default default] 10.0.0.199 "GET /v2.0/ports?device_id=abc1089b-c980-48c3-b40c-759ca6175bf7 HTTP/1.1" status: 200 len: 205 time: 0.0226920
2026-05-06 02:29:27.050 10 INFO neutron.api.v2.resource [None req-1677c697-3f90-445c-b6c3-f673f1902075 81a8e9c61d2647a7b468b887cd9b9571 eb7eb48ea9b947c1a40218bf1b74f432 - - - -] delete failed (client error): The resource could not be found.
2026-05-06 02:29:27.052 10 INFO neutron.wsgi [None req-1677c697-3f90-445c-b6c3-f673f1902075 81a8e9c61d2647a7b468b887cd9b9571 eb7eb48ea9b947c1a40218bf1b74f432 - - - -] 10.0.0.199 "DELETE /v2.0/routers/abc1089b-c980-48c3-b40c-759ca6175bf7 HTTP/1.1" status: 404 len: 336 time: 0.0244331
2026-05-06 02:29:27.077 10 INFO neutron.pecan_wsgi.hooks.translation [None req-e4556d6b-41b8-4aee-bad1-c0b9a0c83ace 81a8e9c61d2647a7b468b887cd9b9571 eb7eb48ea9b947c1a40218bf1b74f432 - - - -] DELETE failed (client error): The resource could not be found.
2026-05-06 02:29:27.080 10 INFO neutron.wsgi [None req-e4556d6b-41b8-4aee-bad1-c0b9a0c83ace 81a8e9c61d2647a7b468b887cd9b9571 eb7eb48ea9b947c1a40218bf1b74f432 - - - -] 10.0.0.199 "DELETE /v2.0/subnets/7e89f5c3-8bf0-4721-8b5e-483d66dcd1f6 HTTP/1.1" status: 404 len: 337 time: 0.0211911
2026-05-06 02:29:27.109 10 INFO neutron.pecan_wsgi.hooks.translation [None req-473dad03-35ad-4559-8cc9-751da681ef96 81a8e9c61d2647a7b468b887cd9b9571 eb7eb48ea9b947c1a40218bf1b74f432 - - - -] DELETE failed (client error): The resource could not be found.
2026-05-06 02:29:27.111 10 INFO neutron.wsgi [None req-473dad03-35ad-4559-8cc9-751da681ef96 81a8e9c61d2647a7b468b887cd9b9571 eb7eb48ea9b947c1a40218bf1b74f432 - - - -] 10.0.0.199 "DELETE /v2.0/subnets/77cf442a-fb6c-44c6-860a-83bd925ee3f5 HTTP/1.1" status: 404 len: 337 time: 0.0222068
2026-05-06 02:29:27.133 9 WARNING neutron.scheduler.dhcp_agent_scheduler [None req-58d4944f-940a-4973-91f1-4de57f901d5c 4a2a963eca9540fea6a1e20f81dd5a9e f67c3b1720ad42aa9ea93f58b77cd045 - - - -] No more DHCP agents
2026-05-06 02:29:27.146 9 WARNING neutron.api.rpc.agentnotifiers.dhcp_rpc_agent_api [None req-58d4944f-940a-4973-91f1-4de57f901d5c 4a2a963eca9540fea6a1e20f81dd5a9e f67c3b1720ad42aa9ea93f58b77cd045 - - - -] Unable to schedule network e756cb31-8779-4691-9034-ed1e436e9f2b: no agents available; will retry on subsequent port and subnet creation events.
2026-05-06 02:29:27.329 9 INFO neutron.wsgi [None req-8e0b8b54-abc4-411f-81a2-2607b6e90a99 9030e845e549407f873747d5b74e3f6d a4a0ce4dc7f14d4cb436fd58f99b5256 - - - -] 10.0.0.199 "DELETE /v2.0/routers/8f9ab423-7d5f-4226-bcce-a5362eb7ca75 HTTP/1.1" status: 204 len: 168 time: 1.3056154
2026-05-06 02:29:27.339 9 INFO neutron.wsgi [None req-6abe2e5f-b549-4a4b-9fd7-1e1503885478 0b2a55a07d184bd2a2673722e310eaff 8531ecd3307c4f67865f2ebfd1068431 - - - -] 10.0.0.199 "DELETE /v2.0/networks/5c0b5b5e-c2f1-43c2-85b2-2d5b06d74acb HTTP/1.1" status: 204 len: 168 time: 0.7254171
2026-05-06 02:29:27.635 9 INFO neutron.db.l3_db [None req-58d4944f-940a-4973-91f1-4de57f901d5c 4a2a963eca9540fea6a1e20f81dd5a9e f67c3b1720ad42aa9ea93f58b77cd045 - - - -] Floating IP 9659361a-434b-4f2f-84cf-63cc40c045f7 associated. External IP: 10.96.250.208, port: 4c496e5b-7b4a-4a8b-a04f-1076f99e0958.
2026-05-06 02:29:27.664 10 INFO neutron.wsgi [None req-1382b40b-9230-4fbb-a35b-83377bcbb2a3 9030e845e549407f873747d5b74e3f6d a4a0ce4dc7f14d4cb436fd58f99b5256 - - - -] 10.0.0.199 "DELETE /v2.0/subnets/9c0edefa-7d2a-4dc0-b0e5-7ece2df80323 HTTP/1.1" status: 204 len: 168 time: 0.3298283
2026-05-06 02:29:27.807 9 INFO neutron.services.segments.plugin [-] Segment 53fe6dc4-4e80-4546-87c0-52921406c817 resource provider aggregate not found
2026-05-06 02:29:27.813 9 INFO neutron.services.segments.plugin [-] Segment 53fe6dc4-4e80-4546-87c0-52921406c817 resource provider aggregate not found
2026-05-06 02:29:27.825 9 INFO neutron.services.segments.plugin [-] Segment 53fe6dc4-4e80-4546-87c0-52921406c817 resource provider not found; error: Placement Client Error (4xx): {"errors": [{"status": 404, "title": "Not Found", "detail": "The resource could not be found.\n\n No resource provider with uuid 53fe6dc4-4e80-4546-87c0-52921406c817 found for delete ", "request_id": "req-f89df2d5-11eb-4e17-b3af-903abcc515d4"}]}
2026-05-06 02:29:27.846 9 INFO neutron.services.segments.plugin [-] Segment c7b0f6eb-3554-45af-9aa1-ae96eb2ac249 resource provider aggregate not found
2026-05-06 02:29:27.851 9 INFO neutron.services.segments.plugin [-] Segment 53fe6dc4-4e80-4546-87c0-52921406c817 resource provider not found; error: Placement Client Error (4xx): {"errors": [{"status": 404, "title": "Not Found", "detail": "The resource could not be found.\n\n No resource provider with uuid 53fe6dc4-4e80-4546-87c0-52921406c817 found for delete ", "request_id": "req-1e1d4ed2-b366-411d-b0ba-e49a8bf8d8cc"}]}
2026-05-06 02:29:27.857 10 INFO neutron.services.segments.plugin [-] Segment cfb959ec-4870-4f10-a81f-61302cb05f7c resource provider aggregate not found
2026-05-06 02:29:27.867 9 INFO neutron.services.segments.plugin [-] Segment c7b0f6eb-3554-45af-9aa1-ae96eb2ac249 resource provider not found; error: Placement Client Error (4xx): {"errors": [{"status": 404, "title": "Not Found", "detail": "The resource could not be found.\n\n No resource provider with uuid c7b0f6eb-3554-45af-9aa1-ae96eb2ac249 found for delete ", "request_id": "req-ca18f041-2807-4ad1-949f-d71436c02787"}]}
2026-05-06 02:29:27.871 10 INFO neutron.services.segments.plugin [-] Segment cfb959ec-4870-4f10-a81f-61302cb05f7c resource provider aggregate not found
2026-05-06 02:29:27.882 9 INFO neutron.services.segments.plugin [-] Segment c7b0f6eb-3554-45af-9aa1-ae96eb2ac249 resource provider aggregate not found
2026-05-06 02:29:27.912 10 INFO neutron.services.segments.plugin [-] Segment cfb959ec-4870-4f10-a81f-61302cb05f7c resource provider not found; error: Placement Client Error (4xx): {"errors": [{"status": 404, "title": "Not Found", "detail": "The resource could not be found.\n\n No resource provider with uuid cfb959ec-4870-4f10-a81f-61302cb05f7c found for delete ", "request_id": "req-72ba7999-1e0a-45e9-a410-4350574124bb"}]}
2026-05-06 02:29:27.914 10 INFO neutron.services.segments.plugin [-] Segment cfb959ec-4870-4f10-a81f-61302cb05f7c resource provider not found; error: Placement Client Error (4xx): {"errors": [{"status": 404, "title": "Not Found", "detail": "The resource could not be found.\n\n No resource provider with uuid cfb959ec-4870-4f10-a81f-61302cb05f7c found for delete ", "request_id": "req-075f6bbd-96a3-42ad-93d8-98198b418202"}]}
2026-05-06 02:29:27.936 10 INFO neutron.wsgi [None req-78659b8b-db34-4766-bf65-a5e73a616032 9030e845e549407f873747d5b74e3f6d a4a0ce4dc7f14d4cb436fd58f99b5256 - - default default] 10.0.0.199 "GET /v2.0/security-groups?tenant_id=eb7eb48ea9b947c1a40218bf1b74f432&name=default HTTP/1.1" status: 200 len: 2996 time: 0.2542448
2026-05-06 02:29:27.942 9 INFO neutron.services.segments.plugin [-] Segment c7b0f6eb-3554-45af-9aa1-ae96eb2ac249 resource provider not found; error: Placement Client Error (4xx): {"errors": [{"status": 404, "title": "Not Found", "detail": "The resource could not be found.\n\n No resource provider with uuid c7b0f6eb-3554-45af-9aa1-ae96eb2ac249 found for delete ", "request_id": "req-b20fe982-38bd-42cb-9db4-ba7d667c0ff1"}]}
2026-05-06 02:29:27.956 10 INFO neutron.wsgi [None req-68ec5a4c-8ec7-4fa6-94f7-561a5892e077 0b2a55a07d184bd2a2673722e310eaff 8531ecd3307c4f67865f2ebfd1068431 - - - -] 10.0.0.199 "DELETE /v2.0/networks/bad8f1ef-07fb-4568-8294-9502f83fa6f4 HTTP/1.1" status: 204 len: 168 time: 0.6112299
2026-05-06 02:29:27.974 9 INFO neutron.db.ovn_revision_numbers_db [None req-58d4944f-940a-4973-91f1-4de57f901d5c 4a2a963eca9540fea6a1e20f81dd5a9e f67c3b1720ad42aa9ea93f58b77cd045 - - - -] Successfully bumped revision number for resource 9659361a-434b-4f2f-84cf-63cc40c045f7 (type: floatingips) to 0
2026-05-06 02:29:28.098 9 INFO neutron.db.ovn_revision_numbers_db [None req-58d4944f-940a-4973-91f1-4de57f901d5c 4a2a963eca9540fea6a1e20f81dd5a9e f67c3b1720ad42aa9ea93f58b77cd045 - - - -] Successfully bumped revision number for resource 9659361a-434b-4f2f-84cf-63cc40c045f7 (type: floatingips) to 1
2026-05-06 02:29:28.172 10 INFO neutron.wsgi [None req-ce9c8393-20bd-4e47-81ac-d6722507fc53 9030e845e549407f873747d5b74e3f6d a4a0ce4dc7f14d4cb436fd58f99b5256 - - - -] 10.0.0.199 "DELETE /v2.0/security-groups/39d49568-c4e1-4f10-a5a2-26548e64da55 HTTP/1.1" status: 204 len: 168 time: 0.2303345
2026-05-06 02:29:28.173 9 INFO neutron.wsgi [None req-58d4944f-940a-4973-91f1-4de57f901d5c 4a2a963eca9540fea6a1e20f81dd5a9e f67c3b1720ad42aa9ea93f58b77cd045 - - - -] 10.0.0.199 "POST /v2.0/floatingips HTTP/1.1" status: 201 len: 1055 time: 1.5596490
2026-05-06 02:29:28.220 9 INFO neutron.notifiers.nova [-] Nova event matching ['req-9fc98fe4-95b4-4ff8-81dc-d507e9dec4c2'] response: {'name': 'network-changed', 'server_uuid': '58b74192-294f-477b-9ef1-3ba6976c491e', 'tag': '4c496e5b-7b4a-4a8b-a04f-1076f99e0958', 'status': 'completed', 'code': 200}
2026-05-06 02:29:28.221 10 INFO neutron.wsgi [None req-73f38b77-ddef-496a-ab00-80fa1ef13c52 4a2a963eca9540fea6a1e20f81dd5a9e f67c3b1720ad42aa9ea93f58b77cd045 - - default default] 10.0.0.199 "GET /v2.0/floatingips/9659361a-434b-4f2f-84cf-63cc40c045f7 HTTP/1.1" status: 200 len: 1052 time: 0.0441523 /var/lib/openstack/lib/python3.10/site-packages/pycadf/identifier.py:71: UserWarning: Invalid uuid: neutron. To ensure interoperability, identifiers should be a valid uuid. warnings.warn(('Invalid uuid: %s. To ensure interoperability, '
2026-05-06 02:29:28.294 9 INFO neutron.wsgi [req-edc3e85b-a6e7-4a77-9cc6-0143f02bcb0d req-606b54bb-f3f5-434d-bd09-383f20bffbb0 9e2c17717c684236bffdf7e3016dc467 de48dc460ccb44fe8471d716a0a99fac - - 1e3de47416ab442dac3acb72b83625e9 1e3de47416ab442dac3acb72b83625e9] 199.204.45.250 "GET /v2.0/ports?tenant_id=f67c3b1720ad42aa9ea93f58b77cd045&device_id=58b74192-294f-477b-9ef1-3ba6976c491e HTTP/1.1" status: 200 len: 1365 time: 0.0508945
2026-05-06 02:29:28.301 9 INFO neutron.wsgi [None req-f58ef9a2-5ce1-4814-9fcb-94b62670e340 9030e845e549407f873747d5b74e3f6d a4a0ce4dc7f14d4cb436fd58f99b5256 - - - -] 10.0.0.199 "DELETE /v2.0/networks/85ba4fba-1a2a-490e-9181-2aaec59fcba4 HTTP/1.1" status: 204 len: 168 time: 0.6310666
