2026-05-06 02:34:16.206 10 INFO neutron.wsgi [None req-9581258c-3f17-4743-9f95-19f6e33e0a4d 9030e845e549407f873747d5b74e3f6d a4a0ce4dc7f14d4cb436fd58f99b5256 - - default default] 199.204.45.250 "GET /v2.0/extensions/dns-integration HTTP/1.1" status: 200 len: 371 time: 0.0054557
2026-05-06 02:34:16.219 10 INFO neutron.wsgi [None req-20bbebd2-fba5-4813-b057-27c4a5e15637 9030e845e549407f873747d5b74e3f6d a4a0ce4dc7f14d4cb436fd58f99b5256 - - default default] 199.204.45.250 "GET /v2.0/extensions/qos HTTP/1.1" status: 200 len: 365 time: 0.0074072
2026-05-06 02:34:16.232 10 INFO neutron.wsgi [None req-855d0ca3-0a47-475e-ae60-c18e3adc172a 9030e845e549407f873747d5b74e3f6d a4a0ce4dc7f14d4cb436fd58f99b5256 - - default default] 199.204.45.250 "GET /v2.0/extensions/allowed-address-pairs HTTP/1.1" status: 200 len: 383 time: 0.0062656
2026-05-06 02:34:16.260 10 INFO neutron.pecan_wsgi.hooks.translation [None req-d8b6a81b-fde0-44f4-b380-c538bc53c606 9030e845e549407f873747d5b74e3f6d a4a0ce4dc7f14d4cb436fd58f99b5256 - - - -] DELETE failed (client error): The resource could not be found.
2026-05-06 02:34:16.264 10 INFO neutron.wsgi [None req-d8b6a81b-fde0-44f4-b380-c538bc53c606 9030e845e549407f873747d5b74e3f6d a4a0ce4dc7f14d4cb436fd58f99b5256 - - - -] 199.204.45.250 "DELETE /v2.0/ports/94f6428e-3e5e-4dd0-8d68-74da52952e33 HTTP/1.1" status: 404 len: 338 time: 0.0253546
2026-05-06 02:34:16.305 10 INFO neutron.wsgi [None req-304763c4-8cf3-4eab-b4a5-41625ad20d99 9030e845e549407f873747d5b74e3f6d a4a0ce4dc7f14d4cb436fd58f99b5256 - - default default] 199.204.45.250 "GET /v2.0/ports/25a8d918-0ca0-47e7-ac47-229368b15eb9 HTTP/1.1" status: 200 len: 1329 time: 0.0344124
2026-05-06 02:34:16.342 10 INFO neutron.wsgi [None req-f51744bc-b34e-4baf-8c6c-681eebce5164 9030e845e549407f873747d5b74e3f6d a4a0ce4dc7f14d4cb436fd58f99b5256 - - default default] 199.204.45.250 "GET /v2.0/security-groups?name=lb-a76e2177-2975-4666-829c-ad542bf10e7a HTTP/1.1" status: 200 len: 1775 time: 0.0301466
2026-05-06 02:34:16.382 10 INFO neutron.wsgi [None req-0ab8df9e-99bf-4045-8cd8-7009e7578711 9030e845e549407f873747d5b74e3f6d a4a0ce4dc7f14d4cb436fd58f99b5256 - - default default] 199.204.45.250 "GET /v2.0/ports/25a8d918-0ca0-47e7-ac47-229368b15eb9 HTTP/1.1" status: 200 len: 1329 time: 0.0321174
2026-05-06 02:34:16.707 10 INFO neutron.db.ovn_revision_numbers_db [None req-3129adee-2920-4924-8f5e-18e17d1ed49f 9030e845e549407f873747d5b74e3f6d a4a0ce4dc7f14d4cb436fd58f99b5256 - - - -] Successfully bumped revision number for resource 25a8d918-0ca0-47e7-ac47-229368b15eb9 (type: ports) to 17
2026-05-06 02:34:16.722 10 INFO neutron.wsgi [None req-3129adee-2920-4924-8f5e-18e17d1ed49f 9030e845e549407f873747d5b74e3f6d a4a0ce4dc7f14d4cb436fd58f99b5256 - - - -] 199.204.45.250 "PUT /v2.0/ports/25a8d918-0ca0-47e7-ac47-229368b15eb9 HTTP/1.1" status: 200 len: 1291 time: 0.3354933
2026-05-06 02:34:16.792 10 INFO neutron.notifiers.nova [-] Nova event matching ['req-c27c867b-7d0d-49d6-82b2-cb21a49b898b'] response: {'server_uuid': 'b9cd6dbb-df89-4699-941a-a64243b30a9d', 'name': 'network-vif-plugged', 'status': 'completed', 'tag': '94f6428e-3e5e-4dd0-8d68-74da52952e33', 'code': 200}
2026-05-06 02:34:16.840 10 INFO neutron.wsgi [None req-acb13ab9-d2bc-4906-9fa7-d2b54bd3decf 9030e845e549407f873747d5b74e3f6d a4a0ce4dc7f14d4cb436fd58f99b5256 - - - -] 199.204.45.250 "DELETE /v2.0/security-groups/945332b7-ba33-4395-bc43-8e56a77312af HTTP/1.1" status: 204 len: 173 time: 0.1108201
2026-05-06 02:34:17.149 10 INFO neutron.wsgi [None req-7698b76f-705e-424b-8bee-11774c92ea18 9030e845e549407f873747d5b74e3f6d a4a0ce4dc7f14d4cb436fd58f99b5256 - - - -] 199.204.45.250 "DELETE /v2.0/ports/25a8d918-0ca0-47e7-ac47-229368b15eb9 HTTP/1.1" status: 204 len: 173 time: 0.3018756
2026-05-06 02:34:17.466 10 INFO neutron.plugins.ml2.drivers.ovn.mech_driver.mech_driver [None req-4e1b341c-ceab-4cdf-924c-408697357392 - - - - - -] OVN reports status down for port: 6f363834-f630-4007-b4c4-c83c9fc9bf19
2026-05-06 02:34:17.718 10 INFO neutron.db.ovn_revision_numbers_db [None req-4e1b341c-ceab-4cdf-924c-408697357392 - - - - - -] Successfully bumped revision number for resource 6f363834-f630-4007-b4c4-c83c9fc9bf19 (type: ports) to 5
2026-05-06 02:34:17.728 9 INFO neutron.wsgi [req-4b397df3-4859-4fed-b854-4f850e4c0aa6 req-bfe9529a-7d64-4331-9ffd-73196ece6374 9030e845e549407f873747d5b74e3f6d a4a0ce4dc7f14d4cb436fd58f99b5256 - - default default] 199.204.45.250 "GET /v2.0/ports?device_id=b9cd6dbb-df89-4699-941a-a64243b30a9d HTTP/1.1" status: 200 len: 1363 time: 0.0327644
2026-05-06 02:34:17.989 9 INFO neutron.wsgi [None req-96ee4262-bf9e-46a2-9b01-cadf5db5b104 9030e845e549407f873747d5b74e3f6d a4a0ce4dc7f14d4cb436fd58f99b5256 - - - -] 199.204.45.250 "DELETE /v2.0/ports/6f363834-f630-4007-b4c4-c83c9fc9bf19 HTTP/1.1" status: 204 len: 173 time: 0.2559288
2026-05-06 02:34:18.028 9 INFO neutron.notifiers.nova [-] Nova event matching ['req-d199d4f4-6e44-4d25-b562-8eb96305c547'] response: {'server_uuid': 'b9cd6dbb-df89-4699-941a-a64243b30a9d', 'name': 'network-vif-deleted', 'tag': '6f363834-f630-4007-b4c4-c83c9fc9bf19', 'status': 'completed', 'code': 200}
2026-05-06 02:34:18.835 10 INFO neutron.notifiers.nova [-] Nova event matching ['req-a755216f-c8cd-4244-b9db-86935a54942f'] response: {'server_uuid': 'b9cd6dbb-df89-4699-941a-a64243b30a9d', 'name': 'network-vif-unplugged', 'status': 'completed', 'tag': '6f363834-f630-4007-b4c4-c83c9fc9bf19', 'code': 200}
2026-05-06 02:34:18.836 10 INFO neutron.notifiers.nova [-] Nova event matching ['req-a755216f-c8cd-4244-b9db-86935a54942f'] response: {'server_uuid': 'b9cd6dbb-df89-4699-941a-a64243b30a9d', 'name': 'network-vif-plugged', 'status': 'completed', 'tag': '6f363834-f630-4007-b4c4-c83c9fc9bf19', 'code': 200} /var/lib/openstack/lib/python3.10/site-packages/pycadf/identifier.py:71: UserWarning: Invalid uuid: neutron. To ensure interoperability, identifiers should be a valid uuid. warnings.warn(('Invalid uuid: %s. To ensure interoperability, '
2026-05-06 02:34:19.370 10 INFO neutron.db.l3_db [None req-f5d0f1d7-e76d-4281-be07-29d4fd4e38e6 1e88aca4738e439a913926ed3db7f1c3 391384eafc644adca02530e29c29887d - - - -] Floating IP ad3a8611-da22-488d-860d-18b0a61ce8ce disassociated (deleted). External IP: 10.96.250.212, port: da7c7b20-78b9-4f44-9b5d-3ce585f45349.
2026-05-06 02:34:19.425 10 INFO neutron.wsgi [None req-f5d0f1d7-e76d-4281-be07-29d4fd4e38e6 1e88aca4738e439a913926ed3db7f1c3 391384eafc644adca02530e29c29887d - - - -] 10.0.0.199 "DELETE /v2.0/floatingips/ad3a8611-da22-488d-860d-18b0a61ce8ce HTTP/1.1" status: 204 len: 168 time: 0.4611275 /var/lib/openstack/lib/python3.10/site-packages/pycadf/identifier.py:71: UserWarning: Invalid uuid: neutron. To ensure interoperability, identifiers should be a valid uuid. warnings.warn(('Invalid uuid: %s. To ensure interoperability, '
2026-05-06 02:34:19.448 10 INFO neutron.api.v2.resource [None req-a2b15fb9-da01-4846-8d99-9bad8bbcd29f 1e88aca4738e439a913926ed3db7f1c3 391384eafc644adca02530e29c29887d - - default default] show failed (client error): The resource could not be found.
2026-05-06 02:34:19.450 10 INFO neutron.wsgi [None req-a2b15fb9-da01-4846-8d99-9bad8bbcd29f 1e88aca4738e439a913926ed3db7f1c3 391384eafc644adca02530e29c29887d - - default default] 10.0.0.199 "GET /v2.0/floatingips/ad3a8611-da22-488d-860d-18b0a61ce8ce HTTP/1.1" status: 404 len: 345 time: 0.0197790
2026-05-06 02:34:19.663 10 INFO neutron.plugins.ml2.drivers.ovn.mech_driver.mech_driver [None req-4e1b341c-ceab-4cdf-924c-408697357392 - - - - - -] OVN reports status down for port: da7c7b20-78b9-4f44-9b5d-3ce585f45349
2026-05-06 02:34:19.723 10 INFO neutron.wsgi [req-62019b90-3d50-4ccd-b418-d6322d0db09a req-f319cac8-2880-443b-adf9-2157475186d6 1e88aca4738e439a913926ed3db7f1c3 391384eafc644adca02530e29c29887d - - default default] 10.0.0.8 "GET /v2.0/ports?device_id=5826aef5-b442-4819-b1e7-6764df2f06a8 HTTP/1.1" status: 200 len: 1400 time: 0.1164663
2026-05-06 02:34:19.796 10 INFO neutron.wsgi [req-62019b90-3d50-4ccd-b418-d6322d0db09a req-3ed5dc24-412b-4f65-9c02-9b3e56aa5b20 1e88aca4738e439a913926ed3db7f1c3 391384eafc644adca02530e29c29887d - - default default] 10.0.0.8 "GET /v2.0/security-groups?id=00eba74e-64c5-4400-80ff-a8eabab34213&fields=id&fields=name HTTP/1.1" status: 200 len: 311 time: 0.0541677
2026-05-06 02:34:19.965 10 INFO neutron.db.ovn_revision_numbers_db [None req-4e1b341c-ceab-4cdf-924c-408697357392 - - - - - -] Successfully bumped revision number for resource da7c7b20-78b9-4f44-9b5d-3ce585f45349 (type: ports) to 5
2026-05-06 02:34:20.031 9 INFO neutron.wsgi [req-35394f17-cc3a-459b-b4d7-26acdab0e847 req-f3d2c355-12ac-487c-b2f9-1edc4d190378 1e88aca4738e439a913926ed3db7f1c3 391384eafc644adca02530e29c29887d - - default default] 199.204.45.250 "GET /v2.0/ports?device_id=5826aef5-b442-4819-b1e7-6764df2f06a8 HTTP/1.1" status: 200 len: 1398 time: 0.1044223
2026-05-06 02:34:20.361 9 INFO neutron.wsgi [None req-bfc6c305-6514-407e-9983-1668e5ddf624 1e88aca4738e439a913926ed3db7f1c3 391384eafc644adca02530e29c29887d - - - -] 199.204.45.250 "DELETE /v2.0/ports/da7c7b20-78b9-4f44-9b5d-3ce585f45349 HTTP/1.1" status: 204 len: 173 time: 0.3257394
2026-05-06 02:34:20.399 9 INFO neutron.notifiers.nova [-] Nova event matching ['req-e6df1b34-0f2a-45bb-80cd-fdd40d473a4c'] response: {'server_uuid': '5826aef5-b442-4819-b1e7-6764df2f06a8', 'name': 'network-vif-deleted', 'tag': 'da7c7b20-78b9-4f44-9b5d-3ce585f45349', 'status': 'completed', 'code': 200}
2026-05-06 02:34:20.873 10 INFO neutron.notifiers.nova [-] Nova event matching ['req-cadbbe97-e868-4d4b-a75d-652647fcbd92'] response: {'name': 'network-changed', 'server_uuid': '5826aef5-b442-4819-b1e7-6764df2f06a8', 'tag': 'da7c7b20-78b9-4f44-9b5d-3ce585f45349', 'status': 'completed', 'code': 200}
2026-05-06 02:34:20.873 10 INFO neutron.notifiers.nova [-] Nova event matching ['req-cadbbe97-e868-4d4b-a75d-652647fcbd92'] response: {'server_uuid': '5826aef5-b442-4819-b1e7-6764df2f06a8', 'name': 'network-vif-unplugged', 'status': 'completed', 'tag': 'da7c7b20-78b9-4f44-9b5d-3ce585f45349', 'code': 200}
2026-05-06 02:34:20.873 10 INFO neutron.notifiers.nova [-] Nova event matching ['req-cadbbe97-e868-4d4b-a75d-652647fcbd92'] response: {'server_uuid': '5826aef5-b442-4819-b1e7-6764df2f06a8', 'name': 'network-vif-plugged', 'status': 'completed', 'tag': 'da7c7b20-78b9-4f44-9b5d-3ce585f45349', 'code': 200}
2026-05-06 02:34:20.906 9 INFO neutron.wsgi [req-9522fe96-1cbd-4455-b0cd-3f3f2680e468 req-c18ec558-7d8e-4df7-90dc-46f4f58d3da9 9e2c17717c684236bffdf7e3016dc467 de48dc460ccb44fe8471d716a0a99fac - - 1e3de47416ab442dac3acb72b83625e9 1e3de47416ab442dac3acb72b83625e9] 199.204.45.250 "GET /v2.0/ports?tenant_id=391384eafc644adca02530e29c29887d&device_id=5826aef5-b442-4819-b1e7-6764df2f06a8 HTTP/1.1" status: 200 len: 210 time: 0.0265276
2026-05-06 02:34:20.990 9 INFO neutron.wsgi [req-9522fe96-1cbd-4455-b0cd-3f3f2680e468 req-7196229b-eadb-4d6b-af26-9722f7124e2b 9e2c17717c684236bffdf7e3016dc467 de48dc460ccb44fe8471d716a0a99fac - - 1e3de47416ab442dac3acb72b83625e9 1e3de47416ab442dac3acb72b83625e9] 199.204.45.250 "GET /v2.0/networks?tenant_id=391384eafc644adca02530e29c29887d&shared=False HTTP/1.1" status: 200 len: 2583 time: 0.0790305
2026-05-06 02:34:21.066 9 INFO neutron.wsgi [req-9522fe96-1cbd-4455-b0cd-3f3f2680e468 req-ca57fd17-6b0c-4e1c-986a-047468d6e605 9e2c17717c684236bffdf7e3016dc467 de48dc460ccb44fe8471d716a0a99fac - - 1e3de47416ab442dac3acb72b83625e9 1e3de47416ab442dac3acb72b83625e9] 199.204.45.250 "GET /v2.0/networks?shared=True HTTP/1.1" status: 200 len: 952 time: 0.0674980 /var/lib/openstack/lib/python3.10/site-packages/pycadf/identifier.py:71: UserWarning: Invalid uuid: neutron. To ensure interoperability, identifiers should be a valid uuid. warnings.warn(('Invalid uuid: %s. To ensure interoperability, '
2026-05-06 02:34:25.244 10 INFO neutron.db.l3_db [None req-860c29d3-3377-49e7-a474-3e4daf1b37f1 1e88aca4738e439a913926ed3db7f1c3 391384eafc644adca02530e29c29887d - - - -] Floating IP ab435291-a011-40e9-bde4-521cd6e083f4 disassociated (deleted). External IP: 10.96.250.201, port: c8c995f9-8fe8-427e-89ce-918991f29287.
2026-05-06 02:34:25.295 10 INFO neutron.wsgi [None req-860c29d3-3377-49e7-a474-3e4daf1b37f1 1e88aca4738e439a913926ed3db7f1c3 391384eafc644adca02530e29c29887d - - - -] 10.0.0.199 "DELETE /v2.0/floatingips/ab435291-a011-40e9-bde4-521cd6e083f4 HTTP/1.1" status: 204 len: 168 time: 0.4216378 /var/lib/openstack/lib/python3.10/site-packages/pycadf/identifier.py:71: UserWarning: Invalid uuid: neutron. To ensure interoperability, identifiers should be a valid uuid. warnings.warn(('Invalid uuid: %s. To ensure interoperability, '
2026-05-06 02:34:25.330 9 INFO neutron.api.v2.resource [None req-66fd31cd-00ad-40d7-9843-2785bafa050a 1e88aca4738e439a913926ed3db7f1c3 391384eafc644adca02530e29c29887d - - default default] show failed (client error): The resource could not be found.
2026-05-06 02:34:25.331 10 INFO neutron.notifiers.nova [-] Nova event matching ['req-cde75732-d76c-406c-9f49-68c0e51732c2'] response: {'name': 'network-changed', 'server_uuid': '1833136b-8773-4c33-b919-d1dcd3461d1d', 'tag': 'c8c995f9-8fe8-427e-89ce-918991f29287', 'status': 'completed', 'code': 200}
2026-05-06 02:34:25.332 9 INFO neutron.wsgi [None req-66fd31cd-00ad-40d7-9843-2785bafa050a 1e88aca4738e439a913926ed3db7f1c3 391384eafc644adca02530e29c29887d - - default default] 10.0.0.199 "GET /v2.0/floatingips/ab435291-a011-40e9-bde4-521cd6e083f4 HTTP/1.1" status: 404 len: 345 time: 0.0314095
2026-05-06 02:34:25.388 9 INFO neutron.wsgi [req-d627d2e2-6448-4bce-939d-94033bf5cf90 req-bd894445-4f2f-4e7e-9e00-3e0ab0cc19f6 9e2c17717c684236bffdf7e3016dc467 de48dc460ccb44fe8471d716a0a99fac - - 1e3de47416ab442dac3acb72b83625e9 1e3de47416ab442dac3acb72b83625e9] 199.204.45.250 "GET /v2.0/ports?tenant_id=391384eafc644adca02530e29c29887d&device_id=1833136b-8773-4c33-b919-d1dcd3461d1d HTTP/1.1" status: 200 len: 1590 time: 0.0358024
2026-05-06 02:34:25.454 9 INFO neutron.wsgi [req-d627d2e2-6448-4bce-939d-94033bf5cf90 req-39c7204a-d375-4fa5-9357-c7ec2c4dbf5c 9e2c17717c684236bffdf7e3016dc467 de48dc460ccb44fe8471d716a0a99fac - - 1e3de47416ab442dac3acb72b83625e9 1e3de47416ab442dac3acb72b83625e9] 199.204.45.250 "GET /v2.0/networks?id=b2c712e4-0b2a-454a-ad53-47a64c65a3fc HTTP/1.1" status: 200 len: 1002 time: 0.0583324
2026-05-06 02:34:25.495 9 INFO neutron.wsgi [req-d627d2e2-6448-4bce-939d-94033bf5cf90 req-813efbe5-46ea-45ba-9d0e-a67278992d5b 9e2c17717c684236bffdf7e3016dc467 de48dc460ccb44fe8471d716a0a99fac - - 1e3de47416ab442dac3acb72b83625e9 1e3de47416ab442dac3acb72b83625e9] 199.204.45.250 "GET /v2.0/floatingips?fixed_ip_address=10.2.1.133&port_id=c8c995f9-8fe8-427e-89ce-918991f29287 HTTP/1.1" status: 200 len: 217 time: 0.0351570
2026-05-06 02:34:25.527 9 INFO neutron.wsgi [req-d627d2e2-6448-4bce-939d-94033bf5cf90 req-3f0e419b-815d-4321-8896-8d22fd766879 9e2c17717c684236bffdf7e3016dc467 de48dc460ccb44fe8471d716a0a99fac - - 1e3de47416ab442dac3acb72b83625e9 1e3de47416ab442dac3acb72b83625e9] 199.204.45.250 "GET /v2.0/floatingips?fixed_ip_address=fd7b%3Af9f7%3Afff%3A4eca%3A%3A1eb&port_id=c8c995f9-8fe8-427e-89ce-918991f29287 HTTP/1.1" status: 200 len: 217 time: 0.0249989
2026-05-06 02:34:25.530 9 INFO neutron.plugins.ml2.drivers.ovn.mech_driver.mech_driver [None req-7f8cd7a8-f853-46b9-89a2-a18d502592e1 - - - - - -] OVN reports status down for port: c8c995f9-8fe8-427e-89ce-918991f29287
2026-05-06 02:34:25.588 10 INFO neutron.wsgi [req-5c6472cf-1ccd-4024-b587-0923656839ec req-8f85ae83-fe96-495a-9408-1eb05e9b11f0 1e88aca4738e439a913926ed3db7f1c3 391384eafc644adca02530e29c29887d - - default default] 10.0.0.8 "GET /v2.0/ports?device_id=1833136b-8773-4c33-b919-d1dcd3461d1d HTTP/1.1" status: 200 len: 1400 time: 0.1097882
2026-05-06 02:34:25.603 9 INFO neutron.wsgi [req-d627d2e2-6448-4bce-939d-94033bf5cf90 req-15a79636-ae06-4f68-9d63-2c86282c5fdf 9e2c17717c684236bffdf7e3016dc467 de48dc460ccb44fe8471d716a0a99fac - - 1e3de47416ab442dac3acb72b83625e9 1e3de47416ab442dac3acb72b83625e9] 199.204.45.250 "GET /v2.0/subnets?id=8293af6b-99e1-4e6a-87c4-260c080e47ce&id=61223e12-3706-4646-8993-fe1121b693d2 HTTP/1.1" status: 200 len: 1562 time: 0.0692608
2026-05-06 02:34:25.636 9 INFO neutron.wsgi [req-d627d2e2-6448-4bce-939d-94033bf5cf90 req-15b8c99c-bab7-4c74-9c9b-0676e9d7a8ec 9e2c17717c684236bffdf7e3016dc467 de48dc460ccb44fe8471d716a0a99fac - - 1e3de47416ab442dac3acb72b83625e9 1e3de47416ab442dac3acb72b83625e9] 199.204.45.250 "GET /v2.0/ports?network_id=b2c712e4-0b2a-454a-ad53-47a64c65a3fc&device_owner=network%3Adhcp HTTP/1.1" status: 200 len: 210 time: 0.0279870
2026-05-06 02:34:25.637 10 INFO neutron.wsgi [req-5c6472cf-1ccd-4024-b587-0923656839ec req-a2a86cbb-8406-420e-89ce-0219003f89b6 1e88aca4738e439a913926ed3db7f1c3 391384eafc644adca02530e29c29887d - - default default] 10.0.0.8 "GET /v2.0/security-groups?id=00eba74e-64c5-4400-80ff-a8eabab34213&fields=id&fields=name HTTP/1.1" status: 200 len: 311 time: 0.0444858
2026-05-06 02:34:25.688 9 INFO neutron.wsgi [req-d627d2e2-6448-4bce-939d-94033bf5cf90 req-991f8e7a-b548-409c-92d1-0f9c39beee54 9e2c17717c684236bffdf7e3016dc467 de48dc460ccb44fe8471d716a0a99fac - - 1e3de47416ab442dac3acb72b83625e9 1e3de47416ab442dac3acb72b83625e9] 199.204.45.250 "GET /v2.0/ports?network_id=b2c712e4-0b2a-454a-ad53-47a64c65a3fc&device_owner=network%3Adhcp HTTP/1.1" status: 200 len: 210 time: 0.0401649
2026-05-06 02:34:25.738 9 INFO neutron.notifiers.nova [-] Nova event matching ['req-e1194392-9176-4b13-9ecc-3ec21aa776d4'] response: {'server_uuid': '1833136b-8773-4c33-b919-d1dcd3461d1d', 'name': 'network-vif-unplugged', 'status': 'completed', 'tag': 'c8c995f9-8fe8-427e-89ce-918991f29287', 'code': 200}
2026-05-06 02:34:25.790 9 INFO neutron.wsgi [req-d627d2e2-6448-4bce-939d-94033bf5cf90 req-1093a4b6-9ea9-4383-96fb-7f99cfafaed7 9e2c17717c684236bffdf7e3016dc467 de48dc460ccb44fe8471d716a0a99fac - - 1e3de47416ab442dac3acb72b83625e9 1e3de47416ab442dac3acb72b83625e9] 199.204.45.250 "GET /v2.0/networks/b2c712e4-0b2a-454a-ad53-47a64c65a3fc?fields=segments HTTP/1.1" status: 200 len: 212 time: 0.0900824
2026-05-06 02:34:25.819 10 INFO neutron.wsgi [req-4e8f28a8-e095-46b8-a9e9-865e8068eccf req-0b5ff383-323e-4e68-8687-faa85f362844 1e88aca4738e439a913926ed3db7f1c3 391384eafc644adca02530e29c29887d - - default default] 199.204.45.250 "GET /v2.0/ports?device_id=1833136b-8773-4c33-b919-d1dcd3461d1d HTTP/1.1" status: 200 len: 1398 time: 0.0413871
2026-05-06 02:34:25.872 9 INFO neutron.wsgi [req-d627d2e2-6448-4bce-939d-94033bf5cf90 req-a805a121-44c9-494b-aebd-e1aa74a86ad6 9e2c17717c684236bffdf7e3016dc467 de48dc460ccb44fe8471d716a0a99fac - - 1e3de47416ab442dac3acb72b83625e9 1e3de47416ab442dac3acb72b83625e9] 199.204.45.250 "GET /v2.0/networks/b2c712e4-0b2a-454a-ad53-47a64c65a3fc?fields=provider%3Aphysical_network&fields=provider%3Anetwork_type HTTP/1.1" status: 200 len: 277 time: 0.0747027
2026-05-06 02:34:25.928 9 INFO neutron.db.ovn_revision_numbers_db [None req-7f8cd7a8-f853-46b9-89a2-a18d502592e1 - - - - - -] Successfully bumped revision number for resource c8c995f9-8fe8-427e-89ce-918991f29287 (type: ports) to 5
2026-05-06 02:34:26.186 10 INFO neutron.wsgi [None req-f395613e-a22d-4069-84ef-79f71f8c2465 1e88aca4738e439a913926ed3db7f1c3 391384eafc644adca02530e29c29887d - - - -] 199.204.45.250 "DELETE /v2.0/ports/c8c995f9-8fe8-427e-89ce-918991f29287 HTTP/1.1" status: 204 len: 173 time: 0.3607533
2026-05-06 02:34:27.369 10 INFO neutron.notifiers.nova [-] Nova event matching ['req-6e1c2d91-96bc-4192-b815-2cc47b453ea6'] response: {'server_uuid': '1833136b-8773-4c33-b919-d1dcd3461d1d', 'name': 'network-vif-deleted', 'tag': 'c8c995f9-8fe8-427e-89ce-918991f29287', 'status': 'completed', 'code': 200}
2026-05-06 02:34:27.777 9 INFO neutron.notifiers.nova [-] Nova event matching ['req-8eb9c43c-a535-4b71-b255-af4678fb1143'] response: {'server_uuid': '1833136b-8773-4c33-b919-d1dcd3461d1d', 'name': 'network-vif-plugged', 'status': 'completed', 'tag': 'c8c995f9-8fe8-427e-89ce-918991f29287', 'code': 200}
2026-05-06 02:34:30.350 10 INFO neutron.wsgi [-] 10.0.0.207 "GET / HTTP/1.1" status: 200 len: 247 time: 0.0019748
2026-05-06 02:34:30.351 9 INFO neutron.wsgi [-] 10.0.0.207 "GET / HTTP/1.1" status: 200 len: 247 time: 0.0031223 /var/lib/openstack/lib/python3.10/site-packages/pycadf/identifier.py:71: UserWarning: Invalid uuid: neutron. To ensure interoperability, identifiers should be a valid uuid. warnings.warn(('Invalid uuid: %s. To ensure interoperability, '
2026-05-06 02:34:30.825 9 INFO neutron.wsgi [None req-0bacc972-af43-40f8-a5d8-99bc99ed56a7 1e88aca4738e439a913926ed3db7f1c3 391384eafc644adca02530e29c29887d - - - -] 10.0.0.199 "DELETE /v2.0/security-group-rules/4d8f5ba4-e16b-4d13-ab2a-a3103b86c729 HTTP/1.1" status: 204 len: 168 time: 0.1229515
2026-05-06 02:34:30.842 9 INFO neutron.api.v2.resource [None req-9f3ca365-63b8-4fd6-8536-86a6ede3a5dd 1e88aca4738e439a913926ed3db7f1c3 391384eafc644adca02530e29c29887d - - default default] show failed (client error): The resource could not be found.
2026-05-06 02:34:30.844 9 INFO neutron.wsgi [None req-9f3ca365-63b8-4fd6-8536-86a6ede3a5dd 1e88aca4738e439a913926ed3db7f1c3 391384eafc644adca02530e29c29887d - - default default] 10.0.0.199 "GET /v2.0/security-group-rules/4d8f5ba4-e16b-4d13-ab2a-a3103b86c729 HTTP/1.1" status: 404 len: 356 time: 0.0141902
2026-05-06 02:34:30.967 9 INFO neutron.wsgi [None req-18b83774-d8a6-4327-be72-e1e24dc5a86d 1e88aca4738e439a913926ed3db7f1c3 391384eafc644adca02530e29c29887d - - - -] 10.0.0.199 "DELETE /v2.0/security-group-rules/8d7a23a9-7894-43d5-87bd-8e50691adf22 HTTP/1.1" status: 204 len: 168 time: 0.1180923
2026-05-06 02:34:30.984 9 INFO neutron.api.v2.resource [None req-2f1df21c-c24b-4cc5-9fae-5df9c4b6f40c 1e88aca4738e439a913926ed3db7f1c3 391384eafc644adca02530e29c29887d - - default default] show failed (client error): The resource could not be found.
2026-05-06 02:34:30.985 9 INFO neutron.wsgi [None req-2f1df21c-c24b-4cc5-9fae-5df9c4b6f40c 1e88aca4738e439a913926ed3db7f1c3 391384eafc644adca02530e29c29887d - - default default] 10.0.0.199 "GET /v2.0/security-group-rules/8d7a23a9-7894-43d5-87bd-8e50691adf22 HTTP/1.1" status: 404 len: 356 time: 0.0119307
2026-05-06 02:34:31.099 9 INFO neutron.wsgi [None req-0392e77a-16e7-4e61-b6fa-f5609ef881c2 1e88aca4738e439a913926ed3db7f1c3 391384eafc644adca02530e29c29887d - - - -] 10.0.0.199 "DELETE /v2.0/security-group-rules/393f0a2b-2a24-4f4f-963f-529b83e5f668 HTTP/1.1" status: 204 len: 168 time: 0.1092522
2026-05-06 02:34:31.115 9 INFO neutron.api.v2.resource [None req-d2ce59ea-d825-4cdd-a965-626a1072f1a3 1e88aca4738e439a913926ed3db7f1c3 391384eafc644adca02530e29c29887d - - default default] show failed (client error): The resource could not be found.
2026-05-06 02:34:31.117 9 INFO neutron.wsgi [None req-d2ce59ea-d825-4cdd-a965-626a1072f1a3 1e88aca4738e439a913926ed3db7f1c3 391384eafc644adca02530e29c29887d - - default default] 10.0.0.199 "GET /v2.0/security-group-rules/393f0a2b-2a24-4f4f-963f-529b83e5f668 HTTP/1.1" status: 404 len: 356 time: 0.0123777
2026-05-06 02:34:31.241 9 INFO neutron.wsgi [None req-661ddad0-703b-41de-b721-5a9ea2ea9d11 1e88aca4738e439a913926ed3db7f1c3 391384eafc644adca02530e29c29887d - - - -] 10.0.0.199 "DELETE /v2.0/security-group-rules/2b8d400c-2707-4778-ae3a-30bc2f9632fe HTTP/1.1" status: 204 len: 168 time: 0.1202607
2026-05-06 02:34:31.258 9 INFO neutron.api.v2.resource [None req-8c6dce11-f6ed-4bf7-ab5d-138f9c329556 1e88aca4738e439a913926ed3db7f1c3 391384eafc644adca02530e29c29887d - - default default] show failed (client error): The resource could not be found.
2026-05-06 02:34:31.260 9 INFO neutron.wsgi [None req-8c6dce11-f6ed-4bf7-ab5d-138f9c329556 1e88aca4738e439a913926ed3db7f1c3 391384eafc644adca02530e29c29887d - - default default] 10.0.0.199 "GET /v2.0/security-group-rules/2b8d400c-2707-4778-ae3a-30bc2f9632fe HTTP/1.1" status: 404 len: 356 time: 0.0131462
2026-05-06 02:34:31.378 9 INFO neutron.wsgi [None req-0e0e63ca-1e13-45be-8098-573a39eb9059 1e88aca4738e439a913926ed3db7f1c3 391384eafc644adca02530e29c29887d - - - -] 10.0.0.199 "DELETE /v2.0/security-group-rules/4c0e53dd-1db9-40ba-be83-d28b4946e37f HTTP/1.1" status: 204 len: 168 time: 0.1134558
2026-05-06 02:34:31.394 9 INFO neutron.api.v2.resource [None req-9da2d241-9be0-4e11-8c49-380038b03854 1e88aca4738e439a913926ed3db7f1c3 391384eafc644adca02530e29c29887d - - default default] show failed (client error): The resource could not be found.
2026-05-06 02:34:31.395 9 INFO neutron.wsgi [None req-9da2d241-9be0-4e11-8c49-380038b03854 1e88aca4738e439a913926ed3db7f1c3 391384eafc644adca02530e29c29887d - - default default] 10.0.0.199 "GET /v2.0/security-group-rules/4c0e53dd-1db9-40ba-be83-d28b4946e37f HTTP/1.1" status: 404 len: 356 time: 0.0123806
2026-05-06 02:34:31.506 9 INFO neutron.wsgi [None req-07381438-1251-4450-8eda-ffa24d0a8edf 1e88aca4738e439a913926ed3db7f1c3 391384eafc644adca02530e29c29887d - - - -] 10.0.0.199 "DELETE /v2.0/security-group-rules/b1b7c165-c9c8-4903-8f00-bf3adda107f6 HTTP/1.1" status: 204 len: 168 time: 0.1051619
2026-05-06 02:34:31.519 9 INFO neutron.api.v2.resource [None req-1d2401f2-fa3b-4582-8361-9371b2cb2ed4 1e88aca4738e439a913926ed3db7f1c3 391384eafc644adca02530e29c29887d - - default default] show failed (client error): The resource could not be found.
2026-05-06 02:34:31.520 9 INFO neutron.wsgi [None req-1d2401f2-fa3b-4582-8361-9371b2cb2ed4 1e88aca4738e439a913926ed3db7f1c3 391384eafc644adca02530e29c29887d - - default default] 10.0.0.199 "GET /v2.0/security-group-rules/b1b7c165-c9c8-4903-8f00-bf3adda107f6 HTTP/1.1" status: 404 len: 356 time: 0.0102234
2026-05-06 02:34:31.630 9 INFO neutron.wsgi [None req-2097e2fa-806a-4131-a0ef-94967a29ada8 1e88aca4738e439a913926ed3db7f1c3 391384eafc644adca02530e29c29887d - - - -] 10.0.0.199 "DELETE /v2.0/security-group-rules/ba1b751d-9440-4773-9d87-e8b9be7ecef5 HTTP/1.1" status: 204 len: 168 time: 0.1052535
2026-05-06 02:34:31.644 9 INFO neutron.api.v2.resource [None req-2cf63830-2d93-4887-aae9-59bfd008904b 1e88aca4738e439a913926ed3db7f1c3 391384eafc644adca02530e29c29887d - - default default] show failed (client error): The resource could not be found.
2026-05-06 02:34:31.645 9 INFO neutron.wsgi [None req-2cf63830-2d93-4887-aae9-59bfd008904b 1e88aca4738e439a913926ed3db7f1c3 391384eafc644adca02530e29c29887d - - default default] 10.0.0.199 "GET /v2.0/security-group-rules/ba1b751d-9440-4773-9d87-e8b9be7ecef5 HTTP/1.1" status: 404 len: 356 time: 0.0109468
2026-05-06 02:34:31.759 10 INFO neutron.wsgi [None req-f3c0f185-a8ea-4586-8d94-cf98ac7d9138 1e88aca4738e439a913926ed3db7f1c3 391384eafc644adca02530e29c29887d - - - -] 10.0.0.199 "DELETE /v2.0/security-group-rules/0c1344ed-ea21-4019-8e59-9a8c5d243a91 HTTP/1.1" status: 204 len: 168 time: 0.1071668
2026-05-06 02:34:31.772 10 INFO neutron.api.v2.resource [None req-c9d4dfa0-4e0d-4b31-9ffd-3392e5192116 1e88aca4738e439a913926ed3db7f1c3 391384eafc644adca02530e29c29887d - - default default] show failed (client error): The resource could not be found.
2026-05-06 02:34:31.773 10 INFO neutron.wsgi [None req-c9d4dfa0-4e0d-4b31-9ffd-3392e5192116 1e88aca4738e439a913926ed3db7f1c3 391384eafc644adca02530e29c29887d - - default default] 10.0.0.199 "GET /v2.0/security-group-rules/0c1344ed-ea21-4019-8e59-9a8c5d243a91 HTTP/1.1" status: 404 len: 356 time: 0.0100386
2026-05-06 02:34:31.877 10 INFO neutron.wsgi [None req-74427e3e-9d96-4318-8786-dc566e11a86f 1e88aca4738e439a913926ed3db7f1c3 391384eafc644adca02530e29c29887d - - - -] 10.0.0.199 "DELETE /v2.0/security-group-rules/4de318ec-74b1-40dd-a927-d4ed4b3f526e HTTP/1.1" status: 204 len: 168 time: 0.0994163
2026-05-06 02:34:31.893 10 INFO neutron.api.v2.resource [None req-ea869d38-2030-41c7-b6b7-874fa206a05d 1e88aca4738e439a913926ed3db7f1c3 391384eafc644adca02530e29c29887d - - default default] show failed (client error): The resource could not be found.
2026-05-06 02:34:31.895 10 INFO neutron.wsgi [None req-ea869d38-2030-41c7-b6b7-874fa206a05d 1e88aca4738e439a913926ed3db7f1c3 391384eafc644adca02530e29c29887d - - default default] 10.0.0.199 "GET /v2.0/security-group-rules/4de318ec-74b1-40dd-a927-d4ed4b3f526e HTTP/1.1" status: 404 len: 356 time: 0.0118258
2026-05-06 02:34:32.002 10 INFO neutron.wsgi [None req-20449b12-c95b-43f4-a70f-a397c1aa6655 1e88aca4738e439a913926ed3db7f1c3 391384eafc644adca02530e29c29887d - - - -] 10.0.0.199 "DELETE /v2.0/security-group-rules/2ff6a263-11b2-4a90-a414-fcbf8b2fee2c HTTP/1.1" status: 204 len: 168 time: 0.1034200
2026-05-06 02:34:32.015 10 INFO neutron.api.v2.resource [None req-ecc47114-14c0-42a4-9e18-2c7d0727a590 1e88aca4738e439a913926ed3db7f1c3 391384eafc644adca02530e29c29887d - - default default] show failed (client error): The resource could not be found.
2026-05-06 02:34:32.016 10 INFO neutron.wsgi [None req-ecc47114-14c0-42a4-9e18-2c7d0727a590 1e88aca4738e439a913926ed3db7f1c3 391384eafc644adca02530e29c29887d - - default default] 10.0.0.199 "GET /v2.0/security-group-rules/2ff6a263-11b2-4a90-a414-fcbf8b2fee2c HTTP/1.1" status: 404 len: 356 time: 0.0108845
2026-05-06 02:34:32.136 10 INFO neutron.wsgi [None req-e1027d91-e28b-4ea7-b40f-86eec1fec242 1e88aca4738e439a913926ed3db7f1c3 391384eafc644adca02530e29c29887d - - - -] 10.0.0.199 "DELETE /v2.0/security-group-rules/9b367a5d-d1b8-4b95-9105-c59a89c67cc8 HTTP/1.1" status: 204 len: 168 time: 0.1151936
2026-05-06 02:34:32.149 10 INFO neutron.api.v2.resource [None req-ea8df2fb-1896-4b74-af2b-575d79dea96b 1e88aca4738e439a913926ed3db7f1c3 391384eafc644adca02530e29c29887d - - default default] show failed (client error): The resource could not be found.
2026-05-06 02:34:32.150 10 INFO neutron.wsgi [None req-ea8df2fb-1896-4b74-af2b-575d79dea96b 1e88aca4738e439a913926ed3db7f1c3 391384eafc644adca02530e29c29887d - - default default] 10.0.0.199 "GET /v2.0/security-group-rules/9b367a5d-d1b8-4b95-9105-c59a89c67cc8 HTTP/1.1" status: 404 len: 356 time: 0.0106688
2026-05-06 02:34:32.295 10 INFO neutron.wsgi [None req-35f755f9-46ea-47fd-9b76-e503bb031390 1e88aca4738e439a913926ed3db7f1c3 391384eafc644adca02530e29c29887d - - - -] 10.0.0.199 "DELETE /v2.0/security-groups/00eba74e-64c5-4400-80ff-a8eabab34213 HTTP/1.1" status: 204 len: 168 time: 0.1404345
2026-05-06 02:34:32.312 10 INFO neutron.api.v2.resource [None req-d7d33f48-7d37-47d1-8db7-ada3ba937e15 1e88aca4738e439a913926ed3db7f1c3 391384eafc644adca02530e29c29887d - - default default] show failed (client error): The resource could not be found.
2026-05-06 02:34:32.313 10 INFO neutron.wsgi [None req-d7d33f48-7d37-47d1-8db7-ada3ba937e15 1e88aca4738e439a913926ed3db7f1c3 391384eafc644adca02530e29c29887d - - default default] 10.0.0.199 "GET /v2.0/security-groups/00eba74e-64c5-4400-80ff-a8eabab34213 HTTP/1.1" status: 404 len: 347 time: 0.0130901
2026-05-06 02:34:33.970 10 INFO neutron.wsgi [None req-dd676e44-d3b8-429d-aa75-fc138d8efb94 1e88aca4738e439a913926ed3db7f1c3 391384eafc644adca02530e29c29887d - - - -] 10.0.0.199 "PUT /v2.0/routers/ad1b6edc-4a73-4636-9e34-ac648fd0d618/remove_router_interface HTTP/1.1" status: 200 len: 503 time: 1.6000569 /var/lib/openstack/lib/python3.10/site-packages/pycadf/identifier.py:71: UserWarning: Invalid uuid: neutron. To ensure interoperability, identifiers should be a valid uuid. warnings.warn(('Invalid uuid: %s. To ensure interoperability, '
2026-05-06 02:34:34.196 10 INFO neutron.api.v2.resource [None req-160914d6-fc96-4c1d-a039-8a93e601bcd1 1e88aca4738e439a913926ed3db7f1c3 391384eafc644adca02530e29c29887d - - default default] remove_router_interface failed (client error): The resource could not be found.
2026-05-06 02:34:34.198 10 INFO neutron.wsgi [None req-160914d6-fc96-4c1d-a039-8a93e601bcd1 1e88aca4738e439a913926ed3db7f1c3 391384eafc644adca02530e29c29887d - - default default] 10.0.0.199 "PUT /v2.0/routers/ad1b6edc-4a73-4636-9e34-ac648fd0d618/remove_router_interface HTTP/1.1" status: 404 len: 399 time: 0.2148926
2026-05-06 02:34:34.204 9 INFO neutron.wsgi [None req-3189223c-066e-42c2-915c-bed27062322c 9030e845e549407f873747d5b74e3f6d a4a0ce4dc7f14d4cb436fd58f99b5256 - - default default] 10.0.0.19 "GET /v2.0/ports HTTP/1.1" status: 200 len: 11550 time: 0.1269612
2026-05-06 02:34:34.235 9 INFO neutron.wsgi [None req-18c4214d-d756-4f40-9d4c-f3a4c1a5602d 9030e845e549407f873747d5b74e3f6d a4a0ce4dc7f14d4cb436fd58f99b5256 - - default default] 10.0.0.19 "GET /v2.0/agents HTTP/1.1" status: 200 len: 997 time: 0.0245991
2026-05-06 02:34:34.266 9 INFO neutron.wsgi [None req-316764f4-89f9-4c5f-a94c-0adb8ca201f9 9030e845e549407f873747d5b74e3f6d a4a0ce4dc7f14d4cb436fd58f99b5256 - - default default] 10.0.0.19 "GET /v2.0/floatingips HTTP/1.1" status: 200 len: 193 time: 0.0305653
2026-05-06 02:34:34.372 9 INFO neutron.wsgi [None req-febb9ec1-68ae-4ca3-9e39-cdf2d6267792 9030e845e549407f873747d5b74e3f6d a4a0ce4dc7f14d4cb436fd58f99b5256 - - default default] 10.0.0.19 "GET /v2.0/routers HTTP/1.1" status: 200 len: 850 time: 0.1040316
2026-05-06 02:34:34.386 9 INFO neutron.wsgi [None req-758e9613-f021-476e-ab60-a7c4c2c97419 9030e845e549407f873747d5b74e3f6d a4a0ce4dc7f14d4cb436fd58f99b5256 - - default default] 10.0.0.19 "GET /v2.0/agents?binary=ovn-controller HTTP/1.1" status: 200 len: 591 time: 0.0135679
2026-05-06 02:34:34.474 9 INFO neutron.wsgi [None req-c44c111b-aab6-4760-ad4b-2577a211db09 9030e845e549407f873747d5b74e3f6d a4a0ce4dc7f14d4cb436fd58f99b5256 - - default default] 10.0.0.19 "GET /v2.0/networks HTTP/1.1" status: 200 len: 4718 time: 0.0861273
2026-05-06 02:34:34.520 9 INFO neutron.wsgi [None req-7dcac3b2-0a5c-493a-8627-4bc56394bde8 9030e845e549407f873747d5b74e3f6d a4a0ce4dc7f14d4cb436fd58f99b5256 - - default default] 10.0.0.19 "GET /v2.0/subnets HTTP/1.1" status: 200 len: 5495 time: 0.0431833
2026-05-06 02:34:34.538 9 INFO neutron.wsgi [None req-5219cc22-a6d0-4abe-826c-c733f9ec0d3d 9030e845e549407f873747d5b74e3f6d a4a0ce4dc7f14d4cb436fd58f99b5256 - - default default] 10.0.0.19 "GET /v2.0/network-ip-availabilities HTTP/1.1" status: 200 len: 3362 time: 0.0155475
2026-05-06 02:34:34.609 9 INFO neutron.wsgi [None req-2b18b87c-9550-4d83-9597-4979324ab426 9030e845e549407f873747d5b74e3f6d a4a0ce4dc7f14d4cb436fd58f99b5256 - - default default] 10.0.0.19 "GET /v2.0/security-groups HTTP/1.1" status: 200 len: 19583 time: 0.0694451
2026-05-06 02:34:34.656 9 INFO neutron.wsgi [None req-f08837f6-241b-403d-842b-e0aad12d714b 9030e845e549407f873747d5b74e3f6d a4a0ce4dc7f14d4cb436fd58f99b5256 - - default default] 10.0.0.19 "GET /v2.0/subnets HTTP/1.1" status: 200 len: 5495 time: 0.0431430
2026-05-06 02:34:34.677 9 INFO neutron.wsgi [None req-76149926-d2d1-438c-800a-94ca7f551823 9030e845e549407f873747d5b74e3f6d a4a0ce4dc7f14d4cb436fd58f99b5256 - - default default] 10.0.0.19 "GET /v2.0/subnetpools HTTP/1.1" status: 200 len: 193 time: 0.0166254
2026-05-06 02:34:35.401 10 INFO neutron.wsgi [None req-20342828-ed8a-434b-828e-297772e2ec42 1e88aca4738e439a913926ed3db7f1c3 391384eafc644adca02530e29c29887d - - - -] 10.0.0.199 "PUT /v2.0/routers/ad1b6edc-4a73-4636-9e34-ac648fd0d618/remove_router_interface HTTP/1.1" status: 200 len: 503 time: 1.1930025 /var/lib/openstack/lib/python3.10/site-packages/pycadf/identifier.py:71: UserWarning: Invalid uuid: neutron. To ensure interoperability, identifiers should be a valid uuid. warnings.warn(('Invalid uuid: %s. To ensure interoperability, '
2026-05-06 02:34:35.540 10 INFO neutron.api.v2.resource [None req-c5fc2fd5-4dc5-49a6-bfba-e70d8e6890c0 1e88aca4738e439a913926ed3db7f1c3 391384eafc644adca02530e29c29887d - - default default] remove_router_interface failed (client error): The resource could not be found.
2026-05-06 02:34:35.542 10 INFO neutron.wsgi [None req-c5fc2fd5-4dc5-49a6-bfba-e70d8e6890c0 1e88aca4738e439a913926ed3db7f1c3 391384eafc644adca02530e29c29887d - - default default] 10.0.0.199 "PUT /v2.0/routers/ad1b6edc-4a73-4636-9e34-ac648fd0d618/remove_router_interface HTTP/1.1" status: 404 len: 399 time: 0.1357918
2026-05-06 02:34:36.486 10 INFO neutron.wsgi [None req-ac31dcaf-7fb1-491c-addf-7174fee62940 1e88aca4738e439a913926ed3db7f1c3 391384eafc644adca02530e29c29887d - - - -] 10.0.0.199 "PUT /v2.0/routers/ad1b6edc-4a73-4636-9e34-ac648fd0d618/remove_router_interface HTTP/1.1" status: 200 len: 503 time: 0.9388828 /var/lib/openstack/lib/python3.10/site-packages/pycadf/identifier.py:71: UserWarning: Invalid uuid: neutron. To ensure interoperability, identifiers should be a valid uuid. warnings.warn(('Invalid uuid: %s. To ensure interoperability, '
2026-05-06 02:34:36.615 10 INFO neutron.api.v2.resource [None req-cbefd7bb-6c7a-460a-bc34-7fd965a6a75c 1e88aca4738e439a913926ed3db7f1c3 391384eafc644adca02530e29c29887d - - default default] remove_router_interface failed (client error): The resource could not be found.
2026-05-06 02:34:36.617 10 INFO neutron.wsgi [None req-cbefd7bb-6c7a-460a-bc34-7fd965a6a75c 1e88aca4738e439a913926ed3db7f1c3 391384eafc644adca02530e29c29887d - - default default] 10.0.0.199 "PUT /v2.0/routers/ad1b6edc-4a73-4636-9e34-ac648fd0d618/remove_router_interface HTTP/1.1" status: 404 len: 399 time: 0.1255894
2026-05-06 02:34:37.271 10 INFO neutron.wsgi [None req-8b923c56-73d7-4ac4-802e-85b17f26ac7c 1e88aca4738e439a913926ed3db7f1c3 391384eafc644adca02530e29c29887d - - - -] 10.0.0.199 "DELETE /v2.0/routers/ad1b6edc-4a73-4636-9e34-ac648fd0d618 HTTP/1.1" status: 204 len: 168 time: 0.6493914
2026-05-06 02:34:37.302 10 INFO neutron.api.v2.resource [None req-dbf5f929-1283-4f0a-b0ee-dbe51cdfad8e 1e88aca4738e439a913926ed3db7f1c3 391384eafc644adca02530e29c29887d - - default default] show failed (client error): The resource could not be found.
2026-05-06 02:34:37.304 10 INFO neutron.wsgi [None req-dbf5f929-1283-4f0a-b0ee-dbe51cdfad8e 1e88aca4738e439a913926ed3db7f1c3 391384eafc644adca02530e29c29887d - - default default] 10.0.0.199 "GET /v2.0/routers/ad1b6edc-4a73-4636-9e34-ac648fd0d618 HTTP/1.1" status: 404 len: 336 time: 0.0283287
2026-05-06 02:34:37.505 10 INFO neutron.wsgi [None req-43e760bb-02ed-4bfb-8d5a-cf84ede3486c 1e88aca4738e439a913926ed3db7f1c3 391384eafc644adca02530e29c29887d - - - -] 10.0.0.199 "DELETE /v2.0/subnets/1407a1f9-284e-4a30-87a9-b802ae7b3b01 HTTP/1.1" status: 204 len: 168 time: 0.1968453
2026-05-06 02:34:37.532 10 INFO neutron.pecan_wsgi.hooks.translation [None req-b800ee25-748c-43f7-9163-1a39a95aee3f 1e88aca4738e439a913926ed3db7f1c3 391384eafc644adca02530e29c29887d - - default default] GET failed (client error): The resource could not be found.
2026-05-06 02:34:37.533 10 INFO neutron.wsgi [None req-b800ee25-748c-43f7-9163-1a39a95aee3f 1e88aca4738e439a913926ed3db7f1c3 391384eafc644adca02530e29c29887d - - default default] 10.0.0.199 "GET /v2.0/subnets/1407a1f9-284e-4a30-87a9-b802ae7b3b01 HTTP/1.1" status: 404 len: 337 time: 0.0224040
2026-05-06 02:34:37.763 10 INFO neutron.wsgi [None req-c1738fd4-5336-40ba-98cf-0120d1c69caa 1e88aca4738e439a913926ed3db7f1c3 391384eafc644adca02530e29c29887d - - - -] 10.0.0.199 "DELETE /v2.0/subnets/a6c7b5cb-a340-478b-9f6e-43543bf31c6a HTTP/1.1" status: 204 len: 168 time: 0.2243137
2026-05-06 02:34:37.793 10 INFO neutron.pecan_wsgi.hooks.translation [None req-443e3fc2-31e7-49b3-b957-d4bf3c151e1b 1e88aca4738e439a913926ed3db7f1c3 391384eafc644adca02530e29c29887d - - default default] GET failed (client error): The resource could not be found.
2026-05-06 02:34:37.795 10 INFO neutron.wsgi [None req-443e3fc2-31e7-49b3-b957-d4bf3c151e1b 1e88aca4738e439a913926ed3db7f1c3 391384eafc644adca02530e29c29887d - - default default] 10.0.0.199 "GET /v2.0/subnets/a6c7b5cb-a340-478b-9f6e-43543bf31c6a HTTP/1.1" status: 404 len: 337 time: 0.0281012
2026-05-06 02:34:38.215 9 INFO neutron.services.segments.plugin [-] Segment bb22962d-c3c5-4c11-a491-f735b23ee10c resource provider aggregate not found
2026-05-06 02:34:38.220 9 INFO neutron.services.segments.plugin [-] Segment bb22962d-c3c5-4c11-a491-f735b23ee10c resource provider aggregate not found
2026-05-06 02:34:38.246 9 INFO neutron.services.segments.plugin [-] Segment bb22962d-c3c5-4c11-a491-f735b23ee10c resource provider not found; error: Placement Client Error (4xx): {"errors": [{"status": 404, "title": "Not Found", "detail": "The resource could not be found.\n\n No resource provider with uuid bb22962d-c3c5-4c11-a491-f735b23ee10c found for delete ", "request_id": "req-5163dd21-a5da-4453-803f-f796c6083622"}]}
2026-05-06 02:34:38.247 9 INFO neutron.services.segments.plugin [-] Segment bb22962d-c3c5-4c11-a491-f735b23ee10c resource provider not found; error: Placement Client Error (4xx): {"errors": [{"status": 404, "title": "Not Found", "detail": "The resource could not be found.\n\n No resource provider with uuid bb22962d-c3c5-4c11-a491-f735b23ee10c found for delete ", "request_id": "req-82cb398b-236c-4d53-80ec-31262dd4a3c1"}]}
2026-05-06 02:34:38.277 9 INFO neutron.wsgi [None req-ab34c32d-938f-4e7e-8f6e-fe96d8657d02 1e88aca4738e439a913926ed3db7f1c3 391384eafc644adca02530e29c29887d - - - -] 10.0.0.199 "DELETE /v2.0/networks/d0f379fd-982c-45ba-a2b4-c89802f283f3 HTTP/1.1" status: 204 len: 168 time: 0.4759736
2026-05-06 02:34:38.299 10 INFO neutron.pecan_wsgi.hooks.translation [None req-7f2063ea-3b5e-46a7-a85e-223bd525c4a1 1e88aca4738e439a913926ed3db7f1c3 391384eafc644adca02530e29c29887d - - default default] GET failed (client error): The resource could not be found.
2026-05-06 02:34:38.301 10 INFO neutron.wsgi [None req-7f2063ea-3b5e-46a7-a85e-223bd525c4a1 1e88aca4738e439a913926ed3db7f1c3 391384eafc644adca02530e29c29887d - - default default] 10.0.0.199 "GET /v2.0/networks/d0f379fd-982c-45ba-a2b4-c89802f283f3 HTTP/1.1" status: 404 len: 339 time: 0.0185275
2026-05-06 02:34:38.488 10 INFO neutron.wsgi [None req-e99378a6-073d-491d-91df-bf30be63adde 1e88aca4738e439a913926ed3db7f1c3 391384eafc644adca02530e29c29887d - - - -] 10.0.0.199 "DELETE /v2.0/subnets/8293af6b-99e1-4e6a-87c4-260c080e47ce HTTP/1.1" status: 204 len: 168 time: 0.1828091
2026-05-06 02:34:38.508 10 INFO neutron.pecan_wsgi.hooks.translation [None req-b1d043d2-7eca-4301-b6b9-eea418f5367e 1e88aca4738e439a913926ed3db7f1c3 391384eafc644adca02530e29c29887d - - default default] GET failed (client error): The resource could not be found.
2026-05-06 02:34:38.510 10 INFO neutron.wsgi [None req-b1d043d2-7eca-4301-b6b9-eea418f5367e 1e88aca4738e439a913926ed3db7f1c3 391384eafc644adca02530e29c29887d - - default default] 10.0.0.199 "GET /v2.0/subnets/8293af6b-99e1-4e6a-87c4-260c080e47ce HTTP/1.1" status: 404 len: 337 time: 0.0178604
2026-05-06 02:34:38.710 10 INFO neutron.wsgi [None req-21ea8e32-ab3b-4140-aea3-06035391439f 1e88aca4738e439a913926ed3db7f1c3 391384eafc644adca02530e29c29887d - - - -] 10.0.0.199 "DELETE /v2.0/subnets/61223e12-3706-4646-8993-fe1121b693d2 HTTP/1.1" status: 204 len: 168 time: 0.1967111
2026-05-06 02:34:38.731 10 INFO neutron.pecan_wsgi.hooks.translation [None req-12c1c446-f877-4b31-a0eb-9ab248477c9a 1e88aca4738e439a913926ed3db7f1c3 391384eafc644adca02530e29c29887d - - default default] GET failed (client error): The resource could not be found.
2026-05-06 02:34:38.733 10 INFO neutron.wsgi [None req-12c1c446-f877-4b31-a0eb-9ab248477c9a 1e88aca4738e439a913926ed3db7f1c3 391384eafc644adca02530e29c29887d - - default default] 10.0.0.199 "GET /v2.0/subnets/61223e12-3706-4646-8993-fe1121b693d2 HTTP/1.1" status: 404 len: 337 time: 0.0170062
2026-05-06 02:34:39.066 10 INFO neutron.services.segments.plugin [-] Segment 6ccf0762-9a05-4915-91cb-b52c3d0889e8 resource provider aggregate not found
2026-05-06 02:34:39.072 10 INFO neutron.services.segments.plugin [-] Segment 6ccf0762-9a05-4915-91cb-b52c3d0889e8 resource provider aggregate not found
2026-05-06 02:34:39.090 10 INFO neutron.services.segments.plugin [-] Segment 6ccf0762-9a05-4915-91cb-b52c3d0889e8 resource provider not found; error: Placement Client Error (4xx): {"errors": [{"status": 404, "title": "Not Found", "detail": "The resource could not be found.\n\n No resource provider with uuid 6ccf0762-9a05-4915-91cb-b52c3d0889e8 found for delete ", "request_id": "req-84535ec5-522f-4dc3-bfa7-5ffaa6c81b36"}]}
2026-05-06 02:34:39.114 10 INFO neutron.wsgi [None req-8a0d4a82-6302-4533-b5b5-66ef240fe637 1e88aca4738e439a913926ed3db7f1c3 391384eafc644adca02530e29c29887d - - - -] 10.0.0.199 "DELETE /v2.0/networks/b2c712e4-0b2a-454a-ad53-47a64c65a3fc HTTP/1.1" status: 204 len: 168 time: 0.3773258
2026-05-06 02:34:39.126 10 INFO neutron.services.segments.plugin [-] Segment 6ccf0762-9a05-4915-91cb-b52c3d0889e8 resource provider not found; error: Placement Client Error (4xx): {"errors": [{"status": 404, "title": "Not Found", "detail": "The resource could not be found.\n\n No resource provider with uuid 6ccf0762-9a05-4915-91cb-b52c3d0889e8 found for delete ", "request_id": "req-29ecdfe9-6dd9-4f99-9463-20447a98362d"}]}
2026-05-06 02:34:39.142 9 INFO neutron.pecan_wsgi.hooks.translation [None req-7b19170f-c9b2-472b-9783-421a180f029b 1e88aca4738e439a913926ed3db7f1c3 391384eafc644adca02530e29c29887d - - default default] GET failed (client error): The resource could not be found.
2026-05-06 02:34:39.143 9 INFO neutron.wsgi [None req-7b19170f-c9b2-472b-9783-421a180f029b 1e88aca4738e439a913926ed3db7f1c3 391384eafc644adca02530e29c29887d - - default default] 10.0.0.199 "GET /v2.0/networks/b2c712e4-0b2a-454a-ad53-47a64c65a3fc HTTP/1.1" status: 404 len: 339 time: 0.0180264
2026-05-06 02:34:39.351 9 INFO neutron.wsgi [None req-dd326f36-1f0b-4be1-af8e-9c6e00c6141f 1e88aca4738e439a913926ed3db7f1c3 391384eafc644adca02530e29c29887d - - - -] 10.0.0.199 "DELETE /v2.0/subnets/a8f71c45-196b-418f-b7a6-56eefef243eb HTTP/1.1" status: 204 len: 168 time: 0.2028151
2026-05-06 02:34:39.376 9 INFO neutron.pecan_wsgi.hooks.translation [None req-85273004-d706-41a4-a287-9d293fec0dd5 1e88aca4738e439a913926ed3db7f1c3 391384eafc644adca02530e29c29887d - - default default] GET failed (client error): The resource could not be found.
2026-05-06 02:34:39.377 9 INFO neutron.wsgi [None req-85273004-d706-41a4-a287-9d293fec0dd5 1e88aca4738e439a913926ed3db7f1c3 391384eafc644adca02530e29c29887d - - default default] 10.0.0.199 "GET /v2.0/subnets/a8f71c45-196b-418f-b7a6-56eefef243eb HTTP/1.1" status: 404 len: 337 time: 0.0206130
2026-05-06 02:34:39.614 9 INFO neutron.wsgi [None req-784dc43a-26f0-41d8-a458-bae47b2bc378 1e88aca4738e439a913926ed3db7f1c3 391384eafc644adca02530e29c29887d - - - -] 10.0.0.199 "DELETE /v2.0/subnets/2ff461ad-a8c0-48c2-a534-d44acaa5cd7b HTTP/1.1" status: 204 len: 168 time: 0.2294695
2026-05-06 02:34:39.638 9 INFO neutron.pecan_wsgi.hooks.translation [None req-aaaeee77-792b-4f16-affe-d73f22e6b863 1e88aca4738e439a913926ed3db7f1c3 391384eafc644adca02530e29c29887d - - default default] GET failed (client error): The resource could not be found.
2026-05-06 02:34:39.640 9 INFO neutron.wsgi [None req-aaaeee77-792b-4f16-affe-d73f22e6b863 1e88aca4738e439a913926ed3db7f1c3 391384eafc644adca02530e29c29887d - - default default] 10.0.0.199 "GET /v2.0/subnets/2ff461ad-a8c0-48c2-a534-d44acaa5cd7b HTTP/1.1" status: 404 len: 337 time: 0.0208898
2026-05-06 02:34:40.042 9 INFO neutron.wsgi [None req-1f4acfb5-100d-4404-b983-ab09b2422213 1e88aca4738e439a913926ed3db7f1c3 391384eafc644adca02530e29c29887d - - - -] 10.0.0.199 "DELETE /v2.0/networks/17a7fd3f-176a-4323-9536-e468dad16605 HTTP/1.1" status: 204 len: 168 time: 0.3970289
2026-05-06 02:34:40.063 10 INFO neutron.pecan_wsgi.hooks.translation [None req-6419e54c-2d33-471d-a797-e7df85ea8848 1e88aca4738e439a913926ed3db7f1c3 391384eafc644adca02530e29c29887d - - default default] GET failed (client error): The resource could not be found.
2026-05-06 02:34:40.065 10 INFO neutron.wsgi [None req-6419e54c-2d33-471d-a797-e7df85ea8848 1e88aca4738e439a913926ed3db7f1c3 391384eafc644adca02530e29c29887d - - default default] 10.0.0.199 "GET /v2.0/networks/17a7fd3f-176a-4323-9536-e468dad16605 HTTP/1.1" status: 404 len: 339 time: 0.0177188
2026-05-06 02:34:40.263 9 INFO neutron.services.segments.plugin [-] Segment f61ac687-3c56-48f5-aec1-015e041a124a resource provider aggregate not found
2026-05-06 02:34:40.270 9 INFO neutron.services.segments.plugin [-] Segment f61ac687-3c56-48f5-aec1-015e041a124a resource provider aggregate not found
2026-05-06 02:34:40.280 9 INFO neutron.services.segments.plugin [-] Segment f61ac687-3c56-48f5-aec1-015e041a124a resource provider not found; error: Placement Client Error (4xx): {"errors": [{"status": 404, "title": "Not Found", "detail": "The resource could not be found.\n\n No resource provider with uuid f61ac687-3c56-48f5-aec1-015e041a124a found for delete ", "request_id": "req-943c6b94-3627-486d-a67b-20451e9ed2e4"}]}
2026-05-06 02:34:40.286 9 INFO neutron.services.segments.plugin [-] Segment f61ac687-3c56-48f5-aec1-015e041a124a resource provider not found; error: Placement Client Error (4xx): {"errors": [{"status": 404, "title": "Not Found", "detail": "The resource could not be found.\n\n No resource provider with uuid f61ac687-3c56-48f5-aec1-015e041a124a found for delete ", "request_id": "req-b3b14386-3bf7-499a-a366-39fa334affcd"}]}
2026-05-06 02:34:42.335 9 INFO neutron.db.ovn_revision_numbers_db [None req-b990553f-7da1-4556-8239-3e06ac23b05d 9030e845e549407f873747d5b74e3f6d a4a0ce4dc7f14d4cb436fd58f99b5256 - - default default] Successfully bumped revision number for resource 1714cb00-2ccf-4ec0-839b-a68d5ae2435f (type: security_groups) to 1
2026-05-06 02:34:42.358 9 INFO neutron.wsgi [None req-b990553f-7da1-4556-8239-3e06ac23b05d 9030e845e549407f873747d5b74e3f6d a4a0ce4dc7f14d4cb436fd58f99b5256 - - default default] 10.0.0.199 "GET /v2.0/security-groups?tenant_id=e7ff0d76a907410fa39ce7c7af02f888&name=default HTTP/1.1" status: 200 len: 3000 time: 0.2877321
2026-05-06 02:34:42.535 9 INFO neutron.wsgi [None req-daed9fc8-c155-4da1-8b6c-516215ef5a41 9030e845e549407f873747d5b74e3f6d a4a0ce4dc7f14d4cb436fd58f99b5256 - - - -] 10.0.0.199 "DELETE /v2.0/security-groups/1714cb00-2ccf-4ec0-839b-a68d5ae2435f HTTP/1.1" status: 204 len: 168 time: 0.1717622
2026-05-06 02:34:42.736 9 INFO neutron.db.ovn_revision_numbers_db [None req-3ab61026-775f-466b-bfa1-080eccc7cf30 9030e845e549407f873747d5b74e3f6d a4a0ce4dc7f14d4cb436fd58f99b5256 - - default default] Successfully bumped revision number for resource 33ba47e4-57fc-46e8-a86d-29bea34d9903 (type: security_groups) to 1
