2026-05-06 02:30:49.238 10 INFO neutron.wsgi [None req-8a8c49fc-3512-450e-8570-39920e818589 4e8c20374f55477c8349de5292e1f635 69f050a5e6cb449b8cdf51084ff2633a - - - -] 10.0.0.199 "POST /v2.0/ports HTTP/1.1" status: 201 len: 942 time: 0.3965750 /var/lib/openstack/lib/python3.10/site-packages/pycadf/identifier.py:71: UserWarning: Invalid uuid: neutron. To ensure interoperability, identifiers should be a valid uuid. warnings.warn(('Invalid uuid: %s. To ensure interoperability, ' /var/lib/openstack/lib/python3.10/site-packages/pycadf/identifier.py:71: UserWarning: Invalid uuid: neutron. To ensure interoperability, identifiers should be a valid uuid. warnings.warn(('Invalid uuid: %s. To ensure interoperability, '
2026-05-06 02:30:49.438 10 INFO neutron.plugins.ml2.drivers.ovn.mech_driver.mech_driver [None req-4e1b341c-ceab-4cdf-924c-408697357392 - - - - - -] OVN reports status down for port: 828e028c-6633-48cd-8f4f-b191c07cdb02
2026-05-06 02:30:49.458 10 INFO neutron.wsgi [req-66e3636b-587c-4000-aa37-02e8b2cd01d8 req-02d49b24-e392-4918-b283-8f901e665337 8435eaa9ccac4ab89076fb659db7a872 ff8a6a7ce65847d2ba127db9d23089ea - - default default] 10.0.0.8 "GET /v2.0/ports?device_id=a3b4798c-daed-4cbf-b896-2c488b8055b4 HTTP/1.1" status: 200 len: 1210 time: 0.0594447
2026-05-06 02:30:49.524 10 INFO neutron.wsgi [req-66e3636b-587c-4000-aa37-02e8b2cd01d8 req-cba0658d-5c46-42d7-9a1d-2236fba786e3 8435eaa9ccac4ab89076fb659db7a872 ff8a6a7ce65847d2ba127db9d23089ea - - default default] 10.0.0.8 "GET /v2.0/security-groups?id=e4747d98-c343-4f01-82f2-4d0c17eef785&id=2bba4020-4543-4a5d-95ac-5b4e7466a7e9&fields=id&fields=name HTTP/1.1" status: 200 len: 405 time: 0.0588155
2026-05-06 02:30:49.556 9 INFO neutron.wsgi [None req-aa7f6ba2-155e-4eb3-9bb5-05d37c6b8d36 4e8c20374f55477c8349de5292e1f635 69f050a5e6cb449b8cdf51084ff2633a - - - -] 10.0.0.199 "POST /v2.0/trunks HTTP/1.1" status: 201 len: 608 time: 0.3127174
2026-05-06 02:30:49.621 9 INFO neutron.wsgi [None req-9640272c-0f7a-4e20-8734-d8c60ed169b6 4e8c20374f55477c8349de5292e1f635 69f050a5e6cb449b8cdf51084ff2633a - - - -] 10.0.0.199 "PUT /v2.0/trunks/af5f7dbd-b352-4472-b941-253c164da1a4/tags HTTP/1.1" status: 200 len: 218 time: 0.0472274
2026-05-06 02:30:49.645 9 INFO neutron.wsgi [None req-832a1dae-2567-4f88-b3b2-c3e7a9c3faab 4e8c20374f55477c8349de5292e1f635 69f050a5e6cb449b8cdf51084ff2633a - - default default] 10.0.0.199 "GET /v2.0/trunks/af5f7dbd-b352-4472-b941-253c164da1a4/tags HTTP/1.1" status: 200 len: 218 time: 0.0184581
2026-05-06 02:30:49.647 10 INFO neutron.notifiers.nova [-] Nova event matching ['req-e9ca9f2e-3ec9-4f79-998a-5edc53f0a64f'] response: {'server_uuid': 'a3b4798c-daed-4cbf-b896-2c488b8055b4', 'name': 'network-vif-unplugged', 'status': 'completed', 'tag': '828e028c-6633-48cd-8f4f-b191c07cdb02', 'code': 200}
2026-05-06 02:30:49.673 9 INFO neutron.wsgi [None req-bdc52e5c-3161-4b77-9ce1-ea9fcd0fdcec 4e8c20374f55477c8349de5292e1f635 69f050a5e6cb449b8cdf51084ff2633a - - - -] 10.0.0.199 "PUT /v2.0/trunks/af5f7dbd-b352-4472-b941-253c164da1a4/tags/green HTTP/1.1" status: 201 len: 201 time: 0.0237162
2026-05-06 02:30:49.677 10 INFO neutron.db.ovn_revision_numbers_db [None req-14bef674-8dc7-465c-ad7c-7b88d264b02c 9892ad5a94a34d32bc8f2ae8bbc3f42b 577f8c8d629441dbaf352603644caf29 - - - -] Successfully bumped revision number for resource 406b9d5a-90d4-420e-aeb5-3221d375c04d (type: security_groups) to 1
2026-05-06 02:30:49.694 9 INFO neutron.wsgi [None req-6f76cb10-5176-4514-957c-33d49c0b3231 4e8c20374f55477c8349de5292e1f635 69f050a5e6cb449b8cdf51084ff2633a - - default default] 10.0.0.199 "GET /v2.0/trunks/af5f7dbd-b352-4472-b941-253c164da1a4/tags HTTP/1.1" status: 200 len: 227 time: 0.0149107
2026-05-06 02:30:49.714 9 INFO neutron.wsgi [None req-df80ed9a-db17-45b7-960e-7de2095fe78a 4e8c20374f55477c8349de5292e1f635 69f050a5e6cb449b8cdf51084ff2633a - - - -] 10.0.0.199 "PUT /v2.0/trunks/af5f7dbd-b352-4472-b941-253c164da1a4/tags/red HTTP/1.1" status: 201 len: 201 time: 0.0111895
2026-05-06 02:30:49.732 9 INFO neutron.wsgi [None req-fc36446d-55a9-4362-95b5-5b195779d0e2 4e8c20374f55477c8349de5292e1f635 69f050a5e6cb449b8cdf51084ff2633a - - default default] 10.0.0.199 "GET /v2.0/trunks/af5f7dbd-b352-4472-b941-253c164da1a4/tags HTTP/1.1" status: 200 len: 227 time: 0.0099175
2026-05-06 02:30:49.750 10 INFO neutron.db.segments_db [None req-14bef674-8dc7-465c-ad7c-7b88d264b02c 9892ad5a94a34d32bc8f2ae8bbc3f42b 577f8c8d629441dbaf352603644caf29 - - - -] Added segment 782fd54d-e1b6-4d5e-badb-b0efe1bd46a1 of type geneve for network a1aa4b75-cf27-4cd7-9306-75031d9ee8e6
2026-05-06 02:30:49.760 9 INFO neutron.wsgi [None req-678eea67-3dc3-4a5a-ae57-510528028f72 4e8c20374f55477c8349de5292e1f635 69f050a5e6cb449b8cdf51084ff2633a - - - -] 10.0.0.199 "PUT /v2.0/trunks/af5f7dbd-b352-4472-b941-253c164da1a4/tags/black.or.white HTTP/1.1" status: 201 len: 201 time: 0.0252471
2026-05-06 02:30:49.774 10 INFO neutron.wsgi [None req-75403efb-51bb-415c-8098-0acb835f15d6 5cb84de43d554255860acb035a9d06b9 ccb120a5e74345078776e6e70b621283 - - - -] 10.0.0.199 "DELETE /v2.0/security-groups/5a1e6398-1c3d-4790-b8b8-06d98ec67393 HTTP/1.1" status: 204 len: 168 time: 0.2819381
2026-05-06 02:30:49.809 9 INFO neutron.api.v2.resource [None req-4e9c1f06-fcdc-4875-b8a2-375a0ffdc06b 5cb84de43d554255860acb035a9d06b9 ccb120a5e74345078776e6e70b621283 - - default default] show failed (client error): The resource could not be found.
2026-05-06 02:30:49.811 9 INFO neutron.wsgi [None req-4e9c1f06-fcdc-4875-b8a2-375a0ffdc06b 5cb84de43d554255860acb035a9d06b9 ccb120a5e74345078776e6e70b621283 - - default default] 10.0.0.199 "GET /v2.0/security-groups/5a1e6398-1c3d-4790-b8b8-06d98ec67393 HTTP/1.1" status: 404 len: 347 time: 0.0279512
2026-05-06 02:30:49.812 9 INFO neutron.wsgi [None req-83de7e03-f5a2-4b52-98a7-7d648e6bcc8e 4e8c20374f55477c8349de5292e1f635 69f050a5e6cb449b8cdf51084ff2633a - - default default] 10.0.0.199 "GET /v2.0/trunks/af5f7dbd-b352-4472-b941-253c164da1a4/tags HTTP/1.1" status: 200 len: 245 time: 0.0431366
2026-05-06 02:30:49.867 10 INFO neutron.db.ovn_revision_numbers_db [None req-4e1b341c-ceab-4cdf-924c-408697357392 - - - - - -] Successfully bumped revision number for resource 828e028c-6633-48cd-8f4f-b191c07cdb02 (type: ports) to 5
2026-05-06 02:30:49.897 10 INFO neutron.db.ovn_revision_numbers_db [None req-14bef674-8dc7-465c-ad7c-7b88d264b02c 9892ad5a94a34d32bc8f2ae8bbc3f42b 577f8c8d629441dbaf352603644caf29 - - - -] Successfully bumped revision number for resource a1aa4b75-cf27-4cd7-9306-75031d9ee8e6 (type: networks) to 1
2026-05-06 02:30:49.903 9 INFO neutron.wsgi [None req-9496d95e-7732-4433-939d-d2e10346e4bd 4e8c20374f55477c8349de5292e1f635 69f050a5e6cb449b8cdf51084ff2633a - - - -] 10.0.0.199 "PUT /v2.0/trunks/af5f7dbd-b352-4472-b941-253c164da1a4/tags HTTP/1.1" status: 200 len: 230 time: 0.0878081
2026-05-06 02:30:49.930 9 INFO neutron.wsgi [req-3791528d-ea1d-455d-85fa-ed74d2a45b1d req-16f6bf19-3174-478f-bf3b-a8415c74c2c2 8435eaa9ccac4ab89076fb659db7a872 ff8a6a7ce65847d2ba127db9d23089ea - - default default] 199.204.45.250 "GET /v2.0/ports?device_id=a3b4798c-daed-4cbf-b896-2c488b8055b4 HTTP/1.1" status: 200 len: 1208 time: 0.1599364
2026-05-06 02:30:49.973 10 INFO neutron.wsgi [None req-e2610f54-28d1-43b1-aa3b-3289361064ef 4e8c20374f55477c8349de5292e1f635 69f050a5e6cb449b8cdf51084ff2633a - - default default] 10.0.0.199 "GET /v2.0/trunks/af5f7dbd-b352-4472-b941-253c164da1a4/tags HTTP/1.1" status: 200 len: 230 time: 0.0581625
2026-05-06 02:30:50.023 9 INFO neutron.wsgi [None req-1e813e4b-e119-4d11-85dd-94ae11bd41a8 4e8c20374f55477c8349de5292e1f635 69f050a5e6cb449b8cdf51084ff2633a - - default default] 10.0.0.199 "GET /v2.0/trunks/af5f7dbd-b352-4472-b941-253c164da1a4/tags/red HTTP/1.1" status: 204 len: 168 time: 0.0446784 /var/lib/openstack/lib/python3.10/site-packages/pycadf/identifier.py:71: UserWarning: Invalid uuid: neutron. To ensure interoperability, identifiers should be a valid uuid. warnings.warn(('Invalid uuid: %s. To ensure interoperability, '
2026-05-06 02:30:50.054 10 INFO neutron.api.v2.resource [None req-68f53e87-c990-408a-8f73-4eeab3ed6b51 4e8c20374f55477c8349de5292e1f635 69f050a5e6cb449b8cdf51084ff2633a - - default default] show failed (client error): The resource could not be found.
2026-05-06 02:30:50.056 10 INFO neutron.wsgi [None req-68f53e87-c990-408a-8f73-4eeab3ed6b51 4e8c20374f55477c8349de5292e1f635 69f050a5e6cb449b8cdf51084ff2633a - - default default] 10.0.0.199 "GET /v2.0/trunks/af5f7dbd-b352-4472-b941-253c164da1a4/tags/green HTTP/1.1" status: 404 len: 299 time: 0.0268903
2026-05-06 02:30:50.152 9 INFO neutron.wsgi [None req-ec6439aa-30b4-4a25-8016-eb08c934a9fe 4e8c20374f55477c8349de5292e1f635 69f050a5e6cb449b8cdf51084ff2633a - - - -] 10.0.0.199 "DELETE /v2.0/trunks/af5f7dbd-b352-4472-b941-253c164da1a4/tags/red HTTP/1.1" status: 204 len: 168 time: 0.0847583
2026-05-06 02:30:50.153 10 WARNING neutron.scheduler.dhcp_agent_scheduler [None req-14bef674-8dc7-465c-ad7c-7b88d264b02c 9892ad5a94a34d32bc8f2ae8bbc3f42b 577f8c8d629441dbaf352603644caf29 - - - -] No more DHCP agents
2026-05-06 02:30:50.156 10 WARNING neutron.api.rpc.agentnotifiers.dhcp_rpc_agent_api [None req-14bef674-8dc7-465c-ad7c-7b88d264b02c 9892ad5a94a34d32bc8f2ae8bbc3f42b 577f8c8d629441dbaf352603644caf29 - - - -] Unable to schedule network a1aa4b75-cf27-4cd7-9306-75031d9ee8e6: no agents available; will retry on subsequent port and subnet creation events.
2026-05-06 02:30:50.179 10 INFO neutron.wsgi [None req-3584abed-5d62-4832-9d82-e82986552460 4e8c20374f55477c8349de5292e1f635 69f050a5e6cb449b8cdf51084ff2633a - - default default] 10.0.0.199 "GET /v2.0/trunks/af5f7dbd-b352-4472-b941-253c164da1a4/tags HTTP/1.1" status: 200 len: 223 time: 0.0211558
2026-05-06 02:30:50.226 9 INFO neutron.notifiers.nova [-] Nova event matching ['req-3dd2155f-5558-41fa-8de1-28c07e04e3c7'] response: {'server_uuid': '49b92f1f-fb36-4be9-8c49-7cc7240c5ebd', 'name': 'network-vif-plugged', 'status': 'completed', 'tag': 'ccfa08a0-6bc3-4536-ab61-f714a7a23efb', 'code': 200}
2026-05-06 02:30:50.227 9 INFO neutron.notifiers.nova [-] Nova event matching ['req-3dd2155f-5558-41fa-8de1-28c07e04e3c7'] response: {'server_uuid': '49b92f1f-fb36-4be9-8c49-7cc7240c5ebd', 'name': 'network-vif-deleted', 'tag': 'ccfa08a0-6bc3-4536-ab61-f714a7a23efb', 'status': 'completed', 'code': 200}
2026-05-06 02:30:50.242 10 INFO neutron.api.v2.resource [None req-8ff8ce0a-03de-4187-8b08-6bd5b9b794b3 4e8c20374f55477c8349de5292e1f635 69f050a5e6cb449b8cdf51084ff2633a - - - -] delete failed (client error): The resource could not be found.
2026-05-06 02:30:50.244 10 INFO neutron.wsgi [None req-8ff8ce0a-03de-4187-8b08-6bd5b9b794b3 4e8c20374f55477c8349de5292e1f635 69f050a5e6cb449b8cdf51084ff2633a - - - -] 10.0.0.199 "DELETE /v2.0/trunks/af5f7dbd-b352-4472-b941-253c164da1a4/tags/green HTTP/1.1" status: 404 len: 299 time: 0.0517893
2026-05-06 02:30:50.286 10 INFO neutron.db.ovn_revision_numbers_db [None req-14bef674-8dc7-465c-ad7c-7b88d264b02c 9892ad5a94a34d32bc8f2ae8bbc3f42b 577f8c8d629441dbaf352603644caf29 - - - -] Successfully bumped revision number for resource a1dcc212-8a96-49a2-b876-dc547c96389e (type: ports) to 1
2026-05-06 02:30:50.292 10 INFO neutron.wsgi [None req-2f4ac563-51da-4ce9-bb0c-9757c063f9fd 4e8c20374f55477c8349de5292e1f635 69f050a5e6cb449b8cdf51084ff2633a - - - -] 10.0.0.199 "DELETE /v2.0/trunks/af5f7dbd-b352-4472-b941-253c164da1a4/tags HTTP/1.1" status: 204 len: 168 time: 0.0433621
2026-05-06 02:30:50.323 10 INFO neutron.wsgi [None req-d3ee0f2c-a634-4a8a-8fdd-ced8b62389cb 4e8c20374f55477c8349de5292e1f635 69f050a5e6cb449b8cdf51084ff2633a - - default default] 10.0.0.199 "GET /v2.0/trunks/af5f7dbd-b352-4472-b941-253c164da1a4/tags HTTP/1.1" status: 200 len: 205 time: 0.0246596
2026-05-06 02:30:50.329 10 INFO neutron.wsgi [None req-14bef674-8dc7-465c-ad7c-7b88d264b02c 9892ad5a94a34d32bc8f2ae8bbc3f42b 577f8c8d629441dbaf352603644caf29 - - - -] 10.0.0.199 "POST /v2.0/networks HTTP/1.1" status: 201 len: 830 time: 1.1359446
2026-05-06 02:30:50.374 9 INFO neutron.wsgi [None req-12840494-4c7f-407a-98b4-bf8fe93ee586 4e8c20374f55477c8349de5292e1f635 69f050a5e6cb449b8cdf51084ff2633a - - default default] 10.0.0.199 "GET /v2.0/trunks/af5f7dbd-b352-4472-b941-253c164da1a4 HTTP/1.1" status: 200 len: 603 time: 0.0355387
2026-05-06 02:30:50.399 9 INFO neutron.db.l3_db [None req-897e463d-ce7f-4ce2-a670-224f6c47bbdb 8435eaa9ccac4ab89076fb659db7a872 ff8a6a7ce65847d2ba127db9d23089ea - - - -] Floating IP a0731272-eb95-413d-8ed3-17cc3464c5c7 disassociated. External IP: 10.96.250.208, port: 828e028c-6633-48cd-8f4f-b191c07cdb02.
2026-05-06 02:30:50.488 10 INFO neutron.db.segments_db [None req-bfbd7783-7dd8-4fcf-9bba-4d2dddc88922 9892ad5a94a34d32bc8f2ae8bbc3f42b 577f8c8d629441dbaf352603644caf29 - - - -] Added segment dcde8bf8-82c7-4998-bd26-90a78cc7227d of type geneve for network 0fe01876-5c60-4f01-b6e4-a69fca65adac
2026-05-06 02:30:50.498 9 INFO neutron.wsgi [None req-3079ffdc-3c3b-4a81-b3ac-558155f836a2 5cb84de43d554255860acb035a9d06b9 ccb120a5e74345078776e6e70b621283 - - - -] 10.0.0.199 "DELETE /v2.0/floatingips/cb99b66a-8bd9-41d8-85bf-23f6436d0ad9 HTTP/1.1" status: 204 len: 168 time: 0.6808672
2026-05-06 02:30:50.583 10 INFO neutron.wsgi [None req-d581ac60-2374-45dd-88b3-1fc6feb6cdc7 4e8c20374f55477c8349de5292e1f635 69f050a5e6cb449b8cdf51084ff2633a - - default default] 10.0.0.199 "GET /v2.0/ports/93fc386b-5acf-4467-81f0-ca30ccc09721 HTTP/1.1" status: 200 len: 1020 time: 0.2010224
2026-05-06 02:30:50.616 9 INFO neutron.wsgi [None req-897e463d-ce7f-4ce2-a670-224f6c47bbdb 8435eaa9ccac4ab89076fb659db7a872 ff8a6a7ce65847d2ba127db9d23089ea - - - -] 199.204.45.250 "DELETE /v2.0/ports/828e028c-6633-48cd-8f4f-b191c07cdb02 HTTP/1.1" status: 204 len: 173 time: 0.6818728
2026-05-06 02:30:50.679 10 INFO neutron.wsgi [req-115757e9-4573-4bc0-b39f-985c736caaf1 req-6ea41daf-b0fb-4cb8-a562-eee67da9ab04 8435eaa9ccac4ab89076fb659db7a872 ff8a6a7ce65847d2ba127db9d23089ea - - default default] 10.0.0.8 "GET /v2.0/ports?device_id=a3b4798c-daed-4cbf-b896-2c488b8055b4 HTTP/1.1" status: 200 len: 210 time: 0.0886030
2026-05-06 02:30:51.079 10 INFO neutron.db.ovn_revision_numbers_db [None req-bfbd7783-7dd8-4fcf-9bba-4d2dddc88922 9892ad5a94a34d32bc8f2ae8bbc3f42b 577f8c8d629441dbaf352603644caf29 - - - -] Successfully bumped revision number for resource 0fe01876-5c60-4f01-b6e4-a69fca65adac (type: networks) to 1
2026-05-06 02:30:51.107 10 INFO neutron.wsgi [None req-c5691025-93a5-410d-8027-781e56d8d02c 4e8c20374f55477c8349de5292e1f635 69f050a5e6cb449b8cdf51084ff2633a - - - -] 10.0.0.199 "DELETE /v2.0/trunks/af5f7dbd-b352-4472-b941-253c164da1a4 HTTP/1.1" status: 204 len: 168 time: 0.5058095 /var/lib/openstack/lib/python3.10/site-packages/pycadf/identifier.py:71: UserWarning: Invalid uuid: neutron. To ensure interoperability, identifiers should be a valid uuid. warnings.warn(('Invalid uuid: %s. To ensure interoperability, '
2026-05-06 02:30:51.363 9 INFO neutron.wsgi [None req-045423b0-538d-406e-bcb3-0021a98dc81c 4e8c20374f55477c8349de5292e1f635 69f050a5e6cb449b8cdf51084ff2633a - - - -] 10.0.0.199 "DELETE /v2.0/ports/93fc386b-5acf-4467-81f0-ca30ccc09721 HTTP/1.1" status: 204 len: 168 time: 0.2485723
2026-05-06 02:30:51.366 10 WARNING neutron.scheduler.dhcp_agent_scheduler [None req-bfbd7783-7dd8-4fcf-9bba-4d2dddc88922 9892ad5a94a34d32bc8f2ae8bbc3f42b 577f8c8d629441dbaf352603644caf29 - - - -] No more DHCP agents
2026-05-06 02:30:51.370 10 WARNING neutron.api.rpc.agentnotifiers.dhcp_rpc_agent_api [None req-bfbd7783-7dd8-4fcf-9bba-4d2dddc88922 9892ad5a94a34d32bc8f2ae8bbc3f42b 577f8c8d629441dbaf352603644caf29 - - - -] Unable to schedule network 0fe01876-5c60-4f01-b6e4-a69fca65adac: no agents available; will retry on subsequent port and subnet creation events.
2026-05-06 02:30:51.511 10 INFO neutron.db.ovn_revision_numbers_db [None req-bfbd7783-7dd8-4fcf-9bba-4d2dddc88922 9892ad5a94a34d32bc8f2ae8bbc3f42b 577f8c8d629441dbaf352603644caf29 - - - -] Successfully bumped revision number for resource 2aaf59ae-cb19-4e65-9492-6f2bdbe0101c (type: ports) to 1
2026-05-06 02:30:51.563 10 INFO neutron.wsgi [None req-bfbd7783-7dd8-4fcf-9bba-4d2dddc88922 9892ad5a94a34d32bc8f2ae8bbc3f42b 577f8c8d629441dbaf352603644caf29 - - - -] 10.0.0.199 "POST /v2.0/networks HTTP/1.1" status: 201 len: 831 time: 1.2287440
2026-05-06 02:30:51.665 10 INFO neutron.db.segments_db [None req-9b72e74b-8c5e-4146-9d2a-27ba55a9269f 9892ad5a94a34d32bc8f2ae8bbc3f42b 577f8c8d629441dbaf352603644caf29 - - - -] Added segment 9488405d-2ffa-428b-aaac-76e8d1d1046f of type geneve for network fc0dfed0-caab-4ce1-aca3-78a5255748a8
2026-05-06 02:30:51.696 10 INFO neutron.notifiers.nova [-] Nova event matching ['req-42a164f8-6e7a-4216-9ca5-0faf373059b7'] response: {'server_uuid': 'a3b4798c-daed-4cbf-b896-2c488b8055b4', 'name': 'network-vif-plugged', 'status': 'completed', 'tag': '828e028c-6633-48cd-8f4f-b191c07cdb02', 'code': 200}
2026-05-06 02:30:51.818 10 INFO neutron.db.ovn_revision_numbers_db [None req-9b72e74b-8c5e-4146-9d2a-27ba55a9269f 9892ad5a94a34d32bc8f2ae8bbc3f42b 577f8c8d629441dbaf352603644caf29 - - - -] Successfully bumped revision number for resource fc0dfed0-caab-4ce1-aca3-78a5255748a8 (type: networks) to 1
2026-05-06 02:30:52.004 9 INFO neutron.wsgi [None req-579eb196-59f1-4bae-a749-615a858759d6 8435eaa9ccac4ab89076fb659db7a872 ff8a6a7ce65847d2ba127db9d23089ea - - - -] 10.0.0.199 "DELETE /v2.0/security-groups/2bba4020-4543-4a5d-95ac-5b4e7466a7e9 HTTP/1.1" status: 204 len: 168 time: 0.1695173
2026-05-06 02:30:52.023 9 INFO neutron.api.v2.resource [None req-ecd1ad19-a83b-4bf3-94dd-6e5185350894 8435eaa9ccac4ab89076fb659db7a872 ff8a6a7ce65847d2ba127db9d23089ea - - default default] show failed (client error): The resource could not be found.
2026-05-06 02:30:52.024 9 INFO neutron.wsgi [None req-ecd1ad19-a83b-4bf3-94dd-6e5185350894 8435eaa9ccac4ab89076fb659db7a872 ff8a6a7ce65847d2ba127db9d23089ea - - default default] 10.0.0.199 "GET /v2.0/security-groups/2bba4020-4543-4a5d-95ac-5b4e7466a7e9 HTTP/1.1" status: 404 len: 347 time: 0.0131011
2026-05-06 02:30:52.051 9 INFO neutron.services.segments.plugin [-] Segment 91ddcc62-092a-4dce-8469-9a5051c8cfe9 resource provider aggregate not found
2026-05-06 02:30:52.056 9 INFO neutron.services.segments.plugin [-] Segment 91ddcc62-092a-4dce-8469-9a5051c8cfe9 resource provider aggregate not found
2026-05-06 02:30:52.088 9 INFO neutron.services.segments.plugin [-] Segment 91ddcc62-092a-4dce-8469-9a5051c8cfe9 resource provider not found; error: Placement Client Error (4xx): {"errors": [{"status": 404, "title": "Not Found", "detail": "The resource could not be found.\n\n No resource provider with uuid 91ddcc62-092a-4dce-8469-9a5051c8cfe9 found for delete ", "request_id": "req-69a3226c-b48f-4446-bb1b-375cfda3aaab"}]}
2026-05-06 02:30:52.089 9 INFO neutron.services.segments.plugin [-] Segment 91ddcc62-092a-4dce-8469-9a5051c8cfe9 resource provider not found; error: Placement Client Error (4xx): {"errors": [{"status": 404, "title": "Not Found", "detail": "The resource could not be found.\n\n No resource provider with uuid 91ddcc62-092a-4dce-8469-9a5051c8cfe9 found for delete ", "request_id": "req-ea6d0d19-cc0e-44ea-adfe-4f02d573eac1"}]}
2026-05-06 02:30:52.132 9 INFO neutron.wsgi [None req-82b7b970-5bed-47cf-a094-209cbffcd51d 4e8c20374f55477c8349de5292e1f635 69f050a5e6cb449b8cdf51084ff2633a - - - -] 10.0.0.199 "DELETE /v2.0/networks/13deaf1d-f73d-496a-aad1-df821183cebc HTTP/1.1" status: 204 len: 168 time: 0.7643859
2026-05-06 02:30:52.271 9 INFO neutron.notifiers.nova [-] Nova event matching ['req-01c8d706-657a-4b7d-885f-9133f7e47ee8'] response: {'server_uuid': 'a3b4798c-daed-4cbf-b896-2c488b8055b4', 'name': 'network-vif-deleted', 'tag': '828e028c-6633-48cd-8f4f-b191c07cdb02', 'status': 'completed', 'code': 200}
2026-05-06 02:30:52.305 10 WARNING neutron.scheduler.dhcp_agent_scheduler [None req-9b72e74b-8c5e-4146-9d2a-27ba55a9269f 9892ad5a94a34d32bc8f2ae8bbc3f42b 577f8c8d629441dbaf352603644caf29 - - - -] No more DHCP agents
2026-05-06 02:30:52.308 10 WARNING neutron.api.rpc.agentnotifiers.dhcp_rpc_agent_api [None req-9b72e74b-8c5e-4146-9d2a-27ba55a9269f 9892ad5a94a34d32bc8f2ae8bbc3f42b 577f8c8d629441dbaf352603644caf29 - - - -] Unable to schedule network fc0dfed0-caab-4ce1-aca3-78a5255748a8: no agents available; will retry on subsequent port and subnet creation events.
2026-05-06 02:30:52.404 10 INFO neutron.db.ovn_revision_numbers_db [None req-9b72e74b-8c5e-4146-9d2a-27ba55a9269f 9892ad5a94a34d32bc8f2ae8bbc3f42b 577f8c8d629441dbaf352603644caf29 - - - -] Successfully bumped revision number for resource 3577ea12-3eec-4705-9b6b-87c60957794d (type: ports) to 1
2026-05-06 02:30:52.449 10 INFO neutron.wsgi [None req-9b72e74b-8c5e-4146-9d2a-27ba55a9269f 9892ad5a94a34d32bc8f2ae8bbc3f42b 577f8c8d629441dbaf352603644caf29 - - - -] 10.0.0.199 "POST /v2.0/networks HTTP/1.1" status: 201 len: 830 time: 0.8806505
2026-05-06 02:30:52.478 9 INFO neutron.wsgi [None req-1809b930-ecbb-4aee-9885-7691e124b8f5 8435eaa9ccac4ab89076fb659db7a872 ff8a6a7ce65847d2ba127db9d23089ea - - - -] 10.0.0.199 "DELETE /v2.0/floatingips/a0731272-eb95-413d-8ed3-17cc3464c5c7 HTTP/1.1" status: 204 len: 168 time: 0.4365575
2026-05-06 02:30:52.534 9 INFO neutron.db.segments_db [None req-e4eb6591-0c63-463f-a3b2-01ee06d8b35e 9892ad5a94a34d32bc8f2ae8bbc3f42b 577f8c8d629441dbaf352603644caf29 - - - -] Added segment 3f01ecb6-d7f0-473f-95e7-9435c9607462 of type geneve for network 08961363-ff8e-43aa-ada7-a861992083f0
2026-05-06 02:30:52.655 9 INFO neutron.db.ovn_revision_numbers_db [None req-e4eb6591-0c63-463f-a3b2-01ee06d8b35e 9892ad5a94a34d32bc8f2ae8bbc3f42b 577f8c8d629441dbaf352603644caf29 - - - -] Successfully bumped revision number for resource 08961363-ff8e-43aa-ada7-a861992083f0 (type: networks) to 1
2026-05-06 02:30:52.718 10 INFO neutron.wsgi [None req-1feef510-7074-443f-8eeb-ce6359f5e4a8 8435eaa9ccac4ab89076fb659db7a872 ff8a6a7ce65847d2ba127db9d23089ea - - - -] 10.0.0.199 "DELETE /v2.0/security-groups/e4747d98-c343-4f01-82f2-4d0c17eef785 HTTP/1.1" status: 204 len: 168 time: 0.2341342
2026-05-06 02:30:52.724 10 INFO neutron.wsgi [None req-1c22dfa5-1637-4ad4-bc27-693d52e1f2ab 9030e845e549407f873747d5b74e3f6d a4a0ce4dc7f14d4cb436fd58f99b5256 - - - -] 10.0.0.199 "PUT /v2.0/routers/34a399fb-2568-43d2-a082-5ca7217fc78e/remove_router_interface HTTP/1.1" status: 200 len: 503 time: 2.2202730 /var/lib/openstack/lib/python3.10/site-packages/pycadf/identifier.py:71: UserWarning: Invalid uuid: neutron. To ensure interoperability, identifiers should be a valid uuid. warnings.warn(('Invalid uuid: %s. To ensure interoperability, '
2026-05-06 02:30:52.863 9 WARNING neutron.scheduler.dhcp_agent_scheduler [None req-e4eb6591-0c63-463f-a3b2-01ee06d8b35e 9892ad5a94a34d32bc8f2ae8bbc3f42b 577f8c8d629441dbaf352603644caf29 - - - -] No more DHCP agents
2026-05-06 02:30:52.865 9 WARNING neutron.api.rpc.agentnotifiers.dhcp_rpc_agent_api [None req-e4eb6591-0c63-463f-a3b2-01ee06d8b35e 9892ad5a94a34d32bc8f2ae8bbc3f42b 577f8c8d629441dbaf352603644caf29 - - - -] Unable to schedule network 08961363-ff8e-43aa-ada7-a861992083f0: no agents available; will retry on subsequent port and subnet creation events.
2026-05-06 02:30:52.929 9 INFO neutron.db.ovn_revision_numbers_db [None req-e4eb6591-0c63-463f-a3b2-01ee06d8b35e 9892ad5a94a34d32bc8f2ae8bbc3f42b 577f8c8d629441dbaf352603644caf29 - - - -] Successfully bumped revision number for resource e73f06f8-1089-4813-8422-948695a56d41 (type: ports) to 1
2026-05-06 02:30:52.951 9 INFO neutron.wsgi [None req-e4eb6591-0c63-463f-a3b2-01ee06d8b35e 9892ad5a94a34d32bc8f2ae8bbc3f42b 577f8c8d629441dbaf352603644caf29 - - - -] 10.0.0.199 "POST /v2.0/networks HTTP/1.1" status: 201 len: 831 time: 0.4945238
2026-05-06 02:30:53.040 9 INFO neutron.db.segments_db [None req-37328d05-fded-4d72-9272-818c1a3b51b7 9892ad5a94a34d32bc8f2ae8bbc3f42b 577f8c8d629441dbaf352603644caf29 - - - -] Added segment ce2f6068-2c1b-43f9-9cef-00e64c29716d of type geneve for network a0c6f162-4669-4d3c-94a5-03844f517aa3
2026-05-06 02:30:53.171 9 INFO neutron.db.ovn_revision_numbers_db [None req-37328d05-fded-4d72-9272-818c1a3b51b7 9892ad5a94a34d32bc8f2ae8bbc3f42b 577f8c8d629441dbaf352603644caf29 - - - -] Successfully bumped revision number for resource a0c6f162-4669-4d3c-94a5-03844f517aa3 (type: networks) to 1
2026-05-06 02:30:53.195 10 INFO neutron.db.ovn_revision_numbers_db [None req-41b14233-1a62-4b2c-b61d-c8f15de5e1e6 9030e845e549407f873747d5b74e3f6d a4a0ce4dc7f14d4cb436fd58f99b5256 - - default default] Successfully bumped revision number for resource 02a66a06-e412-4a48-983f-a65f723af347 (type: security_groups) to 1
2026-05-06 02:30:53.253 10 INFO neutron.wsgi [None req-41b14233-1a62-4b2c-b61d-c8f15de5e1e6 9030e845e549407f873747d5b74e3f6d a4a0ce4dc7f14d4cb436fd58f99b5256 - - default default] 10.0.0.199 "GET /v2.0/security-groups?tenant_id=85a783350e4646b7bac9625fe0326e2f&name=default HTTP/1.1" status: 200 len: 2996 time: 0.3659103
2026-05-06 02:30:53.354 9 WARNING neutron.scheduler.dhcp_agent_scheduler [None req-37328d05-fded-4d72-9272-818c1a3b51b7 9892ad5a94a34d32bc8f2ae8bbc3f42b 577f8c8d629441dbaf352603644caf29 - - - -] No more DHCP agents
2026-05-06 02:30:53.356 9 WARNING neutron.api.rpc.agentnotifiers.dhcp_rpc_agent_api [None req-37328d05-fded-4d72-9272-818c1a3b51b7 9892ad5a94a34d32bc8f2ae8bbc3f42b 577f8c8d629441dbaf352603644caf29 - - - -] Unable to schedule network a0c6f162-4669-4d3c-94a5-03844f517aa3: no agents available; will retry on subsequent port and subnet creation events.
2026-05-06 02:30:53.417 9 INFO neutron.db.ovn_revision_numbers_db [None req-37328d05-fded-4d72-9272-818c1a3b51b7 9892ad5a94a34d32bc8f2ae8bbc3f42b 577f8c8d629441dbaf352603644caf29 - - - -] Successfully bumped revision number for resource e9ee74a0-0888-4668-b89a-7ab3281855f4 (type: ports) to 1
2026-05-06 02:30:53.438 9 INFO neutron.wsgi [None req-37328d05-fded-4d72-9272-818c1a3b51b7 9892ad5a94a34d32bc8f2ae8bbc3f42b 577f8c8d629441dbaf352603644caf29 - - - -] 10.0.0.199 "POST /v2.0/networks HTTP/1.1" status: 201 len: 831 time: 0.4825282
2026-05-06 02:30:53.493 9 INFO neutron.wsgi [None req-89bf877e-29b6-4308-aad6-435c115f5ff0 9892ad5a94a34d32bc8f2ae8bbc3f42b 577f8c8d629441dbaf352603644caf29 - - - -] 10.0.0.199 "PUT /v2.0/networks/a1aa4b75-cf27-4cd7-9306-75031d9ee8e6/tags HTTP/1.1" status: 200 len: 210 time: 0.0484228
2026-05-06 02:30:53.574 9 INFO neutron.wsgi [None req-28ebdba9-393e-469b-8757-8b3c0c2991f5 9892ad5a94a34d32bc8f2ae8bbc3f42b 577f8c8d629441dbaf352603644caf29 - - - -] 10.0.0.199 "PUT /v2.0/networks/0fe01876-5c60-4f01-b6e4-a69fca65adac/tags HTTP/1.1" status: 200 len: 218 time: 0.0736225
2026-05-06 02:30:53.639 9 INFO neutron.wsgi [None req-647b450f-3ebb-4ea3-b1ef-8e169f695004 9892ad5a94a34d32bc8f2ae8bbc3f42b 577f8c8d629441dbaf352603644caf29 - - - -] 10.0.0.199 "PUT /v2.0/networks/fc0dfed0-caab-4ce1-aca3-78a5255748a8/tags HTTP/1.1" status: 200 len: 227 time: 0.0582337
2026-05-06 02:30:53.700 9 INFO neutron.wsgi [None req-192613e1-29bf-497d-959e-761746b07e3d 9892ad5a94a34d32bc8f2ae8bbc3f42b 577f8c8d629441dbaf352603644caf29 - - - -] 10.0.0.199 "PUT /v2.0/networks/08961363-ff8e-43aa-ada7-a861992083f0/tags HTTP/1.1" status: 200 len: 212 time: 0.0548272
2026-05-06 02:30:53.804 9 INFO neutron.wsgi [None req-ffa660cc-21cf-45f8-a4cb-201aeb8f99ea 9892ad5a94a34d32bc8f2ae8bbc3f42b 577f8c8d629441dbaf352603644caf29 - - default default] 10.0.0.199 "GET /v2.0/networks?tags=red HTTP/1.1" status: 200 len: 2068 time: 0.0964026
2026-05-06 02:30:53.886 9 INFO neutron.wsgi [None req-9edfc68c-d81b-414f-9edf-9d724a52b0bd 9892ad5a94a34d32bc8f2ae8bbc3f42b 577f8c8d629441dbaf352603644caf29 - - default default] 10.0.0.199 "GET /v2.0/networks?tags=red%2Cblue HTTP/1.1" status: 200 len: 1456 time: 0.0767822
2026-05-06 02:30:53.891 10 INFO neutron.wsgi [None req-13336c8a-a3f6-4d0c-b245-be18794dfe42 9030e845e549407f873747d5b74e3f6d a4a0ce4dc7f14d4cb436fd58f99b5256 - - - -] 10.0.0.199 "DELETE /v2.0/security-groups/02a66a06-e412-4a48-983f-a65f723af347 HTTP/1.1" status: 204 len: 168 time: 0.6296237
2026-05-06 02:30:53.912 10 INFO neutron.wsgi [None req-ee937838-fab5-4ba8-86e9-a40ce65e3a25 9030e845e549407f873747d5b74e3f6d a4a0ce4dc7f14d4cb436fd58f99b5256 - - - -] 10.0.0.199 "DELETE /v2.0/routers/34a399fb-2568-43d2-a082-5ca7217fc78e HTTP/1.1" status: 204 len: 168 time: 1.1861482
2026-05-06 02:30:53.983 9 INFO neutron.wsgi [None req-580e3bd2-d1e2-494b-a7ea-014293583eff 9892ad5a94a34d32bc8f2ae8bbc3f42b 577f8c8d629441dbaf352603644caf29 - - default default] 10.0.0.199 "GET /v2.0/networks?tags-any=blue HTTP/1.1" status: 200 len: 1456 time: 0.0919611
2026-05-06 02:30:54.062 9 INFO neutron.wsgi [None req-7f601aa8-b87b-4d55-b430-acb1bb0db30a 9892ad5a94a34d32bc8f2ae8bbc3f42b 577f8c8d629441dbaf352603644caf29 - - default default] 10.0.0.199 "GET /v2.0/networks?tags-any=red%2Cblue HTTP/1.1" status: 200 len: 2068 time: 0.0746131
2026-05-06 02:30:54.064 9 INFO neutron.wsgi [None req-a4e5ef16-d9b1-4cde-be20-a37b035e09af 9030e845e549407f873747d5b74e3f6d a4a0ce4dc7f14d4cb436fd58f99b5256 - - default default] 10.0.0.199 "GET /v2.0/security-groups?tenant_id=69f050a5e6cb449b8cdf51084ff2633a&name=default HTTP/1.1" status: 200 len: 2996 time: 0.0673277
2026-05-06 02:30:54.220 10 INFO neutron.wsgi [None req-43ef7556-5cc2-4d53-8b8a-53b97e89d714 9892ad5a94a34d32bc8f2ae8bbc3f42b 577f8c8d629441dbaf352603644caf29 - - default default] 10.0.0.199 "GET /v2.0/networks?not-tags=red HTTP/1.1" status: 200 len: 2069 time: 0.1546490
2026-05-06 02:30:54.286 9 INFO neutron.wsgi [None req-25562fdd-fe1c-4f90-b283-3c386c1e4010 9030e845e549407f873747d5b74e3f6d a4a0ce4dc7f14d4cb436fd58f99b5256 - - - -] 10.0.0.199 "DELETE /v2.0/security-groups/1832baeb-07ed-44be-82e1-14250297e4a7 HTTP/1.1" status: 204 len: 168 time: 0.2099404
2026-05-06 02:30:54.346 10 INFO neutron.wsgi [None req-09b2c3ea-5deb-41c9-b14a-8b468e2ea499 9030e845e549407f873747d5b74e3f6d a4a0ce4dc7f14d4cb436fd58f99b5256 - - - -] 10.0.0.199 "DELETE /v2.0/subnets/f22642e5-2497-4f26-8d80-5146b7f82495 HTTP/1.1" status: 204 len: 168 time: 0.4268155
2026-05-06 02:30:54.382 10 INFO neutron.wsgi [None req-eb469d72-2b37-4e00-8522-cdeef45c6324 9892ad5a94a34d32bc8f2ae8bbc3f42b 577f8c8d629441dbaf352603644caf29 - - default default] 10.0.0.199 "GET /v2.0/networks?not-tags=red%2Cblue HTTP/1.1" status: 200 len: 2681 time: 0.1556726
2026-05-06 02:30:54.527 10 INFO neutron.wsgi [None req-5e18edb6-513a-430f-8dd7-1583707ab9f3 9892ad5a94a34d32bc8f2ae8bbc3f42b 577f8c8d629441dbaf352603644caf29 - - default default] 10.0.0.199 "GET /v2.0/networks?not-tags-any=blue HTTP/1.1" status: 200 len: 2681 time: 0.1397405
2026-05-06 02:30:54.696 9 INFO neutron.wsgi [None req-115b38fd-7b48-4091-81d0-dc3fb94f0970 9892ad5a94a34d32bc8f2ae8bbc3f42b 577f8c8d629441dbaf352603644caf29 - - default default] 10.0.0.199 "GET /v2.0/networks?not-tags-any=red%2Cblue HTTP/1.1" status: 200 len: 2069 time: 0.1444111
2026-05-06 02:30:54.867 9 INFO neutron.services.segments.plugin [-] Segment a11593d8-b375-4a04-b55b-9ac624c02b55 resource provider aggregate not found
2026-05-06 02:30:54.872 9 INFO neutron.services.segments.plugin [-] Segment a11593d8-b375-4a04-b55b-9ac624c02b55 resource provider aggregate not found
2026-05-06 02:30:54.892 9 INFO neutron.services.segments.plugin [-] Segment a11593d8-b375-4a04-b55b-9ac624c02b55 resource provider not found; error: Placement Client Error (4xx): {"errors": [{"status": 404, "title": "Not Found", "detail": "The resource could not be found.\n\n No resource provider with uuid a11593d8-b375-4a04-b55b-9ac624c02b55 found for delete ", "request_id": "req-ec8d7685-120e-46ab-a07b-6daa54f71e51"}]}
2026-05-06 02:30:54.914 9 INFO neutron.services.segments.plugin [-] Segment a11593d8-b375-4a04-b55b-9ac624c02b55 resource provider not found; error: Placement Client Error (4xx): {"errors": [{"status": 404, "title": "Not Found", "detail": "The resource could not be found.\n\n No resource provider with uuid a11593d8-b375-4a04-b55b-9ac624c02b55 found for delete ", "request_id": "req-cac6dabf-f489-4426-8cbc-ea50709386de"}]}
2026-05-06 02:30:54.930 9 INFO neutron.wsgi [None req-cc244729-5682-41f4-985c-41e86406e61c 9030e845e549407f873747d5b74e3f6d a4a0ce4dc7f14d4cb436fd58f99b5256 - - - -] 10.0.0.199 "DELETE /v2.0/networks/4bf16701-99d0-43fa-917f-911655be8ce5 HTTP/1.1" status: 204 len: 168 time: 0.5759311
2026-05-06 02:30:54.992 10 INFO neutron.wsgi [None req-e35d982f-f4be-4091-a622-4e2b30a03e54 9030e845e549407f873747d5b74e3f6d a4a0ce4dc7f14d4cb436fd58f99b5256 - - - -] 10.0.0.199 "PUT /v2.0/routers/65c314bb-7fda-4260-b7f7-0b019ca069a5/remove_router_interface HTTP/1.1" status: 200 len: 503 time: 2.2164414 /var/lib/openstack/lib/python3.10/site-packages/pycadf/identifier.py:71: UserWarning: Invalid uuid: neutron. To ensure interoperability, identifiers should be a valid uuid. warnings.warn(('Invalid uuid: %s. To ensure interoperability, '
2026-05-06 02:30:55.115 9 INFO neutron.wsgi [None req-d601b4c3-a01c-4b05-a9cf-76719c4d3170 9030e845e549407f873747d5b74e3f6d a4a0ce4dc7f14d4cb436fd58f99b5256 - - default default] 10.0.0.199 "GET /v2.0/security-groups?tenant_id=ccb120a5e74345078776e6e70b621283&name=default HTTP/1.1" status: 200 len: 2996 time: 0.0491409
2026-05-06 02:30:55.222 9 INFO neutron.wsgi [None req-be8c75c0-425a-40a9-8b01-61aadde61100 9892ad5a94a34d32bc8f2ae8bbc3f42b 577f8c8d629441dbaf352603644caf29 - - - -] 10.0.0.199 "DELETE /v2.0/networks/a1aa4b75-cf27-4cd7-9306-75031d9ee8e6 HTTP/1.1" status: 204 len: 168 time: 0.5182610
2026-05-06 02:30:55.738 9 INFO neutron.wsgi [None req-6b947d48-ce55-4772-9ceb-189f8fa7a757 9030e845e549407f873747d5b74e3f6d a4a0ce4dc7f14d4cb436fd58f99b5256 - - - -] 10.0.0.199 "DELETE /v2.0/security-groups/47e1e125-966f-4a2e-9eff-9e3562777307 HTTP/1.1" status: 204 len: 168 time: 0.6186917
2026-05-06 02:30:55.746 10 INFO neutron.wsgi [None req-e8c0453c-7901-4e81-bdde-d22396161357 9030e845e549407f873747d5b74e3f6d a4a0ce4dc7f14d4cb436fd58f99b5256 - - - -] 10.0.0.199 "DELETE /v2.0/routers/65c314bb-7fda-4260-b7f7-0b019ca069a5 HTTP/1.1" status: 204 len: 168 time: 0.7459669
2026-05-06 02:30:56.018 9 INFO neutron.wsgi [None req-828e1fe4-a721-4e64-aa59-cd87df356ac9 9030e845e549407f873747d5b74e3f6d a4a0ce4dc7f14d4cb436fd58f99b5256 - - - -] 10.0.0.199 "DELETE /v2.0/subnets/333a920a-247b-4087-b698-7b7fd72819ae HTTP/1.1" status: 204 len: 168 time: 0.2602587
2026-05-06 02:30:56.039 9 INFO neutron.wsgi [None req-1b37230c-4839-460d-a608-c57954d4ecd2 9892ad5a94a34d32bc8f2ae8bbc3f42b 577f8c8d629441dbaf352603644caf29 - - - -] 10.0.0.199 "DELETE /v2.0/networks/0fe01876-5c60-4f01-b6e4-a69fca65adac HTTP/1.1" status: 204 len: 168 time: 0.8107476
2026-05-06 02:30:56.455 9 INFO neutron.wsgi [None req-5310a2b7-9da1-4167-82b2-2a91434a545d 9030e845e549407f873747d5b74e3f6d a4a0ce4dc7f14d4cb436fd58f99b5256 - - - -] 10.0.0.199 "DELETE /v2.0/networks/2814faa7-4b01-4948-9bdf-2f0a4cf99ba7 HTTP/1.1" status: 204 len: 168 time: 0.4321887
2026-05-06 02:30:56.493 10 INFO neutron.services.segments.plugin [-] Segment 9488405d-2ffa-428b-aaac-76e8d1d1046f resource provider aggregate not found
2026-05-06 02:30:56.513 10 INFO neutron.services.segments.plugin [-] Segment 9488405d-2ffa-428b-aaac-76e8d1d1046f resource provider aggregate not found
2026-05-06 02:30:56.519 10 INFO neutron.services.segments.plugin [-] Segment 9488405d-2ffa-428b-aaac-76e8d1d1046f resource provider not found; error: Placement Client Error (4xx): {"errors": [{"status": 404, "title": "Not Found", "detail": "The resource could not be found.\n\n No resource provider with uuid 9488405d-2ffa-428b-aaac-76e8d1d1046f found for delete ", "request_id": "req-f0fec848-ab16-4973-910b-06308a683788"}]}
2026-05-06 02:30:56.540 10 INFO neutron.services.segments.plugin [-] Segment 9488405d-2ffa-428b-aaac-76e8d1d1046f resource provider not found; error: Placement Client Error (4xx): {"errors": [{"status": 404, "title": "Not Found", "detail": "The resource could not be found.\n\n No resource provider with uuid 9488405d-2ffa-428b-aaac-76e8d1d1046f found for delete ", "request_id": "req-0a6f8b3a-2a75-412a-abbb-b6f5b4739f12"}]}
2026-05-06 02:30:56.558 10 INFO neutron.wsgi [None req-f705ec33-418a-4271-b61f-41b4ad0ae931 9892ad5a94a34d32bc8f2ae8bbc3f42b 577f8c8d629441dbaf352603644caf29 - - - -] 10.0.0.199 "DELETE /v2.0/networks/fc0dfed0-caab-4ce1-aca3-78a5255748a8 HTTP/1.1" status: 204 len: 168 time: 0.5123198
2026-05-06 02:30:56.924 9 INFO neutron.services.segments.plugin [-] Segment 782fd54d-e1b6-4d5e-badb-b0efe1bd46a1 resource provider aggregate not found
2026-05-06 02:30:56.934 9 INFO neutron.services.segments.plugin [-] Segment 782fd54d-e1b6-4d5e-badb-b0efe1bd46a1 resource provider aggregate not found
2026-05-06 02:30:56.954 9 INFO neutron.services.segments.plugin [-] Segment 782fd54d-e1b6-4d5e-badb-b0efe1bd46a1 resource provider not found; error: Placement Client Error (4xx): {"errors": [{"status": 404, "title": "Not Found", "detail": "The resource could not be found.\n\n No resource provider with uuid 782fd54d-e1b6-4d5e-badb-b0efe1bd46a1 found for delete ", "request_id": "req-18af7b5c-62bc-42a3-9f17-cf428709eafc"}]}
2026-05-06 02:30:56.968 9 INFO neutron.services.segments.plugin [-] Segment 782fd54d-e1b6-4d5e-badb-b0efe1bd46a1 resource provider not found; error: Placement Client Error (4xx): {"errors": [{"status": 404, "title": "Not Found", "detail": "The resource could not be found.\n\n No resource provider with uuid 782fd54d-e1b6-4d5e-badb-b0efe1bd46a1 found for delete ", "request_id": "req-f7c12bf1-8ee7-456c-839b-c952c03421cc"}]}
2026-05-06 02:30:56.977 10 INFO neutron.wsgi [None req-a67051d8-f30b-4f1e-85ba-00cef1b71308 9892ad5a94a34d32bc8f2ae8bbc3f42b 577f8c8d629441dbaf352603644caf29 - - - -] 10.0.0.199 "DELETE /v2.0/networks/08961363-ff8e-43aa-ada7-a861992083f0 HTTP/1.1" status: 204 len: 168 time: 0.4154856
2026-05-06 02:30:56.977 9 INFO neutron.services.segments.plugin [-] Segment dcde8bf8-82c7-4998-bd26-90a78cc7227d resource provider aggregate not found
2026-05-06 02:30:56.996 9 INFO neutron.services.segments.plugin [-] Segment dcde8bf8-82c7-4998-bd26-90a78cc7227d resource provider not found; error: Placement Client Error (4xx): {"errors": [{"status": 404, "title": "Not Found", "detail": "The resource could not be found.\n\n No resource provider with uuid dcde8bf8-82c7-4998-bd26-90a78cc7227d found for delete ", "request_id": "req-7881ebe3-af93-433e-9a2e-b7ac7417b30f"}]}
2026-05-06 02:30:57.001 9 INFO neutron.services.segments.plugin [-] Segment dcde8bf8-82c7-4998-bd26-90a78cc7227d resource provider aggregate not found
2026-05-06 02:30:57.025 9 INFO neutron.services.segments.plugin [-] Segment 774930d1-6513-4fd8-85e4-011038bc807c resource provider aggregate not found
2026-05-06 02:30:57.032 9 INFO neutron.services.segments.plugin [-] Segment dcde8bf8-82c7-4998-bd26-90a78cc7227d resource provider not found; error: Placement Client Error (4xx): {"errors": [{"status": 404, "title": "Not Found", "detail": "The resource could not be found.\n\n No resource provider with uuid dcde8bf8-82c7-4998-bd26-90a78cc7227d found for delete ", "request_id": "req-05cada8e-487a-4ffa-8625-974ea70e7237"}]}
2026-05-06 02:30:57.080 9 INFO neutron.services.segments.plugin [-] Segment 774930d1-6513-4fd8-85e4-011038bc807c resource provider aggregate not found
2026-05-06 02:30:57.086 9 INFO neutron.services.segments.plugin [-] Segment 774930d1-6513-4fd8-85e4-011038bc807c resource provider not found; error: Placement Client Error (4xx): {"errors": [{"status": 404, "title": "Not Found", "detail": "The resource could not be found.\n\n No resource provider with uuid 774930d1-6513-4fd8-85e4-011038bc807c found for delete ", "request_id": "req-ff9f28f9-f719-4bb2-a951-4e4e8d12cf61"}]}
2026-05-06 02:30:57.098 9 INFO neutron.services.segments.plugin [-] Segment 774930d1-6513-4fd8-85e4-011038bc807c resource provider not found; error: Placement Client Error (4xx): {"errors": [{"status": 404, "title": "Not Found", "detail": "The resource could not be found.\n\n No resource provider with uuid 774930d1-6513-4fd8-85e4-011038bc807c found for delete ", "request_id": "req-0e28eab3-30b3-4d8a-8088-ddabb3405cc2"}]}
2026-05-06 02:30:58.103 10 INFO neutron.db.ovn_revision_numbers_db [None req-0d1e8b7e-1d09-4296-9f9d-0b06e5458a95 9030e845e549407f873747d5b74e3f6d a4a0ce4dc7f14d4cb436fd58f99b5256 - - - -] Successfully bumped revision number for resource 27396b32-744a-4a30-8c03-ce435b1dfa69 (type: security_groups) to 1
2026-05-06 02:30:58.103 9 INFO neutron.wsgi [None req-dcc4fd32-339e-479f-b6be-d59f9e7b8071 9892ad5a94a34d32bc8f2ae8bbc3f42b 577f8c8d629441dbaf352603644caf29 - - - -] 10.0.0.199 "DELETE /v2.0/networks/a0c6f162-4669-4d3c-94a5-03844f517aa3 HTTP/1.1" status: 204 len: 168 time: 1.1183679
2026-05-06 02:30:58.164 10 INFO neutron.db.segments_db [None req-0d1e8b7e-1d09-4296-9f9d-0b06e5458a95 9030e845e549407f873747d5b74e3f6d a4a0ce4dc7f14d4cb436fd58f99b5256 - - - -] Added segment 7883af2b-8438-41e4-875d-5045fb99f274 of type geneve for network 13648cac-2a0e-4063-b996-f0dcbe5f4bd4
2026-05-06 02:30:58.329 10 INFO neutron.db.ovn_revision_numbers_db [None req-0d1e8b7e-1d09-4296-9f9d-0b06e5458a95 9030e845e549407f873747d5b74e3f6d a4a0ce4dc7f14d4cb436fd58f99b5256 - - - -] Successfully bumped revision number for resource 13648cac-2a0e-4063-b996-f0dcbe5f4bd4 (type: networks) to 1
2026-05-06 02:30:58.351 10 INFO neutron.db.ovn_revision_numbers_db [None req-ee9be300-519f-4954-b912-09213097fed7 9030e845e549407f873747d5b74e3f6d a4a0ce4dc7f14d4cb436fd58f99b5256 - - default default] Successfully bumped revision number for resource 3328257e-2b13-4922-a84c-2d96da6fb696 (type: security_groups) to 1
2026-05-06 02:30:58.401 10 INFO neutron.wsgi [None req-ee9be300-519f-4954-b912-09213097fed7 9030e845e549407f873747d5b74e3f6d a4a0ce4dc7f14d4cb436fd58f99b5256 - - default default] 10.0.0.199 "GET /v2.0/security-groups?tenant_id=18b95f5b04ed476ca58b2b539703fcc8&name=default HTTP/1.1" status: 200 len: 2996 time: 0.3352265
2026-05-06 02:30:58.486 9 INFO neutron.wsgi [None req-ae2594fe-bf15-4a47-aa7e-2bfeab053545 9030e845e549407f873747d5b74e3f6d a4a0ce4dc7f14d4cb436fd58f99b5256 - - - -] 10.0.0.199 "PUT /v2.0/routers/ebd946b9-a8c1-49a5-a29b-60b62290388d/remove_router_interface HTTP/1.1" status: 200 len: 503 time: 2.0235453 /var/lib/openstack/lib/python3.10/site-packages/pycadf/identifier.py:71: UserWarning: Invalid uuid: neutron. To ensure interoperability, identifiers should be a valid uuid. warnings.warn(('Invalid uuid: %s. To ensure interoperability, '
2026-05-06 02:30:58.562 10 INFO neutron.services.segments.plugin [-] Segment 3f01ecb6-d7f0-473f-95e7-9435c9607462 resource provider aggregate not found
2026-05-06 02:30:58.570 10 INFO neutron.services.segments.plugin [-] Segment 3f01ecb6-d7f0-473f-95e7-9435c9607462 resource provider aggregate not found
2026-05-06 02:30:58.579 10 INFO neutron.services.segments.plugin [-] Segment 3f01ecb6-d7f0-473f-95e7-9435c9607462 resource provider not found; error: Placement Client Error (4xx): {"errors": [{"status": 404, "title": "Not Found", "detail": "The resource could not be found.\n\n No resource provider with uuid 3f01ecb6-d7f0-473f-95e7-9435c9607462 found for delete ", "request_id": "req-bf62843e-32fa-4a7e-9f95-a96c68ff3a11"}]}
2026-05-06 02:30:58.595 10 INFO neutron.services.segments.plugin [-] Segment 3f01ecb6-d7f0-473f-95e7-9435c9607462 resource provider not found; error: Placement Client Error (4xx): {"errors": [{"status": 404, "title": "Not Found", "detail": "The resource could not be found.\n\n No resource provider with uuid 3f01ecb6-d7f0-473f-95e7-9435c9607462 found for delete ", "request_id": "req-cee19e58-164d-4004-b2f2-768437efdade"}]}
2026-05-06 02:30:58.643 10 WARNING neutron.scheduler.dhcp_agent_scheduler [None req-0d1e8b7e-1d09-4296-9f9d-0b06e5458a95 9030e845e549407f873747d5b74e3f6d a4a0ce4dc7f14d4cb436fd58f99b5256 - - - -] No more DHCP agents
2026-05-06 02:30:58.646 10 WARNING neutron.api.rpc.agentnotifiers.dhcp_rpc_agent_api [None req-0d1e8b7e-1d09-4296-9f9d-0b06e5458a95 9030e845e549407f873747d5b74e3f6d a4a0ce4dc7f14d4cb436fd58f99b5256 - - - -] Unable to schedule network 13648cac-2a0e-4063-b996-f0dcbe5f4bd4: no agents available; will retry on subsequent port and subnet creation events.
2026-05-06 02:30:58.821 10 INFO neutron.db.ovn_revision_numbers_db [None req-0d1e8b7e-1d09-4296-9f9d-0b06e5458a95 9030e845e549407f873747d5b74e3f6d a4a0ce4dc7f14d4cb436fd58f99b5256 - - - -] Successfully bumped revision number for resource d940f076-8620-40e9-a38a-4860838b1f29 (type: ports) to 1
2026-05-06 02:30:58.843 10 INFO neutron.wsgi [None req-0d1e8b7e-1d09-4296-9f9d-0b06e5458a95 9030e845e549407f873747d5b74e3f6d a4a0ce4dc7f14d4cb436fd58f99b5256 - - - -] 10.0.0.199 "POST /v2.0/networks HTTP/1.1" status: 201 len: 948 time: 1.3625996
2026-05-06 02:30:58.899 10 INFO neutron.wsgi [None req-95b96e04-ec86-4f72-a98f-2d194047046e 9030e845e549407f873747d5b74e3f6d a4a0ce4dc7f14d4cb436fd58f99b5256 - - - -] 10.0.0.199 "DELETE /v2.0/security-groups/3328257e-2b13-4922-a84c-2d96da6fb696 HTTP/1.1" status: 204 len: 168 time: 0.4926572
2026-05-06 02:30:59.092 10 WARNING neutron.scheduler.dhcp_agent_scheduler [None req-4eb8a88a-f83e-4c60-ad55-9007179ac459 9030e845e549407f873747d5b74e3f6d a4a0ce4dc7f14d4cb436fd58f99b5256 - - - -] No more DHCP agents
2026-05-06 02:30:59.095 10 WARNING neutron.api.rpc.agentnotifiers.dhcp_rpc_agent_api [None req-4eb8a88a-f83e-4c60-ad55-9007179ac459 9030e845e549407f873747d5b74e3f6d a4a0ce4dc7f14d4cb436fd58f99b5256 - - - -] Unable to schedule network 13648cac-2a0e-4063-b996-f0dcbe5f4bd4: no agents available; will retry on subsequent port and subnet creation events.
2026-05-06 02:30:59.122 9 INFO neutron.services.segments.plugin [-] Segment ce2f6068-2c1b-43f9-9cef-00e64c29716d resource provider aggregate not found
2026-05-06 02:30:59.127 9 INFO neutron.services.segments.plugin [-] Segment ce2f6068-2c1b-43f9-9cef-00e64c29716d resource provider aggregate not found
2026-05-06 02:30:59.148 9 INFO neutron.services.segments.plugin [-] Segment ce2f6068-2c1b-43f9-9cef-00e64c29716d resource provider not found; error: Placement Client Error (4xx): {"errors": [{"status": 404, "title": "Not Found", "detail": "The resource could not be found.\n\n No resource provider with uuid ce2f6068-2c1b-43f9-9cef-00e64c29716d found for delete ", "request_id": "req-6c9706e5-9cae-4370-8034-eece635af058"}]}
2026-05-06 02:30:59.152 9 INFO neutron.services.segments.plugin [-] Segment ce2f6068-2c1b-43f9-9cef-00e64c29716d resource provider not found; error: Placement Client Error (4xx): {"errors": [{"status": 404, "title": "Not Found", "detail": "The resource could not be found.\n\n No resource provider with uuid ce2f6068-2c1b-43f9-9cef-00e64c29716d found for delete ", "request_id": "req-bdf2df4b-331a-47d2-adea-ef59a7fd6375"}]}
2026-05-06 02:30:59.311 9 INFO neutron.db.ovn_revision_numbers_db [None req-db068132-1eed-498b-b0cd-3fa096a49335 9030e845e549407f873747d5b74e3f6d a4a0ce4dc7f14d4cb436fd58f99b5256 - - default default] Successfully bumped revision number for resource 0347b39f-4d6f-4af6-b2f6-63bf03ffa986 (type: security_groups) to 1
2026-05-06 02:30:59.345 9 INFO neutron.wsgi [None req-db068132-1eed-498b-b0cd-3fa096a49335 9030e845e549407f873747d5b74e3f6d a4a0ce4dc7f14d4cb436fd58f99b5256 - - default default] 10.0.0.199 "GET /v2.0/security-groups?tenant_id=5f745718c1b8448aa2e3aa306f886c7f&name=default HTTP/1.1" status: 200 len: 2996 time: 0.2407455
2026-05-06 02:30:59.358 9 INFO neutron.wsgi [None req-5be7f495-4b01-4420-ae86-c46589aaf95c 9030e845e549407f873747d5b74e3f6d a4a0ce4dc7f14d4cb436fd58f99b5256 - - - -] 10.0.0.199 "DELETE /v2.0/routers/ebd946b9-a8c1-49a5-a29b-60b62290388d HTTP/1.1" status: 204 len: 168 time: 0.8676856
2026-05-06 02:30:59.416 9 INFO neutron.db.ovn_revision_numbers_db [None req-4924a9bd-c6d7-42d5-95dc-59d20a09d769 9030e845e549407f873747d5b74e3f6d a4a0ce4dc7f14d4cb436fd58f99b5256 - - default default] Successfully bumped revision number for resource a3c44f02-b6b7-4e8c-be33-4f34d53bbf52 (type: security_groups) to 1
2026-05-06 02:30:59.439 9 INFO neutron.wsgi [None req-4924a9bd-c6d7-42d5-95dc-59d20a09d769 9030e845e549407f873747d5b74e3f6d a4a0ce4dc7f14d4cb436fd58f99b5256 - - default default] 10.0.0.199 "GET /v2.0/security-groups?tenant_id=c0f13cfcbf344b179d3375936ab877be&name=default HTTP/1.1" status: 200 len: 2996 time: 0.4560196
2026-05-06 02:30:59.620 9 INFO neutron.wsgi [None req-8dd28d18-df24-4904-84de-c4e9aec36099 9030e845e549407f873747d5b74e3f6d a4a0ce4dc7f14d4cb436fd58f99b5256 - - - -] 10.0.0.199 "DELETE /v2.0/security-groups/a3c44f02-b6b7-4e8c-be33-4f34d53bbf52 HTTP/1.1" status: 204 len: 168 time: 0.1757758
2026-05-06 02:30:59.800 10 INFO neutron.wsgi [None req-d9c7d260-686d-49e9-9945-dff5362d8678 9030e845e549407f873747d5b74e3f6d a4a0ce4dc7f14d4cb436fd58f99b5256 - - - -] 10.0.0.199 "DELETE /v2.0/subnets/8896cd35-af91-4077-8927-1953317e04b3 HTTP/1.1" status: 204 len: 168 time: 0.4371462
2026-05-06 02:30:59.806 9 INFO neutron.wsgi [None req-40aa60f4-a594-4bf0-b7d1-20f27c0c92fa 9030e845e549407f873747d5b74e3f6d a4a0ce4dc7f14d4cb436fd58f99b5256 - - default default] 10.0.0.199 "GET /v2.0/security-groups?tenant_id=577f8c8d629441dbaf352603644caf29&name=default HTTP/1.1" status: 200 len: 2996 time: 0.0367672
2026-05-06 02:30:59.928 10 INFO neutron.wsgi [None req-c78cf0d0-e2f5-4d56-a8e4-f16c9297498e 9030e845e549407f873747d5b74e3f6d a4a0ce4dc7f14d4cb436fd58f99b5256 - - - -] 10.0.0.199 "DELETE /v2.0/security-groups/0347b39f-4d6f-4af6-b2f6-63bf03ffa986 HTTP/1.1" status: 204 len: 168 time: 0.5773861
2026-05-06 02:30:59.950 10 INFO neutron.db.ovn_revision_numbers_db [None req-4eb8a88a-f83e-4c60-ad55-9007179ac459 9030e845e549407f873747d5b74e3f6d a4a0ce4dc7f14d4cb436fd58f99b5256 - - - -] Successfully bumped revision number for resource d940f076-8620-40e9-a38a-4860838b1f29 (type: ports) to 2
2026-05-06 02:30:59.980 10 INFO neutron.db.ovn_revision_numbers_db [None req-4eb8a88a-f83e-4c60-ad55-9007179ac459 9030e845e549407f873747d5b74e3f6d a4a0ce4dc7f14d4cb436fd58f99b5256 - - - -] Successfully bumped revision number for resource ccf83a28-c618-4a40-9e45-f977baeaf9f3 (type: subnets) to 0
