2026-05-06 02:31:37.843 10 INFO neutron.wsgi [None req-e3c5dba3-d25a-476b-af8d-3f826907c45a 8fb672bd1b264e6587740ac6ab625a5f ac71f5e3cb5443dc8e4a22c5819da04c - - - -] 10.0.0.199 "POST /v2.0/ports HTTP/1.1" status: 201 len: 1161 time: 0.8533232 /var/lib/openstack/lib/python3.10/site-packages/pycadf/identifier.py:71: UserWarning: Invalid uuid: neutron. To ensure interoperability, identifiers should be a valid uuid. warnings.warn(('Invalid uuid: %s. To ensure interoperability, '
2026-05-06 02:31:37.886 9 INFO neutron.db.ovn_revision_numbers_db [None req-b2ba0fd5-8531-4250-9b9e-bfd524635986 4e7075fbb9d6496987654ad4b69d462b 006b337cd27a4d62b55f44eae1522847 - - - -] Successfully bumped revision number for resource d2aa7dfd-4d24-4b57-9560-5e46c53a3237 (type: ports) to 1
2026-05-06 02:31:37.909 9 INFO neutron.wsgi [None req-8f34cff5-9da3-45f8-b7a1-9a4a29d2eae7 1e88aca4738e439a913926ed3db7f1c3 391384eafc644adca02530e29c29887d - - - -] 10.0.0.199 "POST /v2.0/floatingips HTTP/1.1" status: 201 len: 1054 time: 1.8321705
2026-05-06 02:31:37.925 9 INFO neutron.wsgi [None req-b2ba0fd5-8531-4250-9b9e-bfd524635986 4e7075fbb9d6496987654ad4b69d462b 006b337cd27a4d62b55f44eae1522847 - - - -] 10.0.0.199 "POST /v2.0/networks HTTP/1.1" status: 201 len: 830 time: 1.4089725 /var/lib/openstack/lib/python3.10/site-packages/pycadf/identifier.py:71: UserWarning: Invalid uuid: neutron. To ensure interoperability, identifiers should be a valid uuid. warnings.warn(('Invalid uuid: %s. To ensure interoperability, '
2026-05-06 02:31:37.962 9 INFO neutron.notifiers.nova [-] Nova event matching ['req-0233c9d5-875c-4075-be80-d069441c1162'] response: {'name': 'network-changed', 'server_uuid': '1833136b-8773-4c33-b919-d1dcd3461d1d', 'tag': 'c8c995f9-8fe8-427e-89ce-918991f29287', 'status': 'completed', 'code': 200}
2026-05-06 02:31:38.026 9 INFO neutron.wsgi [req-580949a0-109b-4e4e-be58-d4c6264e5f0a req-156d8112-41fb-4327-b898-827f97644f1d 9e2c17717c684236bffdf7e3016dc467 de48dc460ccb44fe8471d716a0a99fac - - 1e3de47416ab442dac3acb72b83625e9 1e3de47416ab442dac3acb72b83625e9] 199.204.45.250 "GET /v2.0/ports?tenant_id=391384eafc644adca02530e29c29887d&device_id=1833136b-8773-4c33-b919-d1dcd3461d1d HTTP/1.1" status: 200 len: 1590 time: 0.0502393
2026-05-06 02:31:38.057 10 INFO neutron.wsgi [req-c5045baf-6837-4ba2-8982-e29c000d5270 req-535526e4-de34-4106-ab35-42906da9dfbc 1e88aca4738e439a913926ed3db7f1c3 391384eafc644adca02530e29c29887d - - default default] 10.0.0.8 "GET /v2.0/security-groups?name=tempest-lb_member_SG-1647175523&fields=id&tenant_id=391384eafc644adca02530e29c29887d HTTP/1.1" status: 200 len: 267 time: 0.0682702
2026-05-06 02:31:38.114 9 INFO neutron.wsgi [req-580949a0-109b-4e4e-be58-d4c6264e5f0a req-8427b753-40d7-4fd3-9389-1572d2c6366b 9e2c17717c684236bffdf7e3016dc467 de48dc460ccb44fe8471d716a0a99fac - - 1e3de47416ab442dac3acb72b83625e9 1e3de47416ab442dac3acb72b83625e9] 199.204.45.250 "GET /v2.0/networks?id=b2c712e4-0b2a-454a-ad53-47a64c65a3fc HTTP/1.1" status: 200 len: 1002 time: 0.0813341
2026-05-06 02:31:38.170 10 INFO neutron.wsgi [req-c5045baf-6837-4ba2-8982-e29c000d5270 req-0594b560-5289-42ed-a3d6-0dc78b5f4b54 1e88aca4738e439a913926ed3db7f1c3 391384eafc644adca02530e29c29887d - - default default] 10.0.0.8 "GET /v2.0/networks?id=d0f379fd-982c-45ba-a2b4-c89802f283f3 HTTP/1.1" status: 200 len: 904 time: 0.1052387
2026-05-06 02:31:38.193 10 INFO neutron.wsgi [req-c5045baf-6837-4ba2-8982-e29c000d5270 req-610f6db7-3d6d-469f-b987-ddb999f06f0b 1e88aca4738e439a913926ed3db7f1c3 391384eafc644adca02530e29c29887d - - default default] 10.0.0.8 "GET /v2.0/quotas/391384eafc644adca02530e29c29887d HTTP/1.1" status: 200 len: 386 time: 0.0148559
2026-05-06 02:31:38.198 9 INFO neutron.wsgi [req-580949a0-109b-4e4e-be58-d4c6264e5f0a req-f92ce30f-40e7-41fb-9f92-b0fdb982adb2 9e2c17717c684236bffdf7e3016dc467 de48dc460ccb44fe8471d716a0a99fac - - 1e3de47416ab442dac3acb72b83625e9 1e3de47416ab442dac3acb72b83625e9] 199.204.45.250 "GET /v2.0/floatingips?fixed_ip_address=10.2.1.133&port_id=c8c995f9-8fe8-427e-89ce-918991f29287 HTTP/1.1" status: 200 len: 1059 time: 0.0768502
2026-05-06 02:31:38.230 9 INFO neutron.wsgi [req-580949a0-109b-4e4e-be58-d4c6264e5f0a req-904d67e5-6ab7-4a63-adff-2dedd169748f 9e2c17717c684236bffdf7e3016dc467 de48dc460ccb44fe8471d716a0a99fac - - 1e3de47416ab442dac3acb72b83625e9 1e3de47416ab442dac3acb72b83625e9] 199.204.45.250 "GET /v2.0/floatingips?fixed_ip_address=fd7b%3Af9f7%3Afff%3A4eca%3A%3A1eb&port_id=c8c995f9-8fe8-427e-89ce-918991f29287 HTTP/1.1" status: 200 len: 217 time: 0.0228648
2026-05-06 02:31:38.283 9 INFO neutron.wsgi [req-580949a0-109b-4e4e-be58-d4c6264e5f0a req-0a7db059-5cb7-4120-97e3-40ea53cfa37f 9e2c17717c684236bffdf7e3016dc467 de48dc460ccb44fe8471d716a0a99fac - - 1e3de47416ab442dac3acb72b83625e9 1e3de47416ab442dac3acb72b83625e9] 199.204.45.250 "GET /v2.0/subnets?id=8293af6b-99e1-4e6a-87c4-260c080e47ce&id=61223e12-3706-4646-8993-fe1121b693d2 HTTP/1.1" status: 200 len: 1562 time: 0.0455635
2026-05-06 02:31:38.314 10 WARNING neutron.scheduler.dhcp_agent_scheduler [None req-b22087bc-3bc2-4e47-a44d-302155d0ddbb 4e7075fbb9d6496987654ad4b69d462b 006b337cd27a4d62b55f44eae1522847 - - - -] No more DHCP agents
2026-05-06 02:31:38.316 10 WARNING neutron.api.rpc.agentnotifiers.dhcp_rpc_agent_api [None req-b22087bc-3bc2-4e47-a44d-302155d0ddbb 4e7075fbb9d6496987654ad4b69d462b 006b337cd27a4d62b55f44eae1522847 - - - -] Unable to schedule network 9ab7f00f-3936-48d3-aa2a-c08e8c0fcd4f: no agents available; will retry on subsequent port and subnet creation events.
2026-05-06 02:31:38.326 9 INFO neutron.wsgi [req-580949a0-109b-4e4e-be58-d4c6264e5f0a req-aead0e7f-4792-486a-ac2b-abefa9a3e37d 9e2c17717c684236bffdf7e3016dc467 de48dc460ccb44fe8471d716a0a99fac - - 1e3de47416ab442dac3acb72b83625e9 1e3de47416ab442dac3acb72b83625e9] 199.204.45.250 "GET /v2.0/ports?network_id=b2c712e4-0b2a-454a-ad53-47a64c65a3fc&device_owner=network%3Adhcp HTTP/1.1" status: 200 len: 210 time: 0.0373023
2026-05-06 02:31:38.351 9 INFO neutron.wsgi [None req-030ce32d-22fe-45fb-808d-ce623d1a4f2f 8fb672bd1b264e6587740ac6ab625a5f ac71f5e3cb5443dc8e4a22c5819da04c - - - -] 10.0.0.199 "DELETE /v2.0/ports/06a99161-8447-4e17-8319-db2f810c6ee0 HTTP/1.1" status: 204 len: 168 time: 0.4991305
2026-05-06 02:31:38.360 9 INFO neutron.wsgi [req-580949a0-109b-4e4e-be58-d4c6264e5f0a req-6e0ab533-fcfc-4a90-bc18-0d6863751fcc 9e2c17717c684236bffdf7e3016dc467 de48dc460ccb44fe8471d716a0a99fac - - 1e3de47416ab442dac3acb72b83625e9 1e3de47416ab442dac3acb72b83625e9] 199.204.45.250 "GET /v2.0/ports?network_id=b2c712e4-0b2a-454a-ad53-47a64c65a3fc&device_owner=network%3Adhcp HTTP/1.1" status: 200 len: 210 time: 0.0279195
2026-05-06 02:31:38.386 9 INFO neutron.pecan_wsgi.hooks.translation [None req-07bb37be-c29f-4164-944d-8ca3ff5b8550 8fb672bd1b264e6587740ac6ab625a5f ac71f5e3cb5443dc8e4a22c5819da04c - - - -] DELETE failed (client error): The resource could not be found.
2026-05-06 02:31:38.388 9 INFO neutron.wsgi [None req-07bb37be-c29f-4164-944d-8ca3ff5b8550 8fb672bd1b264e6587740ac6ab625a5f ac71f5e3cb5443dc8e4a22c5819da04c - - - -] 10.0.0.199 "DELETE /v2.0/ports/06a99161-8447-4e17-8319-db2f810c6ee0 HTTP/1.1" status: 404 len: 333 time: 0.0277803
2026-05-06 02:31:38.416 9 INFO neutron.pecan_wsgi.hooks.translation [None req-7d6bcc50-7707-4ef7-94f2-e78e81217770 8fb672bd1b264e6587740ac6ab625a5f ac71f5e3cb5443dc8e4a22c5819da04c - - default default] GET failed (client error): The resource could not be found.
2026-05-06 02:31:38.418 9 INFO neutron.wsgi [None req-7d6bcc50-7707-4ef7-94f2-e78e81217770 8fb672bd1b264e6587740ac6ab625a5f ac71f5e3cb5443dc8e4a22c5819da04c - - default default] 10.0.0.199 "GET /v2.0/ports/06a99161-8447-4e17-8319-db2f810c6ee0 HTTP/1.1" status: 404 len: 333 time: 0.0245013
2026-05-06 02:31:38.421 10 INFO neutron.wsgi [req-c5045baf-6837-4ba2-8982-e29c000d5270 req-fa695039-36e6-4874-89e8-dbc82398d03e 1e88aca4738e439a913926ed3db7f1c3 391384eafc644adca02530e29c29887d - - default default] 10.0.0.8 "GET /v2.0/ports?tenant_id=391384eafc644adca02530e29c29887d&fields=id HTTP/1.1" status: 200 len: 532 time: 0.2140965
2026-05-06 02:31:38.421 10 INFO neutron.db.ovn_revision_numbers_db [None req-b22087bc-3bc2-4e47-a44d-302155d0ddbb 4e7075fbb9d6496987654ad4b69d462b 006b337cd27a4d62b55f44eae1522847 - - - -] Successfully bumped revision number for resource 3fb908fb-d00b-44a5-a256-feceb9472d85 (type: ports) to 1 /var/lib/openstack/lib/python3.10/site-packages/pycadf/identifier.py:71: UserWarning: Invalid uuid: neutron. To ensure interoperability, identifiers should be a valid uuid. warnings.warn(('Invalid uuid: %s. To ensure interoperability, '
2026-05-06 02:31:38.452 9 INFO neutron.wsgi [req-580949a0-109b-4e4e-be58-d4c6264e5f0a req-d2d935c4-b9d8-4a23-8106-54a70a45f4ad 9e2c17717c684236bffdf7e3016dc467 de48dc460ccb44fe8471d716a0a99fac - - 1e3de47416ab442dac3acb72b83625e9 1e3de47416ab442dac3acb72b83625e9] 199.204.45.250 "GET /v2.0/networks/b2c712e4-0b2a-454a-ad53-47a64c65a3fc?fields=segments HTTP/1.1" status: 200 len: 212 time: 0.0840044
2026-05-06 02:31:38.468 10 INFO neutron.wsgi [None req-b22087bc-3bc2-4e47-a44d-302155d0ddbb 4e7075fbb9d6496987654ad4b69d462b 006b337cd27a4d62b55f44eae1522847 - - - -] 10.0.0.199 "POST /v2.0/ports HTTP/1.1" status: 201 len: 942 time: 0.5263877
2026-05-06 02:31:38.521 9 INFO neutron.wsgi [req-580949a0-109b-4e4e-be58-d4c6264e5f0a req-33eb3567-0101-4029-b155-6a9ad4516d1d 9e2c17717c684236bffdf7e3016dc467 de48dc460ccb44fe8471d716a0a99fac - - 1e3de47416ab442dac3acb72b83625e9 1e3de47416ab442dac3acb72b83625e9] 199.204.45.250 "GET /v2.0/networks/b2c712e4-0b2a-454a-ad53-47a64c65a3fc?fields=provider%3Aphysical_network&fields=provider%3Anetwork_type HTTP/1.1" status: 200 len: 277 time: 0.0630939
2026-05-06 02:31:38.550 10 INFO neutron.wsgi [req-c5045baf-6837-4ba2-8982-e29c000d5270 req-c114b861-715e-4359-9fe8-8ebf104adcff 9e2c17717c684236bffdf7e3016dc467 de48dc460ccb44fe8471d716a0a99fac - - 1e3de47416ab442dac3acb72b83625e9 1e3de47416ab442dac3acb72b83625e9] 10.0.0.8 "GET /v2.0/networks/d0f379fd-982c-45ba-a2b4-c89802f283f3?fields=segments HTTP/1.1" status: 200 len: 212 time: 0.1143429
2026-05-06 02:31:38.568 10 INFO neutron.wsgi [None req-0c5ef709-4336-4a91-bfb6-be755ff113de 4e7075fbb9d6496987654ad4b69d462b 006b337cd27a4d62b55f44eae1522847 - - - -] 10.0.0.199 "PUT /v2.0/ports/3fb908fb-d00b-44a5-a256-feceb9472d85/tags HTTP/1.1" status: 200 len: 218 time: 0.0949707
2026-05-06 02:31:38.615 9 INFO neutron.wsgi [None req-f282f1b1-99c8-43c4-9896-03f1f81e933e 4e7075fbb9d6496987654ad4b69d462b 006b337cd27a4d62b55f44eae1522847 - - default default] 10.0.0.199 "GET /v2.0/ports/3fb908fb-d00b-44a5-a256-feceb9472d85/tags HTTP/1.1" status: 200 len: 218 time: 0.0396779
2026-05-06 02:31:38.645 10 INFO neutron.wsgi [req-c5045baf-6837-4ba2-8982-e29c000d5270 req-bbe7fe11-8319-4fe8-a460-7d779e469d07 9e2c17717c684236bffdf7e3016dc467 de48dc460ccb44fe8471d716a0a99fac - - 1e3de47416ab442dac3acb72b83625e9 1e3de47416ab442dac3acb72b83625e9] 10.0.0.8 "GET /v2.0/networks/d0f379fd-982c-45ba-a2b4-c89802f283f3?fields=provider%3Aphysical_network&fields=provider%3Anetwork_type HTTP/1.1" status: 200 len: 277 time: 0.0786896
2026-05-06 02:31:38.661 9 INFO neutron.wsgi [None req-41fdef94-8b9c-433f-a182-12f32660a386 4e7075fbb9d6496987654ad4b69d462b 006b337cd27a4d62b55f44eae1522847 - - - -] 10.0.0.199 "PUT /v2.0/ports/3fb908fb-d00b-44a5-a256-feceb9472d85/tags/green HTTP/1.1" status: 201 len: 201 time: 0.0410492
2026-05-06 02:31:38.702 10 INFO neutron.wsgi [None req-4287b4f6-edc0-4b35-902c-a9029a9f5f86 4e7075fbb9d6496987654ad4b69d462b 006b337cd27a4d62b55f44eae1522847 - - default default] 10.0.0.199 "GET /v2.0/ports/3fb908fb-d00b-44a5-a256-feceb9472d85/tags HTTP/1.1" status: 200 len: 227 time: 0.0328205
2026-05-06 02:31:38.712 10 INFO neutron.wsgi [None req-6646f3b0-7f47-4f3f-a687-dd4f7f817d7b 8fb672bd1b264e6587740ac6ab625a5f ac71f5e3cb5443dc8e4a22c5819da04c - - - -] 10.0.0.199 "DELETE /v2.0/subnets/7d43764a-96a6-4bce-8cf2-9bbca7084594 HTTP/1.1" status: 204 len: 168 time: 0.2885318
2026-05-06 02:31:38.745 9 INFO neutron.wsgi [None req-a7bcd10a-f3d0-478d-b1c2-761f390b1e1c 4e7075fbb9d6496987654ad4b69d462b 006b337cd27a4d62b55f44eae1522847 - - - -] 10.0.0.199 "PUT /v2.0/ports/3fb908fb-d00b-44a5-a256-feceb9472d85/tags/red HTTP/1.1" status: 201 len: 201 time: 0.0366790
2026-05-06 02:31:38.782 9 INFO neutron.wsgi [None req-3d72247d-d945-492b-b5ff-eaa14adfdac8 4e7075fbb9d6496987654ad4b69d462b 006b337cd27a4d62b55f44eae1522847 - - default default] 10.0.0.199 "GET /v2.0/ports/3fb908fb-d00b-44a5-a256-feceb9472d85/tags HTTP/1.1" status: 200 len: 227 time: 0.0333667
2026-05-06 02:31:38.825 10 INFO neutron.wsgi [req-0f4e2e2d-1cab-4a87-b8cd-052ab6716949 req-06937cf7-bc2c-4665-814c-04a73086ec8d 1e88aca4738e439a913926ed3db7f1c3 391384eafc644adca02530e29c29887d - - default default] 10.0.0.8 "GET /v2.0/ports?device_id=5826aef5-b442-4819-b1e7-6764df2f06a8 HTTP/1.1" status: 200 len: 210 time: 0.0390592
2026-05-06 02:31:38.844 9 INFO neutron.wsgi [None req-277e5715-4c05-4162-ad14-d541e0a94ac6 4e7075fbb9d6496987654ad4b69d462b 006b337cd27a4d62b55f44eae1522847 - - - -] 10.0.0.199 "PUT /v2.0/ports/3fb908fb-d00b-44a5-a256-feceb9472d85/tags/black.or.white HTTP/1.1" status: 201 len: 201 time: 0.0485835
2026-05-06 02:31:38.883 9 INFO neutron.wsgi [None req-59ddadd4-ea82-4ac7-8ba5-23234122474b 4e7075fbb9d6496987654ad4b69d462b 006b337cd27a4d62b55f44eae1522847 - - default default] 10.0.0.199 "GET /v2.0/ports/3fb908fb-d00b-44a5-a256-feceb9472d85/tags HTTP/1.1" status: 200 len: 245 time: 0.0348904
2026-05-06 02:31:38.937 9 INFO neutron.wsgi [None req-d48294d9-5974-4399-a1f7-0a7f851116b5 4e7075fbb9d6496987654ad4b69d462b 006b337cd27a4d62b55f44eae1522847 - - - -] 10.0.0.199 "PUT /v2.0/ports/3fb908fb-d00b-44a5-a256-feceb9472d85/tags HTTP/1.1" status: 200 len: 230 time: 0.0480015
2026-05-06 02:31:38.973 9 INFO neutron.wsgi [None req-2f0e4238-02b5-49db-93e5-55c1827e5a36 4e7075fbb9d6496987654ad4b69d462b 006b337cd27a4d62b55f44eae1522847 - - default default] 10.0.0.199 "GET /v2.0/ports/3fb908fb-d00b-44a5-a256-feceb9472d85/tags HTTP/1.1" status: 200 len: 230 time: 0.0304992
2026-05-06 02:31:39.012 9 INFO neutron.wsgi [None req-855f906f-48e8-4d59-9b0c-4049a372a6b3 4e7075fbb9d6496987654ad4b69d462b 006b337cd27a4d62b55f44eae1522847 - - default default] 10.0.0.199 "GET /v2.0/ports/3fb908fb-d00b-44a5-a256-feceb9472d85/tags/red HTTP/1.1" status: 204 len: 168 time: 0.0327988
2026-05-06 02:31:39.049 9 INFO neutron.api.v2.resource [None req-0e16f851-253f-42a5-b196-1023513f1c02 4e7075fbb9d6496987654ad4b69d462b 006b337cd27a4d62b55f44eae1522847 - - default default] show failed (client error): The resource could not be found.
2026-05-06 02:31:39.050 9 INFO neutron.wsgi [None req-0e16f851-253f-42a5-b196-1023513f1c02 4e7075fbb9d6496987654ad4b69d462b 006b337cd27a4d62b55f44eae1522847 - - default default] 10.0.0.199 "GET /v2.0/ports/3fb908fb-d00b-44a5-a256-feceb9472d85/tags/green HTTP/1.1" status: 404 len: 299 time: 0.0338795
2026-05-06 02:31:39.104 9 INFO neutron.wsgi [None req-848aea21-5ba1-4012-8163-a24bb7458b13 4e7075fbb9d6496987654ad4b69d462b 006b337cd27a4d62b55f44eae1522847 - - - -] 10.0.0.199 "DELETE /v2.0/ports/3fb908fb-d00b-44a5-a256-feceb9472d85/tags/red HTTP/1.1" status: 204 len: 168 time: 0.0488417
2026-05-06 02:31:39.123 10 INFO neutron.services.segments.plugin [-] Segment 9c0c0704-c5d1-4199-87d9-29d3c86b203b resource provider aggregate not found
2026-05-06 02:31:39.133 10 INFO neutron.services.segments.plugin [-] Segment 9c0c0704-c5d1-4199-87d9-29d3c86b203b resource provider aggregate not found
2026-05-06 02:31:39.145 9 INFO neutron.wsgi [None req-5eb16d12-4d0f-46bf-9549-1ed2a0798af2 4e7075fbb9d6496987654ad4b69d462b 006b337cd27a4d62b55f44eae1522847 - - default default] 10.0.0.199 "GET /v2.0/ports/3fb908fb-d00b-44a5-a256-feceb9472d85/tags HTTP/1.1" status: 200 len: 223 time: 0.0323861
2026-05-06 02:31:39.154 10 INFO neutron.services.segments.plugin [-] Segment 9c0c0704-c5d1-4199-87d9-29d3c86b203b resource provider not found; error: Placement Client Error (4xx): {"errors": [{"status": 404, "title": "Not Found", "detail": "The resource could not be found.\n\n No resource provider with uuid 9c0c0704-c5d1-4199-87d9-29d3c86b203b found for delete ", "request_id": "req-5b9ea91e-ca71-4d4b-809e-3179022e703b"}]}
2026-05-06 02:31:39.166 10 INFO neutron.services.segments.plugin [-] Segment 9c0c0704-c5d1-4199-87d9-29d3c86b203b resource provider not found; error: Placement Client Error (4xx): {"errors": [{"status": 404, "title": "Not Found", "detail": "The resource could not be found.\n\n No resource provider with uuid 9c0c0704-c5d1-4199-87d9-29d3c86b203b found for delete ", "request_id": "req-b9a3a910-3ee2-4f3e-8554-a25b8f6e8a5d"}]}
2026-05-06 02:31:39.195 9 INFO neutron.api.v2.resource [None req-33ef3ee7-ac34-4717-b5e1-8b4c5f1528d1 4e7075fbb9d6496987654ad4b69d462b 006b337cd27a4d62b55f44eae1522847 - - - -] delete failed (client error): The resource could not be found.
2026-05-06 02:31:39.198 9 INFO neutron.wsgi [None req-33ef3ee7-ac34-4717-b5e1-8b4c5f1528d1 4e7075fbb9d6496987654ad4b69d462b 006b337cd27a4d62b55f44eae1522847 - - - -] 10.0.0.199 "DELETE /v2.0/ports/3fb908fb-d00b-44a5-a256-feceb9472d85/tags/green HTTP/1.1" status: 404 len: 299 time: 0.0484288
2026-05-06 02:31:39.206 10 INFO neutron.wsgi [None req-4e1d4a01-bbca-4fb4-be9a-8b4bb8fed5b8 8fb672bd1b264e6587740ac6ab625a5f ac71f5e3cb5443dc8e4a22c5819da04c - - - -] 10.0.0.199 "DELETE /v2.0/networks/5eca2a06-e35a-4c64-b316-d085c262c233 HTTP/1.1" status: 204 len: 168 time: 0.4885113
2026-05-06 02:31:39.262 10 INFO neutron.wsgi [None req-7219b569-a1c8-495e-94a6-17de741c5c3d 4e7075fbb9d6496987654ad4b69d462b 006b337cd27a4d62b55f44eae1522847 - - - -] 10.0.0.199 "DELETE /v2.0/ports/3fb908fb-d00b-44a5-a256-feceb9472d85/tags HTTP/1.1" status: 204 len: 168 time: 0.0552678
2026-05-06 02:31:39.295 9 INFO neutron.wsgi [None req-83b3ca6d-2531-42e4-920c-26030061810b 4e7075fbb9d6496987654ad4b69d462b 006b337cd27a4d62b55f44eae1522847 - - default default] 10.0.0.199 "GET /v2.0/ports/3fb908fb-d00b-44a5-a256-feceb9472d85/tags HTTP/1.1" status: 200 len: 205 time: 0.0281806
2026-05-06 02:31:39.323 9 INFO neutron.db.segments_db [None req-b7e2ae19-3495-4c17-beef-eb648b6be234 8fb672bd1b264e6587740ac6ab625a5f ac71f5e3cb5443dc8e4a22c5819da04c - - - -] Added segment 74161afc-5a4f-461d-8a08-2b71b099adfa of type geneve for network 33760b1a-80db-4faa-9fb4-90646cbe9732
2026-05-06 02:31:39.521 9 INFO neutron.db.ovn_revision_numbers_db [None req-b7e2ae19-3495-4c17-beef-eb648b6be234 8fb672bd1b264e6587740ac6ab625a5f ac71f5e3cb5443dc8e4a22c5819da04c - - - -] Successfully bumped revision number for resource 33760b1a-80db-4faa-9fb4-90646cbe9732 (type: networks) to 1
2026-05-06 02:31:39.676 9 INFO neutron.wsgi [req-c5045baf-6837-4ba2-8982-e29c000d5270 req-05b1cf34-bcab-4771-8f51-a0ad01583223 1e88aca4738e439a913926ed3db7f1c3 391384eafc644adca02530e29c29887d - - default default] 199.204.45.250 "GET /v2.0/networks?id=d0f379fd-982c-45ba-a2b4-c89802f283f3 HTTP/1.1" status: 200 len: 904 time: 0.1317065
2026-05-06 02:31:39.755 9 INFO neutron.wsgi [None req-9350f281-e200-4824-ac11-073b3a1dae02 4e7075fbb9d6496987654ad4b69d462b 006b337cd27a4d62b55f44eae1522847 - - - -] 10.0.0.199 "DELETE /v2.0/ports/3fb908fb-d00b-44a5-a256-feceb9472d85 HTTP/1.1" status: 204 len: 168 time: 0.4528906
2026-05-06 02:31:39.763 9 INFO neutron.wsgi [req-c5045baf-6837-4ba2-8982-e29c000d5270 req-1ee985cc-6731-4562-ad99-cfc00b8d38db 1e88aca4738e439a913926ed3db7f1c3 391384eafc644adca02530e29c29887d - - default default] 199.204.45.250 "GET /v2.0/security-groups?fields=id&fields=name&tenant_id=391384eafc644adca02530e29c29887d HTTP/1.1" status: 200 len: 378 time: 0.0786445
2026-05-06 02:31:39.875 9 WARNING neutron.scheduler.dhcp_agent_scheduler [None req-b7e2ae19-3495-4c17-beef-eb648b6be234 8fb672bd1b264e6587740ac6ab625a5f ac71f5e3cb5443dc8e4a22c5819da04c - - - -] No more DHCP agents
2026-05-06 02:31:39.879 9 WARNING neutron.api.rpc.agentnotifiers.dhcp_rpc_agent_api [None req-b7e2ae19-3495-4c17-beef-eb648b6be234 8fb672bd1b264e6587740ac6ab625a5f ac71f5e3cb5443dc8e4a22c5819da04c - - - -] Unable to schedule network 33760b1a-80db-4faa-9fb4-90646cbe9732: no agents available; will retry on subsequent port and subnet creation events.
2026-05-06 02:31:40.009 9 INFO neutron.db.ovn_revision_numbers_db [None req-b7e2ae19-3495-4c17-beef-eb648b6be234 8fb672bd1b264e6587740ac6ab625a5f ac71f5e3cb5443dc8e4a22c5819da04c - - - -] Successfully bumped revision number for resource 8a57633b-1962-4fb6-b4fa-a31db46f1c7c (type: ports) to 1
2026-05-06 02:31:40.048 9 INFO neutron.wsgi [None req-b7e2ae19-3495-4c17-beef-eb648b6be234 8fb672bd1b264e6587740ac6ab625a5f ac71f5e3cb5443dc8e4a22c5819da04c - - - -] 10.0.0.199 "POST /v2.0/networks HTTP/1.1" status: 201 len: 835 time: 0.8299782
2026-05-06 02:31:40.254 10 INFO neutron.wsgi [None req-bd5df3f6-6761-4498-be63-cc175f0184bb 4e7075fbb9d6496987654ad4b69d462b 006b337cd27a4d62b55f44eae1522847 - - - -] 10.0.0.199 "DELETE /v2.0/networks/9ab7f00f-3936-48d3-aa2a-c08e8c0fcd4f HTTP/1.1" status: 204 len: 168 time: 0.4919751
2026-05-06 02:31:40.660 9 WARNING neutron.scheduler.dhcp_agent_scheduler [None req-bb32c3e8-3fcf-4322-a294-c311d7e3bfeb 1e88aca4738e439a913926ed3db7f1c3 391384eafc644adca02530e29c29887d - - - -] No more DHCP agents
2026-05-06 02:31:40.663 9 WARNING neutron.api.rpc.agentnotifiers.dhcp_rpc_agent_api [None req-bb32c3e8-3fcf-4322-a294-c311d7e3bfeb 1e88aca4738e439a913926ed3db7f1c3 391384eafc644adca02530e29c29887d - - - -] Unable to schedule network d0f379fd-982c-45ba-a2b4-c89802f283f3: no agents available; will retry on subsequent port and subnet creation events.
2026-05-06 02:31:40.748 9 WARNING neutron.scheduler.dhcp_agent_scheduler [None req-753ef1be-90f4-454e-8e36-8c7103960924 8fb672bd1b264e6587740ac6ab625a5f ac71f5e3cb5443dc8e4a22c5819da04c - - - -] No more DHCP agents
2026-05-06 02:31:40.752 9 WARNING neutron.api.rpc.agentnotifiers.dhcp_rpc_agent_api [None req-753ef1be-90f4-454e-8e36-8c7103960924 8fb672bd1b264e6587740ac6ab625a5f ac71f5e3cb5443dc8e4a22c5819da04c - - - -] Unable to schedule network 33760b1a-80db-4faa-9fb4-90646cbe9732: no agents available; will retry on subsequent port and subnet creation events.
2026-05-06 02:31:40.771 9 INFO neutron.db.ovn_revision_numbers_db [None req-753ef1be-90f4-454e-8e36-8c7103960924 8fb672bd1b264e6587740ac6ab625a5f ac71f5e3cb5443dc8e4a22c5819da04c - - - -] Successfully bumped revision number for resource c8a7fb92-f66c-4bf0-b6cd-a1e8258c2112 (type: subnets) to 0
2026-05-06 02:31:40.802 9 INFO neutron.wsgi [None req-753ef1be-90f4-454e-8e36-8c7103960924 8fb672bd1b264e6587740ac6ab625a5f ac71f5e3cb5443dc8e4a22c5819da04c - - - -] 10.0.0.199 "POST /v2.0/subnets HTTP/1.1" status: 201 len: 821 time: 0.7491300 /var/lib/openstack/lib/python3.10/site-packages/pycadf/identifier.py:71: UserWarning: Invalid uuid: neutron. To ensure interoperability, identifiers should be a valid uuid. warnings.warn(('Invalid uuid: %s. To ensure interoperability, '
2026-05-06 02:31:40.859 9 INFO neutron.db.ovn_revision_numbers_db [None req-bb32c3e8-3fcf-4322-a294-c311d7e3bfeb 1e88aca4738e439a913926ed3db7f1c3 391384eafc644adca02530e29c29887d - - - -] Successfully bumped revision number for resource da7c7b20-78b9-4f44-9b5d-3ce585f45349 (type: ports) to 1
2026-05-06 02:31:40.886 9 INFO neutron.wsgi [None req-bb32c3e8-3fcf-4322-a294-c311d7e3bfeb 1e88aca4738e439a913926ed3db7f1c3 391384eafc644adca02530e29c29887d - - - -] 199.204.45.250 "POST /v2.0/ports HTTP/1.1" status: 201 len: 1388 time: 1.1103692
2026-05-06 02:31:41.059 9 INFO neutron.wsgi [None req-9bc07f9a-701e-4702-a67d-413a7f7f9f99 9030e845e549407f873747d5b74e3f6d a4a0ce4dc7f14d4cb436fd58f99b5256 - - default default] 10.0.0.199 "GET /v2.0/security-groups?tenant_id=006b337cd27a4d62b55f44eae1522847&name=default HTTP/1.1" status: 200 len: 2996 time: 0.1469669
2026-05-06 02:31:41.174 10 INFO neutron.services.segments.plugin [-] Segment 77e829de-02f3-4b96-a8bd-429b0eb5aa2e resource provider aggregate not found
2026-05-06 02:31:41.183 10 INFO neutron.services.segments.plugin [-] Segment 77e829de-02f3-4b96-a8bd-429b0eb5aa2e resource provider aggregate not found
2026-05-06 02:31:41.191 10 INFO neutron.services.segments.plugin [-] Segment 77e829de-02f3-4b96-a8bd-429b0eb5aa2e resource provider not found; error: Placement Client Error (4xx): {"errors": [{"status": 404, "title": "Not Found", "detail": "The resource could not be found.\n\n No resource provider with uuid 77e829de-02f3-4b96-a8bd-429b0eb5aa2e found for delete ", "request_id": "req-cf1c431e-f17b-49be-ac44-d4ba6863474a"}]}
2026-05-06 02:31:41.202 10 INFO neutron.services.segments.plugin [-] Segment 77e829de-02f3-4b96-a8bd-429b0eb5aa2e resource provider not found; error: Placement Client Error (4xx): {"errors": [{"status": 404, "title": "Not Found", "detail": "The resource could not be found.\n\n No resource provider with uuid 77e829de-02f3-4b96-a8bd-429b0eb5aa2e found for delete ", "request_id": "req-5ce4b2b6-dd33-4084-b1fc-58292c8d7084"}]}
2026-05-06 02:31:41.231 9 WARNING neutron.scheduler.dhcp_agent_scheduler [None req-a4f47d94-f488-417f-b036-8f64ec32c842 8fb672bd1b264e6587740ac6ab625a5f ac71f5e3cb5443dc8e4a22c5819da04c - - - -] No more DHCP agents
2026-05-06 02:31:41.235 9 WARNING neutron.api.rpc.agentnotifiers.dhcp_rpc_agent_api [None req-a4f47d94-f488-417f-b036-8f64ec32c842 8fb672bd1b264e6587740ac6ab625a5f ac71f5e3cb5443dc8e4a22c5819da04c - - - -] Unable to schedule network 33760b1a-80db-4faa-9fb4-90646cbe9732: no agents available; will retry on subsequent port and subnet creation events.
2026-05-06 02:31:41.315 10 INFO neutron.wsgi [None req-1104be6d-167f-48d6-8868-9b51a7060807 9030e845e549407f873747d5b74e3f6d a4a0ce4dc7f14d4cb436fd58f99b5256 - - - -] 10.0.0.199 "DELETE /v2.0/security-groups/d93d8290-7d64-47b2-9a86-107fe4ec51a2 HTTP/1.1" status: 204 len: 168 time: 0.2465391
2026-05-06 02:31:41.396 9 INFO neutron.db.ovn_revision_numbers_db [None req-a4f47d94-f488-417f-b036-8f64ec32c842 8fb672bd1b264e6587740ac6ab625a5f ac71f5e3cb5443dc8e4a22c5819da04c - - - -] Successfully bumped revision number for resource b1fe1975-a488-42de-b521-e51aa76fbc7c (type: ports) to 1
2026-05-06 02:31:41.433 9 INFO neutron.wsgi [None req-a4f47d94-f488-417f-b036-8f64ec32c842 8fb672bd1b264e6587740ac6ab625a5f ac71f5e3cb5443dc8e4a22c5819da04c - - - -] 10.0.0.199 "POST /v2.0/ports HTTP/1.1" status: 201 len: 1119 time: 0.6259527
2026-05-06 02:31:41.433 9 INFO neutron.db.ovn_revision_numbers_db [None req-c221a8ca-edf1-4a1e-bf4d-c41a539f8f2d 9e2c17717c684236bffdf7e3016dc467 de48dc460ccb44fe8471d716a0a99fac - - - -] Successfully bumped revision number for resource da7c7b20-78b9-4f44-9b5d-3ce585f45349 (type: ports) to 2 /var/lib/openstack/lib/python3.10/site-packages/pycadf/identifier.py:71: UserWarning: Invalid uuid: neutron. To ensure interoperability, identifiers should be a valid uuid. warnings.warn(('Invalid uuid: %s. To ensure interoperability, '
2026-05-06 02:31:41.628 9 INFO neutron.db.ovn_revision_numbers_db [None req-0bd21ebf-3a68-4b6f-945c-dec654aa5cbf 9030e845e549407f873747d5b74e3f6d a4a0ce4dc7f14d4cb436fd58f99b5256 - - default default] Successfully bumped revision number for resource e64f9686-5837-42a2-bac8-28900c5f2ff9 (type: security_groups) to 1
2026-05-06 02:31:41.659 9 INFO neutron.wsgi [None req-0bd21ebf-3a68-4b6f-945c-dec654aa5cbf 9030e845e549407f873747d5b74e3f6d a4a0ce4dc7f14d4cb436fd58f99b5256 - - default default] 10.0.0.199 "GET /v2.0/security-groups?tenant_id=d42cf74632da4dc5bd9201290bb93418&name=default HTTP/1.1" status: 200 len: 2996 time: 0.1978095
2026-05-06 02:31:41.667 9 INFO neutron.db.ovn_revision_numbers_db [None req-c221a8ca-edf1-4a1e-bf4d-c41a539f8f2d 9e2c17717c684236bffdf7e3016dc467 de48dc460ccb44fe8471d716a0a99fac - - - -] Successfully bumped revision number for resource da7c7b20-78b9-4f44-9b5d-3ce585f45349 (type: ports) to 2
2026-05-06 02:31:41.683 9 INFO neutron.wsgi [None req-c221a8ca-edf1-4a1e-bf4d-c41a539f8f2d 9e2c17717c684236bffdf7e3016dc467 de48dc460ccb44fe8471d716a0a99fac - - - -] 199.204.45.250 "PUT /v2.0/ports/da7c7b20-78b9-4f44-9b5d-3ce585f45349 HTTP/1.1" status: 200 len: 1557 time: 0.7881386
2026-05-06 02:31:41.718 9 INFO neutron.notifiers.nova [-] Nova event matching ['req-7ac012b9-649d-4d48-8d51-a02e4a663644'] response: {'name': 'network-changed', 'server_uuid': '5826aef5-b442-4819-b1e7-6764df2f06a8', 'tag': 'da7c7b20-78b9-4f44-9b5d-3ce585f45349', 'status': 'completed', 'code': 200} /var/lib/openstack/lib/python3.10/site-packages/pycadf/identifier.py:71: UserWarning: Invalid uuid: neutron. To ensure interoperability, identifiers should be a valid uuid. warnings.warn(('Invalid uuid: %s. To ensure interoperability, '
2026-05-06 02:31:41.757 9 INFO neutron.wsgi [req-c5045baf-6837-4ba2-8982-e29c000d5270 req-7e8b0d22-43d6-4275-9a00-4cda782c0ec9 9e2c17717c684236bffdf7e3016dc467 de48dc460ccb44fe8471d716a0a99fac - - 1e3de47416ab442dac3acb72b83625e9 1e3de47416ab442dac3acb72b83625e9] 199.204.45.250 "GET /v2.0/ports?tenant_id=391384eafc644adca02530e29c29887d&device_id=5826aef5-b442-4819-b1e7-6764df2f06a8 HTTP/1.1" status: 200 len: 1588 time: 0.0326841
2026-05-06 02:31:41.790 9 INFO neutron.wsgi [req-c5045baf-6837-4ba2-8982-e29c000d5270 req-05b913f0-ba54-4b15-8984-4ae4902a48d6 9e2c17717c684236bffdf7e3016dc467 de48dc460ccb44fe8471d716a0a99fac - - 1e3de47416ab442dac3acb72b83625e9 1e3de47416ab442dac3acb72b83625e9] 199.204.45.250 "GET /v2.0/floatingips?fixed_ip_address=10.2.2.74&port_id=da7c7b20-78b9-4f44-9b5d-3ce585f45349 HTTP/1.1" status: 200 len: 217 time: 0.0268552
2026-05-06 02:31:41.800 10 INFO neutron.wsgi [None req-9f846e21-3776-4e64-9b78-bcccd6e63348 8fb672bd1b264e6587740ac6ab625a5f ac71f5e3cb5443dc8e4a22c5819da04c - - - -] 10.0.0.199 "DELETE /v2.0/ports/b1fe1975-a488-42de-b521-e51aa76fbc7c HTTP/1.1" status: 204 len: 168 time: 0.3616664
2026-05-06 02:31:41.826 9 INFO neutron.wsgi [req-c5045baf-6837-4ba2-8982-e29c000d5270 req-f1ae7978-2ad6-4f42-a79a-d0deef178fa1 9e2c17717c684236bffdf7e3016dc467 de48dc460ccb44fe8471d716a0a99fac - - 1e3de47416ab442dac3acb72b83625e9 1e3de47416ab442dac3acb72b83625e9] 199.204.45.250 "GET /v2.0/floatingips?fixed_ip_address=fd77%3A1457%3A4cf0%3A26a8%3A%3A2b3&port_id=da7c7b20-78b9-4f44-9b5d-3ce585f45349 HTTP/1.1" status: 200 len: 217 time: 0.0272582
2026-05-06 02:31:41.834 9 INFO neutron.pecan_wsgi.hooks.translation [None req-e2d2cdd4-0639-4f28-81e0-0cc034c8bea8 8fb672bd1b264e6587740ac6ab625a5f ac71f5e3cb5443dc8e4a22c5819da04c - - default default] GET failed (client error): The resource could not be found.
2026-05-06 02:31:41.835 9 INFO neutron.wsgi [None req-e2d2cdd4-0639-4f28-81e0-0cc034c8bea8 8fb672bd1b264e6587740ac6ab625a5f ac71f5e3cb5443dc8e4a22c5819da04c - - default default] 10.0.0.199 "GET /v2.0/ports/b1fe1975-a488-42de-b521-e51aa76fbc7c HTTP/1.1" status: 404 len: 333 time: 0.0298140
2026-05-06 02:31:41.866 9 INFO neutron.wsgi [req-c5045baf-6837-4ba2-8982-e29c000d5270 req-8ec76980-8de8-4839-83cc-8bd9a8adcc2d 9e2c17717c684236bffdf7e3016dc467 de48dc460ccb44fe8471d716a0a99fac - - 1e3de47416ab442dac3acb72b83625e9 1e3de47416ab442dac3acb72b83625e9] 199.204.45.250 "GET /v2.0/subnets?id=1407a1f9-284e-4a30-87a9-b802ae7b3b01&id=a6c7b5cb-a340-478b-9f6e-43543bf31c6a HTTP/1.1" status: 200 len: 1567 time: 0.0329332
2026-05-06 02:31:41.893 9 INFO neutron.wsgi [req-c5045baf-6837-4ba2-8982-e29c000d5270 req-e71c60cb-c7a0-4f18-afc7-475adeee73bf 9e2c17717c684236bffdf7e3016dc467 de48dc460ccb44fe8471d716a0a99fac - - 1e3de47416ab442dac3acb72b83625e9 1e3de47416ab442dac3acb72b83625e9] 199.204.45.250 "GET /v2.0/ports?network_id=d0f379fd-982c-45ba-a2b4-c89802f283f3&device_owner=network%3Adhcp HTTP/1.1" status: 200 len: 210 time: 0.0205629
2026-05-06 02:31:41.929 9 INFO neutron.wsgi [req-c5045baf-6837-4ba2-8982-e29c000d5270 req-2267afd0-f23d-4dfc-b437-dd0b3a082172 9e2c17717c684236bffdf7e3016dc467 de48dc460ccb44fe8471d716a0a99fac - - 1e3de47416ab442dac3acb72b83625e9 1e3de47416ab442dac3acb72b83625e9] 199.204.45.250 "GET /v2.0/ports?network_id=d0f379fd-982c-45ba-a2b4-c89802f283f3&device_owner=network%3Adhcp HTTP/1.1" status: 200 len: 210 time: 0.0277793
2026-05-06 02:31:41.949 10 INFO neutron.wsgi [None req-cafcda70-b505-4dfd-9dea-41a0aff616ac 9030e845e549407f873747d5b74e3f6d a4a0ce4dc7f14d4cb436fd58f99b5256 - - - -] 10.0.0.199 "DELETE /v2.0/security-groups/e64f9686-5837-42a2-bac8-28900c5f2ff9 HTTP/1.1" status: 204 len: 168 time: 0.2829397
2026-05-06 02:31:41.997 9 INFO neutron.wsgi [req-c5045baf-6837-4ba2-8982-e29c000d5270 req-4611c892-cc23-4d2e-8047-9d88508dac6e 9e2c17717c684236bffdf7e3016dc467 de48dc460ccb44fe8471d716a0a99fac - - 1e3de47416ab442dac3acb72b83625e9 1e3de47416ab442dac3acb72b83625e9] 199.204.45.250 "GET /v2.0/networks/d0f379fd-982c-45ba-a2b4-c89802f283f3?fields=segments HTTP/1.1" status: 200 len: 212 time: 0.0582223
2026-05-06 02:31:42.073 9 INFO neutron.wsgi [req-c5045baf-6837-4ba2-8982-e29c000d5270 req-d01ff589-6df9-4af6-9855-941c9df5a543 9e2c17717c684236bffdf7e3016dc467 de48dc460ccb44fe8471d716a0a99fac - - 1e3de47416ab442dac3acb72b83625e9 1e3de47416ab442dac3acb72b83625e9] 199.204.45.250 "GET /v2.0/networks/d0f379fd-982c-45ba-a2b4-c89802f283f3?fields=provider%3Aphysical_network&fields=provider%3Anetwork_type HTTP/1.1" status: 200 len: 277 time: 0.0689218
2026-05-06 02:31:42.075 10 INFO neutron.wsgi [None req-c576e4c9-f00e-4290-8d24-e5037042da14 8fb672bd1b264e6587740ac6ab625a5f ac71f5e3cb5443dc8e4a22c5819da04c - - - -] 10.0.0.199 "DELETE /v2.0/subnets/c8a7fb92-f66c-4bf0-b6cd-a1e8258c2112 HTTP/1.1" status: 204 len: 168 time: 0.2344544
2026-05-06 02:31:42.155 9 INFO neutron.wsgi [req-231d2abc-883f-4217-a357-06fdd7dc612b req-5f95a96e-0d06-4d35-aad4-f213b474a418 9e2c17717c684236bffdf7e3016dc467 de48dc460ccb44fe8471d716a0a99fac - - 1e3de47416ab442dac3acb72b83625e9 1e3de47416ab442dac3acb72b83625e9] 199.204.45.250 "GET /v2.0/ports?tenant_id=391384eafc644adca02530e29c29887d&device_id=5826aef5-b442-4819-b1e7-6764df2f06a8 HTTP/1.1" status: 200 len: 1588 time: 0.0404885
2026-05-06 02:31:42.227 9 INFO neutron.wsgi [req-231d2abc-883f-4217-a357-06fdd7dc612b req-7276b8d0-1299-45d3-85b3-d5a3deaa3bca 9e2c17717c684236bffdf7e3016dc467 de48dc460ccb44fe8471d716a0a99fac - - 1e3de47416ab442dac3acb72b83625e9 1e3de47416ab442dac3acb72b83625e9] 199.204.45.250 "GET /v2.0/networks?id=d0f379fd-982c-45ba-a2b4-c89802f283f3 HTTP/1.1" status: 200 len: 1002 time: 0.0621486
2026-05-06 02:31:42.265 9 INFO neutron.wsgi [req-231d2abc-883f-4217-a357-06fdd7dc612b req-781c318a-915c-43c4-a555-7c0cd7c80746 9e2c17717c684236bffdf7e3016dc467 de48dc460ccb44fe8471d716a0a99fac - - 1e3de47416ab442dac3acb72b83625e9 1e3de47416ab442dac3acb72b83625e9] 199.204.45.250 "GET /v2.0/floatingips?fixed_ip_address=10.2.2.74&port_id=da7c7b20-78b9-4f44-9b5d-3ce585f45349 HTTP/1.1" status: 200 len: 217 time: 0.0309002
2026-05-06 02:31:42.315 10 INFO neutron.plugins.ml2.drivers.ovn.mech_driver.mech_driver [None req-4e1b341c-ceab-4cdf-924c-408697357392 - - - - - -] OVN reports status up for port: da7c7b20-78b9-4f44-9b5d-3ce585f45349
2026-05-06 02:31:42.323 9 INFO neutron.wsgi [req-231d2abc-883f-4217-a357-06fdd7dc612b req-06b88ed7-cecd-4515-b001-ac9e2e8669dc 9e2c17717c684236bffdf7e3016dc467 de48dc460ccb44fe8471d716a0a99fac - - 1e3de47416ab442dac3acb72b83625e9 1e3de47416ab442dac3acb72b83625e9] 199.204.45.250 "GET /v2.0/floatingips?fixed_ip_address=fd77%3A1457%3A4cf0%3A26a8%3A%3A2b3&port_id=da7c7b20-78b9-4f44-9b5d-3ce585f45349 HTTP/1.1" status: 200 len: 217 time: 0.0534012
2026-05-06 02:31:42.352 10 INFO neutron.plugins.ml2.plugin [None req-4e1b341c-ceab-4cdf-924c-408697357392 - - - - - -] Attempt 1 to provision port da7c7b20-78b9-4f44-9b5d-3ce585f45349
2026-05-06 02:31:42.370 9 INFO neutron.wsgi [req-231d2abc-883f-4217-a357-06fdd7dc612b req-93c17850-41ad-4f4e-9446-83d2da5bab92 9e2c17717c684236bffdf7e3016dc467 de48dc460ccb44fe8471d716a0a99fac - - 1e3de47416ab442dac3acb72b83625e9 1e3de47416ab442dac3acb72b83625e9] 199.204.45.250 "GET /v2.0/subnets?id=1407a1f9-284e-4a30-87a9-b802ae7b3b01&id=a6c7b5cb-a340-478b-9f6e-43543bf31c6a HTTP/1.1" status: 200 len: 1567 time: 0.0401819
2026-05-06 02:31:42.402 9 INFO neutron.wsgi [req-231d2abc-883f-4217-a357-06fdd7dc612b req-a6f02ee3-3dc1-44da-b4ff-eda0af044049 9e2c17717c684236bffdf7e3016dc467 de48dc460ccb44fe8471d716a0a99fac - - 1e3de47416ab442dac3acb72b83625e9 1e3de47416ab442dac3acb72b83625e9] 199.204.45.250 "GET /v2.0/ports?network_id=d0f379fd-982c-45ba-a2b4-c89802f283f3&device_owner=network%3Adhcp HTTP/1.1" status: 200 len: 210 time: 0.0260084
2026-05-06 02:31:42.431 9 INFO neutron.wsgi [req-231d2abc-883f-4217-a357-06fdd7dc612b req-550c7996-d4ae-4f34-b407-0710eed457ab 9e2c17717c684236bffdf7e3016dc467 de48dc460ccb44fe8471d716a0a99fac - - 1e3de47416ab442dac3acb72b83625e9 1e3de47416ab442dac3acb72b83625e9] 199.204.45.250 "GET /v2.0/ports?network_id=d0f379fd-982c-45ba-a2b4-c89802f283f3&device_owner=network%3Adhcp HTTP/1.1" status: 200 len: 210 time: 0.0227098
2026-05-06 02:31:42.506 9 INFO neutron.wsgi [req-231d2abc-883f-4217-a357-06fdd7dc612b req-6d8ebc65-9acd-4154-86c7-3d2c30fd6ff0 9e2c17717c684236bffdf7e3016dc467 de48dc460ccb44fe8471d716a0a99fac - - 1e3de47416ab442dac3acb72b83625e9 1e3de47416ab442dac3acb72b83625e9] 199.204.45.250 "GET /v2.0/networks/d0f379fd-982c-45ba-a2b4-c89802f283f3?fields=segments HTTP/1.1" status: 200 len: 212 time: 0.0699384
2026-05-06 02:31:42.579 9 INFO neutron.wsgi [req-231d2abc-883f-4217-a357-06fdd7dc612b req-fb4a2e9e-d0d6-4269-bc70-c7e6a5336d11 9e2c17717c684236bffdf7e3016dc467 de48dc460ccb44fe8471d716a0a99fac - - 1e3de47416ab442dac3acb72b83625e9 1e3de47416ab442dac3acb72b83625e9] 199.204.45.250 "GET /v2.0/networks/d0f379fd-982c-45ba-a2b4-c89802f283f3?fields=provider%3Aphysical_network&fields=provider%3Anetwork_type HTTP/1.1" status: 200 len: 277 time: 0.0627599
2026-05-06 02:31:42.688 10 INFO neutron.notifiers.nova [-] Nova event matching ['req-7f99b637-d5ef-441e-9522-09e662191f05'] response: {'server_uuid': '5826aef5-b442-4819-b1e7-6764df2f06a8', 'name': 'network-vif-plugged', 'status': 'completed', 'tag': 'da7c7b20-78b9-4f44-9b5d-3ce585f45349', 'code': 200}
2026-05-06 02:31:42.888 10 INFO neutron.wsgi [None req-b063d223-8964-43f9-9ac3-ea667f1a2061 8fb672bd1b264e6587740ac6ab625a5f ac71f5e3cb5443dc8e4a22c5819da04c - - - -] 10.0.0.199 "DELETE /v2.0/networks/33760b1a-80db-4faa-9fb4-90646cbe9732 HTTP/1.1" status: 204 len: 168 time: 0.8064706
2026-05-06 02:31:42.904 10 INFO neutron.db.ovn_revision_numbers_db [None req-4e1b341c-ceab-4cdf-924c-408697357392 - - - - - -] Successfully bumped revision number for resource da7c7b20-78b9-4f44-9b5d-3ce585f45349 (type: ports) to 4
2026-05-06 02:31:43.156 9 WARNING neutron.scheduler.dhcp_agent_scheduler [None req-cf2e9577-cc93-4b12-8e36-5b9f9cd1c147 8fb672bd1b264e6587740ac6ab625a5f ac71f5e3cb5443dc8e4a22c5819da04c - - - -] No more DHCP agents
2026-05-06 02:31:43.158 9 WARNING neutron.api.rpc.agentnotifiers.dhcp_rpc_agent_api [None req-cf2e9577-cc93-4b12-8e36-5b9f9cd1c147 8fb672bd1b264e6587740ac6ab625a5f ac71f5e3cb5443dc8e4a22c5819da04c - - - -] Unable to schedule network 76b74a59-a22d-49a8-b463-50c43e8078a1: no agents available; will retry on subsequent port and subnet creation events.
2026-05-06 02:31:43.227 10 INFO neutron.services.segments.plugin [-] Segment 74161afc-5a4f-461d-8a08-2b71b099adfa resource provider aggregate not found
2026-05-06 02:31:43.232 10 INFO neutron.services.segments.plugin [-] Segment 74161afc-5a4f-461d-8a08-2b71b099adfa resource provider aggregate not found
2026-05-06 02:31:43.236 9 INFO neutron.db.ovn_revision_numbers_db [None req-cf2e9577-cc93-4b12-8e36-5b9f9cd1c147 8fb672bd1b264e6587740ac6ab625a5f ac71f5e3cb5443dc8e4a22c5819da04c - - - -] Successfully bumped revision number for resource 6fd63242-cf35-4b72-ad9e-84ad26c49b69 (type: ports) to 1
2026-05-06 02:31:43.254 10 INFO neutron.services.segments.plugin [-] Segment 74161afc-5a4f-461d-8a08-2b71b099adfa resource provider not found; error: Placement Client Error (4xx): {"errors": [{"status": 404, "title": "Not Found", "detail": "The resource could not be found.\n\n No resource provider with uuid 74161afc-5a4f-461d-8a08-2b71b099adfa found for delete ", "request_id": "req-b39516d8-0d4f-49f8-93a4-cfdb947ffa78"}]}
2026-05-06 02:31:43.267 10 INFO neutron.services.segments.plugin [-] Segment 74161afc-5a4f-461d-8a08-2b71b099adfa resource provider not found; error: Placement Client Error (4xx): {"errors": [{"status": 404, "title": "Not Found", "detail": "The resource could not be found.\n\n No resource provider with uuid 74161afc-5a4f-461d-8a08-2b71b099adfa found for delete ", "request_id": "req-81ca764b-fa7a-4cbf-b1d7-73218fb58b46"}]}
2026-05-06 02:31:43.278 9 INFO neutron.wsgi [None req-cf2e9577-cc93-4b12-8e36-5b9f9cd1c147 8fb672bd1b264e6587740ac6ab625a5f ac71f5e3cb5443dc8e4a22c5819da04c - - - -] 10.0.0.199 "POST /v2.0/ports HTTP/1.1" status: 201 len: 977 time: 0.3814209 /var/lib/openstack/lib/python3.10/site-packages/pycadf/identifier.py:71: UserWarning: Invalid uuid: neutron. To ensure interoperability, identifiers should be a valid uuid. warnings.warn(('Invalid uuid: %s. To ensure interoperability, '
2026-05-06 02:31:43.511 9 INFO neutron.db.ovn_revision_numbers_db [None req-a1624918-cd90-406b-9391-d07a61bdf497 8fb672bd1b264e6587740ac6ab625a5f ac71f5e3cb5443dc8e4a22c5819da04c - - - -] Successfully bumped revision number for resource 6fd63242-cf35-4b72-ad9e-84ad26c49b69 (type: ports) to 2
2026-05-06 02:31:43.520 9 INFO neutron.wsgi [None req-a1624918-cd90-406b-9391-d07a61bdf497 8fb672bd1b264e6587740ac6ab625a5f ac71f5e3cb5443dc8e4a22c5819da04c - - - -] 10.0.0.199 "PUT /v2.0/ports/6fd63242-cf35-4b72-ad9e-84ad26c49b69 HTTP/1.1" status: 200 len: 946 time: 0.2375185 /var/lib/openstack/lib/python3.10/site-packages/pycadf/identifier.py:71: UserWarning: Invalid uuid: neutron. To ensure interoperability, identifiers should be a valid uuid. warnings.warn(('Invalid uuid: %s. To ensure interoperability, '
2026-05-06 02:31:43.747 9 INFO neutron.wsgi [None req-90c07ba6-1bbf-4c5b-b1e2-f88902b71d99 8fb672bd1b264e6587740ac6ab625a5f ac71f5e3cb5443dc8e4a22c5819da04c - - - -] 10.0.0.199 "DELETE /v2.0/ports/6fd63242-cf35-4b72-ad9e-84ad26c49b69 HTTP/1.1" status: 204 len: 168 time: 0.2205951
2026-05-06 02:31:43.847 9 INFO neutron.wsgi [None req-0785693f-0a6d-4580-9a94-b47487111985 8fb672bd1b264e6587740ac6ab625a5f ac71f5e3cb5443dc8e4a22c5819da04c - - default default] 10.0.0.199 "GET /v2.0/ports HTTP/1.1" status: 200 len: 1732 time: 0.0929372
2026-05-06 02:31:43.866 9 INFO neutron.pecan_wsgi.hooks.translation [None req-83395cbe-d4ef-4a8c-bf13-79561af13a28 8fb672bd1b264e6587740ac6ab625a5f ac71f5e3cb5443dc8e4a22c5819da04c - - default default] GET failed (client error): The resource could not be found.
2026-05-06 02:31:43.868 9 INFO neutron.wsgi [None req-83395cbe-d4ef-4a8c-bf13-79561af13a28 8fb672bd1b264e6587740ac6ab625a5f ac71f5e3cb5443dc8e4a22c5819da04c - - default default] 10.0.0.199 "GET /v2.0/ports/6fd63242-cf35-4b72-ad9e-84ad26c49b69 HTTP/1.1" status: 404 len: 333 time: 0.0155427
2026-05-06 02:31:43.904 9 INFO neutron.wsgi [None req-acc9e2b9-81f3-403a-b96b-e3cc800c148b 8fb672bd1b264e6587740ac6ab625a5f ac71f5e3cb5443dc8e4a22c5819da04c - - default default] 10.0.0.199 "GET /v2.0/ports HTTP/1.1" status: 200 len: 1732 time: 0.0301967 /var/lib/openstack/lib/python3.10/site-packages/pycadf/identifier.py:71: UserWarning: Invalid uuid: neutron. To ensure interoperability, identifiers should be a valid uuid. warnings.warn(('Invalid uuid: %s. To ensure interoperability, '
2026-05-06 02:31:43.933 9 INFO neutron.wsgi [None req-71de8426-29f0-4885-b280-e79273f97940 8fb672bd1b264e6587740ac6ab625a5f ac71f5e3cb5443dc8e4a22c5819da04c - - default default] 10.0.0.199 "GET /v2.0/ports/af83c657-3d2d-46cf-8954-e6235f96543f HTTP/1.1" status: 200 len: 972 time: 0.0247178
2026-05-06 02:31:43.955 9 INFO neutron.pecan_wsgi.hooks.translation [None req-9a055de3-7410-4ff6-af8b-22b30b72dadb 8fb672bd1b264e6587740ac6ab625a5f ac71f5e3cb5443dc8e4a22c5819da04c - - - -] DELETE failed (client error): The resource could not be found.
2026-05-06 02:31:43.957 9 INFO neutron.wsgi [None req-9a055de3-7410-4ff6-af8b-22b30b72dadb 8fb672bd1b264e6587740ac6ab625a5f ac71f5e3cb5443dc8e4a22c5819da04c - - - -] 10.0.0.199 "DELETE /v2.0/ports/b1fe1975-a488-42de-b521-e51aa76fbc7c HTTP/1.1" status: 404 len: 333 time: 0.0184901
2026-05-06 02:31:43.977 9 INFO neutron.pecan_wsgi.hooks.translation [None req-99e292db-a9b6-401a-a088-1d9b2a2cae6d 8fb672bd1b264e6587740ac6ab625a5f ac71f5e3cb5443dc8e4a22c5819da04c - - - -] DELETE failed (client error): The resource could not be found.
2026-05-06 02:31:43.980 9 INFO neutron.wsgi [None req-99e292db-a9b6-401a-a088-1d9b2a2cae6d 8fb672bd1b264e6587740ac6ab625a5f ac71f5e3cb5443dc8e4a22c5819da04c - - - -] 10.0.0.199 "DELETE /v2.0/subnets/c8a7fb92-f66c-4bf0-b6cd-a1e8258c2112 HTTP/1.1" status: 404 len: 337 time: 0.0177181
2026-05-06 02:31:44.000 9 INFO neutron.pecan_wsgi.hooks.translation [None req-b921a583-99c9-429c-b0f8-edcef461ca1d 8fb672bd1b264e6587740ac6ab625a5f ac71f5e3cb5443dc8e4a22c5819da04c - - - -] DELETE failed (client error): The resource could not be found.
2026-05-06 02:31:44.001 10 INFO neutron.wsgi [req-72c38525-3098-4d0a-9fbb-37c1bce9881c req-1c1deeed-c4e2-4bb7-8f29-f7b447d9ff3d 1e88aca4738e439a913926ed3db7f1c3 391384eafc644adca02530e29c29887d - - default default] 10.0.0.8 "GET /v2.0/ports?device_id=5826aef5-b442-4819-b1e7-6764df2f06a8 HTTP/1.1" status: 200 len: 1400 time: 0.0924900
2026-05-06 02:31:44.001 9 INFO neutron.wsgi [None req-b921a583-99c9-429c-b0f8-edcef461ca1d 8fb672bd1b264e6587740ac6ab625a5f ac71f5e3cb5443dc8e4a22c5819da04c - - - -] 10.0.0.199 "DELETE /v2.0/subnets/7d43764a-96a6-4bce-8cf2-9bbca7084594 HTTP/1.1" status: 404 len: 337 time: 0.0174067
2026-05-06 02:31:44.057 10 INFO neutron.wsgi [req-72c38525-3098-4d0a-9fbb-37c1bce9881c req-b6d9bd37-3650-4280-83d2-cdd7b0b49222 1e88aca4738e439a913926ed3db7f1c3 391384eafc644adca02530e29c29887d - - default default] 10.0.0.8 "GET /v2.0/security-groups?id=00eba74e-64c5-4400-80ff-a8eabab34213&fields=id&fields=name HTTP/1.1" status: 200 len: 311 time: 0.0506897
2026-05-06 02:31:44.223 9 INFO neutron.wsgi [None req-79350951-2e3e-4e78-8401-91211a45b6ca 1e88aca4738e439a913926ed3db7f1c3 391384eafc644adca02530e29c29887d - - default default] 10.0.0.199 "GET /v2.0/ports?network_id=d0f379fd-982c-45ba-a2b4-c89802f283f3&mac_address=fa%3A16%3A3e%3A5b%3A17%3A56 HTTP/1.1" status: 200 len: 1395 time: 0.1381671
2026-05-06 02:31:44.300 9 INFO neutron.wsgi [None req-fdab5f81-a628-4453-9935-e099c7a55266 8fb672bd1b264e6587740ac6ab625a5f ac71f5e3cb5443dc8e4a22c5819da04c - - - -] 10.0.0.199 "DELETE /v2.0/ports/af83c657-3d2d-46cf-8954-e6235f96543f HTTP/1.1" status: 204 len: 168 time: 0.2945695
2026-05-06 02:31:44.728 10 INFO neutron.notifiers.nova [-] Nova event matching ['req-b4182130-7ccc-42fc-b055-ccd6d732dd34'] response: {'server_uuid': '5826aef5-b442-4819-b1e7-6764df2f06a8', 'name': 'network-vif-plugged', 'status': 'completed', 'tag': 'da7c7b20-78b9-4f44-9b5d-3ce585f45349', 'code': 200}
2026-05-06 02:31:44.754 10 INFO neutron.wsgi [None req-e7e807fc-84a3-4442-ba06-d8aafce7f572 8fb672bd1b264e6587740ac6ab625a5f ac71f5e3cb5443dc8e4a22c5819da04c - - - -] 10.0.0.199 "DELETE /v2.0/networks/76b74a59-a22d-49a8-b463-50c43e8078a1 HTTP/1.1" status: 204 len: 168 time: 0.4484379
2026-05-06 02:31:44.804 9 WARNING neutron.scheduler.dhcp_agent_scheduler [None req-7b74f6ee-ac7f-4bb9-8afe-93291977ea47 1e88aca4738e439a913926ed3db7f1c3 391384eafc644adca02530e29c29887d - - - -] No more DHCP agents
2026-05-06 02:31:44.806 9 WARNING neutron.api.rpc.agentnotifiers.dhcp_rpc_agent_api [None req-7b74f6ee-ac7f-4bb9-8afe-93291977ea47 1e88aca4738e439a913926ed3db7f1c3 391384eafc644adca02530e29c29887d - - - -] Unable to schedule network e756cb31-8779-4691-9034-ed1e436e9f2b: no agents available; will retry on subsequent port and subnet creation events.
2026-05-06 02:31:45.255 9 INFO neutron.db.l3_db [None req-7b74f6ee-ac7f-4bb9-8afe-93291977ea47 1e88aca4738e439a913926ed3db7f1c3 391384eafc644adca02530e29c29887d - - - -] Floating IP ad3a8611-da22-488d-860d-18b0a61ce8ce associated. External IP: 10.96.250.212, port: da7c7b20-78b9-4f44-9b5d-3ce585f45349.
2026-05-06 02:31:45.278 10 INFO neutron.services.segments.plugin [-] Segment 52249bfa-d4c2-467a-b985-a3bdf7974a44 resource provider aggregate not found
2026-05-06 02:31:45.286 10 INFO neutron.services.segments.plugin [-] Segment 52249bfa-d4c2-467a-b985-a3bdf7974a44 resource provider aggregate not found
2026-05-06 02:31:45.297 10 INFO neutron.services.segments.plugin [-] Segment 52249bfa-d4c2-467a-b985-a3bdf7974a44 resource provider not found; error: Placement Client Error (4xx): {"errors": [{"status": 404, "title": "Not Found", "detail": "The resource could not be found.\n\n No resource provider with uuid 52249bfa-d4c2-467a-b985-a3bdf7974a44 found for delete ", "request_id": "req-39ab8b08-ba83-4023-8b86-edb4f36e35ea"}]}
2026-05-06 02:31:45.303 10 INFO neutron.services.segments.plugin [-] Segment 52249bfa-d4c2-467a-b985-a3bdf7974a44 resource provider not found; error: Placement Client Error (4xx): {"errors": [{"status": 404, "title": "Not Found", "detail": "The resource could not be found.\n\n No resource provider with uuid 52249bfa-d4c2-467a-b985-a3bdf7974a44 found for delete ", "request_id": "req-e7ccf25d-f995-4b01-a8cb-dd9827118664"}]}
2026-05-06 02:31:45.349 9 INFO neutron.wsgi [-] 10.0.0.207 "GET / HTTP/1.1" status: 200 len: 247 time: 0.0018868
2026-05-06 02:31:45.349 10 INFO neutron.wsgi [-] 10.0.0.207 "GET / HTTP/1.1" status: 200 len: 247 time: 0.0019135
2026-05-06 02:31:45.446 10 INFO neutron.wsgi [None req-6e7f1194-bc1e-494e-aaca-5ac4461fb2c5 9030e845e549407f873747d5b74e3f6d a4a0ce4dc7f14d4cb436fd58f99b5256 - - default default] 10.0.0.199 "GET /v2.0/security-groups?tenant_id=ac71f5e3cb5443dc8e4a22c5819da04c&name=default HTTP/1.1" status: 200 len: 2996 time: 0.1138763
