2026-05-06 02:32:15.674 8 INFO placement.requestlog [req-e807cee5-23f3-4849-a8a7-592f01006d58 req-4fdec125-b94c-418c-8b8d-113dc68ea471 902db109a0eb42adabc34a885bf3064f de48dc460ccb44fe8471d716a0a99fac - - 1e3de47416ab442dac3acb72b83625e9 1e3de47416ab442dac3acb72b83625e9] 199.204.45.250 "GET /allocations/b9cd6dbb-df89-4699-941a-a64243b30a9d" status: 200 len: 245 microversion: 1.28 [pid: 8|app: 0|req: 522/1035] 199.204.45.250 () {34 vars in 863 bytes} [Wed May 6 02:32:15 2026] GET /allocations/b9cd6dbb-df89-4699-941a-a64243b30a9d => generated 245 bytes in 17 msecs (HTTP/1.1 200) 8 headers in 296 bytes (1 switches on core 0)
2026-05-06 02:32:15.988 7 INFO placement.requestlog [req-4623f707-e45b-4b05-b65a-b8e27e31c7bb req-4803dcc5-21bd-46f8-817d-f0dd0ce17721 902db109a0eb42adabc34a885bf3064f de48dc460ccb44fe8471d716a0a99fac - - 1e3de47416ab442dac3acb72b83625e9 1e3de47416ab442dac3acb72b83625e9] 10.0.0.7 "GET /allocation_candidates?limit=1000&resources=DISK_GB%3A1%2CMEMORY_MB%3A512%2CVCPU%3A1&root_required=%21COMPUTE_STATUS_DISABLED" status: 200 len: 2150 microversion: 1.36 [pid: 7|app: 0|req: 514/1036] 10.0.0.7 () {34 vars in 1010 bytes} [Wed May 6 02:32:15 2026] GET /allocation_candidates?limit=1000&resources=DISK_GB%3A1%2CMEMORY_MB%3A512%2CVCPU%3A1&root_required=%21COMPUTE_STATUS_DISABLED => generated 2150 bytes in 65 msecs (HTTP/1.1 200) 8 headers in 297 bytes (1 switches on core 0)
2026-05-06 02:32:16.007 8 INFO placement.requestlog [req-e807cee5-23f3-4849-a8a7-592f01006d58 req-911860f8-36ef-4b06-a281-7d88792eff6e 902db109a0eb42adabc34a885bf3064f de48dc460ccb44fe8471d716a0a99fac - - 1e3de47416ab442dac3acb72b83625e9 1e3de47416ab442dac3acb72b83625e9] 199.204.45.250 "GET /resource_providers/15fad222-4cdc-4015-b4e3-c6896b1f9322/allocations" status: 200 len: 340 microversion: 1.0 [pid: 8|app: 0|req: 523/1037] 199.204.45.250 () {32 vars in 857 bytes} [Wed May 6 02:32:15 2026] GET /resource_providers/15fad222-4cdc-4015-b4e3-c6896b1f9322/allocations => generated 340 bytes in 19 msecs (HTTP/1.1 200) 6 headers in 224 bytes (1 switches on core 0)
2026-05-06 02:32:16.024 7 INFO placement.requestlog [req-4623f707-e45b-4b05-b65a-b8e27e31c7bb req-a11ddf5c-1297-4f16-8a24-a1835b68cd5c 902db109a0eb42adabc34a885bf3064f de48dc460ccb44fe8471d716a0a99fac - - 1e3de47416ab442dac3acb72b83625e9 1e3de47416ab442dac3acb72b83625e9] 10.0.0.7 "GET /allocations/079ffc5e-5779-48a8-a016-16f1a33e0199" status: 200 len: 19 microversion: 1.28 [pid: 7|app: 0|req: 515/1038] 10.0.0.7 () {34 vars in 859 bytes} [Wed May 6 02:32:16 2026] GET /allocations/079ffc5e-5779-48a8-a016-16f1a33e0199 => generated 19 bytes in 10 msecs (HTTP/1.1 200) 8 headers in 295 bytes (1 switches on core 0)
2026-05-06 02:32:16.026 8 INFO placement.requestlog [req-e807cee5-23f3-4849-a8a7-592f01006d58 req-b01e27a5-d0d4-4a6a-bf93-141e8e8c6109 902db109a0eb42adabc34a885bf3064f de48dc460ccb44fe8471d716a0a99fac - - 1e3de47416ab442dac3acb72b83625e9 1e3de47416ab442dac3acb72b83625e9] 199.204.45.250 "GET /allocations/1833136b-8773-4c33-b919-d1dcd3461d1d" status: 200 len: 258 microversion: 1.28 [pid: 8|app: 0|req: 524/1039] 199.204.45.250 () {34 vars in 863 bytes} [Wed May 6 02:32:16 2026] GET /allocations/1833136b-8773-4c33-b919-d1dcd3461d1d => generated 258 bytes in 12 msecs (HTTP/1.1 200) 8 headers in 296 bytes (1 switches on core 0)
2026-05-06 02:32:16.043 8 INFO placement.requestlog [req-e807cee5-23f3-4849-a8a7-592f01006d58 req-defd23fa-a3b7-4c79-918e-15145855442b 902db109a0eb42adabc34a885bf3064f de48dc460ccb44fe8471d716a0a99fac - - 1e3de47416ab442dac3acb72b83625e9 1e3de47416ab442dac3acb72b83625e9] 199.204.45.250 "GET /allocations/b9cd6dbb-df89-4699-941a-a64243b30a9d" status: 200 len: 245 microversion: 1.28 [pid: 8|app: 0|req: 525/1040] 199.204.45.250 () {34 vars in 863 bytes} [Wed May 6 02:32:16 2026] GET /allocations/b9cd6dbb-df89-4699-941a-a64243b30a9d => generated 245 bytes in 12 msecs (HTTP/1.1 200) 8 headers in 296 bytes (1 switches on core 0)
2026-05-06 02:32:16.060 8 INFO placement.requestlog [req-e807cee5-23f3-4849-a8a7-592f01006d58 req-522b6a6a-edd8-4053-a573-c0b21f5528ed 902db109a0eb42adabc34a885bf3064f de48dc460ccb44fe8471d716a0a99fac - - 1e3de47416ab442dac3acb72b83625e9 1e3de47416ab442dac3acb72b83625e9] 199.204.45.250 "GET /allocations/5826aef5-b442-4819-b1e7-6764df2f06a8" status: 200 len: 258 microversion: 1.28 [pid: 8|app: 0|req: 526/1041] 199.204.45.250 () {34 vars in 863 bytes} [Wed May 6 02:32:16 2026] GET /allocations/5826aef5-b442-4819-b1e7-6764df2f06a8 => generated 258 bytes in 11 msecs (HTTP/1.1 200) 8 headers in 296 bytes (1 switches on core 0)
2026-05-06 02:32:16.299 7 INFO placement.requestlog [req-4623f707-e45b-4b05-b65a-b8e27e31c7bb req-8e24336a-fdac-406b-8fd1-5d47d2ed8d57 902db109a0eb42adabc34a885bf3064f de48dc460ccb44fe8471d716a0a99fac - - 1e3de47416ab442dac3acb72b83625e9 1e3de47416ab442dac3acb72b83625e9] 10.0.0.7 "PUT /allocations/079ffc5e-5779-48a8-a016-16f1a33e0199" status: 204 len: 0 microversion: 1.36 [pid: 7|app: 0|req: 516/1042] 10.0.0.7 () {38 vars in 912 bytes} [Wed May 6 02:32:16 2026] PUT /allocations/079ffc5e-5779-48a8-a016-16f1a33e0199 => generated 0 bytes in 269 msecs (HTTP/1.1 204) 5 headers in 199 bytes (1 switches on core 0)
2026-05-06 02:32:17.083 7 INFO placement.requestlog [None req-9746aa05-0f49-477b-9220-c6655d9b8f1b - - - - - -] 10.0.0.207 "GET /" status: 200 len: 136 microversion: 1.0
2026-05-06 02:32:17.083 8 INFO placement.requestlog [None req-aa6c716a-540b-42b0-a915-72a788f8723a - - - - - -] 10.0.0.207 "GET /" status: 200 len: 136 microversion: 1.0
2026-05-06 02:32:17.378 7 INFO placement.requestlog [req-4623f707-e45b-4b05-b65a-b8e27e31c7bb req-ed497688-8c30-4fc7-a154-1e818a7967ea 902db109a0eb42adabc34a885bf3064f de48dc460ccb44fe8471d716a0a99fac - - 1e3de47416ab442dac3acb72b83625e9 1e3de47416ab442dac3acb72b83625e9] 199.204.45.250 "GET /allocations/079ffc5e-5779-48a8-a016-16f1a33e0199" status: 200 len: 258 microversion: 1.28 [pid: 7|app: 0|req: 518/1045] 199.204.45.250 () {34 vars in 863 bytes} [Wed May 6 02:32:17 2026] GET /allocations/079ffc5e-5779-48a8-a016-16f1a33e0199 => generated 258 bytes in 18 msecs (HTTP/1.1 200) 8 headers in 296 bytes (1 switches on core 0)
2026-05-06 02:32:17.897 8 INFO placement.requestlog [req-4623f707-e45b-4b05-b65a-b8e27e31c7bb req-eeb1db6e-e91d-4be1-97a9-33367b1bfa96 902db109a0eb42adabc34a885bf3064f de48dc460ccb44fe8471d716a0a99fac - - 1e3de47416ab442dac3acb72b83625e9 1e3de47416ab442dac3acb72b83625e9] 199.204.45.250 "GET /resource_providers/15fad222-4cdc-4015-b4e3-c6896b1f9322/allocations" status: 200 len: 440 microversion: 1.0 [pid: 8|app: 0|req: 528/1046] 199.204.45.250 () {32 vars in 857 bytes} [Wed May 6 02:32:17 2026] GET /resource_providers/15fad222-4cdc-4015-b4e3-c6896b1f9322/allocations => generated 440 bytes in 20 msecs (HTTP/1.1 200) 6 headers in 224 bytes (1 switches on core 0)
2026-05-06 02:32:17.918 7 INFO placement.requestlog [req-4623f707-e45b-4b05-b65a-b8e27e31c7bb req-98981aac-58cb-4fe9-a53e-da0586af4106 902db109a0eb42adabc34a885bf3064f de48dc460ccb44fe8471d716a0a99fac - - 1e3de47416ab442dac3acb72b83625e9 1e3de47416ab442dac3acb72b83625e9] 199.204.45.250 "GET /allocations/1833136b-8773-4c33-b919-d1dcd3461d1d" status: 200 len: 258 microversion: 1.28 [pid: 7|app: 0|req: 519/1047] 199.204.45.250 () {34 vars in 863 bytes} [Wed May 6 02:32:17 2026] GET /allocations/1833136b-8773-4c33-b919-d1dcd3461d1d => generated 258 bytes in 15 msecs (HTTP/1.1 200) 8 headers in 296 bytes (1 switches on core 0)
2026-05-06 02:32:17.938 8 INFO placement.requestlog [req-4623f707-e45b-4b05-b65a-b8e27e31c7bb req-c04f2915-d197-43d8-8af4-f6243acd1e2e 902db109a0eb42adabc34a885bf3064f de48dc460ccb44fe8471d716a0a99fac - - 1e3de47416ab442dac3acb72b83625e9 1e3de47416ab442dac3acb72b83625e9] 199.204.45.250 "GET /allocations/b9cd6dbb-df89-4699-941a-a64243b30a9d" status: 200 len: 245 microversion: 1.28 [pid: 8|app: 0|req: 529/1048] 199.204.45.250 () {34 vars in 863 bytes} [Wed May 6 02:32:17 2026] GET /allocations/b9cd6dbb-df89-4699-941a-a64243b30a9d => generated 245 bytes in 14 msecs (HTTP/1.1 200) 8 headers in 296 bytes (1 switches on core 0)
2026-05-06 02:32:17.961 7 INFO placement.requestlog [req-4623f707-e45b-4b05-b65a-b8e27e31c7bb req-af00d141-993b-4ae8-9e03-1689a417e2c4 902db109a0eb42adabc34a885bf3064f de48dc460ccb44fe8471d716a0a99fac - - 1e3de47416ab442dac3acb72b83625e9 1e3de47416ab442dac3acb72b83625e9] 199.204.45.250 "GET /allocations/5826aef5-b442-4819-b1e7-6764df2f06a8" status: 200 len: 258 microversion: 1.28 [pid: 7|app: 0|req: 520/1049] 199.204.45.250 () {34 vars in 863 bytes} [Wed May 6 02:32:17 2026] GET /allocations/5826aef5-b442-4819-b1e7-6764df2f06a8 => generated 258 bytes in 16 msecs (HTTP/1.1 200) 8 headers in 296 bytes (1 switches on core 0)
2026-05-06 02:32:17.983 8 INFO placement.requestlog [req-4623f707-e45b-4b05-b65a-b8e27e31c7bb req-8e199863-9c11-4566-ae5a-9d408a566d13 902db109a0eb42adabc34a885bf3064f de48dc460ccb44fe8471d716a0a99fac - - 1e3de47416ab442dac3acb72b83625e9 1e3de47416ab442dac3acb72b83625e9] 199.204.45.250 "GET /allocations/079ffc5e-5779-48a8-a016-16f1a33e0199" status: 200 len: 258 microversion: 1.28 [pid: 8|app: 0|req: 530/1050] 199.204.45.250 () {34 vars in 863 bytes} [Wed May 6 02:32:17 2026] GET /allocations/079ffc5e-5779-48a8-a016-16f1a33e0199 => generated 258 bytes in 16 msecs (HTTP/1.1 200) 8 headers in 296 bytes (1 switches on core 0)
2026-05-06 02:32:27.035 7 INFO placement.requestlog [req-4c3cf4e8-c639-4965-a35c-a4a529eb9814 req-6a520090-51cb-4996-8bad-e745202f3b75 902db109a0eb42adabc34a885bf3064f de48dc460ccb44fe8471d716a0a99fac - - 1e3de47416ab442dac3acb72b83625e9 1e3de47416ab442dac3acb72b83625e9] 199.204.45.250 "GET /resource_providers/15fad222-4cdc-4015-b4e3-c6896b1f9322/allocations" status: 200 len: 440 microversion: 1.0 [pid: 7|app: 0|req: 521/1051] 199.204.45.250 () {32 vars in 857 bytes} [Wed May 6 02:32:27 2026] GET /resource_providers/15fad222-4cdc-4015-b4e3-c6896b1f9322/allocations => generated 440 bytes in 19 msecs (HTTP/1.1 200) 6 headers in 224 bytes (1 switches on core 0)
2026-05-06 02:32:27.064 8 INFO placement.requestlog [req-4c3cf4e8-c639-4965-a35c-a4a529eb9814 req-cb28c100-5ebf-4e23-a4ed-a5cab797afb1 902db109a0eb42adabc34a885bf3064f de48dc460ccb44fe8471d716a0a99fac - - 1e3de47416ab442dac3acb72b83625e9 1e3de47416ab442dac3acb72b83625e9] 199.204.45.250 "GET /allocations/1833136b-8773-4c33-b919-d1dcd3461d1d" status: 200 len: 258 microversion: 1.28 [pid: 8|app: 0|req: 531/1052] 199.204.45.250 () {34 vars in 863 bytes} [Wed May 6 02:32:27 2026] GET /allocations/1833136b-8773-4c33-b919-d1dcd3461d1d => generated 258 bytes in 23 msecs (HTTP/1.1 200) 8 headers in 296 bytes (1 switches on core 0)
2026-05-06 02:32:27.083 8 INFO placement.requestlog [None req-ccf3dd15-7695-42c0-90f4-7af9a77b60ea - - - - - -] 10.0.0.207 "GET /" status: 200 len: 136 microversion: 1.0
2026-05-06 02:32:27.086 8 INFO placement.requestlog [None req-b98fda90-65e6-432f-b337-a6d9f859c9f4 - - - - - -] 10.0.0.207 "GET /" status: 200 len: 136 microversion: 1.0
2026-05-06 02:32:27.089 7 INFO placement.requestlog [req-4c3cf4e8-c639-4965-a35c-a4a529eb9814 req-cded4212-2ee4-4c47-8983-b4c8b5cb2bee 902db109a0eb42adabc34a885bf3064f de48dc460ccb44fe8471d716a0a99fac - - 1e3de47416ab442dac3acb72b83625e9 1e3de47416ab442dac3acb72b83625e9] 199.204.45.250 "GET /allocations/b9cd6dbb-df89-4699-941a-a64243b30a9d" status: 200 len: 245 microversion: 1.28 [pid: 7|app: 0|req: 522/1055] 199.204.45.250 () {34 vars in 863 bytes} [Wed May 6 02:32:27 2026] GET /allocations/b9cd6dbb-df89-4699-941a-a64243b30a9d => generated 245 bytes in 20 msecs (HTTP/1.1 200) 8 headers in 296 bytes (1 switches on core 0)
2026-05-06 02:32:27.116 8 INFO placement.requestlog [req-4c3cf4e8-c639-4965-a35c-a4a529eb9814 req-b33867a9-76b2-443b-97ce-a7029e982a35 902db109a0eb42adabc34a885bf3064f de48dc460ccb44fe8471d716a0a99fac - - 1e3de47416ab442dac3acb72b83625e9 1e3de47416ab442dac3acb72b83625e9] 199.204.45.250 "GET /allocations/5826aef5-b442-4819-b1e7-6764df2f06a8" status: 200 len: 258 microversion: 1.28 [pid: 8|app: 0|req: 534/1056] 199.204.45.250 () {34 vars in 863 bytes} [Wed May 6 02:32:27 2026] GET /allocations/5826aef5-b442-4819-b1e7-6764df2f06a8 => generated 258 bytes in 19 msecs (HTTP/1.1 200) 8 headers in 296 bytes (1 switches on core 0)
2026-05-06 02:32:27.138 7 INFO placement.requestlog [req-4c3cf4e8-c639-4965-a35c-a4a529eb9814 req-4789f1b7-a84d-47be-877e-bd7322e34f78 902db109a0eb42adabc34a885bf3064f de48dc460ccb44fe8471d716a0a99fac - - 1e3de47416ab442dac3acb72b83625e9 1e3de47416ab442dac3acb72b83625e9] 199.204.45.250 "GET /allocations/079ffc5e-5779-48a8-a016-16f1a33e0199" status: 200 len: 258 microversion: 1.28 [pid: 7|app: 0|req: 523/1057] 199.204.45.250 () {34 vars in 863 bytes} [Wed May 6 02:32:27 2026] GET /allocations/079ffc5e-5779-48a8-a016-16f1a33e0199 => generated 258 bytes in 15 msecs (HTTP/1.1 200) 8 headers in 296 bytes (1 switches on core 0)
2026-05-06 02:32:27.316 8 INFO placement.requestlog [req-4c3cf4e8-c639-4965-a35c-a4a529eb9814 req-e1e57413-d7ed-4138-9993-9c3a7637fc18 902db109a0eb42adabc34a885bf3064f de48dc460ccb44fe8471d716a0a99fac - - 1e3de47416ab442dac3acb72b83625e9 1e3de47416ab442dac3acb72b83625e9] 199.204.45.250 "DELETE /allocations/079ffc5e-5779-48a8-a016-16f1a33e0199" status: 204 len: 0 microversion: 1.0 [pid: 8|app: 0|req: 535/1058] 199.204.45.250 () {34 vars in 841 bytes} [Wed May 6 02:32:27 2026] DELETE /allocations/079ffc5e-5779-48a8-a016-16f1a33e0199 => generated 0 bytes in 150 msecs (HTTP/1.1 204) 5 headers in 198 bytes (1 switches on core 0)
2026-05-06 02:32:32.642 7 INFO placement.requestlog [None req-673a0ebb-7f0a-4de1-9e84-fb94be976d68 9e2c17717c684236bffdf7e3016dc467 de48dc460ccb44fe8471d716a0a99fac - - 1e3de47416ab442dac3acb72b83625e9 1e3de47416ab442dac3acb72b83625e9] 10.0.0.141 "GET /resource_providers/9ff8c792-6e82-4a49-9294-b2c737c32605/aggregates" status: 404 len: 235 microversion: 1.1 [pid: 7|app: 0|req: 524/1059] 10.0.0.141 () {32 vars in 825 bytes} [Wed May 6 02:32:32 2026] GET /resource_providers/9ff8c792-6e82-4a49-9294-b2c737c32605/aggregates => generated 235 bytes in 12 msecs (HTTP/1.1 404) 5 headers in 202 bytes (1 switches on core 0)
2026-05-06 02:32:32.645 8 INFO placement.requestlog [None req-5243b637-9bdd-490b-abbb-4043a93b35cd 9e2c17717c684236bffdf7e3016dc467 de48dc460ccb44fe8471d716a0a99fac - - 1e3de47416ab442dac3acb72b83625e9 1e3de47416ab442dac3acb72b83625e9] 10.0.0.141 "GET /resource_providers/9ff8c792-6e82-4a49-9294-b2c737c32605/aggregates" status: 404 len: 235 microversion: 1.1 [pid: 8|app: 0|req: 536/1060] 10.0.0.141 () {32 vars in 825 bytes} [Wed May 6 02:32:32 2026] GET /resource_providers/9ff8c792-6e82-4a49-9294-b2c737c32605/aggregates => generated 235 bytes in 10 msecs (HTTP/1.1 404) 5 headers in 202 bytes (1 switches on core 0)
2026-05-06 02:32:32.680 7 INFO placement.requestlog [None req-a669336a-5b7e-43c5-a376-a622780cc725 9e2c17717c684236bffdf7e3016dc467 de48dc460ccb44fe8471d716a0a99fac - - 1e3de47416ab442dac3acb72b83625e9 1e3de47416ab442dac3acb72b83625e9] 10.0.0.141 "DELETE /resource_providers/9ff8c792-6e82-4a49-9294-b2c737c32605" status: 404 len: 246 microversion: 1.1
2026-05-06 02:32:32.680 8 INFO placement.requestlog [None req-e09521d9-781a-4173-ad0d-46b78cb00de0 9e2c17717c684236bffdf7e3016dc467 de48dc460ccb44fe8471d716a0a99fac - - 1e3de47416ab442dac3acb72b83625e9 1e3de47416ab442dac3acb72b83625e9] 10.0.0.141 "DELETE /resource_providers/9ff8c792-6e82-4a49-9294-b2c737c32605" status: 404 len: 246 microversion: 1.1 [pid: 7|app: 0|req: 525/1061] 10.0.0.141 () {34 vars in 825 bytes} [Wed May 6 02:32:32 2026] DELETE /resource_providers/9ff8c792-6e82-4a49-9294-b2c737c32605 => generated 246 bytes in 15 msecs (HTTP/1.1 404) 6 headers in 231 bytes (1 switches on core 0) [pid: 8|app: 0|req: 537/1062] 10.0.0.141 () {34 vars in 825 bytes} [Wed May 6 02:32:32 2026] DELETE /resource_providers/9ff8c792-6e82-4a49-9294-b2c737c32605 => generated 246 bytes in 15 msecs (HTTP/1.1 404) 6 headers in 231 bytes (1 switches on core 0)
2026-05-06 02:32:34.878 7 INFO placement.requestlog [req-36b345bc-d323-4611-9c08-2084d8425a3b req-8d9c5a70-6c04-43a9-8487-9d8ecd39d5cd 902db109a0eb42adabc34a885bf3064f de48dc460ccb44fe8471d716a0a99fac - - 1e3de47416ab442dac3acb72b83625e9 1e3de47416ab442dac3acb72b83625e9] 199.204.45.250 "GET /resource_providers/15fad222-4cdc-4015-b4e3-c6896b1f9322/allocations" status: 200 len: 340 microversion: 1.0 [pid: 7|app: 0|req: 526/1063] 199.204.45.250 () {32 vars in 857 bytes} [Wed May 6 02:32:34 2026] GET /resource_providers/15fad222-4cdc-4015-b4e3-c6896b1f9322/allocations => generated 340 bytes in 16 msecs (HTTP/1.1 200) 6 headers in 224 bytes (1 switches on core 0)
2026-05-06 02:32:34.937 8 INFO placement.requestlog [req-36b345bc-d323-4611-9c08-2084d8425a3b req-5d92cd0b-4a82-4eb0-b18e-36d77df60341 902db109a0eb42adabc34a885bf3064f de48dc460ccb44fe8471d716a0a99fac - - 1e3de47416ab442dac3acb72b83625e9 1e3de47416ab442dac3acb72b83625e9] 199.204.45.250 "GET /resource_providers/15fad222-4cdc-4015-b4e3-c6896b1f9322/allocations" status: 200 len: 340 microversion: 1.0 [pid: 8|app: 0|req: 538/1064] 199.204.45.250 () {32 vars in 857 bytes} [Wed May 6 02:32:34 2026] GET /resource_providers/15fad222-4cdc-4015-b4e3-c6896b1f9322/allocations => generated 340 bytes in 22 msecs (HTTP/1.1 200) 6 headers in 224 bytes (1 switches on core 0)
2026-05-06 02:32:34.960 7 INFO placement.requestlog [req-36b345bc-d323-4611-9c08-2084d8425a3b req-32d08e83-7592-44b4-86d9-0287fe7d2263 902db109a0eb42adabc34a885bf3064f de48dc460ccb44fe8471d716a0a99fac - - 1e3de47416ab442dac3acb72b83625e9 1e3de47416ab442dac3acb72b83625e9] 199.204.45.250 "GET /allocations/1833136b-8773-4c33-b919-d1dcd3461d1d" status: 200 len: 258 microversion: 1.28 [pid: 7|app: 0|req: 527/1065] 199.204.45.250 () {34 vars in 863 bytes} [Wed May 6 02:32:34 2026] GET /allocations/1833136b-8773-4c33-b919-d1dcd3461d1d => generated 258 bytes in 17 msecs (HTTP/1.1 200) 8 headers in 296 bytes (1 switches on core 0)
2026-05-06 02:32:34.989 8 INFO placement.requestlog [req-36b345bc-d323-4611-9c08-2084d8425a3b req-9fa3de7b-b713-44e8-acf6-78e94ce0c119 902db109a0eb42adabc34a885bf3064f de48dc460ccb44fe8471d716a0a99fac - - 1e3de47416ab442dac3acb72b83625e9 1e3de47416ab442dac3acb72b83625e9] 199.204.45.250 "GET /allocations/b9cd6dbb-df89-4699-941a-a64243b30a9d" status: 200 len: 245 microversion: 1.28 [pid: 8|app: 0|req: 539/1066] 199.204.45.250 () {34 vars in 863 bytes} [Wed May 6 02:32:34 2026] GET /allocations/b9cd6dbb-df89-4699-941a-a64243b30a9d => generated 245 bytes in 21 msecs (HTTP/1.1 200) 8 headers in 296 bytes (1 switches on core 0)
2026-05-06 02:32:35.011 7 INFO placement.requestlog [req-36b345bc-d323-4611-9c08-2084d8425a3b req-30caa312-579e-4e17-bbce-024132192ff5 902db109a0eb42adabc34a885bf3064f de48dc460ccb44fe8471d716a0a99fac - - 1e3de47416ab442dac3acb72b83625e9 1e3de47416ab442dac3acb72b83625e9] 199.204.45.250 "GET /allocations/5826aef5-b442-4819-b1e7-6764df2f06a8" status: 200 len: 258 microversion: 1.28 [pid: 7|app: 0|req: 528/1067] 199.204.45.250 () {34 vars in 863 bytes} [Wed May 6 02:32:34 2026] GET /allocations/5826aef5-b442-4819-b1e7-6764df2f06a8 => generated 258 bytes in 14 msecs (HTTP/1.1 200) 8 headers in 296 bytes (1 switches on core 0)
2026-05-06 02:32:37.082 7 INFO placement.requestlog [None req-1fb690b3-5f3d-4d2e-938c-8bbc74b2c089 - - - - - -] 10.0.0.207 "GET /" status: 200 len: 136 microversion: 1.0
2026-05-06 02:32:37.083 8 INFO placement.requestlog [None req-5e0cb075-c5b9-4253-a7c3-b50d1f43c62b - - - - - -] 10.0.0.207 "GET /" status: 200 len: 136 microversion: 1.0
2026-05-06 02:32:46.680 7 INFO placement.requestlog [None req-577c9001-7123-4269-a525-c3d1c409c4da 9e2c17717c684236bffdf7e3016dc467 de48dc460ccb44fe8471d716a0a99fac - - 1e3de47416ab442dac3acb72b83625e9 1e3de47416ab442dac3acb72b83625e9] 10.0.0.141 "GET /resource_providers/e6dc245a-a9c5-4c64-89bc-b57d19c7d0ed/aggregates" status: 404 len: 235 microversion: 1.1
2026-05-06 02:32:46.681 8 INFO placement.requestlog [None req-19a91730-2812-48c4-a87c-4954472853e1 9e2c17717c684236bffdf7e3016dc467 de48dc460ccb44fe8471d716a0a99fac - - 1e3de47416ab442dac3acb72b83625e9 1e3de47416ab442dac3acb72b83625e9] 10.0.0.141 "GET /resource_providers/e6dc245a-a9c5-4c64-89bc-b57d19c7d0ed/aggregates" status: 404 len: 235 microversion: 1.1 [pid: 7|app: 0|req: 530/1070] 10.0.0.141 () {32 vars in 825 bytes} [Wed May 6 02:32:46 2026] GET /resource_providers/e6dc245a-a9c5-4c64-89bc-b57d19c7d0ed/aggregates => generated 235 bytes in 16 msecs (HTTP/1.1 404) 5 headers in 202 bytes (1 switches on core 0) [pid: 8|app: 0|req: 541/1071] 10.0.0.141 () {32 vars in 825 bytes} [Wed May 6 02:32:46 2026] GET /resource_providers/e6dc245a-a9c5-4c64-89bc-b57d19c7d0ed/aggregates => generated 235 bytes in 10 msecs (HTTP/1.1 404) 5 headers in 202 bytes (1 switches on core 0)
2026-05-06 02:32:46.723 7 INFO placement.requestlog [None req-a119741d-ca0f-4a0a-a08d-17a975a7cf51 9e2c17717c684236bffdf7e3016dc467 de48dc460ccb44fe8471d716a0a99fac - - 1e3de47416ab442dac3acb72b83625e9 1e3de47416ab442dac3acb72b83625e9] 10.0.0.141 "DELETE /resource_providers/e6dc245a-a9c5-4c64-89bc-b57d19c7d0ed" status: 404 len: 246 microversion: 1.1 [pid: 7|app: 0|req: 531/1072] 10.0.0.141 () {34 vars in 825 bytes} [Wed May 6 02:32:46 2026] DELETE /resource_providers/e6dc245a-a9c5-4c64-89bc-b57d19c7d0ed => generated 246 bytes in 16 msecs (HTTP/1.1 404) 6 headers in 231 bytes (1 switches on core 0)
2026-05-06 02:32:46.726 8 INFO placement.requestlog [None req-fd515ecc-3a26-486b-af88-eac5453c795c 9e2c17717c684236bffdf7e3016dc467 de48dc460ccb44fe8471d716a0a99fac - - 1e3de47416ab442dac3acb72b83625e9 1e3de47416ab442dac3acb72b83625e9] 10.0.0.141 "DELETE /resource_providers/e6dc245a-a9c5-4c64-89bc-b57d19c7d0ed" status: 404 len: 246 microversion: 1.1 [pid: 8|app: 0|req: 542/1073] 10.0.0.141 () {34 vars in 825 bytes} [Wed May 6 02:32:46 2026] DELETE /resource_providers/e6dc245a-a9c5-4c64-89bc-b57d19c7d0ed => generated 246 bytes in 18 msecs (HTTP/1.1 404) 6 headers in 231 bytes (1 switches on core 0)
2026-05-06 02:32:47.081 7 INFO placement.requestlog [None req-67c8f881-95bf-43bf-af5d-d02d5ab4c95c - - - - - -] 10.0.0.207 "GET /" status: 200 len: 136 microversion: 1.0
2026-05-06 02:32:47.082 8 INFO placement.requestlog [None req-66c896c2-3cf9-4e8f-9ade-4bff3dc7d1ba - - - - - -] 10.0.0.207 "GET /" status: 200 len: 136 microversion: 1.0
2026-05-06 02:32:47.139 7 INFO placement.requestlog [None req-b231492a-c65d-4914-9770-b7272d644eb6 9e2c17717c684236bffdf7e3016dc467 de48dc460ccb44fe8471d716a0a99fac - - 1e3de47416ab442dac3acb72b83625e9 1e3de47416ab442dac3acb72b83625e9] 10.0.0.141 "GET /resource_providers/ea17ae82-0c4c-40e3-baf4-02f6453b8a17/aggregates" status: 404 len: 235 microversion: 1.1 [pid: 7|app: 0|req: 533/1076] 10.0.0.141 () {32 vars in 825 bytes} [Wed May 6 02:32:47 2026] GET /resource_providers/ea17ae82-0c4c-40e3-baf4-02f6453b8a17/aggregates => generated 235 bytes in 16 msecs (HTTP/1.1 404) 5 headers in 202 bytes (1 switches on core 0)
2026-05-06 02:32:47.140 8 INFO placement.requestlog [None req-5bc58b56-8ed6-4f95-90e5-be6e396989cf 9e2c17717c684236bffdf7e3016dc467 de48dc460ccb44fe8471d716a0a99fac - - 1e3de47416ab442dac3acb72b83625e9 1e3de47416ab442dac3acb72b83625e9] 10.0.0.141 "GET /resource_providers/ea17ae82-0c4c-40e3-baf4-02f6453b8a17/aggregates" status: 404 len: 235 microversion: 1.1 [pid: 8|app: 0|req: 544/1077] 10.0.0.141 () {32 vars in 825 bytes} [Wed May 6 02:32:47 2026] GET /resource_providers/ea17ae82-0c4c-40e3-baf4-02f6453b8a17/aggregates => generated 235 bytes in 12 msecs (HTTP/1.1 404) 5 headers in 202 bytes (1 switches on core 0)
2026-05-06 02:32:47.180 7 INFO placement.requestlog [None req-b3ea66f5-257c-4c6d-8994-a2bf98cc1da9 9e2c17717c684236bffdf7e3016dc467 de48dc460ccb44fe8471d716a0a99fac - - 1e3de47416ab442dac3acb72b83625e9 1e3de47416ab442dac3acb72b83625e9] 10.0.0.141 "DELETE /resource_providers/ea17ae82-0c4c-40e3-baf4-02f6453b8a17" status: 404 len: 246 microversion: 1.1 [pid: 7|app: 0|req: 534/1078] 10.0.0.141 () {34 vars in 825 bytes} [Wed May 6 02:32:47 2026] DELETE /resource_providers/ea17ae82-0c4c-40e3-baf4-02f6453b8a17 => generated 246 bytes in 17 msecs (HTTP/1.1 404) 6 headers in 231 bytes (1 switches on core 0)
2026-05-06 02:32:47.184 8 INFO placement.requestlog [None req-c6dacc96-d89b-488b-aa28-736f5f8fbf7a 9e2c17717c684236bffdf7e3016dc467 de48dc460ccb44fe8471d716a0a99fac - - 1e3de47416ab442dac3acb72b83625e9 1e3de47416ab442dac3acb72b83625e9] 10.0.0.141 "DELETE /resource_providers/ea17ae82-0c4c-40e3-baf4-02f6453b8a17" status: 404 len: 246 microversion: 1.1 [pid: 8|app: 0|req: 545/1079] 10.0.0.141 () {34 vars in 825 bytes} [Wed May 6 02:32:47 2026] DELETE /resource_providers/ea17ae82-0c4c-40e3-baf4-02f6453b8a17 => generated 246 bytes in 20 msecs (HTTP/1.1 404) 6 headers in 231 bytes (1 switches on core 0)
2026-05-06 02:32:48.752 7 INFO placement.requestlog [None req-cbc7edca-d581-445d-b47c-b9e2289586a9 9e2c17717c684236bffdf7e3016dc467 de48dc460ccb44fe8471d716a0a99fac - - 1e3de47416ab442dac3acb72b83625e9 1e3de47416ab442dac3acb72b83625e9] 10.0.0.141 "GET /resource_providers/d3147acd-8a6e-4cc2-ac23-ffcbb13808bd/aggregates" status: 404 len: 235 microversion: 1.1 [pid: 7|app: 0|req: 535/1080] 10.0.0.141 () {32 vars in 825 bytes} [Wed May 6 02:32:48 2026] GET /resource_providers/d3147acd-8a6e-4cc2-ac23-ffcbb13808bd/aggregates => generated 235 bytes in 17 msecs (HTTP/1.1 404) 5 headers in 202 bytes (1 switches on core 0)
2026-05-06 02:32:48.753 8 INFO placement.requestlog [None req-aeec3d1a-99af-403c-8651-db2a67b9681e 9e2c17717c684236bffdf7e3016dc467 de48dc460ccb44fe8471d716a0a99fac - - 1e3de47416ab442dac3acb72b83625e9 1e3de47416ab442dac3acb72b83625e9] 10.0.0.141 "GET /resource_providers/d3147acd-8a6e-4cc2-ac23-ffcbb13808bd/aggregates" status: 404 len: 235 microversion: 1.1 [pid: 8|app: 0|req: 546/1081] 10.0.0.141 () {32 vars in 825 bytes} [Wed May 6 02:32:48 2026] GET /resource_providers/d3147acd-8a6e-4cc2-ac23-ffcbb13808bd/aggregates => generated 235 bytes in 11 msecs (HTTP/1.1 404) 5 headers in 202 bytes (1 switches on core 0)
2026-05-06 02:32:48.775 8 INFO placement.requestlog [None req-fa22eaec-83b4-423f-a9b2-1b30dd61514f 9e2c17717c684236bffdf7e3016dc467 de48dc460ccb44fe8471d716a0a99fac - - 1e3de47416ab442dac3acb72b83625e9 1e3de47416ab442dac3acb72b83625e9] 10.0.0.141 "DELETE /resource_providers/d3147acd-8a6e-4cc2-ac23-ffcbb13808bd" status: 404 len: 246 microversion: 1.1
2026-05-06 02:32:48.775 7 INFO placement.requestlog [None req-174d04ac-0579-4f6a-8cff-7f9368629916 9e2c17717c684236bffdf7e3016dc467 de48dc460ccb44fe8471d716a0a99fac - - 1e3de47416ab442dac3acb72b83625e9 1e3de47416ab442dac3acb72b83625e9] 10.0.0.141 "DELETE /resource_providers/d3147acd-8a6e-4cc2-ac23-ffcbb13808bd" status: 404 len: 246 microversion: 1.1 [pid: 8|app: 0|req: 547/1082] 10.0.0.141 () {34 vars in 825 bytes} [Wed May 6 02:32:48 2026] DELETE /resource_providers/d3147acd-8a6e-4cc2-ac23-ffcbb13808bd => generated 246 bytes in 11 msecs (HTTP/1.1 404) 6 headers in 231 bytes (1 switches on core 0) [pid: 7|app: 0|req: 536/1083] 10.0.0.141 () {34 vars in 825 bytes} [Wed May 6 02:32:48 2026] DELETE /resource_providers/d3147acd-8a6e-4cc2-ac23-ffcbb13808bd => generated 246 bytes in 13 msecs (HTTP/1.1 404) 6 headers in 231 bytes (1 switches on core 0)
2026-05-06 02:32:48.804 7 INFO placement.requestlog [None req-6b15587c-2eec-40de-bde3-d099c106785a 9e2c17717c684236bffdf7e3016dc467 de48dc460ccb44fe8471d716a0a99fac - - 1e3de47416ab442dac3acb72b83625e9 1e3de47416ab442dac3acb72b83625e9] 10.0.0.141 "GET /resource_providers/046df822-9dec-42e6-aa59-c02c01afc515/aggregates" status: 404 len: 235 microversion: 1.1 [pid: 7|app: 0|req: 537/1084] 10.0.0.141 () {32 vars in 825 bytes} [Wed May 6 02:32:48 2026] GET /resource_providers/046df822-9dec-42e6-aa59-c02c01afc515/aggregates => generated 235 bytes in 11 msecs (HTTP/1.1 404) 5 headers in 202 bytes (1 switches on core 0)
2026-05-06 02:32:48.807 8 INFO placement.requestlog [None req-ab48b4cf-3bc4-4445-99ab-0d5bd9af0c58 9e2c17717c684236bffdf7e3016dc467 de48dc460ccb44fe8471d716a0a99fac - - 1e3de47416ab442dac3acb72b83625e9 1e3de47416ab442dac3acb72b83625e9] 10.0.0.141 "GET /resource_providers/046df822-9dec-42e6-aa59-c02c01afc515/aggregates" status: 404 len: 235 microversion: 1.1 [pid: 8|app: 0|req: 548/1085] 10.0.0.141 () {32 vars in 825 bytes} [Wed May 6 02:32:48 2026] GET /resource_providers/046df822-9dec-42e6-aa59-c02c01afc515/aggregates => generated 235 bytes in 15 msecs (HTTP/1.1 404) 5 headers in 202 bytes (1 switches on core 0)
2026-05-06 02:32:48.831 8 INFO placement.requestlog [None req-83acc630-c5c9-4bc8-9f23-441fb22aa775 9e2c17717c684236bffdf7e3016dc467 de48dc460ccb44fe8471d716a0a99fac - - 1e3de47416ab442dac3acb72b83625e9 1e3de47416ab442dac3acb72b83625e9] 10.0.0.141 "DELETE /resource_providers/046df822-9dec-42e6-aa59-c02c01afc515" status: 404 len: 246 microversion: 1.1 [pid: 8|app: 0|req: 549/1086] 10.0.0.141 () {34 vars in 825 bytes} [Wed May 6 02:32:48 2026] DELETE /resource_providers/046df822-9dec-42e6-aa59-c02c01afc515 => generated 246 bytes in 10 msecs (HTTP/1.1 404) 6 headers in 231 bytes (1 switches on core 0)
2026-05-06 02:32:48.834 7 INFO placement.requestlog [None req-d2161033-2c77-447f-b3ef-ca74d4545f0d 9e2c17717c684236bffdf7e3016dc467 de48dc460ccb44fe8471d716a0a99fac - - 1e3de47416ab442dac3acb72b83625e9 1e3de47416ab442dac3acb72b83625e9] 10.0.0.141 "DELETE /resource_providers/046df822-9dec-42e6-aa59-c02c01afc515" status: 404 len: 246 microversion: 1.1 [pid: 7|app: 0|req: 538/1087] 10.0.0.141 () {34 vars in 825 bytes} [Wed May 6 02:32:48 2026] DELETE /resource_providers/046df822-9dec-42e6-aa59-c02c01afc515 => generated 246 bytes in 13 msecs (HTTP/1.1 404) 6 headers in 231 bytes (1 switches on core 0)
2026-05-06 02:32:49.203 8 INFO placement.requestlog [None req-982d4f06-5172-48c8-9d42-bbbeab064297 9e2c17717c684236bffdf7e3016dc467 de48dc460ccb44fe8471d716a0a99fac - - 1e3de47416ab442dac3acb72b83625e9 1e3de47416ab442dac3acb72b83625e9] 10.0.0.141 "GET /resource_providers/2c1391a1-01b4-4500-8abb-afde3fc614c1/aggregates" status: 404 len: 235 microversion: 1.1 [pid: 8|app: 0|req: 550/1088] 10.0.0.141 () {32 vars in 825 bytes} [Wed May 6 02:32:49 2026] GET /resource_providers/2c1391a1-01b4-4500-8abb-afde3fc614c1/aggregates => generated 235 bytes in 13 msecs (HTTP/1.1 404) 5 headers in 202 bytes (1 switches on core 0)
2026-05-06 02:32:49.207 7 INFO placement.requestlog [None req-6c97a351-e737-4efa-8df5-b5898899637f 9e2c17717c684236bffdf7e3016dc467 de48dc460ccb44fe8471d716a0a99fac - - 1e3de47416ab442dac3acb72b83625e9 1e3de47416ab442dac3acb72b83625e9] 10.0.0.141 "GET /resource_providers/2c1391a1-01b4-4500-8abb-afde3fc614c1/aggregates" status: 404 len: 235 microversion: 1.1 [pid: 7|app: 0|req: 539/1089] 10.0.0.141 () {32 vars in 825 bytes} [Wed May 6 02:32:49 2026] GET /resource_providers/2c1391a1-01b4-4500-8abb-afde3fc614c1/aggregates => generated 235 bytes in 11 msecs (HTTP/1.1 404) 5 headers in 202 bytes (1 switches on core 0)
2026-05-06 02:32:49.221 8 INFO placement.requestlog [None req-6354f908-5105-4cb4-bb95-9ec666091203 9e2c17717c684236bffdf7e3016dc467 de48dc460ccb44fe8471d716a0a99fac - - 1e3de47416ab442dac3acb72b83625e9 1e3de47416ab442dac3acb72b83625e9] 10.0.0.141 "DELETE /resource_providers/2c1391a1-01b4-4500-8abb-afde3fc614c1" status: 404 len: 246 microversion: 1.1 [pid: 8|app: 0|req: 551/1090] 10.0.0.141 () {34 vars in 825 bytes} [Wed May 6 02:32:49 2026] DELETE /resource_providers/2c1391a1-01b4-4500-8abb-afde3fc614c1 => generated 246 bytes in 10 msecs (HTTP/1.1 404) 6 headers in 231 bytes (1 switches on core 0)
2026-05-06 02:32:49.231 7 INFO placement.requestlog [None req-ea73d317-ffdf-4aef-b18b-1c010602bfcd 9e2c17717c684236bffdf7e3016dc467 de48dc460ccb44fe8471d716a0a99fac - - 1e3de47416ab442dac3acb72b83625e9 1e3de47416ab442dac3acb72b83625e9] 10.0.0.141 "DELETE /resource_providers/2c1391a1-01b4-4500-8abb-afde3fc614c1" status: 404 len: 246 microversion: 1.1 [pid: 7|app: 0|req: 540/1091] 10.0.0.141 () {34 vars in 825 bytes} [Wed May 6 02:32:49 2026] DELETE /resource_providers/2c1391a1-01b4-4500-8abb-afde3fc614c1 => generated 246 bytes in 13 msecs (HTTP/1.1 404) 6 headers in 231 bytes (1 switches on core 0)
2026-05-06 02:32:57.082 8 INFO placement.requestlog [None req-dc9d64ed-abfc-4099-9d6d-d6904f76fd40 - - - - - -] 10.0.0.207 "GET /" status: 200 len: 136 microversion: 1.0
2026-05-06 02:32:57.083 7 INFO placement.requestlog [None req-1659c38a-8030-4dfa-8303-b5cd6a706d4f - - - - - -] 10.0.0.207 "GET /" status: 200 len: 136 microversion: 1.0
2026-05-06 02:33:05.826 8 INFO placement.requestlog [None req-829b060f-4c16-4d7f-8d99-de0c8d5a9fd5 9e2c17717c684236bffdf7e3016dc467 de48dc460ccb44fe8471d716a0a99fac - - 1e3de47416ab442dac3acb72b83625e9 1e3de47416ab442dac3acb72b83625e9] 10.0.0.141 "GET /resource_providers/2667b2a6-4c68-4ed4-a99d-0cde55339832/aggregates" status: 404 len: 235 microversion: 1.1 [pid: 8|app: 0|req: 553/1094] 10.0.0.141 () {32 vars in 825 bytes} [Wed May 6 02:33:05 2026] GET /resource_providers/2667b2a6-4c68-4ed4-a99d-0cde55339832/aggregates => generated 235 bytes in 145 msecs (HTTP/1.1 404) 5 headers in 202 bytes (1 switches on core 0)
2026-05-06 02:33:05.831 7 INFO placement.requestlog [None req-196ceb96-3264-4e62-b0ad-eab2cdd00fd5 9e2c17717c684236bffdf7e3016dc467 de48dc460ccb44fe8471d716a0a99fac - - 1e3de47416ab442dac3acb72b83625e9 1e3de47416ab442dac3acb72b83625e9] 10.0.0.141 "GET /resource_providers/2667b2a6-4c68-4ed4-a99d-0cde55339832/aggregates" status: 404 len: 235 microversion: 1.1 [pid: 7|app: 0|req: 542/1095] 10.0.0.141 () {32 vars in 825 bytes} [Wed May 6 02:33:05 2026] GET /resource_providers/2667b2a6-4c68-4ed4-a99d-0cde55339832/aggregates => generated 235 bytes in 138 msecs (HTTP/1.1 404) 5 headers in 202 bytes (1 switches on core 0)
2026-05-06 02:33:05.853 7 INFO placement.requestlog [None req-29a8d715-0a16-4646-97ce-680bad3cb270 9e2c17717c684236bffdf7e3016dc467 de48dc460ccb44fe8471d716a0a99fac - - 1e3de47416ab442dac3acb72b83625e9 1e3de47416ab442dac3acb72b83625e9] 10.0.0.141 "DELETE /resource_providers/2667b2a6-4c68-4ed4-a99d-0cde55339832" status: 404 len: 246 microversion: 1.1 [pid: 7|app: 0|req: 543/1096] 10.0.0.141 () {34 vars in 825 bytes} [Wed May 6 02:33:05 2026] DELETE /resource_providers/2667b2a6-4c68-4ed4-a99d-0cde55339832 => generated 246 bytes in 11 msecs (HTTP/1.1 404) 6 headers in 231 bytes (1 switches on core 0)
2026-05-06 02:33:05.856 8 INFO placement.requestlog [None req-e10b010e-d942-40b1-b913-51320d2b8b8f 9e2c17717c684236bffdf7e3016dc467 de48dc460ccb44fe8471d716a0a99fac - - 1e3de47416ab442dac3acb72b83625e9 1e3de47416ab442dac3acb72b83625e9] 10.0.0.141 "DELETE /resource_providers/2667b2a6-4c68-4ed4-a99d-0cde55339832" status: 404 len: 246 microversion: 1.1 [pid: 8|app: 0|req: 554/1097] 10.0.0.141 () {34 vars in 825 bytes} [Wed May 6 02:33:05 2026] DELETE /resource_providers/2667b2a6-4c68-4ed4-a99d-0cde55339832 => generated 246 bytes in 14 msecs (HTTP/1.1 404) 6 headers in 231 bytes (1 switches on core 0)
2026-05-06 02:33:06.234 7 INFO placement.requestlog [None req-4b7e4d60-aaac-48e7-913c-a856c92d66e5 9e2c17717c684236bffdf7e3016dc467 de48dc460ccb44fe8471d716a0a99fac - - 1e3de47416ab442dac3acb72b83625e9 1e3de47416ab442dac3acb72b83625e9] 10.0.0.141 "GET /resource_providers/da7463c1-5b8a-4f66-9b33-2358548ab877/aggregates" status: 404 len: 235 microversion: 1.1 [pid: 7|app: 0|req: 544/1098] 10.0.0.141 () {32 vars in 825 bytes} [Wed May 6 02:33:06 2026] GET /resource_providers/da7463c1-5b8a-4f66-9b33-2358548ab877/aggregates => generated 235 bytes in 61 msecs (HTTP/1.1 404) 5 headers in 202 bytes (1 switches on core 0)
2026-05-06 02:33:06.235 8 INFO placement.requestlog [None req-94f25a19-414d-4d78-839b-f6ce09c62d82 9e2c17717c684236bffdf7e3016dc467 de48dc460ccb44fe8471d716a0a99fac - - 1e3de47416ab442dac3acb72b83625e9 1e3de47416ab442dac3acb72b83625e9] 10.0.0.141 "GET /resource_providers/da7463c1-5b8a-4f66-9b33-2358548ab877/aggregates" status: 404 len: 235 microversion: 1.1 [pid: 8|app: 0|req: 555/1099] 10.0.0.141 () {32 vars in 825 bytes} [Wed May 6 02:33:06 2026] GET /resource_providers/da7463c1-5b8a-4f66-9b33-2358548ab877/aggregates => generated 235 bytes in 57 msecs (HTTP/1.1 404) 5 headers in 202 bytes (1 switches on core 0)
2026-05-06 02:33:06.257 7 INFO placement.requestlog [None req-99388fd8-c503-4e0b-aee4-8d908d9b8279 9e2c17717c684236bffdf7e3016dc467 de48dc460ccb44fe8471d716a0a99fac - - 1e3de47416ab442dac3acb72b83625e9 1e3de47416ab442dac3acb72b83625e9] 10.0.0.141 "DELETE /resource_providers/da7463c1-5b8a-4f66-9b33-2358548ab877" status: 404 len: 246 microversion: 1.1 [pid: 7|app: 0|req: 545/1100] 10.0.0.141 () {34 vars in 825 bytes} [Wed May 6 02:33:06 2026] DELETE /resource_providers/da7463c1-5b8a-4f66-9b33-2358548ab877 => generated 246 bytes in 10 msecs (HTTP/1.1 404) 6 headers in 231 bytes (1 switches on core 0)
2026-05-06 02:33:06.263 8 INFO placement.requestlog [None req-42db4594-7a23-4e3f-9311-2c08d288d3a5 9e2c17717c684236bffdf7e3016dc467 de48dc460ccb44fe8471d716a0a99fac - - 1e3de47416ab442dac3acb72b83625e9 1e3de47416ab442dac3acb72b83625e9] 10.0.0.141 "DELETE /resource_providers/da7463c1-5b8a-4f66-9b33-2358548ab877" status: 404 len: 246 microversion: 1.1 [pid: 8|app: 0|req: 556/1101] 10.0.0.141 () {34 vars in 825 bytes} [Wed May 6 02:33:06 2026] DELETE /resource_providers/da7463c1-5b8a-4f66-9b33-2358548ab877 => generated 246 bytes in 16 msecs (HTTP/1.1 404) 6 headers in 231 bytes (1 switches on core 0)
2026-05-06 02:33:07.082 8 INFO placement.requestlog [None req-f317a979-7fbc-49a6-aa36-740a23304f32 - - - - - -] 10.0.0.207 "GET /" status: 200 len: 136 microversion: 1.0
2026-05-06 02:33:07.082 7 INFO placement.requestlog [None req-657be244-6374-4910-b841-55f32f3438cd - - - - - -] 10.0.0.207 "GET /" status: 200 len: 136 microversion: 1.0
2026-05-06 02:33:07.876 8 INFO placement.requestlog [None req-aee8728a-cf43-404e-b6ae-4515898b411a 9e2c17717c684236bffdf7e3016dc467 de48dc460ccb44fe8471d716a0a99fac - - 1e3de47416ab442dac3acb72b83625e9 1e3de47416ab442dac3acb72b83625e9] 10.0.0.141 "GET /resource_providers/1253c957-60d1-4430-923d-8393a4cc82dd/aggregates" status: 404 len: 235 microversion: 1.1 [pid: 8|app: 0|req: 558/1104] 10.0.0.141 () {32 vars in 825 bytes} [Wed May 6 02:33:07 2026] GET /resource_providers/1253c957-60d1-4430-923d-8393a4cc82dd/aggregates => generated 235 bytes in 12 msecs (HTTP/1.1 404) 5 headers in 202 bytes (1 switches on core 0)
2026-05-06 02:33:07.881 7 INFO placement.requestlog [None req-146b9b8f-af9f-46e3-a5a7-c75f22b9408e 9e2c17717c684236bffdf7e3016dc467 de48dc460ccb44fe8471d716a0a99fac - - 1e3de47416ab442dac3acb72b83625e9 1e3de47416ab442dac3acb72b83625e9] 10.0.0.141 "GET /resource_providers/1253c957-60d1-4430-923d-8393a4cc82dd/aggregates" status: 404 len: 235 microversion: 1.1 [pid: 7|app: 0|req: 547/1105] 10.0.0.141 () {32 vars in 825 bytes} [Wed May 6 02:33:07 2026] GET /resource_providers/1253c957-60d1-4430-923d-8393a4cc82dd/aggregates => generated 235 bytes in 11 msecs (HTTP/1.1 404) 5 headers in 202 bytes (1 switches on core 0)
2026-05-06 02:33:07.894 8 INFO placement.requestlog [None req-ba7e3cfd-5755-484e-a125-c30af00e1470 9e2c17717c684236bffdf7e3016dc467 de48dc460ccb44fe8471d716a0a99fac - - 1e3de47416ab442dac3acb72b83625e9 1e3de47416ab442dac3acb72b83625e9] 10.0.0.141 "DELETE /resource_providers/1253c957-60d1-4430-923d-8393a4cc82dd" status: 404 len: 246 microversion: 1.1 [pid: 8|app: 0|req: 559/1106] 10.0.0.141 () {34 vars in 825 bytes} [Wed May 6 02:33:07 2026] DELETE /resource_providers/1253c957-60d1-4430-923d-8393a4cc82dd => generated 246 bytes in 8 msecs (HTTP/1.1 404) 6 headers in 231 bytes (1 switches on core 0)
2026-05-06 02:33:07.899 7 INFO placement.requestlog [None req-21ce2131-7e38-495f-8172-59d1e4ac06e9 9e2c17717c684236bffdf7e3016dc467 de48dc460ccb44fe8471d716a0a99fac - - 1e3de47416ab442dac3acb72b83625e9 1e3de47416ab442dac3acb72b83625e9] 10.0.0.141 "DELETE /resource_providers/1253c957-60d1-4430-923d-8393a4cc82dd" status: 404 len: 246 microversion: 1.1 [pid: 7|app: 0|req: 548/1107] 10.0.0.141 () {34 vars in 825 bytes} [Wed May 6 02:33:07 2026] DELETE /resource_providers/1253c957-60d1-4430-923d-8393a4cc82dd => generated 246 bytes in 9 msecs (HTTP/1.1 404) 6 headers in 231 bytes (1 switches on core 0)
2026-05-06 02:33:07.912 7 INFO placement.requestlog [None req-2c8cd184-5ce3-4bca-8620-c2407f7e065e 9e2c17717c684236bffdf7e3016dc467 de48dc460ccb44fe8471d716a0a99fac - - 1e3de47416ab442dac3acb72b83625e9 1e3de47416ab442dac3acb72b83625e9] 10.0.0.141 "GET /resource_providers/c737be37-e269-4d7c-b80b-de538fe1f556/aggregates" status: 404 len: 235 microversion: 1.1 [pid: 7|app: 0|req: 549/1108] 10.0.0.141 () {32 vars in 825 bytes} [Wed May 6 02:33:07 2026] GET /resource_providers/c737be37-e269-4d7c-b80b-de538fe1f556/aggregates => generated 235 bytes in 7 msecs (HTTP/1.1 404) 5 headers in 202 bytes (1 switches on core 0)
2026-05-06 02:33:07.914 8 INFO placement.requestlog [None req-d7917217-5dad-45a0-ba1a-f15fbe88cd69 9e2c17717c684236bffdf7e3016dc467 de48dc460ccb44fe8471d716a0a99fac - - 1e3de47416ab442dac3acb72b83625e9 1e3de47416ab442dac3acb72b83625e9] 10.0.0.141 "GET /resource_providers/c737be37-e269-4d7c-b80b-de538fe1f556/aggregates" status: 404 len: 235 microversion: 1.1 [pid: 8|app: 0|req: 560/1109] 10.0.0.141 () {32 vars in 825 bytes} [Wed May 6 02:33:07 2026] GET /resource_providers/c737be37-e269-4d7c-b80b-de538fe1f556/aggregates => generated 235 bytes in 10 msecs (HTTP/1.1 404) 5 headers in 202 bytes (1 switches on core 0)
2026-05-06 02:33:07.933 7 INFO placement.requestlog [None req-eebccb31-9c90-4ff4-af6b-32c487ff69f5 9e2c17717c684236bffdf7e3016dc467 de48dc460ccb44fe8471d716a0a99fac - - 1e3de47416ab442dac3acb72b83625e9 1e3de47416ab442dac3acb72b83625e9] 10.0.0.141 "DELETE /resource_providers/c737be37-e269-4d7c-b80b-de538fe1f556" status: 404 len: 246 microversion: 1.1
2026-05-06 02:33:07.933 8 INFO placement.requestlog [None req-d69614b3-0056-4ad0-9e67-14c3a5c48984 9e2c17717c684236bffdf7e3016dc467 de48dc460ccb44fe8471d716a0a99fac - - 1e3de47416ab442dac3acb72b83625e9 1e3de47416ab442dac3acb72b83625e9] 10.0.0.141 "DELETE /resource_providers/c737be37-e269-4d7c-b80b-de538fe1f556" status: 404 len: 246 microversion: 1.1 [pid: 7|app: 0|req: 550/1110] 10.0.0.141 () {34 vars in 825 bytes} [Wed May 6 02:33:07 2026] DELETE /resource_providers/c737be37-e269-4d7c-b80b-de538fe1f556 => generated 246 bytes in 9 msecs (HTTP/1.1 404) 6 headers in 231 bytes (1 switches on core 0) [pid: 8|app: 0|req: 561/1111] 10.0.0.141 () {34 vars in 825 bytes} [Wed May 6 02:33:07 2026] DELETE /resource_providers/c737be37-e269-4d7c-b80b-de538fe1f556 => generated 246 bytes in 9 msecs (HTTP/1.1 404) 6 headers in 231 bytes (1 switches on core 0)
2026-05-06 02:33:08.278 7 INFO placement.requestlog [None req-e5cc3ee2-e2f5-4613-b6b3-15c82424b0f5 9e2c17717c684236bffdf7e3016dc467 de48dc460ccb44fe8471d716a0a99fac - - 1e3de47416ab442dac3acb72b83625e9 1e3de47416ab442dac3acb72b83625e9] 10.0.0.141 "GET /resource_providers/cb2e775c-f050-40b8-a6da-37f3de9659a9/aggregates" status: 404 len: 235 microversion: 1.1 [pid: 7|app: 0|req: 551/1112] 10.0.0.141 () {32 vars in 825 bytes} [Wed May 6 02:33:08 2026] GET /resource_providers/cb2e775c-f050-40b8-a6da-37f3de9659a9/aggregates => generated 235 bytes in 11 msecs (HTTP/1.1 404) 5 headers in 202 bytes (1 switches on core 0)
2026-05-06 02:33:08.292 8 INFO placement.requestlog [None req-d1c2190f-0a64-42a2-9f13-026f5edbe5b0 9e2c17717c684236bffdf7e3016dc467 de48dc460ccb44fe8471d716a0a99fac - - 1e3de47416ab442dac3acb72b83625e9 1e3de47416ab442dac3acb72b83625e9] 10.0.0.141 "GET /resource_providers/cb2e775c-f050-40b8-a6da-37f3de9659a9/aggregates" status: 404 len: 235 microversion: 1.1 [pid: 8|app: 0|req: 562/1113] 10.0.0.141 () {32 vars in 825 bytes} [Wed May 6 02:33:08 2026] GET /resource_providers/cb2e775c-f050-40b8-a6da-37f3de9659a9/aggregates => generated 235 bytes in 21 msecs (HTTP/1.1 404) 5 headers in 202 bytes (1 switches on core 0)
2026-05-06 02:33:08.295 7 INFO placement.requestlog [None req-1dc07005-607c-4f46-b078-2e775a968fe3 9e2c17717c684236bffdf7e3016dc467 de48dc460ccb44fe8471d716a0a99fac - - 1e3de47416ab442dac3acb72b83625e9 1e3de47416ab442dac3acb72b83625e9] 10.0.0.141 "DELETE /resource_providers/cb2e775c-f050-40b8-a6da-37f3de9659a9" status: 404 len: 246 microversion: 1.1 [pid: 7|app: 0|req: 552/1114] 10.0.0.141 () {34 vars in 825 bytes} [Wed May 6 02:33:08 2026] DELETE /resource_providers/cb2e775c-f050-40b8-a6da-37f3de9659a9 => generated 246 bytes in 9 msecs (HTTP/1.1 404) 6 headers in 231 bytes (1 switches on core 0)
2026-05-06 02:33:08.311 8 INFO placement.requestlog [None req-2a667a92-4b9e-4f7d-b342-91c4ce8350f5 9e2c17717c684236bffdf7e3016dc467 de48dc460ccb44fe8471d716a0a99fac - - 1e3de47416ab442dac3acb72b83625e9 1e3de47416ab442dac3acb72b83625e9] 10.0.0.141 "DELETE /resource_providers/cb2e775c-f050-40b8-a6da-37f3de9659a9" status: 404 len: 246 microversion: 1.1 [pid: 8|app: 0|req: 563/1115] 10.0.0.141 () {34 vars in 825 bytes} [Wed May 6 02:33:08 2026] DELETE /resource_providers/cb2e775c-f050-40b8-a6da-37f3de9659a9 => generated 246 bytes in 10 msecs (HTTP/1.1 404) 6 headers in 231 bytes (1 switches on core 0)
2026-05-06 02:33:17.082 8 INFO placement.requestlog [None req-47380589-096e-48e6-8eb9-d95dcb483fcc - - - - - -] 10.0.0.207 "GET /" status: 200 len: 136 microversion: 1.0
2026-05-06 02:33:17.081 7 INFO placement.requestlog [None req-f6bb5823-be04-4db8-a482-8fc513730273 - - - - - -] 10.0.0.207 "GET /" status: 200 len: 136 microversion: 1.0
2026-05-06 02:33:27.082 8 INFO placement.requestlog [None req-edf36f58-b73f-4464-bdba-b4ae7a8a0d7b - - - - - -] 10.0.0.207 "GET /" status: 200 len: 136 microversion: 1.0
2026-05-06 02:33:27.082 7 INFO placement.requestlog [None req-72bfcd1b-572d-40df-b9a6-e09672c89430 - - - - - -] 10.0.0.207 "GET /" status: 200 len: 136 microversion: 1.0
2026-05-06 02:33:34.869 8 INFO placement.requestlog [req-c8232d10-d328-4fb5-ad28-a857d2614736 req-65fed80b-5b15-44e7-86ca-46f0c8816fcb 902db109a0eb42adabc34a885bf3064f de48dc460ccb44fe8471d716a0a99fac - - 1e3de47416ab442dac3acb72b83625e9 1e3de47416ab442dac3acb72b83625e9] 199.204.45.250 "GET /resource_providers/15fad222-4cdc-4015-b4e3-c6896b1f9322/allocations" status: 200 len: 340 microversion: 1.0 [pid: 8|app: 0|req: 566/1120] 199.204.45.250 () {32 vars in 857 bytes} [Wed May 6 02:33:34 2026] GET /resource_providers/15fad222-4cdc-4015-b4e3-c6896b1f9322/allocations => generated 340 bytes in 18 msecs (HTTP/1.1 200) 6 headers in 224 bytes (1 switches on core 0)
2026-05-06 02:33:34.899 7 INFO placement.requestlog [req-c8232d10-d328-4fb5-ad28-a857d2614736 req-dab4bdee-f2ef-4c97-a112-b1bf9f055ef9 902db109a0eb42adabc34a885bf3064f de48dc460ccb44fe8471d716a0a99fac - - 1e3de47416ab442dac3acb72b83625e9 1e3de47416ab442dac3acb72b83625e9] 199.204.45.250 "GET /resource_providers/15fad222-4cdc-4015-b4e3-c6896b1f9322/allocations" status: 200 len: 340 microversion: 1.0 [pid: 7|app: 0|req: 555/1121] 199.204.45.250 () {32 vars in 857 bytes} [Wed May 6 02:33:34 2026] GET /resource_providers/15fad222-4cdc-4015-b4e3-c6896b1f9322/allocations => generated 340 bytes in 17 msecs (HTTP/1.1 200) 6 headers in 224 bytes (1 switches on core 0)
2026-05-06 02:33:34.925 8 INFO placement.requestlog [req-c8232d10-d328-4fb5-ad28-a857d2614736 req-82959c44-7b99-45bc-95db-2e543955573f 902db109a0eb42adabc34a885bf3064f de48dc460ccb44fe8471d716a0a99fac - - 1e3de47416ab442dac3acb72b83625e9 1e3de47416ab442dac3acb72b83625e9] 199.204.45.250 "GET /allocations/1833136b-8773-4c33-b919-d1dcd3461d1d" status: 200 len: 258 microversion: 1.28 [pid: 8|app: 0|req: 567/1122] 199.204.45.250 () {34 vars in 863 bytes} [Wed May 6 02:33:34 2026] GET /allocations/1833136b-8773-4c33-b919-d1dcd3461d1d => generated 258 bytes in 16 msecs (HTTP/1.1 200) 8 headers in 296 bytes (1 switches on core 0)
2026-05-06 02:33:34.950 7 INFO placement.requestlog [req-c8232d10-d328-4fb5-ad28-a857d2614736 req-c779c026-95d3-4402-ad09-7f1977a482cd 902db109a0eb42adabc34a885bf3064f de48dc460ccb44fe8471d716a0a99fac - - 1e3de47416ab442dac3acb72b83625e9 1e3de47416ab442dac3acb72b83625e9] 199.204.45.250 "GET /allocations/b9cd6dbb-df89-4699-941a-a64243b30a9d" status: 200 len: 245 microversion: 1.28 [pid: 7|app: 0|req: 556/1123] 199.204.45.250 () {34 vars in 863 bytes} [Wed May 6 02:33:34 2026] GET /allocations/b9cd6dbb-df89-4699-941a-a64243b30a9d => generated 245 bytes in 15 msecs (HTTP/1.1 200) 8 headers in 296 bytes (1 switches on core 0)
2026-05-06 02:33:34.983 8 INFO placement.requestlog [req-c8232d10-d328-4fb5-ad28-a857d2614736 req-15ef2629-4510-47f5-aa3f-b38fb62344e5 902db109a0eb42adabc34a885bf3064f de48dc460ccb44fe8471d716a0a99fac - - 1e3de47416ab442dac3acb72b83625e9 1e3de47416ab442dac3acb72b83625e9] 199.204.45.250 "GET /allocations/5826aef5-b442-4819-b1e7-6764df2f06a8" status: 200 len: 258 microversion: 1.28 [pid: 8|app: 0|req: 568/1124] 199.204.45.250 () {34 vars in 863 bytes} [Wed May 6 02:33:34 2026] GET /allocations/5826aef5-b442-4819-b1e7-6764df2f06a8 => generated 258 bytes in 22 msecs (HTTP/1.1 200) 8 headers in 296 bytes (1 switches on core 0)
2026-05-06 02:33:37.083 7 INFO placement.requestlog [None req-730cc2cc-ed0f-4021-8002-853e7164f7c8 - - - - - -] 10.0.0.207 "GET /" status: 200 len: 136 microversion: 1.0
2026-05-06 02:33:37.083 8 INFO placement.requestlog [None req-f530e3c1-6013-4a42-a1e1-bdcfea043948 - - - - - -] 10.0.0.207 "GET /" status: 200 len: 136 microversion: 1.0
2026-05-06 02:33:47.083 8 INFO placement.requestlog [None req-dc6fbd14-15a5-4761-ad82-4843b2f31a5f - - - - - -] 10.0.0.207 "GET /" status: 200 len: 136 microversion: 1.0
2026-05-06 02:33:47.083 7 INFO placement.requestlog [None req-a268f3ff-efbb-41f1-b55a-e9a2687392bb - - - - - -] 10.0.0.207 "GET /" status: 200 len: 136 microversion: 1.0
2026-05-06 02:33:57.082 8 INFO placement.requestlog [None req-039c4bec-cee4-4007-9ad1-ddeb6f9ae9a3 - - - - - -] 10.0.0.207 "GET /" status: 200 len: 136 microversion: 1.0
2026-05-06 02:33:57.082 7 INFO placement.requestlog [None req-48ba291d-848a-4c40-8d77-94ffbcd2a4c0 - - - - - -] 10.0.0.207 "GET /" status: 200 len: 136 microversion: 1.0
