Apr 11 18:53:39.353277 np0000165243 neutron-periodic-workers[105513]: DEBUG cotyledon.oslo_config_glue [-] ml2.overlay_ip_version = 4 {{(pid=105513) log_opt_values /opt/stack/data/venv/lib/python3.12/site-packages/oslo_config/cfg.py:3006}}
Apr 11 18:53:39.353510 np0000165243 neutron-periodic-workers[105513]: DEBUG cotyledon.oslo_config_glue [-] ml2.path_mtu = 0 {{(pid=105513) log_opt_values /opt/stack/data/venv/lib/python3.12/site-packages/oslo_config/cfg.py:3006}}
Apr 11 18:53:39.353510 np0000165243 neutron-periodic-workers[105513]: DEBUG cotyledon.oslo_config_glue [-] ml2.physical_network_mtus = {} {{(pid=105513) log_opt_values /opt/stack/data/venv/lib/python3.12/site-packages/oslo_config/cfg.py:3006}}
Apr 11 18:53:39.353510 np0000165243 neutron-periodic-workers[105513]: DEBUG cotyledon.oslo_config_glue [-] ml2.project_network_types = ['geneve'] {{(pid=105513) log_opt_values /opt/stack/data/venv/lib/python3.12/site-packages/oslo_config/cfg.py:3006}}
Apr 11 18:53:39.353510 np0000165243 neutron-periodic-workers[105513]: DEBUG cotyledon.oslo_config_glue [-] ml2.tunnelled_network_rp_name = rp_tunnelled {{(pid=105513) log_opt_values /opt/stack/data/venv/lib/python3.12/site-packages/oslo_config/cfg.py:3006}}
Apr 11 18:53:39.353510 np0000165243 neutron-periodic-workers[105513]: DEBUG cotyledon.oslo_config_glue [-] ml2.type_drivers = ['local', 'flat', 'vlan', 'geneve'] {{(pid=105513) log_opt_values /opt/stack/data/venv/lib/python3.12/site-packages/oslo_config/cfg.py:3006}}
Apr 11 18:53:39.353510 np0000165243 neutron-periodic-workers[105513]: DEBUG cotyledon.oslo_config_glue [-] ml2_type_flat.flat_networks = ['public'] {{(pid=105513) log_opt_values /opt/stack/data/venv/lib/python3.12/site-packages/oslo_config/cfg.py:3006}}
Apr 11 18:53:39.353510 np0000165243 neutron-periodic-workers[105513]: DEBUG cotyledon.oslo_config_glue [-] ml2_type_geneve.max_header_size = 38 {{(pid=105513) log_opt_values /opt/stack/data/venv/lib/python3.12/site-packages/oslo_config/cfg.py:3006}}
Apr 11 18:53:39.353510 np0000165243 neutron-periodic-workers[105513]: DEBUG cotyledon.oslo_config_glue [-] ml2_type_geneve.vni_ranges = ['1:65536'] {{(pid=105513) log_opt_values /opt/stack/data/venv/lib/python3.12/site-packages/oslo_config/cfg.py:3006}}
Apr 11 18:53:39.353510 np0000165243 neutron-periodic-workers[105513]: DEBUG cotyledon.oslo_config_glue [-] ml2_type_vlan.network_vlan_ranges = ['public'] {{(pid=105513) log_opt_values /opt/stack/data/venv/lib/python3.12/site-packages/oslo_config/cfg.py:3006}}
Apr 11 18:53:39.354184 np0000165243 neutron-periodic-workers[105513]: DEBUG cotyledon.oslo_config_glue [-] network_log.burst_limit = 25 {{(pid=105513) log_opt_values /opt/stack/data/venv/lib/python3.12/site-packages/oslo_config/cfg.py:3006}}
Apr 11 18:53:39.354184 np0000165243 neutron-periodic-workers[105513]: DEBUG cotyledon.oslo_config_glue [-] network_log.local_output_log_base = None {{(pid=105513) log_opt_values /opt/stack/data/venv/lib/python3.12/site-packages/oslo_config/cfg.py:3006}}
Apr 11 18:53:39.354184 np0000165243 neutron-periodic-workers[105513]: DEBUG cotyledon.oslo_config_glue [-] network_log.rate_limit = 100 {{(pid=105513) log_opt_values /opt/stack/data/venv/lib/python3.12/site-packages/oslo_config/cfg.py:3006}}
Apr 11 18:53:39.354184 np0000165243 neutron-periodic-workers[105513]: DEBUG cotyledon.oslo_config_glue [-] database.asyncio_connection = **** {{(pid=105513) log_opt_values /opt/stack/data/venv/lib/python3.12/site-packages/oslo_config/cfg.py:3006}}
Apr 11 18:53:39.354184 np0000165243 neutron-periodic-workers[105513]: DEBUG cotyledon.oslo_config_glue [-] database.asyncio_slave_connection = **** {{(pid=105513) log_opt_values /opt/stack/data/venv/lib/python3.12/site-packages/oslo_config/cfg.py:3006}}
Apr 11 18:53:39.354184 np0000165243 neutron-periodic-workers[105513]: DEBUG cotyledon.oslo_config_glue [-] database.backend = sqlalchemy {{(pid=105513) log_opt_values /opt/stack/data/venv/lib/python3.12/site-packages/oslo_config/cfg.py:3006}}
Apr 11 18:53:39.354184 np0000165243 neutron-periodic-workers[105513]: DEBUG cotyledon.oslo_config_glue [-] database.connection = **** {{(pid=105513) log_opt_values /opt/stack/data/venv/lib/python3.12/site-packages/oslo_config/cfg.py:3006}}
Apr 11 18:53:39.354184 np0000165243 neutron-periodic-workers[105513]: DEBUG cotyledon.oslo_config_glue [-] database.connection_debug = 0 {{(pid=105513) log_opt_values /opt/stack/data/venv/lib/python3.12/site-packages/oslo_config/cfg.py:3006}}
Apr 11 18:53:39.354184 np0000165243 neutron-periodic-workers[105513]: DEBUG cotyledon.oslo_config_glue [-] database.connection_parameters = {{(pid=105513) log_opt_values /opt/stack/data/venv/lib/python3.12/site-packages/oslo_config/cfg.py:3006}}
Apr 11 18:53:39.354621 np0000165243 neutron-periodic-workers[105513]: DEBUG cotyledon.oslo_config_glue [-] database.connection_recycle_time = 3600 {{(pid=105513) log_opt_values /opt/stack/data/venv/lib/python3.12/site-packages/oslo_config/cfg.py:3006}}
Apr 11 18:53:39.354621 np0000165243 neutron-periodic-workers[105513]: DEBUG cotyledon.oslo_config_glue [-] database.connection_trace = False {{(pid=105513) log_opt_values /opt/stack/data/venv/lib/python3.12/site-packages/oslo_config/cfg.py:3006}}
Apr 11 18:53:39.354621 np0000165243 neutron-periodic-workers[105513]: DEBUG cotyledon.oslo_config_glue [-] database.db_inc_retry_interval = True {{(pid=105513) log_opt_values /opt/stack/data/venv/lib/python3.12/site-packages/oslo_config/cfg.py:3006}}
Apr 11 18:53:39.354621 np0000165243 neutron-periodic-workers[105513]: DEBUG cotyledon.oslo_config_glue [-] database.db_max_retries = 20 {{(pid=105513) log_opt_values /opt/stack/data/venv/lib/python3.12/site-packages/oslo_config/cfg.py:3006}}
Apr 11 18:53:39.354621 np0000165243 neutron-periodic-workers[105513]: DEBUG cotyledon.oslo_config_glue [-] database.db_max_retry_interval = 10 {{(pid=105513) log_opt_values /opt/stack/data/venv/lib/python3.12/site-packages/oslo_config/cfg.py:3006}}
Apr 11 18:53:39.354621 np0000165243 neutron-periodic-workers[105513]: DEBUG cotyledon.oslo_config_glue [-] database.db_retry_interval = 1 {{(pid=105513) log_opt_values /opt/stack/data/venv/lib/python3.12/site-packages/oslo_config/cfg.py:3006}}
Apr 11 18:53:39.354621 np0000165243 neutron-periodic-workers[105513]: DEBUG cotyledon.oslo_config_glue [-] database.max_overflow = 50 {{(pid=105513) log_opt_values /opt/stack/data/venv/lib/python3.12/site-packages/oslo_config/cfg.py:3006}}
Apr 11 18:53:39.354621 np0000165243 neutron-periodic-workers[105513]: DEBUG cotyledon.oslo_config_glue [-] database.max_pool_size = 5 {{(pid=105513) log_opt_values /opt/stack/data/venv/lib/python3.12/site-packages/oslo_config/cfg.py:3006}}
Apr 11 18:53:39.354621 np0000165243 neutron-periodic-workers[105513]: DEBUG cotyledon.oslo_config_glue [-] database.max_retries = 10 {{(pid=105513) log_opt_values /opt/stack/data/venv/lib/python3.12/site-packages/oslo_config/cfg.py:3006}}
Apr 11 18:53:39.354882 np0000165243 neutron-periodic-workers[105513]: DEBUG cotyledon.oslo_config_glue [-] database.mysql_sql_mode = TRADITIONAL {{(pid=105513) log_opt_values /opt/stack/data/venv/lib/python3.12/site-packages/oslo_config/cfg.py:3006}}
Apr 11 18:53:39.354882 np0000165243 neutron-periodic-workers[105513]: DEBUG cotyledon.oslo_config_glue [-] database.mysql_wsrep_sync_wait = None {{(pid=105513) log_opt_values /opt/stack/data/venv/lib/python3.12/site-packages/oslo_config/cfg.py:3006}}
Apr 11 18:53:39.354882 np0000165243 neutron-periodic-workers[105513]: DEBUG cotyledon.oslo_config_glue [-] database.pool_timeout = None {{(pid=105513) log_opt_values /opt/stack/data/venv/lib/python3.12/site-packages/oslo_config/cfg.py:3006}}
Apr 11 18:53:39.354882 np0000165243 neutron-periodic-workers[105513]: DEBUG cotyledon.oslo_config_glue [-] database.retry_interval = 10 {{(pid=105513) log_opt_values /opt/stack/data/venv/lib/python3.12/site-packages/oslo_config/cfg.py:3006}}
Apr 11 18:53:39.354882 np0000165243 neutron-periodic-workers[105513]: DEBUG cotyledon.oslo_config_glue [-] database.slave_connection = **** {{(pid=105513) log_opt_values /opt/stack/data/venv/lib/python3.12/site-packages/oslo_config/cfg.py:3006}}
Apr 11 18:53:39.354882 np0000165243 neutron-periodic-workers[105513]: DEBUG cotyledon.oslo_config_glue [-] database.sqlite_synchronous = True {{(pid=105513) log_opt_values /opt/stack/data/venv/lib/python3.12/site-packages/oslo_config/cfg.py:3006}}
Apr 11 18:53:39.354882 np0000165243 neutron-periodic-workers[105513]: DEBUG cotyledon.oslo_config_glue [-] database.synchronous_reader = True {{(pid=105513) log_opt_values /opt/stack/data/venv/lib/python3.12/site-packages/oslo_config/cfg.py:3006}}
Apr 11 18:53:39.354882 np0000165243 neutron-periodic-workers[105513]: DEBUG cotyledon.oslo_config_glue [-] database.use_db_reconnect = False {{(pid=105513) log_opt_values /opt/stack/data/venv/lib/python3.12/site-packages/oslo_config/cfg.py:3006}}
Apr 11 18:53:39.354882 np0000165243 neutron-periodic-workers[105513]: DEBUG cotyledon.oslo_config_glue [-] ovn.bfd_min_rx = 1000 {{(pid=105513) log_opt_values /opt/stack/data/venv/lib/python3.12/site-packages/oslo_config/cfg.py:3006}}
Apr 11 18:53:39.355140 np0000165243 neutron-periodic-workers[105513]: DEBUG cotyledon.oslo_config_glue [-] ovn.bfd_min_tx = 100 {{(pid=105513) log_opt_values /opt/stack/data/venv/lib/python3.12/site-packages/oslo_config/cfg.py:3006}}
Apr 11 18:53:39.355140 np0000165243 neutron-periodic-workers[105513]: DEBUG cotyledon.oslo_config_glue [-] ovn.bfd_mult = 3 {{(pid=105513) log_opt_values /opt/stack/data/venv/lib/python3.12/site-packages/oslo_config/cfg.py:3006}}
Apr 11 18:53:39.355140 np0000165243 neutron-periodic-workers[105513]: DEBUG cotyledon.oslo_config_glue [-] ovn.broadcast_arps_to_all_routers = True {{(pid=105513) log_opt_values /opt/stack/data/venv/lib/python3.12/site-packages/oslo_config/cfg.py:3006}}
Apr 11 18:53:39.355140 np0000165243 neutron-periodic-workers[105513]: DEBUG cotyledon.oslo_config_glue [-] ovn.dhcp_default_lease_time = 43200 {{(pid=105513) log_opt_values /opt/stack/data/venv/lib/python3.12/site-packages/oslo_config/cfg.py:3006}}
Apr 11 18:53:39.355140 np0000165243 neutron-periodic-workers[105513]: DEBUG cotyledon.oslo_config_glue [-] ovn.disable_ovn_dhcp_for_baremetal_ports = False {{(pid=105513) log_opt_values /opt/stack/data/venv/lib/python3.12/site-packages/oslo_config/cfg.py:3006}}
Apr 11 18:53:39.355140 np0000165243 neutron-periodic-workers[105513]: DEBUG cotyledon.oslo_config_glue [-] ovn.dns_records_ovn_owned = False {{(pid=105513) log_opt_values /opt/stack/data/venv/lib/python3.12/site-packages/oslo_config/cfg.py:3006}}
Apr 11 18:53:39.355140 np0000165243 neutron-periodic-workers[105513]: DEBUG cotyledon.oslo_config_glue [-] ovn.dns_servers = [] {{(pid=105513) log_opt_values /opt/stack/data/venv/lib/python3.12/site-packages/oslo_config/cfg.py:3006}}
Apr 11 18:53:39.355140 np0000165243 neutron-periodic-workers[105513]: DEBUG cotyledon.oslo_config_glue [-] ovn.enable_distributed_floating_ip = False {{(pid=105513) log_opt_values /opt/stack/data/venv/lib/python3.12/site-packages/oslo_config/cfg.py:3006}}
Apr 11 18:53:39.355140 np0000165243 neutron-periodic-workers[105513]: DEBUG cotyledon.oslo_config_glue [-] ovn.fdb_age_threshold = 300 {{(pid=105513) log_opt_values /opt/stack/data/venv/lib/python3.12/site-packages/oslo_config/cfg.py:3006}}
Apr 11 18:53:39.355390 np0000165243 neutron-periodic-workers[105513]: DEBUG cotyledon.oslo_config_glue [-] ovn.ha_failover_strategy = normal {{(pid=105513) log_opt_values /opt/stack/data/venv/lib/python3.12/site-packages/oslo_config/cfg.py:3006}}
Apr 11 18:53:39.355390 np0000165243 neutron-periodic-workers[105513]: DEBUG cotyledon.oslo_config_glue [-] ovn.live_migration_activation_strategy = rarp {{(pid=105513) log_opt_values /opt/stack/data/venv/lib/python3.12/site-packages/oslo_config/cfg.py:3006}}
Apr 11 18:53:39.355390 np0000165243 neutron-periodic-workers[105513]: DEBUG cotyledon.oslo_config_glue [-] ovn.localnet_learn_fdb = False {{(pid=105513) log_opt_values /opt/stack/data/venv/lib/python3.12/site-packages/oslo_config/cfg.py:3006}}
Apr 11 18:53:39.355390 np0000165243 neutron-periodic-workers[105513]: DEBUG cotyledon.oslo_config_glue [-] ovn.mac_binding_age_threshold = 300 {{(pid=105513) log_opt_values /opt/stack/data/venv/lib/python3.12/site-packages/oslo_config/cfg.py:3006}}
Apr 11 18:53:39.355390 np0000165243 neutron-periodic-workers[105513]: DEBUG cotyledon.oslo_config_glue [-] ovn.neutron_sync_mode = log {{(pid=105513) log_opt_values /opt/stack/data/venv/lib/python3.12/site-packages/oslo_config/cfg.py:3006}}
Apr 11 18:53:39.355390 np0000165243 neutron-periodic-workers[105513]: DEBUG cotyledon.oslo_config_glue [-] ovn.ovn_dhcp4_global_options = {} {{(pid=105513) log_opt_values /opt/stack/data/venv/lib/python3.12/site-packages/oslo_config/cfg.py:3006}}
Apr 11 18:53:39.355390 np0000165243 neutron-periodic-workers[105513]: DEBUG cotyledon.oslo_config_glue [-] ovn.ovn_dhcp6_global_options = {} {{(pid=105513) log_opt_values /opt/stack/data/venv/lib/python3.12/site-packages/oslo_config/cfg.py:3006}}
Apr 11 18:53:39.355390 np0000165243 neutron-periodic-workers[105513]: DEBUG cotyledon.oslo_config_glue [-] ovn.ovn_l3_scheduler = leastloaded {{(pid=105513) log_opt_values /opt/stack/data/venv/lib/python3.12/site-packages/oslo_config/cfg.py:3006}}
Apr 11 18:53:39.355390 np0000165243 neutron-periodic-workers[105513]: DEBUG cotyledon.oslo_config_glue [-] ovn.ovn_metadata_enabled = True {{(pid=105513) log_opt_values /opt/stack/data/venv/lib/python3.12/site-packages/oslo_config/cfg.py:3006}}
Apr 11 18:53:39.355659 np0000165243 neutron-periodic-workers[105513]: DEBUG cotyledon.oslo_config_glue [-] ovn.ovn_nb_ca_cert = /opt/stack/data/CA/int-ca/ca-chain.pem {{(pid=105513) log_opt_values /opt/stack/data/venv/lib/python3.12/site-packages/oslo_config/cfg.py:3006}}
Apr 11 18:53:39.355659 np0000165243 neutron-periodic-workers[105513]: DEBUG cotyledon.oslo_config_glue [-] ovn.ovn_nb_certificate = /opt/stack/data/CA/int-ca/devstack-cert.crt {{(pid=105513) log_opt_values /opt/stack/data/venv/lib/python3.12/site-packages/oslo_config/cfg.py:3006}}
Apr 11 18:53:39.355659 np0000165243 neutron-periodic-workers[105513]: DEBUG cotyledon.oslo_config_glue [-] ovn.ovn_nb_connection = ['ssl:162.253.55.110:6641'] {{(pid=105513) log_opt_values /opt/stack/data/venv/lib/python3.12/site-packages/oslo_config/cfg.py:3006}}
Apr 11 18:53:39.355659 np0000165243 neutron-periodic-workers[105513]: DEBUG cotyledon.oslo_config_glue [-] ovn.ovn_nb_private_key = /opt/stack/data/CA/int-ca/private/devstack-cert.key {{(pid=105513) log_opt_values /opt/stack/data/venv/lib/python3.12/site-packages/oslo_config/cfg.py:3006}}
Apr 11 18:53:39.355659 np0000165243 neutron-periodic-workers[105513]: DEBUG cotyledon.oslo_config_glue [-] ovn.ovn_router_indirect_snat = False {{(pid=105513) log_opt_values /opt/stack/data/venv/lib/python3.12/site-packages/oslo_config/cfg.py:3006}}
Apr 11 18:53:39.355659 np0000165243 neutron-periodic-workers[105513]: DEBUG cotyledon.oslo_config_glue [-] ovn.ovn_sb_ca_cert = /opt/stack/data/CA/int-ca/ca-chain.pem {{(pid=105513) log_opt_values /opt/stack/data/venv/lib/python3.12/site-packages/oslo_config/cfg.py:3006}}
Apr 11 18:53:39.355659 np0000165243 neutron-periodic-workers[105513]: DEBUG cotyledon.oslo_config_glue [-] ovn.ovn_sb_certificate = /opt/stack/data/CA/int-ca/devstack-cert.crt {{(pid=105513) log_opt_values /opt/stack/data/venv/lib/python3.12/site-packages/oslo_config/cfg.py:3006}}
Apr 11 18:53:39.355659 np0000165243 neutron-periodic-workers[105513]: DEBUG cotyledon.oslo_config_glue [-] ovn.ovn_sb_connection = ['ssl:162.253.55.110:6642'] {{(pid=105513) log_opt_values /opt/stack/data/venv/lib/python3.12/site-packages/oslo_config/cfg.py:3006}}
Apr 11 18:53:39.355883 np0000165243 neutron-periodic-workers[105513]: DEBUG cotyledon.oslo_config_glue [-] ovn.ovn_sb_private_key = /opt/stack/data/CA/int-ca/private/devstack-cert.key {{(pid=105513) log_opt_values /opt/stack/data/venv/lib/python3.12/site-packages/oslo_config/cfg.py:3006}}
Apr 11 18:53:39.355883 np0000165243 neutron-periodic-workers[105513]: DEBUG cotyledon.oslo_config_glue [-] ovn.ovs_create_tap = False {{(pid=105513) log_opt_values /opt/stack/data/venv/lib/python3.12/site-packages/oslo_config/cfg.py:3006}}
Apr 11 18:53:39.355883 np0000165243 neutron-periodic-workers[105513]: DEBUG cotyledon.oslo_config_glue [-] ovn.ovsdb_connection_timeout = 180 {{(pid=105513) log_opt_values /opt/stack/data/venv/lib/python3.12/site-packages/oslo_config/cfg.py:3006}}
Apr 11 18:53:39.355883 np0000165243 neutron-periodic-workers[105513]: DEBUG cotyledon.oslo_config_glue [-] ovn.ovsdb_log_level = INFO {{(pid=105513) log_opt_values /opt/stack/data/venv/lib/python3.12/site-packages/oslo_config/cfg.py:3006}}
Apr 11 18:53:39.355883 np0000165243 neutron-periodic-workers[105513]: DEBUG cotyledon.oslo_config_glue [-] ovn.ovsdb_probe_interval = 60000 {{(pid=105513) log_opt_values /opt/stack/data/venv/lib/python3.12/site-packages/oslo_config/cfg.py:3006}}
Apr 11 18:53:39.355883 np0000165243 neutron-periodic-workers[105513]: DEBUG cotyledon.oslo_config_glue [-] ovn.ovsdb_retry_max_interval = 180 {{(pid=105513) log_opt_values /opt/stack/data/venv/lib/python3.12/site-packages/oslo_config/cfg.py:3006}}
Apr 11 18:53:39.355883 np0000165243 neutron-periodic-workers[105513]: DEBUG cotyledon.oslo_config_glue [-] ovn.stateless_nat_enabled = False {{(pid=105513) log_opt_values /opt/stack/data/venv/lib/python3.12/site-packages/oslo_config/cfg.py:3006}}
Apr 11 18:53:39.355883 np0000165243 neutron-periodic-workers[105513]: DEBUG cotyledon.oslo_config_glue [-] ovn.vhost_sock_dir = /var/run/openvswitch {{(pid=105513) log_opt_values /opt/stack/data/venv/lib/python3.12/site-packages/oslo_config/cfg.py:3006}}
Apr 11 18:53:39.355883 np0000165243 neutron-periodic-workers[105513]: DEBUG cotyledon.oslo_config_glue [-] OVS.bridge_mac_table_size = 50000 {{(pid=105513) log_opt_values /opt/stack/data/venv/lib/python3.12/site-packages/oslo_config/cfg.py:3006}}
Apr 11 18:53:39.356138 np0000165243 neutron-periodic-workers[105513]: DEBUG cotyledon.oslo_config_glue [-] OVS.igmp_flood = False {{(pid=105513) log_opt_values /opt/stack/data/venv/lib/python3.12/site-packages/oslo_config/cfg.py:3006}}
Apr 11 18:53:39.356138 np0000165243 neutron-periodic-workers[105513]: DEBUG cotyledon.oslo_config_glue [-] OVS.igmp_flood_reports = True {{(pid=105513) log_opt_values /opt/stack/data/venv/lib/python3.12/site-packages/oslo_config/cfg.py:3006}}
Apr 11 18:53:39.356138 np0000165243 neutron-periodic-workers[105513]: DEBUG cotyledon.oslo_config_glue [-] OVS.igmp_flood_unregistered = False {{(pid=105513) log_opt_values /opt/stack/data/venv/lib/python3.12/site-packages/oslo_config/cfg.py:3006}}
Apr 11 18:53:39.356138 np0000165243 neutron-periodic-workers[105513]: DEBUG cotyledon.oslo_config_glue [-] OVS.igmp_snooping_enable = False {{(pid=105513) log_opt_values /opt/stack/data/venv/lib/python3.12/site-packages/oslo_config/cfg.py:3006}}
Apr 11 18:53:39.356138 np0000165243 neutron-periodic-workers[105513]: DEBUG cotyledon.oslo_config_glue [-] OVS.ovsdb_timeout = 10 {{(pid=105513) log_opt_values /opt/stack/data/venv/lib/python3.12/site-packages/oslo_config/cfg.py:3006}}
Apr 11 18:53:39.356138 np0000165243 neutron-periodic-workers[105513]: DEBUG cotyledon.oslo_config_glue [-] ovn_nb_global.fdb_removal_limit = 0 {{(pid=105513) log_opt_values /opt/stack/data/venv/lib/python3.12/site-packages/oslo_config/cfg.py:3006}}
Apr 11 18:53:39.356138 np0000165243 neutron-periodic-workers[105513]: DEBUG cotyledon.oslo_config_glue [-] ovn_nb_global.ignore_lsp_down = False {{(pid=105513) log_opt_values /opt/stack/data/venv/lib/python3.12/site-packages/oslo_config/cfg.py:3006}}
Apr 11 18:53:39.356138 np0000165243 neutron-periodic-workers[105513]: DEBUG cotyledon.oslo_config_glue [-] ovn_nb_global.mac_binding_removal_limit = 0 {{(pid=105513) log_opt_values /opt/stack/data/venv/lib/python3.12/site-packages/oslo_config/cfg.py:3006}}
Apr 11 18:53:39.356138 np0000165243 neutron-periodic-workers[105513]: DEBUG cotyledon.oslo_config_glue [-] ******************************************************************************** {{(pid=105513) log_opt_values /opt/stack/data/venv/lib/python3.12/site-packages/oslo_config/cfg.py:3013}}
Apr 11 18:53:39.356386 np0000165243 neutron-periodic-workers[105513]: DEBUG cotyledon._service_worker [-] Run service ServiceWrapper(0) [105513] {{(pid=105513) wait_forever /opt/stack/data/venv/lib/python3.12/site-packages/cotyledon/_service_worker.py:218}}
Apr 11 18:53:49.005536 np0000165243 neutron-periodic-workers[104706]: DEBUG dbcounter [-] [104706] Writing DB stats neutron:SELECT=4 {{(pid=104706) stat_writer /opt/stack/data/venv/lib/python3.12/site-packages/dbcounter.py:115}}
Apr 11 18:54:22.356332 np0000165243 neutron-periodic-workers[105491]: DEBUG oslo_db.sqlalchemy.engines [None req-839ba7c1-561b-47d3-a11a-713e4a98577e None None] Parent process 104706 forked (105491) with an open database connection, which is being discarded and recreated. {{(pid=105491) checkout /opt/stack/data/venv/lib/python3.12/site-packages/oslo_db/sqlalchemy/engines.py:402}}
Apr 11 18:54:22.364600 np0000165243 neutron-periodic-workers[105491]: DEBUG dbcounter [-] [105491] Writer thread running {{(pid=105491) stat_writer /opt/stack/data/venv/lib/python3.12/site-packages/dbcounter.py:102}}
Apr 11 18:54:22.368506 np0000165243 neutron-periodic-workers[105491]: DEBUG neutron.db.agents_db [None req-839ba7c1-561b-47d3-a11a-713e4a98577e None None] Agent healthcheck: found 0 active agents {{(pid=105491) agent_health_check /opt/stack/neutron/neutron/db/agents_db.py:317}}
Apr 11 18:54:22.368696 np0000165243 neutron-periodic-workers[105491]: DEBUG oslo.service.backend._threading.loopingcall [None req-839ba7c1-561b-47d3-a11a-713e4a98577e None None] Fixed interval looping call 'neutron.plugins.ml2.plugin.AgentDbMixin.agent_health_check' sleeping for 36.98 seconds {{(pid=105491) _run_loop /opt/stack/data/venv/lib/python3.12/site-packages/oslo_service/backend/_threading/loopingcall.py:125}}
Apr 11 18:54:32.365340 np0000165243 neutron-periodic-workers[105491]: DEBUG dbcounter [-] [105491] Writing DB stats neutron:SELECT=1 {{(pid=105491) stat_writer /opt/stack/data/venv/lib/python3.12/site-packages/dbcounter.py:115}}
Apr 11 18:54:48.318232 np0000165243 neutron-periodic-workers[105477]: DEBUG dbcounter [-] [105477] Writer thread running {{(pid=105477) stat_writer /opt/stack/data/venv/lib/python3.12/site-packages/dbcounter.py:102}}
Apr 11 18:54:48.326544 np0000165243 neutron-periodic-workers[105477]: DEBUG oslo.service.backend._threading.loopingcall [None req-4acac255-d494-49f0-ac3d-56d2e8e9eb57 None None] Fixed interval looping call 'neutron.plugins.ml2.plugin.DhcpAgentSchedulerDbMixin.remove_networks_from_down_agents' sleeping for 36.98 seconds {{(pid=105477) _run_loop /opt/stack/data/venv/lib/python3.12/site-packages/oslo_service/backend/_threading/loopingcall.py:125}}
Apr 11 18:54:58.326865 np0000165243 neutron-periodic-workers[105477]: DEBUG dbcounter [-] [105477] Writing DB stats neutron:SELECT=3 {{(pid=105477) stat_writer /opt/stack/data/venv/lib/python3.12/site-packages/dbcounter.py:115}}
Apr 11 18:54:59.354853 np0000165243 neutron-periodic-workers[105491]: DEBUG neutron.db.agents_db [None req-839ba7c1-561b-47d3-a11a-713e4a98577e None None] Agent healthcheck: found 0 active agents {{(pid=105491) agent_health_check /opt/stack/neutron/neutron/db/agents_db.py:317}}
Apr 11 18:54:59.354853 np0000165243 neutron-periodic-workers[105491]: DEBUG oslo.service.backend._threading.loopingcall [None req-839ba7c1-561b-47d3-a11a-713e4a98577e None None] Fixed interval looping call 'neutron.plugins.ml2.plugin.AgentDbMixin.agent_health_check' sleeping for 36.99 seconds {{(pid=105491) _run_loop /opt/stack/data/venv/lib/python3.12/site-packages/oslo_service/backend/_threading/loopingcall.py:125}}
Apr 11 18:55:09.352779 np0000165243 neutron-periodic-workers[105491]: DEBUG dbcounter [-] [105491] Writing DB stats neutron:SELECT=1 {{(pid=105491) stat_writer /opt/stack/data/venv/lib/python3.12/site-packages/dbcounter.py:115}}
Apr 11 18:55:25.314082 np0000165243 neutron-periodic-workers[105477]: DEBUG oslo.service.backend._threading.loopingcall [None req-4acac255-d494-49f0-ac3d-56d2e8e9eb57 None None] Fixed interval looping call 'neutron.plugins.ml2.plugin.DhcpAgentSchedulerDbMixin.remove_networks_from_down_agents' sleeping for 36.99 seconds {{(pid=105477) _run_loop /opt/stack/data/venv/lib/python3.12/site-packages/oslo_service/backend/_threading/loopingcall.py:125}}
Apr 11 18:55:35.312957 np0000165243 neutron-periodic-workers[105477]: DEBUG dbcounter [-] [105477] Writing DB stats neutron:SELECT=3 {{(pid=105477) stat_writer /opt/stack/data/venv/lib/python3.12/site-packages/dbcounter.py:115}}
Apr 11 18:55:36.349624 np0000165243 neutron-periodic-workers[105491]: DEBUG neutron.db.agents_db [None req-839ba7c1-561b-47d3-a11a-713e4a98577e None None] Agent healthcheck: found 0 active agents {{(pid=105491) agent_health_check /opt/stack/neutron/neutron/db/agents_db.py:317}}
Apr 11 18:55:36.350125 np0000165243 neutron-periodic-workers[105491]: DEBUG oslo.service.backend._threading.loopingcall [None req-839ba7c1-561b-47d3-a11a-713e4a98577e None None] Fixed interval looping call 'neutron.plugins.ml2.plugin.AgentDbMixin.agent_health_check' sleeping for 37.00 seconds {{(pid=105491) _run_loop /opt/stack/data/venv/lib/python3.12/site-packages/oslo_service/backend/_threading/loopingcall.py:125}}
Apr 11 18:55:39.361138 np0000165243 neutron-periodic-workers[105502]: DEBUG dbcounter [-] [105502] Writer thread running {{(pid=105502) stat_writer /opt/stack/data/venv/lib/python3.12/site-packages/dbcounter.py:102}}
Apr 11 18:55:39.363185 np0000165243 neutron-periodic-workers[105502]: DEBUG oslo.service.backend._threading.loopingcall [None req-8dcd086a-44f3-4806-b2a0-87294405b641 None None] Fixed interval looping call 'neutron.db.quota.driver_nolock.DbQuotaNoLockDriver._remove_expired_reservations' sleeping for 119.98 seconds {{(pid=105502) _run_loop /opt/stack/data/venv/lib/python3.12/site-packages/oslo_service/backend/_threading/loopingcall.py:125}}
Apr 11 18:55:46.347861 np0000165243 neutron-periodic-workers[105491]: DEBUG dbcounter [-] [105491] Writing DB stats neutron:SELECT=1 {{(pid=105491) stat_writer /opt/stack/data/venv/lib/python3.12/site-packages/dbcounter.py:115}}
Apr 11 18:55:49.361899 np0000165243 neutron-periodic-workers[105502]: DEBUG dbcounter [-] [105502] Writing DB stats neutron:DELETE=1 {{(pid=105502) stat_writer /opt/stack/data/venv/lib/python3.12/site-packages/dbcounter.py:115}}
Apr 11 18:56:02.314124 np0000165243 neutron-periodic-workers[105477]: DEBUG oslo.service.backend._threading.loopingcall [None req-4acac255-d494-49f0-ac3d-56d2e8e9eb57 None None] Fixed interval looping call 'neutron.plugins.ml2.plugin.DhcpAgentSchedulerDbMixin.remove_networks_from_down_agents' sleeping for 36.99 seconds {{(pid=105477) _run_loop /opt/stack/data/venv/lib/python3.12/site-packages/oslo_service/backend/_threading/loopingcall.py:125}}
Apr 11 18:56:12.312854 np0000165243 neutron-periodic-workers[105477]: DEBUG dbcounter [-] [105477] Writing DB stats neutron:SELECT=3 {{(pid=105477) stat_writer /opt/stack/data/venv/lib/python3.12/site-packages/dbcounter.py:115}}
Apr 11 18:56:13.355435 np0000165243 neutron-periodic-workers[105491]: DEBUG neutron.db.agents_db [None req-839ba7c1-561b-47d3-a11a-713e4a98577e None None] Agent healthcheck: found 0 active agents {{(pid=105491) agent_health_check /opt/stack/neutron/neutron/db/agents_db.py:317}}
Apr 11 18:56:13.355858 np0000165243 neutron-periodic-workers[105491]: DEBUG oslo.service.backend._threading.loopingcall [None req-839ba7c1-561b-47d3-a11a-713e4a98577e None None] Fixed interval looping call 'neutron.plugins.ml2.plugin.AgentDbMixin.agent_health_check' sleeping for 36.99 seconds {{(pid=105491) _run_loop /opt/stack/data/venv/lib/python3.12/site-packages/oslo_service/backend/_threading/loopingcall.py:125}}
Apr 11 18:56:23.353654 np0000165243 neutron-periodic-workers[105491]: DEBUG dbcounter [-] [105491] Writing DB stats neutron:SELECT=1 {{(pid=105491) stat_writer /opt/stack/data/venv/lib/python3.12/site-packages/dbcounter.py:115}}
Apr 11 18:56:39.314860 np0000165243 neutron-periodic-workers[105477]: DEBUG oslo.service.backend._threading.loopingcall [None req-4acac255-d494-49f0-ac3d-56d2e8e9eb57 None None] Fixed interval looping call 'neutron.plugins.ml2.plugin.DhcpAgentSchedulerDbMixin.remove_networks_from_down_agents' sleeping for 36.99 seconds {{(pid=105477) _run_loop /opt/stack/data/venv/lib/python3.12/site-packages/oslo_service/backend/_threading/loopingcall.py:125}}
Apr 11 18:56:49.312828 np0000165243 neutron-periodic-workers[105477]: DEBUG dbcounter [-] [105477] Writing DB stats neutron:SELECT=3 {{(pid=105477) stat_writer /opt/stack/data/venv/lib/python3.12/site-packages/dbcounter.py:115}}
Apr 11 18:56:50.350984 np0000165243 neutron-periodic-workers[105491]: DEBUG neutron.db.agents_db [None req-839ba7c1-561b-47d3-a11a-713e4a98577e None None] Agent healthcheck: found 0 active agents {{(pid=105491) agent_health_check /opt/stack/neutron/neutron/db/agents_db.py:317}}
Apr 11 18:56:50.351639 np0000165243 neutron-periodic-workers[105491]: DEBUG oslo.service.backend._threading.loopingcall [None req-839ba7c1-561b-47d3-a11a-713e4a98577e None None] Fixed interval looping call 'neutron.plugins.ml2.plugin.AgentDbMixin.agent_health_check' sleeping for 36.99 seconds {{(pid=105491) _run_loop /opt/stack/data/venv/lib/python3.12/site-packages/oslo_service/backend/_threading/loopingcall.py:125}}
Apr 11 18:57:00.349356 np0000165243 neutron-periodic-workers[105491]: DEBUG dbcounter [-] [105491] Writing DB stats neutron:SELECT=1 {{(pid=105491) stat_writer /opt/stack/data/venv/lib/python3.12/site-packages/dbcounter.py:115}}
Apr 11 18:57:16.315357 np0000165243 neutron-periodic-workers[105477]: DEBUG oslo.service.backend._threading.loopingcall [None req-4acac255-d494-49f0-ac3d-56d2e8e9eb57 None None] Fixed interval looping call 'neutron.plugins.ml2.plugin.DhcpAgentSchedulerDbMixin.remove_networks_from_down_agents' sleeping for 36.99 seconds {{(pid=105477) _run_loop /opt/stack/data/venv/lib/python3.12/site-packages/oslo_service/backend/_threading/loopingcall.py:125}}
Apr 11 18:57:26.313646 np0000165243 neutron-periodic-workers[105477]: DEBUG dbcounter [-] [105477] Writing DB stats neutron:SELECT=3 {{(pid=105477) stat_writer /opt/stack/data/venv/lib/python3.12/site-packages/dbcounter.py:115}}
Apr 11 18:57:27.346898 np0000165243 neutron-periodic-workers[105491]: DEBUG neutron.db.agents_db [None req-839ba7c1-561b-47d3-a11a-713e4a98577e None None] Agent healthcheck: found 0 active agents {{(pid=105491) agent_health_check /opt/stack/neutron/neutron/db/agents_db.py:317}}
Apr 11 18:57:27.347342 np0000165243 neutron-periodic-workers[105491]: DEBUG oslo.service.backend._threading.loopingcall [None req-839ba7c1-561b-47d3-a11a-713e4a98577e None None] Fixed interval looping call 'neutron.plugins.ml2.plugin.AgentDbMixin.agent_health_check' sleeping for 36.99 seconds {{(pid=105491) _run_loop /opt/stack/data/venv/lib/python3.12/site-packages/oslo_service/backend/_threading/loopingcall.py:125}}
Apr 11 18:57:37.345069 np0000165243 neutron-periodic-workers[105491]: DEBUG dbcounter [-] [105491] Writing DB stats neutron:SELECT=1 {{(pid=105491) stat_writer /opt/stack/data/venv/lib/python3.12/site-packages/dbcounter.py:115}}
Apr 11 18:57:39.349155 np0000165243 neutron-periodic-workers[105502]: DEBUG oslo.service.backend._threading.loopingcall [None req-8dcd086a-44f3-4806-b2a0-87294405b641 None None] Fixed interval looping call 'neutron.db.quota.driver_nolock.DbQuotaNoLockDriver._remove_expired_reservations' sleeping for 119.99 seconds {{(pid=105502) _run_loop /opt/stack/data/venv/lib/python3.12/site-packages/oslo_service/backend/_threading/loopingcall.py:125}}
Apr 11 18:57:49.348180 np0000165243 neutron-periodic-workers[105502]: DEBUG dbcounter [-] [105502] Writing DB stats neutron:DELETE=1 {{(pid=105502) stat_writer /opt/stack/data/venv/lib/python3.12/site-packages/dbcounter.py:115}}
Apr 11 18:57:53.316941 np0000165243 neutron-periodic-workers[105477]: DEBUG oslo.service.backend._threading.loopingcall [None req-4acac255-d494-49f0-ac3d-56d2e8e9eb57 None None] Fixed interval looping call 'neutron.plugins.ml2.plugin.DhcpAgentSchedulerDbMixin.remove_networks_from_down_agents' sleeping for 36.99 seconds {{(pid=105477) _run_loop /opt/stack/data/venv/lib/python3.12/site-packages/oslo_service/backend/_threading/loopingcall.py:125}}
Apr 11 18:58:03.316846 np0000165243 neutron-periodic-workers[105477]: DEBUG dbcounter [-] [105477] Writing DB stats neutron:SELECT=3 {{(pid=105477) stat_writer /opt/stack/data/venv/lib/python3.12/site-packages/dbcounter.py:115}}
Apr 11 18:58:04.342565 np0000165243 neutron-periodic-workers[105491]: DEBUG neutron.db.agents_db [None req-839ba7c1-561b-47d3-a11a-713e4a98577e None None] Agent healthcheck: found 0 active agents {{(pid=105491) agent_health_check /opt/stack/neutron/neutron/db/agents_db.py:317}}
Apr 11 18:58:04.343568 np0000165243 neutron-periodic-workers[105491]: DEBUG oslo.service.backend._threading.loopingcall [None req-839ba7c1-561b-47d3-a11a-713e4a98577e None None] Fixed interval looping call 'neutron.plugins.ml2.plugin.AgentDbMixin.agent_health_check' sleeping for 36.99 seconds {{(pid=105491) _run_loop /opt/stack/data/venv/lib/python3.12/site-packages/oslo_service/backend/_threading/loopingcall.py:125}}
Apr 11 18:58:14.340777 np0000165243 neutron-periodic-workers[105491]: DEBUG dbcounter [-] [105491] Writing DB stats neutron:SELECT=1 {{(pid=105491) stat_writer /opt/stack/data/venv/lib/python3.12/site-packages/dbcounter.py:115}}
Apr 11 18:58:29.386631 np0000165243 neutron-periodic-workers[105513]: DEBUG dbcounter [-] [105513] Writer thread running {{(pid=105513) stat_writer /opt/stack/data/venv/lib/python3.12/site-packages/dbcounter.py:102}}
Apr 11 18:58:29.395719 np0000165243 neutron-periodic-workers[105513]: DEBUG oslo.service.backend._threading.loopingcall [None req-cf85158b-008d-4e39-b9d8-c3696674fedf None None] Fixed interval looping call 'neutron.services.ovn_l3.plugin.L3_NAT_dbonly_mixin._clean_garbage' sleeping for 299.96 seconds {{(pid=105513) _run_loop /opt/stack/data/venv/lib/python3.12/site-packages/oslo_service/backend/_threading/loopingcall.py:125}}
Apr 11 18:58:30.315832 np0000165243 neutron-periodic-workers[105477]: DEBUG oslo.service.backend._threading.loopingcall [None req-4acac255-d494-49f0-ac3d-56d2e8e9eb57 None None] Fixed interval looping call 'neutron.plugins.ml2.plugin.DhcpAgentSchedulerDbMixin.remove_networks_from_down_agents' sleeping for 36.99 seconds {{(pid=105477) _run_loop /opt/stack/data/venv/lib/python3.12/site-packages/oslo_service/backend/_threading/loopingcall.py:125}}
Apr 11 18:58:39.387233 np0000165243 neutron-periodic-workers[105513]: DEBUG dbcounter [-] [105513] Writing DB stats neutron:SELECT=1 {{(pid=105513) stat_writer /opt/stack/data/venv/lib/python3.12/site-packages/dbcounter.py:115}}
Apr 11 18:58:40.314381 np0000165243 neutron-periodic-workers[105477]: DEBUG dbcounter [-] [105477] Writing DB stats neutron:SELECT=3 {{(pid=105477) stat_writer /opt/stack/data/venv/lib/python3.12/site-packages/dbcounter.py:115}}
Apr 11 18:58:41.338344 np0000165243 neutron-periodic-workers[105491]: DEBUG neutron.db.agents_db [None req-839ba7c1-561b-47d3-a11a-713e4a98577e None None] Agent healthcheck: found 0 active agents {{(pid=105491) agent_health_check /opt/stack/neutron/neutron/db/agents_db.py:317}}
Apr 11 18:58:41.338344 np0000165243 neutron-periodic-workers[105491]: DEBUG oslo.service.backend._threading.loopingcall [None req-839ba7c1-561b-47d3-a11a-713e4a98577e None None] Fixed interval looping call 'neutron.plugins.ml2.plugin.AgentDbMixin.agent_health_check' sleeping for 36.99 seconds {{(pid=105491) _run_loop /opt/stack/data/venv/lib/python3.12/site-packages/oslo_service/backend/_threading/loopingcall.py:125}}
Apr 11 18:58:51.337003 np0000165243 neutron-periodic-workers[105491]: DEBUG dbcounter [-] [105491] Writing DB stats neutron:SELECT=1 {{(pid=105491) stat_writer /opt/stack/data/venv/lib/python3.12/site-packages/dbcounter.py:115}}
Apr 11 18:59:07.316847 np0000165243 neutron-periodic-workers[105477]: DEBUG oslo.service.backend._threading.loopingcall [None req-4acac255-d494-49f0-ac3d-56d2e8e9eb57 None None] Fixed interval looping call 'neutron.plugins.ml2.plugin.DhcpAgentSchedulerDbMixin.remove_networks_from_down_agents' sleeping for 36.99 seconds {{(pid=105477) _run_loop /opt/stack/data/venv/lib/python3.12/site-packages/oslo_service/backend/_threading/loopingcall.py:125}}
Apr 11 18:59:17.315885 np0000165243 neutron-periodic-workers[105477]: DEBUG dbcounter [-] [105477] Writing DB stats neutron:SELECT=3 {{(pid=105477) stat_writer /opt/stack/data/venv/lib/python3.12/site-packages/dbcounter.py:115}}
Apr 11 18:59:18.334515 np0000165243 neutron-periodic-workers[105491]: DEBUG neutron.db.agents_db [None req-839ba7c1-561b-47d3-a11a-713e4a98577e None None] Agent healthcheck: found 0 active agents {{(pid=105491) agent_health_check /opt/stack/neutron/neutron/db/agents_db.py:317}}
Apr 11 18:59:18.334515 np0000165243 neutron-periodic-workers[105491]: DEBUG oslo.service.backend._threading.loopingcall [None req-839ba7c1-561b-47d3-a11a-713e4a98577e None None] Fixed interval looping call 'neutron.plugins.ml2.plugin.AgentDbMixin.agent_health_check' sleeping for 36.99 seconds {{(pid=105491) _run_loop /opt/stack/data/venv/lib/python3.12/site-packages/oslo_service/backend/_threading/loopingcall.py:125}}
Apr 11 18:59:28.332441 np0000165243 neutron-periodic-workers[105491]: DEBUG dbcounter [-] [105491] Writing DB stats neutron:SELECT=1 {{(pid=105491) stat_writer /opt/stack/data/venv/lib/python3.12/site-packages/dbcounter.py:115}}
Apr 11 18:59:39.344600 np0000165243 neutron-periodic-workers[105502]: DEBUG oslo.service.backend._threading.loopingcall [None req-8dcd086a-44f3-4806-b2a0-87294405b641 None None] Fixed interval looping call 'neutron.db.quota.driver_nolock.DbQuotaNoLockDriver._remove_expired_reservations' sleeping for 120.00 seconds {{(pid=105502) _run_loop /opt/stack/data/venv/lib/python3.12/site-packages/oslo_service/backend/_threading/loopingcall.py:125}}
Apr 11 18:59:44.316944 np0000165243 neutron-periodic-workers[105477]: DEBUG oslo.service.backend._threading.loopingcall [None req-4acac255-d494-49f0-ac3d-56d2e8e9eb57 None None] Fixed interval looping call 'neutron.plugins.ml2.plugin.DhcpAgentSchedulerDbMixin.remove_networks_from_down_agents' sleeping for 36.99 seconds {{(pid=105477) _run_loop /opt/stack/data/venv/lib/python3.12/site-packages/oslo_service/backend/_threading/loopingcall.py:125}}
Apr 11 18:59:49.343325 np0000165243 neutron-periodic-workers[105502]: DEBUG dbcounter [-] [105502] Writing DB stats neutron:DELETE=1 {{(pid=105502) stat_writer /opt/stack/data/venv/lib/python3.12/site-packages/dbcounter.py:115}}
Apr 11 18:59:54.315283 np0000165243 neutron-periodic-workers[105477]: DEBUG dbcounter [-] [105477] Writing DB stats neutron:SELECT=3 {{(pid=105477) stat_writer /opt/stack/data/venv/lib/python3.12/site-packages/dbcounter.py:115}}
Apr 11 18:59:55.329937 np0000165243 neutron-periodic-workers[105491]: DEBUG neutron.db.agents_db [None req-839ba7c1-561b-47d3-a11a-713e4a98577e None None] Agent healthcheck: found 0 active agents {{(pid=105491) agent_health_check /opt/stack/neutron/neutron/db/agents_db.py:317}}
Apr 11 18:59:55.330615 np0000165243 neutron-periodic-workers[105491]: DEBUG oslo.service.backend._threading.loopingcall [None req-839ba7c1-561b-47d3-a11a-713e4a98577e None None] Fixed interval looping call 'neutron.plugins.ml2.plugin.AgentDbMixin.agent_health_check' sleeping for 36.99 seconds {{(pid=105491) _run_loop /opt/stack/data/venv/lib/python3.12/site-packages/oslo_service/backend/_threading/loopingcall.py:125}}
Apr 11 19:00:05.329287 np0000165243 neutron-periodic-workers[105491]: DEBUG dbcounter [-] [105491] Writing DB stats neutron:SELECT=1 {{(pid=105491) stat_writer /opt/stack/data/venv/lib/python3.12/site-packages/dbcounter.py:115}}
Apr 11 19:00:21.318168 np0000165243 neutron-periodic-workers[105477]: DEBUG oslo.service.backend._threading.loopingcall [None req-4acac255-d494-49f0-ac3d-56d2e8e9eb57 None None] Fixed interval looping call 'neutron.plugins.ml2.plugin.DhcpAgentSchedulerDbMixin.remove_networks_from_down_agents' sleeping for 36.99 seconds {{(pid=105477) _run_loop /opt/stack/data/venv/lib/python3.12/site-packages/oslo_service/backend/_threading/loopingcall.py:125}}
Apr 11 19:00:31.316614 np0000165243 neutron-periodic-workers[105477]: DEBUG dbcounter [-] [105477] Writing DB stats neutron:SELECT=3 {{(pid=105477) stat_writer /opt/stack/data/venv/lib/python3.12/site-packages/dbcounter.py:115}}
Apr 11 19:00:32.325905 np0000165243 neutron-periodic-workers[105491]: DEBUG neutron.db.agents_db [None req-839ba7c1-561b-47d3-a11a-713e4a98577e None None] Agent healthcheck: found 0 active agents {{(pid=105491) agent_health_check /opt/stack/neutron/neutron/db/agents_db.py:317}}
Apr 11 19:00:32.326666 np0000165243 neutron-periodic-workers[105491]: DEBUG oslo.service.backend._threading.loopingcall [None req-839ba7c1-561b-47d3-a11a-713e4a98577e None None] Fixed interval looping call 'neutron.plugins.ml2.plugin.AgentDbMixin.agent_health_check' sleeping for 36.99 seconds {{(pid=105491) _run_loop /opt/stack/data/venv/lib/python3.12/site-packages/oslo_service/backend/_threading/loopingcall.py:125}}
Apr 11 19:00:42.323906 np0000165243 neutron-periodic-workers[105491]: DEBUG dbcounter [-] [105491] Writing DB stats neutron:SELECT=1 {{(pid=105491) stat_writer /opt/stack/data/venv/lib/python3.12/site-packages/dbcounter.py:115}}
Apr 11 19:00:58.316677 np0000165243 neutron-periodic-workers[105477]: DEBUG oslo.service.backend._threading.loopingcall [None req-4acac255-d494-49f0-ac3d-56d2e8e9eb57 None None] Fixed interval looping call 'neutron.plugins.ml2.plugin.DhcpAgentSchedulerDbMixin.remove_networks_from_down_agents' sleeping for 36.99 seconds {{(pid=105477) _run_loop /opt/stack/data/venv/lib/python3.12/site-packages/oslo_service/backend/_threading/loopingcall.py:125}}
Apr 11 19:01:08.316828 np0000165243 neutron-periodic-workers[105477]: DEBUG dbcounter [-] [105477] Writing DB stats neutron:SELECT=3 {{(pid=105477) stat_writer /opt/stack/data/venv/lib/python3.12/site-packages/dbcounter.py:115}}
Apr 11 19:01:09.321932 np0000165243 neutron-periodic-workers[105491]: DEBUG neutron.db.agents_db [None req-839ba7c1-561b-47d3-a11a-713e4a98577e None None] Agent healthcheck: found 0 active agents {{(pid=105491) agent_health_check /opt/stack/neutron/neutron/db/agents_db.py:317}}
Apr 11 19:01:09.322468 np0000165243 neutron-periodic-workers[105491]: DEBUG oslo.service.backend._threading.loopingcall [None req-839ba7c1-561b-47d3-a11a-713e4a98577e None None] Fixed interval looping call 'neutron.plugins.ml2.plugin.AgentDbMixin.agent_health_check' sleeping for 36.99 seconds {{(pid=105491) _run_loop /opt/stack/data/venv/lib/python3.12/site-packages/oslo_service/backend/_threading/loopingcall.py:125}}
Apr 11 19:01:19.320046 np0000165243 neutron-periodic-workers[105491]: DEBUG dbcounter [-] [105491] Writing DB stats neutron:SELECT=1 {{(pid=105491) stat_writer /opt/stack/data/venv/lib/python3.12/site-packages/dbcounter.py:115}}
Apr 11 19:01:35.317041 np0000165243 neutron-periodic-workers[105477]: DEBUG oslo.service.backend._threading.loopingcall [None req-4acac255-d494-49f0-ac3d-56d2e8e9eb57 None None] Fixed interval looping call 'neutron.plugins.ml2.plugin.DhcpAgentSchedulerDbMixin.remove_networks_from_down_agents' sleeping for 36.99 seconds {{(pid=105477) _run_loop /opt/stack/data/venv/lib/python3.12/site-packages/oslo_service/backend/_threading/loopingcall.py:125}}
Apr 11 19:01:39.349225 np0000165243 neutron-periodic-workers[105502]: DEBUG oslo.service.backend._threading.loopingcall [None req-8dcd086a-44f3-4806-b2a0-87294405b641 None None] Fixed interval looping call 'neutron.db.quota.driver_nolock.DbQuotaNoLockDriver._remove_expired_reservations' sleeping for 120.00 seconds {{(pid=105502) _run_loop /opt/stack/data/venv/lib/python3.12/site-packages/oslo_service/backend/_threading/loopingcall.py:125}}
Apr 11 19:01:45.315588 np0000165243 neutron-periodic-workers[105477]: DEBUG dbcounter [-] [105477] Writing DB stats neutron:SELECT=3 {{(pid=105477) stat_writer /opt/stack/data/venv/lib/python3.12/site-packages/dbcounter.py:115}}
Apr 11 19:01:46.317542 np0000165243 neutron-periodic-workers[105491]: DEBUG neutron.db.agents_db [None req-839ba7c1-561b-47d3-a11a-713e4a98577e None None] Agent healthcheck: found 0 active agents {{(pid=105491) agent_health_check /opt/stack/neutron/neutron/db/agents_db.py:317}}
Apr 11 19:01:46.318390 np0000165243 neutron-periodic-workers[105491]: DEBUG oslo.service.backend._threading.loopingcall [None req-839ba7c1-561b-47d3-a11a-713e4a98577e None None] Fixed interval looping call 'neutron.plugins.ml2.plugin.AgentDbMixin.agent_health_check' sleeping for 36.99 seconds {{(pid=105491) _run_loop /opt/stack/data/venv/lib/python3.12/site-packages/oslo_service/backend/_threading/loopingcall.py:125}}
Apr 11 19:01:49.348745 np0000165243 neutron-periodic-workers[105502]: DEBUG dbcounter [-] [105502] Writing DB stats neutron:DELETE=1 {{(pid=105502) stat_writer /opt/stack/data/venv/lib/python3.12/site-packages/dbcounter.py:115}}
Apr 11 19:01:56.315557 np0000165243 neutron-periodic-workers[105491]: DEBUG dbcounter [-] [105491] Writing DB stats neutron:SELECT=1 {{(pid=105491) stat_writer /opt/stack/data/venv/lib/python3.12/site-packages/dbcounter.py:115}}
Apr 11 19:02:12.317829 np0000165243 neutron-periodic-workers[105477]: DEBUG oslo.service.backend._threading.loopingcall [None req-4acac255-d494-49f0-ac3d-56d2e8e9eb57 None None] Fixed interval looping call 'neutron.plugins.ml2.plugin.DhcpAgentSchedulerDbMixin.remove_networks_from_down_agents' sleeping for 36.99 seconds {{(pid=105477) _run_loop /opt/stack/data/venv/lib/python3.12/site-packages/oslo_service/backend/_threading/loopingcall.py:125}}
Apr 11 19:02:22.315525 np0000165243 neutron-periodic-workers[105477]: DEBUG dbcounter [-] [105477] Writing DB stats neutron:SELECT=3 {{(pid=105477) stat_writer /opt/stack/data/venv/lib/python3.12/site-packages/dbcounter.py:115}}
Apr 11 19:02:23.313390 np0000165243 neutron-periodic-workers[105491]: DEBUG neutron.db.agents_db [None req-839ba7c1-561b-47d3-a11a-713e4a98577e None None] Agent healthcheck: found 0 active agents {{(pid=105491) agent_health_check /opt/stack/neutron/neutron/db/agents_db.py:317}}
Apr 11 19:02:23.314497 np0000165243 neutron-periodic-workers[105491]: DEBUG oslo.service.backend._threading.loopingcall [None req-839ba7c1-561b-47d3-a11a-713e4a98577e None None] Fixed interval looping call 'neutron.plugins.ml2.plugin.AgentDbMixin.agent_health_check' sleeping for 36.99 seconds {{(pid=105491) _run_loop /opt/stack/data/venv/lib/python3.12/site-packages/oslo_service/backend/_threading/loopingcall.py:125}}
Apr 11 19:02:33.312552 np0000165243 neutron-periodic-workers[105491]: DEBUG dbcounter [-] [105491] Writing DB stats neutron:SELECT=1 {{(pid=105491) stat_writer /opt/stack/data/venv/lib/python3.12/site-packages/dbcounter.py:115}}
Apr 11 19:02:49.320651 np0000165243 neutron-periodic-workers[105477]: DEBUG oslo.service.backend._threading.loopingcall [None req-4acac255-d494-49f0-ac3d-56d2e8e9eb57 None None] Fixed interval looping call 'neutron.plugins.ml2.plugin.DhcpAgentSchedulerDbMixin.remove_networks_from_down_agents' sleeping for 36.99 seconds {{(pid=105477) _run_loop /opt/stack/data/venv/lib/python3.12/site-packages/oslo_service/backend/_threading/loopingcall.py:125}}
Apr 11 19:02:59.320263 np0000165243 neutron-periodic-workers[105477]: DEBUG dbcounter [-] [105477] Writing DB stats neutron:SELECT=3 {{(pid=105477) stat_writer /opt/stack/data/venv/lib/python3.12/site-packages/dbcounter.py:115}}
Apr 11 19:03:00.310788 np0000165243 neutron-periodic-workers[105491]: DEBUG neutron.db.agents_db [None req-839ba7c1-561b-47d3-a11a-713e4a98577e None None] Agent healthcheck: found 0 active agents {{(pid=105491) agent_health_check /opt/stack/neutron/neutron/db/agents_db.py:317}}
Apr 11 19:03:00.310788 np0000165243 neutron-periodic-workers[105491]: DEBUG oslo.service.backend._threading.loopingcall [None req-839ba7c1-561b-47d3-a11a-713e4a98577e None None] Fixed interval looping call 'neutron.plugins.ml2.plugin.AgentDbMixin.agent_health_check' sleeping for 36.99 seconds {{(pid=105491) _run_loop /opt/stack/data/venv/lib/python3.12/site-packages/oslo_service/backend/_threading/loopingcall.py:125}}
Apr 11 19:03:10.308300 np0000165243 neutron-periodic-workers[105491]: DEBUG dbcounter [-] [105491] Writing DB stats neutron:SELECT=1 {{(pid=105491) stat_writer /opt/stack/data/venv/lib/python3.12/site-packages/dbcounter.py:115}}
Apr 11 19:03:26.316831 np0000165243 neutron-periodic-workers[105477]: DEBUG oslo.service.backend._threading.loopingcall [None req-4acac255-d494-49f0-ac3d-56d2e8e9eb57 None None] Fixed interval looping call 'neutron.plugins.ml2.plugin.DhcpAgentSchedulerDbMixin.remove_networks_from_down_agents' sleeping for 36.99 seconds {{(pid=105477) _run_loop /opt/stack/data/venv/lib/python3.12/site-packages/oslo_service/backend/_threading/loopingcall.py:125}}
Apr 11 19:03:29.363628 np0000165243 neutron-periodic-workers[105513]: DEBUG oslo.service.backend._threading.loopingcall [None req-cf85158b-008d-4e39-b9d8-c3696674fedf None None] Fixed interval looping call 'neutron.services.ovn_l3.plugin.L3_NAT_dbonly_mixin._clean_garbage' sleeping for 299.99 seconds {{(pid=105513) _run_loop /opt/stack/data/venv/lib/python3.12/site-packages/oslo_service/backend/_threading/loopingcall.py:125}}
Apr 11 19:03:36.316351 np0000165243 neutron-periodic-workers[105477]: DEBUG dbcounter [-] [105477] Writing DB stats neutron:SELECT=3 {{(pid=105477) stat_writer /opt/stack/data/venv/lib/python3.12/site-packages/dbcounter.py:115}}
