2026-05-26 22:27:55.713 8 INFO neutron.db.ovn_revision_numbers_db [None req-a0e41ca2-e307-4567-bdce-629da087ce22 - - - - - -] Successfully bumped revision number for resource df82790a-7b10-426a-a7b6-752261ed3ec0 (type: ports) to 6 [pid: 7|app: 0|req: 1927/3661] 199.204.45.162 () {34 vars in 994 bytes} [Tue May 26 22:27:56 2026] GET /v2.0/ports?device_id=783eef30-68c6-457d-8143-186d0269d659 => generated 1198 bytes in 39 msecs (HTTP/1.1 200) 4 headers in 158 bytes (1 switches on core 0) /var/lib/openstack/lib/python3.12/site-packages/pycadf/identifier.py:70: UserWarning: Invalid uuid: neutron. To ensure interoperability, identifiers should be a valid uuid. warnings.warn(('Invalid uuid: %s. To ensure interoperability, '
2026-05-26 22:27:56.854 8 INFO neutron_taas.services.taas.taas_plugin [req-5cb764c5-33a8-4fd5-b1bd-ceac3308e385 req-8260b720-c303-4bef-bac7-ebe784ef6483 209ba852b98b429eb19cd21f7a233779 e4e1dc83681f4db791bdde9b8996c169 - - default default] TaaS: Handle Delete Port: df82790a-7b10-426a-a7b6-752261ed3ec0
2026-05-26 22:27:56.858 8 INFO neutron_taas.services.taas.tap_mirror_plugin [req-5cb764c5-33a8-4fd5-b1bd-ceac3308e385 req-8260b720-c303-4bef-bac7-ebe784ef6483 209ba852b98b429eb19cd21f7a233779 e4e1dc83681f4db791bdde9b8996c169 - - default default] Tap Mirror: Handle Delete Port: df82790a-7b10-426a-a7b6-752261ed3ec0 [pid: 8|app: 0|req: 1735/3662] 199.204.45.162 () {36 vars in 997 bytes} [Tue May 26 22:27:56 2026] DELETE /v2.0/ports/df82790a-7b10-426a-a7b6-752261ed3ec0 => generated 0 bytes in 371 msecs (HTTP/1.1 204) 3 headers in 131 bytes (1 switches on core 0)
2026-05-26 22:27:57.611 8 INFO neutron.notifiers.nova [-] Nova event matching ['req-566c7a7b-0387-4b8a-b16d-6d7d9b2f8237'] response: {'server_uuid': '783eef30-68c6-457d-8143-186d0269d659', 'name': 'network-vif-unplugged', 'status': 'completed', 'tag': 'df82790a-7b10-426a-a7b6-752261ed3ec0', 'code': 200}
2026-05-26 22:27:57.611 8 INFO neutron.notifiers.nova [-] Nova event matching ['req-566c7a7b-0387-4b8a-b16d-6d7d9b2f8237'] response: {'server_uuid': '783eef30-68c6-457d-8143-186d0269d659', 'name': 'network-vif-deleted', 'tag': 'df82790a-7b10-426a-a7b6-752261ed3ec0', 'status': 'completed', 'code': 200} [pid: 7|app: 0|req: 1928/3663] 10.0.0.142 () {34 vars in 990 bytes} [Tue May 26 22:27:59 2026] GET /v2.0/ports?device_id=783eef30-68c6-457d-8143-186d0269d659 => generated 12 bytes in 26 msecs (HTTP/1.1 200) 4 headers in 156 bytes (1 switches on core 0) [pid: 8|app: 0|req: 1736/3664] 10.0.0.204 () {32 vars in 750 bytes} [Tue May 26 22:28:04 2026] DELETE /v2.0/security-group-rules/adcf99d5-a1ef-40e8-8c0c-64a46d14c64a => generated 0 bytes in 171 msecs (HTTP/1.1 204) 2 headers in 112 bytes (1 switches on core 0)
2026-05-26 22:28:04.844 7 INFO neutron.api.v2.resource [None req-a12367de-6a01-4936-864f-5036fed33b11 209ba852b98b429eb19cd21f7a233779 e4e1dc83681f4db791bdde9b8996c169 - - default default] show failed (client error): The resource could not be found. [pid: 7|app: 0|req: 1929/3665] 10.0.0.204 () {32 vars in 747 bytes} [Tue May 26 22:28:04 2026] GET /v2.0/security-group-rules/adcf99d5-a1ef-40e8-8c0c-64a46d14c64a => generated 155 bytes in 12 msecs (HTTP/1.1 404) 4 headers in 164 bytes (1 switches on core 0) [pid: 8|app: 0|req: 1737/3666] 10.0.0.204 () {32 vars in 750 bytes} [Tue May 26 22:28:04 2026] DELETE /v2.0/security-group-rules/943fac14-9a75-4133-89c9-913568adb09b => generated 0 bytes in 148 msecs (HTTP/1.1 204) 2 headers in 112 bytes (1 switches on core 0)
2026-05-26 22:28:05.011 7 INFO neutron.api.v2.resource [None req-ee7f2e52-8dbe-4b1f-b90d-52241423ddbe 209ba852b98b429eb19cd21f7a233779 e4e1dc83681f4db791bdde9b8996c169 - - default default] show failed (client error): The resource could not be found. [pid: 7|app: 0|req: 1930/3667] 10.0.0.204 () {32 vars in 747 bytes} [Tue May 26 22:28:05 2026] GET /v2.0/security-group-rules/943fac14-9a75-4133-89c9-913568adb09b => generated 155 bytes in 11 msecs (HTTP/1.1 404) 4 headers in 164 bytes (1 switches on core 0) [pid: 8|app: 0|req: 1738/3668] 10.0.0.204 () {32 vars in 750 bytes} [Tue May 26 22:28:05 2026] DELETE /v2.0/security-group-rules/85b78149-8d3a-495b-94ba-50612565d61a => generated 0 bytes in 144 msecs (HTTP/1.1 204) 2 headers in 112 bytes (1 switches on core 0)
2026-05-26 22:28:05.178 7 INFO neutron.api.v2.resource [None req-769dd83e-899c-4d79-98a9-9e90e67c8278 209ba852b98b429eb19cd21f7a233779 e4e1dc83681f4db791bdde9b8996c169 - - default default] show failed (client error): The resource could not be found. [pid: 7|app: 0|req: 1931/3669] 10.0.0.204 () {32 vars in 747 bytes} [Tue May 26 22:28:05 2026] GET /v2.0/security-group-rules/85b78149-8d3a-495b-94ba-50612565d61a => generated 155 bytes in 13 msecs (HTTP/1.1 404) 4 headers in 164 bytes (1 switches on core 0) [pid: 8|app: 0|req: 1739/3670] 10.0.0.204 () {32 vars in 750 bytes} [Tue May 26 22:28:05 2026] DELETE /v2.0/security-group-rules/471ab24f-fac6-48d0-bc00-fad6b1b8e404 => generated 0 bytes in 135 msecs (HTTP/1.1 204) 2 headers in 112 bytes (1 switches on core 0)
2026-05-26 22:28:05.332 7 INFO neutron.api.v2.resource [None req-5ae8149d-096c-424f-b34e-d9594c1a343f 209ba852b98b429eb19cd21f7a233779 e4e1dc83681f4db791bdde9b8996c169 - - default default] show failed (client error): The resource could not be found. [pid: 7|app: 0|req: 1932/3671] 10.0.0.204 () {32 vars in 747 bytes} [Tue May 26 22:28:05 2026] GET /v2.0/security-group-rules/471ab24f-fac6-48d0-bc00-fad6b1b8e404 => generated 155 bytes in 11 msecs (HTTP/1.1 404) 4 headers in 164 bytes (1 switches on core 0) [pid: 8|app: 0|req: 1740/3672] 10.0.0.204 () {32 vars in 750 bytes} [Tue May 26 22:28:05 2026] DELETE /v2.0/security-group-rules/e1d26422-e4f0-40fd-a7e4-c9f1d66180b1 => generated 0 bytes in 122 msecs (HTTP/1.1 204) 2 headers in 112 bytes (1 switches on core 0)
2026-05-26 22:28:05.471 7 INFO neutron.api.v2.resource [None req-4531fe8c-f604-4b55-849e-073940f14279 209ba852b98b429eb19cd21f7a233779 e4e1dc83681f4db791bdde9b8996c169 - - default default] show failed (client error): The resource could not be found. [pid: 7|app: 0|req: 1933/3673] 10.0.0.204 () {32 vars in 747 bytes} [Tue May 26 22:28:05 2026] GET /v2.0/security-group-rules/e1d26422-e4f0-40fd-a7e4-c9f1d66180b1 => generated 155 bytes in 11 msecs (HTTP/1.1 404) 4 headers in 164 bytes (1 switches on core 0) [pid: 8|app: 0|req: 1741/3674] 10.0.0.204 () {32 vars in 750 bytes} [Tue May 26 22:28:05 2026] DELETE /v2.0/security-group-rules/1ab79aad-7ad5-49fe-a0c3-e18e1bbdce8c => generated 0 bytes in 95 msecs (HTTP/1.1 204) 2 headers in 112 bytes (1 switches on core 0)
2026-05-26 22:28:05.602 7 INFO neutron.api.v2.resource [None req-8d0a43dc-ae1d-4640-97ab-25826b3e6267 209ba852b98b429eb19cd21f7a233779 e4e1dc83681f4db791bdde9b8996c169 - - default default] show failed (client error): The resource could not be found. [pid: 7|app: 0|req: 1934/3675] 10.0.0.204 () {32 vars in 747 bytes} [Tue May 26 22:28:05 2026] GET /v2.0/security-group-rules/1ab79aad-7ad5-49fe-a0c3-e18e1bbdce8c => generated 155 bytes in 30 msecs (HTTP/1.1 404) 4 headers in 164 bytes (1 switches on core 0) [pid: 8|app: 0|req: 1742/3676] 10.0.0.204 () {32 vars in 750 bytes} [Tue May 26 22:28:05 2026] DELETE /v2.0/security-group-rules/30f9c58e-7200-4d19-819a-ad5b35dc193d => generated 0 bytes in 140 msecs (HTTP/1.1 204) 2 headers in 112 bytes (1 switches on core 0)
2026-05-26 22:28:05.762 7 INFO neutron.api.v2.resource [None req-a7b1cfbb-f10f-4497-949e-963c4860d53d 209ba852b98b429eb19cd21f7a233779 e4e1dc83681f4db791bdde9b8996c169 - - default default] show failed (client error): The resource could not be found. [pid: 7|app: 0|req: 1935/3677] 10.0.0.204 () {32 vars in 747 bytes} [Tue May 26 22:28:05 2026] GET /v2.0/security-group-rules/30f9c58e-7200-4d19-819a-ad5b35dc193d => generated 155 bytes in 11 msecs (HTTP/1.1 404) 4 headers in 164 bytes (1 switches on core 0) [pid: 8|app: 0|req: 1743/3678] 10.0.0.204 () {32 vars in 750 bytes} [Tue May 26 22:28:05 2026] DELETE /v2.0/security-group-rules/49ec96a2-86e0-4bd1-8fe4-fff26dead23c => generated 0 bytes in 137 msecs (HTTP/1.1 204) 2 headers in 112 bytes (1 switches on core 0)
2026-05-26 22:28:05.919 7 INFO neutron.api.v2.resource [None req-809f1799-0835-46b8-8095-f9cb7afab0ed 209ba852b98b429eb19cd21f7a233779 e4e1dc83681f4db791bdde9b8996c169 - - default default] show failed (client error): The resource could not be found. [pid: 7|app: 0|req: 1936/3679] 10.0.0.204 () {32 vars in 747 bytes} [Tue May 26 22:28:05 2026] GET /v2.0/security-group-rules/49ec96a2-86e0-4bd1-8fe4-fff26dead23c => generated 155 bytes in 12 msecs (HTTP/1.1 404) 4 headers in 164 bytes (1 switches on core 0) [pid: 8|app: 0|req: 1744/3680] 10.0.0.204 () {32 vars in 750 bytes} [Tue May 26 22:28:05 2026] DELETE /v2.0/security-group-rules/9bb2f5e6-f12c-418f-bd9c-1fa73865f10b => generated 0 bytes in 128 msecs (HTTP/1.1 204) 2 headers in 112 bytes (1 switches on core 0)
2026-05-26 22:28:06.067 7 INFO neutron.api.v2.resource [None req-a346bba2-8269-42f2-a9db-2271499dd5b4 209ba852b98b429eb19cd21f7a233779 e4e1dc83681f4db791bdde9b8996c169 - - default default] show failed (client error): The resource could not be found. [pid: 7|app: 0|req: 1937/3681] 10.0.0.204 () {32 vars in 747 bytes} [Tue May 26 22:28:06 2026] GET /v2.0/security-group-rules/9bb2f5e6-f12c-418f-bd9c-1fa73865f10b => generated 155 bytes in 12 msecs (HTTP/1.1 404) 4 headers in 164 bytes (1 switches on core 0) [pid: 8|app: 0|req: 1745/3682] 10.0.0.204 () {32 vars in 750 bytes} [Tue May 26 22:28:06 2026] DELETE /v2.0/security-group-rules/8450baf0-b16a-4cb8-9880-c329d0331a5f => generated 0 bytes in 123 msecs (HTTP/1.1 204) 2 headers in 112 bytes (1 switches on core 0)
2026-05-26 22:28:06.211 7 INFO neutron.api.v2.resource [None req-e82e9966-d446-4f31-a90b-8b2470d37c8a 209ba852b98b429eb19cd21f7a233779 e4e1dc83681f4db791bdde9b8996c169 - - default default] show failed (client error): The resource could not be found. [pid: 7|app: 0|req: 1938/3683] 10.0.0.204 () {32 vars in 747 bytes} [Tue May 26 22:28:06 2026] GET /v2.0/security-group-rules/8450baf0-b16a-4cb8-9880-c329d0331a5f => generated 155 bytes in 12 msecs (HTTP/1.1 404) 4 headers in 164 bytes (1 switches on core 0) [pid: 8|app: 0|req: 1746/3684] 10.0.0.204 () {32 vars in 750 bytes} [Tue May 26 22:28:06 2026] DELETE /v2.0/security-group-rules/a3ac66b6-b8e7-4932-82a9-5eb983149add => generated 0 bytes in 112 msecs (HTTP/1.1 204) 2 headers in 112 bytes (1 switches on core 0)
2026-05-26 22:28:06.345 7 INFO neutron.api.v2.resource [None req-1a9347ad-99bb-41ff-b25c-f074e17bd3f8 209ba852b98b429eb19cd21f7a233779 e4e1dc83681f4db791bdde9b8996c169 - - default default] show failed (client error): The resource could not be found. [pid: 7|app: 0|req: 1939/3685] 10.0.0.204 () {32 vars in 747 bytes} [Tue May 26 22:28:06 2026] GET /v2.0/security-group-rules/a3ac66b6-b8e7-4932-82a9-5eb983149add => generated 155 bytes in 12 msecs (HTTP/1.1 404) 4 headers in 164 bytes (1 switches on core 0) [pid: 8|app: 0|req: 1747/3686] 10.0.0.204 () {32 vars in 740 bytes} [Tue May 26 22:28:06 2026] DELETE /v2.0/security-groups/139bd0c0-2884-493b-8043-deea297423d3 => generated 0 bytes in 130 msecs (HTTP/1.1 204) 2 headers in 112 bytes (1 switches on core 0)
2026-05-26 22:28:06.499 7 INFO neutron.api.v2.resource [None req-8a353bf7-8a14-4500-b2bf-8fe524f0316b 209ba852b98b429eb19cd21f7a233779 e4e1dc83681f4db791bdde9b8996c169 - - default default] show failed (client error): The resource could not be found. [pid: 7|app: 0|req: 1940/3687] 10.0.0.204 () {32 vars in 737 bytes} [Tue May 26 22:28:06 2026] GET /v2.0/security-groups/139bd0c0-2884-493b-8043-deea297423d3 => generated 146 bytes in 16 msecs (HTTP/1.1 404) 4 headers in 164 bytes (1 switches on core 0)
2026-05-26 22:28:06.822 8 INFO neutron_taas.services.taas.taas_plugin [None req-ce0e7d9c-3565-4cd5-90af-f625cfd0594a 209ba852b98b429eb19cd21f7a233779 e4e1dc83681f4db791bdde9b8996c169 - - default default] TaaS: Handle Delete Port: d6f976f6-8b49-4f7e-b484-2f00cbfd3f07
2026-05-26 22:28:06.826 8 INFO neutron_taas.services.taas.tap_mirror_plugin [None req-ce0e7d9c-3565-4cd5-90af-f625cfd0594a 209ba852b98b429eb19cd21f7a233779 e4e1dc83681f4db791bdde9b8996c169 - - default default] Tap Mirror: Handle Delete Port: d6f976f6-8b49-4f7e-b484-2f00cbfd3f07 [pid: 8|app: 0|req: 1748/3688] 10.0.0.204 () {34 vars in 789 bytes} [Tue May 26 22:28:06 2026] PUT /v2.0/routers/a6fb6d07-f195-48dc-b3c6-e80e989c245f/remove_router_interface => generated 309 bytes in 786 msecs (HTTP/1.1 200) 4 headers in 157 bytes (1 switches on core 0)
2026-05-26 22:28:07.441 7 INFO neutron.api.v2.resource [None req-d5e5929c-7e08-4762-925e-1752853f5769 209ba852b98b429eb19cd21f7a233779 e4e1dc83681f4db791bdde9b8996c169 - - default default] remove_router_interface failed (client error): The resource could not be found. [pid: 7|app: 0|req: 1941/3689] 10.0.0.204 () {34 vars in 789 bytes} [Tue May 26 22:28:07 2026] PUT /v2.0/routers/a6fb6d07-f195-48dc-b3c6-e80e989c245f/remove_router_interface => generated 198 bytes in 99 msecs (HTTP/1.1 404) 4 headers in 164 bytes (1 switches on core 0) /var/lib/openstack/lib/python3.12/site-packages/pycadf/identifier.py:70: UserWarning: Invalid uuid: neutron. To ensure interoperability, identifiers should be a valid uuid. warnings.warn(('Invalid uuid: %s. To ensure interoperability, '
2026-05-26 22:28:07.699 8 INFO neutron_taas.services.taas.taas_plugin [None req-da53b284-34b6-4670-b9d5-74fd963a0f73 209ba852b98b429eb19cd21f7a233779 e4e1dc83681f4db791bdde9b8996c169 - - default default] TaaS: Handle Delete Port: fe6e825c-d43f-4c0f-af7f-61fa3bc05f2d
2026-05-26 22:28:07.702 8 INFO neutron_taas.services.taas.tap_mirror_plugin [None req-da53b284-34b6-4670-b9d5-74fd963a0f73 209ba852b98b429eb19cd21f7a233779 e4e1dc83681f4db791bdde9b8996c169 - - default default] Tap Mirror: Handle Delete Port: fe6e825c-d43f-4c0f-af7f-61fa3bc05f2d [pid: 8|app: 0|req: 1749/3690] 10.0.0.204 () {34 vars in 789 bytes} [Tue May 26 22:28:07 2026] PUT /v2.0/routers/a6fb6d07-f195-48dc-b3c6-e80e989c245f/remove_router_interface => generated 309 bytes in 802 msecs (HTTP/1.1 200) 4 headers in 157 bytes (1 switches on core 0)
2026-05-26 22:28:08.348 7 INFO neutron.api.v2.resource [None req-278f4c04-4e53-4a59-a37c-3bf781877414 209ba852b98b429eb19cd21f7a233779 e4e1dc83681f4db791bdde9b8996c169 - - default default] remove_router_interface failed (client error): The resource could not be found. [pid: 7|app: 0|req: 1942/3691] 10.0.0.204 () {34 vars in 789 bytes} [Tue May 26 22:28:08 2026] PUT /v2.0/routers/a6fb6d07-f195-48dc-b3c6-e80e989c245f/remove_router_interface => generated 198 bytes in 95 msecs (HTTP/1.1 404) 4 headers in 164 bytes (1 switches on core 0) /var/lib/openstack/lib/python3.12/site-packages/pycadf/identifier.py:70: UserWarning: Invalid uuid: neutron. To ensure interoperability, identifiers should be a valid uuid. warnings.warn(('Invalid uuid: %s. To ensure interoperability, '
2026-05-26 22:28:08.618 8 INFO neutron_taas.services.taas.taas_plugin [None req-c96c68ca-f00e-410d-9360-8d89165cbfdc 209ba852b98b429eb19cd21f7a233779 e4e1dc83681f4db791bdde9b8996c169 - - default default] TaaS: Handle Delete Port: 370ee7e0-671c-49f2-8456-232bc324c7a8
2026-05-26 22:28:08.622 8 INFO neutron_taas.services.taas.tap_mirror_plugin [None req-c96c68ca-f00e-410d-9360-8d89165cbfdc 209ba852b98b429eb19cd21f7a233779 e4e1dc83681f4db791bdde9b8996c169 - - default default] Tap Mirror: Handle Delete Port: 370ee7e0-671c-49f2-8456-232bc324c7a8 [pid: 8|app: 0|req: 1750/3692] 10.0.0.204 () {34 vars in 789 bytes} [Tue May 26 22:28:08 2026] PUT /v2.0/routers/a6fb6d07-f195-48dc-b3c6-e80e989c245f/remove_router_interface => generated 309 bytes in 839 msecs (HTTP/1.1 200) 4 headers in 157 bytes (1 switches on core 0)
2026-05-26 22:28:09.300 7 INFO neutron.api.v2.resource [None req-ed94a47e-7710-4068-ba96-d1cc3f43c181 209ba852b98b429eb19cd21f7a233779 e4e1dc83681f4db791bdde9b8996c169 - - default default] remove_router_interface failed (client error): The resource could not be found. [pid: 7|app: 0|req: 1943/3693] 10.0.0.204 () {34 vars in 789 bytes} [Tue May 26 22:28:09 2026] PUT /v2.0/routers/a6fb6d07-f195-48dc-b3c6-e80e989c245f/remove_router_interface => generated 198 bytes in 106 msecs (HTTP/1.1 404) 4 headers in 164 bytes (1 switches on core 0) /var/lib/openstack/lib/python3.12/site-packages/pycadf/identifier.py:70: UserWarning: Invalid uuid: neutron. To ensure interoperability, identifiers should be a valid uuid. warnings.warn(('Invalid uuid: %s. To ensure interoperability, '
2026-05-26 22:28:10.039 8 INFO neutron_taas.services.taas.taas_plugin [None req-34dfa1bc-14ca-4029-aff6-a87da3210bb0 209ba852b98b429eb19cd21f7a233779 e4e1dc83681f4db791bdde9b8996c169 - - default default] TaaS: Handle Delete Port: 841a78be-6fdc-45ab-b441-f0a54ef32d98
2026-05-26 22:28:10.041 8 INFO neutron_taas.services.taas.tap_mirror_plugin [None req-34dfa1bc-14ca-4029-aff6-a87da3210bb0 209ba852b98b429eb19cd21f7a233779 e4e1dc83681f4db791bdde9b8996c169 - - default default] Tap Mirror: Handle Delete Port: 841a78be-6fdc-45ab-b441-f0a54ef32d98 [pid: 8|app: 0|req: 1751/3694] 10.0.0.204 () {32 vars in 724 bytes} [Tue May 26 22:28:09 2026] DELETE /v2.0/routers/a6fb6d07-f195-48dc-b3c6-e80e989c245f => generated 0 bytes in 1148 msecs (HTTP/1.1 204) 2 headers in 112 bytes (1 switches on core 0)
2026-05-26 22:28:10.477 7 INFO neutron.api.v2.resource [None req-199688b1-5a2e-4c22-a6f5-09ab283f307a 209ba852b98b429eb19cd21f7a233779 e4e1dc83681f4db791bdde9b8996c169 - - default default] show failed (client error): The resource could not be found. [pid: 7|app: 0|req: 1944/3695] 10.0.0.204 () {32 vars in 721 bytes} [Tue May 26 22:28:10 2026] GET /v2.0/routers/a6fb6d07-f195-48dc-b3c6-e80e989c245f => generated 135 bytes in 18 msecs (HTTP/1.1 404) 4 headers in 164 bytes (1 switches on core 0) [pid: 8|app: 0|req: 1752/3696] 10.0.0.204 () {32 vars in 724 bytes} [Tue May 26 22:28:10 2026] DELETE /v2.0/subnets/20a5031e-4252-4de7-acad-82fcffdbf90f => generated 0 bytes in 122 msecs (HTTP/1.1 204) 3 headers in 131 bytes (1 switches on core 0)
2026-05-26 22:28:10.626 7 INFO neutron.pecan_wsgi.hooks.translation [None req-0232920c-08bb-4705-816f-9c1d84c040fd 209ba852b98b429eb19cd21f7a233779 e4e1dc83681f4db791bdde9b8996c169 - - default default] GET failed (client error): The resource could not be found. [pid: 7|app: 0|req: 1945/3697] 10.0.0.204 () {32 vars in 721 bytes} [Tue May 26 22:28:10 2026] GET /v2.0/subnets/20a5031e-4252-4de7-acad-82fcffdbf90f => generated 136 bytes in 17 msecs (HTTP/1.1 404) 4 headers in 164 bytes (1 switches on core 0) [pid: 8|app: 0|req: 1753/3698] 10.0.0.204 () {32 vars in 724 bytes} [Tue May 26 22:28:10 2026] DELETE /v2.0/subnets/df0ad439-5a6f-4fb4-9903-b3ffd363dee7 => generated 0 bytes in 168 msecs (HTTP/1.1 204) 3 headers in 131 bytes (1 switches on core 0)
2026-05-26 22:28:10.818 7 INFO neutron.pecan_wsgi.hooks.translation [None req-45b9aaf9-7017-43c2-850d-0dd0d0da7139 209ba852b98b429eb19cd21f7a233779 e4e1dc83681f4db791bdde9b8996c169 - - default default] GET failed (client error): The resource could not be found. [pid: 7|app: 0|req: 1946/3699] 10.0.0.204 () {32 vars in 721 bytes} [Tue May 26 22:28:10 2026] GET /v2.0/subnets/df0ad439-5a6f-4fb4-9903-b3ffd363dee7 => generated 136 bytes in 14 msecs (HTTP/1.1 404) 4 headers in 164 bytes (1 switches on core 0)
2026-05-26 22:28:10.941 8 INFO neutron_taas.services.taas.taas_plugin [None req-a78419bc-751c-4b25-a453-45355933ed18 209ba852b98b429eb19cd21f7a233779 e4e1dc83681f4db791bdde9b8996c169 - - default default] TaaS: Handle Delete Port: b61b979a-0792-424e-834f-9d3144ac13bc
2026-05-26 22:28:10.944 8 INFO neutron_taas.services.taas.tap_mirror_plugin [None req-a78419bc-751c-4b25-a453-45355933ed18 209ba852b98b429eb19cd21f7a233779 e4e1dc83681f4db791bdde9b8996c169 - - default default] Tap Mirror: Handle Delete Port: b61b979a-0792-424e-834f-9d3144ac13bc
2026-05-26 22:28:11.170 8 INFO neutron.services.segments.plugin [-] Segment f4be809e-ea5c-4e90-98de-447fbe4e932b resource provider aggregate not found
2026-05-26 22:28:11.184 8 INFO neutron.services.segments.plugin [-] Segment f4be809e-ea5c-4e90-98de-447fbe4e932b resource provider not found; error: Placement Client Error (4xx): {"errors": [{"status": 404, "title": "Not Found", "detail": "The resource could not be found.\n\n No resource provider with uuid f4be809e-ea5c-4e90-98de-447fbe4e932b found for delete ", "request_id": "req-103c5638-7fd0-4c4b-804b-1643ee56d211"}]}
2026-05-26 22:28:11.184 8 INFO neutron.services.segments.plugin [-] Segment f4be809e-ea5c-4e90-98de-447fbe4e932b resource provider aggregate not found [pid: 8|app: 0|req: 1754/3702] 10.0.0.204 () {32 vars in 726 bytes} [Tue May 26 22:28:10 2026] DELETE /v2.0/networks/ae44c69c-c158-4ee8-90fd-6dee82f2bbcc => generated 0 bytes in 366 msecs (HTTP/1.1 204) 3 headers in 131 bytes (1 switches on core 0)
2026-05-26 22:28:11.201 8 INFO neutron.services.segments.plugin [-] Segment f4be809e-ea5c-4e90-98de-447fbe4e932b resource provider not found; error: Placement Client Error (4xx): {"errors": [{"status": 404, "title": "Not Found", "detail": "The resource could not be found.\n\n No resource provider with uuid f4be809e-ea5c-4e90-98de-447fbe4e932b found for delete ", "request_id": "req-121dba93-1346-4edb-9c4e-e35190c0fb10"}]}
2026-05-26 22:28:11.210 7 INFO neutron.pecan_wsgi.hooks.translation [None req-ff8a68fa-e008-47b2-9951-882e8d7a3293 209ba852b98b429eb19cd21f7a233779 e4e1dc83681f4db791bdde9b8996c169 - - default default] GET failed (client error): The resource could not be found. [pid: 7|app: 0|req: 1949/3703] 10.0.0.204 () {32 vars in 723 bytes} [Tue May 26 22:28:11 2026] GET /v2.0/networks/ae44c69c-c158-4ee8-90fd-6dee82f2bbcc => generated 138 bytes in 11 msecs (HTTP/1.1 404) 4 headers in 164 bytes (1 switches on core 0) [pid: 8|app: 0|req: 1755/3704] 10.0.0.204 () {32 vars in 724 bytes} [Tue May 26 22:28:11 2026] DELETE /v2.0/subnets/59bb33d7-483b-46fb-b3a8-eaef66260f19 => generated 0 bytes in 137 msecs (HTTP/1.1 204) 3 headers in 131 bytes (1 switches on core 0)
2026-05-26 22:28:11.378 7 INFO neutron.pecan_wsgi.hooks.translation [None req-77354ff9-4c54-40c9-b9f3-f736d98d52d3 209ba852b98b429eb19cd21f7a233779 e4e1dc83681f4db791bdde9b8996c169 - - default default] GET failed (client error): The resource could not be found. [pid: 7|app: 0|req: 1950/3705] 10.0.0.204 () {32 vars in 721 bytes} [Tue May 26 22:28:11 2026] GET /v2.0/subnets/59bb33d7-483b-46fb-b3a8-eaef66260f19 => generated 136 bytes in 17 msecs (HTTP/1.1 404) 4 headers in 164 bytes (1 switches on core 0) [pid: 8|app: 0|req: 1756/3706] 10.0.0.204 () {32 vars in 724 bytes} [Tue May 26 22:28:11 2026] DELETE /v2.0/subnets/68b8b6cb-3455-474c-9bbf-edfa8560da94 => generated 0 bytes in 158 msecs (HTTP/1.1 204) 3 headers in 131 bytes (1 switches on core 0)
2026-05-26 22:28:11.564 7 INFO neutron.pecan_wsgi.hooks.translation [None req-e69d1fa6-a4bc-495c-964c-065856c521b4 209ba852b98b429eb19cd21f7a233779 e4e1dc83681f4db791bdde9b8996c169 - - default default] GET failed (client error): The resource could not be found. [pid: 7|app: 0|req: 1951/3707] 10.0.0.204 () {32 vars in 721 bytes} [Tue May 26 22:28:11 2026] GET /v2.0/subnets/68b8b6cb-3455-474c-9bbf-edfa8560da94 => generated 136 bytes in 17 msecs (HTTP/1.1 404) 4 headers in 164 bytes (1 switches on core 0)
2026-05-26 22:28:11.682 8 INFO neutron_taas.services.taas.taas_plugin [None req-d3d74bed-08b6-40e8-ba27-51a27d44a139 209ba852b98b429eb19cd21f7a233779 e4e1dc83681f4db791bdde9b8996c169 - - default default] TaaS: Handle Delete Port: 4ed5d2e2-be0f-4331-bad2-aced824bd4a4
2026-05-26 22:28:11.684 8 INFO neutron_taas.services.taas.tap_mirror_plugin [None req-d3d74bed-08b6-40e8-ba27-51a27d44a139 209ba852b98b429eb19cd21f7a233779 e4e1dc83681f4db791bdde9b8996c169 - - default default] Tap Mirror: Handle Delete Port: 4ed5d2e2-be0f-4331-bad2-aced824bd4a4 [pid: 8|app: 0|req: 1757/3708] 10.0.0.204 () {32 vars in 726 bytes} [Tue May 26 22:28:11 2026] DELETE /v2.0/networks/32a46edd-e0d7-4b48-b5c8-f635fa1658b8 => generated 0 bytes in 337 msecs (HTTP/1.1 204) 3 headers in 131 bytes (1 switches on core 0)
2026-05-26 22:28:11.928 7 INFO neutron.pecan_wsgi.hooks.translation [None req-aaa6ba2c-81b6-42c2-9b00-b563c1e7499b 209ba852b98b429eb19cd21f7a233779 e4e1dc83681f4db791bdde9b8996c169 - - default default] GET failed (client error): The resource could not be found. [pid: 7|app: 0|req: 1952/3709] 10.0.0.204 () {32 vars in 723 bytes} [Tue May 26 22:28:11 2026] GET /v2.0/networks/32a46edd-e0d7-4b48-b5c8-f635fa1658b8 => generated 138 bytes in 17 msecs (HTTP/1.1 404) 4 headers in 164 bytes (1 switches on core 0) [pid: 8|app: 0|req: 1758/3710] 10.0.0.204 () {32 vars in 724 bytes} [Tue May 26 22:28:11 2026] DELETE /v2.0/subnets/575988f3-88d8-4dc3-84f2-12e994cc23e4 => generated 0 bytes in 147 msecs (HTTP/1.1 204) 3 headers in 131 bytes (1 switches on core 0)
2026-05-26 22:28:12.101 7 INFO neutron.pecan_wsgi.hooks.translation [None req-5bd5b9e4-9334-42e2-98a3-15e86d2ece97 209ba852b98b429eb19cd21f7a233779 e4e1dc83681f4db791bdde9b8996c169 - - default default] GET failed (client error): The resource could not be found. [pid: 7|app: 0|req: 1953/3711] 10.0.0.204 () {32 vars in 721 bytes} [Tue May 26 22:28:12 2026] GET /v2.0/subnets/575988f3-88d8-4dc3-84f2-12e994cc23e4 => generated 136 bytes in 17 msecs (HTTP/1.1 404) 4 headers in 164 bytes (1 switches on core 0) [pid: 8|app: 0|req: 1759/3712] 10.0.0.204 () {32 vars in 724 bytes} [Tue May 26 22:28:12 2026] DELETE /v2.0/subnets/cb822bc8-64fd-4d0f-9b28-775c1cec38f5 => generated 0 bytes in 177 msecs (HTTP/1.1 204) 3 headers in 131 bytes (1 switches on core 0)
2026-05-26 22:28:12.305 7 INFO neutron.pecan_wsgi.hooks.translation [None req-8656484f-e97c-43c4-b266-0b8b8576da5c 209ba852b98b429eb19cd21f7a233779 e4e1dc83681f4db791bdde9b8996c169 - - default default] GET failed (client error): The resource could not be found. [pid: 7|app: 0|req: 1954/3713] 10.0.0.204 () {32 vars in 721 bytes} [Tue May 26 22:28:12 2026] GET /v2.0/subnets/cb822bc8-64fd-4d0f-9b28-775c1cec38f5 => generated 136 bytes in 16 msecs (HTTP/1.1 404) 4 headers in 164 bytes (1 switches on core 0)
2026-05-26 22:28:12.419 8 INFO neutron_taas.services.taas.taas_plugin [None req-3461392d-de3e-4b0d-8568-ac04674dbefa 209ba852b98b429eb19cd21f7a233779 e4e1dc83681f4db791bdde9b8996c169 - - default default] TaaS: Handle Delete Port: 0e4d74d6-ab18-4b06-9811-86c4ba8ce42d
2026-05-26 22:28:12.422 8 INFO neutron_taas.services.taas.tap_mirror_plugin [None req-3461392d-de3e-4b0d-8568-ac04674dbefa 209ba852b98b429eb19cd21f7a233779 e4e1dc83681f4db791bdde9b8996c169 - - default default] Tap Mirror: Handle Delete Port: 0e4d74d6-ab18-4b06-9811-86c4ba8ce42d [pid: 8|app: 0|req: 1760/3714] 10.0.0.204 () {32 vars in 726 bytes} [Tue May 26 22:28:12 2026] DELETE /v2.0/networks/498565ba-9dec-4852-92d7-c0078f9f23ce => generated 0 bytes in 349 msecs (HTTP/1.1 204) 3 headers in 131 bytes (1 switches on core 0)
2026-05-26 22:28:12.675 7 INFO neutron.pecan_wsgi.hooks.translation [None req-1f821d2d-5226-47c0-baac-ae6fb1557db6 209ba852b98b429eb19cd21f7a233779 e4e1dc83681f4db791bdde9b8996c169 - - default default] GET failed (client error): The resource could not be found. [pid: 7|app: 0|req: 1955/3715] 10.0.0.204 () {32 vars in 723 bytes} [Tue May 26 22:28:12 2026] GET /v2.0/networks/498565ba-9dec-4852-92d7-c0078f9f23ce => generated 138 bytes in 14 msecs (HTTP/1.1 404) 4 headers in 164 bytes (1 switches on core 0)
2026-05-26 22:28:13.201 8 INFO neutron.services.segments.plugin [-] Segment eff4eb56-3f95-4c05-afe4-f558e0389c88 resource provider aggregate not found
2026-05-26 22:28:13.220 8 INFO neutron.services.segments.plugin [-] Segment eff4eb56-3f95-4c05-afe4-f558e0389c88 resource provider aggregate not found
2026-05-26 22:28:13.224 8 INFO neutron.services.segments.plugin [-] Segment eff4eb56-3f95-4c05-afe4-f558e0389c88 resource provider not found; error: Placement Client Error (4xx): {"errors": [{"status": 404, "title": "Not Found", "detail": "The resource could not be found.\n\n No resource provider with uuid eff4eb56-3f95-4c05-afe4-f558e0389c88 found for delete ", "request_id": "req-d77acb2c-e392-4849-ad89-8117ca008fe6"}]}
2026-05-26 22:28:13.235 8 INFO neutron.services.segments.plugin [-] Segment eff4eb56-3f95-4c05-afe4-f558e0389c88 resource provider not found; error: Placement Client Error (4xx): {"errors": [{"status": 404, "title": "Not Found", "detail": "The resource could not be found.\n\n No resource provider with uuid eff4eb56-3f95-4c05-afe4-f558e0389c88 found for delete ", "request_id": "req-216ee73e-9f83-4a3f-a0fc-1938135c385e"}]}
2026-05-26 22:28:13.239 8 INFO neutron.services.segments.plugin [-] Segment ed0f0cb9-e618-43c4-b255-8da55e10b805 resource provider aggregate not found
2026-05-26 22:28:13.250 8 INFO neutron.services.segments.plugin [-] Segment ed0f0cb9-e618-43c4-b255-8da55e10b805 resource provider aggregate not found
2026-05-26 22:28:13.255 8 INFO neutron.services.segments.plugin [-] Segment ed0f0cb9-e618-43c4-b255-8da55e10b805 resource provider not found; error: Placement Client Error (4xx): {"errors": [{"status": 404, "title": "Not Found", "detail": "The resource could not be found.\n\n No resource provider with uuid ed0f0cb9-e618-43c4-b255-8da55e10b805 found for delete ", "request_id": "req-476a6884-014d-4506-82cf-c861d42c7392"}]}
2026-05-26 22:28:13.262 8 INFO neutron.services.segments.plugin [-] Segment ed0f0cb9-e618-43c4-b255-8da55e10b805 resource provider not found; error: Placement Client Error (4xx): {"errors": [{"status": 404, "title": "Not Found", "detail": "The resource could not be found.\n\n No resource provider with uuid ed0f0cb9-e618-43c4-b255-8da55e10b805 found for delete ", "request_id": "req-bf91a071-bd4b-428e-b4a6-dd3f60e2c935"}]}
2026-05-26 22:28:14.706 8 INFO neutron.db.ovn_revision_numbers_db [None req-85b06ebe-7bf6-46a1-8861-cd964b65711c eca646e618b340169c7b56698f0a3fb9 01bb0001f3d34048a1c436f13b054e73 - - default default] Successfully bumped revision number for resource 6c77fe22-8557-409e-8777-3e4411e6facc (type: security_groups) to 1
2026-05-26 22:28:14.716 8 INFO neutron.db.ovn_revision_numbers_db [None req-85b06ebe-7bf6-46a1-8861-cd964b65711c eca646e618b340169c7b56698f0a3fb9 01bb0001f3d34048a1c436f13b054e73 - - default default] Successfully bumped revision number for resource 25624b94-a332-432c-a78a-38593b1b6f85 (type: security_group_rules) to 0
2026-05-26 22:28:14.727 8 INFO neutron.db.ovn_revision_numbers_db [None req-85b06ebe-7bf6-46a1-8861-cd964b65711c eca646e618b340169c7b56698f0a3fb9 01bb0001f3d34048a1c436f13b054e73 - - default default] Successfully bumped revision number for resource 918e6c14-5365-4942-82ee-87ecaeb88abd (type: security_group_rules) to 0
2026-05-26 22:28:14.738 8 INFO neutron.db.ovn_revision_numbers_db [None req-85b06ebe-7bf6-46a1-8861-cd964b65711c eca646e618b340169c7b56698f0a3fb9 01bb0001f3d34048a1c436f13b054e73 - - default default] Successfully bumped revision number for resource b5b41d0e-3542-49d5-84fb-17588214c997 (type: security_group_rules) to 0
2026-05-26 22:28:14.749 8 INFO neutron.db.ovn_revision_numbers_db [None req-85b06ebe-7bf6-46a1-8861-cd964b65711c eca646e618b340169c7b56698f0a3fb9 01bb0001f3d34048a1c436f13b054e73 - - default default] Successfully bumped revision number for resource bf9df5e3-3bac-4870-a593-50bef0252482 (type: security_group_rules) to 0 [pid: 8|app: 0|req: 1761/3716] 10.0.0.204 () {32 vars in 774 bytes} [Tue May 26 22:28:14 2026] GET /v2.0/security-groups?tenant_id=d1d61e6eb98e4bb29fc74f468f2636ca&name=default => generated 2929 bytes in 366 msecs (HTTP/1.1 200) 4 headers in 158 bytes (1 switches on core 0) [pid: 7|app: 0|req: 1956/3717] 10.0.0.204 () {32 vars in 740 bytes} [Tue May 26 22:28:14 2026] DELETE /v2.0/security-groups/6c77fe22-8557-409e-8777-3e4411e6facc => generated 0 bytes in 310 msecs (HTTP/1.1 204) 2 headers in 112 bytes (1 switches on core 0)
2026-05-26 22:28:15.354 8 INFO neutron.db.ovn_revision_numbers_db [None req-c1fb68b2-66d2-4b8f-b0c9-5a22a843a867 eca646e618b340169c7b56698f0a3fb9 01bb0001f3d34048a1c436f13b054e73 - - default default] Successfully bumped revision number for resource 90b561e3-79d1-4c34-9c03-c21f9790c6b6 (type: security_groups) to 1
2026-05-26 22:28:15.366 8 INFO neutron.db.ovn_revision_numbers_db [None req-c1fb68b2-66d2-4b8f-b0c9-5a22a843a867 eca646e618b340169c7b56698f0a3fb9 01bb0001f3d34048a1c436f13b054e73 - - default default] Successfully bumped revision number for resource 4a6f649f-6ced-45a5-8680-71a035e9e45a (type: security_group_rules) to 0
2026-05-26 22:28:15.378 8 INFO neutron.db.ovn_revision_numbers_db [None req-c1fb68b2-66d2-4b8f-b0c9-5a22a843a867 eca646e618b340169c7b56698f0a3fb9 01bb0001f3d34048a1c436f13b054e73 - - default default] Successfully bumped revision number for resource 87e7def7-d339-4515-bc5b-f6c567a4ff92 (type: security_group_rules) to 0
2026-05-26 22:28:15.389 8 INFO neutron.db.ovn_revision_numbers_db [None req-c1fb68b2-66d2-4b8f-b0c9-5a22a843a867 eca646e618b340169c7b56698f0a3fb9 01bb0001f3d34048a1c436f13b054e73 - - default default] Successfully bumped revision number for resource 93a89303-bb04-45ad-adba-bcbf4518cde7 (type: security_group_rules) to 0
2026-05-26 22:28:15.400 8 INFO neutron.db.ovn_revision_numbers_db [None req-c1fb68b2-66d2-4b8f-b0c9-5a22a843a867 eca646e618b340169c7b56698f0a3fb9 01bb0001f3d34048a1c436f13b054e73 - - default default] Successfully bumped revision number for resource 9a939a61-6bce-4576-a8a2-068b91fab281 (type: security_group_rules) to 0 [pid: 8|app: 0|req: 1762/3718] 10.0.0.204 () {32 vars in 774 bytes} [Tue May 26 22:28:15 2026] GET /v2.0/security-groups?tenant_id=a2fffb9757254a609bd82bceb2d15825&name=default => generated 2929 bytes in 255 msecs (HTTP/1.1 200) 4 headers in 158 bytes (1 switches on core 0) [pid: 7|app: 0|req: 1957/3719] 10.0.0.204 () {32 vars in 740 bytes} [Tue May 26 22:28:15 2026] DELETE /v2.0/security-groups/90b561e3-79d1-4c34-9c03-c21f9790c6b6 => generated 0 bytes in 293 msecs (HTTP/1.1 204) 2 headers in 112 bytes (1 switches on core 0) [pid: 8|app: 0|req: 1763/3720] 10.0.0.236 () {28 vars in 583 bytes} [Tue May 26 22:28:15 2026] GET /v2.0/subnets => generated 1308 bytes in 149 msecs (HTTP/1.1 200) 4 headers in 158 bytes (1 switches on core 0) [pid: 7|app: 0|req: 1958/3721] 10.0.0.236 () {28 vars in 591 bytes} [Tue May 26 22:28:15 2026] GET /v2.0/subnetpools => generated 19 bytes in 16 msecs (HTTP/1.1 200) 4 headers in 156 bytes (1 switches on core 0) [pid: 8|app: 0|req: 1764/3722] 10.0.0.236 () {28 vars in 583 bytes} [Tue May 26 22:28:15 2026] GET /v2.0/routers => generated 15 bytes in 23 msecs (HTTP/1.1 200) 4 headers in 156 bytes (1 switches on core 0) [pid: 7|app: 0|req: 1959/3723] 10.0.0.236 () {28 vars in 624 bytes} [Tue May 26 22:28:15 2026] GET /v2.0/agents?binary=ovn-controller => generated 416 bytes in 16 msecs (HTTP/1.1 200) 4 headers in 157 bytes (1 switches on core 0) [pid: 8|app: 0|req: 1765/3724] 10.0.0.236 () {28 vars in 585 bytes} [Tue May 26 22:28:15 2026] GET /v2.0/networks => generated 2174 bytes in 56 msecs (HTTP/1.1 200) 4 headers in 158 bytes (1 switches on core 0) [pid: 8|app: 0|req: 1766/3725] 10.0.0.236 () {28 vars in 599 bytes} [Tue May 26 22:28:15 2026] GET /v2.0/security-groups => generated 20309 bytes in 34 msecs (HTTP/1.1 200) 4 headers in 159 bytes (1 switches on core 0) [pid: 8|app: 0|req: 1767/3726] 10.0.0.236 () {28 vars in 583 bytes} 