2026-05-26 22:20:32.940 7 INFO neutron.db.ovn_revision_numbers_db [None req-e0fdc1e1-a795-44e0-8d6d-8cfb54b4af9e eca646e618b340169c7b56698f0a3fb9 01bb0001f3d34048a1c436f13b054e73 - - default default] Successfully bumped revision number for resource 93e08a02-fc3b-41b9-b001-0996676f94f6 (type: security_group_rules) to 0
2026-05-26 22:20:32.952 8 INFO neutron.db.ovn_revision_numbers_db [None req-edf3d93a-e3ff-4fa4-a122-53273244f7ff eca646e618b340169c7b56698f0a3fb9 01bb0001f3d34048a1c436f13b054e73 - - default default] Successfully bumped revision number for resource fc15a388-882e-4453-be20-ba2716c21335 (type: routers) to 2
2026-05-26 22:20:32.955 7 INFO neutron.db.ovn_revision_numbers_db [None req-e0fdc1e1-a795-44e0-8d6d-8cfb54b4af9e eca646e618b340169c7b56698f0a3fb9 01bb0001f3d34048a1c436f13b054e73 - - default default] Successfully bumped revision number for resource ad1060f5-a2d1-45c4-852a-29fab90be28a (type: security_group_rules) to 0
2026-05-26 22:20:32.967 7 INFO neutron.db.ovn_revision_numbers_db [None req-e0fdc1e1-a795-44e0-8d6d-8cfb54b4af9e eca646e618b340169c7b56698f0a3fb9 01bb0001f3d34048a1c436f13b054e73 - - default default] Successfully bumped revision number for resource ed6d1bd9-00bc-495e-a0ea-e377434a8046 (type: security_group_rules) to 0 [pid: 8|app: 0|req: 714/1622] 10.0.0.204 () {34 vars in 669 bytes} [Tue May 26 22:20:31 2026] POST /v2.0/routers => generated 971 bytes in 1618 msecs (HTTP/1.1 201) 4 headers in 162 bytes (1 switches on core 0)
2026-05-26 22:20:33.047 7 INFO neutron.db.segments_db [None req-e0fdc1e1-a795-44e0-8d6d-8cfb54b4af9e eca646e618b340169c7b56698f0a3fb9 01bb0001f3d34048a1c436f13b054e73 - - default default] Added segment 2aaf3509-4022-4cb4-85b5-2a09dc5f3534 of type geneve for network abff867f-2aba-4613-afa2-2b7668998e28
2026-05-26 22:20:33.212 7 INFO neutron.db.ovn_revision_numbers_db [None req-e0fdc1e1-a795-44e0-8d6d-8cfb54b4af9e eca646e618b340169c7b56698f0a3fb9 01bb0001f3d34048a1c436f13b054e73 - - default default] Successfully bumped revision number for resource abff867f-2aba-4613-afa2-2b7668998e28 (type: networks) to 1
2026-05-26 22:20:33.388 7 WARNING neutron.scheduler.dhcp_agent_scheduler [None req-e0fdc1e1-a795-44e0-8d6d-8cfb54b4af9e eca646e618b340169c7b56698f0a3fb9 01bb0001f3d34048a1c436f13b054e73 - - default default] No more DHCP agents
2026-05-26 22:20:33.389 7 WARNING neutron.api.rpc.agentnotifiers.dhcp_rpc_agent_api [None req-e0fdc1e1-a795-44e0-8d6d-8cfb54b4af9e eca646e618b340169c7b56698f0a3fb9 01bb0001f3d34048a1c436f13b054e73 - - default default] Unable to schedule network abff867f-2aba-4613-afa2-2b7668998e28: no agents available; will retry on subsequent port and subnet creation events.
2026-05-26 22:20:33.514 7 INFO neutron.db.ovn_revision_numbers_db [None req-e0fdc1e1-a795-44e0-8d6d-8cfb54b4af9e eca646e618b340169c7b56698f0a3fb9 01bb0001f3d34048a1c436f13b054e73 - - default default] Successfully bumped revision number for resource c9002e15-ce4f-4516-b001-f3623d5fe7a2 (type: ports) to 1 [pid: 7|app: 0|req: 909/1623] 10.0.0.204 () {34 vars in 671 bytes} [Tue May 26 22:20:32 2026] POST /v2.0/networks => generated 743 bytes in 925 msecs (HTTP/1.1 201) 4 headers in 162 bytes (1 switches on core 0)
2026-05-26 22:20:33.701 8 WARNING neutron.plugins.ml2.drivers.ovn.mech_driver.ovsdb.ovn_client [None req-d0f5842f-6475-4471-aa28-e5ec5cd1463c - - - - - -] No port found with ID 98dc0306-4fe3-434c-8012-cb6f622e39f4: RuntimeError: No port found with ID 98dc0306-4fe3-434c-8012-cb6f622e39f4
2026-05-26 22:20:33.702 8 INFO neutron.plugins.ml2.drivers.ovn.mech_driver.mech_driver [None req-d0f5842f-6475-4471-aa28-e5ec5cd1463c - - - - - -] OVN reports status down for port: 84448778-8824-44ab-a4ca-4a7d66d72bdd
2026-05-26 22:20:33.709 7 WARNING neutron.scheduler.dhcp_agent_scheduler [None req-e6c87d85-9077-4c05-a9d2-ee6b4de94d8b eca646e618b340169c7b56698f0a3fb9 01bb0001f3d34048a1c436f13b054e73 - - default default] No more DHCP agents
2026-05-26 22:20:33.710 7 WARNING neutron.api.rpc.agentnotifiers.dhcp_rpc_agent_api [None req-e6c87d85-9077-4c05-a9d2-ee6b4de94d8b eca646e618b340169c7b56698f0a3fb9 01bb0001f3d34048a1c436f13b054e73 - - default default] Unable to schedule network abff867f-2aba-4613-afa2-2b7668998e28: no agents available; will retry on subsequent port and subnet creation events.
2026-05-26 22:20:33.917 8 INFO neutron.plugins.ml2.drivers.ovn.mech_driver.mech_driver [None req-d0f5842f-6475-4471-aa28-e5ec5cd1463c - - - - - -] OVN reports status down for port: 272dca81-968c-4b04-aba7-a470d19b964d
2026-05-26 22:20:33.972 8 WARNING neutron.scheduler.dhcp_agent_scheduler [None req-fa26288f-9fa2-4c85-9363-1bdda39fa630 eca646e618b340169c7b56698f0a3fb9 01bb0001f3d34048a1c436f13b054e73 - - default default] No more DHCP agents
2026-05-26 22:20:33.985 8 WARNING neutron.api.rpc.agentnotifiers.dhcp_rpc_agent_api [None req-fa26288f-9fa2-4c85-9363-1bdda39fa630 eca646e618b340169c7b56698f0a3fb9 01bb0001f3d34048a1c436f13b054e73 - - default default] Unable to schedule network bb04c3a0-a48d-4281-8041-b77986c65021: no agents available; will retry on subsequent port and subnet creation events.
2026-05-26 22:20:34.055 8 WARNING neutron.plugins.ml2.drivers.ovn.mech_driver.ovsdb.ovn_client [None req-d0f5842f-6475-4471-aa28-e5ec5cd1463c - - - - - -] Logical_Switch_Port 272dca81-968c-4b04-aba7-a470d19b964d host information not removed, the port state is up
2026-05-26 22:20:34.057 8 INFO neutron.plugins.ml2.drivers.ovn.mech_driver.mech_driver [None req-d0f5842f-6475-4471-aa28-e5ec5cd1463c - - - - - -] OVN reports status up for port: 272dca81-968c-4b04-aba7-a470d19b964d
2026-05-26 22:20:34.124 8 INFO neutron.plugins.ml2.plugin [None req-d0f5842f-6475-4471-aa28-e5ec5cd1463c - - - - - -] Attempt 1 to provision port 272dca81-968c-4b04-aba7-a470d19b964d
2026-05-26 22:20:34.181 7 INFO neutron.db.ovn_revision_numbers_db [None req-4045d5a3-4cfa-40f6-990b-81f3822e1f07 - - - - - -] Successfully bumped revision number for resource c9002e15-ce4f-4516-b001-f3623d5fe7a2 (type: ports) to 2
2026-05-26 22:20:34.205 7 INFO neutron.db.ovn_revision_numbers_db [None req-4045d5a3-4cfa-40f6-990b-81f3822e1f07 - - - - - -] Successfully bumped revision number for resource 6c5640c0-9b3b-4402-87c6-fa45c016aab3 (type: subnets) to 0 [pid: 7|app: 0|req: 910/1624] 10.0.0.204 () {34 vars in 669 bytes} [Tue May 26 22:20:33 2026] POST /v2.0/subnets => generated 687 bytes in 672 msecs (HTTP/1.1 201) 4 headers in 162 bytes (1 switches on core 0)
2026-05-26 22:20:34.506 8 INFO neutron.db.ovn_revision_numbers_db [None req-fa26288f-9fa2-4c85-9363-1bdda39fa630 eca646e618b340169c7b56698f0a3fb9 01bb0001f3d34048a1c436f13b054e73 - - default default] Successfully bumped revision number for resource 13bc69f3-bf31-410d-a09f-3653221dbaf7 (type: ports) to 1
2026-05-26 22:20:34.520 7 INFO neutron.db.ovn_revision_numbers_db [None req-95ac94fb-81e6-4bad-9cab-f94047bfb6a5 eca646e618b340169c7b56698f0a3fb9 01bb0001f3d34048a1c436f13b054e73 - - default default] Successfully bumped revision number for resource 37cc1405-a811-4770-9007-4956322b7eb4 (type: security_groups) to 1
2026-05-26 22:20:34.531 7 INFO neutron.db.ovn_revision_numbers_db [None req-95ac94fb-81e6-4bad-9cab-f94047bfb6a5 eca646e618b340169c7b56698f0a3fb9 01bb0001f3d34048a1c436f13b054e73 - - default default] Successfully bumped revision number for resource 116b90f2-9738-4a5e-9c18-860f5dd2642e (type: security_group_rules) to 0
2026-05-26 22:20:34.541 7 INFO neutron.db.ovn_revision_numbers_db [None req-95ac94fb-81e6-4bad-9cab-f94047bfb6a5 eca646e618b340169c7b56698f0a3fb9 01bb0001f3d34048a1c436f13b054e73 - - default default] Successfully bumped revision number for resource 20969716-f1b0-462c-b27b-60c63621c543 (type: security_group_rules) to 0
2026-05-26 22:20:34.563 7 INFO neutron.db.ovn_revision_numbers_db [None req-95ac94fb-81e6-4bad-9cab-f94047bfb6a5 eca646e618b340169c7b56698f0a3fb9 01bb0001f3d34048a1c436f13b054e73 - - default default] Successfully bumped revision number for resource 39536c30-fa7d-4db7-b5ae-a78aab00f78c (type: security_group_rules) to 0
2026-05-26 22:20:34.573 7 INFO neutron.db.ovn_revision_numbers_db [None req-95ac94fb-81e6-4bad-9cab-f94047bfb6a5 eca646e618b340169c7b56698f0a3fb9 01bb0001f3d34048a1c436f13b054e73 - - default default] Successfully bumped revision number for resource 4e3c1e45-86d7-4391-a59b-4ae529eb82cd (type: security_group_rules) to 0 [pid: 7|app: 0|req: 911/1625] 10.0.0.204 () {32 vars in 774 bytes} [Tue May 26 22:20:34 2026] GET /v2.0/security-groups?tenant_id=a76fc13e830b4d5199f595add95a3e90&name=default => generated 2925 bytes in 385 msecs (HTTP/1.1 200) 4 headers in 158 bytes (1 switches on core 0)
2026-05-26 22:20:34.990 8 INFO neutron.db.ovn_revision_numbers_db [None req-dea8169b-8de5-43fd-9bea-a59cdb50f2a6 - - - - - -] Successfully bumped revision number for resource 272dca81-968c-4b04-aba7-a470d19b964d (type: ports) to 4
2026-05-26 22:20:34.993 7 WARNING neutron.scheduler.dhcp_agent_scheduler [None req-1324e9dd-54ee-4845-b838-abbdaa134535 eca646e618b340169c7b56698f0a3fb9 01bb0001f3d34048a1c436f13b054e73 - - default default] No more DHCP agents
2026-05-26 22:20:34.995 7 WARNING neutron.api.rpc.agentnotifiers.dhcp_rpc_agent_api [None req-1324e9dd-54ee-4845-b838-abbdaa134535 eca646e618b340169c7b56698f0a3fb9 01bb0001f3d34048a1c436f13b054e73 - - default default] Unable to schedule network e0a76c11-4ab4-4443-9c41-4a8f126334a4: no agents available; will retry on subsequent port and subnet creation events.
2026-05-26 22:20:35.207 7 INFO neutron.db.ovn_revision_numbers_db [None req-1324e9dd-54ee-4845-b838-abbdaa134535 eca646e618b340169c7b56698f0a3fb9 01bb0001f3d34048a1c436f13b054e73 - - default default] Successfully bumped revision number for resource 5239c5b7-08bf-4e9c-8346-efa5ba067bb2 (type: ports) to 1
2026-05-26 22:20:35.361 8 INFO neutron.db.ovn_revision_numbers_db [None req-d0f5842f-6475-4471-aa28-e5ec5cd1463c - - - - - -] Successfully bumped revision number for resource 272dca81-968c-4b04-aba7-a470d19b964d (type: ports) to 5
2026-05-26 22:20:35.567 8 INFO neutron.plugins.ml2.drivers.ovn.mech_driver.mech_driver [None req-96a3741b-2379-46c7-b0b3-153d97467534 - - - - - -] OVN reports status down for port: c9002e15-ce4f-4516-b001-f3623d5fe7a2
2026-05-26 22:20:35.710 8 INFO neutron.plugins.ml2.drivers.ovn.mech_driver.mech_driver [None req-96a3741b-2379-46c7-b0b3-153d97467534 - - - - - -] OVN reports status down for port: 13bc69f3-bf31-410d-a09f-3653221dbaf7
2026-05-26 22:20:35.819 7 INFO neutron.plugins.ml2.drivers.ovn.mech_driver.ovsdb.commands [-] Schedule LRP lrp-5239c5b7-08bf-4e9c-8346-efa5ba067bb2 on gateway 178e003b-b769-4f99-b5ae-0b5d41e00f7d with priority 1
2026-05-26 22:20:35.959 7 INFO neutron.db.ovn_revision_numbers_db [None req-1324e9dd-54ee-4845-b838-abbdaa134535 eca646e618b340169c7b56698f0a3fb9 01bb0001f3d34048a1c436f13b054e73 - - default default] Successfully bumped revision number for resource 5239c5b7-08bf-4e9c-8346-efa5ba067bb2 (type: router_ports) to 1
2026-05-26 22:20:35.987 8 INFO neutron.plugins.ml2.drivers.ovn.mech_driver.ovsdb.ovsdb_monitor [None req-dea8169b-8de5-43fd-9bea-a59cdb50f2a6 - - - - - -] Router 89770947-ceaa-4e65-80c1-32568d446917 is bound to host instance
2026-05-26 22:20:36.024 7 INFO neutron.db.ovn_revision_numbers_db [None req-1324e9dd-54ee-4845-b838-abbdaa134535 eca646e618b340169c7b56698f0a3fb9 01bb0001f3d34048a1c436f13b054e73 - - default default] Successfully bumped revision number for resource 89770947-ceaa-4e65-80c1-32568d446917 (type: routers) to 2 [pid: 7|app: 0|req: 912/1626] 10.0.0.204 () {34 vars in 669 bytes} [Tue May 26 22:20:34 2026] POST /v2.0/routers => generated 965 bytes in 1433 msecs (HTTP/1.1 201) 4 headers in 162 bytes (1 switches on core 0)
2026-05-26 22:20:36.044 8 WARNING neutron.plugins.ml2.drivers.ovn.mech_driver.ovsdb.ovn_client [None req-96a3741b-2379-46c7-b0b3-153d97467534 - - - - - -] Logical_Switch_Port 13bc69f3-bf31-410d-a09f-3653221dbaf7 host information not removed, the port state is up
2026-05-26 22:20:36.045 8 INFO neutron.plugins.ml2.drivers.ovn.mech_driver.mech_driver [None req-96a3741b-2379-46c7-b0b3-153d97467534 - - - - - -] OVN reports status down for port: 5239c5b7-08bf-4e9c-8346-efa5ba067bb2
2026-05-26 22:20:36.096 8 WARNING neutron.scheduler.dhcp_agent_scheduler [None req-fa26288f-9fa2-4c85-9363-1bdda39fa630 eca646e618b340169c7b56698f0a3fb9 01bb0001f3d34048a1c436f13b054e73 - - default default] No more DHCP agents
2026-05-26 22:20:36.104 8 WARNING neutron.api.rpc.agentnotifiers.dhcp_rpc_agent_api [None req-fa26288f-9fa2-4c85-9363-1bdda39fa630 eca646e618b340169c7b56698f0a3fb9 01bb0001f3d34048a1c436f13b054e73 - - default default] Unable to schedule network bb04c3a0-a48d-4281-8041-b77986c65021: no agents available; will retry on subsequent port and subnet creation events. [pid: 7|app: 0|req: 913/1627] 10.0.0.204 () {32 vars in 740 bytes} [Tue May 26 22:20:36 2026] DELETE /v2.0/security-groups/37cc1405-a811-4770-9007-4956322b7eb4 => generated 0 bytes in 282 msecs (HTTP/1.1 204) 2 headers in 112 bytes (1 switches on core 0)
2026-05-26 22:20:36.349 8 WARNING neutron.plugins.ml2.drivers.ovn.mech_driver.ovsdb.ovn_client [None req-96a3741b-2379-46c7-b0b3-153d97467534 - - - - - -] Logical_Switch_Port 5239c5b7-08bf-4e9c-8346-efa5ba067bb2 host information not removed, the port state is up
2026-05-26 22:20:36.350 8 INFO neutron.plugins.ml2.drivers.ovn.mech_driver.mech_driver [None req-96a3741b-2379-46c7-b0b3-153d97467534 - - - - - -] OVN reports status up for port: 13bc69f3-bf31-410d-a09f-3653221dbaf7
2026-05-26 22:20:36.384 8 INFO neutron.plugins.ml2.plugin [None req-96a3741b-2379-46c7-b0b3-153d97467534 - - - - - -] Attempt 1 to provision port 13bc69f3-bf31-410d-a09f-3653221dbaf7
2026-05-26 22:20:36.671 7 INFO neutron.db.ovn_revision_numbers_db [None req-0e5aea9e-0802-4944-8f43-c363778b9ea3 eca646e618b340169c7b56698f0a3fb9 01bb0001f3d34048a1c436f13b054e73 - - default default] Successfully bumped revision number for resource e28a95ad-5b4f-4e8e-9ada-c36b90a4ab21 (type: security_groups) to 1
2026-05-26 22:20:36.688 7 INFO neutron.db.ovn_revision_numbers_db [None req-0e5aea9e-0802-4944-8f43-c363778b9ea3 eca646e618b340169c7b56698f0a3fb9 01bb0001f3d34048a1c436f13b054e73 - - default default] Successfully bumped revision number for resource 982fbb42-4b4a-4bdd-badf-9cdd579feb25 (type: security_group_rules) to 0
2026-05-26 22:20:36.734 7 INFO neutron.db.ovn_revision_numbers_db [None req-0e5aea9e-0802-4944-8f43-c363778b9ea3 eca646e618b340169c7b56698f0a3fb9 01bb0001f3d34048a1c436f13b054e73 - - default default] Successfully bumped revision number for resource a018525d-29c3-4ef7-8511-684cf0af41d6 (type: security_group_rules) to 0
2026-05-26 22:20:36.749 7 INFO neutron.db.ovn_revision_numbers_db [None req-0e5aea9e-0802-4944-8f43-c363778b9ea3 eca646e618b340169c7b56698f0a3fb9 01bb0001f3d34048a1c436f13b054e73 - - default default] Successfully bumped revision number for resource d8d0affa-6039-4488-84e9-2a6518c92f1a (type: security_group_rules) to 0
2026-05-26 22:20:36.764 7 INFO neutron.db.ovn_revision_numbers_db [None req-0e5aea9e-0802-4944-8f43-c363778b9ea3 eca646e618b340169c7b56698f0a3fb9 01bb0001f3d34048a1c436f13b054e73 - - default default] Successfully bumped revision number for resource fa8bb51f-d4db-481f-8110-49beaab05386 (type: security_group_rules) to 0 [pid: 7|app: 0|req: 914/1628] 10.0.0.204 () {32 vars in 774 bytes} [Tue May 26 22:20:36 2026] GET /v2.0/security-groups?tenant_id=6a4e66b71fbf40849469dd38f0cf1673&name=default => generated 2925 bytes in 472 msecs (HTTP/1.1 200) 4 headers in 158 bytes (1 switches on core 0)
2026-05-26 22:20:37.171 7 WARNING neutron.scheduler.dhcp_agent_scheduler [None req-ede92124-67cd-4f68-ad8f-2862cb7c6e37 eca646e618b340169c7b56698f0a3fb9 01bb0001f3d34048a1c436f13b054e73 - - default default] No more DHCP agents
2026-05-26 22:20:37.173 7 WARNING neutron.api.rpc.agentnotifiers.dhcp_rpc_agent_api [None req-ede92124-67cd-4f68-ad8f-2862cb7c6e37 eca646e618b340169c7b56698f0a3fb9 01bb0001f3d34048a1c436f13b054e73 - - default default] Unable to schedule network abff867f-2aba-4613-afa2-2b7668998e28: no agents available; will retry on subsequent port and subnet creation events.
2026-05-26 22:20:37.326 7 INFO neutron.db.ovn_revision_numbers_db [None req-ede92124-67cd-4f68-ad8f-2862cb7c6e37 eca646e618b340169c7b56698f0a3fb9 01bb0001f3d34048a1c436f13b054e73 - - default default] Successfully bumped revision number for resource f7974a4d-32eb-4c66-90a1-cbb0da02a784 (type: ports) to 1
2026-05-26 22:20:37.941 7 WARNING neutron.scheduler.dhcp_agent_scheduler [None req-ede92124-67cd-4f68-ad8f-2862cb7c6e37 eca646e618b340169c7b56698f0a3fb9 01bb0001f3d34048a1c436f13b054e73 - - default default] No more DHCP agents
2026-05-26 22:20:37.942 7 WARNING neutron.api.rpc.agentnotifiers.dhcp_rpc_agent_api [None req-ede92124-67cd-4f68-ad8f-2862cb7c6e37 eca646e618b340169c7b56698f0a3fb9 01bb0001f3d34048a1c436f13b054e73 - - default default] Unable to schedule network abff867f-2aba-4613-afa2-2b7668998e28: no agents available; will retry on subsequent port and subnet creation events.
2026-05-26 22:20:38.063 8 INFO neutron.db.ovn_revision_numbers_db [None req-96a3741b-2379-46c7-b0b3-153d97467534 - - - - - -] Successfully bumped revision number for resource 13bc69f3-bf31-410d-a09f-3653221dbaf7 (type: ports) to 2
2026-05-26 22:20:38.277 8 INFO neutron.db.ovn_revision_numbers_db [None req-fa26288f-9fa2-4c85-9363-1bdda39fa630 eca646e618b340169c7b56698f0a3fb9 01bb0001f3d34048a1c436f13b054e73 - - default default] Successfully bumped revision number for resource 13bc69f3-bf31-410d-a09f-3653221dbaf7 (type: router_ports) to 1 [pid: 8|app: 0|req: 715/1629] 10.0.0.204 () {34 vars in 783 bytes} [Tue May 26 22:20:32 2026] PUT /v2.0/routers/fc15a388-882e-4453-be20-ba2716c21335/add_router_interface => generated 309 bytes in 5305 msecs (HTTP/1.1 200) 4 headers in 157 bytes (1 switches on core 0)
2026-05-26 22:20:38.472 7 INFO neutron.db.ovn_revision_numbers_db [None req-ede92124-67cd-4f68-ad8f-2862cb7c6e37 eca646e618b340169c7b56698f0a3fb9 01bb0001f3d34048a1c436f13b054e73 - - default default] Successfully bumped revision number for resource f7974a4d-32eb-4c66-90a1-cbb0da02a784 (type: router_ports) to 1 [pid: 7|app: 0|req: 915/1630] 10.0.0.204 () {34 vars in 783 bytes} [Tue May 26 22:20:36 2026] PUT /v2.0/routers/89770947-ceaa-4e65-80c1-32568d446917/add_router_interface => generated 309 bytes in 1683 msecs (HTTP/1.1 200) 4 headers in 157 bytes (1 switches on core 0)
2026-05-26 22:20:38.825 7 INFO neutron.db.ovn_revision_numbers_db [None req-dcc0e84d-6be1-4722-9e93-d89b80cc3400 eca646e618b340169c7b56698f0a3fb9 01bb0001f3d34048a1c436f13b054e73 - - default default] Successfully bumped revision number for resource dc699e5c-582e-427f-a3fa-7b4ac83ae9b8 (type: security_groups) to 1
2026-05-26 22:20:38.840 7 INFO neutron.db.ovn_revision_numbers_db [None req-dcc0e84d-6be1-4722-9e93-d89b80cc3400 eca646e618b340169c7b56698f0a3fb9 01bb0001f3d34048a1c436f13b054e73 - - default default] Successfully bumped revision number for resource 0c254208-6032-4353-a926-af2a2a3cb2ca (type: security_group_rules) to 0
2026-05-26 22:20:38.855 7 INFO neutron.db.ovn_revision_numbers_db [None req-dcc0e84d-6be1-4722-9e93-d89b80cc3400 eca646e618b340169c7b56698f0a3fb9 01bb0001f3d34048a1c436f13b054e73 - - default default] Successfully bumped revision number for resource 2348e621-01d9-4321-b928-0528cfd65b0f (type: security_group_rules) to 0
2026-05-26 22:20:38.875 7 INFO neutron.db.ovn_revision_numbers_db [None req-dcc0e84d-6be1-4722-9e93-d89b80cc3400 eca646e618b340169c7b56698f0a3fb9 01bb0001f3d34048a1c436f13b054e73 - - default default] Successfully bumped revision number for resource c26ba55f-a957-422c-a00d-75a398bd27a7 (type: security_group_rules) to 0
2026-05-26 22:20:38.888 7 INFO neutron.db.ovn_revision_numbers_db [None req-dcc0e84d-6be1-4722-9e93-d89b80cc3400 eca646e618b340169c7b56698f0a3fb9 01bb0001f3d34048a1c436f13b054e73 - - default default] Successfully bumped revision number for resource e22600d6-15ea-459f-a9e0-621e75ecfd59 (type: security_group_rules) to 0 [pid: 7|app: 0|req: 916/1631] 10.0.0.204 () {32 vars in 774 bytes} [Tue May 26 22:20:38 2026] GET /v2.0/security-groups?tenant_id=9601434f9ada43a5b1685fb0799e0338&name=default => generated 2925 bytes in 424 msecs (HTTP/1.1 200) 4 headers in 158 bytes (1 switches on core 0) [pid: 8|app: 0|req: 716/1632] 10.0.0.204 () {32 vars in 740 bytes} [Tue May 26 22:20:38 2026] DELETE /v2.0/security-groups/e28a95ad-5b4f-4e8e-9ada-c36b90a4ab21 => generated 0 bytes in 749 msecs (HTTP/1.1 204) 2 headers in 112 bytes (1 switches on core 0)
2026-05-26 22:20:39.131 8 INFO neutron.db.ovn_revision_numbers_db [None req-8615b86c-d2ae-48fd-8ed2-a1fcf90f8417 - - - - - -] Successfully bumped revision number for resource 5239c5b7-08bf-4e9c-8346-efa5ba067bb2 (type: ports) to 4 [pid: 7|app: 0|req: 917/1633] 10.0.0.204 () {32 vars in 740 bytes} [Tue May 26 22:20:38 2026] DELETE /v2.0/security-groups/dc699e5c-582e-427f-a3fa-7b4ac83ae9b8 => generated 0 bytes in 343 msecs (HTTP/1.1 204) 2 headers in 112 bytes (1 switches on core 0) [pid: 7|app: 0|req: 918/1634] 10.0.0.142 () {34 vars in 982 bytes} [Tue May 26 22:20:39 2026] GET /v2.0/networks?id=bb04c3a0-a48d-4281-8041-b77986c65021 => generated 678 bytes in 54 msecs (HTTP/1.1 200) 4 headers in 157 bytes (1 switches on core 0) [pid: 7|app: 0|req: 919/1635] 10.0.0.142 () {34 vars in 965 bytes} [Tue May 26 22:20:39 2026] GET /v2.0/quotas/aab78710aab041f5b85b2121ae10f738 => generated 292 bytes in 14 msecs (HTTP/1.1 200) 4 headers in 157 bytes (1 switches on core 0) [pid: 7|app: 0|req: 920/1636] 10.0.0.142 () {34 vars in 1002 bytes} [Tue May 26 22:20:39 2026] GET /v2.0/ports?tenant_id=aab78710aab041f5b85b2121ae10f738&fields=id => generated 103 bytes in 76 msecs (HTTP/1.1 200) 4 headers in 157 bytes (1 switches on core 0)
2026-05-26 22:20:39.530 8 INFO neutron.db.ovn_revision_numbers_db [None req-2f796c7b-1097-467f-8428-f30084cadaa7 eca646e618b340169c7b56698f0a3fb9 01bb0001f3d34048a1c436f13b054e73 - - default default] Successfully bumped revision number for resource 99555342-4bda-4fbe-b9c3-553d16a1968b (type: security_groups) to 1
2026-05-26 22:20:39.552 8 INFO neutron.db.ovn_revision_numbers_db [None req-2f796c7b-1097-467f-8428-f30084cadaa7 eca646e618b340169c7b56698f0a3fb9 01bb0001f3d34048a1c436f13b054e73 - - default default] Successfully bumped revision number for resource 9f0e6575-40c3-4da3-b7ee-d9573928d5f3 (type: security_group_rules) to 0 [pid: 7|app: 0|req: 921/1637] 10.0.0.142 () {34 vars in 1008 bytes} [Tue May 26 22:20:39 2026] GET /v2.0/networks/bb04c3a0-a48d-4281-8041-b77986c65021?fields=segments => generated 14 bytes in 36 msecs (HTTP/1.1 200) 4 headers in 156 bytes (1 switches on core 0)
2026-05-26 22:20:39.574 8 INFO neutron.db.ovn_revision_numbers_db [None req-2f796c7b-1097-467f-8428-f30084cadaa7 eca646e618b340169c7b56698f0a3fb9 01bb0001f3d34048a1c436f13b054e73 - - default default] Successfully bumped revision number for resource 9f1a043c-e8a9-4888-878a-15e6757cc14d (type: security_group_rules) to 0
2026-05-26 22:20:39.601 8 INFO neutron.db.ovn_revision_numbers_db [None req-2f796c7b-1097-467f-8428-f30084cadaa7 eca646e618b340169c7b56698f0a3fb9 01bb0001f3d34048a1c436f13b054e73 - - default default] Successfully bumped revision number for resource c8fbce1b-47cd-46e7-a180-770202407fd8 (type: security_group_rules) to 0 [pid: 7|app: 0|req: 922/1638] 10.0.0.142 () {34 vars in 1108 bytes} [Tue May 26 22:20:39 2026] GET /v2.0/networks/bb04c3a0-a48d-4281-8041-b77986c65021?fields=provider%3Aphysical_network&fields=provider%3Anetwork_type => generated 79 bytes in 40 msecs (HTTP/1.1 200) 4 headers in 156 bytes (1 switches on core 0)
2026-05-26 22:20:39.628 8 INFO neutron.db.ovn_revision_numbers_db [None req-2f796c7b-1097-467f-8428-f30084cadaa7 eca646e618b340169c7b56698f0a3fb9 01bb0001f3d34048a1c436f13b054e73 - - default default] Successfully bumped revision number for resource ec436073-3461-4612-be31-0fbec553f66c (type: security_group_rules) to 0 [pid: 8|app: 0|req: 717/1639] 10.0.0.204 () {32 vars in 774 bytes} [Tue May 26 22:20:39 2026] GET /v2.0/security-groups?tenant_id=ff611fe9ed214820a69edc2c4b6bad2c&name=default => generated 2925 bytes in 532 msecs (HTTP/1.1 200) 4 headers in 158 bytes (1 switches on core 0)
2026-05-26 22:20:39.789 8 INFO neutron.db.ovn_revision_numbers_db [None req-8615b86c-d2ae-48fd-8ed2-a1fcf90f8417 - - - - - -] Successfully bumped revision number for resource 5239c5b7-08bf-4e9c-8346-efa5ba067bb2 (type: ports) to 5
2026-05-26 22:20:39.827 7 INFO neutron.db.ovn_revision_numbers_db [None req-ad978572-b262-49b8-bf7a-5b2cede4f649 eca646e618b340169c7b56698f0a3fb9 01bb0001f3d34048a1c436f13b054e73 - - default default] Successfully bumped revision number for resource 8099446d-aa1b-4511-a2fc-27e8e427d840 (type: security_groups) to 1
2026-05-26 22:20:39.846 7 INFO neutron.db.ovn_revision_numbers_db [None req-ad978572-b262-49b8-bf7a-5b2cede4f649 eca646e618b340169c7b56698f0a3fb9 01bb0001f3d34048a1c436f13b054e73 - - default default] Successfully bumped revision number for resource 0adae9fe-7478-4491-891e-503595ef17de (type: security_group_rules) to 0
2026-05-26 22:20:39.863 7 INFO neutron.db.ovn_revision_numbers_db [None req-ad978572-b262-49b8-bf7a-5b2cede4f649 eca646e618b340169c7b56698f0a3fb9 01bb0001f3d34048a1c436f13b054e73 - - default default] Successfully bumped revision number for resource 29bf8af4-4c08-4055-8a64-7f3229e7ba7c (type: security_group_rules) to 0
2026-05-26 22:20:39.875 7 INFO neutron.db.ovn_revision_numbers_db [None req-ad978572-b262-49b8-bf7a-5b2cede4f649 eca646e618b340169c7b56698f0a3fb9 01bb0001f3d34048a1c436f13b054e73 - - default default] Successfully bumped revision number for resource 52e89b36-f84e-4a4b-a29b-579ce37072bf (type: security_group_rules) to 0
2026-05-26 22:20:39.887 7 INFO neutron.db.ovn_revision_numbers_db [None req-ad978572-b262-49b8-bf7a-5b2cede4f649 eca646e618b340169c7b56698f0a3fb9 01bb0001f3d34048a1c436f13b054e73 - - default default] Successfully bumped revision number for resource cb98f981-72a0-4e46-a65f-9bd16536cda1 (type: security_group_rules) to 0
2026-05-26 22:20:39.959 7 INFO neutron.db.segments_db [None req-ad978572-b262-49b8-bf7a-5b2cede4f649 eca646e618b340169c7b56698f0a3fb9 01bb0001f3d34048a1c436f13b054e73 - - default default] Added segment d402fded-f505-465e-8c9b-790ed6780285 of type geneve for network 01d28533-7278-46be-a579-ea4ed3ff6db6
2026-05-26 22:20:40.130 7 INFO neutron.db.ovn_revision_numbers_db [None req-ad978572-b262-49b8-bf7a-5b2cede4f649 eca646e618b340169c7b56698f0a3fb9 01bb0001f3d34048a1c436f13b054e73 - - default default] Successfully bumped revision number for resource 01d28533-7278-46be-a579-ea4ed3ff6db6 (type: networks) to 1 [pid: 8|app: 0|req: 718/1640] 10.0.0.204 () {32 vars in 740 bytes} [Tue May 26 22:20:39 2026] DELETE /v2.0/security-groups/99555342-4bda-4fbe-b9c3-553d16a1968b => generated 0 bytes in 445 msecs (HTTP/1.1 204) 2 headers in 112 bytes (1 switches on core 0) [pid: 8|app: 0|req: 719/1641] 10.0.0.142 () {34 vars in 990 bytes} [Tue May 26 22:20:40 2026] GET /v2.0/ports?device_id=eb4fa2b4-7df6-4163-acd5-ef7fed72f798 => generated 12 bytes in 22 msecs (HTTP/1.1 200) 4 headers in 156 bytes (1 switches on core 0)
2026-05-26 22:20:40.305 7 WARNING neutron.scheduler.dhcp_agent_scheduler [None req-ad978572-b262-49b8-bf7a-5b2cede4f649 eca646e618b340169c7b56698f0a3fb9 01bb0001f3d34048a1c436f13b054e73 - - default default] No more DHCP agents
2026-05-26 22:20:40.306 7 WARNING neutron.api.rpc.agentnotifiers.dhcp_rpc_agent_api [None req-ad978572-b262-49b8-bf7a-5b2cede4f649 eca646e618b340169c7b56698f0a3fb9 01bb0001f3d34048a1c436f13b054e73 - - default default] Unable to schedule network 01d28533-7278-46be-a579-ea4ed3ff6db6: no agents available; will retry on subsequent port and subnet creation events.
2026-05-26 22:20:40.414 7 INFO neutron.db.ovn_revision_numbers_db [None req-ad978572-b262-49b8-bf7a-5b2cede4f649 eca646e618b340169c7b56698f0a3fb9 01bb0001f3d34048a1c436f13b054e73 - - default default] Successfully bumped revision number for resource f56d529f-29e8-4a32-a2a3-85c156c6033d (type: ports) to 1 [pid: 7|app: 0|req: 923/1642] 10.0.0.204 () {34 vars in 671 bytes} [Tue May 26 22:20:39 2026] POST /v2.0/networks => generated 743 bytes in 811 msecs (HTTP/1.1 201) 4 headers in 162 bytes (1 switches on core 0)
2026-05-26 22:20:40.574 8 WARNING neutron.scheduler.dhcp_agent_scheduler [None req-3db61690-12e4-44ff-981a-f145d5441770 eca646e618b340169c7b56698f0a3fb9 01bb0001f3d34048a1c436f13b054e73 - - default default] No more DHCP agents
2026-05-26 22:20:40.576 8 WARNING neutron.api.rpc.agentnotifiers.dhcp_rpc_agent_api [None req-3db61690-12e4-44ff-981a-f145d5441770 eca646e618b340169c7b56698f0a3fb9 01bb0001f3d34048a1c436f13b054e73 - - default default] Unable to schedule network 01d28533-7278-46be-a579-ea4ed3ff6db6: no agents available; will retry on subsequent port and subnet creation events.
2026-05-26 22:20:41.031 8 INFO neutron.db.ovn_revision_numbers_db [None req-d633a9f8-3c09-4af2-8b8b-21119c635d23 - - - - - -] Successfully bumped revision number for resource f56d529f-29e8-4a32-a2a3-85c156c6033d (type: ports) to 2
2026-05-26 22:20:41.055 8 INFO neutron.db.ovn_revision_numbers_db [None req-d633a9f8-3c09-4af2-8b8b-21119c635d23 - - - - - -] Successfully bumped revision number for resource 0294dc1c-202e-498b-ba86-3e8ae3f9df1c (type: subnets) to 0 [pid: 8|app: 0|req: 720/1645] 10.0.0.204 () {34 vars in 669 bytes} [Tue May 26 22:20:40 2026] POST /v2.0/subnets => generated 687 bytes in 633 msecs (HTTP/1.1 201) 4 headers in 162 bytes (1 switches on core 0) [pid: 8|app: 0|req: 721/1646] 10.0.0.142 () {34 vars in 990 bytes} [Tue May 26 22:20:41 2026] GET /v2.0/ports?device_id=eb4fa2b4-7df6-4163-acd5-ef7fed72f798 => generated 12 bytes in 19 msecs (HTTP/1.1 200) 4 headers in 156 bytes (1 switches on core 0)
2026-05-26 22:20:41.466 7 WARNING neutron.scheduler.dhcp_agent_scheduler [None req-027de463-2a48-4ba8-9543-fbc2438fa483 eca646e618b340169c7b56698f0a3fb9 01bb0001f3d34048a1c436f13b054e73 - - default default] No more DHCP agents
2026-05-26 22:20:41.467 7 WARNING neutron.api.rpc.agentnotifiers.dhcp_rpc_agent_api [None req-027de463-2a48-4ba8-9543-fbc2438fa483 eca646e618b340169c7b56698f0a3fb9 01bb0001f3d34048a1c436f13b054e73 - - default default] Unable to schedule network e0a76c11-4ab4-4443-9c41-4a8f126334a4: no agents available; will retry on subsequent port and subnet creation events.
2026-05-26 22:20:41.662 7 INFO neutron.db.ovn_revision_numbers_db [None req-027de463-2a48-4ba8-9543-fbc2438fa483 eca646e618b340169c7b56698f0a3fb9 01bb0001f3d34048a1c436f13b054e73 - - default default] Successfully bumped revision number for resource 1d167442-da8c-47e8-bb42-7773622b81aa (type: ports) to 1
2026-05-26 22:20:42.231 7 INFO neutron.plugins.ml2.drivers.ovn.mech_driver.ovsdb.commands [-] Schedule LRP lrp-1d167442-da8c-47e8-bb42-7773622b81aa on gateway 178e003b-b769-4f99-b5ae-0b5d41e00f7d with priority 1
2026-05-26 22:20:42.349 8 INFO neutron.plugins.ml2.drivers.ovn.mech_driver.ovsdb.ovsdb_monitor [None req-8615b86c-d2ae-48fd-8ed2-a1fcf90f8417 - - - - - -] Router 89077a92-1010-4362-941d-e75d60ce9cc4 is bound to host instance [pid: 8|app: 0|req: 722/1647] 10.0.0.142 () {34 vars in 990 bytes} [Tue May 26 22:20:42 2026] GET /v2.0/ports?device_id=eb4fa2b4-7df6-4163-acd5-ef7fed72f798 => generated 12 bytes in 45 msecs (HTTP/1.1 200) 4 headers in 156 bytes (1 switches on core 0)
2026-05-26 22:20:42.420 7 INFO neutron.db.ovn_revision_numbers_db [None req-027de463-2a48-4ba8-9543-fbc2438fa483 eca646e618b340169c7b56698f0a3fb9 01bb0001f3d34048a1c436f13b054e73 - - default default] Successfully bumped revision number for resource 1d167442-da8c-47e8-bb42-7773622b81aa (type: router_ports) to 1
2026-05-26 22:20:42.504 7 INFO neutron.db.ovn_revision_numbers_db [None req-027de463-2a48-4ba8-9543-fbc2438fa483 eca646e618b340169c7b56698f0a3fb9 01bb0001f3d34048a1c436f13b054e73 - - default default] Successfully bumped revision number for resource 89077a92-1010-4362-941d-e75d60ce9cc4 (type: routers) to 2 [pid: 7|app: 0|req: 926/1648] 10.0.0.204 () {34 vars in 669 bytes} [Tue May 26 22:20:41 2026] POST /v2.0/routers => generated 965 bytes in 1448 msecs (HTTP/1.1 201) 4 headers in 162 bytes (1 switches on core 0)
2026-05-26 22:20:43.279 8 WARNING neutron.plugins.ml2.drivers.ovn.mech_driver.ovsdb.ovn_client [None req-045cda9e-3899-495d-b1d6-833902f61a54 - - - - - -] No hosting information found for port 13bc69f3-bf31-410d-a09f-3653221dbaf7: RuntimeError: No hosting information found for port 13bc69f3-bf31-410d-a09f-3653221dbaf7
2026-05-26 22:20:43.279 8 INFO neutron.plugins.ml2.drivers.ovn.mech_driver.mech_driver [None req-045cda9e-3899-495d-b1d6-833902f61a54 - - - - - -] OVN reports status up for port: 5239c5b7-08bf-4e9c-8346-efa5ba067bb2
2026-05-26 22:20:43.296 8 WARNING neutron.scheduler.dhcp_agent_scheduler [None req-da25662c-cedb-4fcc-9839-94f8ebe9507b eca646e618b340169c7b56698f0a3fb9 01bb0001f3d34048a1c436f13b054e73 - - default default] No more DHCP agents
2026-05-26 22:20:43.299 8 WARNING neutron.api.rpc.agentnotifiers.dhcp_rpc_agent_api [None req-da25662c-cedb-4fcc-9839-94f8ebe9507b eca646e618b340169c7b56698f0a3fb9 01bb0001f3d34048a1c436f13b054e73 - - default default] Unable to schedule network 01d28533-7278-46be-a579-ea4ed3ff6db6: no agents available; will retry on subsequent port and subnet creation events.
2026-05-26 22:20:43.301 8 INFO neutron.plugins.ml2.plugin [None req-045cda9e-3899-495d-b1d6-833902f61a54 - - - - - -] Attempt 1 to provision port 5239c5b7-08bf-4e9c-8346-efa5ba067bb2
2026-05-26 22:20:43.577 8 INFO neutron.plugins.ml2.drivers.ovn.mech_driver.mech_driver [None req-045cda9e-3899-495d-b1d6-833902f61a54 - - - - - -] OVN reports status down for port: f7974a4d-32eb-4c66-90a1-cbb0da02a784
2026-05-26 22:20:43.725 7 INFO neutron.db.ovn_revision_numbers_db [None req-8e7ab0c2-d3e5-45a1-93f1-fd019b0124f3 eca646e618b340169c7b56698f0a3fb9 01bb0001f3d34048a1c436f13b054e73 - - default default] Successfully bumped revision number for resource 5e46aa50-5332-4234-9e60-23d264c2e3d1 (type: security_groups) to 1
2026-05-26 22:20:43.733 7 INFO neutron.db.ovn_revision_numbers_db [None req-8e7ab0c2-d3e5-45a1-93f1-fd019b0124f3 eca646e618b340169c7b56698f0a3fb9 01bb0001f3d34048a1c436f13b054e73 - - default default] Successfully bumped revision number for resource 073934bc-2be7-47df-8419-23ed854cb338 (type: security_group_rules) to 0
2026-05-26 22:20:43.744 7 INFO neutron.db.ovn_revision_numbers_db [None req-8e7ab0c2-d3e5-45a1-93f1-fd019b0124f3 eca646e618b340169c7b56698f0a3fb9 01bb0001f3d34048a1c436f13b054e73 - - default default] Successfully bumped revision number for resource 2064fc28-e387-4e7f-96b8-efd9faade9f8 (type: security_group_rules) to 0
2026-05-26 22:20:43.754 7 INFO neutron.db.ovn_revision_numbers_db [None req-8e7ab0c2-d3e5-45a1-93f1-fd019b0124f3 eca646e618b340169c7b56698f0a3fb9 01bb0001f3d34048a1c436f13b054e73 - - default default] Successfully bumped revision number for resource 8970d929-2d0c-408a-9999-9a4c68ea1fd8 (type: security_group_rules) to 0
2026-05-26 22:20:43.758 8 WARNING neutron.plugins.ml2.drivers.ovn.mech_driver.ovsdb.ovn_client [None req-045cda9e-3899-495d-b1d6-833902f61a54 - - - - - -] Logical_Switch_Port f7974a4d-32eb-4c66-90a1-cbb0da02a784 host information not removed, the port state is up
2026-05-26 22:20:43.759 8 INFO neutron.plugins.ml2.drivers.ovn.mech_driver.mech_driver [None req-045cda9e-3899-495d-b1d6-833902f61a54 - - - - - -] OVN reports status up for port: f7974a4d-32eb-4c66-90a1-cbb0da02a784
2026-05-26 22:20:43.764 7 INFO neutron.db.ovn_revision_numbers_db [None req-8e7ab0c2-d3e5-45a1-93f1-fd019b0124f3 eca646e618b340169c7b56698f0a3fb9 01bb0001f3d34048a1c436f13b054e73 - - default default] Successfully bumped revision number for resource a6b72525-edd7-4d18-a68d-53bec48f1860 (type: security_group_rules) to 0 [pid: 7|app: 0|req: 927/1649] 10.0.0.204 () {32 vars in 774 bytes} [Tue May 26 22:20:43 2026] GET /v2.0/security-groups?tenant_id=e63acf17755749b18bf077dcc417de19&name=default => generated 2925 bytes in 458 msecs (HTTP/1.1 200) 4 headers in 158 bytes (1 switches on core 0)
2026-05-26 22:20:43.807 8 INFO neutron.plugins.ml2.plugin [None req-045cda9e-3899-495d-b1d6-833902f61a54 - - - - - -] Attempt 1 to provision port f7974a4d-32eb-4c66-90a1-cbb0da02a784 [pid: 7|app: 0|req: 928/1650] 10.0.0.142 () {34 vars in 990 bytes} [Tue May 26 22:20:43 2026] GET /v2.0/ports?device_id=eb4fa2b4-7df6-4163-acd5-ef7fed72f798 => generated 12 bytes in 19 msecs (HTTP/1.1 200) 4 headers in 156 bytes (1 switches on core 0)
2026-05-26 22:20:43.867 8 INFO neutron.db.ovn_revision_numbers_db [None req-da25662c-cedb-4fcc-9839-94f8ebe9507b eca646e618b340169c7b56698f0a3fb9 01bb0001f3d34048a1c436f13b054e73 - - default default] Successfully bumped revision number for resource a23d604e-2b3a-4bd6-bce9-d024b39221cd (type: ports) to 1 [pid: 7|app: 0|req: 929/1651] 10.0.0.204 () {32 vars in 740 bytes} [Tue May 26 22:20:43 2026] DELETE /v2.0/security-groups/5e46aa50-5332-4234-9e60-23d264c2e3d1 => generated 0 bytes in 315 msecs (HTTP/1.1 204) 2 headers in 112 bytes (1 switches on core 0) [pid: 7|app: 0|req: 930/1652] 199.204.45.162 () {34 vars in 986 bytes} [Tue May 26 22:20:44 2026] GET /v2.0/networks?id=bb04c3a0-a48d-4281-8041-b77986c65021 => generated 678 bytes in 62 msecs (HTTP/1.1 200) 4 headers in 157 bytes (1 switches on core 0)
2026-05-26 22:20:44.394 8 INFO neutron.db.ovn_revision_numbers_db [None req-46fb28c2-c3a7-48a6-8a69-8ca2d5a1dc72 - - - - - -] Successfully bumped revision number for resource 1d167442-da8c-47e8-bb42-7773622b81aa (type: ports) to 4
2026-05-26 22:20:44.477 7 WARNING neutron.scheduler.dhcp_agent_scheduler [req-30889ad3-d09e-460c-909d-d2c562dafff0 req-818fa140-c853-46bb-9f24-0ee403970cfc dfe8b3f0af7e46998b311e4df7ca3016 aab78710aab041f5b85b2121ae10f738 - - default default] No more DHCP agents
2026-05-26 22:20:44.478 7 WARNING neutron.api.rpc.agentnotifiers.dhcp_rpc_agent_api [req-30889ad3-d09e-460c-909d-d2c562dafff0 req-818fa140-c853-46bb-9f24-0ee403970cfc dfe8b3f0af7e46998b311e4df7ca3016 aab78710aab041f5b85b2121ae10f738 - - default default] Unable to schedule network bb04c3a0-a48d-4281-8041-b77986c65021: no agents available; will retry on subsequent port and subnet creation events.
2026-05-26 22:20:44.638 7 INFO neutron.db.ovn_revision_numbers_db [req-30889ad3-d09e-460c-909d-d2c562dafff0 req-818fa140-c853-46bb-9f24-0ee403970cfc dfe8b3f0af7e46998b311e4df7ca3016 aab78710aab041f5b85b2121ae10f738 - - default default] Successfully bumped revision number for resource cf8ed478-d9d3-4ac3-a413-3674a72262a1 (type: ports) to 1 [pid: 7|app: 0|req: 931/1653] 199.204.45.162 () {38 vars in 955 bytes} [Tue May 26 22:20:44 2026] POST /v2.0/ports => generated 958 bytes in 491 msecs (HTTP/1.1 201) 4 headers in 162 bytes (1 switches on core 0) /var/lib/openstack/lib/python3.12/site-packages/pycadf/identifier.py:70: UserWarning: Invalid uuid: neutron. To ensure interoperability, identifiers should be a valid uuid. warnings.warn(('Invalid uuid: %s. To ensure interoperability, '
2026-05-26 22:20:45.032 7 INFO neutron.db.ovn_revision_numbers_db [req-30889ad3-d09e-460c-909d-d2c562dafff0 req-9965b4e0-66c6-4ad8-a443-316cdc33647c 8775243bd5a24a9bb6e6c9b604836959 b9799e44c58a43ff83397730cfd0b4aa - - 3cc88ae32317476789373ce11d48f4f7 3cc88ae32317476789373ce11d48f4f7] Successfully bumped revision number for resource cf8ed478-d9d3-4ac3-a413-3674a72262a1 (type: ports) to 2
2026-05-26 22:20:45.113 8 INFO neutron.db.ovn_revision_numbers_db [None req-045cda9e-3899-495d-b1d6-833902f61a54 - - - - - -] Successfully bumped revision number for resource f7974a4d-32eb-4c66-90a1-cbb0da02a784 (type: ports) to 2
2026-05-26 22:20:45.247 7 INFO neutron.db.ovn_revision_numbers_db [req-30889ad3-d09e-460c-909d-d2c562dafff0 req-9965b4e0-66c6-4ad8-a443-316cdc33647c 8775243bd5a24a9bb6e6c9b604836959 b9799e44c58a43ff83397730cfd0b4aa - - 3cc88ae32317476789373ce11d48f4f7 3cc88ae32317476789373ce11d48f4f7] Successfully bumped revision number for resource cf8ed478-d9d3-4ac3-a413-3674a72262a1 (type: ports) to 4 [pid: 7|app: 0|req: 932/1654] 199.204.45.162 () {38 vars in 1028 bytes} [Tue May 26 22:20:44 2026] PUT /v2.0/ports/cf8ed478-d9d3-4ac3-a413-3674a72262a1 => generated 1208 bytes in 567 msecs (HTTP/1.1 200) 4 headers in 158 bytes (1 switches on core 0) /var/lib/openstack/lib/python3.12/site-packages/pycadf/identifier.py:70: UserWarning: Invalid uuid: neutron. To ensure interoperability, identifiers should be a valid uuid. warnings.warn(('Invalid uuid: %s. To ensure interoperability, '
2026-05-26 22:20:45.299 7 INFO neutron.notifiers.nova [-] Nova event matching ['req-cbeea64e-109e-47a3-bce8-11aa54858572'] response: {'name': 'network-changed', 'server_uuid': 'eb4fa2b4-7df6-4163-acd5-ef7fed72f798', 'tag': 'cf8ed478-d9d3-4ac3-a413-3674a72262a1', 'status': 'completed', 'code': 200} [pid: 7|app: 0|req: 933/1655] 10.0.0.142 () {34 vars in 990 bytes} [Tue May 26 22:20:45 2026] GET /v2.0/ports?device_id=eb4fa2b4-7df6-4163-acd5-ef7fed72f798 => generated 973 bytes in 40 msecs (HTTP/1.1 200) 4 headers in 157 bytes (1 switches on core 0) [pid: 7|app: 0|req: 934/1656] 10.0.0.142 () {34 vars in 1040 bytes} [Tue May 26 22:20:45 2026] GET /v2.0/security-groups?id=5fca5109-eca1-43da-9d2c-bff1b665ceda&fields=id&fields=name => generated 88 bytes in 27 msecs (HTTP/1.1 200) 4 headers in 156 bytes (1 switches on core 0)
2026-05-26 22:20:45.500 8 INFO neutron.db.ovn_revision_numbers_db [None req-46fb28c2-c3a7-48a6-8a69-8ca2d5a1dc72 - - - - - -] Successfully bumped revision number for resource 1d167442-da8c-47e8-bb42-7773622b81aa (type: ports) to 5
2026-05-26 22:20:45.679 8 WARNING neutron.scheduler.dhcp_agent_scheduler [None req-da25662c-cedb-4fcc-9839-94f8ebe9507b eca646e618b340169c7b56698f0a3fb9 01bb0001f3d34048a1c436f13b054e73 - - default default] No more DHCP agents
2026-05-26 22:20:45.680 8 WARNING neutron.api.rpc.agentnotifiers.dhcp_rpc_agent_api [None req-da25662c-cedb-4fcc-9839-94f8ebe9507b eca646e618b340169c7b56698f0a3fb9 01bb0001f3d34048a1c436f13b054e73 - - default default] Unable to schedule network 01d28533-7278-46be-a579-ea4ed3ff6db6: no agents available; will retry on subsequent port and subnet creation events. [pid: 7|app: 0|req: 935/1657] 199.204.45.162 () {34 vars in 1080 bytes} [Tue May 26 22:20:45 2026] GET /v2.0/ports?tenant_id=aab78710aab041f5b85b2121ae10f738&device_id=eb4fa2b4-7df6-4163-acd5-ef7fed72f798 => generated 1211 bytes in 31 msecs (HTTP/1.1 200) 4 headers in 158 bytes (1 switches on core 0) [pid: 7|app: 0|req: 936/1658] 199.204.45.162 () {34 vars in 1018 bytes} [Tue May 26 22:20:45 2026] GET /v2.0/networks?tenant_id=aab78710aab041f5b85b2121ae10f738&shared=False => generated 777 bytes in 59 msecs (HTTP/1.1 200) 4 headers in 157 bytes (1 switches on core 0) [pid: 7|app: 0|req: 937/1659] 199.204.45.162 () {34 vars in 930 bytes} [Tue May 26 22:20:45 2026] GET /v2.0/networks?shared=True => generated 753 bytes in 59 msecs (HTTP/1.1 200) 4 headers in 157 bytes (1 switches on core 0)
2026-05-26 22:20:46.361 8 INFO neutron.db.ovn_revision_numbers_db [None req-da25662c-cedb-4fcc-9839-94f8ebe9507b eca646e618b340169c7b56698f0a3fb9 01bb0001f3d34048a1c436f13b054e73 - - default default] Successfully bumped revision number for resource a23d604e-2b3a-4bd6-bce9-d024b39221cd (type: router_ports) to 1 [pid: 8|app: 0|req: 723/1660] 10.0.0.204 () {34 vars in 783 bytes} [Tue May 26 22:20:42 2026] PUT /v2.0/routers/89077a92-1010-4362-941d-e75d60ce9cc4/add_router_interface => generated 309 bytes in 3838 msecs (HTTP/1.1 200) 4 headers in 157 bytes (1 switches on core 0) [pid: 7|app: 0|req: 938/1661] 10.0.0.142 () {34 vars in 990 bytes} [Tue May 26 22:20:46 2026] GET /v2.0/ports?device_id=eb4fa2b4-7df6-4163-acd5-ef7fed72f798 => generated 973 bytes in 48 msecs (HTTP/1.1 200) 4 headers in 157 bytes (1 switches on core 0) [pid: 8|app: 0|req: 724/1662] 10.0.0.142 () {34 vars in 1040 bytes} [Tue May 26 22:20:46 2026] GET /v2.0/security-groups?id=5fca5109-eca1-43da-9d2c-bff1b665ceda&fields=id&fields=name => generated 88 bytes in 53 msecs (HTTP/1.1 200) 4 headers in 156 bytes (1 switches on core 0)
2026-05-26 22:20:47.036 7 INFO neutron.db.ovn_revision_numbers_db [None req-c04c6ecb-a0f6-40c8-b8bc-28d9714a3ca9 1203acbd49c74a05bf6a7e27265049d8 8aeea1b8cf7c4a28928e587123529aab - - default default] Successfully bumped revision number for resource 0cce1b40-a159-4fa6-9529-aa03ee2037f2 (type: security_groups) to 1 [pid: 8|app: 0|req: 725/1663] 199.204.45.162 () {34 vars in 1080 bytes} [Tue May 26 22:20:47 2026] GET /v2.0/ports?tenant_id=aab78710aab041f5b85b2121ae10f738&device_id=eb4fa2b4-7df6-4163-acd5-ef7fed72f798 => generated 1211 bytes in 34 msecs (HTTP/1.1 200) 4 headers in 158 bytes (1 switches on core 0)
2026-05-26 22:20:47.046 7 INFO neutron.db.ovn_revision_numbers_db [None req-c04c6ecb-a0f6-40c8-b8bc-28d9714a3ca9 1203acbd49c74a05bf6a7e27265049d8 8aeea1b8cf7c4a28928e587123529aab - - default default] Successfully bumped revision number for resource 5afbc31f-6392-4941-b554-10095891f6cb (type: security_group_rules) to 0
2026-05-26 22:20:47.058 7 INFO neutron.db.ovn_revision_numbers_db [None req-c04c6ecb-a0f6-40c8-b8bc-28d9714a3ca9 1203acbd49c74a05bf6a7e27265049d8 8aeea1b8cf7c4a28928e587123529aab - - default default] Successfully bumped revision number for resource bcf1bc76-46e0-41f8-bf18-9797b6629deb (type: security_group_rules) to 0 [pid: 7|app: 0|req: 939/1664] 10.0.0.204 () {34 vars in 685 bytes} [Tue May 26 22:20:46 2026] POST /v2.0/security-groups => generated 1673 bytes in 194 msecs (HTTP/1.1 201) 4 headers in 163 bytes (1 switches on core 0) [pid: 7|app: 0|req: 940/1665] 199.204.45.162 () {34 vars in 1060 bytes} [Tue May 26 22:20:47 2026] GET /v2.0/floatingips?fixed_ip_address=10.100.0.13&port_id=cf8ed478-d9d3-4ac3-a413-3674a72262a1 => generated 19 bytes in 14 msecs (HTTP/1.1 200) 4 headers in 156 bytes (1 switches on core 0) [pid: 8|app: 0|req: 726/1666] 10.0.0.242 () {30 vars in 650 bytes} [Tue May 26 22:20:47 2026] GET /v2.0/extensions => generated 20118 bytes in 77 msecs (HTTP/1.1 200) 4 headers in 159 bytes (1 switches on core 0) [pid: 8|app: 0|req: 727/1667] 199.204.45.162 () {34 vars in 984 bytes} [Tue May 26 22:20:47 2026] GET /v2.0/subnets?id=8ed697a5-629b-485a-9839-1961bb16eb6d => generated 696 bytes in 20 msecs (HTTP/1.1 200) 4 headers in 157 bytes (1 switches on core 0)
2026-05-26 22:20:47.235 7 INFO neutron.db.ovn_revision_numbers_db [None req-6ea83082-7f1b-4fc2-b6cb-c53fbd0b278c 1203acbd49c74a05bf6a7e27265049d8 8aeea1b8cf7c4a28928e587123529aab - - default default] Successfully bumped revision number for resource d4d06c94-56cc-4bb2-b120-e70be845abff (type: security_group_rules) to 0 [pid: 8|app: 0|req: 728/1668] 10.0.0.242 () {30 vars in 724 bytes} [Tue May 26 22:20:47 2026] GET /v2.0/quotas/bba192661d2b4fe38803c5689306ff2e/details => generated 847 bytes in 99 msecs (HTTP/1.1 200) 4 headers in 157 bytes (1 switches on core 0) [pid: 8|app: 0|req: 729/1669] 199.204.45.162 () {34 vars in 1052 bytes} [Tue May 26 22:20:47 2026] GET /v2.0/ports?network_id=bb04c3a0-a48d-4281-8041-b77986c65021&device_owner=network%3Adhcp => generated 12 bytes in 19 msecs (HTTP/1.1 200) 4 headers in 156 bytes (1 switches on core 0) [pid: 7|app: 0|req: 941/1670] 10.0.0.204 () {34 vars in 695 bytes} [Tue May 26 22:20:47 2026] POST /v2.0/security-group-rules => generated 597 bytes in 156 msecs (HTTP/1.1 201) 4 headers in 162 bytes (1 switches on core 0) [pid: 8|app: 0|req: 730/1671] 199.204.45.162 () {34 vars in 1012 bytes} [Tue May 26 22:20:47 2026] GET /v2.0/networks/bb04c3a0-a48d-4281-8041-b77986c65021?fields=segments => generated 14 bytes in 39 msecs (HTTP/1.1 200) 4 headers in 156 bytes (1 switches on core 0) [pid: 8|app: 0|req: 731/1672] 199.204.45.162 () {34 vars in 1112 bytes} [Tue May 26 22:20:47 2026] GET /v2.0/networks/bb04c3a0-a48d-4281-8041-b77986c65021?fields=provider%3Aphysical_network&fields=provider%3Anetwork_type => generated 79 bytes in 39 msecs (HTTP/1.1 200) 4 headers in 156 bytes (1 switches on core 0)
2026-05-26 22:20:47.393 7 INFO neutron.db.ovn_revision_numbers_db [None req-9ab15169-019e-469c-b05f-ac531bc74b4e 1203acbd49c74a05bf6a7e27265049d8 8aeea1b8cf7c4a28928e587123529aab - - default default] Successfully bumped revision number for resource 1293532c-92c8-4e56-abaa-b1060012eead (type: security_group_rules) to 0 [pid: 7|app: 0|req: 942/1673] 10.0.0.204 () {34 vars in 695 bytes} [Tue May 26 22:20:47 2026] POST /v2.0/security-group-rules => generated 596 bytes in 150 msecs (HTTP/1.1 201) 4 headers in 162 bytes (1 switches on core 0)
2026-05-26 22:20:47.598 8 INFO neutron.db.ovn_revision_numbers_db [None req-b404fb09-a668-456c-a21f-d77d5c9ca835 1203acbd49c74a05bf6a7e27265049d8 8aeea1b8cf7c4a28928e587123529aab - - default default] Successfully bumped revision number for resource ee9166f3-179d-4ff5-8ea2-b006d05ba4eb (type: security_group_rules) to 0 [pid: 8|app: 0|req: 732/1674] 10.0.0.204 () {34 vars in 695 bytes} [Tue May 26 22:20:47 2026] POST /v2.0/security-group-rules => generated 602 bytes in 203 msecs (HTTP/1.1 201) 4 headers in 162 bytes (1 switches on core 0) [pid: 7|app: 0|req: 943/1675] 10.0.0.142 () {34 vars in 990 bytes} [Tue May 26 22:20:47 2026] GET /v2.0/ports?device_id=eb4fa2b4-7df6-4163-acd5-ef7fed72f798 => generated 973 bytes in 41 msecs (HTTP/1.1 200) 4 headers in 157 bytes (1 switches on core 0) [pid: 7|app: 0|req: 944/1676] 10.0.0.142 () {34 vars in 1040 bytes} [Tue May 26 22:20:47 2026] GET /v2.0/security-groups?id=5fca5109-eca1-43da-9d2c-bff1b665ceda&fields=id&fields=name => generated 88 bytes in 31 msecs (HTTP/1.1 200) 4 headers in 156 bytes (1 switches on core 0)
