2026-05-26 22:20:01.686 8 INFO neutron.services.segments.plugin [-] Segment b210d26e-edaa-40c0-b662-cae7b5349595 resource provider not found; error: Placement Client Error (4xx): {"errors": [{"status": 404, "title": "Not Found", "detail": "The resource could not be found.\n\n No resource provider with uuid b210d26e-edaa-40c0-b662-cae7b5349595 found for delete ", "request_id": "req-0ce5d4d7-ec81-4622-a6f0-cbcf8a00427d"}]}
2026-05-26 22:20:01.689 7 INFO neutron.db.ovn_revision_numbers_db [None req-09da254e-bc71-40c9-8dad-de8008bf25cb c6dd6ae042c2405e89eebecad0499480 1aba3e3f82f543cb9603e78fbedd8ac6 - - default default] Successfully bumped revision number for resource 832a7c21-4c9b-4e4b-b1ba-866653013387 (type: subnets) to 0
2026-05-26 22:20:01.687 8 INFO neutron.services.segments.plugin [-] Segment b210d26e-edaa-40c0-b662-cae7b5349595 resource provider not found; error: Placement Client Error (4xx): {"errors": [{"status": 404, "title": "Not Found", "detail": "The resource could not be found.\n\n No resource provider with uuid b210d26e-edaa-40c0-b662-cae7b5349595 found for delete ", "request_id": "req-2314383e-d84b-4dc9-8eba-5d50b8fccb49"}]} [pid: 7|app: 0|req: 783/1402] 10.0.0.204 () {34 vars in 669 bytes} [Tue May 26 22:20:01 2026] POST /v2.0/subnets => generated 655 bytes in 269 msecs (HTTP/1.1 201) 4 headers in 162 bytes (1 switches on core 0)
2026-05-26 22:20:01.713 8 INFO neutron.plugins.ml2.drivers.ovn.mech_driver.mech_driver [None req-ee66c2ac-b30d-44ca-aa33-8dedc05c2378 - - - - - -] OVN reports status down for port: 47296693-2065-4a51-9491-cda6561ecc52
2026-05-26 22:20:01.806 8 INFO neutron.plugins.ml2.drivers.ovn.mech_driver.mech_driver [None req-ee66c2ac-b30d-44ca-aa33-8dedc05c2378 - - - - - -] OVN reports status down for port: 93e4ca08-c373-43c4-a166-ec5d1e189be4
2026-05-26 22:20:01.821 8 INFO neutron.plugins.ml2.drivers.ovn.mech_driver.mech_driver [None req-ee66c2ac-b30d-44ca-aa33-8dedc05c2378 - - - - - -] OVN reports status down for port: be8450a4-7db7-4de8-9904-4a79cc058203
2026-05-26 22:20:01.823 7 INFO neutron_taas.services.taas.taas_plugin [None req-8ea6d027-df4b-451c-902a-cd9490b867a0 e741c0c99087497b861eef1bdc6bcf14 09d22bc550c34752afd1d9fc8ccb09bd - - default default] TaaS: Handle Delete Port: 47296693-2065-4a51-9491-cda6561ecc52
2026-05-26 22:20:01.826 7 INFO neutron_taas.services.taas.tap_mirror_plugin [None req-8ea6d027-df4b-451c-902a-cd9490b867a0 e741c0c99087497b861eef1bdc6bcf14 09d22bc550c34752afd1d9fc8ccb09bd - - default default] Tap Mirror: Handle Delete Port: 47296693-2065-4a51-9491-cda6561ecc52
2026-05-26 22:20:02.015 8 INFO neutron.db.ovn_revision_numbers_db [None req-af2da5f7-e20e-4f0b-85b9-db0180b255e9 - - - - - -] Successfully bumped revision number for resource b8217e59-c4ff-4c99-9786-313ba143592d (type: ports) to 2
2026-05-26 22:20:02.041 8 INFO neutron.notifiers.nova [-] Nova event matching ['req-b31c69d3-e929-4427-bccb-7eee4eeabcb9'] response: {'server_uuid': '2164c96f-6e96-49b9-bf04-e1f183736b89', 'name': 'network-vif-unplugged', 'status': 'completed', 'tag': 'be8450a4-7db7-4de8-9904-4a79cc058203', 'code': 200}
2026-05-26 22:20:02.055 7 INFO neutron.services.segments.plugin [-] Segment e3fa20fa-dd15-4e8a-ba52-52fa51c7421c resource provider aggregate not found
2026-05-26 22:20:02.068 7 INFO neutron.services.segments.plugin [-] Segment e3fa20fa-dd15-4e8a-ba52-52fa51c7421c resource provider aggregate not found
2026-05-26 22:20:02.073 7 INFO neutron.services.segments.plugin [-] Segment e3fa20fa-dd15-4e8a-ba52-52fa51c7421c resource provider not found; error: Placement Client Error (4xx): {"errors": [{"status": 404, "title": "Not Found", "detail": "The resource could not be found.\n\n No resource provider with uuid e3fa20fa-dd15-4e8a-ba52-52fa51c7421c found for delete ", "request_id": "req-6029a797-a28b-427f-9834-e74bc566d9af"}]}
2026-05-26 22:20:02.083 8 INFO neutron.db.ovn_revision_numbers_db [None req-af2da5f7-e20e-4f0b-85b9-db0180b255e9 - - - - - -] Successfully bumped revision number for resource 9294af43-d0c8-4d7b-b03b-4d0207d028ea (type: subnets) to 0
2026-05-26 22:20:02.084 7 INFO neutron.services.segments.plugin [-] Segment e3fa20fa-dd15-4e8a-ba52-52fa51c7421c resource provider not found; error: Placement Client Error (4xx): {"errors": [{"status": 404, "title": "Not Found", "detail": "The resource could not be found.\n\n No resource provider with uuid e3fa20fa-dd15-4e8a-ba52-52fa51c7421c found for delete ", "request_id": "req-7e2f05f2-9b88-4b8a-bfd5-3ad870022fb4"}]} [pid: 7|app: 0|req: 784/1403] 10.0.0.204 () {32 vars in 726 bytes} [Tue May 26 22:20:01 2026] DELETE /v2.0/networks/120e4aee-81e9-4986-9d1e-bde5b8df37cb => generated 0 bytes in 409 msecs (HTTP/1.1 204) 3 headers in 131 bytes (1 switches on core 0) [pid: 8|app: 0|req: 620/1404] 10.0.0.204 () {34 vars in 669 bytes} [Tue May 26 22:20:01 2026] POST /v2.0/subnets => generated 626 bytes in 1057 msecs (HTTP/1.1 201) 4 headers in 162 bytes (1 switches on core 0)
2026-05-26 22:20:02.260 7 INFO neutron.db.ovn_revision_numbers_db [None req-cf2f656a-3d51-4800-a4c5-236c85362495 c6dd6ae042c2405e89eebecad0499480 1aba3e3f82f543cb9603e78fbedd8ac6 - - default default] Successfully bumped revision number for resource 2cfe7dc7-3606-462d-a0cc-17a4150e5da9 (type: routers) to 1 [pid: 7|app: 0|req: 785/1405] 10.0.0.204 () {34 vars in 669 bytes} [Tue May 26 22:20:02 2026] POST /v2.0/routers => generated 606 bytes in 156 msecs (HTTP/1.1 201) 4 headers in 162 bytes (1 switches on core 0)
2026-05-26 22:20:02.282 8 INFO neutron.db.segments_db [None req-67281ed7-a4d1-473f-abd2-7b3db58d64db e741c0c99087497b861eef1bdc6bcf14 09d22bc550c34752afd1d9fc8ccb09bd - - default default] Added segment 69180a10-08aa-4f33-9895-9c1640af7566 of type geneve for network 558a9560-641e-4c36-be83-285cf8d856a7
2026-05-26 22:20:02.404 8 INFO neutron.db.ovn_revision_numbers_db [None req-ee66c2ac-b30d-44ca-aa33-8dedc05c2378 - - - - - -] Successfully bumped revision number for resource be8450a4-7db7-4de8-9904-4a79cc058203 (type: ports) to 6
2026-05-26 22:20:02.408 7 INFO neutron.db.ovn_revision_numbers_db [None req-f126c283-cf91-42aa-a3f0-8106b58b4dc2 999d62d86b1f42d595a659885d06afb9 3d34b0db522c4fafaaefd0c11bf12233 - - default default] Successfully bumped revision number for resource f9b5fd44-f1ec-4489-9708-75c893445d19 (type: routers) to 1 [pid: 7|app: 0|req: 786/1406] 10.0.0.204 () {34 vars in 669 bytes} [Tue May 26 22:20:02 2026] POST /v2.0/routers => generated 603 bytes in 148 msecs (HTTP/1.1 201) 4 headers in 162 bytes (1 switches on core 0) [pid: 7|app: 0|req: 787/1407] 10.0.0.142 () {34 vars in 990 bytes} [Tue May 26 22:20:02 2026] GET /v2.0/ports?device_id=2164c96f-6e96-49b9-bf04-e1f183736b89 => generated 973 bytes in 202 msecs (HTTP/1.1 200) 4 headers in 157 bytes (1 switches on core 0)
2026-05-26 22:20:02.630 8 INFO neutron.plugins.ml2.drivers.ovn.mech_driver.mech_driver [None req-179ae28f-21d8-46a0-a27a-d47c0795a0db - - - - - -] OVN reports status down for port: 6e2a44da-e32a-4e03-85ad-b907ec24c02d
2026-05-26 22:20:02.646 8 INFO neutron.db.ovn_revision_numbers_db [None req-67281ed7-a4d1-473f-abd2-7b3db58d64db e741c0c99087497b861eef1bdc6bcf14 09d22bc550c34752afd1d9fc8ccb09bd - - default default] Successfully bumped revision number for resource 558a9560-641e-4c36-be83-285cf8d856a7 (type: networks) to 1
2026-05-26 22:20:02.763 8 INFO neutron.plugins.ml2.drivers.ovn.mech_driver.mech_driver [None req-179ae28f-21d8-46a0-a27a-d47c0795a0db - - - - - -] OVN reports status down for port: 3e99d8ee-78ed-42df-acf9-0ecab2f8cb87
2026-05-26 22:20:02.900 8 INFO neutron.plugins.ml2.drivers.ovn.mech_driver.mech_driver [None req-179ae28f-21d8-46a0-a27a-d47c0795a0db - - - - - -] OVN reports status down for port: b8217e59-c4ff-4c99-9786-313ba143592d
2026-05-26 22:20:02.926 8 WARNING neutron.scheduler.dhcp_agent_scheduler [None req-67281ed7-a4d1-473f-abd2-7b3db58d64db e741c0c99087497b861eef1bdc6bcf14 09d22bc550c34752afd1d9fc8ccb09bd - - default default] No more DHCP agents
2026-05-26 22:20:02.929 8 WARNING neutron.api.rpc.agentnotifiers.dhcp_rpc_agent_api [None req-67281ed7-a4d1-473f-abd2-7b3db58d64db e741c0c99087497b861eef1bdc6bcf14 09d22bc550c34752afd1d9fc8ccb09bd - - default default] Unable to schedule network 558a9560-641e-4c36-be83-285cf8d856a7: no agents available; will retry on subsequent port and subnet creation events.
2026-05-26 22:20:03.048 8 INFO neutron.plugins.ml2.drivers.ovn.mech_driver.mech_driver [None req-179ae28f-21d8-46a0-a27a-d47c0795a0db - - - - - -] OVN reports status up for port: be8450a4-7db7-4de8-9904-4a79cc058203
2026-05-26 22:20:03.063 7 WARNING neutron.scheduler.dhcp_agent_scheduler [None req-6d050f0f-feee-4dde-8de8-a4c0ec540930 c6dd6ae042c2405e89eebecad0499480 1aba3e3f82f543cb9603e78fbedd8ac6 - - default default] No more DHCP agents
2026-05-26 22:20:03.064 7 WARNING neutron.api.rpc.agentnotifiers.dhcp_rpc_agent_api [None req-6d050f0f-feee-4dde-8de8-a4c0ec540930 c6dd6ae042c2405e89eebecad0499480 1aba3e3f82f543cb9603e78fbedd8ac6 - - default default] Unable to schedule network 070fdba1-05bb-4890-a468-877ff40913e1: no agents available; will retry on subsequent port and subnet creation events.
2026-05-26 22:20:03.078 8 INFO neutron.plugins.ml2.plugin [None req-179ae28f-21d8-46a0-a27a-d47c0795a0db - - - - - -] Attempt 1 to provision port be8450a4-7db7-4de8-9904-4a79cc058203
2026-05-26 22:20:03.094 8 INFO neutron.db.ovn_revision_numbers_db [None req-67281ed7-a4d1-473f-abd2-7b3db58d64db e741c0c99087497b861eef1bdc6bcf14 09d22bc550c34752afd1d9fc8ccb09bd - - default default] Successfully bumped revision number for resource 11540698-93d7-4ba6-8a09-7c4e8db664d0 (type: ports) to 1 [pid: 8|app: 0|req: 621/1408] 10.0.0.204 () {34 vars in 670 bytes} [Tue May 26 22:20:02 2026] POST /v2.0/networks => generated 632 bytes in 1013 msecs (HTTP/1.1 201) 4 headers in 162 bytes (1 switches on core 0) /var/lib/openstack/lib/python3.12/site-packages/pycadf/identifier.py:70: UserWarning: Invalid uuid: neutron. To ensure interoperability, identifiers should be a valid uuid. warnings.warn(('Invalid uuid: %s. To ensure interoperability, '
2026-05-26 22:20:03.202 7 INFO neutron.db.ovn_revision_numbers_db [None req-6d050f0f-feee-4dde-8de8-a4c0ec540930 c6dd6ae042c2405e89eebecad0499480 1aba3e3f82f543cb9603e78fbedd8ac6 - - default default] Successfully bumped revision number for resource 49e2c5ba-ca27-4471-989a-27b8786fc595 (type: ports) to 1
2026-05-26 22:20:03.528 8 INFO neutron.db.ovn_revision_numbers_db [None req-179ae28f-21d8-46a0-a27a-d47c0795a0db - - - - - -] Successfully bumped revision number for resource be8450a4-7db7-4de8-9904-4a79cc058203 (type: ports) to 7
2026-05-26 22:20:03.771 8 WARNING neutron.scheduler.dhcp_agent_scheduler [None req-8beded21-0b15-4246-a41e-04b06b6dd6f3 999d62d86b1f42d595a659885d06afb9 3d34b0db522c4fafaaefd0c11bf12233 - - default default] No more DHCP agents
2026-05-26 22:20:03.773 8 WARNING neutron.api.rpc.agentnotifiers.dhcp_rpc_agent_api [None req-8beded21-0b15-4246-a41e-04b06b6dd6f3 999d62d86b1f42d595a659885d06afb9 3d34b0db522c4fafaaefd0c11bf12233 - - default default] Unable to schedule network 192461df-7978-45b1-a8d8-efe8422e3a72: no agents available; will retry on subsequent port and subnet creation events.
2026-05-26 22:20:03.783 8 INFO neutron.plugins.ml2.drivers.ovn.mech_driver.mech_driver [None req-52b91350-88ff-459f-b795-8671255602f5 - - - - - -] OVN reports status down for port: 11540698-93d7-4ba6-8a09-7c4e8db664d0
2026-05-26 22:20:03.799 7 WARNING neutron.scheduler.dhcp_agent_scheduler [None req-6d050f0f-feee-4dde-8de8-a4c0ec540930 c6dd6ae042c2405e89eebecad0499480 1aba3e3f82f543cb9603e78fbedd8ac6 - - default default] No more DHCP agents
2026-05-26 22:20:03.800 7 WARNING neutron.api.rpc.agentnotifiers.dhcp_rpc_agent_api [None req-6d050f0f-feee-4dde-8de8-a4c0ec540930 c6dd6ae042c2405e89eebecad0499480 1aba3e3f82f543cb9603e78fbedd8ac6 - - default default] Unable to schedule network 070fdba1-05bb-4890-a468-877ff40913e1: no agents available; will retry on subsequent port and subnet creation events.
2026-05-26 22:20:03.900 8 INFO neutron.plugins.ml2.drivers.ovn.mech_driver.mech_driver [None req-52b91350-88ff-459f-b795-8671255602f5 - - - - - -] OVN reports status down for port: 49e2c5ba-ca27-4471-989a-27b8786fc595
2026-05-26 22:20:04.096 8 INFO neutron.notifiers.nova [-] Nova event matching ['req-c6491282-88c7-4d81-85f3-57ea155127f6'] response: {'server_uuid': '2164c96f-6e96-49b9-bf04-e1f183736b89', 'name': 'network-vif-unplugged', 'status': 'completed', 'tag': 'be8450a4-7db7-4de8-9904-4a79cc058203', 'code': 200}
2026-05-26 22:20:04.096 8 INFO neutron.notifiers.nova [-] Nova event matching ['req-c6491282-88c7-4d81-85f3-57ea155127f6'] response: {'server_uuid': '2164c96f-6e96-49b9-bf04-e1f183736b89', 'name': 'network-vif-plugged', 'status': 'completed', 'tag': 'be8450a4-7db7-4de8-9904-4a79cc058203', 'code': 200}
2026-05-26 22:20:04.097 8 INFO neutron.notifiers.nova [-] Nova event matching ['req-c6491282-88c7-4d81-85f3-57ea155127f6'] response: {'server_uuid': '2164c96f-6e96-49b9-bf04-e1f183736b89', 'name': 'network-vif-plugged', 'status': 'completed', 'tag': 'be8450a4-7db7-4de8-9904-4a79cc058203', 'code': 200}
2026-05-26 22:20:04.119 7 INFO neutron.db.ovn_revision_numbers_db [None req-6d050f0f-feee-4dde-8de8-a4c0ec540930 c6dd6ae042c2405e89eebecad0499480 1aba3e3f82f543cb9603e78fbedd8ac6 - - default default] Successfully bumped revision number for resource 49e2c5ba-ca27-4471-989a-27b8786fc595 (type: router_ports) to 1 [pid: 7|app: 0|req: 788/1409] 10.0.0.204 () {34 vars in 783 bytes} [Tue May 26 22:20:02 2026] PUT /v2.0/routers/2cfe7dc7-3606-462d-a0cc-17a4150e5da9/add_router_interface => generated 309 bytes in 1497 msecs (HTTP/1.1 200) 4 headers in 157 bytes (1 switches on core 0)
2026-05-26 22:20:04.158 8 WARNING neutron.plugins.ml2.drivers.ovn.mech_driver.ovsdb.ovn_client [None req-52b91350-88ff-459f-b795-8671255602f5 - - - - - -] Logical_Switch_Port 49e2c5ba-ca27-4471-989a-27b8786fc595 host information not removed, the port state is up
2026-05-26 22:20:04.158 8 INFO neutron.plugins.ml2.drivers.ovn.mech_driver.mech_driver [None req-52b91350-88ff-459f-b795-8671255602f5 - - - - - -] OVN reports status up for port: 49e2c5ba-ca27-4471-989a-27b8786fc595 [pid: 7|app: 0|req: 789/1410] 10.0.0.142 () {34 vars in 1040 bytes} [Tue May 26 22:20:04 2026] GET /v2.0/security-groups?id=53c8de2d-dffc-405c-a431-3ba231fd1345&fields=id&fields=name => generated 114 bytes in 39 msecs (HTTP/1.1 200) 4 headers in 157 bytes (1 switches on core 0)
2026-05-26 22:20:04.192 8 INFO neutron.plugins.ml2.plugin [None req-52b91350-88ff-459f-b795-8671255602f5 - - - - - -] Attempt 1 to provision port 49e2c5ba-ca27-4471-989a-27b8786fc595
2026-05-26 22:20:04.216 8 INFO neutron.db.ovn_revision_numbers_db [None req-8beded21-0b15-4246-a41e-04b06b6dd6f3 999d62d86b1f42d595a659885d06afb9 3d34b0db522c4fafaaefd0c11bf12233 - - default default] Successfully bumped revision number for resource 72257e79-2834-4d29-88f7-b1f95f9a6d9b (type: ports) to 1 [pid: 8|app: 0|req: 622/1411] 10.0.0.204 () {34 vars in 665 bytes} [Tue May 26 22:20:03 2026] POST /v2.0/ports => generated 952 bytes in 1095 msecs (HTTP/1.1 201) 4 headers in 162 bytes (1 switches on core 0) /var/lib/openstack/lib/python3.12/site-packages/pycadf/identifier.py:70: UserWarning: Invalid uuid: neutron. To ensure interoperability, identifiers should be a valid uuid. warnings.warn(('Invalid uuid: %s. To ensure interoperability, '
2026-05-26 22:20:04.346 7 WARNING neutron.scheduler.dhcp_agent_scheduler [None req-843b781d-1d85-48c1-b8e2-78c3c667356e e741c0c99087497b861eef1bdc6bcf14 09d22bc550c34752afd1d9fc8ccb09bd - - default default] No more DHCP agents
2026-05-26 22:20:04.347 7 WARNING neutron.api.rpc.agentnotifiers.dhcp_rpc_agent_api [None req-843b781d-1d85-48c1-b8e2-78c3c667356e e741c0c99087497b861eef1bdc6bcf14 09d22bc550c34752afd1d9fc8ccb09bd - - default default] Unable to schedule network 558a9560-641e-4c36-be83-285cf8d856a7: no agents available; will retry on subsequent port and subnet creation events. [pid: 8|app: 0|req: 623/1412] 10.0.0.204 () {32 vars in 717 bytes} [Tue May 26 22:20:04 2026] GET /v2.0/ports/49e2c5ba-ca27-4471-989a-27b8786fc595 => generated 945 bytes in 130 msecs (HTTP/1.1 200) 4 headers in 157 bytes (1 switches on core 0)
2026-05-26 22:20:04.871 7 INFO neutron.db.ovn_revision_numbers_db [None req-645ced6d-f3d9-4aca-bb8c-249c80b4e4de - - - - - -] Successfully bumped revision number for resource 11540698-93d7-4ba6-8a09-7c4e8db664d0 (type: ports) to 2
2026-05-26 22:20:04.916 7 INFO neutron.db.ovn_revision_numbers_db [None req-645ced6d-f3d9-4aca-bb8c-249c80b4e4de - - - - - -] Successfully bumped revision number for resource 2bb6262f-e7ac-41e3-9982-f588e3c41450 (type: subnets) to 0 [pid: 7|app: 0|req: 790/1413] 10.0.0.204 () {34 vars in 669 bytes} [Tue May 26 22:20:04 2026] POST /v2.0/subnets => generated 626 bytes in 770 msecs (HTTP/1.1 201) 4 headers in 162 bytes (1 switches on core 0)
2026-05-26 22:20:04.940 8 INFO neutron.db.ovn_revision_numbers_db [None req-52b91350-88ff-459f-b795-8671255602f5 - - - - - -] Successfully bumped revision number for resource 49e2c5ba-ca27-4471-989a-27b8786fc595 (type: ports) to 2
2026-05-26 22:20:05.279 8 INFO neutron.db.ovn_revision_numbers_db [None req-414187d1-bd93-4db8-8f7f-ccc38f6bed7f 999d62d86b1f42d595a659885d06afb9 3d34b0db522c4fafaaefd0c11bf12233 - - default default] Successfully bumped revision number for resource 72257e79-2834-4d29-88f7-b1f95f9a6d9b (type: ports) to 2
2026-05-26 22:20:05.425 7 WARNING neutron.scheduler.dhcp_agent_scheduler [None req-2b5e4875-084a-4ecc-9cfe-90b7e252f60b c6dd6ae042c2405e89eebecad0499480 1aba3e3f82f543cb9603e78fbedd8ac6 - - default default] No more DHCP agents
2026-05-26 22:20:05.426 7 WARNING neutron.api.rpc.agentnotifiers.dhcp_rpc_agent_api [None req-2b5e4875-084a-4ecc-9cfe-90b7e252f60b c6dd6ae042c2405e89eebecad0499480 1aba3e3f82f543cb9603e78fbedd8ac6 - - default default] Unable to schedule network 117dbca0-73d2-4a36-8972-d178d7c7f2bd: no agents available; will retry on subsequent port and subnet creation events.
2026-05-26 22:20:05.539 7 INFO neutron.db.ovn_revision_numbers_db [None req-2b5e4875-084a-4ecc-9cfe-90b7e252f60b c6dd6ae042c2405e89eebecad0499480 1aba3e3f82f543cb9603e78fbedd8ac6 - - default default] Successfully bumped revision number for resource 99b0e982-949e-4bc0-a9af-1044b5578033 (type: ports) to 1
2026-05-26 22:20:05.935 8 WARNING neutron.scheduler.dhcp_agent_scheduler [None req-414187d1-bd93-4db8-8f7f-ccc38f6bed7f 999d62d86b1f42d595a659885d06afb9 3d34b0db522c4fafaaefd0c11bf12233 - - default default] No more DHCP agents
2026-05-26 22:20:05.936 8 WARNING neutron.api.rpc.agentnotifiers.dhcp_rpc_agent_api [None req-414187d1-bd93-4db8-8f7f-ccc38f6bed7f 999d62d86b1f42d595a659885d06afb9 3d34b0db522c4fafaaefd0c11bf12233 - - default default] Unable to schedule network 192461df-7978-45b1-a8d8-efe8422e3a72: no agents available; will retry on subsequent port and subnet creation events.
2026-05-26 22:20:06.111 7 WARNING neutron.scheduler.dhcp_agent_scheduler [None req-2b5e4875-084a-4ecc-9cfe-90b7e252f60b c6dd6ae042c2405e89eebecad0499480 1aba3e3f82f543cb9603e78fbedd8ac6 - - default default] No more DHCP agents
2026-05-26 22:20:06.112 7 WARNING neutron.api.rpc.agentnotifiers.dhcp_rpc_agent_api [None req-2b5e4875-084a-4ecc-9cfe-90b7e252f60b c6dd6ae042c2405e89eebecad0499480 1aba3e3f82f543cb9603e78fbedd8ac6 - - default default] Unable to schedule network 117dbca0-73d2-4a36-8972-d178d7c7f2bd: no agents available; will retry on subsequent port and subnet creation events.
2026-05-26 22:20:06.241 8 INFO neutron.db.ovn_revision_numbers_db [None req-414187d1-bd93-4db8-8f7f-ccc38f6bed7f 999d62d86b1f42d595a659885d06afb9 3d34b0db522c4fafaaefd0c11bf12233 - - default default] Successfully bumped revision number for resource 72257e79-2834-4d29-88f7-b1f95f9a6d9b (type: router_ports) to 2 [pid: 8|app: 0|req: 624/1414] 10.0.0.204 () {34 vars in 783 bytes} [Tue May 26 22:20:04 2026] PUT /v2.0/routers/f9b5fd44-f1ec-4489-9708-75c893445d19/add_router_interface => generated 309 bytes in 1861 msecs (HTTP/1.1 200) 4 headers in 157 bytes (1 switches on core 0) /var/lib/openstack/lib/python3.12/site-packages/pycadf/identifier.py:70: UserWarning: Invalid uuid: neutron. To ensure interoperability, identifiers should be a valid uuid. warnings.warn(('Invalid uuid: %s. To ensure interoperability, '
2026-05-26 22:20:06.333 7 INFO neutron.db.ovn_revision_numbers_db [None req-2b5e4875-084a-4ecc-9cfe-90b7e252f60b c6dd6ae042c2405e89eebecad0499480 1aba3e3f82f543cb9603e78fbedd8ac6 - - default default] Successfully bumped revision number for resource 99b0e982-949e-4bc0-a9af-1044b5578033 (type: router_ports) to 1 [pid: 7|app: 0|req: 791/1415] 10.0.0.204 () {34 vars in 783 bytes} [Tue May 26 22:20:04 2026] PUT /v2.0/routers/2cfe7dc7-3606-462d-a0cc-17a4150e5da9/add_router_interface => generated 309 bytes in 1403 msecs (HTTP/1.1 200) 4 headers in 157 bytes (1 switches on core 0) [pid: 7|app: 0|req: 792/1416] 10.0.0.142 () {34 vars in 990 bytes} [Tue May 26 22:20:06 2026] GET /v2.0/ports?device_id=2164c96f-6e96-49b9-bf04-e1f183736b89 => generated 975 bytes in 32 msecs (HTTP/1.1 200) 4 headers in 157 bytes (1 switches on core 0) [pid: 7|app: 0|req: 793/1417] 10.0.0.204 () {32 vars in 717 bytes} [Tue May 26 22:20:06 2026] GET /v2.0/ports/72257e79-2834-4d29-88f7-b1f95f9a6d9b => generated 1012 bytes in 63 msecs (HTTP/1.1 200) 4 headers in 158 bytes (1 switches on core 0) [pid: 7|app: 0|req: 794/1418] 10.0.0.204 () {32 vars in 717 bytes} [Tue May 26 22:20:06 2026] GET /v2.0/ports/99b0e982-949e-4bc0-a9af-1044b5578033 => generated 953 bytes in 29 msecs (HTTP/1.1 200) 4 headers in 157 bytes (1 switches on core 0) [pid: 7|app: 0|req: 795/1419] 10.0.0.142 () {34 vars in 1040 bytes} [Tue May 26 22:20:06 2026] GET /v2.0/security-groups?id=53c8de2d-dffc-405c-a431-3ba231fd1345&fields=id&fields=name => generated 114 bytes in 22 msecs (HTTP/1.1 200) 4 headers in 157 bytes (1 switches on core 0)
2026-05-26 22:20:06.596 8 WARNING neutron.scheduler.dhcp_agent_scheduler [None req-a3df089e-07c9-4210-8935-39dfde2ba0c9 e741c0c99087497b861eef1bdc6bcf14 09d22bc550c34752afd1d9fc8ccb09bd - - default default] No more DHCP agents
2026-05-26 22:20:06.597 8 WARNING neutron.api.rpc.agentnotifiers.dhcp_rpc_agent_api [None req-a3df089e-07c9-4210-8935-39dfde2ba0c9 e741c0c99087497b861eef1bdc6bcf14 09d22bc550c34752afd1d9fc8ccb09bd - - default default] Unable to schedule network 558a9560-641e-4c36-be83-285cf8d856a7: no agents available; will retry on subsequent port and subnet creation events.
2026-05-26 22:20:06.765 8 INFO neutron.db.ovn_revision_numbers_db [None req-a3df089e-07c9-4210-8935-39dfde2ba0c9 e741c0c99087497b861eef1bdc6bcf14 09d22bc550c34752afd1d9fc8ccb09bd - - default default] Successfully bumped revision number for resource 9775c16f-cc6b-46ef-89cf-1a8d879faeb7 (type: ports) to 1
2026-05-26 22:20:06.805 7 INFO neutron_taas.services.taas.taas_plugin [None req-9da3a69f-d531-4158-b785-d4f2ff5e2102 999d62d86b1f42d595a659885d06afb9 3d34b0db522c4fafaaefd0c11bf12233 - - default default] TaaS: Handle Delete Port: 72257e79-2834-4d29-88f7-b1f95f9a6d9b
2026-05-26 22:20:06.808 7 INFO neutron_taas.services.taas.tap_mirror_plugin [None req-9da3a69f-d531-4158-b785-d4f2ff5e2102 999d62d86b1f42d595a659885d06afb9 3d34b0db522c4fafaaefd0c11bf12233 - - default default] Tap Mirror: Handle Delete Port: 72257e79-2834-4d29-88f7-b1f95f9a6d9b [pid: 8|app: 0|req: 625/1420] 10.0.0.204 () {34 vars in 665 bytes} [Tue May 26 22:20:06 2026] POST /v2.0/ports => generated 912 bytes in 572 msecs (HTTP/1.1 201) 4 headers in 162 bytes (1 switches on core 0) [pid: 8|app: 0|req: 626/1421] 10.0.0.204 () {32 vars in 717 bytes} [Tue May 26 22:20:06 2026] GET /v2.0/ports/99b0e982-949e-4bc0-a9af-1044b5578033 => generated 953 bytes in 108 msecs (HTTP/1.1 200) 4 headers in 157 bytes (1 switches on core 0)
2026-05-26 22:20:07.075 8 INFO neutron_taas.services.taas.taas_plugin [None req-00e7a857-e60f-413c-9665-00021892b2b0 e741c0c99087497b861eef1bdc6bcf14 09d22bc550c34752afd1d9fc8ccb09bd - - default default] TaaS: Handle Delete Port: 9775c16f-cc6b-46ef-89cf-1a8d879faeb7
2026-05-26 22:20:07.078 8 INFO neutron_taas.services.taas.tap_mirror_plugin [None req-00e7a857-e60f-413c-9665-00021892b2b0 e741c0c99087497b861eef1bdc6bcf14 09d22bc550c34752afd1d9fc8ccb09bd - - default default] Tap Mirror: Handle Delete Port: 9775c16f-cc6b-46ef-89cf-1a8d879faeb7 [pid: 7|app: 0|req: 796/1422] 10.0.0.204 () {34 vars in 789 bytes} [Tue May 26 22:20:06 2026] PUT /v2.0/routers/f9b5fd44-f1ec-4489-9708-75c893445d19/remove_router_interface => generated 309 bytes in 679 msecs (HTTP/1.1 200) 4 headers in 157 bytes (1 switches on core 0) /var/lib/openstack/lib/python3.12/site-packages/pycadf/identifier.py:70: UserWarning: Invalid uuid: neutron. To ensure interoperability, identifiers should be a valid uuid. warnings.warn(('Invalid uuid: %s. To ensure interoperability, '
2026-05-26 22:20:07.244 7 INFO neutron.api.v2.resource [None req-eb1fe6e3-5774-4cff-b3be-3f9f5231e1bf 999d62d86b1f42d595a659885d06afb9 3d34b0db522c4fafaaefd0c11bf12233 - - default default] remove_router_interface failed (client error): The resource could not be found. [pid: 7|app: 0|req: 797/1423] 10.0.0.204 () {34 vars in 789 bytes} [Tue May 26 22:20:07 2026] PUT /v2.0/routers/f9b5fd44-f1ec-4489-9708-75c893445d19/remove_router_interface => generated 197 bytes in 75 msecs (HTTP/1.1 404) 4 headers in 164 bytes (1 switches on core 0) [pid: 8|app: 0|req: 627/1425] 10.0.0.204 () {32 vars in 720 bytes} [Tue May 26 22:20:06 2026] DELETE /v2.0/ports/9775c16f-cc6b-46ef-89cf-1a8d879faeb7 => generated 0 bytes in 348 msecs (HTTP/1.1 204) 3 headers in 131 bytes (1 switches on core 0) [pid: 7|app: 0|req: 798/1425] 10.0.0.204 () {32 vars in 736 bytes} [Tue May 26 22:20:07 2026] GET /v2.0/ports?device_id=f9b5fd44-f1ec-4489-9708-75c893445d19 => generated 12 bytes in 24 msecs (HTTP/1.1 200) 4 headers in 156 bytes (1 switches on core 0)
2026-05-26 22:20:07.298 7 INFO neutron.pecan_wsgi.hooks.translation [None req-695d4247-d7a8-404a-95e4-3934b6fa2f7b e741c0c99087497b861eef1bdc6bcf14 09d22bc550c34752afd1d9fc8ccb09bd - - default default] GET failed (client error): The resource could not be found. [pid: 7|app: 0|req: 799/1426] 10.0.0.204 () {32 vars in 717 bytes} [Tue May 26 22:20:07 2026] GET /v2.0/ports/9775c16f-cc6b-46ef-89cf-1a8d879faeb7 => generated 132 bytes in 19 msecs (HTTP/1.1 404) 4 headers in 164 bytes (1 switches on core 0) [pid: 7|app: 0|req: 800/1427] 10.0.0.204 () {32 vars in 724 bytes} [Tue May 26 22:20:07 2026] DELETE /v2.0/subnets/2bb6262f-e7ac-41e3-9982-f588e3c41450 => generated 0 bytes in 166 msecs (HTTP/1.1 204) 3 headers in 131 bytes (1 switches on core 0) [pid: 8|app: 0|req: 628/1428] 10.0.0.204 () {32 vars in 724 bytes} [Tue May 26 22:20:07 2026] DELETE /v2.0/routers/f9b5fd44-f1ec-4489-9708-75c893445d19 => generated 0 bytes in 205 msecs (HTTP/1.1 204) 2 headers in 112 bytes (1 switches on core 0)
2026-05-26 22:20:07.587 7 INFO neutron_taas.services.taas.taas_plugin [None req-26293ffa-4a6e-496e-85aa-5196550caf68 e741c0c99087497b861eef1bdc6bcf14 09d22bc550c34752afd1d9fc8ccb09bd - - default default] TaaS: Handle Delete Port: 11540698-93d7-4ba6-8a09-7c4e8db664d0
2026-05-26 22:20:07.590 7 INFO neutron_taas.services.taas.tap_mirror_plugin [None req-26293ffa-4a6e-496e-85aa-5196550caf68 e741c0c99087497b861eef1bdc6bcf14 09d22bc550c34752afd1d9fc8ccb09bd - - default default] Tap Mirror: Handle Delete Port: 11540698-93d7-4ba6-8a09-7c4e8db664d0 [pid: 8|app: 0|req: 629/1429] 10.0.0.204 () {32 vars in 724 bytes} [Tue May 26 22:20:07 2026] DELETE /v2.0/subnets/9294af43-d0c8-4d7b-b03b-4d0207d028ea => generated 0 bytes in 166 msecs (HTTP/1.1 204) 3 headers in 131 bytes (1 switches on core 0)
2026-05-26 22:20:07.777 7 INFO neutron.services.segments.plugin [-] Segment 69180a10-08aa-4f33-9895-9c1640af7566 resource provider aggregate not found
2026-05-26 22:20:07.785 7 INFO neutron.services.segments.plugin [-] Segment 69180a10-08aa-4f33-9895-9c1640af7566 resource provider aggregate not found
2026-05-26 22:20:07.791 7 INFO neutron.services.segments.plugin [-] Segment 69180a10-08aa-4f33-9895-9c1640af7566 resource provider not found; error: Placement Client Error (4xx): {"errors": [{"status": 404, "title": "Not Found", "detail": "The resource could not be found.\n\n No resource provider with uuid 69180a10-08aa-4f33-9895-9c1640af7566 found for delete ", "request_id": "req-0793a26f-075f-4865-87d1-0d6728b5f239"}]}
2026-05-26 22:20:07.804 7 INFO neutron.services.segments.plugin [-] Segment 69180a10-08aa-4f33-9895-9c1640af7566 resource provider not found; error: Placement Client Error (4xx): {"errors": [{"status": 404, "title": "Not Found", "detail": "The resource could not be found.\n\n No resource provider with uuid 69180a10-08aa-4f33-9895-9c1640af7566 found for delete ", "request_id": "req-471b10be-b7ea-43ac-b155-3ec324c7a23e"}]}
2026-05-26 22:20:07.836 8 INFO neutron_taas.services.taas.taas_plugin [None req-ef8a41f6-5dae-45ad-ba56-2ec2bd9e1bbf 999d62d86b1f42d595a659885d06afb9 3d34b0db522c4fafaaefd0c11bf12233 - - default default] TaaS: Handle Delete Port: b8217e59-c4ff-4c99-9786-313ba143592d
2026-05-26 22:20:07.838 8 INFO neutron_taas.services.taas.tap_mirror_plugin [None req-ef8a41f6-5dae-45ad-ba56-2ec2bd9e1bbf 999d62d86b1f42d595a659885d06afb9 3d34b0db522c4fafaaefd0c11bf12233 - - default default] Tap Mirror: Handle Delete Port: b8217e59-c4ff-4c99-9786-313ba143592d [pid: 7|app: 0|req: 801/1430] 10.0.0.204 () {32 vars in 726 bytes} [Tue May 26 22:20:07 2026] DELETE /v2.0/networks/558a9560-641e-4c36-be83-285cf8d856a7 => generated 0 bytes in 365 msecs (HTTP/1.1 204) 3 headers in 131 bytes (1 switches on core 0)
2026-05-26 22:20:08.036 8 INFO neutron.services.segments.plugin [-] Segment 73d1ef33-09ec-4ce0-9685-dd8f96c4feca resource provider aggregate not found
2026-05-26 22:20:08.036 8 INFO neutron.services.segments.plugin [-] Segment 73d1ef33-09ec-4ce0-9685-dd8f96c4feca resource provider aggregate not found
2026-05-26 22:20:08.056 8 INFO neutron.services.segments.plugin [-] Segment 73d1ef33-09ec-4ce0-9685-dd8f96c4feca resource provider not found; error: Placement Client Error (4xx): {"errors": [{"status": 404, "title": "Not Found", "detail": "The resource could not be found.\n\n No resource provider with uuid 73d1ef33-09ec-4ce0-9685-dd8f96c4feca found for delete ", "request_id": "req-e104fa2d-1b81-4787-ae23-300a7eb45468"}]}
2026-05-26 22:20:08.064 8 INFO neutron.services.segments.plugin [-] Segment 73d1ef33-09ec-4ce0-9685-dd8f96c4feca resource provider not found; error: Placement Client Error (4xx): {"errors": [{"status": 404, "title": "Not Found", "detail": "The resource could not be found.\n\n No resource provider with uuid 73d1ef33-09ec-4ce0-9685-dd8f96c4feca found for delete ", "request_id": "req-3990610c-976b-4d25-8ff7-fe86c3f64bee"}]} [pid: 8|app: 0|req: 630/1431] 10.0.0.204 () {32 vars in 726 bytes} [Tue May 26 22:20:07 2026] DELETE /v2.0/networks/192461df-7978-45b1-a8d8-efe8422e3a72 => generated 0 bytes in 432 msecs (HTTP/1.1 204) 3 headers in 131 bytes (1 switches on core 0)
2026-05-26 22:20:08.095 7 WARNING neutron.scheduler.dhcp_agent_scheduler [None req-e0517eac-98ba-4e5c-a664-ebb5ce476930 e741c0c99087497b861eef1bdc6bcf14 09d22bc550c34752afd1d9fc8ccb09bd - - default default] No more DHCP agents
2026-05-26 22:20:08.097 7 WARNING neutron.api.rpc.agentnotifiers.dhcp_rpc_agent_api [None req-e0517eac-98ba-4e5c-a664-ebb5ce476930 e741c0c99087497b861eef1bdc6bcf14 09d22bc550c34752afd1d9fc8ccb09bd - - default default] Unable to schedule network 417b58ad-8475-4680-805e-84b283e57755: no agents available; will retry on subsequent port and subnet creation events. [pid: 8|app: 0|req: 631/1432] 10.0.0.204 () {32 vars in 717 bytes} [Tue May 26 22:20:08 2026] GET /v2.0/ports/99b0e982-949e-4bc0-a9af-1044b5578033 => generated 953 bytes in 30 msecs (HTTP/1.1 200) 4 headers in 157 bytes (1 switches on core 0)
2026-05-26 22:20:08.206 7 INFO neutron.db.ovn_revision_numbers_db [None req-e0517eac-98ba-4e5c-a664-ebb5ce476930 e741c0c99087497b861eef1bdc6bcf14 09d22bc550c34752afd1d9fc8ccb09bd - - default default] Successfully bumped revision number for resource 819da7b7-fd9f-4ad3-a061-57e1d763ffa0 (type: ports) to 1
2026-05-26 22:20:08.239 8 INFO neutron.db.segments_db [None req-4d07b079-1355-4929-895d-6179d7592cd1 999d62d86b1f42d595a659885d06afb9 3d34b0db522c4fafaaefd0c11bf12233 - - default default] Added segment dd683128-f259-4c56-901a-dd385e95d563 of type geneve for network 4d92d200-0325-4755-9c37-a93a2ef8280a [pid: 7|app: 0|req: 802/1433] 10.0.0.204 () {34 vars in 665 bytes} [Tue May 26 22:20:07 2026] POST /v2.0/ports => generated 775 bytes in 403 msecs (HTTP/1.1 201) 4 headers in 162 bytes (1 switches on core 0) /var/lib/openstack/lib/python3.12/site-packages/pycadf/identifier.py:70: UserWarning: Invalid uuid: neutron. To ensure interoperability, identifiers should be a valid uuid. warnings.warn(('Invalid uuid: %s. To ensure interoperability, '
2026-05-26 22:20:08.380 8 INFO neutron.db.ovn_revision_numbers_db [None req-4d07b079-1355-4929-895d-6179d7592cd1 999d62d86b1f42d595a659885d06afb9 3d34b0db522c4fafaaefd0c11bf12233 - - default default] Successfully bumped revision number for resource 4d92d200-0325-4755-9c37-a93a2ef8280a (type: networks) to 1
2026-05-26 22:20:08.532 7 INFO neutron.db.ovn_revision_numbers_db [None req-651c3b5c-fae8-4e81-a500-221b7146fe00 e741c0c99087497b861eef1bdc6bcf14 09d22bc550c34752afd1d9fc8ccb09bd - - default default] Successfully bumped revision number for resource 819da7b7-fd9f-4ad3-a061-57e1d763ffa0 (type: ports) to 2 [pid: 7|app: 0|req: 803/1434] 10.0.0.204 () {34 vars in 737 bytes} [Tue May 26 22:20:08 2026] PUT /v2.0/ports/819da7b7-fd9f-4ad3-a061-57e1d763ffa0 => generated 752 bytes in 285 msecs (HTTP/1.1 200) 4 headers in 157 bytes (1 switches on core 0) /var/lib/openstack/lib/python3.12/site-packages/pycadf/identifier.py:70: UserWarning: Invalid uuid: neutron. To ensure interoperability, identifiers should be a valid uuid. warnings.warn(('Invalid uuid: %s. To ensure interoperability, '
2026-05-26 22:20:08.559 8 WARNING neutron.scheduler.dhcp_agent_scheduler [None req-4d07b079-1355-4929-895d-6179d7592cd1 999d62d86b1f42d595a659885d06afb9 3d34b0db522c4fafaaefd0c11bf12233 - - default default] No more DHCP agents
2026-05-26 22:20:08.560 8 WARNING neutron.api.rpc.agentnotifiers.dhcp_rpc_agent_api [None req-4d07b079-1355-4929-895d-6179d7592cd1 999d62d86b1f42d595a659885d06afb9 3d34b0db522c4fafaaefd0c11bf12233 - - default default] Unable to schedule network 4d92d200-0325-4755-9c37-a93a2ef8280a: no agents available; will retry on subsequent port and subnet creation events.
2026-05-26 22:20:08.669 8 INFO neutron.db.ovn_revision_numbers_db [None req-4d07b079-1355-4929-895d-6179d7592cd1 999d62d86b1f42d595a659885d06afb9 3d34b0db522c4fafaaefd0c11bf12233 - - default default] Successfully bumped revision number for resource 4b4a9871-0669-438a-a927-1bc7644426d9 (type: ports) to 1 [pid: 8|app: 0|req: 632/1435] 10.0.0.204 () {34 vars in 670 bytes} [Tue May 26 22:20:08 2026] POST /v2.0/networks => generated 629 bytes in 566 msecs (HTTP/1.1 201) 4 headers in 162 bytes (1 switches on core 0)
2026-05-26 22:20:08.690 7 INFO neutron_taas.services.taas.taas_plugin [None req-61ac4fde-9a35-4184-8a71-090c8ea75f0c e741c0c99087497b861eef1bdc6bcf14 09d22bc550c34752afd1d9fc8ccb09bd - - default default] TaaS: Handle Delete Port: 819da7b7-fd9f-4ad3-a061-57e1d763ffa0
2026-05-26 22:20:08.694 7 INFO neutron_taas.services.taas.tap_mirror_plugin [None req-61ac4fde-9a35-4184-8a71-090c8ea75f0c e741c0c99087497b861eef1bdc6bcf14 09d22bc550c34752afd1d9fc8ccb09bd - - default default] Tap Mirror: Handle Delete Port: 819da7b7-fd9f-4ad3-a061-57e1d763ffa0 [pid: 7|app: 0|req: 804/1436] 10.0.0.204 () {32 vars in 720 bytes} [Tue May 26 22:20:08 2026] DELETE /v2.0/ports/819da7b7-fd9f-4ad3-a061-57e1d763ffa0 => generated 0 bytes in 292 msecs (HTTP/1.1 204) 3 headers in 131 bytes (1 switches on core 0) [pid: 7|app: 0|req: 805/1437] 10.0.0.204 () {32 vars in 643 bytes} [Tue May 26 22:20:08 2026] GET /v2.0/ports => generated 1534 bytes in 47 msecs (HTTP/1.1 200) 4 headers in 158 bytes (1 switches on core 0)
2026-05-26 22:20:08.915 7 INFO neutron.pecan_wsgi.hooks.translation [None req-5bb4d7ca-486e-4921-8458-d9b769bc79d3 e741c0c99087497b861eef1bdc6bcf14 09d22bc550c34752afd1d9fc8ccb09bd - - default default] GET failed (client error): The resource could not be found. [pid: 7|app: 0|req: 806/1438] 10.0.0.204 () {32 vars in 717 bytes} [Tue May 26 22:20:08 2026] GET /v2.0/ports/819da7b7-fd9f-4ad3-a061-57e1d763ffa0 => generated 132 bytes in 18 msecs (HTTP/1.1 404) 4 headers in 164 bytes (1 switches on core 0) [pid: 7|app: 0|req: 807/1439] 10.0.0.204 () {32 vars in 643 bytes} [Tue May 26 22:20:08 2026] GET /v2.0/ports => generated 1534 bytes in 32 msecs (HTTP/1.1 200) 4 headers in 158 bytes (1 switches on core 0)
2026-05-26 22:20:08.956 8 WARNING neutron.scheduler.dhcp_agent_scheduler [None req-d30a2be9-514c-414c-8be7-c04a992eaedf 999d62d86b1f42d595a659885d06afb9 3d34b0db522c4fafaaefd0c11bf12233 - - default default] No more DHCP agents
2026-05-26 22:20:08.962 8 WARNING neutron.api.rpc.agentnotifiers.dhcp_rpc_agent_api [None req-d30a2be9-514c-414c-8be7-c04a992eaedf 999d62d86b1f42d595a659885d06afb9 3d34b0db522c4fafaaefd0c11bf12233 - - default default] Unable to schedule network 4d92d200-0325-4755-9c37-a93a2ef8280a: no agents available; will retry on subsequent port and subnet creation events. [pid: 7|app: 0|req: 808/1440] 10.0.0.204 () {32 vars in 717 bytes} [Tue May 26 22:20:08 2026] GET /v2.0/ports/32b4eade-7c4e-432e-8cb2-65fec8cdf5d9 => generated 775 bytes in 36 msecs (HTTP/1.1 200) 4 headers in 157 bytes (1 switches on core 0)
2026-05-26 22:20:09.017 7 INFO neutron.pecan_wsgi.hooks.translation [None req-294c6024-7f67-4bdb-949c-278725b8fc63 e741c0c99087497b861eef1bdc6bcf14 09d22bc550c34752afd1d9fc8ccb09bd - - default default] DELETE failed (client error): The resource could not be found. [pid: 7|app: 0|req: 809/1441] 10.0.0.204 () {32 vars in 720 bytes} [Tue May 26 22:20:09 2026] DELETE /v2.0/ports/9775c16f-cc6b-46ef-89cf-1a8d879faeb7 => generated 132 bytes in 16 msecs (HTTP/1.1 404) 4 headers in 164 bytes (1 switches on core 0)
2026-05-26 22:20:09.035 7 INFO neutron.pecan_wsgi.hooks.translation [None req-461bede3-b74f-4375-b631-ea16dbc878d4 e741c0c99087497b861eef1bdc6bcf14 09d22bc550c34752afd1d9fc8ccb09bd - - default default] DELETE failed (client error): The resource could not be found. [pid: 7|app: 0|req: 810/1442] 10.0.0.204 () {32 vars in 724 bytes} [Tue May 26 22:20:09 2026] DELETE /v2.0/subnets/2bb6262f-e7ac-41e3-9982-f588e3c41450 => generated 136 bytes in 13 msecs (HTTP/1.1 404) 4 headers in 164 bytes (1 switches on core 0)
2026-05-26 22:20:09.050 7 INFO neutron.pecan_wsgi.hooks.translation [None req-eb5b3928-c9d5-445c-9c16-de87c093c76c e741c0c99087497b861eef1bdc6bcf14 09d22bc550c34752afd1d9fc8ccb09bd - - default default] DELETE failed (client error): The resource could not be found. [pid: 7|app: 0|req: 811/1443] 10.0.0.204 () {32 vars in 724 bytes} [Tue May 26 22:20:09 2026] DELETE /v2.0/subnets/fa46fbb5-6e65-4086-a9ed-c5405d3b7d73 => generated 136 bytes in 11 msecs (HTTP/1.1 404) 4 headers in 164 bytes (1 switches on core 0)
2026-05-26 22:20:09.196 7 INFO neutron_taas.services.taas.taas_plugin [None req-665c1820-4676-4b2b-b94f-6b1131ba57df e741c0c99087497b861eef1bdc6bcf14 09d22bc550c34752afd1d9fc8ccb09bd - - default default] TaaS: Handle Delete Port: 32b4eade-7c4e-432e-8cb2-65fec8cdf5d9
2026-05-26 22:20:09.199 7 INFO neutron_taas.services.taas.tap_mirror_plugin [None req-665c1820-4676-4b2b-b94f-6b1131ba57df e741c0c99087497b861eef1bdc6bcf14 09d22bc550c34752afd1d9fc8ccb09bd - - default default] Tap Mirror: Handle Delete Port: 32b4eade-7c4e-432e-8cb2-65fec8cdf5d9 [pid: 7|app: 0|req: 812/1444] 10.0.0.204 () {32 vars in 720 bytes} [Tue May 26 22:20:09 2026] DELETE /v2.0/ports/32b4eade-7c4e-432e-8cb2-65fec8cdf5d9 => generated 0 bytes in 309 msecs (HTTP/1.1 204) 3 headers in 131 bytes (1 switches on core 0) [pid: 7|app: 0|req: 813/1445] 10.0.0.204 () {32 vars in 717 bytes} [Tue May 26 22:20:09 2026] GET /v2.0/ports/99b0e982-949e-4bc0-a9af-1044b5578033 => generated 953 bytes in 57 msecs (HTTP/1.1 200) 4 headers in 157 bytes (1 switches on core 0)
2026-05-26 22:20:09.480 8 INFO neutron.db.ovn_revision_numbers_db [None req-51e323fa-dff9-43d4-b2fd-3bf5b75957d0 - - - - - -] Successfully bumped revision number for resource 4b4a9871-0669-438a-a927-1bc7644426d9 (type: ports) to 2
2026-05-26 22:20:09.505 8 INFO neutron.db.ovn_revision_numbers_db [None req-51e323fa-dff9-43d4-b2fd-3bf5b75957d0 - - - - - -] Successfully bumped revision number for resource 7064b05e-1f80-4efa-87ff-9bb3bf80e2fe (type: subnets) to 0 [pid: 8|app: 0|req: 633/1446] 10.0.0.204 () {34 vars in 669 bytes} [Tue May 26 22:20:08 2026] POST /v2.0/subnets => generated 626 bytes in 829 msecs (HTTP/1.1 201) 4 headers in 162 bytes (1 switches on core 0)
2026-05-26 22:20:09.561 7 INFO neutron_taas.services.taas.taas_plugin [None req-d289acbe-61c9-4ca5-b3d4-c0d0c8250723 e741c0c99087497b861eef1bdc6bcf14 09d22bc550c34752afd1d9fc8ccb09bd - - default default] TaaS: Handle Delete Port: 7a8a78c7-d234-402b-aec6-e81b483dbb3a
2026-05-26 22:20:09.564 7 INFO neutron_taas.services.taas.tap_mirror_plugin [None req-d289acbe-61c9-4ca5-b3d4-c0d0c8250723 e741c0c99087497b861eef1bdc6bcf14 09d22bc550c34752afd1d9fc8ccb09bd - - default default] Tap Mirror: Handle Delete Port: 7a8a78c7-d234-402b-aec6-e81b483dbb3a
2026-05-26 22:20:09.636 8 INFO neutron.db.ovn_revision_numbers_db [None req-c4b7c34c-f447-4e1e-99c0-43f2996d1f95 999d62d86b1f42d595a659885d06afb9 3d34b0db522c4fafaaefd0c11bf12233 - - default default] Successfully bumped revision number for resource ee64c485-db7b-4a21-bdf2-c02ec11ccefa (type: routers) to 1 [pid: 8|app: 0|req: 634/1447] 10.0.0.204 () {34 vars in 669 bytes} [Tue May 26 22:20:09 2026] POST /v2.0/routers => generated 602 bytes in 130 msecs (HTTP/1.1 201) 4 headers in 162 bytes (1 switches on core 0) [pid: 7|app: 0|req: 814/1448] 10.0.0.204 () {32 vars in 726 bytes} [Tue May 26 22:20:09 2026] DELETE /v2.0/networks/417b58ad-8475-4680-805e-84b283e57755 => generated 0 bytes in 384 msecs (HTTP/1.1 204) 3 headers in 131 bytes (1 switches on core 0)
2026-05-26 22:20:09.811 7 INFO neutron.services.segments.plugin [-] Segment 47732387-f2d1-46bb-a61f-dde7b5ce1641 resource provider aggregate not found
2026-05-26 22:20:09.829 7 INFO neutron.services.segments.plugin [-] Segment 47732387-f2d1-46bb-a61f-dde7b5ce1641 resource provider aggregate not found
2026-05-26 22:20:09.829 7 INFO neutron.services.segments.plugin [-] Segment 47732387-f2d1-46bb-a61f-dde7b5ce1641 resource provider not found; error: Placement Client Error (4xx): {"errors": [{"status": 404, "title": "Not Found", "detail": "The resource could not be found.\n\n No resource provider with uuid 47732387-f2d1-46bb-a61f-dde7b5ce1641 found for delete ", "request_id": "req-21df88e2-68ee-4a37-a4a7-cfff921ab601"}]}
2026-05-26 22:20:09.845 7 INFO neutron.services.segments.plugin [-] Segment 47732387-f2d1-46bb-a61f-dde7b5ce1641 resource provider not found; error: Placement Client Error (4xx): {"errors": [{"status": 404, "title": "Not Found", "detail": "The resource could not be found.\n\n No resource provider with uuid 47732387-f2d1-46bb-a61f-dde7b5ce1641 found for delete ", "request_id": "req-652b83eb-3f53-45ba-b0bc-d7ac6e34bf1e"}]}
2026-05-26 22:20:09.989 8 WARNING neutron.plugins.ml2.drivers.ovn.mech_driver.ovsdb.ovn_client [None req-694da59e-45f1-449c-b023-f641cc5141d2 - - - - - -] No hosting information found for port 49e2c5ba-ca27-4471-989a-27b8786fc595: RuntimeError: No hosting information found for port 49e2c5ba-ca27-4471-989a-27b8786fc595
2026-05-26 22:20:09.990 8 INFO neutron.plugins.ml2.drivers.ovn.mech_driver.mech_driver [None req-694da59e-45f1-449c-b023-f641cc5141d2 - - - - - -] OVN reports status down for port: 72257e79-2834-4d29-88f7-b1f95f9a6d9b
2026-05-26 22:20:10.062 8 WARNING neutron.scheduler.dhcp_agent_scheduler [None req-6ca66d30-cd0c-430f-a485-9e7502914384 999d62d86b1f42d595a659885d06afb9 3d34b0db522c4fafaaefd0c11bf12233 - - default default] No more DHCP agents
2026-05-26 22:20:10.065 8 WARNING neutron.api.rpc.agentnotifiers.dhcp_rpc_agent_api [None req-6ca66d30-cd0c-430f-a485-9e7502914384 999d62d86b1f42d595a659885d06afb9 3d34b0db522c4fafaaefd0c11bf12233 - - default default] Unable to schedule network 4d92d200-0325-4755-9c37-a93a2ef8280a: no agents available; will retry on subsequent port and subnet creation events.
2026-05-26 22:20:10.150 8 INFO neutron.db.ovn_revision_numbers_db [None req-694da59e-45f1-449c-b023-f641cc5141d2 - - - - - -] Successfully bumped revision number for resource 49e2c5ba-ca27-4471-989a-27b8786fc595 (type: router_ports) to 2
2026-05-26 22:20:10.273 8 INFO neutron.plugins.ml2.drivers.ovn.mech_driver.mech_driver [None req-694da59e-45f1-449c-b023-f641cc5141d2 - - - - - -] OVN reports status up for port: 72257e79-2834-4d29-88f7-b1f95f9a6d9b
2026-05-26 22:20:10.301 8 INFO neutron.plugins.ml2.drivers.ovn.mech_driver.mech_driver [None req-694da59e-45f1-449c-b023-f641cc5141d2 - - - - - -] OVN reports status down for port: 99b0e982-949e-4bc0-a9af-1044b5578033
2026-05-26 22:20:10.331 8 INFO neutron.db.ovn_revision_numbers_db [None req-6ca66d30-cd0c-430f-a485-9e7502914384 999d62d86b1f42d595a659885d06afb9 3d34b0db522c4fafaaefd0c11bf12233 - - default default] Successfully bumped revision number for resource d258c236-5de3-46b6-85f8-d60dee2c2b07 (type: ports) to 1 [pid: 7|app: 0|req: 815/1449] 10.0.0.204 () {32 vars in 774 bytes} [Tue May 26 22:20:10 2026] GET /v2.0/security-groups?tenant_id=09d22bc550c34752afd1d9fc8ccb09bd&name=default => generated 2925 bytes in 123 msecs (HTTP/1.1 200) 4 headers in 158 bytes (1 switches on core 0)
2026-05-26 22:20:10.410 8 WARNING neutron.plugins.ml2.drivers.ovn.mech_driver.ovsdb.ovn_client [None req-694da59e-45f1-449c-b023-f641cc5141d2 - - - - - -] Logical_Switch_Port 99b0e982-949e-4bc0-a9af-1044b5578033 host information not removed, the port state is up
2026-05-26 22:20:10.411 8 INFO neutron.plugins.ml2.drivers.ovn.mech_driver.mech_driver [None req-694da59e-45f1-449c-b023-f641cc5141d2 - - - - - -] OVN reports status up for port: 99b0e982-949e-4bc0-a9af-1044b5578033
2026-05-26 22:20:10.434 8 INFO neutron.plugins.ml2.plugin [None req-694da59e-45f1-449c-b023-f641cc5141d2 - - - - - -] Attempt 1 to provision port 99b0e982-949e-4bc0-a9af-1044b5578033 [pid: 7|app: 0|req: 816/1450] 10.0.0.204 () {32 vars in 740 bytes} [Tue May 26 22:20:10 2026] DELETE /v2.0/security-groups/b7617f19-75f2-4322-8d0a-5273b336c872 => generated 0 bytes in 217 msecs (HTTP/1.1 204) 2 headers in 112 bytes (1 switches on core 0) [pid: 7|app: 0|req: 817/1451] 10.0.0.204 () {32 vars in 717 bytes} [Tue May 26 22:20:10 2026] GET /v2.0/ports/99b0e982-949e-4bc0-a9af-1044b5578033 => generated 953 bytes in 28 msecs (HTTP/1.1 200) 4 headers in 157 bytes (1 switches on core 0)
2026-05-26 22:20:11.159 8 INFO neutron.db.ovn_revision_numbers_db [None req-694da59e-45f1-449c-b023-f641cc5141d2 - - - - - -] Successfully bumped revision number for resource 99b0e982-949e-4bc0-a9af-1044b5578033 (type: ports) to 2
2026-05-26 22:20:11.480 8 WARNING neutron.scheduler.dhcp_agent_scheduler [None req-6ca66d30-cd0c-430f-a485-9e7502914384 999d62d86b1f42d595a659885d06afb9 3d34b0db522c4fafaaefd0c11bf12233 - - default default] No more DHCP agents
2026-05-26 22:20:11.481 8 WARNING neutron.api.rpc.agentnotifiers.dhcp_rpc_agent_api [None req-6ca66d30-cd0c-430f-a485-9e7502914384 999d62d86b1f42d595a659885d06afb9 3d34b0db522c4fafaaefd0c11bf12233 - - default default] Unable to schedule network 4d92d200-0325-4755-9c37-a93a2ef8280a: no agents available; will retry on subsequent port and subnet creation events. [pid: 7|app: 0|req: 820/1454] 10.0.0.204 () {32 vars in 717 bytes} [Tue May 26 22:20:11 2026] GET /v2.0/ports/99b0e982-949e-4bc0-a9af-1044b5578033 => generated 955 bytes in 36 msecs (HTTP/1.1 200) 4 headers in 157 bytes (1 switches on core 0)
2026-05-26 22:20:11.726 8 INFO neutron.db.ovn_revision_numbers_db [None req-6ca66d30-cd0c-430f-a485-9e7502914384 999d62d86b1f42d595a659885d06afb9 3d34b0db522c4fafaaefd0c11bf12233 - - default default] Successfully bumped revision number for resource d258c236-5de3-46b6-85f8-d60dee2c2b07 (type: router_ports) to 1 [pid: 8|app: 0|req: 635/1455] 10.0.0.204 () {34 vars in 783 bytes} [Tue May 26 22:20:09 2026] PUT /v2.0/routers/ee64c485-db7b-4a21-bdf2-c02ec11ccefa/add_router_interface => generated 309 bytes in 2074 msecs (HTTP/1.1 200) 4 headers in 157 bytes (1 switches on core 0) [pid: 8|app: 0|req: 636/1456] 10.0.0.204 () {32 vars in 717 bytes} [Tue May 26 22:20:11 2026] GET /v2.0/ports/d258c236-5de3-46b6-85f8-d60dee2c2b07 => generated 941 bytes in 28 msecs (HTTP/1.1 200) 4 headers in 157 bytes (1 switches on core 0) [pid: 8|app: 0|req: 637/1457] 10.0.0.204 () {32 vars in 717 bytes} [Tue May 26 22:20:11 2026] GET /v2.0/ports/d258c236-5de3-46b6-85f8-d60dee2c2b07 => generated 941 bytes in 41 msecs (HTTP/1.1 200) 4 headers in 157 bytes (1 switches on core 0)
2026-05-26 22:20:11.953 7 INFO neutron_taas.services.taas.taas_plugin [None req-f9750579-9210-4c2b-a12c-dd59a3e2679a c6dd6ae042c2405e89eebecad0499480 1aba3e3f82f543cb9603e78fbedd8ac6 - - default default] TaaS: Handle Delete Port: 99b0e982-949e-4bc0-a9af-1044b5578033
