+ COMMAND=start + start + for KEYSTONE_WSGI_SCRIPT in keystone-wsgi-public ++ type -p keystone-wsgi-public + cp -a /var/lib/openstack/bin/keystone-wsgi-public /var/www/cgi-bin/keystone/ + '[' -f /etc/apache2/envvars ']' + source /etc/apache2/envvars ++ unset HOME ++ '[' '' '!=' '' ']' ++ SUFFIX= ++ export APACHE_RUN_USER=www-data ++ APACHE_RUN_USER=www-data ++ export APACHE_RUN_GROUP=www-data ++ APACHE_RUN_GROUP=www-data ++ export APACHE_PID_FILE=/var/run/apache2/apache2.pid ++ APACHE_PID_FILE=/var/run/apache2/apache2.pid ++ export APACHE_RUN_DIR=/var/run/apache2 ++ APACHE_RUN_DIR=/var/run/apache2 ++ export APACHE_LOCK_DIR=/var/lock/apache2 ++ APACHE_LOCK_DIR=/var/lock/apache2 ++ export APACHE_LOG_DIR=/var/log/apache2 ++ APACHE_LOG_DIR=/var/log/apache2 ++ export LANG=C ++ LANG=C ++ export LANG + '[' -f /var/run/apache2/apache2.pid ']' + exec apache2 -DFOREGROUND AH00558: apache2: Could not reliably determine the server's fully qualified domain name, using 10.0.0.134. Set the 'ServerName' directive globally to suppress this message AH00558: apache2: Could not reliably determine the server's fully qualified domain name, using 10.0.0.134. Set the 'ServerName' directive globally to suppress this message
[Mon Sep 07 10:59:42.775236 2026] [mpm_event:notice] [pid 1:tid 140488203896704] AH00489: Apache/2.4.58 (Ubuntu) mod_wsgi/5.0.0 Python/3.12 configured -- resuming normal operations
[Mon Sep 07 10:59:42.775404 2026] [core:notice] [pid 1:tid 140488203896704] AH00094: Command line: 'apache2 -D FOREGROUND'
[Mon Sep 07 11:00:41.636564 2026] [wsgi:error] [pid 11:tid 140487566075584] /var/lib/openstack/lib/python3.12/site-packages/oslo_utils/importutils.py:77: EventletDeprecationWarning:
[Mon Sep 07 11:00:41.636603 2026] [wsgi:error] [pid 11:tid 140487566075584] Eventlet is deprecated. It is currently being maintained in bugfix mode, and
[Mon Sep 07 11:00:41.636605 2026] [wsgi:error] [pid 11:tid 140487566075584] we strongly recommend against using it for new projects.
[Mon Sep 07 11:00:41.636606 2026] [wsgi:error] [pid 11:tid 140487566075584]
[Mon Sep 07 11:00:41.636608 2026] [wsgi:error] [pid 11:tid 140487566075584] If you are already using Eventlet, we recommend migrating to a different
[Mon Sep 07 11:00:41.636609 2026] [wsgi:error] [pid 11:tid 140487566075584] framework. For more detail see
[Mon Sep 07 11:00:41.636610 2026] [wsgi:error] [pid 11:tid 140487566075584] https://eventlet.readthedocs.io/en/latest/asyncio/migration.html
[Mon Sep 07 11:00:41.636611 2026] [wsgi:error] [pid 11:tid 140487566075584]
[Mon Sep 07 11:00:41.636612 2026] [wsgi:error] [pid 11:tid 140487566075584] __import__(import_str)
[Mon Sep 07 11:00:41.658673 2026] [wsgi:error] [pid 12:tid 140487566075584] /var/lib/openstack/lib/python3.12/site-packages/oslo_utils/importutils.py:77: EventletDeprecationWarning:
[Mon Sep 07 11:00:41.658714 2026] [wsgi:error] [pid 12:tid 140487566075584] Eventlet is deprecated. It is currently being maintained in bugfix mode, and
[Mon Sep 07 11:00:41.658715 2026] [wsgi:error] [pid 12:tid 140487566075584] we strongly recommend against using it for new projects.
[Mon Sep 07 11:00:41.658717 2026] [wsgi:error] [pid 12:tid 140487566075584]
[Mon Sep 07 11:00:41.658718 2026] [wsgi:error] [pid 12:tid 140487566075584] If you are already using Eventlet, we recommend migrating to a different
[Mon Sep 07 11:00:41.658719 2026] [wsgi:error] [pid 12:tid 140487566075584] framework. For more detail see
[Mon Sep 07 11:00:41.658720 2026] [wsgi:error] [pid 12:tid 140487566075584] https://eventlet.readthedocs.io/en/latest/asyncio/migration.html
[Mon Sep 07 11:00:41.658721 2026] [wsgi:error] [pid 12:tid 140487566075584]
[Mon Sep 07 11:00:41.658722 2026] [wsgi:error] [pid 12:tid 140487566075584] __import__(import_str) 10.0.0.247 - - [07/Sep/2026:11:00:40 +0000] "GET /v3/ HTTP/1.1" 200 250 10.0.0.247 - - [07/Sep/2026:11:00:40 +0000] "GET /v3/ HTTP/1.1" 200 250
[Mon Sep 07 11:00:53.907457 2026] [wsgi:error] [pid 10:tid 140487566075584] /var/lib/openstack/lib/python3.12/site-packages/oslo_utils/importutils.py:77: EventletDeprecationWarning:
[Mon Sep 07 11:00:53.907508 2026] [wsgi:error] [pid 10:tid 140487566075584] Eventlet is deprecated. It is currently being maintained in bugfix mode, and
[Mon Sep 07 11:00:53.907510 2026] [wsgi:error] [pid 10:tid 140487566075584] we strongly recommend against using it for new projects.
[Mon Sep 07 11:00:53.907511 2026] [wsgi:error] [pid 10:tid 140487566075584]
[Mon Sep 07 11:00:53.907512 2026] [wsgi:error] [pid 10:tid 140487566075584] If you are already using Eventlet, we recommend migrating to a different
[Mon Sep 07 11:00:53.907513 2026] [wsgi:error] [pid 10:tid 140487566075584] framework. For more detail see
[Mon Sep 07 11:00:53.907515 2026] [wsgi:error] [pid 10:tid 140487566075584] https://eventlet.readthedocs.io/en/latest/asyncio/migration.html
[Mon Sep 07 11:00:53.907516 2026] [wsgi:error] [pid 10:tid 140487566075584]
[Mon Sep 07 11:00:53.907517 2026] [wsgi:error] [pid 10:tid 140487566075584] __import__(import_str) 10.0.0.32 - - [07/Sep/2026:11:00:53 +0000] "GET / HTTP/1.1" 300 295
[Mon Sep 07 11:00:59.399556 2026] [wsgi:error] [pid 9:tid 140487566075584] /var/lib/openstack/lib/python3.12/site-packages/oslo_utils/importutils.py:77: EventletDeprecationWarning:
[Mon Sep 07 11:00:59.399589 2026] [wsgi:error] [pid 9:tid 140487566075584] Eventlet is deprecated. It is currently being maintained in bugfix mode, and
[Mon Sep 07 11:00:59.399592 2026] [wsgi:error] [pid 9:tid 140487566075584] we strongly recommend against using it for new projects.
[Mon Sep 07 11:00:59.399593 2026] [wsgi:error] [pid 9:tid 140487566075584]
[Mon Sep 07 11:00:59.399594 2026] [wsgi:error] [pid 9:tid 140487566075584] If you are already using Eventlet, we recommend migrating to a different
[Mon Sep 07 11:00:59.399596 2026] [wsgi:error] [pid 9:tid 140487566075584] framework. For more detail see
[Mon Sep 07 11:00:59.399598 2026] [wsgi:error] [pid 9:tid 140487566075584] https://eventlet.readthedocs.io/en/latest/asyncio/migration.html
[Mon Sep 07 11:00:59.399599 2026] [wsgi:error] [pid 9:tid 140487566075584]
[Mon Sep 07 11:00:59.399601 2026] [wsgi:error] [pid 9:tid 140487566075584] __import__(import_str)
[Mon Sep 07 11:01:04.135312 2026] [wsgi:error] [pid 9:tid 140487566075584] [remote 10.0.0.32:35146] 2026-09-07 11:01:04.132 9 WARNING keystone.identity.core [None req-aedb2224-0b93-4ec1-b6ff-32d4a38c1527 - - - - - -] Invalid domain name (atmosphere) found in config file name: keystone.exception.DomainNotFound: Could not find domain: atmosphere.
[Mon Sep 07 11:01:04.189121 2026] [wsgi:error] [pid 9:tid 140487566075584] [remote 10.0.0.32:35146] 2026-09-07 11:01:04.188 9 WARNING keystone.common.password_hashing [None req-aedb2224-0b93-4ec1-b6ff-32d4a38c1527 - - - - - -] Truncating password to algorithm specific maximum length 72 characters.
[Mon Sep 07 11:01:04.472144 2026] [wsgi:error] [pid 9:tid 140487566075584] [remote 10.0.0.32:35146] 2026-09-07 11:01:04.472 9 WARNING keystone.common.fernet_utils [None req-aedb2224-0b93-4ec1-b6ff-32d4a38c1527 - - - - - -] key_repository is world readable: /etc/keystone/fernet-keys/ 10.0.0.32 - - [07/Sep/2026:11:00:58 +0000] "POST /v3/auth/tokens HTTP/1.1" 201 1360
[Mon Sep 07 11:01:04.861305 2026] [wsgi:error] [pid 11:tid 140487566075584] [remote 10.0.0.32:35146] 2026-09-07 11:01:04.858 11 WARNING keystone.identity.core [None req-134245ca-e47b-4022-aec0-6658b8bfaa32 - - - - - -] Invalid domain name (atmosphere) found in config file name: keystone.exception.DomainNotFound: Could not find domain: atmosphere. 10.0.0.32 - - [07/Sep/2026:11:01:04 +0000] "POST /v3/domains HTTP/1.1" 201 261 10.0.0.228 - - [07/Sep/2026:11:01:17 +0000] "GET / HTTP/1.1" 300 295
[Mon Sep 07 11:01:17.649262 2026] [wsgi:error] [pid 12:tid 140487566075584] [remote 10.0.0.228:47080] 2026-09-07 11:01:17.648 12 WARNING keystone.common.password_hashing [None req-3e196bff-d857-4d45-881b-9c8c60cdb824 - - - - - -] Truncating password to algorithm specific maximum length 72 characters.
[Mon Sep 07 11:01:17.935337 2026] [wsgi:error] [pid 12:tid 140487566075584] [remote 10.0.0.228:47080] 2026-09-07 11:01:17.934 12 WARNING keystone.common.fernet_utils [None req-3e196bff-d857-4d45-881b-9c8c60cdb824 - - - - - -] key_repository is world readable: /etc/keystone/fernet-keys/ 10.0.0.228 - - [07/Sep/2026:11:01:17 +0000] "POST /v3/auth/tokens HTTP/1.1" 201 1360 10.0.0.228 - - [07/Sep/2026:11:01:18 +0000] "GET /v3/roles/admin HTTP/1.1" 404 83
[Mon Sep 07 11:01:18.792182 2026] [wsgi:error] [pid 9:tid 140487566075584] [remote 10.0.0.228:47080] 2026-09-07 11:01:18.791 9 WARNING keystone.common.rbac_enforcer.enforcer [None req-7390b3d9-e162-495f-bbe1-0e1e6f8ded79 a89e38a4a9a34cd8a772564f6cdf4548 530fa4025c0943828cd1f4b8911dc252 - - default default] Deprecated policy rules found. Use oslopolicy-policy-generator and oslopolicy-policy-upgrade to detect and resolve deprecated policies in your configuration. 10.0.0.228 - - [07/Sep/2026:11:01:18 +0000] "GET /v3/roles?name=admin HTTP/1.1" 200 389
[Mon Sep 07 11:01:18.962856 2026] [wsgi:error] [pid 11:tid 140487566075584] [remote 10.0.0.228:47080] 2026-09-07 11:01:18.962 11 WARNING keystone.common.rbac_enforcer.enforcer [None req-f3a913a4-aaeb-4ab4-959b-573603ee1e63 a89e38a4a9a34cd8a772564f6cdf4548 530fa4025c0943828cd1f4b8911dc252 - - default default] Deprecated policy rules found. Use oslopolicy-policy-generator and oslopolicy-policy-upgrade to detect and resolve deprecated policies in your configuration. 10.0.0.228 - - [07/Sep/2026:11:01:18 +0000] "GET /v3/users/admin-RegionOne HTTP/1.1" 404 93
[Mon Sep 07 11:01:19.135052 2026] [wsgi:error] [pid 12:tid 140487566075584] [remote 10.0.0.228:47080] 2026-09-07 11:01:19.134 12 WARNING keystone.common.rbac_enforcer.enforcer [None req-45d2a1fd-3d01-4ff1-afcf-dd776f28e81d a89e38a4a9a34cd8a772564f6cdf4548 530fa4025c0943828cd1f4b8911dc252 - - default default] Deprecated policy rules found. Use oslopolicy-policy-generator and oslopolicy-policy-upgrade to detect and resolve deprecated policies in your configuration. 10.0.0.228 - - [07/Sep/2026:11:01:18 +0000] "GET /v3/users?name=admin-RegionOne HTTP/1.1" 200 422
[Mon Sep 07 11:01:19.222525 2026] [wsgi:error] [pid 10:tid 140487566075584] [remote 10.0.0.228:47080] 2026-09-07 11:01:19.222 10 WARNING keystone.common.rbac_enforcer.enforcer [None req-39e230db-be4e-4be4-88b7-f37a21b5d5e5 a89e38a4a9a34cd8a772564f6cdf4548 530fa4025c0943828cd1f4b8911dc252 - - default default] Deprecated policy rules found. Use oslopolicy-policy-generator and oslopolicy-policy-upgrade to detect and resolve deprecated policies in your configuration. 10.0.0.228 - - [07/Sep/2026:11:01:19 +0000] "GET /v3/domains/default HTTP/1.1" 200 224 10.0.0.228 - - [07/Sep/2026:11:01:19 +0000] "PUT /v3/domains/default/users/a89e38a4a9a34cd8a772564f6cdf4548/roles/5e2ed27f1de44b388c09b3a6f6cffa18 HTTP/1.1" 204 - 10.0.0.247 - - [07/Sep/2026:11:01:28 +0000] "GET / HTTP/1.1" 300 281 10.0.0.247 - - [07/Sep/2026:11:01:30 +0000] "GET /v3 HTTP/1.1" 200 266
[Mon Sep 07 11:01:30.493574 2026] [wsgi:error] [pid 10:tid 140487566075584] [remote 10.0.0.247:56084] 2026-09-07 11:01:30.493 10 WARNING keystone.common.password_hashing [None req-e74e53ec-3dba-4483-855e-82ff260d7e8d - - - - - -] Truncating password to algorithm specific maximum length 72 characters.
[Mon Sep 07 11:01:30.804980 2026] [wsgi:error] [pid 10:tid 140487566075584] [remote 10.0.0.247:56084] 2026-09-07 11:01:30.804 10 WARNING keystone.common.fernet_utils [None req-e74e53ec-3dba-4483-855e-82ff260d7e8d - - - - - -] key_repository is world readable: /etc/keystone/fernet-keys/ 10.0.0.247 - - [07/Sep/2026:11:01:30 +0000] "POST /v3/auth/tokens HTTP/1.1" 201 1360 10.0.0.247 - - [07/Sep/2026:11:01:30 +0000] "GET / HTTP/1.1" 300 281 10.0.0.247 - - [07/Sep/2026:11:01:30 +0000] "GET /v3/domains/atmosphere HTTP/1.1" 404 90 10.0.0.247 - - [07/Sep/2026:11:01:30 +0000] "GET /v3/domains?name=atmosphere HTTP/1.1" 200 370 10.0.0.247 - - [07/Sep/2026:11:01:30 +0000] "GET /v3/domains/a2f8387cb4224e31a307a48ad3537d95 HTTP/1.1" 200 247 10.0.0.247 - - [07/Sep/2026:11:01:32 +0000] "GET /v3 HTTP/1.1" 200 266
[Mon Sep 07 11:01:32.073552 2026] [wsgi:error] [pid 11:tid 140487566075584] [remote 10.0.0.247:56084] 2026-09-07 11:01:32.072 11 WARNING keystone.common.password_hashing [None req-e89d43ad-925e-4eaa-bb0f-7508523d2d6f - - - - - -] Truncating password to algorithm specific maximum length 72 characters.
[Mon Sep 07 11:01:32.371036 2026] [wsgi:error] [pid 11:tid 140487566075584] [remote 10.0.0.247:56084] 2026-09-07 11:01:32.370 11 WARNING keystone.common.fernet_utils [None req-e89d43ad-925e-4eaa-bb0f-7508523d2d6f - - - - - -] key_repository is world readable: /etc/keystone/fernet-keys/ 10.0.0.247 - - [07/Sep/2026:11:01:32 +0000] "POST /v3/auth/tokens HTTP/1.1" 201 1360 10.0.0.247 - - [07/Sep/2026:11:01:32 +0000] "GET / HTTP/1.1" 300 281 10.0.0.247 - - [07/Sep/2026:11:01:32 +0000] "GET /v3/OS-FEDERATION/identity_providers/atmosphere HTTP/1.1" 404 101 10.0.0.247 - - [07/Sep/2026:11:01:32 +0000] "GET /v3/OS-FEDERATION/identity_providers HTTP/1.1" 200 156 10.0.0.247 - - [07/Sep/2026:11:01:32 +0000] "PUT /v3/OS-FEDERATION/identity_providers/atmosphere HTTP/1.1" 201 342 10.0.0.247 - - [07/Sep/2026:11:01:33 +0000] "GET /v3 HTTP/1.1" 200 266
[Mon Sep 07 11:01:33.251150 2026] [wsgi:error] [pid 10:tid 140487566075584] [remote 10.0.0.247:56084] 2026-09-07 11:01:33.250 10 WARNING keystone.common.password_hashing [None req-35bdd91b-ed4e-4028-b7e2-b85de82e09a7 - - - - - -] Truncating password to algorithm specific maximum length 72 characters.
[Mon Sep 07 11:01:33.538885 2026] [wsgi:error] [pid 10:tid 140487566075584] [remote 10.0.0.247:56084] 2026-09-07 11:01:33.538 10 WARNING keystone.common.fernet_utils [None req-35bdd91b-ed4e-4028-b7e2-b85de82e09a7 - - - - - -] key_repository is world readable: /etc/keystone/fernet-keys/ 10.0.0.247 - - [07/Sep/2026:11:01:33 +0000] "POST /v3/auth/tokens HTTP/1.1" 201 1360 10.0.0.247 - - [07/Sep/2026:11:01:33 +0000] "GET / HTTP/1.1" 300 281 10.0.0.247 - - [07/Sep/2026:11:01:33 +0000] "GET /v3/OS-FEDERATION/mappings/atmosphere-openid HTTP/1.1" 404 98 10.0.0.247 - - [07/Sep/2026:11:01:33 +0000] "GET /v3/OS-FEDERATION/mappings HTTP/1.1" 200 136 10.0.0.247 - - [07/Sep/2026:11:01:33 +0000] "PUT /v3/OS-FEDERATION/mappings/atmosphere-openid HTTP/1.1" 201 357 10.0.0.247 - - [07/Sep/2026:11:01:34 +0000] "GET /v3 HTTP/1.1" 200 266
[Mon Sep 07 11:01:34.400483 2026] [wsgi:error] [pid 11:tid 140487566075584] [remote 10.0.0.247:56086] 2026-09-07 11:01:34.400 11 WARNING keystone.common.password_hashing [None req-17f8c071-6bfe-48ab-82c4-7506a7a6001e - - - - - -] Truncating password to algorithm specific maximum length 72 characters.
[Mon Sep 07 11:01:34.711794 2026] [wsgi:error] [pid 11:tid 140487566075584] [remote 10.0.0.247:56086] 2026-09-07 11:01:34.711 11 WARNING keystone.common.fernet_utils [None req-17f8c071-6bfe-48ab-82c4-7506a7a6001e - - - - - -] key_repository is world readable: /etc/keystone/fernet-keys/ 10.0.0.247 - - [07/Sep/2026:11:01:34 +0000] "POST /v3/auth/tokens HTTP/1.1" 201 1360 10.0.0.247 - - [07/Sep/2026:11:01:34 +0000] "GET / HTTP/1.1" 300 281 10.0.0.247 - - [07/Sep/2026:11:01:34 +0000] "GET /v3/OS-FEDERATION/identity_providers/atmosphere/protocols/openid?idp_id=atmosphere HTTP/1.1" 404 131 10.0.0.247 - - [07/Sep/2026:11:01:34 +0000] "GET /v3/OS-FEDERATION/identity_providers/atmosphere/protocols HTTP/1.1" 200 168 10.0.0.247 - - [07/Sep/2026:11:01:34 +0000] "PUT /v3/OS-FEDERATION/identity_providers/atmosphere/protocols/openid HTTP/1.1" 201 224 10.0.0.247 - - [07/Sep/2026:11:01:40 +0000] "GET /v3/ HTTP/1.1" 200 250 10.0.0.247 - - [07/Sep/2026:11:01:40 +0000] "GET /v3/ HTTP/1.1" 200 250 10.0.0.247 - - [07/Sep/2026:11:02:40 +0000] "GET /v3/ HTTP/1.1" 200 250 10.0.0.247 - - [07/Sep/2026:11:02:40 +0000] "GET /v3/ HTTP/1.1" 200 250 10.0.0.202 - - [07/Sep/2026:11:02:57 +0000] "GET / HTTP/1.1" 300 295
[Mon Sep 07 11:02:57.186647 2026] [wsgi:error] [pid 10:tid 140487566075584] [remote 10.0.0.202:37850] 2026-09-07 11:02:57.186 10 WARNING keystone.common.password_hashing [None req-8a6843de-3dbc-4fb3-8218-def71dfdc0d3 - - - - - -] Truncating password to algorithm specific maximum length 72 characters.
[Mon Sep 07 11:02:57.493440 2026] [wsgi:error] [pid 10:tid 140487566075584] [remote 10.0.0.202:37850] 2026-09-07 11:02:57.493 10 WARNING keystone.common.fernet_utils [None req-8a6843de-3dbc-4fb3-8218-def71dfdc0d3 - - - - - -] key_repository is world readable: /etc/keystone/fernet-keys/ 10.0.0.202 - - [07/Sep/2026:11:02:57 +0000] "POST /v3/auth/tokens HTTP/1.1" 201 1360 10.0.0.202 - - [07/Sep/2026:11:02:57 +0000] "GET /v3/services HTTP/1.1" 200 355 10.0.0.202 - - [07/Sep/2026:11:03:01 +0000] "GET / HTTP/1.1" 300 295
[Mon Sep 07 11:03:01.293600 2026] [wsgi:error] [pid 12:tid 140487566075584] [remote 10.0.0.202:46362] 2026-09-07 11:03:01.293 12 WARNING keystone.common.password_hashing [None req-4581fe7e-d776-4714-8b93-e462e960b6cd - - - - - -] Truncating password to algorithm specific maximum length 72 characters.
[Mon Sep 07 11:03:01.646455 2026] [wsgi:error] [pid 12:tid 140487566075584] [remote 10.0.0.202:46362] 2026-09-07 11:03:01.646 12 WARNING keystone.common.fernet_utils [None req-4581fe7e-d776-4714-8b93-e462e960b6cd - - - - - -] key_repository is world readable: /etc/keystone/fernet-keys/ 10.0.0.202 - - [07/Sep/2026:11:03:01 +0000] "POST /v3/auth/tokens HTTP/1.1" 201 1360 10.0.0.202 - - [07/Sep/2026:11:03:01 +0000] "GET /v3/services HTTP/1.1" 200 355 10.0.0.202 - - [07/Sep/2026:11:03:05 +0000] "GET / HTTP/1.1" 300 295
[Mon Sep 07 11:03:05.411650 2026] [wsgi:error] [pid 9:tid 140487566075584] [remote 10.0.0.202:46368] 2026-09-07 11:03:05.411 9 WARNING keystone.common.password_hashing [None req-106c153f-0092-483c-8680-0947973f1072 - - - - - -] Truncating password to algorithm specific maximum length 72 characters.
[Mon Sep 07 11:03:05.696490 2026] [wsgi:error] [pid 9:tid 140487566075584] [remote 10.0.0.202:46368] 2026-09-07 11:03:05.696 9 WARNING keystone.common.fernet_utils [None req-106c153f-0092-483c-8680-0947973f1072 - - - - - -] key_repository is world readable: /etc/keystone/fernet-keys/ 10.0.0.202 - - [07/Sep/2026:11:03:05 +0000] "POST /v3/auth/tokens HTTP/1.1" 201 1360 10.0.0.202 - - [07/Sep/2026:11:03:05 +0000] "GET /v3/services HTTP/1.1" 200 355 10.0.0.202 - - [07/Sep/2026:11:03:09 +0000] "GET / HTTP/1.1" 300 295
[Mon Sep 07 11:03:09.735390 2026] [wsgi:error] [pid 11:tid 140487566075584] [remote 10.0.0.202:50064] 2026-09-07 11:03:09.734 11 WARNING keystone.common.password_hashing [None req-f2d25aa3-1b43-4749-8b92-38264dd0a7b3 - - - - - -] Truncating password to algorithm specific maximum length 72 characters.
[Mon Sep 07 11:03:10.030038 2026] [wsgi:error] [pid 11:tid 140487566075584] [remote 10.0.0.202:50064] 2026-09-07 11:03:10.029 11 WARNING keystone.common.fernet_utils [None req-f2d25aa3-1b43-4749-8b92-38264dd0a7b3 - - - - - -] key_repository is world readable: /etc/keystone/fernet-keys/ 10.0.0.202 - - [07/Sep/2026:11:03:09 +0000] "POST /v3/auth/tokens HTTP/1.1" 201 1360 10.0.0.202 - - [07/Sep/2026:11:03:10 +0000] "POST /v3/services HTTP/1.1" 201 296 10.0.0.8 - - [07/Sep/2026:11:03:21 +0000] "GET / HTTP/1.1" 300 295
[Mon Sep 07 11:03:21.570137 2026] [wsgi:error] [pid 10:tid 140487566075584] [remote 10.0.0.8:36906] 2026-09-07 11:03:21.569 10 WARNING keystone.common.password_hashing [None req-b0911e09-e6a6-492e-83d4-ab572fedac02 - - - - - -] Truncating password to algorithm specific maximum length 72 characters. 10.0.0.8 - - [07/Sep/2026:11:03:21 +0000] "GET / HTTP/1.1" 300 295
[Mon Sep 07 11:03:21.643518 2026] [wsgi:error] [pid 9:tid 140487566075584] [remote 10.0.0.8:36908] 2026-09-07 11:03:21.643 9 WARNING keystone.common.password_hashing [None req-1a697675-11c0-4d2a-aaab-62bc16e1967d - - - - - -] Truncating password to algorithm specific maximum length 72 characters.
[Mon Sep 07 11:03:21.922411 2026] [wsgi:error] [pid 10:tid 140487566075584] [remote 10.0.0.8:36906] 2026-09-07 11:03:21.922 10 WARNING keystone.common.fernet_utils [None req-b0911e09-e6a6-492e-83d4-ab572fedac02 - - - - - -] key_repository is world readable: /etc/keystone/fernet-keys/ 10.0.0.8 - - [07/Sep/2026:11:03:21 +0000] "POST /v3/auth/tokens HTTP/1.1" 201 1464
[Mon Sep 07 11:03:21.958405 2026] [wsgi:error] [pid 9:tid 140487566075584] [remote 10.0.0.8:36908] 2026-09-07 11:03:21.958 9 WARNING keystone.common.fernet_utils [None req-1a697675-11c0-4d2a-aaab-62bc16e1967d - - - - - -] key_repository is world readable: /etc/keystone/fernet-keys/ 10.0.0.8 - - [07/Sep/2026:11:03:21 +0000] "GET / HTTP/1.1" 300 295 10.0.0.8 - - [07/Sep/2026:11:03:21 +0000] "POST /v3/auth/tokens HTTP/1.1" 201 1464
[Mon Sep 07 11:03:21.982451 2026] [wsgi:error] [pid 11:tid 140487566075584] [remote 10.0.0.8:36910] 2026-09-07 11:03:21.982 11 WARNING keystone.common.password_hashing [None req-273c3dbb-5642-468b-9f61-5020702eff42 - - - - - -] Truncating password to algorithm specific maximum length 72 characters. 10.0.0.8 - - [07/Sep/2026:11:03:22 +0000] "GET /v3/services HTTP/1.1" 200 639 10.0.0.8 - - [07/Sep/2026:11:03:22 +0000] "GET /v3/services HTTP/1.1" 200 639
[Mon Sep 07 11:03:22.256318 2026] [wsgi:error] [pid 11:tid 140487566075584] [remote 10.0.0.8:36910] 2026-09-07 11:03:22.256 11 WARNING keystone.common.fernet_utils [None req-273c3dbb-5642-468b-9f61-5020702eff42 - - - - - -] key_repository is world readable: /etc/keystone/fernet-keys/ 10.0.0.8 - - [07/Sep/2026:11:03:21 +0000] "POST /v3/auth/tokens HTTP/1.1" 201 1464 10.0.0.8 - - [07/Sep/2026:11:03:22 +0000] "GET /v3/services HTTP/1.1" 200 639 10.0.0.8 - - [07/Sep/2026:11:03:23 +0000] "GET / HTTP/1.1" 300 295 10.0.0.8 - - [07/Sep/2026:11:03:23 +0000] "GET / HTTP/1.1" 300 295
[Mon Sep 07 11:03:23.877717 2026] [wsgi:error] [pid 12:tid 140487566075584] [remote 10.0.0.8:36924] 2026-09-07 11:03:23.877 12 WARNING keystone.common.password_hashing [None req-ce246009-4720-4d13-960f-6502ed4d00e5 - - - - - -] Truncating password to algorithm specific maximum length 72 characters.
[Mon Sep 07 11:03:23.911731 2026] [wsgi:error] [pid 9:tid 140487566075584] [remote 10.0.0.8:36930] 2026-09-07 11:03:23.910 9 WARNING keystone.common.password_hashing [None req-a5bd4dd5-326d-41f4-9de7-16b30d0c62e5 - - - - - -] Truncating password to algorithm specific maximum length 72 characters. 10.0.0.8 - - [07/Sep/2026:11:03:24 +0000] "GET / HTTP/1.1" 300 295
[Mon Sep 07 11:03:24.109990 2026] [wsgi:error] [pid 11:tid 140487566075584] [remote 10.0.0.8:36934] 2026-09-07 11:03:24.109 11 WARNING keystone.common.password_hashing [None req-4770fe06-4780-4aec-b016-3c2f9776a5a4 - - - - - -] Truncating password to algorithm specific maximum length 72 characters.
[Mon Sep 07 11:03:24.210904 2026] [wsgi:error] [pid 12:tid 140487566075584] [remote 10.0.0.8:36924] 2026-09-07 11:03:24.210 12 WARNING keystone.common.fernet_utils [None req-ce246009-4720-4d13-960f-6502ed4d00e5 - - - - - -] key_repository is world readable: /etc/keystone/fernet-keys/ 10.0.0.8 - - [07/Sep/2026:11:03:23 +0000] "POST /v3/auth/tokens HTTP/1.1" 201 1464
[Mon Sep 07 11:03:24.252431 2026] [wsgi:error] [pid 9:tid 140487566075584] [remote 10.0.0.8:36930] 2026-09-07 11:03:24.252 9 WARNING keystone.common.fernet_utils [None req-a5bd4dd5-326d-41f4-9de7-16b30d0c62e5 - - - - - -] key_repository is world readable: /etc/keystone/fernet-keys/ 10.0.0.8 - - [07/Sep/2026:11:03:23 +0000] "POST /v3/auth/tokens HTTP/1.1" 201 1464 10.0.0.8 - - [07/Sep/2026:11:03:24 +0000] "GET /v3/endpoints HTTP/1.1" 200 1227 10.0.0.8 - - [07/Sep/2026:11:03:24 +0000] "GET /v3/endpoints HTTP/1.1" 200 1227 10.0.0.8 - - [07/Sep/2026:11:03:24 +0000] "GET /v3/services/569e7c1934a449f394a44ff4ec321532 HTTP/1.1" 200 233
[Mon Sep 07 11:03:24.420502 2026] [wsgi:error] [pid 11:tid 140487566075584] [remote 10.0.0.8:36934] 2026-09-07 11:03:24.420 11 WARNING keystone.common.fernet_utils [None req-4770fe06-4780-4aec-b016-3c2f9776a5a4 - - - - - -] key_repository is world readable: /etc/keystone/fernet-keys/ 10.0.0.8 - - [07/Sep/2026:11:03:24 +0000] "POST /v3/auth/tokens HTTP/1.1" 201 1464 10.0.0.8 - - [07/Sep/2026:11:03:24 +0000] "GET /v3/services/569e7c1934a449f394a44ff4ec321532 HTTP/1.1" 200 233 10.0.0.8 - - [07/Sep/2026:11:03:24 +0000] "GET /v3/services/569e7c1934a449f394a44ff4ec321532 HTTP/1.1" 200 233 10.0.0.8 - - [07/Sep/2026:11:03:24 +0000] "GET /v3/services/569e7c1934a449f394a44ff4ec321532 HTTP/1.1" 200 233 10.0.0.8 - - [07/Sep/2026:11:03:24 +0000] "GET /v3/services/569e7c1934a449f394a44ff4ec321532 HTTP/1.1" 200 233 10.0.0.8 - - [07/Sep/2026:11:03:24 +0000] "GET /v3/services/569e7c1934a449f394a44ff4ec321532 HTTP/1.1" 200 233 10.0.0.8 - - [07/Sep/2026:11:03:24 +0000] "GET /v3/endpoints HTTP/1.1" 200 1227 10.0.0.8 - - [07/Sep/2026:11:03:24 +0000] "GET /v3/services/569e7c1934a449f394a44ff4ec321532 HTTP/1.1" 200 233 10.0.0.8 - - [07/Sep/2026:11:03:24 +0000] "GET /v3/services/569e7c1934a449f394a44ff4ec321532 HTTP/1.1" 200 233 10.0.0.8 - - [07/Sep/2026:11:03:24 +0000] "GET /v3/services/569e7c1934a449f394a44ff4ec321532 HTTP/1.1" 200 233 10.0.0.8 - - [07/Sep/2026:11:03:25 +0000] "GET / HTTP/1.1" 300 295
[Mon Sep 07 11:03:26.019711 2026] [wsgi:error] [pid 11:tid 140487566075584] [remote 10.0.0.8:36940] 2026-09-07 11:03:26.019 11 WARNING keystone.common.password_hashing [None req-ba2eb048-9f40-4676-9b81-818b839014df - - - - - -] Truncating password to algorithm specific maximum length 72 characters. 10.0.0.8 - - [07/Sep/2026:11:03:26 +0000] "GET / HTTP/1.1" 300 295
[Mon Sep 07 11:03:26.240967 2026] [wsgi:error] [pid 12:tid 140487566075584] [remote 10.0.0.8:36954] 2026-09-07 11:03:26.240 12 WARNING keystone.common.password_hashing [None req-6590c413-b3e9-4669-b8e0-6f0ac7f9987b - - - - - -] Truncating password to algorithm specific maximum length 72 characters.
[Mon Sep 07 11:03:26.303689 2026] [wsgi:error] [pid 11:tid 140487566075584] [remote 10.0.0.8:36940] 2026-09-07 11:03:26.303 11 WARNING keystone.common.fernet_utils [None req-ba2eb048-9f40-4676-9b81-818b839014df - - - - - -] key_repository is world readable: /etc/keystone/fernet-keys/ 10.0.0.8 - - [07/Sep/2026:11:03:26 +0000] "POST /v3/auth/tokens HTTP/1.1" 201 1464 10.0.0.8 - - [07/Sep/2026:11:03:26 +0000] "GET / HTTP/1.1" 300 295 10.0.0.8 - - [07/Sep/2026:11:03:26 +0000] "GET /v3/services/dc96b2248f9943248aab0b9e39cf6246 HTTP/1.1" 200 296
[Mon Sep 07 11:03:26.522729 2026] [wsgi:error] [pid 12:tid 140487566075584] [remote 10.0.0.8:36954] 2026-09-07 11:03:26.522 12 WARNING keystone.common.fernet_utils [None req-6590c413-b3e9-4669-b8e0-6f0ac7f9987b - - - - - -] key_repository is world readable: /etc/keystone/fernet-keys/ 10.0.0.8 - - [07/Sep/2026:11:03:26 +0000] "POST /v3/auth/tokens HTTP/1.1" 201 1464
[Mon Sep 07 11:03:26.527700 2026] [wsgi:error] [pid 11:tid 140487566075584] [remote 10.0.0.8:36970] 2026-09-07 11:03:26.527 11 WARNING keystone.common.password_hashing [None req-5db21479-dc21-4ed0-9367-c35961510d81 - - - - - -] Truncating password to algorithm specific maximum length 72 characters. 10.0.0.8 - - [07/Sep/2026:11:03:26 +0000] "GET /v3/regions/RegionOne HTTP/1.1" 200 173 10.0.0.8 - - [07/Sep/2026:11:03:26 +0000] "GET /v3/services/dc96b2248f9943248aab0b9e39cf6246 HTTP/1.1" 200 296 10.0.0.8 - - [07/Sep/2026:11:03:26 +0000] "GET /v3/regions/RegionOne HTTP/1.1" 200 173 10.0.0.8 - - [07/Sep/2026:11:03:26 +0000] "POST /v3/endpoints HTTP/1.1" 201 370
[Mon Sep 07 11:03:26.830064 2026] [wsgi:error] [pid 11:tid 140487566075584] [remote 10.0.0.8:36970] 2026-09-07 11:03:26.829 11 WARNING keystone.common.fernet_utils [None req-5db21479-dc21-4ed0-9367-c35961510d81 - - - - - -] key_repository is world readable: /etc/keystone/fernet-keys/ 10.0.0.8 - - [07/Sep/2026:11:03:26 +0000] "POST /v3/auth/tokens HTTP/1.1" 201 1810 10.0.0.8 - - [07/Sep/2026:11:03:26 +0000] "POST /v3/endpoints HTTP/1.1" 201 380 10.0.0.8 - - [07/Sep/2026:11:03:26 +0000] "GET /v3/services/dc96b2248f9943248aab0b9e39cf6246 HTTP/1.1" 200 296 10.0.0.8 - - [07/Sep/2026:11:03:26 +0000] "GET /v3/regions/RegionOne HTTP/1.1" 200 173 10.0.0.8 - - [07/Sep/2026:11:03:27 +0000] "POST /v3/endpoints HTTP/1.1" 201 383 10.0.0.8 - - [07/Sep/2026:11:03:28 +0000] "GET / HTTP/1.1" 300 295
[Mon Sep 07 11:03:28.344025 2026] [wsgi:error] [pid 9:tid 140487566075584] [remote 10.0.0.8:36978] 2026-09-07 11:03:28.343 9 WARNING keystone.common.password_hashing [None req-32cbe19d-4bef-42c0-95b8-6a7d084bf490 - - - - - -] Truncating password to algorithm specific maximum length 72 characters.
[Mon Sep 07 11:03:28.648525 2026] [wsgi:error] [pid 9:tid 140487566075584] [remote 10.0.0.8:36978] 2026-09-07 11:03:28.648 9 WARNING keystone.common.fernet_utils [None req-32cbe19d-4bef-42c0-95b8-6a7d084bf490 - - - - - -] key_repository is world readable: /etc/keystone/fernet-keys/ 10.0.0.8 - - [07/Sep/2026:11:03:28 +0000] "POST /v3/auth/tokens HTTP/1.1" 201 1992 10.0.0.8 - - [07/Sep/2026:11:03:28 +0000] "GET / HTTP/1.1" 300 295
[Mon Sep 07 11:03:28.724243 2026] [wsgi:error] [pid 11:tid 140487566075584] [remote 10.0.0.8:36982] 2026-09-07 11:03:28.723 11 WARNING keystone.common.password_hashing [None req-15dd636c-3f2c-46e3-b979-bd7fea56e8a2 - - - - - -] Truncating password to algorithm specific maximum length 72 characters. 10.0.0.8 - - [07/Sep/2026:11:03:28 +0000] "GET /v3/endpoints/f6758bfadafd4b2db30465e50a0e2f19 HTTP/1.1" 200 370 10.0.0.8 - - [07/Sep/2026:11:03:28 +0000] "GET /v3/services/dc96b2248f9943248aab0b9e39cf6246 HTTP/1.1" 200 296 10.0.0.8 - - [07/Sep/2026:11:03:28 +0000] "GET / HTTP/1.1" 300 295
[Mon Sep 07 11:03:28.889378 2026] [wsgi:error] [pid 12:tid 140487566075584] [remote 10.0.0.8:36996] 2026-09-07 11:03:28.888 12 WARNING keystone.common.password_hashing [None req-0625bd9d-c9d6-4b0c-b776-078fdc372d8d - - - - - -] Truncating password to algorithm specific maximum length 72 characters.
[Mon Sep 07 11:03:29.031143 2026] [wsgi:error] [pid 11:tid 140487566075584] [remote 10.0.0.8:36982] 2026-09-07 11:03:29.030 11 WARNING keystone.common.fernet_utils [None req-15dd636c-3f2c-46e3-b979-bd7fea56e8a2 - - - - - -] key_repository is world readable: /etc/keystone/fernet-keys/ 10.0.0.8 - - [07/Sep/2026:11:03:28 +0000] "POST /v3/auth/tokens HTTP/1.1" 201 1992
[Mon Sep 07 11:03:29.175916 2026] [wsgi:error] [pid 12:tid 140487566075584] [remote 10.0.0.8:36996] 2026-09-07 11:03:29.175 12 WARNING keystone.common.fernet_utils [None req-0625bd9d-c9d6-4b0c-b776-078fdc372d8d - - - - - -] key_repository is world readable: /etc/keystone/fernet-keys/ 10.0.0.8 - - [07/Sep/2026:11:03:28 +0000] "POST /v3/auth/tokens HTTP/1.1" 201 1992 10.0.0.8 - - [07/Sep/2026:11:03:29 +0000] "GET /v3/endpoints/8035f7d3792c4ebfb14df4f2780a328a HTTP/1.1" 200 383 10.0.0.8 - - [07/Sep/2026:11:03:29 +0000] "GET /v3/services/dc96b2248f9943248aab0b9e39cf6246 HTTP/1.1" 200 296 10.0.0.8 - - [07/Sep/2026:11:03:29 +0000] "GET /v3/endpoints/2b20eaa310714dffa41fa42cb458f483 HTTP/1.1" 200 380 10.0.0.8 - - [07/Sep/2026:11:03:29 +0000] "GET /v3/services/dc96b2248f9943248aab0b9e39cf6246 HTTP/1.1" 200 296 10.0.0.247 - - [07/Sep/2026:11:03:40 +0000] "GET /v3/ HTTP/1.1" 200 250 10.0.0.247 - - [07/Sep/2026:11:03:40 +0000] "GET /v3/ HTTP/1.1" 200 250 10.0.0.19 - - [07/Sep/2026:11:03:41 +0000] "GET / HTTP/1.1" 300 295
[Mon Sep 07 11:03:41.695006 2026] [wsgi:error] [pid 12:tid 140487566075584] [remote 10.0.0.19:50790] 2026-09-07 11:03:41.694 12 WARNING keystone.common.password_hashing [None req-c8592c6b-da2b-4d56-a4d3-3043769780c1 - - - - - -] Truncating password to algorithm specific maximum length 72 characters.
[Mon Sep 07 11:03:41.999550 2026] [wsgi:error] [pid 12:tid 140487566075584] [remote 10.0.0.19:50790] 2026-09-07 11:03:41.999 12 WARNING keystone.common.fernet_utils [None req-c8592c6b-da2b-4d56-a4d3-3043769780c1 - - - - - -] key_repository is world readable: /etc/keystone/fernet-keys/ 10.0.0.19 - - [07/Sep/2026:11:03:41 +0000] "POST /v3/auth/tokens HTTP/1.1" 201 1992 10.0.0.19 - - [07/Sep/2026:11:03:42 +0000] "POST /v3/domains HTTP/1.1" 201 284 10.0.0.19 - - [07/Sep/2026:11:03:44 +0000] "GET / HTTP/1.1" 300 295
[Mon Sep 07 11:03:44.264222 2026] [wsgi:error] [pid 11:tid 140487566075584] [remote 10.0.0.19:50796] 2026-09-07 11:03:44.263 11 WARNING keystone.common.password_hashing [None req-491ee9a6-4480-4d4d-975e-f13b41f48058 - - - - - -] Truncating password to algorithm specific maximum length 72 characters.
[Mon Sep 07 11:03:44.615291 2026] [wsgi:error] [pid 11:tid 140487566075584] [remote 10.0.0.19:50796] 2026-09-07 11:03:44.615 11 WARNING keystone.common.fernet_utils [None req-491ee9a6-4480-4d4d-975e-f13b41f48058 - - - - - -] key_repository is world readable: /etc/keystone/fernet-keys/ 10.0.0.19 - - [07/Sep/2026:11:03:44 +0000] "POST /v3/auth/tokens HTTP/1.1" 201 1992
[Mon Sep 07 11:03:44.873533 2026] [wsgi:error] [pid 12:tid 140487566075584] [remote 10.0.0.19:50796] 2026-09-07 11:03:44.850 12 ERROR keystone.server.flask.application [None req-e13b74fc-6534-43a0-b8c7-519b5dbf7395 a89e38a4a9a34cd8a772564f6cdf4548 530fa4025c0943828cd1f4b8911dc252 - - default default] Conflict occurred attempting to store project - it is not permitted to have two projects acting as domains with the same name: service.: keystone.exception.Conflict: Conflict occurred attempting to store project - it is not permitted to have two projects acting as domains with the same name: service.
[Mon Sep 07 11:03:44.874648 2026] [wsgi:error] [pid 12:tid 140487566075584] [remote 10.0.0.19:50796] 2026-09-07 11:03:44.850 12 ERROR keystone.server.flask.application
Traceback (most recent call last):
[Mon Sep 07 11:03:44.874653 2026] [wsgi:error] [pid 12:tid 140487566075584] [remote 10.0.0.19:50796] 2026-09-07 11:03:44.850 12 ERROR keystone.server.flask.application
File "/var/lib/openstack/lib/python3.12/site-packages/sqlalchemy/engine/base.py", line 1969, in _exec_single_context
[Mon Sep 07 11:03:44.874656 2026] [wsgi:error] [pid 12:tid 140487566075584] [remote 10.0.0.19:50796] 2026-09-07 11:03:44.850 12 ERROR keystone.server.flask.application self.dialect.do_execute(
[Mon Sep 07 11:03:44.874658 2026] [wsgi:error] [pid 12:tid 140487566075584] [remote 10.0.0.19:50796] 2026-09-07 11:03:44.850 12 ERROR keystone.server.flask.application
File "/var/lib/openstack/lib/python3.12/site-packages/sqlalchemy/engine/default.py", line 952, in do_execute
[Mon Sep 07 11:03:44.874660 2026] [wsgi:error] [pid 12:tid 140487566075584] [remote 10.0.0.19:50796] 2026-09-07 11:03:44.850 12 ERROR keystone.server.flask.application cursor.execute(statement, parameters)
[Mon Sep 07 11:03:44.874662 2026] [wsgi:error] [pid 12:tid 140487566075584] [remote 10.0.0.19:50796] 2026-09-07 11:03:44.850 12 ERROR keystone.server.flask.application
File "/var/lib/openstack/lib/python3.12/site-packages/pymysql/cursors.py", line 159, in execute
[Mon Sep 07 11:03:44.874665 2026] [wsgi:error] [pid 12:tid 140487566075584] [remote 10.0.0.19:50796] 2026-09-07 11:03:44.850 12 ERROR keystone.server.flask.application result = self._query(query)
[Mon Sep 07 11:03:44.874667 2026] [wsgi:error] [pid 12:tid 140487566075584] [remote 10.0.0.19:50796] 2026-09-07 11:03:44.850 12 ERROR keystone.server.flask.application ^^^^^^^^^^^^^^^^^^
[Mon Sep 07 11:03:44.874668 2026] [wsgi:error] [pid 12:tid 140487566075584] [remote 10.0.0.19:50796] 2026-09-07 11:03:44.850 12 ERROR keystone.server.flask.application
File "/var/lib/openstack/lib/python3.12/site-packages/pymysql/cursors.py", line 330, in _query
[Mon Sep 07 11:03:44.874671 2026] [wsgi:error] [pid 12:tid 140487566075584] [remote 10.0.0.19:50796] 2026-09-07 11:03:44.850 12 ERROR keystone.server.flask.application conn.query(q)
[Mon Sep 07 11:03:44.874672 2026] [wsgi:error] [pid 12:tid 140487566075584] [remote 10.0.0.19:50796] 2026-09-07 11:03:44.850 12 ERROR keystone.server.flask.application
File "/var/lib/openstack/lib/python3.12/site-packages/pymysql/connections.py", line 582, in query
[Mon Sep 07 11:03:44.874675 2026] [wsgi:error] [pid 12:tid 140487566075584] [remote 10.0.0.19:50796] 2026-09-07 11:03:44.850 12 ERROR keystone.server.flask.application self._affected_rows = self._read_query_result(unbuffered=unbuffered)
[Mon Sep 07 11:03:44.874677 2026] [wsgi:error] [pid 12:tid 140487566075584] [remote 10.0.0.19:50796] 2026-09-07 11:03:44.850 12 ERROR keystone.server.flask.application ^^^^^^^^^^^^^^^^^^^^^^^^^^^^^^^^^^^^^^^^^^^^^^
[Mon Sep 07 11:03:44.874679 2026] [wsgi:error] [pid 12:tid 140487566075584] [remote 10.0.0.19:50796] 2026-09-07 11:03:44.850 12 ERROR keystone.server.flask.application
File "/var/lib/openstack/lib/python3.12/site-packages/pymysql/connections.py", line 847, in _read_query_result
[Mon Sep 07 11:03:44.874681 2026] [wsgi:error] [pid 12:tid 140487566075584] [remote 10.0.0.19:50796] 2026-09-07 11:03:44.850 12 ERROR keystone.server.flask.application result.read()
[Mon Sep 07 11:03:44.874685 2026] [wsgi:error] [pid 12:tid 140487566075584] [remote 10.0.0.19:50796] 2026-09-07 11:03:44.850 12 ERROR keystone.server.flask.application
File "/var/lib/openstack/lib/python3.12/site-packages/pymysql/connections.py", line 1245, in read
[Mon Sep 07 11:03:44.874687 2026] [wsgi:error] [pid 12:tid 140487566075584] [remote 10.0.0.19:50796] 2026-09-07 11:03:44.850 12 ERROR keystone.server.flask.application first_packet = self.connection._read_packet()
[Mon Sep 07 11:03:44.874689 2026] [wsgi:error] [pid 12:tid 140487566075584] [remote 10.0.0.19:50796] 2026-09-07 11:03:44.850 12 ERROR keystone.server.flask.application ^^^^^^^^^^^^^^^^^^^^^^^^^^^^^^
[Mon Sep 07 11:03:44.874690 2026] [wsgi:error] [pid 12:tid 140487566075584] [remote 10.0.0.19:50796] 2026-09-07 11:03:44.850 12 ERROR keystone.server.flask.application
File "/var/lib/openstack/lib/python3.12/site-packages/pymysql/connections.py", line 803, in _read_packet
[Mon Sep 07 11:03:44.874692 2026] [wsgi:error] [pid 12:tid 140487566075584] [remote 10.0.0.19:50796] 2026-09-07 11:03:44.850 12 ERROR keystone.server.flask.application packet.raise_for_error()
[Mon Sep 07 11:03:44.874694 2026] [wsgi:error] [pid 12:tid 140487566075584] [remote 10.0.0.19:50796] 2026-09-07 11:03:44.850 12 ERROR keystone.server.flask.application
File "/var/lib/openstack/lib/python3.12/site-packages/pymysql/protocol.py", line 219, in raise_for_error
[Mon Sep 07 11:03:44.874696 2026] [wsgi:error] [pid 12:tid 140487566075584] [remote 10.0.0.19:50796] 2026-09-07 11:03:44.850 12 ERROR keystone.server.flask.application err.raise_mysql_exception(self._data)
[Mon Sep 07 11:03:44.874698 2026] [wsgi:error] [pid 12:tid 140487566075584] [remote 10.0.0.19:50796] 2026-09-07 11:03:44.850 12 ERROR keystone.server.flask.application
File "/var/lib/openstack/lib/python3.12/site-packages/pymysql/err.py", line 154, in raise_mysql_exception
[Mon Sep 07 11:03:44.874700 2026] [wsgi:error] [pid 12:tid 140487566075584] [remote 10.0.0.19:50796] 2026-09-07 11:03:44.850 12 ERROR keystone.server.flask.application raise errorclass(errno, errval, sqlstate=sqlstate)
[Mon Sep 07 11:03:44.874703 2026] [wsgi:error] [pid 12:tid 140487566075584] [remote 10.0.0.19:50796] 2026-09-07 11:03:44.850 12 ERROR keystone.server.flask.application pymysql.err.IntegrityError: (1062, "Duplicate entry '<>-service' for key 'project.ixu_project_name_domain_id'")
[Mon Sep 07 11:03:44.874705 2026] [wsgi:error] [pid 12:tid 140487566075584] [remote 10.0.0.19:50796] 2026-09-07 11:03:44.850 12 ERROR keystone.server.flask.application
[Mon Sep 07 11:03:44.874707 2026] [wsgi:error] [pid 12:tid 140487566075584] [remote 10.0.0.19:50796] 2026-09-07 11:03:44.850 12 ERROR keystone.server.flask.application The above exception was the direct cause of the following exception:
[Mon Sep 07 11:03:44.874708 2026] [wsgi:error] [pid 12:tid 140487566075584] [remote 10.0.0.19:50796] 2026-09-07 11:03:44.850 12 ERROR keystone.server.flask.application
[Mon Sep 07 11:03:44.874710 2026] [wsgi:error] [pid 12:tid 140487566075584] [remote 10.0.0.19:50796] 2026-09-07 11:03:44.850 12 ERROR keystone.server.flask.application
Traceback (most recent call last):
[Mon Sep 07 11:03:44.874712 2026] [wsgi:error] [pid 12:tid 140487566075584] [remote 10.0.0.19:50796] 2026-09-07 11:03:44.850 12 ERROR keystone.server.flask.application
File "/var/lib/openstack/lib/python3.12/site-packages/keystone/common/sql/core.py", line 575, in wrapper
[Mon Sep 07 11:03:44.874714 2026] [wsgi:error] [pid 12:tid 140487566075584] [remote 10.0.0.19:50796] 2026-09-07 11:03:44.850 12 ERROR keystone.server.flask.application return method(*args, **kwargs)
[Mon Sep 07 11:03:44.874716 2026] [wsgi:error] [pid 12:tid 140487566075584] [remote 10.0.0.19:50796] 2026-09-07 11:03:44.850 12 ERROR keystone.server.flask.application ^^^^^^^^^^^^^^^^^^^^^^^
[Mon Sep 07 11:03:44.874719 2026] [wsgi:error] [pid 12:tid 140487566075584] [remote 10.0.0.19:50796] 2026-09-07 11:03:44.850 12 ERROR keystone.server.flask.application
File "/var/lib/openstack/lib/python3.12/site-packages/keystone/resource/backends/sql.py", line 278, in create_project
[Mon Sep 07 11:03:44.874721 2026] [wsgi:error] [pid 12:tid 140487566075584] [remote 10.0.0.19:50796] 2026-09-07 11:03:44.850 12 ERROR keystone.server.flask.application with sql.session_for_write() as session:
[Mon Sep 07 11:03:44.874723 2026] [wsgi:error] [pid 12:tid 140487566075584] [remote 10.0.0.19:50796] 2026-09-07 11:03:44.850 12 ERROR keystone.server.flask.application
File "/usr/lib/python3.12/contextlib.py", line 144, in __exit__
[Mon Sep 07 11:03:44.874725 2026] [wsgi:error] [pid 12:tid 140487566075584] [remote 10.0.0.19:50796] 2026-09-07 11:03:44.850 12 ERROR keystone.server.flask.application next(self.gen)
[Mon Sep 07 11:03:44.874726 2026] [wsgi:error] [pid 12:tid 140487566075584] [remote 10.0.0.19:50796] 2026-09-07 11:03:44.850 12 ERROR keystone.server.flask.application
File "/var/lib/openstack/lib/python3.12/site-packages/oslo_db/sqlalchemy/enginefacade.py", line 1175, in _transaction_scope
[Mon Sep 07 11:03:44.874728 2026] [wsgi:error] [pid 12:tid 140487566075584] [remote 10.0.0.19:50796] 2026-09-07 11:03:44.850 12 ERROR keystone.server.flask.application with current._produce_block(
[Mon Sep 07 11:03:44.874730 2026] [wsgi:error] [pid 12:tid 140487566075584] [remote 10.0.0.19:50796] 2026-09-07 11:03:44.850 12 ERROR keystone.server.flask.application
File "/usr/lib/python3.12/contextlib.py", line 144, in __exit__ 10.0.0.19 - - [07/Sep/2026:11:03:44 +0000] "POST /v3/domains HTTP/1.1" 409 190
[Mon Sep 07 11:03:44.874731 2026] [wsgi:error] [pid 12:tid 140487566075584] [remote 10.0.0.19:50796] 2026-09-07 11:03:44.850 12 ERROR keystone.server.flask.application next(self.gen)
[Mon Sep 07 11:03:44.874733 2026] [wsgi:error] [pid 12:tid 140487566075584] [remote 10.0.0.19:50796] 2026-09-07 11:03:44.850 12 ERROR keystone.server.flask.application
File "/var/lib/openstack/lib/python3.12/site-packages/oslo_db/sqlalchemy/enginefacade.py", line 837, in _session
[Mon Sep 07 11:03:44.874735 2026] [wsgi:error] [pid 12:tid 140487566075584] [remote 10.0.0.19:50796] 2026-09-07 11:03:44.850 12 ERROR keystone.server.flask.application with excutils.save_and_reraise_exception():
[Mon Sep 07 11:03:44.874737 2026] [wsgi:error] [pid 12:tid 140487566075584] [remote 10.0.0.19:50796] 2026-09-07 11:03:44.850 12 ERROR keystone.server.flask.application
File "/var/lib/openstack/lib/python3.12/site-packages/oslo_utils/excutils.py", line 266, in __exit__
[Mon Sep 07 11:03:44.874739 2026] [wsgi:error] [pid 12:tid 140487566075584] [remote 10.0.0.19:50796] 2026-09-07 11:03:44.850 12 ERROR keystone.server.flask.application self.force_reraise()
[Mon Sep 07 11:03:44.874740 2026] [wsgi:error] [pid 12:tid 140487566075584] [remote 10.0.0.19:50796] 2026-09-07 11:03:44.850 12 ERROR keystone.server.flask.application
File "/var/lib/openstack/lib/python3.12/site-packages/oslo_utils/excutils.py", line 232, in force_reraise
[Mon Sep 07 11:03:44.874742 2026] [wsgi:error] [pid 12:tid 140487566075584] [remote 10.0.0.19:50796] 2026-09-07 11:03:44.850 12 ERROR keystone.server.flask.application raise self.value
[Mon Sep 07 11:03:44.874744 2026] [wsgi:error] [pid 12:tid 140487566075584] [remote 10.0.0.19:50796] 2026-09-07 11:03:44.850 12 ERROR keystone.server.flask.application
File "/var/lib/openstack/lib/python3.12/site-packages/oslo_db/sqlalchemy/enginefacade.py", line 835, in _session
[Mon Sep 07 11:03:44.874745 2026] [wsgi:error] [pid 12:tid 140487566075584] [remote 10.0.0.19:50796] 2026-09-07 11:03:44.850 12 ERROR keystone.server.flask.application self._end_session_transaction(self.session)
[Mon Sep 07 11:03:44.874747 2026] [wsgi:error] [pid 12:tid 140487566075584] [remote 10.0.0.19:50796] 2026-09-07 11:03:44.850 12 ERROR keystone.server.flask.application
File "/var/lib/openstack/lib/python3.12/site-packages/oslo_db/sqlalchemy/enginefacade.py", line 748, in _end_session_transaction
[Mon Sep 07 11:03:44.874750 2026] [wsgi:error] [pid 12:tid 140487566075584] [remote 10.0.0.19:50796] 2026-09-07 11:03:44.850 12 ERROR keystone.server.flask.application session.commit()
[Mon Sep 07 11:03:44.874752 2026] [wsgi:error] [pid 12:tid 140487566075584] [remote 10.0.0.19:50796] 2026-09-07 11:03:44.850 12 ERROR keystone.server.flask.application
File "/var/lib/openstack/lib/python3.12/site-packages/sqlalchemy/orm/session.py", line 2034, in commit
[Mon Sep 07 11:03:44.874754 2026] [wsgi:error] [pid 12:tid 140487566075584] [remote 10.0.0.19:50796] 2026-09-07 11:03:44.850 12 ERROR keystone.server.flask.application trans.commit(_to_root=True)
[Mon Sep 07 11:03:44.874755 2026] [wsgi:error] [pid 12:tid 140487566075584] [remote 10.0.0.19:50796] 2026-09-07 11:03:44.850 12 ERROR keystone.server.flask.application File "", line 2, in commit
[Mon Sep 07 11:03:44.874757 2026] [wsgi:error] [pid 12:tid 140487566075584] [remote 10.0.0.19:50796] 2026-09-07 11:03:44.850 12 ERROR keystone.server.flask.application
File "/var/lib/openstack/lib/python3.12/site-packages/sqlalchemy/orm/state_changes.py", line 137, in _go
[Mon Sep 07 11:03:44.874758 2026] [wsgi:error] [pid 12:tid 140487566075584] [remote 10.0.0.19:50796] 2026-09-07 11:03:44.850 12 ERROR keystone.server.flask.application ret_value = fn(self, *arg, **kw)
[Mon Sep 07 11:03:44.874760 2026] [wsgi:error] [pid 12:tid 140487566075584] [remote 10.0.0.19:50796] 2026-09-07 11:03:44.850 12 ERROR keystone.server.flask.application ^^^^^^^^^^^^^^^^^^^^
[Mon Sep 07 11:03:44.874761 2026] [wsgi:error] [pid 12:tid 140487566075584] [remote 10.0.0.19:50796] 2026-09-07 11:03:44.850 12 ERROR keystone.server.flask.application
File "/var/lib/openstack/lib/python3.12/site-packages/sqlalchemy/orm/session.py", line 1315, in commit
[Mon Sep 07 11:03:44.874763 2026] [wsgi:error] [pid 12:tid 140487566075584] [remote 10.0.0.19:50796] 2026-09-07 11:03:44.850 12 ERROR keystone.server.flask.application self._prepare_impl()
[Mon Sep 07 11:03:44.874765 2026] [wsgi:error] [pid 12:tid 140487566075584] [remote 10.0.0.19:50796] 2026-09-07 11:03:44.850 12 ERROR keystone.server.flask.application File "", line 2, in _prepare_impl
[Mon Sep 07 11:03:44.874766 2026] [wsgi:error] [pid 12:tid 140487566075584] [remote 10.0.0.19:50796] 2026-09-07 11:03:44.850 12 ERROR keystone.server.flask.application
File "/var/lib/openstack/lib/python3.12/site-packages/sqlalchemy/orm/state_changes.py", line 137, in _go
[Mon Sep 07 11:03:44.874768 2026] [wsgi:error] [pid 12:tid 140487566075584] [remote 10.0.0.19:50796] 2026-09-07 11:03:44.850 12 ERROR keystone.server.flask.application ret_value = fn(self, *arg, **kw)
[Mon Sep 07 11:03:44.874769 2026] [wsgi:error] [pid 12:tid 140487566075584] [remote 10.0.0.19:50796] 2026-09-07 11:03:44.850 12 ERROR keystone.server.flask.application ^^^^^^^^^^^^^^^^^^^^
[Mon Sep 07 11:03:44.874771 2026] [wsgi:error] [pid 12:tid 140487566075584] [remote 10.0.0.19:50796] 2026-09-07 11:03:44.850 12 ERROR keystone.server.flask.application
File "/var/lib/openstack/lib/python3.12/site-packages/sqlalchemy/orm/session.py", line 1290, in _prepare_impl
[Mon Sep 07 11:03:44.874773 2026] [wsgi:error] [pid 12:tid 140487566075584] [remote 10.0.0.19:50796] 2026-09-07 11:03:44.850 12 ERROR keystone.server.flask.application self.session.flush()
[Mon Sep 07 11:03:44.874774 2026] [wsgi:error] [pid 12:tid 140487566075584] [remote 10.0.0.19:50796] 2026-09-07 11:03:44.850 12 ERROR keystone.server.flask.application
File "/var/lib/openstack/lib/python3.12/site-packages/sqlalchemy/orm/session.py", line 4352, in flush
[Mon Sep 07 11:03:44.874776 2026] [wsgi:error] [pid 12:tid 140487566075584] [remote 10.0.0.19:50796] 2026-09-07 11:03:44.850 12 ERROR keystone.server.flask.application self._flush(objects)
[Mon Sep 07 11:03:44.874778 2026] [wsgi:error] [pid 12:tid 140487566075584] [remote 10.0.0.19:50796] 2026-09-07 11:03:44.850 12 ERROR keystone.server.flask.application
File "/var/lib/openstack/lib/python3.12/site-packages/sqlalchemy/orm/session.py", line 4487, in _flush
[Mon Sep 07 11:03:44.874780 2026] [wsgi:error] [pid 12:tid 140487566075584] [remote 10.0.0.19:50796] 2026-09-07 11:03:44.850 12 ERROR keystone.server.flask.application with util.safe_reraise():
[Mon Sep 07 11:03:44.874782 2026] [wsgi:error] [pid 12:tid 140487566075584] [remote 10.0.0.19:50796] 2026-09-07 11:03:44.850 12 ERROR keystone.server.flask.application
File "/var/lib/openstack/lib/python3.12/site-packages/sqlalchemy/util/langhelpers.py", line 122, in __exit__
[Mon Sep 07 11:03:44.874783 2026] [wsgi:error] [pid 12:tid 140487566075584] [remote 10.0.0.19:50796] 2026-09-07 11:03:44.850 12 ERROR keystone.server.flask.application raise exc_value.with_traceback(exc_tb)
[Mon Sep 07 11:03:44.874785 2026] [wsgi:error] [pid 12:tid 140487566075584] [remote 10.0.0.19:50796] 2026-09-07 11:03:44.850 12 ERROR keystone.server.flask.application
File "/var/lib/openstack/lib/python3.12/site-packages/sqlalchemy/orm/session.py", line 4448, in _flush
[Mon Sep 07 11:03:44.874787 2026] [wsgi:error] [pid 12:tid 140487566075584] [remote 10.0.0.19:50796] 2026-09-07 11:03:44.850 12 ERROR keystone.server.flask.application flush_context.execute()
[Mon Sep 07 11:03:44.874788 2026] [wsgi:error] [pid 12:tid 140487566075584] [remote 10.0.0.19:50796] 2026-09-07 11:03:44.850 12 ERROR keystone.server.flask.application
