2026-05-14 02:09:03.115 7 INFO placement.requestlog [req-850f18f3-a3f8-4233-b27d-48241247a1e6 req-3f269191-bc54-418f-83b9-4dd0f4b1cccb 58df838f907a4889b79d661e13e70b95 7f8b83ddd4494cf5b4e0a5cbfbea08e8 - - 097b85c7bfaf4abb9da31bc0b4c58a1f 097b85c7bfaf4abb9da31bc0b4c58a1f] 199.204.45.115 "DELETE /allocations/7823ecd0-b64e-4224-850f-5b9b469a6394" status: 204 len: 0 microversion: 1.0 [pid: 7|app: 0|req: 339/681] 199.204.45.115 () {34 vars in 841 bytes} [Thu May 14 02:09:03 2026] DELETE /allocations/7823ecd0-b64e-4224-850f-5b9b469a6394 => generated 0 bytes in 20 msecs (HTTP/1.1 204) 5 headers in 198 bytes (1 switches on core 0)
2026-05-14 02:09:04.914 7 INFO placement.requestlog [None req-72682177-6afc-4b98-a31e-7e6529a42214 d47747cfeb8341a9ab232bf4ebfce8d1 7f8b83ddd4494cf5b4e0a5cbfbea08e8 - - 097b85c7bfaf4abb9da31bc0b4c58a1f 097b85c7bfaf4abb9da31bc0b4c58a1f] 10.0.0.96 "GET /resource_providers/4a3fc847-ea3f-4adf-8a20-eec9246d6a20/aggregates" status: 404 len: 235 microversion: 1.1 [pid: 7|app: 0|req: 340/682] 10.0.0.96 () {32 vars in 815 bytes} [Thu May 14 02:09:04 2026] GET /resource_providers/4a3fc847-ea3f-4adf-8a20-eec9246d6a20/aggregates => generated 235 bytes in 9 msecs (HTTP/1.1 404) 5 headers in 202 bytes (1 switches on core 0)
2026-05-14 02:09:04.915 8 INFO placement.requestlog [None req-9978b75b-53d2-41f9-9819-c82c51fea57a d47747cfeb8341a9ab232bf4ebfce8d1 7f8b83ddd4494cf5b4e0a5cbfbea08e8 - - 097b85c7bfaf4abb9da31bc0b4c58a1f 097b85c7bfaf4abb9da31bc0b4c58a1f] 10.0.0.96 "GET /resource_providers/4a3fc847-ea3f-4adf-8a20-eec9246d6a20/aggregates" status: 404 len: 235 microversion: 1.1 [pid: 8|app: 0|req: 343/683] 10.0.0.96 () {32 vars in 815 bytes} [Thu May 14 02:09:04 2026] GET /resource_providers/4a3fc847-ea3f-4adf-8a20-eec9246d6a20/aggregates => generated 235 bytes in 10 msecs (HTTP/1.1 404) 5 headers in 202 bytes (1 switches on core 0)
2026-05-14 02:09:04.942 7 INFO placement.requestlog [None req-e20ad606-93e1-4b05-a152-087a6c5de64e d47747cfeb8341a9ab232bf4ebfce8d1 7f8b83ddd4494cf5b4e0a5cbfbea08e8 - - 097b85c7bfaf4abb9da31bc0b4c58a1f 097b85c7bfaf4abb9da31bc0b4c58a1f] 10.0.0.96 "DELETE /resource_providers/4a3fc847-ea3f-4adf-8a20-eec9246d6a20" status: 404 len: 246 microversion: 1.1 [pid: 7|app: 0|req: 341/684] 10.0.0.96 () {34 vars in 815 bytes} [Thu May 14 02:09:04 2026] DELETE /resource_providers/4a3fc847-ea3f-4adf-8a20-eec9246d6a20 => generated 246 bytes in 9 msecs (HTTP/1.1 404) 6 headers in 231 bytes (1 switches on core 0)
2026-05-14 02:09:04.943 8 INFO placement.requestlog [None req-30e244db-1580-4d49-b4a6-9e468171864b d47747cfeb8341a9ab232bf4ebfce8d1 7f8b83ddd4494cf5b4e0a5cbfbea08e8 - - 097b85c7bfaf4abb9da31bc0b4c58a1f 097b85c7bfaf4abb9da31bc0b4c58a1f] 10.0.0.96 "DELETE /resource_providers/4a3fc847-ea3f-4adf-8a20-eec9246d6a20" status: 404 len: 246 microversion: 1.1 [pid: 8|app: 0|req: 344/685] 10.0.0.96 () {34 vars in 815 bytes} [Thu May 14 02:09:04 2026] DELETE /resource_providers/4a3fc847-ea3f-4adf-8a20-eec9246d6a20 => generated 246 bytes in 10 msecs (HTTP/1.1 404) 6 headers in 231 bytes (1 switches on core 0)
2026-05-14 02:09:04.944 7 INFO placement.requestlog [None req-3234f03a-6167-4c37-abca-65e1d845ef7e - - - - - -] 10.0.0.143 "GET /" status: 200 len: 136 microversion: 1.0
2026-05-14 02:09:04.945 8 INFO placement.requestlog [None req-8e294c4c-4f3f-4e56-9e5a-d804e18d3615 - - - - - -] 10.0.0.143 "GET /" status: 200 len: 136 microversion: 1.0
2026-05-14 02:09:07.108 7 INFO placement.requestlog [req-c02da9c9-b3ad-49f5-a1af-56cc36dbae6a req-8f10d178-4a1b-4f03-969b-0fb0bb2e3603 58df838f907a4889b79d661e13e70b95 7f8b83ddd4494cf5b4e0a5cbfbea08e8 - - 097b85c7bfaf4abb9da31bc0b4c58a1f 097b85c7bfaf4abb9da31bc0b4c58a1f] 199.204.45.115 "GET /resource_providers/bdf4376b-1ec9-4d6f-9522-8f1f2a77dd3a/allocations" status: 200 len: 152 microversion: 1.0 [pid: 7|app: 0|req: 343/688] 199.204.45.115 () {32 vars in 857 bytes} [Thu May 14 02:09:07 2026] GET /resource_providers/bdf4376b-1ec9-4d6f-9522-8f1f2a77dd3a/allocations => generated 152 bytes in 40 msecs (HTTP/1.1 200) 6 headers in 224 bytes (1 switches on core 0)
2026-05-14 02:09:07.122 8 INFO placement.requestlog [req-c02da9c9-b3ad-49f5-a1af-56cc36dbae6a req-25123c50-fb68-46d3-8859-dd4d3f7b8042 58df838f907a4889b79d661e13e70b95 7f8b83ddd4494cf5b4e0a5cbfbea08e8 - - 097b85c7bfaf4abb9da31bc0b4c58a1f 097b85c7bfaf4abb9da31bc0b4c58a1f] 199.204.45.115 "GET /allocations/cfeb07a6-4ef8-4c92-ba4e-61aea8c82122" status: 200 len: 257 microversion: 1.28 [pid: 8|app: 0|req: 346/689] 199.204.45.115 () {34 vars in 863 bytes} [Thu May 14 02:09:07 2026] GET /allocations/cfeb07a6-4ef8-4c92-ba4e-61aea8c82122 => generated 257 bytes in 9 msecs (HTTP/1.1 200) 8 headers in 296 bytes (1 switches on core 0)
2026-05-14 02:09:07.682 7 INFO placement.requestlog [None req-76ab382a-a507-4d22-9f4d-2ee582903cfa d47747cfeb8341a9ab232bf4ebfce8d1 7f8b83ddd4494cf5b4e0a5cbfbea08e8 - - 097b85c7bfaf4abb9da31bc0b4c58a1f 097b85c7bfaf4abb9da31bc0b4c58a1f] 10.0.0.96 "GET /resource_providers/7fa9a5ed-0930-4491-ab76-c390db79bf59/aggregates" status: 404 len: 235 microversion: 1.1 [pid: 7|app: 0|req: 344/690] 10.0.0.96 () {32 vars in 815 bytes} [Thu May 14 02:09:07 2026] GET /resource_providers/7fa9a5ed-0930-4491-ab76-c390db79bf59/aggregates => generated 235 bytes in 15 msecs (HTTP/1.1 404) 5 headers in 202 bytes (1 switches on core 0)
2026-05-14 02:09:07.686 8 INFO placement.requestlog [None req-aa6f61a3-ebcd-4d3d-9ec2-527903a515be d47747cfeb8341a9ab232bf4ebfce8d1 7f8b83ddd4494cf5b4e0a5cbfbea08e8 - - 097b85c7bfaf4abb9da31bc0b4c58a1f 097b85c7bfaf4abb9da31bc0b4c58a1f] 10.0.0.96 "GET /resource_providers/7fa9a5ed-0930-4491-ab76-c390db79bf59/aggregates" status: 404 len: 235 microversion: 1.1 [pid: 8|app: 0|req: 347/691] 10.0.0.96 () {32 vars in 815 bytes} [Thu May 14 02:09:07 2026] GET /resource_providers/7fa9a5ed-0930-4491-ab76-c390db79bf59/aggregates => generated 235 bytes in 8 msecs (HTTP/1.1 404) 5 headers in 202 bytes (1 switches on core 0)
2026-05-14 02:09:07.704 7 INFO placement.requestlog [None req-eb46a612-b12e-4923-a778-d1ce7a8fb134 d47747cfeb8341a9ab232bf4ebfce8d1 7f8b83ddd4494cf5b4e0a5cbfbea08e8 - - 097b85c7bfaf4abb9da31bc0b4c58a1f 097b85c7bfaf4abb9da31bc0b4c58a1f] 10.0.0.96 "DELETE /resource_providers/7fa9a5ed-0930-4491-ab76-c390db79bf59" status: 404 len: 246 microversion: 1.1 [pid: 7|app: 0|req: 345/692] 10.0.0.96 () {34 vars in 815 bytes} [Thu May 14 02:09:07 2026] DELETE /resource_providers/7fa9a5ed-0930-4491-ab76-c390db79bf59 => generated 246 bytes in 12 msecs (HTTP/1.1 404) 6 headers in 231 bytes (1 switches on core 0)
2026-05-14 02:09:07.706 8 INFO placement.requestlog [None req-5636eca3-fa29-4d69-9f97-910cf7304bdb d47747cfeb8341a9ab232bf4ebfce8d1 7f8b83ddd4494cf5b4e0a5cbfbea08e8 - - 097b85c7bfaf4abb9da31bc0b4c58a1f 097b85c7bfaf4abb9da31bc0b4c58a1f] 10.0.0.96 "DELETE /resource_providers/7fa9a5ed-0930-4491-ab76-c390db79bf59" status: 404 len: 246 microversion: 1.1 [pid: 8|app: 0|req: 348/693] 10.0.0.96 () {34 vars in 815 bytes} [Thu May 14 02:09:07 2026] DELETE /resource_providers/7fa9a5ed-0930-4491-ab76-c390db79bf59 => generated 246 bytes in 10 msecs (HTTP/1.1 404) 6 headers in 231 bytes (1 switches on core 0)
2026-05-14 02:09:08.164 7 INFO placement.requestlog [req-c02da9c9-b3ad-49f5-a1af-56cc36dbae6a req-641da630-b881-44ea-83ef-4dfe25ea656d 58df838f907a4889b79d661e13e70b95 7f8b83ddd4494cf5b4e0a5cbfbea08e8 - - 097b85c7bfaf4abb9da31bc0b4c58a1f 097b85c7bfaf4abb9da31bc0b4c58a1f] 199.204.45.115 "DELETE /allocations/cfeb07a6-4ef8-4c92-ba4e-61aea8c82122" status: 204 len: 0 microversion: 1.0 [pid: 7|app: 0|req: 346/694] 199.204.45.115 () {34 vars in 841 bytes} [Thu May 14 02:09:08 2026] DELETE /allocations/cfeb07a6-4ef8-4c92-ba4e-61aea8c82122 => generated 0 bytes in 22 msecs (HTTP/1.1 204) 5 headers in 198 bytes (1 switches on core 0)
2026-05-14 02:09:11.878 8 INFO placement.requestlog [None req-2b6a3c1b-9ca9-4241-83af-16757f6fc19a d47747cfeb8341a9ab232bf4ebfce8d1 7f8b83ddd4494cf5b4e0a5cbfbea08e8 - - 097b85c7bfaf4abb9da31bc0b4c58a1f 097b85c7bfaf4abb9da31bc0b4c58a1f] 10.0.0.96 "GET /resource_providers/0de66d31-6ad8-42f9-be86-29819422183d/aggregates" status: 404 len: 235 microversion: 1.1 [pid: 8|app: 0|req: 349/695] 10.0.0.96 () {32 vars in 815 bytes} [Thu May 14 02:09:11 2026] GET /resource_providers/0de66d31-6ad8-42f9-be86-29819422183d/aggregates => generated 235 bytes in 8 msecs (HTTP/1.1 404) 5 headers in 202 bytes (1 switches on core 0)
2026-05-14 02:09:11.881 7 INFO placement.requestlog [None req-cb55c355-0422-460c-bd33-676fb30ec09e d47747cfeb8341a9ab232bf4ebfce8d1 7f8b83ddd4494cf5b4e0a5cbfbea08e8 - - 097b85c7bfaf4abb9da31bc0b4c58a1f 097b85c7bfaf4abb9da31bc0b4c58a1f] 10.0.0.96 "GET /resource_providers/0de66d31-6ad8-42f9-be86-29819422183d/aggregates" status: 404 len: 235 microversion: 1.1 [pid: 7|app: 0|req: 347/696] 10.0.0.96 () {32 vars in 815 bytes} [Thu May 14 02:09:11 2026] GET /resource_providers/0de66d31-6ad8-42f9-be86-29819422183d/aggregates => generated 235 bytes in 10 msecs (HTTP/1.1 404) 5 headers in 202 bytes (1 switches on core 0)
2026-05-14 02:09:11.903 8 INFO placement.requestlog [None req-1e6e90d7-fa9f-4518-a92a-2bf104bbc6db d47747cfeb8341a9ab232bf4ebfce8d1 7f8b83ddd4494cf5b4e0a5cbfbea08e8 - - 097b85c7bfaf4abb9da31bc0b4c58a1f 097b85c7bfaf4abb9da31bc0b4c58a1f] 10.0.0.96 "DELETE /resource_providers/0de66d31-6ad8-42f9-be86-29819422183d" status: 404 len: 246 microversion: 1.1 [pid: 8|app: 0|req: 350/697] 10.0.0.96 () {34 vars in 815 bytes} [Thu May 14 02:09:11 2026] DELETE /resource_providers/0de66d31-6ad8-42f9-be86-29819422183d => generated 246 bytes in 8 msecs (HTTP/1.1 404) 6 headers in 231 bytes (1 switches on core 0)
2026-05-14 02:09:11.908 7 INFO placement.requestlog [None req-add6e143-0e94-4d05-af49-a1a88d5e3490 d47747cfeb8341a9ab232bf4ebfce8d1 7f8b83ddd4494cf5b4e0a5cbfbea08e8 - - 097b85c7bfaf4abb9da31bc0b4c58a1f 097b85c7bfaf4abb9da31bc0b4c58a1f] 10.0.0.96 "DELETE /resource_providers/0de66d31-6ad8-42f9-be86-29819422183d" status: 404 len: 246 microversion: 1.1 [pid: 7|app: 0|req: 348/698] 10.0.0.96 () {34 vars in 815 bytes} [Thu May 14 02:09:11 2026] DELETE /resource_providers/0de66d31-6ad8-42f9-be86-29819422183d => generated 246 bytes in 11 msecs (HTTP/1.1 404) 6 headers in 231 bytes (1 switches on core 0)
2026-05-14 02:09:14.944 7 INFO placement.requestlog [None req-9f947c23-2e4b-4a79-bc00-fe36e0d3582a - - - - - -] 10.0.0.143 "GET /" status: 200 len: 136 microversion: 1.0
2026-05-14 02:09:14.944 8 INFO placement.requestlog [None req-45ff891d-c612-4539-9315-fd171b6023ad - - - - - -] 10.0.0.143 "GET /" status: 200 len: 136 microversion: 1.0
2026-05-14 02:09:19.997 8 INFO placement.requestlog [None req-61ad5354-6660-4f34-87d9-de7dd054cf1f d47747cfeb8341a9ab232bf4ebfce8d1 7f8b83ddd4494cf5b4e0a5cbfbea08e8 - - 097b85c7bfaf4abb9da31bc0b4c58a1f 097b85c7bfaf4abb9da31bc0b4c58a1f] 10.0.0.96 "GET /resource_providers/8469ef0a-e19e-4b66-b5aa-cb7771052bb9/aggregates" status: 404 len: 235 microversion: 1.1
2026-05-14 02:09:19.997 7 INFO placement.requestlog [None req-fef3531a-3c84-40e4-aede-7b0822959d2b d47747cfeb8341a9ab232bf4ebfce8d1 7f8b83ddd4494cf5b4e0a5cbfbea08e8 - - 097b85c7bfaf4abb9da31bc0b4c58a1f 097b85c7bfaf4abb9da31bc0b4c58a1f] 10.0.0.96 "GET /resource_providers/8469ef0a-e19e-4b66-b5aa-cb7771052bb9/aggregates" status: 404 len: 235 microversion: 1.1 [pid: 8|app: 0|req: 352/701] 10.0.0.96 () {32 vars in 815 bytes} [Thu May 14 02:09:19 2026] GET /resource_providers/8469ef0a-e19e-4b66-b5aa-cb7771052bb9/aggregates => generated 235 bytes in 9 msecs (HTTP/1.1 404) 5 headers in 202 bytes (1 switches on core 0) [pid: 7|app: 0|req: 350/702] 10.0.0.96 () {32 vars in 815 bytes} [Thu May 14 02:09:19 2026] GET /resource_providers/8469ef0a-e19e-4b66-b5aa-cb7771052bb9/aggregates => generated 235 bytes in 9 msecs (HTTP/1.1 404) 5 headers in 202 bytes (1 switches on core 0)
2026-05-14 02:09:20.017 8 INFO placement.requestlog [None req-c795e407-7470-4173-b2ac-161d0573f0c6 d47747cfeb8341a9ab232bf4ebfce8d1 7f8b83ddd4494cf5b4e0a5cbfbea08e8 - - 097b85c7bfaf4abb9da31bc0b4c58a1f 097b85c7bfaf4abb9da31bc0b4c58a1f] 10.0.0.96 "DELETE /resource_providers/8469ef0a-e19e-4b66-b5aa-cb7771052bb9" status: 404 len: 246 microversion: 1.1 [pid: 8|app: 0|req: 353/703] 10.0.0.96 () {34 vars in 815 bytes} [Thu May 14 02:09:20 2026] DELETE /resource_providers/8469ef0a-e19e-4b66-b5aa-cb7771052bb9 => generated 246 bytes in 7 msecs (HTTP/1.1 404) 6 headers in 231 bytes (1 switches on core 0)
2026-05-14 02:09:20.024 7 INFO placement.requestlog [None req-bf75fb15-0409-4310-bdae-d1e83fd488f8 d47747cfeb8341a9ab232bf4ebfce8d1 7f8b83ddd4494cf5b4e0a5cbfbea08e8 - - 097b85c7bfaf4abb9da31bc0b4c58a1f 097b85c7bfaf4abb9da31bc0b4c58a1f] 10.0.0.96 "DELETE /resource_providers/8469ef0a-e19e-4b66-b5aa-cb7771052bb9" status: 404 len: 246 microversion: 1.1 [pid: 7|app: 0|req: 351/704] 10.0.0.96 () {34 vars in 815 bytes} [Thu May 14 02:09:20 2026] DELETE /resource_providers/8469ef0a-e19e-4b66-b5aa-cb7771052bb9 => generated 246 bytes in 12 msecs (HTTP/1.1 404) 6 headers in 231 bytes (1 switches on core 0)
2026-05-14 02:09:20.565 8 INFO placement.requestlog [None req-669e765f-eb54-4eff-8bb9-51e93544dab7 d47747cfeb8341a9ab232bf4ebfce8d1 7f8b83ddd4494cf5b4e0a5cbfbea08e8 - - 097b85c7bfaf4abb9da31bc0b4c58a1f 097b85c7bfaf4abb9da31bc0b4c58a1f] 10.0.0.96 "GET /resource_providers/47bed7c3-e41d-4c63-82d5-fec8287a1f53/aggregates" status: 404 len: 235 microversion: 1.1 [pid: 8|app: 0|req: 354/705] 10.0.0.96 () {32 vars in 815 bytes} [Thu May 14 02:09:20 2026] GET /resource_providers/47bed7c3-e41d-4c63-82d5-fec8287a1f53/aggregates => generated 235 bytes in 8 msecs (HTTP/1.1 404) 5 headers in 202 bytes (1 switches on core 0)
2026-05-14 02:09:20.567 7 INFO placement.requestlog [None req-ae6af5a6-8ef2-430e-b6ab-114022608427 d47747cfeb8341a9ab232bf4ebfce8d1 7f8b83ddd4494cf5b4e0a5cbfbea08e8 - - 097b85c7bfaf4abb9da31bc0b4c58a1f 097b85c7bfaf4abb9da31bc0b4c58a1f] 10.0.0.96 "GET /resource_providers/47bed7c3-e41d-4c63-82d5-fec8287a1f53/aggregates" status: 404 len: 235 microversion: 1.1 [pid: 7|app: 0|req: 352/706] 10.0.0.96 () {32 vars in 815 bytes} [Thu May 14 02:09:20 2026] GET /resource_providers/47bed7c3-e41d-4c63-82d5-fec8287a1f53/aggregates => generated 235 bytes in 11 msecs (HTTP/1.1 404) 5 headers in 202 bytes (1 switches on core 0)
2026-05-14 02:09:20.591 8 INFO placement.requestlog [None req-5405077e-f195-479a-b05b-c3eece207ba0 d47747cfeb8341a9ab232bf4ebfce8d1 7f8b83ddd4494cf5b4e0a5cbfbea08e8 - - 097b85c7bfaf4abb9da31bc0b4c58a1f 097b85c7bfaf4abb9da31bc0b4c58a1f] 10.0.0.96 "DELETE /resource_providers/47bed7c3-e41d-4c63-82d5-fec8287a1f53" status: 404 len: 246 microversion: 1.1 [pid: 8|app: 0|req: 355/707] 10.0.0.96 () {34 vars in 815 bytes} [Thu May 14 02:09:20 2026] DELETE /resource_providers/47bed7c3-e41d-4c63-82d5-fec8287a1f53 => generated 246 bytes in 12 msecs (HTTP/1.1 404) 6 headers in 231 bytes (1 switches on core 0)
2026-05-14 02:09:20.593 7 INFO placement.requestlog [None req-84cf1996-d3c2-4e59-8e3f-883adae061dd d47747cfeb8341a9ab232bf4ebfce8d1 7f8b83ddd4494cf5b4e0a5cbfbea08e8 - - 097b85c7bfaf4abb9da31bc0b4c58a1f 097b85c7bfaf4abb9da31bc0b4c58a1f] 10.0.0.96 "DELETE /resource_providers/47bed7c3-e41d-4c63-82d5-fec8287a1f53" status: 404 len: 246 microversion: 1.1 [pid: 7|app: 0|req: 353/708] 10.0.0.96 () {34 vars in 815 bytes} [Thu May 14 02:09:20 2026] DELETE /resource_providers/47bed7c3-e41d-4c63-82d5-fec8287a1f53 => generated 246 bytes in 13 msecs (HTTP/1.1 404) 6 headers in 231 bytes (1 switches on core 0)
2026-05-14 02:09:22.453 8 INFO placement.requestlog [req-eabc8ce5-6810-4cd5-b4fa-e6d99ef70496 req-382d8590-3a9b-4b95-bda2-72fb15665875 58df838f907a4889b79d661e13e70b95 7f8b83ddd4494cf5b4e0a5cbfbea08e8 - - 097b85c7bfaf4abb9da31bc0b4c58a1f 097b85c7bfaf4abb9da31bc0b4c58a1f] 10.0.0.224 "GET /allocation_candidates?limit=1000&resources=DISK_GB%3A1%2CMEMORY_MB%3A512%2CVCPU%3A1&root_required=%21COMPUTE_STATUS_DISABLED" status: 200 len: 2781 microversion: 1.36 [pid: 8|app: 0|req: 356/709] 10.0.0.224 () {34 vars in 1012 bytes} [Thu May 14 02:09:22 2026] GET /allocation_candidates?limit=1000&resources=DISK_GB%3A1%2CMEMORY_MB%3A512%2CVCPU%3A1&root_required=%21COMPUTE_STATUS_DISABLED => generated 2781 bytes in 40 msecs (HTTP/1.1 200) 8 headers in 297 bytes (1 switches on core 0)
2026-05-14 02:09:22.500 7 INFO placement.requestlog [req-eabc8ce5-6810-4cd5-b4fa-e6d99ef70496 req-58e68deb-ec5b-47db-b9b6-84c44c1004fa 58df838f907a4889b79d661e13e70b95 7f8b83ddd4494cf5b4e0a5cbfbea08e8 - - 097b85c7bfaf4abb9da31bc0b4c58a1f 097b85c7bfaf4abb9da31bc0b4c58a1f] 10.0.0.224 "GET /allocations/1fc354ad-3f36-480f-8f61-4f14af9661ce" status: 200 len: 19 microversion: 1.28 [pid: 7|app: 0|req: 354/710] 10.0.0.224 () {34 vars in 861 bytes} [Thu May 14 02:09:22 2026] GET /allocations/1fc354ad-3f36-480f-8f61-4f14af9661ce => generated 19 bytes in 13 msecs (HTTP/1.1 200) 8 headers in 295 bytes (1 switches on core 0)
2026-05-14 02:09:22.558 8 INFO placement.requestlog [req-eabc8ce5-6810-4cd5-b4fa-e6d99ef70496 req-5e8dd078-0f0e-419f-bd4c-4d67dfe386a2 58df838f907a4889b79d661e13e70b95 7f8b83ddd4494cf5b4e0a5cbfbea08e8 - - 097b85c7bfaf4abb9da31bc0b4c58a1f 097b85c7bfaf4abb9da31bc0b4c58a1f] 10.0.0.224 "PUT /allocations/1fc354ad-3f36-480f-8f61-4f14af9661ce" status: 204 len: 0 microversion: 1.36 [pid: 8|app: 0|req: 357/711] 10.0.0.224 () {38 vars in 914 bytes} [Thu May 14 02:09:22 2026] PUT /allocations/1fc354ad-3f36-480f-8f61-4f14af9661ce => generated 0 bytes in 52 msecs (HTTP/1.1 204) 5 headers in 199 bytes (1 switches on core 0)
2026-05-14 02:09:24.057 7 INFO placement.requestlog [req-eabc8ce5-6810-4cd5-b4fa-e6d99ef70496 req-379f4686-e989-4241-ba39-500aabe595fb 58df838f907a4889b79d661e13e70b95 7f8b83ddd4494cf5b4e0a5cbfbea08e8 - - 097b85c7bfaf4abb9da31bc0b4c58a1f 097b85c7bfaf4abb9da31bc0b4c58a1f] 199.204.45.115 "GET /allocations/1fc354ad-3f36-480f-8f61-4f14af9661ce" status: 200 len: 257 microversion: 1.28 [pid: 7|app: 0|req: 355/712] 199.204.45.115 () {34 vars in 863 bytes} [Thu May 14 02:09:24 2026] GET /allocations/1fc354ad-3f36-480f-8f61-4f14af9661ce => generated 257 bytes in 10 msecs (HTTP/1.1 200) 8 headers in 296 bytes (1 switches on core 0)
2026-05-14 02:09:24.944 8 INFO placement.requestlog [None req-fc05484c-ecdc-4cda-bbf7-9b93150f0223 - - - - - -] 10.0.0.143 "GET /" status: 200 len: 136 microversion: 1.0
2026-05-14 02:09:24.945 7 INFO placement.requestlog [None req-8c7af952-7cb5-4777-b3f4-2175b3aeca95 - - - - - -] 10.0.0.143 "GET /" status: 200 len: 136 microversion: 1.0
2026-05-14 02:09:25.097 8 INFO placement.requestlog [req-eabc8ce5-6810-4cd5-b4fa-e6d99ef70496 req-05d15b35-bd8a-4229-84a6-a21b31194a7d 58df838f907a4889b79d661e13e70b95 7f8b83ddd4494cf5b4e0a5cbfbea08e8 - - 097b85c7bfaf4abb9da31bc0b4c58a1f 097b85c7bfaf4abb9da31bc0b4c58a1f] 199.204.45.115 "GET /resource_providers/bdf4376b-1ec9-4d6f-9522-8f1f2a77dd3a/allocations" status: 200 len: 152 microversion: 1.0 [pid: 8|app: 0|req: 359/715] 199.204.45.115 () {32 vars in 857 bytes} [Thu May 14 02:09:25 2026] GET /resource_providers/bdf4376b-1ec9-4d6f-9522-8f1f2a77dd3a/allocations => generated 152 bytes in 15 msecs (HTTP/1.1 200) 6 headers in 224 bytes (1 switches on core 0)
2026-05-14 02:09:25.121 7 INFO placement.requestlog [req-eabc8ce5-6810-4cd5-b4fa-e6d99ef70496 req-ebe24752-7452-40f2-8f15-2dbd1c153384 58df838f907a4889b79d661e13e70b95 7f8b83ddd4494cf5b4e0a5cbfbea08e8 - - 097b85c7bfaf4abb9da31bc0b4c58a1f 097b85c7bfaf4abb9da31bc0b4c58a1f] 199.204.45.115 "GET /allocations/1fc354ad-3f36-480f-8f61-4f14af9661ce" status: 200 len: 257 microversion: 1.28 [pid: 7|app: 0|req: 357/716] 199.204.45.115 () {34 vars in 863 bytes} [Thu May 14 02:09:25 2026] GET /allocations/1fc354ad-3f36-480f-8f61-4f14af9661ce => generated 257 bytes in 14 msecs (HTTP/1.1 200) 8 headers in 296 bytes (1 switches on core 0)
2026-05-14 02:09:26.874 8 INFO placement.requestlog [None req-4181dee0-cb74-4b05-adfc-f64fe44a75f1 d47747cfeb8341a9ab232bf4ebfce8d1 7f8b83ddd4494cf5b4e0a5cbfbea08e8 - - 097b85c7bfaf4abb9da31bc0b4c58a1f 097b85c7bfaf4abb9da31bc0b4c58a1f] 10.0.0.96 "GET /resource_providers/021991b7-54ba-4571-960e-a1e3ca52e371/aggregates" status: 404 len: 235 microversion: 1.1 [pid: 8|app: 0|req: 360/717] 10.0.0.96 () {32 vars in 815 bytes} [Thu May 14 02:09:26 2026] GET /resource_providers/021991b7-54ba-4571-960e-a1e3ca52e371/aggregates => generated 235 bytes in 8 msecs (HTTP/1.1 404) 5 headers in 202 bytes (1 switches on core 0)
2026-05-14 02:09:26.875 7 INFO placement.requestlog [None req-9f81e4c4-1182-4098-a733-090990d2337e d47747cfeb8341a9ab232bf4ebfce8d1 7f8b83ddd4494cf5b4e0a5cbfbea08e8 - - 097b85c7bfaf4abb9da31bc0b4c58a1f 097b85c7bfaf4abb9da31bc0b4c58a1f] 10.0.0.96 "GET /resource_providers/021991b7-54ba-4571-960e-a1e3ca52e371/aggregates" status: 404 len: 235 microversion: 1.1 [pid: 7|app: 0|req: 358/718] 10.0.0.96 () {32 vars in 815 bytes} [Thu May 14 02:09:26 2026] GET /resource_providers/021991b7-54ba-4571-960e-a1e3ca52e371/aggregates => generated 235 bytes in 9 msecs (HTTP/1.1 404) 5 headers in 202 bytes (1 switches on core 0)
2026-05-14 02:09:26.891 8 INFO placement.requestlog [None req-0ea33c5b-9239-45b9-9efc-34b0955680f5 d47747cfeb8341a9ab232bf4ebfce8d1 7f8b83ddd4494cf5b4e0a5cbfbea08e8 - - 097b85c7bfaf4abb9da31bc0b4c58a1f 097b85c7bfaf4abb9da31bc0b4c58a1f] 10.0.0.96 "DELETE /resource_providers/021991b7-54ba-4571-960e-a1e3ca52e371" status: 404 len: 246 microversion: 1.1 [pid: 8|app: 0|req: 361/719] 10.0.0.96 () {34 vars in 815 bytes} [Thu May 14 02:09:26 2026] DELETE /resource_providers/021991b7-54ba-4571-960e-a1e3ca52e371 => generated 246 bytes in 9 msecs (HTTP/1.1 404) 6 headers in 231 bytes (1 switches on core 0)
2026-05-14 02:09:26.893 7 INFO placement.requestlog [None req-53d937c3-cd8c-4161-9725-315e0ad29013 d47747cfeb8341a9ab232bf4ebfce8d1 7f8b83ddd4494cf5b4e0a5cbfbea08e8 - - 097b85c7bfaf4abb9da31bc0b4c58a1f 097b85c7bfaf4abb9da31bc0b4c58a1f] 10.0.0.96 "DELETE /resource_providers/021991b7-54ba-4571-960e-a1e3ca52e371" status: 404 len: 246 microversion: 1.1 [pid: 7|app: 0|req: 359/720] 10.0.0.96 () {34 vars in 815 bytes} [Thu May 14 02:09:26 2026] DELETE /resource_providers/021991b7-54ba-4571-960e-a1e3ca52e371 => generated 246 bytes in 7 msecs (HTTP/1.1 404) 6 headers in 231 bytes (1 switches on core 0)
2026-05-14 02:09:28.780 8 INFO placement.requestlog [req-8e4e6ad3-831c-4e3d-9a07-545dd3dc808d req-fec97b24-70d8-44d7-bf7c-4349b6255735 58df838f907a4889b79d661e13e70b95 7f8b83ddd4494cf5b4e0a5cbfbea08e8 - - 097b85c7bfaf4abb9da31bc0b4c58a1f 097b85c7bfaf4abb9da31bc0b4c58a1f] 10.0.0.224 "GET /allocation_candidates?limit=1000&resources=MEMORY_MB%3A512%2CVCPU%3A1&root_required=%21COMPUTE_STATUS_DISABLED" status: 200 len: 2769 microversion: 1.36 [pid: 8|app: 0|req: 362/721] 10.0.0.224 () {34 vars in 984 bytes} [Thu May 14 02:09:28 2026] GET /allocation_candidates?limit=1000&resources=MEMORY_MB%3A512%2CVCPU%3A1&root_required=%21COMPUTE_STATUS_DISABLED => generated 2769 bytes in 43 msecs (HTTP/1.1 200) 8 headers in 297 bytes (1 switches on core 0)
2026-05-14 02:09:28.816 7 INFO placement.requestlog [req-8e4e6ad3-831c-4e3d-9a07-545dd3dc808d req-f3d11a57-1c92-4edc-9329-1fb0f1164b6e 58df838f907a4889b79d661e13e70b95 7f8b83ddd4494cf5b4e0a5cbfbea08e8 - - 097b85c7bfaf4abb9da31bc0b4c58a1f 097b85c7bfaf4abb9da31bc0b4c58a1f] 10.0.0.224 "GET /allocations/665b767a-2939-4084-9a8f-6ca106dd941f" status: 200 len: 19 microversion: 1.28 [pid: 7|app: 0|req: 360/722] 10.0.0.224 () {34 vars in 861 bytes} [Thu May 14 02:09:28 2026] GET /allocations/665b767a-2939-4084-9a8f-6ca106dd941f => generated 19 bytes in 14 msecs (HTTP/1.1 200) 8 headers in 295 bytes (1 switches on core 0)
2026-05-14 02:09:28.894 8 INFO placement.requestlog [req-8e4e6ad3-831c-4e3d-9a07-545dd3dc808d req-cdf3533b-8059-4bfc-9130-357fe5f71de2 58df838f907a4889b79d661e13e70b95 7f8b83ddd4494cf5b4e0a5cbfbea08e8 - - 097b85c7bfaf4abb9da31bc0b4c58a1f 097b85c7bfaf4abb9da31bc0b4c58a1f] 10.0.0.224 "PUT /allocations/665b767a-2939-4084-9a8f-6ca106dd941f" status: 204 len: 0 microversion: 1.36 [pid: 8|app: 0|req: 363/723] 10.0.0.224 () {38 vars in 914 bytes} [Thu May 14 02:09:28 2026] PUT /allocations/665b767a-2939-4084-9a8f-6ca106dd941f => generated 0 bytes in 72 msecs (HTTP/1.1 204) 5 headers in 199 bytes (1 switches on core 0)
2026-05-14 02:09:28.910 8 INFO placement.requestlog [None req-72affc2e-eb17-40ba-a0aa-dee41b9badac d47747cfeb8341a9ab232bf4ebfce8d1 7f8b83ddd4494cf5b4e0a5cbfbea08e8 - - 097b85c7bfaf4abb9da31bc0b4c58a1f 097b85c7bfaf4abb9da31bc0b4c58a1f] 10.0.0.96 "GET /resource_providers/396c5f12-dc87-4a65-857f-e143a6c58698/aggregates" status: 404 len: 235 microversion: 1.1 [pid: 8|app: 0|req: 364/724] 10.0.0.96 () {32 vars in 815 bytes} [Thu May 14 02:09:28 2026] GET /resource_providers/396c5f12-dc87-4a65-857f-e143a6c58698/aggregates => generated 235 bytes in 8 msecs (HTTP/1.1 404) 5 headers in 202 bytes (1 switches on core 0)
2026-05-14 02:09:28.911 7 INFO placement.requestlog [None req-5c1ce3d3-98de-4e79-9803-146ed8879446 d47747cfeb8341a9ab232bf4ebfce8d1 7f8b83ddd4494cf5b4e0a5cbfbea08e8 - - 097b85c7bfaf4abb9da31bc0b4c58a1f 097b85c7bfaf4abb9da31bc0b4c58a1f] 10.0.0.96 "GET /resource_providers/396c5f12-dc87-4a65-857f-e143a6c58698/aggregates" status: 404 len: 235 microversion: 1.1 [pid: 7|app: 0|req: 361/725] 10.0.0.96 () {32 vars in 815 bytes} [Thu May 14 02:09:28 2026] GET /resource_providers/396c5f12-dc87-4a65-857f-e143a6c58698/aggregates => generated 235 bytes in 9 msecs (HTTP/1.1 404) 5 headers in 202 bytes (1 switches on core 0)
2026-05-14 02:09:28.933 8 INFO placement.requestlog [None req-c7641866-a31d-42ab-afae-2043e3f4d4de d47747cfeb8341a9ab232bf4ebfce8d1 7f8b83ddd4494cf5b4e0a5cbfbea08e8 - - 097b85c7bfaf4abb9da31bc0b4c58a1f 097b85c7bfaf4abb9da31bc0b4c58a1f] 10.0.0.96 "DELETE /resource_providers/396c5f12-dc87-4a65-857f-e143a6c58698" status: 404 len: 246 microversion: 1.1 [pid: 8|app: 0|req: 365/726] 10.0.0.96 () {34 vars in 815 bytes} [Thu May 14 02:09:28 2026] DELETE /resource_providers/396c5f12-dc87-4a65-857f-e143a6c58698 => generated 246 bytes in 9 msecs (HTTP/1.1 404) 6 headers in 231 bytes (1 switches on core 0)
2026-05-14 02:09:28.934 7 INFO placement.requestlog [None req-aae6a82f-0efe-42f6-9a8f-228e3555a970 d47747cfeb8341a9ab232bf4ebfce8d1 7f8b83ddd4494cf5b4e0a5cbfbea08e8 - - 097b85c7bfaf4abb9da31bc0b4c58a1f 097b85c7bfaf4abb9da31bc0b4c58a1f] 10.0.0.96 "DELETE /resource_providers/396c5f12-dc87-4a65-857f-e143a6c58698" status: 404 len: 246 microversion: 1.1 [pid: 7|app: 0|req: 362/727] 10.0.0.96 () {34 vars in 815 bytes} [Thu May 14 02:09:28 2026] DELETE /resource_providers/396c5f12-dc87-4a65-857f-e143a6c58698 => generated 246 bytes in 10 msecs (HTTP/1.1 404) 6 headers in 231 bytes (1 switches on core 0)
2026-05-14 02:09:28.961 8 INFO placement.requestlog [None req-466c26cf-d810-4a2a-b0d8-33204599623c d47747cfeb8341a9ab232bf4ebfce8d1 7f8b83ddd4494cf5b4e0a5cbfbea08e8 - - 097b85c7bfaf4abb9da31bc0b4c58a1f 097b85c7bfaf4abb9da31bc0b4c58a1f] 10.0.0.96 "GET /resource_providers/2c4e6f5b-c232-449c-a0ef-6b79c04b2375/aggregates" status: 404 len: 235 microversion: 1.1 [pid: 8|app: 0|req: 366/728] 10.0.0.96 () {32 vars in 815 bytes} [Thu May 14 02:09:28 2026] GET /resource_providers/2c4e6f5b-c232-449c-a0ef-6b79c04b2375/aggregates => generated 235 bytes in 8 msecs (HTTP/1.1 404) 5 headers in 202 bytes (1 switches on core 0)
2026-05-14 02:09:28.963 7 INFO placement.requestlog [None req-1373d71d-3e1a-4de8-a326-b31f563d1103 d47747cfeb8341a9ab232bf4ebfce8d1 7f8b83ddd4494cf5b4e0a5cbfbea08e8 - - 097b85c7bfaf4abb9da31bc0b4c58a1f 097b85c7bfaf4abb9da31bc0b4c58a1f] 10.0.0.96 "GET /resource_providers/2c4e6f5b-c232-449c-a0ef-6b79c04b2375/aggregates" status: 404 len: 235 microversion: 1.1 [pid: 7|app: 0|req: 363/729] 10.0.0.96 () {32 vars in 815 bytes} [Thu May 14 02:09:28 2026] GET /resource_providers/2c4e6f5b-c232-449c-a0ef-6b79c04b2375/aggregates => generated 235 bytes in 8 msecs (HTTP/1.1 404) 5 headers in 202 bytes (1 switches on core 0)
2026-05-14 02:09:28.986 7 INFO placement.requestlog [None req-2bab5d6e-1f61-4708-b396-7234eec5433b d47747cfeb8341a9ab232bf4ebfce8d1 7f8b83ddd4494cf5b4e0a5cbfbea08e8 - - 097b85c7bfaf4abb9da31bc0b4c58a1f 097b85c7bfaf4abb9da31bc0b4c58a1f] 10.0.0.96 "DELETE /resource_providers/2c4e6f5b-c232-449c-a0ef-6b79c04b2375" status: 404 len: 246 microversion: 1.1 [pid: 7|app: 0|req: 364/730] 10.0.0.96 () {34 vars in 815 bytes} [Thu May 14 02:09:28 2026] DELETE /resource_providers/2c4e6f5b-c232-449c-a0ef-6b79c04b2375 => generated 246 bytes in 7 msecs (HTTP/1.1 404) 6 headers in 231 bytes (1 switches on core 0)
2026-05-14 02:09:28.987 8 INFO placement.requestlog [None req-258ed339-21fb-4260-82ce-31168df4ab8e d47747cfeb8341a9ab232bf4ebfce8d1 7f8b83ddd4494cf5b4e0a5cbfbea08e8 - - 097b85c7bfaf4abb9da31bc0b4c58a1f 097b85c7bfaf4abb9da31bc0b4c58a1f] 10.0.0.96 "DELETE /resource_providers/2c4e6f5b-c232-449c-a0ef-6b79c04b2375" status: 404 len: 246 microversion: 1.1 [pid: 8|app: 0|req: 367/731] 10.0.0.96 () {34 vars in 815 bytes} [Thu May 14 02:09:28 2026] DELETE /resource_providers/2c4e6f5b-c232-449c-a0ef-6b79c04b2375 => generated 246 bytes in 8 msecs (HTTP/1.1 404) 6 headers in 231 bytes (1 switches on core 0)
2026-05-14 02:09:29.009 7 INFO placement.requestlog [None req-b6fb117a-7f2d-4774-bc84-f8b40ad3c13e d47747cfeb8341a9ab232bf4ebfce8d1 7f8b83ddd4494cf5b4e0a5cbfbea08e8 - - 097b85c7bfaf4abb9da31bc0b4c58a1f 097b85c7bfaf4abb9da31bc0b4c58a1f] 10.0.0.96 "GET /resource_providers/22a5bd37-4e27-44a9-8579-fdd037b09b45/aggregates" status: 404 len: 235 microversion: 1.1 [pid: 7|app: 0|req: 365/732] 10.0.0.96 () {32 vars in 815 bytes} [Thu May 14 02:09:29 2026] GET /resource_providers/22a5bd37-4e27-44a9-8579-fdd037b09b45/aggregates => generated 235 bytes in 6 msecs (HTTP/1.1 404) 5 headers in 202 bytes (1 switches on core 0)
2026-05-14 02:09:29.012 8 INFO placement.requestlog [None req-0c15a098-2ec5-4aaa-b23c-6fd2a6148b67 d47747cfeb8341a9ab232bf4ebfce8d1 7f8b83ddd4494cf5b4e0a5cbfbea08e8 - - 097b85c7bfaf4abb9da31bc0b4c58a1f 097b85c7bfaf4abb9da31bc0b4c58a1f] 10.0.0.96 "GET /resource_providers/22a5bd37-4e27-44a9-8579-fdd037b09b45/aggregates" status: 404 len: 235 microversion: 1.1 [pid: 8|app: 0|req: 368/733] 10.0.0.96 () {32 vars in 815 bytes} [Thu May 14 02:09:29 2026] GET /resource_providers/22a5bd37-4e27-44a9-8579-fdd037b09b45/aggregates => generated 235 bytes in 9 msecs (HTTP/1.1 404) 5 headers in 202 bytes (1 switches on core 0)
2026-05-14 02:09:29.031 7 INFO placement.requestlog [None req-a62a1663-2bea-4b07-9fe8-214f5af3d318 d47747cfeb8341a9ab232bf4ebfce8d1 7f8b83ddd4494cf5b4e0a5cbfbea08e8 - - 097b85c7bfaf4abb9da31bc0b4c58a1f 097b85c7bfaf4abb9da31bc0b4c58a1f] 10.0.0.96 "DELETE /resource_providers/22a5bd37-4e27-44a9-8579-fdd037b09b45" status: 404 len: 246 microversion: 1.1 [pid: 7|app: 0|req: 366/734] 10.0.0.96 () {34 vars in 815 bytes} [Thu May 14 02:09:29 2026] DELETE /resource_providers/22a5bd37-4e27-44a9-8579-fdd037b09b45 => generated 246 bytes in 8 msecs (HTTP/1.1 404) 6 headers in 231 bytes (1 switches on core 0)
2026-05-14 02:09:29.037 8 INFO placement.requestlog [None req-dbbc4c87-65d9-4c5f-b82e-6eda78874d33 d47747cfeb8341a9ab232bf4ebfce8d1 7f8b83ddd4494cf5b4e0a5cbfbea08e8 - - 097b85c7bfaf4abb9da31bc0b4c58a1f 097b85c7bfaf4abb9da31bc0b4c58a1f] 10.0.0.96 "DELETE /resource_providers/22a5bd37-4e27-44a9-8579-fdd037b09b45" status: 404 len: 246 microversion: 1.1 [pid: 8|app: 0|req: 369/735] 10.0.0.96 () {34 vars in 815 bytes} [Thu May 14 02:09:29 2026] DELETE /resource_providers/22a5bd37-4e27-44a9-8579-fdd037b09b45 => generated 246 bytes in 9 msecs (HTTP/1.1 404) 6 headers in 231 bytes (1 switches on core 0)
2026-05-14 02:09:30.456 7 INFO placement.requestlog [req-8e4e6ad3-831c-4e3d-9a07-545dd3dc808d req-fbe24f41-513e-4e3e-90a8-f5c1a4729b24 58df838f907a4889b79d661e13e70b95 7f8b83ddd4494cf5b4e0a5cbfbea08e8 - - 097b85c7bfaf4abb9da31bc0b4c58a1f 097b85c7bfaf4abb9da31bc0b4c58a1f] 199.204.45.115 "GET /allocations/665b767a-2939-4084-9a8f-6ca106dd941f" status: 200 len: 243 microversion: 1.28 [pid: 7|app: 0|req: 367/736] 199.204.45.115 () {34 vars in 863 bytes} [Thu May 14 02:09:30 2026] GET /allocations/665b767a-2939-4084-9a8f-6ca106dd941f => generated 243 bytes in 14 msecs (HTTP/1.1 200) 8 headers in 296 bytes (1 switches on core 0)
2026-05-14 02:09:31.501 8 INFO placement.requestlog [req-8e4e6ad3-831c-4e3d-9a07-545dd3dc808d req-8077e7f0-e9c5-4c39-a2cb-8d211c7393b7 58df838f907a4889b79d661e13e70b95 7f8b83ddd4494cf5b4e0a5cbfbea08e8 - - 097b85c7bfaf4abb9da31bc0b4c58a1f 097b85c7bfaf4abb9da31bc0b4c58a1f] 199.204.45.115 "GET /resource_providers/bdf4376b-1ec9-4d6f-9522-8f1f2a77dd3a/allocations" status: 200 len: 238 microversion: 1.0 [pid: 8|app: 0|req: 370/737] 199.204.45.115 () {32 vars in 857 bytes} [Thu May 14 02:09:31 2026] GET /resource_providers/bdf4376b-1ec9-4d6f-9522-8f1f2a77dd3a/allocations => generated 238 bytes in 19 msecs (HTTP/1.1 200) 6 headers in 224 bytes (1 switches on core 0)
2026-05-14 02:09:31.523 7 INFO placement.requestlog [req-8e4e6ad3-831c-4e3d-9a07-545dd3dc808d req-0f173840-feef-47c6-ae88-a63accdb6068 58df838f907a4889b79d661e13e70b95 7f8b83ddd4494cf5b4e0a5cbfbea08e8 - - 097b85c7bfaf4abb9da31bc0b4c58a1f 097b85c7bfaf4abb9da31bc0b4c58a1f] 199.204.45.115 "GET /allocations/1fc354ad-3f36-480f-8f61-4f14af9661ce" status: 200 len: 257 microversion: 1.28 [pid: 7|app: 0|req: 368/738] 199.204.45.115 () {34 vars in 863 bytes} [Thu May 14 02:09:31 2026] GET /allocations/1fc354ad-3f36-480f-8f61-4f14af9661ce => generated 257 bytes in 14 msecs (HTTP/1.1 200) 8 headers in 296 bytes (1 switches on core 0)
2026-05-14 02:09:31.540 8 INFO placement.requestlog [req-8e4e6ad3-831c-4e3d-9a07-545dd3dc808d req-b47b398a-401a-460a-a247-4cbd8017e930 58df838f907a4889b79d661e13e70b95 7f8b83ddd4494cf5b4e0a5cbfbea08e8 - - 097b85c7bfaf4abb9da31bc0b4c58a1f 097b85c7bfaf4abb9da31bc0b4c58a1f] 199.204.45.115 "GET /allocations/665b767a-2939-4084-9a8f-6ca106dd941f" status: 200 len: 243 microversion: 1.28 [pid: 8|app: 0|req: 371/739] 199.204.45.115 () {34 vars in 863 bytes} [Thu May 14 02:09:31 2026] GET /allocations/665b767a-2939-4084-9a8f-6ca106dd941f => generated 243 bytes in 10 msecs (HTTP/1.1 200) 8 headers in 296 bytes (1 switches on core 0)
2026-05-14 02:09:32.316 7 INFO placement.requestlog [None req-b1d86e8c-7708-4605-927b-1b2ff786755b d47747cfeb8341a9ab232bf4ebfce8d1 7f8b83ddd4494cf5b4e0a5cbfbea08e8 - - 097b85c7bfaf4abb9da31bc0b4c58a1f 097b85c7bfaf4abb9da31bc0b4c58a1f] 10.0.0.96 "GET /resource_providers/318b212f-4cbf-4625-813d-58215a658f1f/aggregates" status: 404 len: 235 microversion: 1.1 [pid: 7|app: 0|req: 369/740] 10.0.0.96 () {32 vars in 815 bytes} [Thu May 14 02:09:32 2026] GET /resource_providers/318b212f-4cbf-4625-813d-58215a658f1f/aggregates => generated 235 bytes in 9 msecs (HTTP/1.1 404) 5 headers in 202 bytes (1 switches on core 0)
2026-05-14 02:09:32.327 8 INFO placement.requestlog [None req-48250bed-28f5-4e25-84c2-8f14c05c9c88 d47747cfeb8341a9ab232bf4ebfce8d1 7f8b83ddd4494cf5b4e0a5cbfbea08e8 - - 097b85c7bfaf4abb9da31bc0b4c58a1f 097b85c7bfaf4abb9da31bc0b4c58a1f] 10.0.0.96 "GET /resource_providers/318b212f-4cbf-4625-813d-58215a658f1f/aggregates" status: 404 len: 235 microversion: 1.1 [pid: 8|app: 0|req: 372/741] 10.0.0.96 () {32 vars in 815 bytes} [Thu May 14 02:09:32 2026] GET /resource_providers/318b212f-4cbf-4625-813d-58215a658f1f/aggregates => generated 235 bytes in 20 msecs (HTTP/1.1 404) 5 headers in 202 bytes (1 switches on core 0)
2026-05-14 02:09:32.329 7 INFO placement.requestlog [None req-e6c84b6e-fb06-4678-b1db-4386933fe62a d47747cfeb8341a9ab232bf4ebfce8d1 7f8b83ddd4494cf5b4e0a5cbfbea08e8 - - 097b85c7bfaf4abb9da31bc0b4c58a1f 097b85c7bfaf4abb9da31bc0b4c58a1f] 10.0.0.96 "DELETE /resource_providers/318b212f-4cbf-4625-813d-58215a658f1f" status: 404 len: 246 microversion: 1.1 [pid: 7|app: 0|req: 370/742] 10.0.0.96 () {34 vars in 815 bytes} [Thu May 14 02:09:32 2026] DELETE /resource_providers/318b212f-4cbf-4625-813d-58215a658f1f => generated 246 bytes in 5 msecs (HTTP/1.1 404) 6 headers in 231 bytes (1 switches on core 0)
2026-05-14 02:09:32.348 8 INFO placement.requestlog [None req-41f5121d-d100-4959-b159-b9a69344e6c7 d47747cfeb8341a9ab232bf4ebfce8d1 7f8b83ddd4494cf5b4e0a5cbfbea08e8 - - 097b85c7bfaf4abb9da31bc0b4c58a1f 097b85c7bfaf4abb9da31bc0b4c58a1f] 10.0.0.96 "DELETE /resource_providers/318b212f-4cbf-4625-813d-58215a658f1f" status: 404 len: 246 microversion: 1.1 [pid: 8|app: 0|req: 373/743] 10.0.0.96 () {34 vars in 815 bytes} [Thu May 14 02:09:32 2026] DELETE /resource_providers/318b212f-4cbf-4625-813d-58215a658f1f => generated 246 bytes in 8 msecs (HTTP/1.1 404) 6 headers in 231 bytes (1 switches on core 0)
2026-05-14 02:09:32.660 7 INFO placement.requestlog [None req-cc87c4fa-6365-4aec-a650-0efeeb0e9ce7 d47747cfeb8341a9ab232bf4ebfce8d1 7f8b83ddd4494cf5b4e0a5cbfbea08e8 - - 097b85c7bfaf4abb9da31bc0b4c58a1f 097b85c7bfaf4abb9da31bc0b4c58a1f] 10.0.0.96 "GET /resource_providers/3d55fdc2-57d7-434b-a17f-ae69ba9e607f/aggregates" status: 404 len: 235 microversion: 1.1 [pid: 7|app: 0|req: 371/744] 10.0.0.96 () {32 vars in 815 bytes} [Thu May 14 02:09:32 2026] GET /resource_providers/3d55fdc2-57d7-434b-a17f-ae69ba9e607f/aggregates => generated 235 bytes in 10 msecs (HTTP/1.1 404) 5 headers in 202 bytes (1 switches on core 0)
2026-05-14 02:09:32.661 8 INFO placement.requestlog [None req-703bd1f5-88c1-470d-8895-fc35377754ed d47747cfeb8341a9ab232bf4ebfce8d1 7f8b83ddd4494cf5b4e0a5cbfbea08e8 - - 097b85c7bfaf4abb9da31bc0b4c58a1f 097b85c7bfaf4abb9da31bc0b4c58a1f] 10.0.0.96 "GET /resource_providers/3d55fdc2-57d7-434b-a17f-ae69ba9e607f/aggregates" status: 404 len: 235 microversion: 1.1 [pid: 8|app: 0|req: 374/745] 10.0.0.96 () {32 vars in 815 bytes} [Thu May 14 02:09:32 2026] GET /resource_providers/3d55fdc2-57d7-434b-a17f-ae69ba9e607f/aggregates => generated 235 bytes in 10 msecs (HTTP/1.1 404) 5 headers in 202 bytes (1 switches on core 0)
2026-05-14 02:09:32.677 7 INFO placement.requestlog [None req-2ef99d93-73b9-4249-822c-354374ba3e8d d47747cfeb8341a9ab232bf4ebfce8d1 7f8b83ddd4494cf5b4e0a5cbfbea08e8 - - 097b85c7bfaf4abb9da31bc0b4c58a1f 097b85c7bfaf4abb9da31bc0b4c58a1f] 10.0.0.96 "DELETE /resource_providers/3d55fdc2-57d7-434b-a17f-ae69ba9e607f" status: 404 len: 246 microversion: 1.1 [pid: 7|app: 0|req: 372/746] 10.0.0.96 () {34 vars in 815 bytes} [Thu May 14 02:09:32 2026] DELETE /resource_providers/3d55fdc2-57d7-434b-a17f-ae69ba9e607f => generated 246 bytes in 5 msecs (HTTP/1.1 404) 6 headers in 231 bytes (1 switches on core 0)
2026-05-14 02:09:32.683 8 INFO placement.requestlog [None req-2ba842fd-39d4-4b57-9fa4-b22bf6e02da7 d47747cfeb8341a9ab232bf4ebfce8d1 7f8b83ddd4494cf5b4e0a5cbfbea08e8 - - 097b85c7bfaf4abb9da31bc0b4c58a1f 097b85c7bfaf4abb9da31bc0b4c58a1f] 10.0.0.96 "DELETE /resource_providers/3d55fdc2-57d7-434b-a17f-ae69ba9e607f" status: 404 len: 246 microversion: 1.1 [pid: 8|app: 0|req: 375/747] 10.0.0.96 () {34 vars in 815 bytes} [Thu May 14 02:09:32 2026] DELETE /resource_providers/3d55fdc2-57d7-434b-a17f-ae69ba9e607f => generated 246 bytes in 10 msecs (HTTP/1.1 404) 6 headers in 231 bytes (1 switches on core 0)
2026-05-14 02:09:34.791 7 INFO placement.requestlog [req-74c5cf25-d11a-4a9e-a99a-1544d51a21d5 req-8ccd62e5-f1de-4634-bdcf-85adc4b158a1 58df838f907a4889b79d661e13e70b95 7f8b83ddd4494cf5b4e0a5cbfbea08e8 - - 097b85c7bfaf4abb9da31bc0b4c58a1f 097b85c7bfaf4abb9da31bc0b4c58a1f] 199.204.45.115 "GET /resource_providers/bdf4376b-1ec9-4d6f-9522-8f1f2a77dd3a/allocations" status: 200 len: 238 microversion: 1.0 [pid: 7|app: 0|req: 373/748] 199.204.45.115 () {32 vars in 857 bytes} [Thu May 14 02:09:34 2026] GET /resource_providers/bdf4376b-1ec9-4d6f-9522-8f1f2a77dd3a/allocations => generated 238 bytes in 25 msecs (HTTP/1.1 200) 6 headers in 224 bytes (1 switches on core 0)
2026-05-14 02:09:34.814 8 INFO placement.requestlog [req-74c5cf25-d11a-4a9e-a99a-1544d51a21d5 req-318cd51c-b6a0-40e5-8c48-94dcee4bbd9a 58df838f907a4889b79d661e13e70b95 7f8b83ddd4494cf5b4e0a5cbfbea08e8 - - 097b85c7bfaf4abb9da31bc0b4c58a1f 097b85c7bfaf4abb9da31bc0b4c58a1f] 199.204.45.115 "GET /resource_providers/bdf4376b-1ec9-4d6f-9522-8f1f2a77dd3a/allocations" status: 200 len: 238 microversion: 1.0 [pid: 8|app: 0|req: 376/749] 199.204.45.115 () {32 vars in 857 bytes} [Thu May 14 02:09:34 2026] GET /resource_providers/bdf4376b-1ec9-4d6f-9522-8f1f2a77dd3a/allocations => generated 238 bytes in 15 msecs (HTTP/1.1 200) 6 headers in 224 bytes (1 switches on core 0)
2026-05-14 02:09:34.843 7 INFO placement.requestlog [req-74c5cf25-d11a-4a9e-a99a-1544d51a21d5 req-db0a3d86-3d9d-44b8-96e3-85be19d14b3d 58df838f907a4889b79d661e13e70b95 7f8b83ddd4494cf5b4e0a5cbfbea08e8 - - 097b85c7bfaf4abb9da31bc0b4c58a1f 097b85c7bfaf4abb9da31bc0b4c58a1f] 199.204.45.115 "GET /allocations/1fc354ad-3f36-480f-8f61-4f14af9661ce" status: 200 len: 257 microversion: 1.28 [pid: 7|app: 0|req: 374/750] 199.204.45.115 () {34 vars in 863 bytes} [Thu May 14 02:09:34 2026] GET /allocations/1fc354ad-3f36-480f-8f61-4f14af9661ce => generated 257 bytes in 19 msecs (HTTP/1.1 200) 8 headers in 296 bytes (1 switches on core 0)
2026-05-14 02:09:34.866 8 INFO placement.requestlog [req-74c5cf25-d11a-4a9e-a99a-1544d51a21d5 req-5d2784cc-aa8d-4682-ae5f-66f5976adde1 58df838f907a4889b79d661e13e70b95 7f8b83ddd4494cf5b4e0a5cbfbea08e8 - - 097b85c7bfaf4abb9da31bc0b4c58a1f 097b85c7bfaf4abb9da31bc0b4c58a1f] 199.204.45.115 "GET /allocations/665b767a-2939-4084-9a8f-6ca106dd941f" status: 200 len: 243 microversion: 1.28 [pid: 8|app: 0|req: 377/751] 199.204.45.115 () {34 vars in 863 bytes} [Thu May 14 02:09:34 2026] GET /allocations/665b767a-2939-4084-9a8f-6ca106dd941f => generated 243 bytes in 14 msecs (HTTP/1.1 200) 8 headers in 296 bytes (1 switches on core 0)
2026-05-14 02:09:34.945 7 INFO placement.requestlog [None req-912d65e6-6290-42fb-a1b9-c708187a6168 - - - - - -] 10.0.0.143 "GET /" status: 200 len: 136 microversion: 1.0
2026-05-14 02:09:34.945 8 INFO placement.requestlog [None req-94954bd1-372f-494e-97fc-bb43c091f819 - - - - - -] 10.0.0.143 "GET /" status: 200 len: 136 microversion: 1.0
2026-05-14 02:09:40.382 8 INFO placement.requestlog [None req-f4e0b7ae-2820-41ee-9f99-19c88cb0645f d47747cfeb8341a9ab232bf4ebfce8d1 7f8b83ddd4494cf5b4e0a5cbfbea08e8 - - 097b85c7bfaf4abb9da31bc0b4c58a1f 097b85c7bfaf4abb9da31bc0b4c58a1f] 10.0.0.96 "GET /resource_providers/fb5df2f2-5db8-46c9-9422-46d5ba889d1b/aggregates" status: 404 len: 235 microversion: 1.1 [pid: 8|app: 0|req: 379/754] 10.0.0.96 () {32 vars in 815 bytes} [Thu May 14 02:09:40 2026] GET /resource_providers/fb5df2f2-5db8-46c9-9422-46d5ba889d1b/aggregates => generated 235 bytes in 9 msecs (HTTP/1.1 404) 5 headers in 202 bytes (1 switches on core 0)
2026-05-14 02:09:40.394 7 INFO placement.requestlog [None req-3ed22b3a-623e-4180-b047-62f88c13537c d47747cfeb8341a9ab232bf4ebfce8d1 7f8b83ddd4494cf5b4e0a5cbfbea08e8 - - 097b85c7bfaf4abb9da31bc0b4c58a1f 097b85c7bfaf4abb9da31bc0b4c58a1f] 10.0.0.96 "GET /resource_providers/fb5df2f2-5db8-46c9-9422-46d5ba889d1b/aggregates" status: 404 len: 235 microversion: 1.1 [pid: 7|app: 0|req: 376/755] 10.0.0.96 () {32 vars in 815 bytes} [Thu May 14 02:09:40 2026] GET /resource_providers/fb5df2f2-5db8-46c9-9422-46d5ba889d1b/aggregates => generated 235 bytes in 11 msecs (HTTP/1.1 404) 5 headers in 202 bytes (1 switches on core 0)
2026-05-14 02:09:40.401 8 INFO placement.requestlog [None req-cbfdaad7-dda6-4876-a1e7-17a7b85ce0e8 d47747cfeb8341a9ab232bf4ebfce8d1 7f8b83ddd4494cf5b4e0a5cbfbea08e8 - - 097b85c7bfaf4abb9da31bc0b4c58a1f 097b85c7bfaf4abb9da31bc0b4c58a1f] 10.0.0.96 "DELETE /resource_providers/fb5df2f2-5db8-46c9-9422-46d5ba889d1b" status: 404 len: 246 microversion: 1.1 [pid: 8|app: 0|req: 380/756] 10.0.0.96 () {34 vars in 815 bytes} [Thu May 14 02:09:40 2026] DELETE /resource_providers/fb5df2f2-5db8-46c9-9422-46d5ba889d1b => generated 246 bytes in 9 msecs (HTTP/1.1 404) 6 headers in 231 bytes (1 switches on core 0)
2026-05-14 02:09:40.416 7 INFO placement.requestlog [None req-a2cb2eb6-2b49-4f8a-af72-3a1a3553ad36 d47747cfeb8341a9ab232bf4ebfce8d1 7f8b83ddd4494cf5b4e0a5cbfbea08e8 - - 097b85c7bfaf4abb9da31bc0b4c58a1f 097b85c7bfaf4abb9da31bc0b4c58a1f] 10.0.0.96 "DELETE /resource_providers/fb5df2f2-5db8-46c9-9422-46d5ba889d1b" status: 404 len: 246 microversion: 1.1 [pid: 7|app: 0|req: 377/757] 10.0.0.96 () {34 vars in 815 bytes} [Thu May 14 02:09:40 2026] DELETE /resource_providers/fb5df2f2-5db8-46c9-9422-46d5ba889d1b => generated 246 bytes in 10 msecs (HTTP/1.1 404) 6 headers in 231 bytes (1 switches on core 0)
2026-05-14 02:09:42.432 8 INFO placement.requestlog [None req-50268216-fd76-4598-ab15-511b7744cbf6 d47747cfeb8341a9ab232bf4ebfce8d1 7f8b83ddd4494cf5b4e0a5cbfbea08e8 - - 097b85c7bfaf4abb9da31bc0b4c58a1f 097b85c7bfaf4abb9da31bc0b4c58a1f] 10.0.0.96 "GET /resource_providers/aefbce70-b342-46dc-8af8-90ca6a9886eb/aggregates" status: 404 len: 235 microversion: 1.1 [pid: 8|app: 0|req: 381/758] 10.0.0.96 () {32 vars in 815 bytes} [Thu May 14 02:09:42 2026] GET /resource_providers/aefbce70-b342-46dc-8af8-90ca6a9886eb/aggregates => generated 235 bytes in 19 msecs (HTTP/1.1 404) 5 headers in 202 bytes (1 switches on core 0)
2026-05-14 02:09:42.454 7 INFO placement.requestlog [None req-fc1ece32-938d-4743-98ed-a9e131e2fbd7 d47747cfeb8341a9ab232bf4ebfce8d1 7f8b83ddd4494cf5b4e0a5cbfbea08e8 - - 097b85c7bfaf4abb9da31bc0b4c58a1f 097b85c7bfaf4abb9da31bc0b4c58a1f] 10.0.0.96 "GET /resource_providers/aefbce70-b342-46dc-8af8-90ca6a9886eb/aggregates" status: 404 len: 235 microversion: 1.1 [pid: 7|app: 0|req: 378/759] 10.0.0.96 () {32 vars in 815 bytes} [Thu May 14 02:09:42 2026] GET /resource_providers/aefbce70-b342-46dc-8af8-90ca6a9886eb/aggregates => generated 235 bytes in 16 msecs (HTTP/1.1 404) 5 headers in 202 bytes (1 switches on core 0)
2026-05-14 02:09:42.458 8 INFO placement.requestlog [None req-e02fc1e1-c229-486b-af34-f3ea6abf33d9 d47747cfeb8341a9ab232bf4ebfce8d1 7f8b83ddd4494cf5b4e0a5cbfbea08e8 - - 097b85c7bfaf4abb9da31bc0b4c58a1f 097b85c7bfaf4abb9da31bc0b4c58a1f] 10.0.0.96 "DELETE /resource_providers/aefbce70-b342-46dc-8af8-90ca6a9886eb" status: 404 len: 246 microversion: 1.1 [pid: 8|app: 0|req: 382/760] 10.0.0.96 () {34 vars in 815 bytes} [Thu May 14 02:09:42 2026] DELETE /resource_providers/aefbce70-b342-46dc-8af8-90ca6a9886eb => generated 246 bytes in 11 msecs (HTTP/1.1 404) 6 headers in 231 bytes (1 switches on core 0)
2026-05-14 02:09:42.478 8 INFO placement.requestlog [None req-f2f7b5b2-e3ad-4a7e-9d31-3f8bcfcf7e93 d47747cfeb8341a9ab232bf4ebfce8d1 7f8b83ddd4494cf5b4e0a5cbfbea08e8 - - 097b85c7bfaf4abb9da31bc0b4c58a1f 097b85c7bfaf4abb9da31bc0b4c58a1f] 10.0.0.96 "DELETE /resource_providers/aefbce70-b342-46dc-8af8-90ca6a9886eb" status: 404 len: 246 microversion: 1.1 [pid: 8|app: 0|req: 383/761] 10.0.0.96 () {34 vars in 815 bytes} [Thu May 14 02:09:42 2026] DELETE /resource_providers/aefbce70-b342-46dc-8af8-90ca6a9886eb => generated 246 bytes in 7 msecs (HTTP/1.1 404) 6 headers in 231 bytes (1 switches on core 0)
2026-05-14 02:09:42.481 7 INFO placement.requestlog [None req-6ff9a00d-842c-4ade-a522-2398a4242722 d47747cfeb8341a9ab232bf4ebfce8d1 7f8b83ddd4494cf5b4e0a5cbfbea08e8 - - 097b85c7bfaf4abb9da31bc0b4c58a1f 097b85c7bfaf4abb9da31bc0b4c58a1f] 10.0.0.96 "GET /resource_providers/3c250984-2629-46ef-ac1c-506aeaf85f7b/aggregates" status: 404 len: 235 microversion: 1.1 [pid: 7|app: 0|req: 379/762] 10.0.0.96 () {32 vars in 815 bytes} [Thu May 14 02:09:42 2026] GET /resource_providers/3c250984-2629-46ef-ac1c-506aeaf85f7b/aggregates => generated 235 bytes in 10 msecs (HTTP/1.1 404) 5 headers in 202 bytes (1 switches on core 0)
2026-05-14 02:09:42.500 7 INFO placement.requestlog [None req-ec243e34-7f3c-497f-8327-6a0977507c81 d47747cfeb8341a9ab232bf4ebfce8d1 7f8b83ddd4494cf5b4e0a5cbfbea08e8 - - 097b85c7bfaf4abb9da31bc0b4c58a1f 097b85c7bfaf4abb9da31bc0b4c58a1f] 10.0.0.96 "DELETE /resource_providers/3c250984-2629-46ef-ac1c-506aeaf85f7b" status: 404 len: 246 microversion: 1.1 [pid: 7|app: 0|req: 380/763] 10.0.0.96 () {34 vars in 815 bytes} [Thu May 14 02:09:42 2026] DELETE /resource_providers/3c250984-2629-46ef-ac1c-506aeaf85f7b => generated 246 bytes in 8 msecs (HTTP/1.1 404) 6 headers in 231 bytes (1 switches on core 0)
2026-05-14 02:09:42.504 8 INFO placement.requestlog [None req-e10e8968-f3ab-4330-9a9c-d61d9c50bca9 d47747cfeb8341a9ab232bf4ebfce8d1 7f8b83ddd4494cf5b4e0a5cbfbea08e8 - - 097b85c7bfaf4abb9da31bc0b4c58a1f 097b85c7bfaf4abb9da31bc0b4c58a1f] 10.0.0.96 "GET /resource_providers/3c250984-2629-46ef-ac1c-506aeaf85f7b/aggregates" status: 404 len: 235 microversion: 1.1 [pid: 8|app: 0|req: 384/764] 10.0.0.96 () {32 vars in 815 bytes} [Thu May 14 02:09:42 2026] GET /resource_providers/3c250984-2629-46ef-ac1c-506aeaf85f7b/aggregates => generated 235 bytes in 13 msecs (HTTP/1.1 404) 5 headers in 202 bytes (1 switches on core 0)
2026-05-14 02:09:42.519 8 INFO placement.requestlog [None req-b28fd1ef-125d-4fa2-b7e3-475b01fc1e25 d47747cfeb8341a9ab232bf4ebfce8d1 7f8b83ddd4494cf5b4e0a5cbfbea08e8 - - 097b85c7bfaf4abb9da31bc0b4c58a1f 097b85c7bfaf4abb9da31bc0b4c58a1f] 10.0.0.96 "DELETE /resource_providers/3c250984-2629-46ef-ac1c-506aeaf85f7b" status: 404 len: 246 microversion: 1.1
2026-05-14 02:09:42.519 7 INFO placement.requestlog [None req-abd032c1-58a1-4645-b5ac-c78e9495f487 d47747cfeb8341a9ab232bf4ebfce8d1 7f8b83ddd4494cf5b4e0a5cbfbea08e8 - - 097b85c7bfaf4abb9da31bc0b4c58a1f 097b85c7bfaf4abb9da31bc0b4c58a1f] 10.0.0.96 "GET /resource_providers/c0a2dbc4-d924-4920-b918-c334c2820901/aggregates" status: 404 len: 235 microversion: 1.1 [pid: 8|app: 0|req: 385/765] 10.0.0.96 () {34 vars in 815 bytes} [Thu May 14 02:09:42 2026] DELETE /resource_providers/3c250984-2629-46ef-ac1c-506aeaf85f7b => generated 246 bytes in 6 msecs (HTTP/1.1 404) 6 headers in 231 bytes (1 switches on core 0) [pid: 7|app: 0|req: 381/766] 10.0.0.96 () {32 vars in 815 bytes} [Thu May 14 02:09:42 2026] GET /resource_providers/c0a2dbc4-d924-4920-b918-c334c2820901/aggregates => generated 235 bytes in 8 msecs (HTTP/1.1 404) 5 headers in 202 bytes (1 switches on core 0)
