May 22 01:01:49.364745 np0000176109 systemd[1]: Starting devstack@n-api-meta.service - Devstack devstack@n-api-meta.service...
May 22 01:01:49.371903 np0000176109 devstack@n-api-meta.service[108197]: [uWSGI] getting INI configuration from /etc/nova/nova-metadata-uwsgi.ini
May 22 01:01:49.375120 np0000176109 devstack@n-api-meta.service[108197]: *** Starting uWSGI 2.0.24-debian (64bit) on [Fri May 22 01:01:49 2026] ***
May 22 01:01:49.375120 np0000176109 devstack@n-api-meta.service[108197]: compiled with version: 13.2.0 on 17 April 2024 16:23:48
May 22 01:01:49.375120 np0000176109 devstack@n-api-meta.service[108197]: os: Linux-6.8.0-117-generic #117-Ubuntu SMP PREEMPT_DYNAMIC Tue May 5 19:26:24 UTC 2026
May 22 01:01:49.375120 np0000176109 devstack@n-api-meta.service[108197]: nodename: np0000176109
May 22 01:01:49.375120 np0000176109 devstack@n-api-meta.service[108197]: machine: x86_64
May 22 01:01:49.375120 np0000176109 devstack@n-api-meta.service[108197]: clock source: unix
May 22 01:01:49.375120 np0000176109 devstack@n-api-meta.service[108197]: pcre jit disabled
May 22 01:01:49.375120 np0000176109 devstack@n-api-meta.service[108197]: detected number of CPU cores: 16
May 22 01:01:49.375120 np0000176109 devstack@n-api-meta.service[108197]: current working directory: /
May 22 01:01:49.375120 np0000176109 devstack@n-api-meta.service[108197]: detected binary path: /usr/bin/uwsgi-core
May 22 01:01:49.375120 np0000176109 devstack@n-api-meta.service[108197]: your processes number limit is 256917
May 22 01:01:49.375120 np0000176109 devstack@n-api-meta.service[108197]: your memory page size is 4096 bytes
May 22 01:01:49.375120 np0000176109 devstack@n-api-meta.service[108197]: detected max file descriptor number: 2048
May 22 01:01:49.375120 np0000176109 devstack@n-api-meta.service[108197]: lock engine: pthread robust mutexes
May 22 01:01:49.375885 np0000176109 devstack@n-api-meta.service[108197]: thunder lock: enabled
May 22 01:01:49.375885 np0000176109 devstack@n-api-meta.service[108197]: uWSGI http bound on 0.0.0.0:8775 fd 5
May 22 01:01:49.375885 np0000176109 devstack@n-api-meta.service[108197]: uwsgi socket 0 bound to TCP address 127.0.0.1:42727 (port auto-assigned) fd 4
May 22 01:01:49.375885 np0000176109 devstack@n-api-meta.service[108197]: Python version: 3.12.3 (main, Mar 23 2026, 19:04:32) [GCC 13.3.0]
May 22 01:01:49.375885 np0000176109 devstack@n-api-meta.service[108197]: PEP 405 virtualenv detected: /opt/stack/data/venv
May 22 01:01:49.375885 np0000176109 devstack@n-api-meta.service[108197]: Set PythonHome to /opt/stack/data/venv
May 22 01:01:49.411138 np0000176109 devstack@n-api-meta.service[108197]: Python main interpreter initialized at 0x7751ea4a3668
May 22 01:01:49.411138 np0000176109 devstack@n-api-meta.service[108197]: python threads support enabled
May 22 01:01:49.411138 np0000176109 devstack@n-api-meta.service[108197]: your server socket listen backlog is limited to 100 connections
May 22 01:01:49.411138 np0000176109 devstack@n-api-meta.service[108197]: your mercy for graceful operations on workers is 80 seconds
May 22 01:01:49.411644 np0000176109 devstack@n-api-meta.service[108197]: mapped 671795 bytes (656 KB) for 4 cores
May 22 01:01:49.411793 np0000176109 devstack@n-api-meta.service[108197]: *** Operational MODE: preforking ***
May 22 01:01:49.411935 np0000176109 devstack@n-api-meta.service[108197]: *** uWSGI is running in multiple interpreter mode ***
May 22 01:01:49.411935 np0000176109 devstack@n-api-meta.service[108197]: spawned uWSGI master process (pid: 108197)
May 22 01:01:49.412180 np0000176109 systemd[1]: Started devstack@n-api-meta.service - Devstack devstack@n-api-meta.service.
May 22 01:01:49.412670 np0000176109 devstack@n-api-meta.service[108197]: spawned uWSGI worker 1 (pid: 108198, cores: 1)
May 22 01:01:49.413241 np0000176109 devstack@n-api-meta.service[108197]: spawned uWSGI worker 2 (pid: 108199, cores: 1)
May 22 01:01:49.413726 np0000176109 devstack@n-api-meta.service[108197]: spawned uWSGI worker 3 (pid: 108200, cores: 1)
May 22 01:01:49.414210 np0000176109 devstack@n-api-meta.service[108197]: spawned uWSGI worker 4 (pid: 108201, cores: 1)
May 22 01:01:49.414879 np0000176109 devstack@n-api-meta.service[108197]: spawned uWSGI http 1 (pid: 108202)
May 22 01:01:49.414879 np0000176109 devstack@n-api-meta.service[108197]: running "unix_signal:15 gracefully_kill_them_all" (master-start)...
May 22 01:01:51.196673 np0000176109 devstack@n-api-meta.service[108199]: INFO dbcounter [None req-c35b3abb-925a-486a-91c1-db65fcb8a602 None None] Registered counter for database nova_api
May 22 01:01:51.212438 np0000176109 devstack@n-api-meta.service[108199]: DEBUG oslo_db.sqlalchemy.engines [None req-c35b3abb-925a-486a-91c1-db65fcb8a602 None None] MySQL server mode set to STRICT_TRANS_TABLES,STRICT_ALL_TABLES,NO_ZERO_IN_DATE,NO_ZERO_DATE,ERROR_FOR_DIVISION_BY_ZERO,TRADITIONAL,NO_ENGINE_SUBSTITUTION {{(pid=108199) _check_effective_sql_mode /opt/stack/data/venv/lib/python3.12/site-packages/oslo_db/sqlalchemy/engines.py:325}}
May 22 01:01:51.220370 np0000176109 devstack@n-api-meta.service[108200]: INFO dbcounter [None req-a1afada0-12fa-4ed4-b33b-161d71de0e10 None None] Registered counter for database nova_api
May 22 01:01:51.231998 np0000176109 devstack@n-api-meta.service[108198]: INFO dbcounter [None req-e14f29cf-13f7-4560-a566-a23479b063d5 None None] Registered counter for database nova_api
May 22 01:01:51.237785 np0000176109 devstack@n-api-meta.service[108201]: INFO dbcounter [None req-20553c5a-b995-40b7-837d-5e29d4f24463 None None] Registered counter for database nova_api
May 22 01:01:51.238913 np0000176109 devstack@n-api-meta.service[108200]: DEBUG oslo_db.sqlalchemy.engines [None req-a1afada0-12fa-4ed4-b33b-161d71de0e10 None None] MySQL server mode set to STRICT_TRANS_TABLES,STRICT_ALL_TABLES,NO_ZERO_IN_DATE,NO_ZERO_DATE,ERROR_FOR_DIVISION_BY_ZERO,TRADITIONAL,NO_ENGINE_SUBSTITUTION {{(pid=108200) _check_effective_sql_mode /opt/stack/data/venv/lib/python3.12/site-packages/oslo_db/sqlalchemy/engines.py:325}}
May 22 01:01:51.243024 np0000176109 devstack@n-api-meta.service[108199]: DEBUG dbcounter [-] [108199] Writer thread running {{(pid=108199) stat_writer /opt/stack/data/venv/lib/python3.12/site-packages/dbcounter.py:102}}
May 22 01:01:51.245725 np0000176109 devstack@n-api-meta.service[108199]: DEBUG nova.context [None req-c35b3abb-925a-486a-91c1-db65fcb8a602 None None] Found 2 cells: 00000000-0000-0000-0000-000000000000(cell0),90d1d337-3922-47d5-b412-9e30ccbe5f3c(cell1) {{(pid=108199) load_cells /opt/stack/nova/nova/context.py:509}}
May 22 01:01:51.245936 np0000176109 devstack@n-api-meta.service[108199]: INFO nova.utils [None req-c35b3abb-925a-486a-91c1-db65fcb8a602 None None] The cell worker thread pool MainProcess.cell_worker is initialized
May 22 01:01:51.247529 np0000176109 devstack@n-api-meta.service[108198]: DEBUG oslo_db.sqlalchemy.engines [None req-e14f29cf-13f7-4560-a566-a23479b063d5 None None] MySQL server mode set to STRICT_TRANS_TABLES,STRICT_ALL_TABLES,NO_ZERO_IN_DATE,NO_ZERO_DATE,ERROR_FOR_DIVISION_BY_ZERO,TRADITIONAL,NO_ENGINE_SUBSTITUTION {{(pid=108198) _check_effective_sql_mode /opt/stack/data/venv/lib/python3.12/site-packages/oslo_db/sqlalchemy/engines.py:325}}
May 22 01:01:51.247850 np0000176109 devstack@n-api-meta.service[108199]: DEBUG oslo_concurrency.lockutils [None req-c35b3abb-925a-486a-91c1-db65fcb8a602 None None] Acquiring lock "00000000-0000-0000-0000-000000000000" by "nova.context.set_target_cell..get_or_set_cached_cell_and_set_connections" {{(pid=108199) inner /opt/stack/data/venv/lib/python3.12/site-packages/oslo_concurrency/lockutils.py:511}}
May 22 01:01:51.248022 np0000176109 devstack@n-api-meta.service[108199]: DEBUG oslo_concurrency.lockutils [None req-c35b3abb-925a-486a-91c1-db65fcb8a602 None None] Lock "00000000-0000-0000-0000-000000000000" acquired by "nova.context.set_target_cell..get_or_set_cached_cell_and_set_connections" :: waited 0.000s {{(pid=108199) inner /opt/stack/data/venv/lib/python3.12/site-packages/oslo_concurrency/lockutils.py:524}}
May 22 01:01:51.248414 np0000176109 devstack@n-api-meta.service[108199]: DEBUG oslo_concurrency.lockutils [None req-c35b3abb-925a-486a-91c1-db65fcb8a602 None None] Lock "00000000-0000-0000-0000-000000000000" "released" by "nova.context.set_target_cell..get_or_set_cached_cell_and_set_connections" :: held 0.000s {{(pid=108199) inner /opt/stack/data/venv/lib/python3.12/site-packages/oslo_concurrency/lockutils.py:543}}
May 22 01:01:51.249245 np0000176109 devstack@n-api-meta.service[108199]: DEBUG oslo_concurrency.lockutils [None req-c35b3abb-925a-486a-91c1-db65fcb8a602 None None] Acquiring lock "90d1d337-3922-47d5-b412-9e30ccbe5f3c" by "nova.context.set_target_cell..get_or_set_cached_cell_and_set_connections" {{(pid=108199) inner /opt/stack/data/venv/lib/python3.12/site-packages/oslo_concurrency/lockutils.py:511}}
May 22 01:01:51.249446 np0000176109 devstack@n-api-meta.service[108199]: DEBUG oslo_concurrency.lockutils [None req-c35b3abb-925a-486a-91c1-db65fcb8a602 None None] Lock "90d1d337-3922-47d5-b412-9e30ccbe5f3c" acquired by "nova.context.set_target_cell..get_or_set_cached_cell_and_set_connections" :: waited 0.000s {{(pid=108199) inner /opt/stack/data/venv/lib/python3.12/site-packages/oslo_concurrency/lockutils.py:524}}
May 22 01:01:51.250695 np0000176109 devstack@n-api-meta.service[108199]: DEBUG oslo_concurrency.lockutils [None req-c35b3abb-925a-486a-91c1-db65fcb8a602 None None] Lock "90d1d337-3922-47d5-b412-9e30ccbe5f3c" "released" by "nova.context.set_target_cell..get_or_set_cached_cell_and_set_connections" :: held 0.001s {{(pid=108199) inner /opt/stack/data/venv/lib/python3.12/site-packages/oslo_concurrency/lockutils.py:543}}
May 22 01:01:51.255712 np0000176109 devstack@n-api-meta.service[108199]: INFO dbcounter [None req-c35b3abb-925a-486a-91c1-db65fcb8a602 None None] Registered counter for database nova_cell0
May 22 01:01:51.255843 np0000176109 devstack@n-api-meta.service[108201]: DEBUG oslo_db.sqlalchemy.engines [None req-20553c5a-b995-40b7-837d-5e29d4f24463 None None] MySQL server mode set to STRICT_TRANS_TABLES,STRICT_ALL_TABLES,NO_ZERO_IN_DATE,NO_ZERO_DATE,ERROR_FOR_DIVISION_BY_ZERO,TRADITIONAL,NO_ENGINE_SUBSTITUTION {{(pid=108201) _check_effective_sql_mode /opt/stack/data/venv/lib/python3.12/site-packages/oslo_db/sqlalchemy/engines.py:325}}
May 22 01:01:51.258896 np0000176109 devstack@n-api-meta.service[108199]: INFO dbcounter [None req-c35b3abb-925a-486a-91c1-db65fcb8a602 None None] Registered counter for database nova_cell1
May 22 01:01:51.272155 np0000176109 devstack@n-api-meta.service[108199]: DEBUG oslo_db.sqlalchemy.engines [None req-c35b3abb-925a-486a-91c1-db65fcb8a602 None None] MySQL server mode set to STRICT_TRANS_TABLES,STRICT_ALL_TABLES,NO_ZERO_IN_DATE,NO_ZERO_DATE,ERROR_FOR_DIVISION_BY_ZERO,TRADITIONAL,NO_ENGINE_SUBSTITUTION {{(pid=108199) _check_effective_sql_mode /opt/stack/data/venv/lib/python3.12/site-packages/oslo_db/sqlalchemy/engines.py:325}}
May 22 01:01:51.274380 np0000176109 devstack@n-api-meta.service[108200]: DEBUG dbcounter [-] [108200] Writer thread running {{(pid=108200) stat_writer /opt/stack/data/venv/lib/python3.12/site-packages/dbcounter.py:102}}
May 22 01:01:51.276834 np0000176109 devstack@n-api-meta.service[108200]: DEBUG nova.context [None req-a1afada0-12fa-4ed4-b33b-161d71de0e10 None None] Found 2 cells: 00000000-0000-0000-0000-000000000000(cell0),90d1d337-3922-47d5-b412-9e30ccbe5f3c(cell1) {{(pid=108200) load_cells /opt/stack/nova/nova/context.py:509}}
May 22 01:01:51.276983 np0000176109 devstack@n-api-meta.service[108199]: DEBUG oslo_db.sqlalchemy.engines [None req-c35b3abb-925a-486a-91c1-db65fcb8a602 None None] MySQL server mode set to STRICT_TRANS_TABLES,STRICT_ALL_TABLES,NO_ZERO_IN_DATE,NO_ZERO_DATE,ERROR_FOR_DIVISION_BY_ZERO,TRADITIONAL,NO_ENGINE_SUBSTITUTION {{(pid=108199) _check_effective_sql_mode /opt/stack/data/venv/lib/python3.12/site-packages/oslo_db/sqlalchemy/engines.py:325}}
May 22 01:01:51.277055 np0000176109 devstack@n-api-meta.service[108200]: INFO nova.utils [None req-a1afada0-12fa-4ed4-b33b-161d71de0e10 None None] The cell worker thread pool MainProcess.cell_worker is initialized
May 22 01:01:51.279253 np0000176109 devstack@n-api-meta.service[108200]: DEBUG oslo_concurrency.lockutils [None req-a1afada0-12fa-4ed4-b33b-161d71de0e10 None None] Acquiring lock "00000000-0000-0000-0000-000000000000" by "nova.context.set_target_cell..get_or_set_cached_cell_and_set_connections" {{(pid=108200) inner /opt/stack/data/venv/lib/python3.12/site-packages/oslo_concurrency/lockutils.py:511}}
May 22 01:01:51.279505 np0000176109 devstack@n-api-meta.service[108200]: DEBUG oslo_concurrency.lockutils [None req-a1afada0-12fa-4ed4-b33b-161d71de0e10 None None] Lock "00000000-0000-0000-0000-000000000000" acquired by "nova.context.set_target_cell..get_or_set_cached_cell_and_set_connections" :: waited 0.000s {{(pid=108200) inner /opt/stack/data/venv/lib/python3.12/site-packages/oslo_concurrency/lockutils.py:524}}
May 22 01:01:51.279987 np0000176109 devstack@n-api-meta.service[108200]: DEBUG oslo_concurrency.lockutils [None req-a1afada0-12fa-4ed4-b33b-161d71de0e10 None None] Lock "00000000-0000-0000-0000-000000000000" "released" by "nova.context.set_target_cell..get_or_set_cached_cell_and_set_connections" :: held 0.001s {{(pid=108200) inner /opt/stack/data/venv/lib/python3.12/site-packages/oslo_concurrency/lockutils.py:543}}
May 22 01:01:51.281647 np0000176109 devstack@n-api-meta.service[108200]: DEBUG oslo_concurrency.lockutils [None req-a1afada0-12fa-4ed4-b33b-161d71de0e10 None None] Acquiring lock "90d1d337-3922-47d5-b412-9e30ccbe5f3c" by "nova.context.set_target_cell..get_or_set_cached_cell_and_set_connections" {{(pid=108200) inner /opt/stack/data/venv/lib/python3.12/site-packages/oslo_concurrency/lockutils.py:511}}
May 22 01:01:51.281647 np0000176109 devstack@n-api-meta.service[108200]: DEBUG oslo_concurrency.lockutils [None req-a1afada0-12fa-4ed4-b33b-161d71de0e10 None None] Lock "90d1d337-3922-47d5-b412-9e30ccbe5f3c" acquired by "nova.context.set_target_cell..get_or_set_cached_cell_and_set_connections" :: waited 0.000s {{(pid=108200) inner /opt/stack/data/venv/lib/python3.12/site-packages/oslo_concurrency/lockutils.py:524}}
May 22 01:01:51.281973 np0000176109 devstack@n-api-meta.service[108198]: DEBUG dbcounter [-] [108198] Writer thread running {{(pid=108198) stat_writer /opt/stack/data/venv/lib/python3.12/site-packages/dbcounter.py:102}}
May 22 01:01:51.282472 np0000176109 devstack@n-api-meta.service[108200]: DEBUG oslo_concurrency.lockutils [None req-a1afada0-12fa-4ed4-b33b-161d71de0e10 None None] Lock "90d1d337-3922-47d5-b412-9e30ccbe5f3c" "released" by "nova.context.set_target_cell..get_or_set_cached_cell_and_set_connections" :: held 0.001s {{(pid=108200) inner /opt/stack/data/venv/lib/python3.12/site-packages/oslo_concurrency/lockutils.py:543}}
May 22 01:01:51.284563 np0000176109 devstack@n-api-meta.service[108198]: DEBUG nova.context [None req-e14f29cf-13f7-4560-a566-a23479b063d5 None None] Found 2 cells: 00000000-0000-0000-0000-000000000000(cell0),90d1d337-3922-47d5-b412-9e30ccbe5f3c(cell1) {{(pid=108198) load_cells /opt/stack/nova/nova/context.py:509}}
May 22 01:01:51.284791 np0000176109 devstack@n-api-meta.service[108198]: INFO nova.utils [None req-e14f29cf-13f7-4560-a566-a23479b063d5 None None] The cell worker thread pool MainProcess.cell_worker is initialized
May 22 01:01:51.286467 np0000176109 devstack@n-api-meta.service[108200]: INFO dbcounter [None req-a1afada0-12fa-4ed4-b33b-161d71de0e10 None None] Registered counter for database nova_cell0
May 22 01:01:51.286753 np0000176109 devstack@n-api-meta.service[108198]: DEBUG oslo_concurrency.lockutils [None req-e14f29cf-13f7-4560-a566-a23479b063d5 None None] Acquiring lock "00000000-0000-0000-0000-000000000000" by "nova.context.set_target_cell..get_or_set_cached_cell_and_set_connections" {{(pid=108198) inner /opt/stack/data/venv/lib/python3.12/site-packages/oslo_concurrency/lockutils.py:511}}
May 22 01:01:51.286921 np0000176109 devstack@n-api-meta.service[108198]: DEBUG oslo_concurrency.lockutils [None req-e14f29cf-13f7-4560-a566-a23479b063d5 None None] Lock "00000000-0000-0000-0000-000000000000" acquired by "nova.context.set_target_cell..get_or_set_cached_cell_and_set_connections" :: waited 0.000s {{(pid=108198) inner /opt/stack/data/venv/lib/python3.12/site-packages/oslo_concurrency/lockutils.py:524}}
May 22 01:01:51.287295 np0000176109 devstack@n-api-meta.service[108198]: DEBUG oslo_concurrency.lockutils [None req-e14f29cf-13f7-4560-a566-a23479b063d5 None None] Lock "00000000-0000-0000-0000-000000000000" "released" by "nova.context.set_target_cell..get_or_set_cached_cell_and_set_connections" :: held 0.000s {{(pid=108198) inner /opt/stack/data/venv/lib/python3.12/site-packages/oslo_concurrency/lockutils.py:543}}
May 22 01:01:51.288144 np0000176109 devstack@n-api-meta.service[108198]: DEBUG oslo_concurrency.lockutils [None req-e14f29cf-13f7-4560-a566-a23479b063d5 None None] Acquiring lock "90d1d337-3922-47d5-b412-9e30ccbe5f3c" by "nova.context.set_target_cell..get_or_set_cached_cell_and_set_connections" {{(pid=108198) inner /opt/stack/data/venv/lib/python3.12/site-packages/oslo_concurrency/lockutils.py:511}}
May 22 01:01:51.288285 np0000176109 devstack@n-api-meta.service[108198]: DEBUG oslo_concurrency.lockutils [None req-e14f29cf-13f7-4560-a566-a23479b063d5 None None] Lock "90d1d337-3922-47d5-b412-9e30ccbe5f3c" acquired by "nova.context.set_target_cell..get_or_set_cached_cell_and_set_connections" :: waited 0.000s {{(pid=108198) inner /opt/stack/data/venv/lib/python3.12/site-packages/oslo_concurrency/lockutils.py:524}}
May 22 01:01:51.289143 np0000176109 devstack@n-api-meta.service[108198]: DEBUG oslo_concurrency.lockutils [None req-e14f29cf-13f7-4560-a566-a23479b063d5 None None] Lock "90d1d337-3922-47d5-b412-9e30ccbe5f3c" "released" by "nova.context.set_target_cell..get_or_set_cached_cell_and_set_connections" :: held 0.001s {{(pid=108198) inner /opt/stack/data/venv/lib/python3.12/site-packages/oslo_concurrency/lockutils.py:543}}
May 22 01:01:51.291022 np0000176109 devstack@n-api-meta.service[108200]: INFO dbcounter [None req-a1afada0-12fa-4ed4-b33b-161d71de0e10 None None] Registered counter for database nova_cell1
May 22 01:01:51.292528 np0000176109 devstack@n-api-meta.service[108201]: DEBUG dbcounter [-] [108201] Writer thread running {{(pid=108201) stat_writer /opt/stack/data/venv/lib/python3.12/site-packages/dbcounter.py:102}}
May 22 01:01:51.292601 np0000176109 devstack@n-api-meta.service[108198]: INFO dbcounter [None req-e14f29cf-13f7-4560-a566-a23479b063d5 None None] Registered counter for database nova_cell0
May 22 01:01:51.297311 np0000176109 devstack@n-api-meta.service[108201]: DEBUG nova.context [None req-20553c5a-b995-40b7-837d-5e29d4f24463 None None] Found 2 cells: 00000000-0000-0000-0000-000000000000(cell0),90d1d337-3922-47d5-b412-9e30ccbe5f3c(cell1) {{(pid=108201) load_cells /opt/stack/nova/nova/context.py:509}}
May 22 01:01:51.297311 np0000176109 devstack@n-api-meta.service[108201]: INFO nova.utils [None req-20553c5a-b995-40b7-837d-5e29d4f24463 None None] The cell worker thread pool MainProcess.cell_worker is initialized
May 22 01:01:51.300613 np0000176109 devstack@n-api-meta.service[108201]: DEBUG oslo_concurrency.lockutils [None req-20553c5a-b995-40b7-837d-5e29d4f24463 None None] Acquiring lock "00000000-0000-0000-0000-000000000000" by "nova.context.set_target_cell..get_or_set_cached_cell_and_set_connections" {{(pid=108201) inner /opt/stack/data/venv/lib/python3.12/site-packages/oslo_concurrency/lockutils.py:511}}
May 22 01:01:51.300876 np0000176109 devstack@n-api-meta.service[108201]: DEBUG oslo_concurrency.lockutils [None req-20553c5a-b995-40b7-837d-5e29d4f24463 None None] Lock "00000000-0000-0000-0000-000000000000" acquired by "nova.context.set_target_cell..get_or_set_cached_cell_and_set_connections" :: waited 0.000s {{(pid=108201) inner /opt/stack/data/venv/lib/python3.12/site-packages/oslo_concurrency/lockutils.py:524}}
May 22 01:01:51.301637 np0000176109 devstack@n-api-meta.service[108201]: DEBUG oslo_concurrency.lockutils [None req-20553c5a-b995-40b7-837d-5e29d4f24463 None None] Lock "00000000-0000-0000-0000-000000000000" "released" by "nova.context.set_target_cell..get_or_set_cached_cell_and_set_connections" :: held 0.001s {{(pid=108201) inner /opt/stack/data/venv/lib/python3.12/site-packages/oslo_concurrency/lockutils.py:543}}
May 22 01:01:51.302819 np0000176109 devstack@n-api-meta.service[108201]: DEBUG oslo_concurrency.lockutils [None req-20553c5a-b995-40b7-837d-5e29d4f24463 None None] Acquiring lock "90d1d337-3922-47d5-b412-9e30ccbe5f3c" by "nova.context.set_target_cell..get_or_set_cached_cell_and_set_connections" {{(pid=108201) inner /opt/stack/data/venv/lib/python3.12/site-packages/oslo_concurrency/lockutils.py:511}}
May 22 01:01:51.304205 np0000176109 devstack@n-api-meta.service[108198]: INFO dbcounter [None req-e14f29cf-13f7-4560-a566-a23479b063d5 None None] Registered counter for database nova_cell1
May 22 01:01:51.305578 np0000176109 devstack@n-api-meta.service[108201]: DEBUG oslo_concurrency.lockutils [None req-20553c5a-b995-40b7-837d-5e29d4f24463 None None] Lock "90d1d337-3922-47d5-b412-9e30ccbe5f3c" acquired by "nova.context.set_target_cell..get_or_set_cached_cell_and_set_connections" :: waited 0.003s {{(pid=108201) inner /opt/stack/data/venv/lib/python3.12/site-packages/oslo_concurrency/lockutils.py:524}}
May 22 01:01:51.305631 np0000176109 devstack@n-api-meta.service[108200]: DEBUG oslo_db.sqlalchemy.engines [None req-a1afada0-12fa-4ed4-b33b-161d71de0e10 None None] MySQL server mode set to STRICT_TRANS_TABLES,STRICT_ALL_TABLES,NO_ZERO_IN_DATE,NO_ZERO_DATE,ERROR_FOR_DIVISION_BY_ZERO,TRADITIONAL,NO_ENGINE_SUBSTITUTION {{(pid=108200) _check_effective_sql_mode /opt/stack/data/venv/lib/python3.12/site-packages/oslo_db/sqlalchemy/engines.py:325}}
May 22 01:01:51.307400 np0000176109 devstack@n-api-meta.service[108201]: INFO dbcounter [None req-20553c5a-b995-40b7-837d-5e29d4f24463 None None] Registered counter for database nova_cell0
May 22 01:01:51.309321 np0000176109 devstack@n-api-meta.service[108201]: DEBUG oslo_concurrency.lockutils [None req-20553c5a-b995-40b7-837d-5e29d4f24463 None None] Lock "90d1d337-3922-47d5-b412-9e30ccbe5f3c" "released" by "nova.context.set_target_cell..get_or_set_cached_cell_and_set_connections" :: held 0.002s {{(pid=108201) inner /opt/stack/data/venv/lib/python3.12/site-packages/oslo_concurrency/lockutils.py:543}}
May 22 01:01:51.311930 np0000176109 devstack@n-api-meta.service[108200]: DEBUG oslo_db.sqlalchemy.engines [None req-a1afada0-12fa-4ed4-b33b-161d71de0e10 None None] MySQL server mode set to STRICT_TRANS_TABLES,STRICT_ALL_TABLES,NO_ZERO_IN_DATE,NO_ZERO_DATE,ERROR_FOR_DIVISION_BY_ZERO,TRADITIONAL,NO_ENGINE_SUBSTITUTION {{(pid=108200) _check_effective_sql_mode /opt/stack/data/venv/lib/python3.12/site-packages/oslo_db/sqlalchemy/engines.py:325}}
May 22 01:01:51.313311 np0000176109 devstack@n-api-meta.service[108201]: INFO dbcounter [None req-20553c5a-b995-40b7-837d-5e29d4f24463 None None] Registered counter for database nova_cell1
May 22 01:01:51.317232 np0000176109 devstack@n-api-meta.service[108198]: DEBUG oslo_db.sqlalchemy.engines [None req-e14f29cf-13f7-4560-a566-a23479b063d5 None None] MySQL server mode set to STRICT_TRANS_TABLES,STRICT_ALL_TABLES,NO_ZERO_IN_DATE,NO_ZERO_DATE,ERROR_FOR_DIVISION_BY_ZERO,TRADITIONAL,NO_ENGINE_SUBSTITUTION {{(pid=108198) _check_effective_sql_mode /opt/stack/data/venv/lib/python3.12/site-packages/oslo_db/sqlalchemy/engines.py:325}}
May 22 01:01:51.323372 np0000176109 devstack@n-api-meta.service[108198]: DEBUG oslo_db.sqlalchemy.engines [None req-e14f29cf-13f7-4560-a566-a23479b063d5 None None] MySQL server mode set to STRICT_TRANS_TABLES,STRICT_ALL_TABLES,NO_ZERO_IN_DATE,NO_ZERO_DATE,ERROR_FOR_DIVISION_BY_ZERO,TRADITIONAL,NO_ENGINE_SUBSTITUTION {{(pid=108198) _check_effective_sql_mode /opt/stack/data/venv/lib/python3.12/site-packages/oslo_db/sqlalchemy/engines.py:325}}
May 22 01:01:51.328688 np0000176109 devstack@n-api-meta.service[108201]: DEBUG oslo_db.sqlalchemy.engines [None req-20553c5a-b995-40b7-837d-5e29d4f24463 None None] MySQL server mode set to STRICT_TRANS_TABLES,STRICT_ALL_TABLES,NO_ZERO_IN_DATE,NO_ZERO_DATE,ERROR_FOR_DIVISION_BY_ZERO,TRADITIONAL,NO_ENGINE_SUBSTITUTION {{(pid=108201) _check_effective_sql_mode /opt/stack/data/venv/lib/python3.12/site-packages/oslo_db/sqlalchemy/engines.py:325}}
May 22 01:01:51.332359 np0000176109 devstack@n-api-meta.service[108201]: DEBUG oslo_db.sqlalchemy.engines [None req-20553c5a-b995-40b7-837d-5e29d4f24463 None None] MySQL server mode set to STRICT_TRANS_TABLES,STRICT_ALL_TABLES,NO_ZERO_IN_DATE,NO_ZERO_DATE,ERROR_FOR_DIVISION_BY_ZERO,TRADITIONAL,NO_ENGINE_SUBSTITUTION {{(pid=108201) _check_effective_sql_mode /opt/stack/data/venv/lib/python3.12/site-packages/oslo_db/sqlalchemy/engines.py:325}}
May 22 01:01:51.381066 np0000176109 devstack@n-api-meta.service[108199]: DEBUG dbcounter [-] [108199] Writer thread running {{(pid=108199) stat_writer /opt/stack/data/venv/lib/python3.12/site-packages/dbcounter.py:102}}
May 22 01:01:51.382835 np0000176109 devstack@n-api-meta.service[108199]: DEBUG dbcounter [-] [108199] Writer thread running {{(pid=108199) stat_writer /opt/stack/data/venv/lib/python3.12/site-packages/dbcounter.py:102}}
May 22 01:01:51.387909 np0000176109 devstack@n-api-meta.service[108199]: INFO dbcounter [None req-c35b3abb-925a-486a-91c1-db65fcb8a602 None None] Registered counter for database nova_cell0
May 22 01:01:51.396201 np0000176109 devstack@n-api-meta.service[108199]: DEBUG oslo_db.sqlalchemy.engines [None req-c35b3abb-925a-486a-91c1-db65fcb8a602 None None] MySQL server mode set to STRICT_TRANS_TABLES,STRICT_ALL_TABLES,NO_ZERO_IN_DATE,NO_ZERO_DATE,ERROR_FOR_DIVISION_BY_ZERO,TRADITIONAL,NO_ENGINE_SUBSTITUTION {{(pid=108199) _check_effective_sql_mode /opt/stack/data/venv/lib/python3.12/site-packages/oslo_db/sqlalchemy/engines.py:325}}
May 22 01:01:51.404436 np0000176109 devstack@n-api-meta.service[108199]: DEBUG dbcounter [-] [108199] Writer thread running {{(pid=108199) stat_writer /opt/stack/data/venv/lib/python3.12/site-packages/dbcounter.py:102}}
May 22 01:01:51.419191 np0000176109 devstack@n-api-meta.service[108200]: DEBUG dbcounter [-] [108200] Writer thread running {{(pid=108200) stat_writer /opt/stack/data/venv/lib/python3.12/site-packages/dbcounter.py:102}}
May 22 01:01:51.420184 np0000176109 devstack@n-api-meta.service[108200]: DEBUG dbcounter [-] [108200] Writer thread running {{(pid=108200) stat_writer /opt/stack/data/venv/lib/python3.12/site-packages/dbcounter.py:102}}
May 22 01:01:51.425188 np0000176109 devstack@n-api-meta.service[108200]: INFO dbcounter [None req-a1afada0-12fa-4ed4-b33b-161d71de0e10 None None] Registered counter for database nova_cell0
May 22 01:01:51.435410 np0000176109 devstack@n-api-meta.service[108198]: DEBUG dbcounter [-] [108198] Writer thread running {{(pid=108198) stat_writer /opt/stack/data/venv/lib/python3.12/site-packages/dbcounter.py:102}}
May 22 01:01:51.437533 np0000176109 devstack@n-api-meta.service[108198]: DEBUG dbcounter [-] [108198] Writer thread running {{(pid=108198) stat_writer /opt/stack/data/venv/lib/python3.12/site-packages/dbcounter.py:102}}
May 22 01:01:51.439586 np0000176109 devstack@n-api-meta.service[108200]: DEBUG oslo_db.sqlalchemy.engines [None req-a1afada0-12fa-4ed4-b33b-161d71de0e10 None None] MySQL server mode set to STRICT_TRANS_TABLES,STRICT_ALL_TABLES,NO_ZERO_IN_DATE,NO_ZERO_DATE,ERROR_FOR_DIVISION_BY_ZERO,TRADITIONAL,NO_ENGINE_SUBSTITUTION {{(pid=108200) _check_effective_sql_mode /opt/stack/data/venv/lib/python3.12/site-packages/oslo_db/sqlalchemy/engines.py:325}}
May 22 01:01:51.439727 np0000176109 devstack@n-api-meta.service[108201]: DEBUG dbcounter [-] [108201] Writer thread running {{(pid=108201) stat_writer /opt/stack/data/venv/lib/python3.12/site-packages/dbcounter.py:102}}
May 22 01:01:51.441878 np0000176109 devstack@n-api-meta.service[108201]: DEBUG dbcounter [-] [108201] Writer thread running {{(pid=108201) stat_writer /opt/stack/data/venv/lib/python3.12/site-packages/dbcounter.py:102}}
May 22 01:01:51.443010 np0000176109 devstack@n-api-meta.service[108198]: INFO dbcounter [None req-e14f29cf-13f7-4560-a566-a23479b063d5 None None] Registered counter for database nova_cell0
May 22 01:01:51.448912 np0000176109 devstack@n-api-meta.service[108201]: INFO dbcounter [None req-20553c5a-b995-40b7-837d-5e29d4f24463 None None] Registered counter for database nova_cell0
May 22 01:01:51.449460 np0000176109 devstack@n-api-meta.service[108200]: DEBUG dbcounter [-] [108200] Writer thread running {{(pid=108200) stat_writer /opt/stack/data/venv/lib/python3.12/site-packages/dbcounter.py:102}}
May 22 01:01:51.451864 np0000176109 devstack@n-api-meta.service[108199]: WARNING nova.api.metadata.handler [None req-c35b3abb-925a-486a-91c1-db65fcb8a602 None None] metadata_proxy_shared_secret is not configured, the metadata information returned by the proxy cannot be trusted
May 22 01:01:51.454444 np0000176109 devstack@n-api-meta.service[108199]: DEBUG nova.api.openstack.wsgi_app [None req-c35b3abb-925a-486a-91c1-db65fcb8a602 None None] ******************************************************************************** {{(pid=108199) log_opt_values /opt/stack/data/venv/lib/python3.12/site-packages/oslo_config/cfg.py:3229}}
May 22 01:01:51.454606 np0000176109 devstack@n-api-meta.service[108199]: DEBUG nova.api.openstack.wsgi_app [None req-c35b3abb-925a-486a-91c1-db65fcb8a602 None None] Configuration options gathered from: {{(pid=108199) log_opt_values /opt/stack/data/venv/lib/python3.12/site-packages/oslo_config/cfg.py:3230}}
May 22 01:01:51.454606 np0000176109 devstack@n-api-meta.service[108199]: DEBUG nova.api.openstack.wsgi_app [None req-c35b3abb-925a-486a-91c1-db65fcb8a602 None None] command line args: [] {{(pid=108199) log_opt_values /opt/stack/data/venv/lib/python3.12/site-packages/oslo_config/cfg.py:3231}}
May 22 01:01:51.454922 np0000176109 devstack@n-api-meta.service[108199]: DEBUG nova.api.openstack.wsgi_app [None req-c35b3abb-925a-486a-91c1-db65fcb8a602 None None] config files: ['/etc/nova/api-paste.ini', '/etc/nova/nova.conf'] {{(pid=108199) log_opt_values /opt/stack/data/venv/lib/python3.12/site-packages/oslo_config/cfg.py:3232}}
May 22 01:01:51.454922 np0000176109 devstack@n-api-meta.service[108199]: DEBUG nova.api.openstack.wsgi_app [None req-c35b3abb-925a-486a-91c1-db65fcb8a602 None None] ================================================================================ {{(pid=108199) log_opt_values /opt/stack/data/venv/lib/python3.12/site-packages/oslo_config/cfg.py:3237}}
May 22 01:01:51.455177 np0000176109 devstack@n-api-meta.service[108199]: DEBUG nova.api.openstack.wsgi_app [None req-c35b3abb-925a-486a-91c1-db65fcb8a602 None None] allow_resize_to_same_host = True {{(pid=108199) log_opt_values /opt/stack/data/venv/lib/python3.12/site-packages/oslo_config/cfg.py:3245}}
May 22 01:01:51.455408 np0000176109 devstack@n-api-meta.service[108199]: DEBUG nova.api.openstack.wsgi_app [None req-c35b3abb-925a-486a-91c1-db65fcb8a602 None None] arq_binding_timeout = 300 {{(pid=108199) log_opt_values /opt/stack/data/venv/lib/python3.12/site-packages/oslo_config/cfg.py:3245}}
May 22 01:01:51.455408 np0000176109 devstack@n-api-meta.service[108199]: DEBUG nova.api.openstack.wsgi_app [None req-c35b3abb-925a-486a-91c1-db65fcb8a602 None None] block_device_allocate_retries = 60 {{(pid=108199) log_opt_values /opt/stack/data/venv/lib/python3.12/site-packages/oslo_config/cfg.py:3245}}
May 22 01:01:51.455535 np0000176109 devstack@n-api-meta.service[108199]: DEBUG nova.api.openstack.wsgi_app [None req-c35b3abb-925a-486a-91c1-db65fcb8a602 None None] block_device_allocate_retries_interval = 3 {{(pid=108199) log_opt_values /opt/stack/data/venv/lib/python3.12/site-packages/oslo_config/cfg.py:3245}}
May 22 01:01:51.455597 np0000176109 devstack@n-api-meta.service[108199]: DEBUG nova.api.openstack.wsgi_app [None req-c35b3abb-925a-486a-91c1-db65fcb8a602 None None] cell_worker_thread_pool_size = 5 {{(pid=108199) log_opt_values /opt/stack/data/venv/lib/python3.12/site-packages/oslo_config/cfg.py:3245}}
May 22 01:01:51.455841 np0000176109 devstack@n-api-meta.service[108199]: DEBUG nova.api.openstack.wsgi_app [None req-c35b3abb-925a-486a-91c1-db65fcb8a602 None None] cert = self.pem {{(pid=108199) log_opt_values /opt/stack/data/venv/lib/python3.12/site-packages/oslo_config/cfg.py:3245}}
May 22 01:01:51.455989 np0000176109 devstack@n-api-meta.service[108199]: DEBUG nova.api.openstack.wsgi_app [None req-c35b3abb-925a-486a-91c1-db65fcb8a602 None None] compute_driver = libvirt.LibvirtDriver {{(pid=108199) log_opt_values /opt/stack/data/venv/lib/python3.12/site-packages/oslo_config/cfg.py:3245}}
May 22 01:01:51.455989 np0000176109 devstack@n-api-meta.service[108199]: DEBUG nova.api.openstack.wsgi_app [None req-c35b3abb-925a-486a-91c1-db65fcb8a602 None None] compute_monitors = [] {{(pid=108199) log_opt_values /opt/stack/data/venv/lib/python3.12/site-packages/oslo_config/cfg.py:3245}}
May 22 01:01:51.456365 np0000176109 devstack@n-api-meta.service[108199]: DEBUG nova.api.openstack.wsgi_app [None req-c35b3abb-925a-486a-91c1-db65fcb8a602 None None] config_dir = [] {{(pid=108199) log_opt_values /opt/stack/data/venv/lib/python3.12/site-packages/oslo_config/cfg.py:3245}}
May 22 01:01:51.456365 np0000176109 devstack@n-api-meta.service[108199]: DEBUG nova.api.openstack.wsgi_app [None req-c35b3abb-925a-486a-91c1-db65fcb8a602 None None] config_drive_format = iso9660 {{(pid=108199) log_opt_values /opt/stack/data/venv/lib/python3.12/site-packages/oslo_config/cfg.py:3245}}
May 22 01:01:51.456586 np0000176109 devstack@n-api-meta.service[108199]: DEBUG nova.api.openstack.wsgi_app [None req-c35b3abb-925a-486a-91c1-db65fcb8a602 None None] config_file = ['/etc/nova/api-paste.ini', '/etc/nova/nova.conf'] {{(pid=108199) log_opt_values /opt/stack/data/venv/lib/python3.12/site-packages/oslo_config/cfg.py:3245}}
May 22 01:01:51.456586 np0000176109 devstack@n-api-meta.service[108199]: DEBUG nova.api.openstack.wsgi_app [None req-c35b3abb-925a-486a-91c1-db65fcb8a602 None None] config_source = [] {{(pid=108199) log_opt_values /opt/stack/data/venv/lib/python3.12/site-packages/oslo_config/cfg.py:3245}}
May 22 01:01:51.456774 np0000176109 devstack@n-api-meta.service[108199]: DEBUG nova.api.openstack.wsgi_app [None req-c35b3abb-925a-486a-91c1-db65fcb8a602 None None] console_host = np0000176109 {{(pid=108199) log_opt_values /opt/stack/data/venv/lib/python3.12/site-packages/oslo_config/cfg.py:3245}}
May 22 01:01:51.456871 np0000176109 devstack@n-api-meta.service[108199]: DEBUG nova.api.openstack.wsgi_app [None req-c35b3abb-925a-486a-91c1-db65fcb8a602 None None] control_exchange = nova {{(pid=108199) log_opt_values /opt/stack/data/venv/lib/python3.12/site-packages/oslo_config/cfg.py:3245}}
May 22 01:01:51.457002 np0000176109 devstack@n-api-meta.service[108199]: DEBUG nova.api.openstack.wsgi_app [None req-c35b3abb-925a-486a-91c1-db65fcb8a602 None None] cpu_allocation_ratio = None {{(pid=108199) log_opt_values /opt/stack/data/venv/lib/python3.12/site-packages/oslo_config/cfg.py:3245}}
May 22 01:01:51.457099 np0000176109 devstack@n-api-meta.service[108199]: DEBUG nova.api.openstack.wsgi_app [None req-c35b3abb-925a-486a-91c1-db65fcb8a602 None None] daemon = False {{(pid=108199) log_opt_values /opt/stack/data/venv/lib/python3.12/site-packages/oslo_config/cfg.py:3245}}
May 22 01:01:51.457247 np0000176109 devstack@n-api-meta.service[108199]: DEBUG nova.api.openstack.wsgi_app [None req-c35b3abb-925a-486a-91c1-db65fcb8a602 None None] debug = True {{(pid=108199) log_opt_values /opt/stack/data/venv/lib/python3.12/site-packages/oslo_config/cfg.py:3245}}
May 22 01:01:51.457366 np0000176109 devstack@n-api-meta.service[108199]: DEBUG nova.api.openstack.wsgi_app [None req-c35b3abb-925a-486a-91c1-db65fcb8a602 None None] default_access_ip_network_name = None {{(pid=108199) log_opt_values /opt/stack/data/venv/lib/python3.12/site-packages/oslo_config/cfg.py:3245}}
May 22 01:01:51.457519 np0000176109 devstack@n-api-meta.service[108199]: DEBUG nova.api.openstack.wsgi_app [None req-c35b3abb-925a-486a-91c1-db65fcb8a602 None None] default_availability_zone = nova {{(pid=108199) log_opt_values /opt/stack/data/venv/lib/python3.12/site-packages/oslo_config/cfg.py:3245}}
May 22 01:01:51.457656 np0000176109 devstack@n-api-meta.service[108199]: DEBUG nova.api.openstack.wsgi_app [None req-c35b3abb-925a-486a-91c1-db65fcb8a602 None None] default_ephemeral_format = ext4 {{(pid=108199) log_opt_values /opt/stack/data/venv/lib/python3.12/site-packages/oslo_config/cfg.py:3245}}
May 22 01:01:51.457782 np0000176109 devstack@n-api-meta.service[108199]: DEBUG nova.api.openstack.wsgi_app [None req-c35b3abb-925a-486a-91c1-db65fcb8a602 None None] default_green_pool_size = 1000 {{(pid=108199) log_opt_values /opt/stack/data/venv/lib/python3.12/site-packages/oslo_config/cfg.py:3245}}
May 22 01:01:51.458011 np0000176109 devstack@n-api-meta.service[108199]: DEBUG nova.api.openstack.wsgi_app [None req-c35b3abb-925a-486a-91c1-db65fcb8a602 None None] default_log_levels = ['amqp=WARN', 'boto=WARN', 'sqlalchemy=WARN', 'suds=INFO', 'oslo.messaging=INFO', 'oslo_messaging=INFO', 'iso8601=WARN', 'requests.packages.urllib3.connectionpool=WARN', 'urllib3.connectionpool=WARN', 'websocket=WARN', 'requests.packages.urllib3.util.retry=WARN', 'urllib3.util.retry=WARN', 'keystonemiddleware=WARN', 'routes.middleware=WARN', 'stevedore=WARN', 'taskflow=WARN', 'keystoneauth=WARN', 'oslo.cache=INFO', 'oslo_policy=INFO', 'dogpile.core.dogpile=INFO', 'glanceclient=WARN', 'oslo.privsep.daemon=INFO'] {{(pid=108199) log_opt_values /opt/stack/data/venv/lib/python3.12/site-packages/oslo_config/cfg.py:3245}}
May 22 01:01:51.458172 np0000176109 devstack@n-api-meta.service[108199]: DEBUG nova.api.openstack.wsgi_app [None req-c35b3abb-925a-486a-91c1-db65fcb8a602 None None] default_schedule_zone = None {{(pid=108199) log_opt_values /opt/stack/data/venv/lib/python3.12/site-packages/oslo_config/cfg.py:3245}}
May 22 01:01:51.458310 np0000176109 devstack@n-api-meta.service[108199]: DEBUG nova.api.openstack.wsgi_app [None req-c35b3abb-925a-486a-91c1-db65fcb8a602 None None] default_thread_pool_size = 10 {{(pid=108199) log_opt_values /opt/stack/data/venv/lib/python3.12/site-packages/oslo_config/cfg.py:3245}}
May 22 01:01:51.458444 np0000176109 devstack@n-api-meta.service[108199]: DEBUG nova.api.openstack.wsgi_app [None req-c35b3abb-925a-486a-91c1-db65fcb8a602 None None] disk_allocation_ratio = None {{(pid=108199) log_opt_values /opt/stack/data/venv/lib/python3.12/site-packages/oslo_config/cfg.py:3245}}
May 22 01:01:51.458569 np0000176109 devstack@n-api-meta.service[108199]: DEBUG nova.api.openstack.wsgi_app [None req-c35b3abb-925a-486a-91c1-db65fcb8a602 None None] enable_new_services = True {{(pid=108199) log_opt_values /opt/stack/data/venv/lib/python3.12/site-packages/oslo_config/cfg.py:3245}}
May 22 01:01:51.458699 np0000176109 devstack@n-api-meta.service[108199]: DEBUG nova.api.openstack.wsgi_app [None req-c35b3abb-925a-486a-91c1-db65fcb8a602 None None] flat_injected = False {{(pid=108199) log_opt_values /opt/stack/data/venv/lib/python3.12/site-packages/oslo_config/cfg.py:3245}}
May 22 01:01:51.458829 np0000176109 devstack@n-api-meta.service[108199]: DEBUG nova.api.openstack.wsgi_app [None req-c35b3abb-925a-486a-91c1-db65fcb8a602 None None] force_config_drive = False {{(pid=108199) log_opt_values /opt/stack/data/venv/lib/python3.12/site-packages/oslo_config/cfg.py:3245}}
May 22 01:01:51.458959 np0000176109 devstack@n-api-meta.service[108199]: DEBUG nova.api.openstack.wsgi_app [None req-c35b3abb-925a-486a-91c1-db65fcb8a602 None None] force_raw_images = True {{(pid=108199) log_opt_values /opt/stack/data/venv/lib/python3.12/site-packages/oslo_config/cfg.py:3245}}
May 22 01:01:51.459104 np0000176109 devstack@n-api-meta.service[108199]: DEBUG nova.api.openstack.wsgi_app [None req-c35b3abb-925a-486a-91c1-db65fcb8a602 None None] graceful_shutdown_timeout = 5 {{(pid=108199) log_opt_values /opt/stack/data/venv/lib/python3.12/site-packages/oslo_config/cfg.py:3245}}
May 22 01:01:51.459270 np0000176109 devstack@n-api-meta.service[108199]: DEBUG nova.api.openstack.wsgi_app [None req-c35b3abb-925a-486a-91c1-db65fcb8a602 None None] heal_instance_info_cache_interval = -1 {{(pid=108199) log_opt_values /opt/stack/data/venv/lib/python3.12/site-packages/oslo_config/cfg.py:3245}}
May 22 01:01:51.459466 np0000176109 devstack@n-api-meta.service[108199]: DEBUG nova.api.openstack.wsgi_app [None req-c35b3abb-925a-486a-91c1-db65fcb8a602 None None] host = np0000176109 {{(pid=108199) log_opt_values /opt/stack/data/venv/lib/python3.12/site-packages/oslo_config/cfg.py:3245}}
May 22 01:01:51.459600 np0000176109 devstack@n-api-meta.service[108199]: DEBUG nova.api.openstack.wsgi_app [None req-c35b3abb-925a-486a-91c1-db65fcb8a602 None None] initial_cpu_allocation_ratio = 4.0 {{(pid=108199) log_opt_values /opt/stack/data/venv/lib/python3.12/site-packages/oslo_config/cfg.py:3245}}
May 22 01:01:51.459733 np0000176109 devstack@n-api-meta.service[108199]: DEBUG nova.api.openstack.wsgi_app [None req-c35b3abb-925a-486a-91c1-db65fcb8a602 None None] initial_disk_allocation_ratio = 1.0 {{(pid=108199) log_opt_values /opt/stack/data/venv/lib/python3.12/site-packages/oslo_config/cfg.py:3245}}
May 22 01:01:51.459864 np0000176109 devstack@n-api-meta.service[108199]: DEBUG nova.api.openstack.wsgi_app [None req-c35b3abb-925a-486a-91c1-db65fcb8a602 None None] initial_ram_allocation_ratio = 1.0 {{(pid=108199) log_opt_values /opt/stack/data/venv/lib/python3.12/site-packages/oslo_config/cfg.py:3245}}
May 22 01:01:51.460041 np0000176109 devstack@n-api-meta.service[108199]: DEBUG nova.api.openstack.wsgi_app [None req-c35b3abb-925a-486a-91c1-db65fcb8a602 None None] injected_network_template = /opt/stack/nova/nova/virt/interfaces.template {{(pid=108199) log_opt_values /opt/stack/data/venv/lib/python3.12/site-packages/oslo_config/cfg.py:3245}}
May 22 01:01:51.460227 np0000176109 devstack@n-api-meta.service[108201]: DEBUG oslo_db.sqlalchemy.engines [None req-20553c5a-b995-40b7-837d-5e29d4f24463 None None] MySQL server mode set to STRICT_TRANS_TABLES,STRICT_ALL_TABLES,NO_ZERO_IN_DATE,NO_ZERO_DATE,ERROR_FOR_DIVISION_BY_ZERO,TRADITIONAL,NO_ENGINE_SUBSTITUTION {{(pid=108201) _check_effective_sql_mode /opt/stack/data/venv/lib/python3.12/site-packages/oslo_db/sqlalchemy/engines.py:325}}
May 22 01:01:51.460306 np0000176109 devstack@n-api-meta.service[108199]: DEBUG nova.api.openstack.wsgi_app [None req-c35b3abb-925a-486a-91c1-db65fcb8a602 None None] instance_build_timeout = 0 {{(pid=108199) log_opt_values /opt/stack/data/venv/lib/python3.12/site-packages/oslo_config/cfg.py:3245}}
May 22 01:01:51.460399 np0000176109 devstack@n-api-meta.service[108199]: DEBUG nova.api.openstack.wsgi_app [None req-c35b3abb-925a-486a-91c1-db65fcb8a602 None None] instance_delete_interval = 300 {{(pid=108199) log_opt_values /opt/stack/data/venv/lib/python3.12/site-packages/oslo_config/cfg.py:3245}}
May 22 01:01:51.460538 np0000176109 devstack@n-api-meta.service[108199]: DEBUG nova.api.openstack.wsgi_app [None req-c35b3abb-925a-486a-91c1-db65fcb8a602 None None] instance_format = [instance: %(uuid)s] {{(pid=108199) log_opt_values /opt/stack/data/venv/lib/python3.12/site-packages/oslo_config/cfg.py:3245}}
May 22 01:01:51.460676 np0000176109 devstack@n-api-meta.service[108199]: DEBUG nova.api.openstack.wsgi_app [None req-c35b3abb-925a-486a-91c1-db65fcb8a602 None None] instance_name_template = instance-%08x {{(pid=108199) log_opt_values /opt/stack/data/venv/lib/python3.12/site-packages/oslo_config/cfg.py:3245}}
May 22 01:01:51.460807 np0000176109 devstack@n-api-meta.service[108199]: DEBUG nova.api.openstack.wsgi_app [None req-c35b3abb-925a-486a-91c1-db65fcb8a602 None None] instance_usage_audit = False {{(pid=108199) log_opt_values /opt/stack/data/venv/lib/python3.12/site-packages/oslo_config/cfg.py:3245}}
May 22 01:01:51.460950 np0000176109 devstack@n-api-meta.service[108199]: DEBUG nova.api.openstack.wsgi_app [None req-c35b3abb-925a-486a-91c1-db65fcb8a602 None None] instance_usage_audit_period = month {{(pid=108199) log_opt_values /opt/stack/data/venv/lib/python3.12/site-packages/oslo_config/cfg.py:3245}}
May 22 01:01:51.461085 np0000176109 devstack@n-api-meta.service[108199]: DEBUG nova.api.openstack.wsgi_app [None req-c35b3abb-925a-486a-91c1-db65fcb8a602 None None] instance_uuid_format = [instance: %(uuid)s] {{(pid=108199) log_opt_values /opt/stack/data/venv/lib/python3.12/site-packages/oslo_config/cfg.py:3245}}
May 22 01:01:51.461247 np0000176109 devstack@n-api-meta.service[108199]: DEBUG nova.api.openstack.wsgi_app [None req-c35b3abb-925a-486a-91c1-db65fcb8a602 None None] instances_path = /opt/stack/data/nova/instances {{(pid=108199) log_opt_values /opt/stack/data/venv/lib/python3.12/site-packages/oslo_config/cfg.py:3245}}
May 22 01:01:51.461513 np0000176109 devstack@n-api-meta.service[108199]: DEBUG nova.api.openstack.wsgi_app [None req-c35b3abb-925a-486a-91c1-db65fcb8a602 None None] internal_service_availability_zone = internal {{(pid=108199) log_opt_values /opt/stack/data/venv/lib/python3.12/site-packages/oslo_config/cfg.py:3245}}
May 22 01:01:51.461651 np0000176109 devstack@n-api-meta.service[108199]: DEBUG nova.api.openstack.wsgi_app [None req-c35b3abb-925a-486a-91c1-db65fcb8a602 None None] key = None {{(pid=108199) log_opt_values /opt/stack/data/venv/lib/python3.12/site-packages/oslo_config/cfg.py:3245}}
May 22 01:01:51.461776 np0000176109 devstack@n-api-meta.service[108199]: DEBUG nova.api.openstack.wsgi_app [None req-c35b3abb-925a-486a-91c1-db65fcb8a602 None None] live_migration_retry_count = 30 {{(pid=108199) log_opt_values /opt/stack/data/venv/lib/python3.12/site-packages/oslo_config/cfg.py:3245}}
May 22 01:01:51.461911 np0000176109 devstack@n-api-meta.service[108199]: DEBUG nova.api.openstack.wsgi_app [None req-c35b3abb-925a-486a-91c1-db65fcb8a602 None None] log_color = False {{(pid=108199) log_opt_values /opt/stack/data/venv/lib/python3.12/site-packages/oslo_config/cfg.py:3245}}
May 22 01:01:51.462062 np0000176109 devstack@n-api-meta.service[108199]: DEBUG nova.api.openstack.wsgi_app [None req-c35b3abb-925a-486a-91c1-db65fcb8a602 None None] log_config_append = None {{(pid=108199) log_opt_values /opt/stack/data/venv/lib/python3.12/site-packages/oslo_config/cfg.py:3245}}
May 22 01:01:51.462216 np0000176109 devstack@n-api-meta.service[108199]: DEBUG nova.api.openstack.wsgi_app [None req-c35b3abb-925a-486a-91c1-db65fcb8a602 None None] log_date_format = %Y-%m-%d %H:%M:%S {{(pid=108199) log_opt_values /opt/stack/data/venv/lib/python3.12/site-packages/oslo_config/cfg.py:3245}}
May 22 01:01:51.462352 np0000176109 devstack@n-api-meta.service[108199]: DEBUG nova.api.openstack.wsgi_app [None req-c35b3abb-925a-486a-91c1-db65fcb8a602 None None] log_dir = None {{(pid=108199) log_opt_values /opt/stack/data/venv/lib/python3.12/site-packages/oslo_config/cfg.py:3245}}
May 22 01:01:51.462495 np0000176109 devstack@n-api-meta.service[108199]: DEBUG nova.api.openstack.wsgi_app [None req-c35b3abb-925a-486a-91c1-db65fcb8a602 None None] log_file = None {{(pid=108199) log_opt_values /opt/stack/data/venv/lib/python3.12/site-packages/oslo_config/cfg.py:3245}}
May 22 01:01:51.462604 np0000176109 devstack@n-api-meta.service[108199]: DEBUG nova.api.openstack.wsgi_app [None req-c35b3abb-925a-486a-91c1-db65fcb8a602 None None] log_options = True {{(pid=108199) log_opt_values /opt/stack/data/venv/lib/python3.12/site-packages/oslo_config/cfg.py:3245}}
May 22 01:01:51.462735 np0000176109 devstack@n-api-meta.service[108199]: DEBUG nova.api.openstack.wsgi_app [None req-c35b3abb-925a-486a-91c1-db65fcb8a602 None None] log_rotate_interval = 1 {{(pid=108199) log_opt_values /opt/stack/data/venv/lib/python3.12/site-packages/oslo_config/cfg.py:3245}}
May 22 01:01:51.462874 np0000176109 devstack@n-api-meta.service[108199]: DEBUG nova.api.openstack.wsgi_app [None req-c35b3abb-925a-486a-91c1-db65fcb8a602 None None] log_rotate_interval_type = days {{(pid=108199) log_opt_values /opt/stack/data/venv/lib/python3.12/site-packages/oslo_config/cfg.py:3245}}
May 22 01:01:51.463043 np0000176109 devstack@n-api-meta.service[108199]: DEBUG nova.api.openstack.wsgi_app [None req-c35b3abb-925a-486a-91c1-db65fcb8a602 None None] log_rotation_type = none {{(pid=108199) log_opt_values /opt/stack/data/venv/lib/python3.12/site-packages/oslo_config/cfg.py:3245}}
May 22 01:01:51.463102 np0000176109 devstack@n-api-meta.service[108199]: DEBUG nova.api.openstack.wsgi_app [None req-c35b3abb-925a-486a-91c1-db65fcb8a602 None None] logging_context_format_string = %(color)s%(levelname)s %(name)s [%(global_request_id)s %(request_id)s %(project_name)s %(user_name)s%(color)s] %(instance)s%(color)s%(message)s {{(pid=108199) log_opt_values /opt/stack/data/venv/lib/python3.12/site-packages/oslo_config/cfg.py:3245}}
May 22 01:01:51.463246 np0000176109 devstack@n-api-meta.service[108199]: DEBUG nova.api.openstack.wsgi_app [None req-c35b3abb-925a-486a-91c1-db65fcb8a602 None None] logging_debug_format_suffix = {{(pid=%(process)d) %(funcName)s %(pathname)s:%(lineno)d}} {{(pid=108199) log_opt_values /opt/stack/data/venv/lib/python3.12/site-packages/oslo_config/cfg.py:3245}}
May 22 01:01:51.463396 np0000176109 devstack@n-api-meta.service[108199]: DEBUG nova.api.openstack.wsgi_app [None req-c35b3abb-925a-486a-91c1-db65fcb8a602 None None] logging_default_format_string = %(color)s%(levelname)s %(name)s [-%(color)s] %(instance)s%(color)s%(message)s {{(pid=108199) log_opt_values /opt/stack/data/venv/lib/python3.12/site-packages/oslo_config/cfg.py:3245}}
