+ COMMAND=start + start + for KEYSTONE_WSGI_SCRIPT in keystone-wsgi-public ++ type -p keystone-wsgi-public + cp -a /var/lib/openstack/bin/keystone-wsgi-public /var/www/cgi-bin/keystone/ + '[' -f /etc/apache2/envvars ']' + source /etc/apache2/envvars ++ unset HOME ++ '[' '' '!=' '' ']' ++ SUFFIX= ++ export APACHE_RUN_USER=www-data ++ APACHE_RUN_USER=www-data ++ export APACHE_RUN_GROUP=www-data ++ APACHE_RUN_GROUP=www-data ++ export APACHE_PID_FILE=/var/run/apache2/apache2.pid ++ APACHE_PID_FILE=/var/run/apache2/apache2.pid ++ export APACHE_RUN_DIR=/var/run/apache2 ++ APACHE_RUN_DIR=/var/run/apache2 ++ export APACHE_LOCK_DIR=/var/lock/apache2 ++ APACHE_LOCK_DIR=/var/lock/apache2 ++ export APACHE_LOG_DIR=/var/log/apache2 ++ APACHE_LOG_DIR=/var/log/apache2 ++ export LANG=C ++ LANG=C ++ export LANG + '[' -f /var/run/apache2/apache2.pid ']' + exec apache2 -DFOREGROUND AH00558: apache2: Could not reliably determine the server's fully qualified domain name, using 10.0.0.21. Set the 'ServerName' directive globally to suppress this message AH00558: apache2: Could not reliably determine the server's fully qualified domain name, using 10.0.0.21. Set the 'ServerName' directive globally to suppress this message
[Fri Sep 11 17:40:35.699771 2026] [mpm_event:notice] [pid 1:tid 140140861646720] AH00489: Apache/2.4.58 (Ubuntu) mod_wsgi/5.0.0 Python/3.12 configured -- resuming normal operations
[Fri Sep 11 17:40:35.699954 2026] [core:notice] [pid 1:tid 140140861646720] AH00094: Command line: 'apache2 -D FOREGROUND'
[Fri Sep 11 17:41:29.037085 2026] [wsgi:error] [pid 12:tid 140140223825600] /var/lib/openstack/lib/python3.12/site-packages/oslo_utils/importutils.py:77: EventletDeprecationWarning:
[Fri Sep 11 17:41:29.037089 2026] [wsgi:error] [pid 9:tid 140140223825600] /var/lib/openstack/lib/python3.12/site-packages/oslo_utils/importutils.py:77: EventletDeprecationWarning:
[Fri Sep 11 17:41:29.037129 2026] [wsgi:error] [pid 9:tid 140140223825600] Eventlet is deprecated. It is currently being maintained in bugfix mode, and
[Fri Sep 11 17:41:29.037129 2026] [wsgi:error] [pid 12:tid 140140223825600] Eventlet is deprecated. It is currently being maintained in bugfix mode, and
[Fri Sep 11 17:41:29.037131 2026] [wsgi:error] [pid 9:tid 140140223825600] we strongly recommend against using it for new projects.
[Fri Sep 11 17:41:29.037131 2026] [wsgi:error] [pid 12:tid 140140223825600] we strongly recommend against using it for new projects.
[Fri Sep 11 17:41:29.037132 2026] [wsgi:error] [pid 9:tid 140140223825600]
[Fri Sep 11 17:41:29.037132 2026] [wsgi:error] [pid 12:tid 140140223825600]
[Fri Sep 11 17:41:29.037133 2026] [wsgi:error] [pid 9:tid 140140223825600] If you are already using Eventlet, we recommend migrating to a different
[Fri Sep 11 17:41:29.037133 2026] [wsgi:error] [pid 12:tid 140140223825600] If you are already using Eventlet, we recommend migrating to a different
[Fri Sep 11 17:41:29.037134 2026] [wsgi:error] [pid 9:tid 140140223825600] framework. For more detail see
[Fri Sep 11 17:41:29.037135 2026] [wsgi:error] [pid 12:tid 140140223825600] framework. For more detail see
[Fri Sep 11 17:41:29.037135 2026] [wsgi:error] [pid 9:tid 140140223825600] https://eventlet.readthedocs.io/en/latest/asyncio/migration.html
[Fri Sep 11 17:41:29.037136 2026] [wsgi:error] [pid 12:tid 140140223825600] https://eventlet.readthedocs.io/en/latest/asyncio/migration.html
[Fri Sep 11 17:41:29.037136 2026] [wsgi:error] [pid 9:tid 140140223825600]
[Fri Sep 11 17:41:29.037137 2026] [wsgi:error] [pid 12:tid 140140223825600]
[Fri Sep 11 17:41:29.037138 2026] [wsgi:error] [pid 9:tid 140140223825600] __import__(import_str)
[Fri Sep 11 17:41:29.037138 2026] [wsgi:error] [pid 12:tid 140140223825600] __import__(import_str) 10.0.0.133 - - [11/Sep/2026:17:41:28 +0000] "GET /v3/ HTTP/1.1" 200 249 10.0.0.133 - - [11/Sep/2026:17:41:28 +0000] "GET /v3/ HTTP/1.1" 200 249
[Fri Sep 11 17:41:42.372799 2026] [wsgi:error] [pid 10:tid 140140223825600] /var/lib/openstack/lib/python3.12/site-packages/oslo_utils/importutils.py:77: EventletDeprecationWarning:
[Fri Sep 11 17:41:42.372860 2026] [wsgi:error] [pid 10:tid 140140223825600] Eventlet is deprecated. It is currently being maintained in bugfix mode, and
[Fri Sep 11 17:41:42.372862 2026] [wsgi:error] [pid 10:tid 140140223825600] we strongly recommend against using it for new projects.
[Fri Sep 11 17:41:42.372864 2026] [wsgi:error] [pid 10:tid 140140223825600]
[Fri Sep 11 17:41:42.372865 2026] [wsgi:error] [pid 10:tid 140140223825600] If you are already using Eventlet, we recommend migrating to a different
[Fri Sep 11 17:41:42.372866 2026] [wsgi:error] [pid 10:tid 140140223825600] framework. For more detail see
[Fri Sep 11 17:41:42.372867 2026] [wsgi:error] [pid 10:tid 140140223825600] https://eventlet.readthedocs.io/en/latest/asyncio/migration.html
[Fri Sep 11 17:41:42.372869 2026] [wsgi:error] [pid 10:tid 140140223825600]
[Fri Sep 11 17:41:42.372870 2026] [wsgi:error] [pid 10:tid 140140223825600] __import__(import_str) 10.0.0.156 - - [11/Sep/2026:17:41:41 +0000] "GET / HTTP/1.1" 300 295
[Fri Sep 11 17:41:48.363810 2026] [wsgi:error] [pid 11:tid 140140223825600] /var/lib/openstack/lib/python3.12/site-packages/oslo_utils/importutils.py:77: EventletDeprecationWarning:
[Fri Sep 11 17:41:48.363852 2026] [wsgi:error] [pid 11:tid 140140223825600] Eventlet is deprecated. It is currently being maintained in bugfix mode, and
[Fri Sep 11 17:41:48.363854 2026] [wsgi:error] [pid 11:tid 140140223825600] we strongly recommend against using it for new projects.
[Fri Sep 11 17:41:48.363855 2026] [wsgi:error] [pid 11:tid 140140223825600]
[Fri Sep 11 17:41:48.363856 2026] [wsgi:error] [pid 11:tid 140140223825600] If you are already using Eventlet, we recommend migrating to a different
[Fri Sep 11 17:41:48.363858 2026] [wsgi:error] [pid 11:tid 140140223825600] framework. For more detail see
[Fri Sep 11 17:41:48.363859 2026] [wsgi:error] [pid 11:tid 140140223825600] https://eventlet.readthedocs.io/en/latest/asyncio/migration.html
[Fri Sep 11 17:41:48.363860 2026] [wsgi:error] [pid 11:tid 140140223825600]
[Fri Sep 11 17:41:48.363861 2026] [wsgi:error] [pid 11:tid 140140223825600] __import__(import_str)
[Fri Sep 11 17:41:53.408692 2026] [wsgi:error] [pid 11:tid 140140223825600] [remote 10.0.0.156:50534] 2026-09-11 17:41:53.405 11 WARNING keystone.identity.core [None req-d6724d51-2e39-4a93-9f60-7d2d36f22d9e - - - - - -] Invalid domain name (atmosphere) found in config file name: keystone.exception.DomainNotFound: Could not find domain: atmosphere.
[Fri Sep 11 17:41:53.515569 2026] [wsgi:error] [pid 11:tid 140140223825600] [remote 10.0.0.156:50534] 2026-09-11 17:41:53.514 11 WARNING keystone.common.password_hashing [None req-d6724d51-2e39-4a93-9f60-7d2d36f22d9e - - - - - -] Truncating password to algorithm specific maximum length 72 characters.
[Fri Sep 11 17:41:53.813006 2026] [wsgi:error] [pid 11:tid 140140223825600] [remote 10.0.0.156:50534] 2026-09-11 17:41:53.812 11 WARNING keystone.common.fernet_utils [None req-d6724d51-2e39-4a93-9f60-7d2d36f22d9e - - - - - -] key_repository is world readable: /etc/keystone/fernet-keys/ 10.0.0.156 - - [11/Sep/2026:17:41:47 +0000] "POST /v3/auth/tokens HTTP/1.1" 201 1359
[Fri Sep 11 17:41:54.305378 2026] [wsgi:error] [pid 9:tid 140140223825600] [remote 10.0.0.156:50534] 2026-09-11 17:41:54.302 9 WARNING keystone.identity.core [None req-821c4693-0480-4a1b-a851-1e74abbf90b3 - - - - - -] Invalid domain name (atmosphere) found in config file name: keystone.exception.DomainNotFound: Could not find domain: atmosphere. 10.0.0.156 - - [11/Sep/2026:17:41:54 +0000] "POST /v3/domains HTTP/1.1" 201 261 10.0.0.164 - - [11/Sep/2026:17:42:06 +0000] "GET / HTTP/1.1" 300 295
[Fri Sep 11 17:42:06.767607 2026] [wsgi:error] [pid 10:tid 140140223825600] [remote 10.0.0.164:52544] 2026-09-11 17:42:06.766 10 WARNING keystone.common.password_hashing [None req-c4885abc-66be-47ef-926e-a86b3ba9adbe - - - - - -] Truncating password to algorithm specific maximum length 72 characters.
[Fri Sep 11 17:42:07.045252 2026] [wsgi:error] [pid 10:tid 140140223825600] [remote 10.0.0.164:52544] 2026-09-11 17:42:07.044 10 WARNING keystone.common.fernet_utils [None req-c4885abc-66be-47ef-926e-a86b3ba9adbe - - - - - -] key_repository is world readable: /etc/keystone/fernet-keys/ 10.0.0.164 - - [11/Sep/2026:17:42:06 +0000] "POST /v3/auth/tokens HTTP/1.1" 201 1359 10.0.0.164 - - [11/Sep/2026:17:42:07 +0000] "GET /v3/roles/admin HTTP/1.1" 404 83
[Fri Sep 11 17:42:07.333584 2026] [wsgi:error] [pid 9:tid 140140223825600] [remote 10.0.0.164:52544] 2026-09-11 17:42:07.333 9 WARNING keystone.common.rbac_enforcer.enforcer [None req-c7581431-6abe-4da6-877e-abc0bca2294f b2708e50c2c64c3e81dbd2712434bbb5 88f0c852b9524057a58c47437c2c0c63 - - default default] Deprecated policy rules found. Use oslopolicy-policy-generator and oslopolicy-policy-upgrade to detect and resolve deprecated policies in your configuration. 10.0.0.164 - - [11/Sep/2026:17:42:07 +0000] "GET /v3/roles?name=admin HTTP/1.1" 200 389
[Fri Sep 11 17:42:08.045943 2026] [wsgi:error] [pid 12:tid 140140223825600] [remote 10.0.0.164:52544] 2026-09-11 17:42:08.045 12 WARNING keystone.common.rbac_enforcer.enforcer [None req-1473a081-55b3-414b-b5bc-2cc490153f05 b2708e50c2c64c3e81dbd2712434bbb5 88f0c852b9524057a58c47437c2c0c63 - - default default] Deprecated policy rules found. Use oslopolicy-policy-generator and oslopolicy-policy-upgrade to detect and resolve deprecated policies in your configuration. 10.0.0.164 - - [11/Sep/2026:17:42:07 +0000] "GET /v3/users/admin-RegionOne HTTP/1.1" 404 93
[Fri Sep 11 17:42:08.278399 2026] [wsgi:error] [pid 10:tid 140140223825600] [remote 10.0.0.164:52544] 2026-09-11 17:42:08.278 10 WARNING keystone.common.rbac_enforcer.enforcer [None req-61c7401c-520b-424c-87cb-2ca748fba3b3 b2708e50c2c64c3e81dbd2712434bbb5 88f0c852b9524057a58c47437c2c0c63 - - default default] Deprecated policy rules found. Use oslopolicy-policy-generator and oslopolicy-policy-upgrade to detect and resolve deprecated policies in your configuration. 10.0.0.164 - - [11/Sep/2026:17:42:08 +0000] "GET /v3/users?name=admin-RegionOne HTTP/1.1" 200 422
[Fri Sep 11 17:42:08.471415 2026] [wsgi:error] [pid 11:tid 140140223825600] [remote 10.0.0.164:52544] 2026-09-11 17:42:08.471 11 WARNING keystone.common.rbac_enforcer.enforcer [None req-755509e0-e5fb-4ca3-85c9-b1b18937d38b b2708e50c2c64c3e81dbd2712434bbb5 88f0c852b9524057a58c47437c2c0c63 - - default default] Deprecated policy rules found. Use oslopolicy-policy-generator and oslopolicy-policy-upgrade to detect and resolve deprecated policies in your configuration. 10.0.0.164 - - [11/Sep/2026:17:42:08 +0000] "GET /v3/domains/default HTTP/1.1" 200 224 10.0.0.164 - - [11/Sep/2026:17:42:08 +0000] "PUT /v3/domains/default/users/b2708e50c2c64c3e81dbd2712434bbb5/roles/fc628036040f40398112f769ded09fe7 HTTP/1.1" 204 - 10.0.0.133 - - [11/Sep/2026:17:42:19 +0000] "GET / HTTP/1.1" 300 280 10.0.0.133 - - [11/Sep/2026:17:42:21 +0000] "GET /v3 HTTP/1.1" 200 265
[Fri Sep 11 17:42:21.185769 2026] [wsgi:error] [pid 11:tid 140140223825600] [remote 10.0.0.133:50502] 2026-09-11 17:42:21.185 11 WARNING keystone.common.password_hashing [None req-5ab0f45f-432a-4a86-b168-65dffab7e8e9 - - - - - -] Truncating password to algorithm specific maximum length 72 characters.
[Fri Sep 11 17:42:21.471880 2026] [wsgi:error] [pid 11:tid 140140223825600] [remote 10.0.0.133:50502] 2026-09-11 17:42:21.471 11 WARNING keystone.common.fernet_utils [None req-5ab0f45f-432a-4a86-b168-65dffab7e8e9 - - - - - -] key_repository is world readable: /etc/keystone/fernet-keys/ 10.0.0.133 - - [11/Sep/2026:17:42:21 +0000] "POST /v3/auth/tokens HTTP/1.1" 201 1359 10.0.0.133 - - [11/Sep/2026:17:42:21 +0000] "GET / HTTP/1.1" 300 280 10.0.0.133 - - [11/Sep/2026:17:42:21 +0000] "GET /v3/domains/atmosphere HTTP/1.1" 404 90 10.0.0.133 - - [11/Sep/2026:17:42:21 +0000] "GET /v3/domains?name=atmosphere HTTP/1.1" 200 368 10.0.0.133 - - [11/Sep/2026:17:42:21 +0000] "GET /v3/domains/ce511f790b414624b12a1dc8e8844f56 HTTP/1.1" 200 246 10.0.0.133 - - [11/Sep/2026:17:42:22 +0000] "GET /v3 HTTP/1.1" 200 265
[Fri Sep 11 17:42:22.826206 2026] [wsgi:error] [pid 12:tid 140140223825600] [remote 10.0.0.133:50498] 2026-09-11 17:42:22.825 12 WARNING keystone.common.password_hashing [None req-f4d11157-7c2a-4908-8d8a-8bb0ba6e41e7 - - - - - -] Truncating password to algorithm specific maximum length 72 characters.
[Fri Sep 11 17:42:23.124347 2026] [wsgi:error] [pid 12:tid 140140223825600] [remote 10.0.0.133:50498] 2026-09-11 17:42:23.124 12 WARNING keystone.common.fernet_utils [None req-f4d11157-7c2a-4908-8d8a-8bb0ba6e41e7 - - - - - -] key_repository is world readable: /etc/keystone/fernet-keys/ 10.0.0.133 - - [11/Sep/2026:17:42:22 +0000] "POST /v3/auth/tokens HTTP/1.1" 201 1359 10.0.0.133 - - [11/Sep/2026:17:42:23 +0000] "GET / HTTP/1.1" 300 280 10.0.0.133 - - [11/Sep/2026:17:42:23 +0000] "GET /v3/OS-FEDERATION/identity_providers/atmosphere HTTP/1.1" 404 101 10.0.0.133 - - [11/Sep/2026:17:42:23 +0000] "GET /v3/OS-FEDERATION/identity_providers HTTP/1.1" 200 155 10.0.0.133 - - [11/Sep/2026:17:42:23 +0000] "PUT /v3/OS-FEDERATION/identity_providers/atmosphere HTTP/1.1" 201 340 10.0.0.133 - - [11/Sep/2026:17:42:24 +0000] "GET /v3 HTTP/1.1" 200 265
[Fri Sep 11 17:42:24.099097 2026] [wsgi:error] [pid 11:tid 140140223825600] [remote 10.0.0.133:50502] 2026-09-11 17:42:24.098 11 WARNING keystone.common.password_hashing [None req-e62fe8ef-facc-41be-ad3e-5e00af21b94a - - - - - -] Truncating password to algorithm specific maximum length 72 characters.
[Fri Sep 11 17:42:24.395606 2026] [wsgi:error] [pid 11:tid 140140223825600] [remote 10.0.0.133:50502] 2026-09-11 17:42:24.395 11 WARNING keystone.common.fernet_utils [None req-e62fe8ef-facc-41be-ad3e-5e00af21b94a - - - - - -] key_repository is world readable: /etc/keystone/fernet-keys/ 10.0.0.133 - - [11/Sep/2026:17:42:24 +0000] "POST /v3/auth/tokens HTTP/1.1" 201 1359 10.0.0.133 - - [11/Sep/2026:17:42:24 +0000] "GET / HTTP/1.1" 300 280 10.0.0.133 - - [11/Sep/2026:17:42:24 +0000] "GET /v3/OS-FEDERATION/mappings/atmosphere-openid HTTP/1.1" 404 98 10.0.0.133 - - [11/Sep/2026:17:42:24 +0000] "GET /v3/OS-FEDERATION/mappings HTTP/1.1" 200 135 10.0.0.133 - - [11/Sep/2026:17:42:24 +0000] "PUT /v3/OS-FEDERATION/mappings/atmosphere-openid HTTP/1.1" 201 356 10.0.0.133 - - [11/Sep/2026:17:42:25 +0000] "GET /v3 HTTP/1.1" 200 265
[Fri Sep 11 17:42:25.357330 2026] [wsgi:error] [pid 12:tid 140140223825600] [remote 10.0.0.133:50502] 2026-09-11 17:42:25.357 12 WARNING keystone.common.password_hashing [None req-a7958da2-6206-4503-b897-0f06430a6266 - - - - - -] Truncating password to algorithm specific maximum length 72 characters.
[Fri Sep 11 17:42:25.650196 2026] [wsgi:error] [pid 12:tid 140140223825600] [remote 10.0.0.133:50502] 2026-09-11 17:42:25.650 12 WARNING keystone.common.fernet_utils [None req-a7958da2-6206-4503-b897-0f06430a6266 - - - - - -] key_repository is world readable: /etc/keystone/fernet-keys/ 10.0.0.133 - - [11/Sep/2026:17:42:25 +0000] "POST /v3/auth/tokens HTTP/1.1" 201 1359 10.0.0.133 - - [11/Sep/2026:17:42:25 +0000] "GET / HTTP/1.1" 300 280 10.0.0.133 - - [11/Sep/2026:17:42:25 +0000] "GET /v3/OS-FEDERATION/identity_providers/atmosphere/protocols/openid?idp_id=atmosphere HTTP/1.1" 404 131 10.0.0.133 - - [11/Sep/2026:17:42:25 +0000] "GET /v3/OS-FEDERATION/identity_providers/atmosphere/protocols HTTP/1.1" 200 167 10.0.0.133 - - [11/Sep/2026:17:42:25 +0000] "PUT /v3/OS-FEDERATION/identity_providers/atmosphere/protocols/openid HTTP/1.1" 201 222 10.0.0.133 - - [11/Sep/2026:17:42:28 +0000] "GET /v3/ HTTP/1.1" 200 249 10.0.0.133 - - [11/Sep/2026:17:42:28 +0000] "GET /v3/ HTTP/1.1" 200 249 10.0.0.133 - - [11/Sep/2026:17:43:28 +0000] "GET /v3/ HTTP/1.1" 200 249 10.0.0.133 - - [11/Sep/2026:17:43:28 +0000] "GET /v3/ HTTP/1.1" 200 249 10.0.0.7 - - [11/Sep/2026:17:43:56 +0000] "GET / HTTP/1.1" 300 295
[Fri Sep 11 17:43:56.660026 2026] [wsgi:error] [pid 11:tid 140140223825600] [remote 10.0.0.7:37672] 2026-09-11 17:43:56.659 11 WARNING keystone.common.password_hashing [None req-7bc1598d-ec2d-455a-9620-99df928fafaf - - - - - -] Truncating password to algorithm specific maximum length 72 characters.
[Fri Sep 11 17:43:56.974945 2026] [wsgi:error] [pid 11:tid 140140223825600] [remote 10.0.0.7:37672] 2026-09-11 17:43:56.974 11 WARNING keystone.common.fernet_utils [None req-7bc1598d-ec2d-455a-9620-99df928fafaf - - - - - -] key_repository is world readable: /etc/keystone/fernet-keys/ 10.0.0.7 - - [11/Sep/2026:17:43:56 +0000] "POST /v3/auth/tokens HTTP/1.1" 201 1359 10.0.0.7 - - [11/Sep/2026:17:43:57 +0000] "GET /v3/services HTTP/1.1" 200 355 10.0.0.7 - - [11/Sep/2026:17:44:01 +0000] "GET / HTTP/1.1" 300 295
[Fri Sep 11 17:44:01.111105 2026] [wsgi:error] [pid 10:tid 140140223825600] [remote 10.0.0.7:39818] 2026-09-11 17:44:01.110 10 WARNING keystone.common.password_hashing [None req-392c2d1e-bbbb-4f2b-97b1-118f887a86ce - - - - - -] Truncating password to algorithm specific maximum length 72 characters.
[Fri Sep 11 17:44:01.405609 2026] [wsgi:error] [pid 10:tid 140140223825600] [remote 10.0.0.7:39818] 2026-09-11 17:44:01.405 10 WARNING keystone.common.fernet_utils [None req-392c2d1e-bbbb-4f2b-97b1-118f887a86ce - - - - - -] key_repository is world readable: /etc/keystone/fernet-keys/ 10.0.0.7 - - [11/Sep/2026:17:44:01 +0000] "POST /v3/auth/tokens HTTP/1.1" 201 1359 10.0.0.7 - - [11/Sep/2026:17:44:01 +0000] "GET /v3/services HTTP/1.1" 200 355 10.0.0.7 - - [11/Sep/2026:17:44:05 +0000] "GET / HTTP/1.1" 300 295
[Fri Sep 11 17:44:05.539427 2026] [wsgi:error] [pid 9:tid 140140223825600] [remote 10.0.0.7:39834] 2026-09-11 17:44:05.538 9 WARNING keystone.common.password_hashing [None req-995161ec-a248-49cb-87f5-c17f406314b0 - - - - - -] Truncating password to algorithm specific maximum length 72 characters.
[Fri Sep 11 17:44:05.845493 2026] [wsgi:error] [pid 9:tid 140140223825600] [remote 10.0.0.7:39834] 2026-09-11 17:44:05.845 9 WARNING keystone.common.fernet_utils [None req-995161ec-a248-49cb-87f5-c17f406314b0 - - - - - -] key_repository is world readable: /etc/keystone/fernet-keys/ 10.0.0.7 - - [11/Sep/2026:17:44:05 +0000] "POST /v3/auth/tokens HTTP/1.1" 201 1359 10.0.0.7 - - [11/Sep/2026:17:44:05 +0000] "GET /v3/services HTTP/1.1" 200 355 10.0.0.7 - - [11/Sep/2026:17:44:09 +0000] "GET / HTTP/1.1" 300 295
[Fri Sep 11 17:44:09.772247 2026] [wsgi:error] [pid 12:tid 140140223825600] [remote 10.0.0.7:59894] 2026-09-11 17:44:09.772 12 WARNING keystone.common.password_hashing [None req-e2c10027-9414-4605-84a7-bc55a4cb18ed - - - - - -] Truncating password to algorithm specific maximum length 72 characters.
[Fri Sep 11 17:44:10.057918 2026] [wsgi:error] [pid 12:tid 140140223825600] [remote 10.0.0.7:59894] 2026-09-11 17:44:10.057 12 WARNING keystone.common.fernet_utils [None req-e2c10027-9414-4605-84a7-bc55a4cb18ed - - - - - -] key_repository is world readable: /etc/keystone/fernet-keys/ 10.0.0.7 - - [11/Sep/2026:17:44:09 +0000] "POST /v3/auth/tokens HTTP/1.1" 201 1359 10.0.0.7 - - [11/Sep/2026:17:44:10 +0000] "POST /v3/services HTTP/1.1" 201 296 10.0.0.207 - - [11/Sep/2026:17:44:21 +0000] "GET / HTTP/1.1" 300 295
[Fri Sep 11 17:44:21.672843 2026] [wsgi:error] [pid 11:tid 140140223825600] [remote 10.0.0.207:49204] 2026-09-11 17:44:21.672 11 WARNING keystone.common.password_hashing [None req-8ba9a1a2-46b9-46bb-8227-3ed47c3f26d9 - - - - - -] Truncating password to algorithm specific maximum length 72 characters.
[Fri Sep 11 17:44:21.953812 2026] [wsgi:error] [pid 11:tid 140140223825600] [remote 10.0.0.207:49204] 2026-09-11 17:44:21.953 11 WARNING keystone.common.fernet_utils [None req-8ba9a1a2-46b9-46bb-8227-3ed47c3f26d9 - - - - - -] key_repository is world readable: /etc/keystone/fernet-keys/ 10.0.0.207 - - [11/Sep/2026:17:44:21 +0000] "POST /v3/auth/tokens HTTP/1.1" 201 1463 10.0.0.207 - - [11/Sep/2026:17:44:22 +0000] "GET /v3/services HTTP/1.1" 200 639 10.0.0.207 - - [11/Sep/2026:17:44:22 +0000] "GET / HTTP/1.1" 300 295 10.0.0.207 - - [11/Sep/2026:17:44:22 +0000] "GET / HTTP/1.1" 300 295
[Fri Sep 11 17:44:22.293140 2026] [wsgi:error] [pid 10:tid 140140223825600] [remote 10.0.0.207:49212] 2026-09-11 17:44:22.292 10 WARNING keystone.common.password_hashing [None req-e4202051-447b-4e8a-b0a4-e0aa664a9467 - - - - - -] Truncating password to algorithm specific maximum length 72 characters.
[Fri Sep 11 17:44:22.310860 2026] [wsgi:error] [pid 12:tid 140140223825600] [remote 10.0.0.207:49224] 2026-09-11 17:44:22.310 12 WARNING keystone.common.password_hashing [None req-ba2fdf5d-1aff-4d82-8918-6fa8f7ab8a31 - - - - - -] Truncating password to algorithm specific maximum length 72 characters.
[Fri Sep 11 17:44:22.619893 2026] [wsgi:error] [pid 10:tid 140140223825600] [remote 10.0.0.207:49212] 2026-09-11 17:44:22.619 10 WARNING keystone.common.fernet_utils [None req-e4202051-447b-4e8a-b0a4-e0aa664a9467 - - - - - -] key_repository is world readable: /etc/keystone/fernet-keys/
[Fri Sep 11 17:44:22.629621 2026] [wsgi:error] [pid 12:tid 140140223825600] [remote 10.0.0.207:49224] 2026-09-11 17:44:22.629 12 WARNING keystone.common.fernet_utils [None req-ba2fdf5d-1aff-4d82-8918-6fa8f7ab8a31 - - - - - -] key_repository is world readable: /etc/keystone/fernet-keys/ 10.0.0.207 - - [11/Sep/2026:17:44:22 +0000] "POST /v3/auth/tokens HTTP/1.1" 201 1463 10.0.0.207 - - [11/Sep/2026:17:44:22 +0000] "POST /v3/auth/tokens HTTP/1.1" 201 1463 10.0.0.207 - - [11/Sep/2026:17:44:22 +0000] "GET /v3/services HTTP/1.1" 200 639 10.0.0.207 - - [11/Sep/2026:17:44:22 +0000] "GET /v3/services HTTP/1.1" 200 639 10.0.0.207 - - [11/Sep/2026:17:44:24 +0000] "GET / HTTP/1.1" 300 295
[Fri Sep 11 17:44:24.215029 2026] [wsgi:error] [pid 12:tid 140140223825600] [remote 10.0.0.207:49232] 2026-09-11 17:44:24.214 12 WARNING keystone.common.password_hashing [None req-6e697765-11a4-42e5-8ef7-b8239c826f49 - - - - - -] Truncating password to algorithm specific maximum length 72 characters.
[Fri Sep 11 17:44:24.513866 2026] [wsgi:error] [pid 12:tid 140140223825600] [remote 10.0.0.207:49232] 2026-09-11 17:44:24.513 12 WARNING keystone.common.fernet_utils [None req-6e697765-11a4-42e5-8ef7-b8239c826f49 - - - - - -] key_repository is world readable: /etc/keystone/fernet-keys/ 10.0.0.207 - - [11/Sep/2026:17:44:24 +0000] "POST /v3/auth/tokens HTTP/1.1" 201 1463 10.0.0.207 - - [11/Sep/2026:17:44:24 +0000] "GET / HTTP/1.1" 300 295
[Fri Sep 11 17:44:24.643787 2026] [wsgi:error] [pid 11:tid 140140223825600] [remote 10.0.0.207:49248] 2026-09-11 17:44:24.643 11 WARNING keystone.common.password_hashing [None req-187a4cf7-e6b7-4c5a-9a3b-f064483f3f30 - - - - - -] Truncating password to algorithm specific maximum length 72 characters. 10.0.0.207 - - [11/Sep/2026:17:44:24 +0000] "GET /v3/endpoints HTTP/1.1" 200 1226 10.0.0.207 - - [11/Sep/2026:17:44:24 +0000] "GET /v3/services/c3fa28b6dde842e8a73eb5889e2904ef HTTP/1.1" 200 233 10.0.0.207 - - [11/Sep/2026:17:44:24 +0000] "GET /v3/services/c3fa28b6dde842e8a73eb5889e2904ef HTTP/1.1" 200 233 10.0.0.207 - - [11/Sep/2026:17:44:24 +0000] "GET /v3/services/c3fa28b6dde842e8a73eb5889e2904ef HTTP/1.1" 200 233 10.0.0.207 - - [11/Sep/2026:17:44:24 +0000] "GET / HTTP/1.1" 300 295
[Fri Sep 11 17:44:24.809837 2026] [wsgi:error] [pid 9:tid 140140223825600] [remote 10.0.0.207:49262] 2026-09-11 17:44:24.809 9 WARNING keystone.common.password_hashing [None req-376216c9-ed28-40a0-9d38-b22c84f5ebab - - - - - -] Truncating password to algorithm specific maximum length 72 characters.
[Fri Sep 11 17:44:24.927530 2026] [wsgi:error] [pid 11:tid 140140223825600] [remote 10.0.0.207:49248] 2026-09-11 17:44:24.927 11 WARNING keystone.common.fernet_utils [None req-187a4cf7-e6b7-4c5a-9a3b-f064483f3f30 - - - - - -] key_repository is world readable: /etc/keystone/fernet-keys/ 10.0.0.207 - - [11/Sep/2026:17:44:24 +0000] "POST /v3/auth/tokens HTTP/1.1" 201 1463 10.0.0.207 - - [11/Sep/2026:17:44:25 +0000] "GET /v3/endpoints HTTP/1.1" 200 1226
[Fri Sep 11 17:44:25.094695 2026] [wsgi:error] [pid 9:tid 140140223825600] [remote 10.0.0.207:49262] 2026-09-11 17:44:25.094 9 WARNING keystone.common.fernet_utils [None req-376216c9-ed28-40a0-9d38-b22c84f5ebab - - - - - -] key_repository is world readable: /etc/keystone/fernet-keys/ 10.0.0.207 - - [11/Sep/2026:17:44:24 +0000] "POST /v3/auth/tokens HTTP/1.1" 201 1463 10.0.0.207 - - [11/Sep/2026:17:44:25 +0000] "GET /v3/services/c3fa28b6dde842e8a73eb5889e2904ef HTTP/1.1" 200 233 10.0.0.207 - - [11/Sep/2026:17:44:25 +0000] "GET /v3/services/c3fa28b6dde842e8a73eb5889e2904ef HTTP/1.1" 200 233 10.0.0.207 - - [11/Sep/2026:17:44:25 +0000] "GET /v3/services/c3fa28b6dde842e8a73eb5889e2904ef HTTP/1.1" 200 233 10.0.0.207 - - [11/Sep/2026:17:44:25 +0000] "GET /v3/endpoints HTTP/1.1" 200 1226 10.0.0.207 - - [11/Sep/2026:17:44:25 +0000] "GET /v3/services/c3fa28b6dde842e8a73eb5889e2904ef HTTP/1.1" 200 233 10.0.0.207 - - [11/Sep/2026:17:44:25 +0000] "GET /v3/services/c3fa28b6dde842e8a73eb5889e2904ef HTTP/1.1" 200 233 10.0.0.207 - - [11/Sep/2026:17:44:25 +0000] "GET /v3/services/c3fa28b6dde842e8a73eb5889e2904ef HTTP/1.1" 200 233 10.0.0.207 - - [11/Sep/2026:17:44:26 +0000] "GET / HTTP/1.1" 300 295
[Fri Sep 11 17:44:26.649169 2026] [wsgi:error] [pid 12:tid 140140223825600] [remote 10.0.0.207:49272] 2026-09-11 17:44:26.648 12 WARNING keystone.common.password_hashing [None req-f34f1bfc-99df-4439-b415-240a27aa3ef9 - - - - - -] Truncating password to algorithm specific maximum length 72 characters.
[Fri Sep 11 17:44:26.959754 2026] [wsgi:error] [pid 12:tid 140140223825600] [remote 10.0.0.207:49272] 2026-09-11 17:44:26.959 12 WARNING keystone.common.fernet_utils [None req-f34f1bfc-99df-4439-b415-240a27aa3ef9 - - - - - -] key_repository is world readable: /etc/keystone/fernet-keys/ 10.0.0.207 - - [11/Sep/2026:17:44:26 +0000] "POST /v3/auth/tokens HTTP/1.1" 201 1463 10.0.0.207 - - [11/Sep/2026:17:44:26 +0000] "GET / HTTP/1.1" 300 295
[Fri Sep 11 17:44:27.005404 2026] [wsgi:error] [pid 10:tid 140140223825600] [remote 10.0.0.207:49282] 2026-09-11 17:44:27.005 10 WARNING keystone.common.password_hashing [None req-133d2ba5-5ef0-4a92-abc6-026716d4990f - - - - - -] Truncating password to algorithm specific maximum length 72 characters. 10.0.0.207 - - [11/Sep/2026:17:44:27 +0000] "GET / HTTP/1.1" 300 295
[Fri Sep 11 17:44:27.095726 2026] [wsgi:error] [pid 11:tid 140140223825600] [remote 10.0.0.207:49286] 2026-09-11 17:44:27.095 11 WARNING keystone.common.password_hashing [None req-a83d2a60-a41c-43da-98bd-ffd612fcf024 - - - - - -] Truncating password to algorithm specific maximum length 72 characters. 10.0.0.207 - - [11/Sep/2026:17:44:27 +0000] "GET /v3/services/541bcea8f1e946ba8b1ae7032b72b9ec HTTP/1.1" 200 296 10.0.0.207 - - [11/Sep/2026:17:44:27 +0000] "GET /v3/regions/RegionOne HTTP/1.1" 200 173 10.0.0.207 - - [11/Sep/2026:17:44:27 +0000] "POST /v3/endpoints HTTP/1.1" 201 380
[Fri Sep 11 17:44:27.326469 2026] [wsgi:error] [pid 10:tid 140140223825600] [remote 10.0.0.207:49282] 2026-09-11 17:44:27.326 10 WARNING keystone.common.fernet_utils [None req-133d2ba5-5ef0-4a92-abc6-026716d4990f - - - - - -] key_repository is world readable: /etc/keystone/fernet-keys/ 10.0.0.207 - - [11/Sep/2026:17:44:26 +0000] "POST /v3/auth/tokens HTTP/1.1" 201 1640
[Fri Sep 11 17:44:27.394418 2026] [wsgi:error] [pid 11:tid 140140223825600] [remote 10.0.0.207:49286] 2026-09-11 17:44:27.394 11 WARNING keystone.common.fernet_utils [None req-a83d2a60-a41c-43da-98bd-ffd612fcf024 - - - - - -] key_repository is world readable: /etc/keystone/fernet-keys/ 10.0.0.207 - - [11/Sep/2026:17:44:27 +0000] "POST /v3/auth/tokens HTTP/1.1" 201 1640 10.0.0.207 - - [11/Sep/2026:17:44:27 +0000] "GET /v3/services/541bcea8f1e946ba8b1ae7032b72b9ec HTTP/1.1" 200 296 10.0.0.207 - - [11/Sep/2026:17:44:27 +0000] "GET /v3/services/541bcea8f1e946ba8b1ae7032b72b9ec HTTP/1.1" 200 296 10.0.0.207 - - [11/Sep/2026:17:44:27 +0000] "GET /v3/regions/RegionOne HTTP/1.1" 200 173 10.0.0.207 - - [11/Sep/2026:17:44:27 +0000] "GET /v3/regions/RegionOne HTTP/1.1" 200 173 10.0.0.207 - - [11/Sep/2026:17:44:27 +0000] "POST /v3/endpoints HTTP/1.1" 201 369 10.0.0.207 - - [11/Sep/2026:17:44:27 +0000] "POST /v3/endpoints HTTP/1.1" 201 383 10.0.0.133 - - [11/Sep/2026:17:44:28 +0000] "GET /v3/ HTTP/1.1" 200 249 10.0.0.133 - - [11/Sep/2026:17:44:28 +0000] "GET /v3/ HTTP/1.1" 200 249 10.0.0.207 - - [11/Sep/2026:17:44:29 +0000] "GET / HTTP/1.1" 300 295
[Fri Sep 11 17:44:29.251867 2026] [wsgi:error] [pid 12:tid 140140223825600] [remote 10.0.0.207:41208] 2026-09-11 17:44:29.251 12 WARNING keystone.common.password_hashing [None req-4a904a74-744b-4c95-b50e-fab5d31b417d - - - - - -] Truncating password to algorithm specific maximum length 72 characters.
[Fri Sep 11 17:44:29.543221 2026] [wsgi:error] [pid 12:tid 140140223825600] [remote 10.0.0.207:41208] 2026-09-11 17:44:29.542 12 WARNING keystone.common.fernet_utils [None req-4a904a74-744b-4c95-b50e-fab5d31b417d - - - - - -] key_repository is world readable: /etc/keystone/fernet-keys/ 10.0.0.207 - - [11/Sep/2026:17:44:29 +0000] "POST /v3/auth/tokens HTTP/1.1" 201 1990 10.0.0.207 - - [11/Sep/2026:17:44:29 +0000] "GET / HTTP/1.1" 300 295
[Fri Sep 11 17:44:29.610148 2026] [wsgi:error] [pid 11:tid 140140223825600] [remote 10.0.0.207:41218] 2026-09-11 17:44:29.609 11 WARNING keystone.common.password_hashing [None req-eab08163-e438-43d3-95e8-3ff431085ac3 - - - - - -] Truncating password to algorithm specific maximum length 72 characters. 10.0.0.207 - - [11/Sep/2026:17:44:29 +0000] "GET / HTTP/1.1" 300 295 10.0.0.207 - - [11/Sep/2026:17:44:29 +0000] "GET /v3/endpoints/f683f6d87c79494e8097fcb0057c80f0 HTTP/1.1" 200 380
[Fri Sep 11 17:44:29.714014 2026] [wsgi:error] [pid 10:tid 140140223825600] [remote 10.0.0.207:41230] 2026-09-11 17:44:29.713 10 WARNING keystone.common.password_hashing [None req-1b981e3c-fb44-4451-a01a-5797be2c3ae2 - - - - - -] Truncating password to algorithm specific maximum length 72 characters. 10.0.0.207 - - [11/Sep/2026:17:44:29 +0000] "GET /v3/services/541bcea8f1e946ba8b1ae7032b72b9ec HTTP/1.1" 200 296
[Fri Sep 11 17:44:29.901548 2026] [wsgi:error] [pid 11:tid 140140223825600] [remote 10.0.0.207:41218] 2026-09-11 17:44:29.901 11 WARNING keystone.common.fernet_utils [None req-eab08163-e438-43d3-95e8-3ff431085ac3 - - - - - -] key_repository is world readable: /etc/keystone/fernet-keys/ 10.0.0.207 - - [11/Sep/2026:17:44:29 +0000] "POST /v3/auth/tokens HTTP/1.1" 201 1990
[Fri Sep 11 17:44:30.019741 2026] [wsgi:error] [pid 10:tid 140140223825600] [remote 10.0.0.207:41230] 2026-09-11 17:44:30.019 10 WARNING keystone.common.fernet_utils [None req-1b981e3c-fb44-4451-a01a-5797be2c3ae2 - - - - - -] key_repository is world readable: /etc/keystone/fernet-keys/ 10.0.0.207 - - [11/Sep/2026:17:44:30 +0000] "GET /v3/endpoints/1fb733cfc2814ea6831125a5c6967329 HTTP/1.1" 200 369 10.0.0.207 - - [11/Sep/2026:17:44:29 +0000] "POST /v3/auth/tokens HTTP/1.1" 201 1990 10.0.0.207 - - [11/Sep/2026:17:44:30 +0000] "GET /v3/services/541bcea8f1e946ba8b1ae7032b72b9ec HTTP/1.1" 200 296 10.0.0.207 - - [11/Sep/2026:17:44:30 +0000] "GET /v3/endpoints/234c6324a654481d814f57904d6c898c HTTP/1.1" 200 383 10.0.0.207 - - [11/Sep/2026:17:44:30 +0000] "GET /v3/services/541bcea8f1e946ba8b1ae7032b72b9ec HTTP/1.1" 200 296 10.0.0.17 - - [11/Sep/2026:17:44:42 +0000] "GET / HTTP/1.1" 300 295
[Fri Sep 11 17:44:42.951135 2026] [wsgi:error] [pid 12:tid 140140223825600] [remote 10.0.0.17:55600] 2026-09-11 17:44:42.950 12 WARNING keystone.common.password_hashing [None req-2e6cd633-acb9-4a46-90d2-cb5ae9f1bca6 - - - - - -] Truncating password to algorithm specific maximum length 72 characters.
[Fri Sep 11 17:44:43.259836 2026] [wsgi:error] [pid 12:tid 140140223825600] [remote 10.0.0.17:55600] 2026-09-11 17:44:43.259 12 WARNING keystone.common.fernet_utils [None req-2e6cd633-acb9-4a46-90d2-cb5ae9f1bca6 - - - - - -] key_repository is world readable: /etc/keystone/fernet-keys/ 10.0.0.17 - - [11/Sep/2026:17:44:42 +0000] "POST /v3/auth/tokens HTTP/1.1" 201 1990 10.0.0.17 - - [11/Sep/2026:17:44:43 +0000] "POST /v3/domains HTTP/1.1" 201 284 10.0.0.17 - - [11/Sep/2026:17:44:45 +0000] "GET / HTTP/1.1" 300 295
[Fri Sep 11 17:44:45.659153 2026] [wsgi:error] [pid 10:tid 140140223825600] [remote 10.0.0.17:55610] 2026-09-11 17:44:45.658 10 WARNING keystone.common.password_hashing [None req-451ccdbe-4a78-4a92-a959-7f506b40d4cb - - - - - -] Truncating password to algorithm specific maximum length 72 characters.
[Fri Sep 11 17:44:45.984066 2026] [wsgi:error] [pid 10:tid 140140223825600] [remote 10.0.0.17:55610] 2026-09-11 17:44:45.983 10 WARNING keystone.common.fernet_utils [None req-451ccdbe-4a78-4a92-a959-7f506b40d4cb - - - - - -] key_repository is world readable: /etc/keystone/fernet-keys/ 10.0.0.17 - - [11/Sep/2026:17:44:45 +0000] "POST /v3/auth/tokens HTTP/1.1" 201 1990
[Fri Sep 11 17:44:46.210183 2026] [wsgi:error] [pid 12:tid 140140223825600] [remote 10.0.0.17:55610] 2026-09-11 17:44:46.185 12 ERROR keystone.server.flask.application [None req-8b4a7c52-3799-4eb5-ad8c-150f042f6637 b2708e50c2c64c3e81dbd2712434bbb5 88f0c852b9524057a58c47437c2c0c63 - - default default] Conflict occurred attempting to store project - it is not permitted to have two projects acting as domains with the same name: service.: keystone.exception.Conflict: Conflict occurred attempting to store project - it is not permitted to have two projects acting as domains with the same name: service.
[Fri Sep 11 17:44:46.210227 2026] [wsgi:error] [pid 12:tid 140140223825600] [remote 10.0.0.17:55610] 2026-09-11 17:44:46.185 12 ERROR keystone.server.flask.application
Traceback (most recent call last):
[Fri Sep 11 17:44:46.210231 2026] [wsgi:error] [pid 12:tid 140140223825600] [remote 10.0.0.17:55610] 2026-09-11 17:44:46.185 12 ERROR keystone.server.flask.application
File "/var/lib/openstack/lib/python3.12/site-packages/sqlalchemy/engine/base.py", line 1969, in _exec_single_context
[Fri Sep 11 17:44:46.210235 2026] [wsgi:error] [pid 12:tid 140140223825600] [remote 10.0.0.17:55610] 2026-09-11 17:44:46.185 12 ERROR keystone.server.flask.application self.dialect.do_execute(
[Fri Sep 11 17:44:46.210238 2026] [wsgi:error] [pid 12:tid 140140223825600] [remote 10.0.0.17:55610] 2026-09-11 17:44:46.185 12 ERROR keystone.server.flask.application
File "/var/lib/openstack/lib/python3.12/site-packages/sqlalchemy/engine/default.py", line 952, in do_execute
[Fri Sep 11 17:44:46.210241 2026] [wsgi:error] [pid 12:tid 140140223825600] [remote 10.0.0.17:55610] 2026-09-11 17:44:46.185 12 ERROR keystone.server.flask.application cursor.execute(statement, parameters)
[Fri Sep 11 17:44:46.210244 2026] [wsgi:error] [pid 12:tid 140140223825600] [remote 10.0.0.17:55610] 2026-09-11 17:44:46.185 12 ERROR keystone.server.flask.application
File "/var/lib/openstack/lib/python3.12/site-packages/pymysql/cursors.py", line 159, in execute
[Fri Sep 11 17:44:46.210247 2026] [wsgi:error] [pid 12:tid 140140223825600] [remote 10.0.0.17:55610] 2026-09-11 17:44:46.185 12 ERROR keystone.server.flask.application result = self._query(query)
[Fri Sep 11 17:44:46.210250 2026] [wsgi:error] [pid 12:tid 140140223825600] [remote 10.0.0.17:55610] 2026-09-11 17:44:46.185 12 ERROR keystone.server.flask.application ^^^^^^^^^^^^^^^^^^
[Fri Sep 11 17:44:46.210253 2026] [wsgi:error] [pid 12:tid 140140223825600] [remote 10.0.0.17:55610] 2026-09-11 17:44:46.185 12 ERROR keystone.server.flask.application
File "/var/lib/openstack/lib/python3.12/site-packages/pymysql/cursors.py", line 330, in _query
[Fri Sep 11 17:44:46.210257 2026] [wsgi:error] [pid 12:tid 140140223825600] [remote 10.0.0.17:55610] 2026-09-11 17:44:46.185 12 ERROR keystone.server.flask.application conn.query(q)
[Fri Sep 11 17:44:46.210260 2026] [wsgi:error] [pid 12:tid 140140223825600] [remote 10.0.0.17:55610] 2026-09-11 17:44:46.185 12 ERROR keystone.server.flask.application
File "/var/lib/openstack/lib/python3.12/site-packages/pymysql/connections.py", line 582, in query
[Fri Sep 11 17:44:46.210264 2026] [wsgi:error] [pid 12:tid 140140223825600] [remote 10.0.0.17:55610] 2026-09-11 17:44:46.185 12 ERROR keystone.server.flask.application self._affected_rows = self._read_query_result(unbuffered=unbuffered)
[Fri Sep 11 17:44:46.210268 2026] [wsgi:error] [pid 12:tid 140140223825600] [remote 10.0.0.17:55610] 2026-09-11 17:44:46.185 12 ERROR keystone.server.flask.application ^^^^^^^^^^^^^^^^^^^^^^^^^^^^^^^^^^^^^^^^^^^^^^
[Fri Sep 11 17:44:46.210272 2026] [wsgi:error] [pid 12:tid 140140223825600] [remote 10.0.0.17:55610] 2026-09-11 17:44:46.185 12 ERROR keystone.server.flask.application
File "/var/lib/openstack/lib/python3.12/site-packages/pymysql/connections.py", line 847, in _read_query_result
[Fri Sep 11 17:44:46.210275 2026] [wsgi:error] [pid 12:tid 140140223825600] [remote 10.0.0.17:55610] 2026-09-11 17:44:46.185 12 ERROR keystone.server.flask.application result.read()
[Fri Sep 11 17:44:46.210281 2026] [wsgi:error] [pid 12:tid 140140223825600] [remote 10.0.0.17:55610] 2026-09-11 17:44:46.185 12 ERROR keystone.server.flask.application
File "/var/lib/openstack/lib/python3.12/site-packages/pymysql/connections.py", line 1245, in read
[Fri Sep 11 17:44:46.210285 2026] [wsgi:error] [pid 12:tid 140140223825600] [remote 10.0.0.17:55610] 2026-09-11 17:44:46.185 12 ERROR keystone.server.flask.application first_packet = self.connection._read_packet()
[Fri Sep 11 17:44:46.210288 2026] [wsgi:error] [pid 12:tid 140140223825600] [remote 10.0.0.17:55610] 2026-09-11 17:44:46.185 12 ERROR keystone.server.flask.application ^^^^^^^^^^^^^^^^^^^^^^^^^^^^^^
[Fri Sep 11 17:44:46.210291 2026] [wsgi:error] [pid 12:tid 140140223825600] [remote 10.0.0.17:55610] 2026-09-11 17:44:46.185 12 ERROR keystone.server.flask.application
File "/var/lib/openstack/lib/python3.12/site-packages/pymysql/connections.py", line 803, in _read_packet
[Fri Sep 11 17:44:46.210294 2026] [wsgi:error] [pid 12:tid 140140223825600] [remote 10.0.0.17:55610] 2026-09-11 17:44:46.185 12 ERROR keystone.server.flask.application packet.raise_for_error()
[Fri Sep 11 17:44:46.210298 2026] [wsgi:error] [pid 12:tid 140140223825600] [remote 10.0.0.17:55610] 2026-09-11 17:44:46.185 12 ERROR keystone.server.flask.application
File "/var/lib/openstack/lib/python3.12/site-packages/pymysql/protocol.py", line 219, in raise_for_error
[Fri Sep 11 17:44:46.210307 2026] [wsgi:error] [pid 12:tid 140140223825600] [remote 10.0.0.17:55610] 2026-09-11 17:44:46.185 12 ERROR keystone.server.flask.application err.raise_mysql_exception(self._data)
[Fri Sep 11 17:44:46.210310 2026] [wsgi:error] [pid 12:tid 140140223825600] [remote 10.0.0.17:55610] 2026-09-11 17:44:46.185 12 ERROR keystone.server.flask.application
File "/var/lib/openstack/lib/python3.12/site-packages/pymysql/err.py", line 154, in raise_mysql_exception
[Fri Sep 11 17:44:46.210314 2026] [wsgi:error] [pid 12:tid 140140223825600] [remote 10.0.0.17:55610] 2026-09-11 17:44:46.185 12 ERROR keystone.server.flask.application raise errorclass(errno, errval, sqlstate=sqlstate)
[Fri Sep 11 17:44:46.210318 2026] [wsgi:error] [pid 12:tid 140140223825600] [remote 10.0.0.17:55610] 2026-09-11 17:44:46.185 12 ERROR keystone.server.flask.application pymysql.err.IntegrityError: (1062, "Duplicate entry '<>-service' for key 'project.ixu_project_name_domain_id'")
[Fri Sep 11 17:44:46.210322 2026] [wsgi:error] [pid 12:tid 140140223825600] [remote 10.0.0.17:55610] 2026-09-11 17:44:46.185 12 ERROR keystone.server.flask.application
[Fri Sep 11 17:44:46.210326 2026] [wsgi:error] [pid 12:tid 140140223825600] [remote 10.0.0.17:55610] 2026-09-11 17:44:46.185 12 ERROR keystone.server.flask.application The above exception was the direct cause of the following exception:
[Fri Sep 11 17:44:46.210329 2026] [wsgi:error] [pid 12:tid 140140223825600] [remote 10.0.0.17:55610] 2026-09-11 17:44:46.185 12 ERROR keystone.server.flask.application
[Fri Sep 11 17:44:46.210332 2026] [wsgi:error] [pid 12:tid 140140223825600] [remote 10.0.0.17:55610] 2026-09-11 17:44:46.185 12 ERROR keystone.server.flask.application
Traceback (most recent call last):
[Fri Sep 11 17:44:46.210335 2026] [wsgi:error] [pid 12:tid 140140223825600] [remote 10.0.0.17:55610] 2026-09-11 17:44:46.185 12 ERROR keystone.server.flask.application
File "/var/lib/openstack/lib/python3.12/site-packages/keystone/common/sql/core.py", line 575, in wrapper
[Fri Sep 11 17:44:46.210339 2026] [wsgi:error] [pid 12:tid 140140223825600] [remote 10.0.0.17:55610] 2026-09-11 17:44:46.185 12 ERROR keystone.server.flask.application return method(*args, **kwargs)
[Fri Sep 11 17:44:46.210342 2026] [wsgi:error] [pid 12:tid 140140223825600] [remote 10.0.0.17:55610] 2026-09-11 17:44:46.185 12 ERROR keystone.server.flask.application ^^^^^^^^^^^^^^^^^^^^^^^
[Fri Sep 11 17:44:46.210346 2026] [wsgi:error] [pid 12:tid 140140223825600] [remote 10.0.0.17:55610] 2026-09-11 17:44:46.185 12 ERROR keystone.server.flask.application
File "/var/lib/openstack/lib/python3.12/site-packages/keystone/resource/backends/sql.py", line 278, in create_project
[Fri Sep 11 17:44:46.210351 2026] [wsgi:error] [pid 12:tid 140140223825600] [remote 10.0.0.17:55610] 2026-09-11 17:44:46.185 12 ERROR keystone.server.flask.application with sql.session_for_write() as session:
[Fri Sep 11 17:44:46.210355 2026] [wsgi:error] [pid 12:tid 140140223825600] [remote 10.0.0.17:55610] 2026-09-11 17:44:46.185 12 ERROR keystone.server.flask.application
File "/usr/lib/python3.12/contextlib.py", line 144, in __exit__
[Fri Sep 11 17:44:46.210359 2026] [wsgi:error] [pid 12:tid 140140223825600] [remote 10.0.0.17:55610] 2026-09-11 17:44:46.185 12 ERROR keystone.server.flask.application next(self.gen)
[Fri Sep 11 17:44:46.210362 2026] [wsgi:error] [pid 12:tid 140140223825600] [remote 10.0.0.17:55610] 2026-09-11 17:44:46.185 12 ERROR keystone.server.flask.application
File "/var/lib/openstack/lib/python3.12/site-packages/oslo_db/sqlalchemy/enginefacade.py", line 1175, in _transaction_scope
[Fri Sep 11 17:44:46.210366 2026] [wsgi:error] [pid 12:tid 140140223825600] [remote 10.0.0.17:55610] 2026-09-11 17:44:46.185 12 ERROR keystone.server.flask.application with current._produce_block(
[Fri Sep 11 17:44:46.210370 2026] [wsgi:error] [pid 12:tid 140140223825600] [remote 10.0.0.17:55610] 2026-09-11 17:44:46.185 12 ERROR keystone.server.flask.application
File "/usr/lib/python3.12/contextlib.py", line 144, in __exit__
[Fri Sep 11 17:44:46.210374 2026] [wsgi:error] [pid 12:tid 140140223825600] [remote 10.0.0.17:55610] 2026-09-11 17:44:46.185 12 ERROR keystone.server.flask.application next(self.gen)
[Fri Sep 11 17:44:46.210378 2026] [wsgi:error] [pid 12:tid 140140223825600] [remote 10.0.0.17:55610] 2026-09-11 17:44:46.185 12 ERROR keystone.server.flask.application
File "/var/lib/openstack/lib/python3.12/site-packages/oslo_db/sqlalchemy/enginefacade.py", line 837, in _session
[Fri Sep 11 17:44:46.210382 2026] [wsgi:error] [pid 12:tid 140140223825600] [remote 10.0.0.17:55610] 2026-09-11 17:44:46.185 12 ERROR keystone.server.flask.application with excutils.save_and_reraise_exception():
[Fri Sep 11 17:44:46.210386 2026] [wsgi:error] [pid 12:tid 140140223825600] [remote 10.0.0.17:55610] 2026-09-11 17:44:46.185 12 ERROR keystone.server.flask.application
File "/var/lib/openstack/lib/python3.12/site-packages/oslo_utils/excutils.py", line 266, in __exit__
[Fri Sep 11 17:44:46.210390 2026] [wsgi:error] [pid 12:tid 140140223825600] [remote 10.0.0.17:55610] 2026-09-11 17:44:46.185 12 ERROR keystone.server.flask.application self.force_reraise()
[Fri Sep 11 17:44:46.210395 2026] [wsgi:error] [pid 12:tid 140140223825600] [remote 10.0.0.17:55610] 2026-09-11 17:44:46.185 12 ERROR keystone.server.flask.application
File "/var/lib/openstack/lib/python3.12/site-packages/oslo_utils/excutils.py", line 232, in force_reraise
[Fri Sep 11 17:44:46.210399 2026] [wsgi:error] [pid 12:tid 140140223825600] [remote 10.0.0.17:55610] 2026-09-11 17:44:46.185 12 ERROR keystone.server.flask.application raise self.value
[Fri Sep 11 17:44:46.210403 2026] [wsgi:error] [pid 12:tid 140140223825600] [remote 10.0.0.17:55610] 2026-09-11 17:44:46.185 12 ERROR keystone.server.flask.application
File "/var/lib/openstack/lib/python3.12/site-packages/oslo_db/sqlalchemy/enginefacade.py", line 835, in _session
[Fri Sep 11 17:44:46.210408 2026] [wsgi:error] [pid 12:tid 140140223825600] [remote 10.0.0.17:55610] 2026-09-11 17:44:46.185 12 ERROR keystone.server.flask.application self._end_session_transaction(self.session)
[Fri Sep 11 17:44:46.210412 2026] [wsgi:error] [pid 12:tid 140140223825600] [remote 10.0.0.17:55610] 2026-09-11 17:44:46.185 12 ERROR keystone.server.flask.application
File "/var/lib/openstack/lib/python3.12/site-packages/oslo_db/sqlalchemy/enginefacade.py", line 748, in _end_session_transaction
[Fri Sep 11 17:44:46.210416 2026] [wsgi:error] [pid 12:tid 140140223825600] [remote 10.0.0.17:55610] 2026-09-11 17:44:46.185 12 ERROR keystone.server.flask.application session.commit()
[Fri Sep 11 17:44:46.210420 2026] [wsgi:error] [pid 12:tid 140140223825600] [remote 10.0.0.17:55610] 2026-09-11 17:44:46.185 12 ERROR keystone.server.flask.application
File "/var/lib/openstack/lib/python3.12/site-packages/sqlalchemy/orm/session.py", line 2034, in commit
[Fri Sep 11 17:44:46.210423 2026] [wsgi:error] [pid 12:tid 140140223825600] [remote 10.0.0.17:55610] 2026-09-11 17:44:46.185 12 ERROR keystone.server.flask.application trans.commit(_to_root=True)
[Fri Sep 11 17:44:46.210427 2026] [wsgi:error] [pid 12:tid 140140223825600] [remote 10.0.0.17:55610] 2026-09-11 17:44:46.185 12 ERROR keystone.server.flask.application File "", line 2, in commit
[Fri Sep 11 17:44:46.210430 2026] [wsgi:error] [pid 12:tid 140140223825600] [remote 10.0.0.17:55610] 2026-09-11 17:44:46.185 12 ERROR keystone.server.flask.application
File "/var/lib/openstack/lib/python3.12/site-packages/sqlalchemy/orm/state_changes.py", line 137, in _go
[Fri Sep 11 17:44:46.210434 2026] [wsgi:error] [pid 12:tid 140140223825600] [remote 10.0.0.17:55610] 2026-09-11 17:44:46.185 12 ERROR keystone.server.flask.application ret_value = fn(self, *arg, **kw)
[Fri Sep 11 17:44:46.210437 2026] [wsgi:error] [pid 12:tid 140140223825600] [remote 10.0.0.17:55610] 2026-09-11 17:44:46.185 12 ERROR keystone.server.flask.application ^^^^^^^^^^^^^^^^^^^^
[Fri Sep 11 17:44:46.210441 2026] [wsgi:error] [pid 12:tid 140140223825600] [remote 10.0.0.17:55610] 2026-09-11 17:44:46.185 12 ERROR keystone.server.flask.application
File "/var/lib/openstack/lib/python3.12/site-packages/sqlalchemy/orm/session.py", line 1315, in commit
[Fri Sep 11 17:44:46.210445 2026] [wsgi:error] [pid 12:tid 140140223825600] [remote 10.0.0.17:55610] 2026-09-11 17:44:46.185 12 ERROR keystone.server.flask.application self._prepare_impl()
[Fri Sep 11 17:44:46.210449 2026] [wsgi:error] [pid 12:tid 140140223825600] [remote 10.0.0.17:55610] 2026-09-11 17:44:46.185 12 ERROR keystone.server.flask.application File "", line 2, in _prepare_impl
[Fri Sep 11 17:44:46.210453 2026] [wsgi:error] [pid 12:tid 140140223825600] [remote 10.0.0.17:55610] 2026-09-11 17:44:46.185 12 ERROR keystone.server.flask.application
File "/var/lib/openstack/lib/python3.12/site-packages/sqlalchemy/orm/state_changes.py", line 137, in _go
[Fri Sep 11 17:44:46.210458 2026] [wsgi:error] [pid 12:tid 140140223825600] [remote 10.0.0.17:55610] 2026-09-11 17:44:46.185 12 ERROR keystone.server.flask.application ret_value = fn(self, *arg, **kw)
[Fri Sep 11 17:44:46.210461 2026] [wsgi:error] [pid 12:tid 140140223825600] [remote 10.0.0.17:55610] 2026-09-11 17:44:46.185 12 ERROR keystone.server.flask.application ^^^^^^^^^^^^^^^^^^^^
[Fri Sep 11 17:44:46.210465 2026] [wsgi:error] [pid 12:tid 140140223825600] [remote 10.0.0.17:55610] 2026-09-11 17:44:46.185 12 ERROR keystone.server.flask.application
File "/var/lib/openstack/lib/python3.12/site-packages/sqlalchemy/orm/session.py", line 1290, in _prepare_impl
[Fri Sep 11 17:44:46.210469 2026] [wsgi:error] [pid 12:tid 140140223825600] [remote 10.0.0.17:55610] 2026-09-11 17:44:46.185 12 ERROR keystone.server.flask.application self.session.flush()
[Fri Sep 11 17:44:46.210473 2026] [wsgi:error] [pid 12:tid 140140223825600] [remote 10.0.0.17:55610] 2026-09-11 17:44:46.185 12 ERROR keystone.server.flask.application
File "/var/lib/openstack/lib/python3.12/site-packages/sqlalchemy/orm/session.py", line 4352, in flush
[Fri Sep 11 17:44:46.210477 2026] [wsgi:error] [pid 12:tid 140140223825600] [remote 10.0.0.17:55610] 2026-09-11 17:44:46.185 12 ERROR keystone.server.flask.application self._flush(objects)
[Fri Sep 11 17:44:46.210482 2026] [wsgi:error] [pid 12:tid 140140223825600] [remote 10.0.0.17:55610] 2026-09-11 17:44:46.185 12 ERROR keystone.server.flask.application
File "/var/lib/openstack/lib/python3.12/site-packages/sqlalchemy/orm/session.py", line 4487, in _flush
[Fri Sep 11 17:44:46.210486 2026] [wsgi:error] [pid 12:tid 140140223825600] [remote 10.0.0.17:55610] 2026-09-11 17:44:46.185 12 ERROR keystone.server.flask.application with util.safe_reraise():
[Fri Sep 11 17:44:46.210489 2026] [wsgi:error] [pid 12:tid 140140223825600] [remote 10.0.0.17:55610] 2026-09-11 17:44:46.185 12 ERROR keystone.server.flask.application
File "/var/lib/openstack/lib/python3.12/site-packages/sqlalchemy/util/langhelpers.py", line 122, in __exit__
[Fri Sep 11 17:44:46.210494 2026] [wsgi:error] [pid 12:tid 140140223825600] [remote 10.0.0.17:55610] 2026-09-11 17:44:46.185 12 ERROR keystone.server.flask.application raise exc_value.with_traceback(exc_tb)
[Fri Sep 11 17:44:46.210497 2026] [wsgi:error] [pid 12:tid 140140223825600] [remote 10.0.0.17:55610] 2026-09-11 17:44:46.185 12 ERROR keystone.server.flask.application
File "/var/lib/openstack/lib/python3.12/site-packages/sqlalchemy/orm/session.py", line 4448, in _flush
[Fri Sep 11 17:44:46.210501 2026] [wsgi:error] [pid 12:tid 140140223825600] [remote 10.0.0.17:55610] 2026-09-11 17:44:46.185 12 ERROR keystone.server.flask.application flush_context.execute()
[Fri Sep 11 17:44:46.210505 2026] [wsgi:error] [pid 12:tid 140140223825600] [remote 10.0.0.17:55610] 2026-09-11 17:44:46.185 12 ERROR keystone.server.flask.application
