2026-09-11 18:51:58.491 8 INFO placement.requestlog [None req-b1bb2ad6-6fd9-4686-816d-d438b3b21d4d f94e68f5a404410ab24a269367e6e9f2 c407a345ca1844adb342f92cc9d103fe - - 8e50e25a66cf46678179fd65386b75db 8e50e25a66cf46678179fd65386b75db] 10.0.0.99 "GET /resource_providers/ee649788-ec6e-49d8-9eca-ba5b8939bbf2/aggregates" status: 404 len: 235 microversion: 1.1 [pid: 8|app: 0|req: 537/1078] 10.0.0.99 () {32 vars in 815 bytes} [Fri Sep 11 18:51:58 2026] GET /resource_providers/ee649788-ec6e-49d8-9eca-ba5b8939bbf2/aggregates => generated 235 bytes in 23 msecs (HTTP/1.1 404) 5 headers in 202 bytes (1 switches on core 0)
2026-09-11 18:51:58.518 7 INFO placement.requestlog [None req-8ab69e96-2a46-4e68-a293-ff5e5dc9c6be f94e68f5a404410ab24a269367e6e9f2 c407a345ca1844adb342f92cc9d103fe - - 8e50e25a66cf46678179fd65386b75db 8e50e25a66cf46678179fd65386b75db] 10.0.0.99 "DELETE /resource_providers/ee649788-ec6e-49d8-9eca-ba5b8939bbf2" status: 404 len: 246 microversion: 1.1 [pid: 7|app: 0|req: 542/1079] 10.0.0.99 () {34 vars in 815 bytes} [Fri Sep 11 18:51:58 2026] DELETE /resource_providers/ee649788-ec6e-49d8-9eca-ba5b8939bbf2 => generated 246 bytes in 13 msecs (HTTP/1.1 404) 6 headers in 231 bytes (1 switches on core 0)
2026-09-11 18:51:58.518 8 INFO placement.requestlog [None req-6e889c27-8c83-4350-bcdf-4be84556c6c3 f94e68f5a404410ab24a269367e6e9f2 c407a345ca1844adb342f92cc9d103fe - - 8e50e25a66cf46678179fd65386b75db 8e50e25a66cf46678179fd65386b75db] 10.0.0.99 "DELETE /resource_providers/ee649788-ec6e-49d8-9eca-ba5b8939bbf2" status: 404 len: 246 microversion: 1.1 [pid: 8|app: 0|req: 538/1080] 10.0.0.99 () {34 vars in 815 bytes} [Fri Sep 11 18:51:58 2026] DELETE /resource_providers/ee649788-ec6e-49d8-9eca-ba5b8939bbf2 => generated 246 bytes in 11 msecs (HTTP/1.1 404) 6 headers in 231 bytes (1 switches on core 0)
2026-09-11 18:51:59.015 7 INFO placement.requestlog [req-babbccde-8a67-4177-9500-851e3432a650 req-7af5b6c6-e30d-43cf-84b9-174fd67cec0c b36a9a3ea3cf41ae892712365c494cf4 c407a345ca1844adb342f92cc9d103fe - - 8e50e25a66cf46678179fd65386b75db 8e50e25a66cf46678179fd65386b75db] 162.253.55.27 "GET /resource_providers/cb06aff3-698b-48d5-af09-dbd3ae6e2c4d/allocations" status: 200 len: 153 microversion: 1.0 [pid: 7|app: 0|req: 543/1081] 162.253.55.27 () {32 vars in 856 bytes} [Fri Sep 11 18:51:59 2026] GET /resource_providers/cb06aff3-698b-48d5-af09-dbd3ae6e2c4d/allocations => generated 153 bytes in 15 msecs (HTTP/1.1 200) 6 headers in 224 bytes (1 switches on core 0)
2026-09-11 18:51:59.038 8 INFO placement.requestlog [req-babbccde-8a67-4177-9500-851e3432a650 req-dae7a11a-071a-4999-b227-97d4cb396ccb b36a9a3ea3cf41ae892712365c494cf4 c407a345ca1844adb342f92cc9d103fe - - 8e50e25a66cf46678179fd65386b75db 8e50e25a66cf46678179fd65386b75db] 162.253.55.27 "GET /resource_providers/cb06aff3-698b-48d5-af09-dbd3ae6e2c4d/allocations" status: 200 len: 153 microversion: 1.0 [pid: 8|app: 0|req: 539/1082] 162.253.55.27 () {32 vars in 856 bytes} [Fri Sep 11 18:51:59 2026] GET /resource_providers/cb06aff3-698b-48d5-af09-dbd3ae6e2c4d/allocations => generated 153 bytes in 17 msecs (HTTP/1.1 200) 6 headers in 224 bytes (1 switches on core 0)
2026-09-11 18:51:59.057 7 INFO placement.requestlog [req-babbccde-8a67-4177-9500-851e3432a650 req-c5f24ab0-1688-4158-afe4-874596165025 b36a9a3ea3cf41ae892712365c494cf4 c407a345ca1844adb342f92cc9d103fe - - 8e50e25a66cf46678179fd65386b75db 8e50e25a66cf46678179fd65386b75db] 162.253.55.27 "GET /allocations/766a4ee9-694d-4890-b95a-09f32cdd1c04" status: 200 len: 258 microversion: 1.28 [pid: 7|app: 0|req: 544/1083] 162.253.55.27 () {34 vars in 862 bytes} [Fri Sep 11 18:51:59 2026] GET /allocations/766a4ee9-694d-4890-b95a-09f32cdd1c04 => generated 258 bytes in 12 msecs (HTTP/1.1 200) 8 headers in 296 bytes (1 switches on core 0)
2026-09-11 18:51:59.893 8 INFO placement.requestlog [None req-6e450830-bf61-4fca-a886-520ee055f268 f94e68f5a404410ab24a269367e6e9f2 c407a345ca1844adb342f92cc9d103fe - - 8e50e25a66cf46678179fd65386b75db 8e50e25a66cf46678179fd65386b75db] 10.0.0.99 "GET /resource_providers/9df09b5e-974a-44b8-9df2-3bbddfa7d545/aggregates" status: 404 len: 235 microversion: 1.1 [pid: 8|app: 0|req: 540/1084] 10.0.0.99 () {32 vars in 815 bytes} [Fri Sep 11 18:51:59 2026] GET /resource_providers/9df09b5e-974a-44b8-9df2-3bbddfa7d545/aggregates => generated 235 bytes in 17 msecs (HTTP/1.1 404) 5 headers in 202 bytes (1 switches on core 0)
2026-09-11 18:51:59.896 7 INFO placement.requestlog [None req-13a61677-c928-4243-85e9-080aa6eaa27e f94e68f5a404410ab24a269367e6e9f2 c407a345ca1844adb342f92cc9d103fe - - 8e50e25a66cf46678179fd65386b75db 8e50e25a66cf46678179fd65386b75db] 10.0.0.99 "GET /resource_providers/9df09b5e-974a-44b8-9df2-3bbddfa7d545/aggregates" status: 404 len: 235 microversion: 1.1 [pid: 7|app: 0|req: 545/1085] 10.0.0.99 () {32 vars in 815 bytes} [Fri Sep 11 18:51:59 2026] GET /resource_providers/9df09b5e-974a-44b8-9df2-3bbddfa7d545/aggregates => generated 235 bytes in 13 msecs (HTTP/1.1 404) 5 headers in 202 bytes (1 switches on core 0)
2026-09-11 18:51:59.921 8 INFO placement.requestlog [None req-780586c0-3cd0-4c63-95af-dfde7f52a7f5 f94e68f5a404410ab24a269367e6e9f2 c407a345ca1844adb342f92cc9d103fe - - 8e50e25a66cf46678179fd65386b75db 8e50e25a66cf46678179fd65386b75db] 10.0.0.99 "DELETE /resource_providers/9df09b5e-974a-44b8-9df2-3bbddfa7d545" status: 404 len: 246 microversion: 1.1 [pid: 8|app: 0|req: 541/1086] 10.0.0.99 () {34 vars in 815 bytes} [Fri Sep 11 18:51:59 2026] DELETE /resource_providers/9df09b5e-974a-44b8-9df2-3bbddfa7d545 => generated 246 bytes in 13 msecs (HTTP/1.1 404) 6 headers in 231 bytes (1 switches on core 0)
2026-09-11 18:51:59.926 7 INFO placement.requestlog [None req-73605096-986d-4076-b7d3-f5a534887ad9 f94e68f5a404410ab24a269367e6e9f2 c407a345ca1844adb342f92cc9d103fe - - 8e50e25a66cf46678179fd65386b75db 8e50e25a66cf46678179fd65386b75db] 10.0.0.99 "DELETE /resource_providers/9df09b5e-974a-44b8-9df2-3bbddfa7d545" status: 404 len: 246 microversion: 1.1 [pid: 7|app: 0|req: 546/1087] 10.0.0.99 () {34 vars in 815 bytes} [Fri Sep 11 18:51:59 2026] DELETE /resource_providers/9df09b5e-974a-44b8-9df2-3bbddfa7d545 => generated 246 bytes in 15 msecs (HTTP/1.1 404) 6 headers in 231 bytes (1 switches on core 0)
2026-09-11 18:52:00.545 8 INFO placement.requestlog [None req-ea00f051-283f-4eb4-9068-e7ad2b66ff5c f94e68f5a404410ab24a269367e6e9f2 c407a345ca1844adb342f92cc9d103fe - - 8e50e25a66cf46678179fd65386b75db 8e50e25a66cf46678179fd65386b75db] 10.0.0.99 "GET /resource_providers/6eaac21d-e1fa-47f2-a5cd-582a003ebc5e/aggregates" status: 404 len: 235 microversion: 1.1 [pid: 8|app: 0|req: 542/1088] 10.0.0.99 () {32 vars in 815 bytes} [Fri Sep 11 18:52:00 2026] GET /resource_providers/6eaac21d-e1fa-47f2-a5cd-582a003ebc5e/aggregates => generated 235 bytes in 13 msecs (HTTP/1.1 404) 5 headers in 202 bytes (1 switches on core 0)
2026-09-11 18:52:00.548 7 INFO placement.requestlog [None req-7a359fe4-d597-407d-a042-29d08bf48961 f94e68f5a404410ab24a269367e6e9f2 c407a345ca1844adb342f92cc9d103fe - - 8e50e25a66cf46678179fd65386b75db 8e50e25a66cf46678179fd65386b75db] 10.0.0.99 "GET /resource_providers/6eaac21d-e1fa-47f2-a5cd-582a003ebc5e/aggregates" status: 404 len: 235 microversion: 1.1 [pid: 7|app: 0|req: 547/1089] 10.0.0.99 () {32 vars in 815 bytes} [Fri Sep 11 18:52:00 2026] GET /resource_providers/6eaac21d-e1fa-47f2-a5cd-582a003ebc5e/aggregates => generated 235 bytes in 14 msecs (HTTP/1.1 404) 5 headers in 202 bytes (1 switches on core 0)
2026-09-11 18:52:00.572 7 INFO placement.requestlog [None req-eccd1b5f-5274-40ea-a1db-92f336695ac4 f94e68f5a404410ab24a269367e6e9f2 c407a345ca1844adb342f92cc9d103fe - - 8e50e25a66cf46678179fd65386b75db 8e50e25a66cf46678179fd65386b75db] 10.0.0.99 "DELETE /resource_providers/6eaac21d-e1fa-47f2-a5cd-582a003ebc5e" status: 404 len: 246 microversion: 1.1 [pid: 7|app: 0|req: 548/1090] 10.0.0.99 () {34 vars in 815 bytes} [Fri Sep 11 18:52:00 2026] DELETE /resource_providers/6eaac21d-e1fa-47f2-a5cd-582a003ebc5e => generated 246 bytes in 12 msecs (HTTP/1.1 404) 6 headers in 231 bytes (1 switches on core 0)
2026-09-11 18:52:00.572 8 INFO placement.requestlog [None req-999c1e76-23f5-4183-83b7-3a5cb3788b46 f94e68f5a404410ab24a269367e6e9f2 c407a345ca1844adb342f92cc9d103fe - - 8e50e25a66cf46678179fd65386b75db 8e50e25a66cf46678179fd65386b75db] 10.0.0.99 "DELETE /resource_providers/6eaac21d-e1fa-47f2-a5cd-582a003ebc5e" status: 404 len: 246 microversion: 1.1 [pid: 8|app: 0|req: 543/1091] 10.0.0.99 () {34 vars in 815 bytes} [Fri Sep 11 18:52:00 2026] DELETE /resource_providers/6eaac21d-e1fa-47f2-a5cd-582a003ebc5e => generated 246 bytes in 15 msecs (HTTP/1.1 404) 6 headers in 231 bytes (1 switches on core 0)
2026-09-11 18:52:00.615 7 INFO placement.requestlog [None req-e5636cdf-5fd8-4e7c-8841-442782f7b4ca f94e68f5a404410ab24a269367e6e9f2 c407a345ca1844adb342f92cc9d103fe - - 8e50e25a66cf46678179fd65386b75db 8e50e25a66cf46678179fd65386b75db] 10.0.0.99 "GET /resource_providers/c8ad830f-a0a5-4a2a-91e9-7a4d89658c6a/aggregates" status: 404 len: 235 microversion: 1.1 [pid: 7|app: 0|req: 549/1092] 10.0.0.99 () {32 vars in 815 bytes} [Fri Sep 11 18:52:00 2026] GET /resource_providers/c8ad830f-a0a5-4a2a-91e9-7a4d89658c6a/aggregates => generated 235 bytes in 16 msecs (HTTP/1.1 404) 5 headers in 202 bytes (1 switches on core 0)
2026-09-11 18:52:00.628 8 INFO placement.requestlog [None req-49a740d2-885e-4764-b2f9-41463569bfbc f94e68f5a404410ab24a269367e6e9f2 c407a345ca1844adb342f92cc9d103fe - - 8e50e25a66cf46678179fd65386b75db 8e50e25a66cf46678179fd65386b75db] 10.0.0.99 "GET /resource_providers/c8ad830f-a0a5-4a2a-91e9-7a4d89658c6a/aggregates" status: 404 len: 235 microversion: 1.1 [pid: 8|app: 0|req: 544/1093] 10.0.0.99 () {32 vars in 815 bytes} [Fri Sep 11 18:52:00 2026] GET /resource_providers/c8ad830f-a0a5-4a2a-91e9-7a4d89658c6a/aggregates => generated 235 bytes in 26 msecs (HTTP/1.1 404) 5 headers in 202 bytes (1 switches on core 0)
2026-09-11 18:52:00.648 7 INFO placement.requestlog [None req-004c4084-7641-4070-85eb-766be04faedb f94e68f5a404410ab24a269367e6e9f2 c407a345ca1844adb342f92cc9d103fe - - 8e50e25a66cf46678179fd65386b75db 8e50e25a66cf46678179fd65386b75db] 10.0.0.99 "DELETE /resource_providers/c8ad830f-a0a5-4a2a-91e9-7a4d89658c6a" status: 404 len: 246 microversion: 1.1 [pid: 7|app: 0|req: 550/1094] 10.0.0.99 () {34 vars in 815 bytes} [Fri Sep 11 18:52:00 2026] DELETE /resource_providers/c8ad830f-a0a5-4a2a-91e9-7a4d89658c6a => generated 246 bytes in 11 msecs (HTTP/1.1 404) 6 headers in 231 bytes (1 switches on core 0)
2026-09-11 18:52:00.654 8 INFO placement.requestlog [None req-1fc7388e-5c1a-48ed-a38c-2a29402309d8 f94e68f5a404410ab24a269367e6e9f2 c407a345ca1844adb342f92cc9d103fe - - 8e50e25a66cf46678179fd65386b75db 8e50e25a66cf46678179fd65386b75db] 10.0.0.99 "DELETE /resource_providers/c8ad830f-a0a5-4a2a-91e9-7a4d89658c6a" status: 404 len: 246 microversion: 1.1 [pid: 8|app: 0|req: 545/1095] 10.0.0.99 () {34 vars in 815 bytes} [Fri Sep 11 18:52:00 2026] DELETE /resource_providers/c8ad830f-a0a5-4a2a-91e9-7a4d89658c6a => generated 246 bytes in 12 msecs (HTTP/1.1 404) 6 headers in 231 bytes (1 switches on core 0)
2026-09-11 18:52:00.681 8 INFO placement.requestlog [None req-d70db6bb-16a1-4397-b891-27c4b5313ccd f94e68f5a404410ab24a269367e6e9f2 c407a345ca1844adb342f92cc9d103fe - - 8e50e25a66cf46678179fd65386b75db 8e50e25a66cf46678179fd65386b75db] 10.0.0.99 "GET /resource_providers/78dc161e-49f0-406e-b0b3-109a411aa6ce/aggregates" status: 404 len: 235 microversion: 1.1
2026-09-11 18:52:00.682 7 INFO placement.requestlog [None req-06eb458e-a226-49ef-8a2e-d327f213d4ca f94e68f5a404410ab24a269367e6e9f2 c407a345ca1844adb342f92cc9d103fe - - 8e50e25a66cf46678179fd65386b75db 8e50e25a66cf46678179fd65386b75db] 10.0.0.99 "GET /resource_providers/78dc161e-49f0-406e-b0b3-109a411aa6ce/aggregates" status: 404 len: 235 microversion: 1.1 [pid: 8|app: 0|req: 546/1096] 10.0.0.99 () {32 vars in 815 bytes} [Fri Sep 11 18:52:00 2026] GET /resource_providers/78dc161e-49f0-406e-b0b3-109a411aa6ce/aggregates => generated 235 bytes in 15 msecs (HTTP/1.1 404) 5 headers in 202 bytes (1 switches on core 0) [pid: 7|app: 0|req: 551/1097] 10.0.0.99 () {32 vars in 815 bytes} [Fri Sep 11 18:52:00 2026] GET /resource_providers/78dc161e-49f0-406e-b0b3-109a411aa6ce/aggregates => generated 235 bytes in 16 msecs (HTTP/1.1 404) 5 headers in 202 bytes (1 switches on core 0)
2026-09-11 18:52:00.712 8 INFO placement.requestlog [None req-43f6e486-5985-4b72-adda-6b8405d433c2 f94e68f5a404410ab24a269367e6e9f2 c407a345ca1844adb342f92cc9d103fe - - 8e50e25a66cf46678179fd65386b75db 8e50e25a66cf46678179fd65386b75db] 10.0.0.99 "DELETE /resource_providers/78dc161e-49f0-406e-b0b3-109a411aa6ce" status: 404 len: 246 microversion: 1.1 [pid: 8|app: 0|req: 547/1098] 10.0.0.99 () {34 vars in 815 bytes} [Fri Sep 11 18:52:00 2026] DELETE /resource_providers/78dc161e-49f0-406e-b0b3-109a411aa6ce => generated 246 bytes in 13 msecs (HTTP/1.1 404) 6 headers in 231 bytes (1 switches on core 0)
2026-09-11 18:52:00.713 7 INFO placement.requestlog [None req-156b26ed-73d2-492d-b396-2c90d7b942ef f94e68f5a404410ab24a269367e6e9f2 c407a345ca1844adb342f92cc9d103fe - - 8e50e25a66cf46678179fd65386b75db 8e50e25a66cf46678179fd65386b75db] 10.0.0.99 "DELETE /resource_providers/78dc161e-49f0-406e-b0b3-109a411aa6ce" status: 404 len: 246 microversion: 1.1 [pid: 7|app: 0|req: 552/1099] 10.0.0.99 () {34 vars in 815 bytes} [Fri Sep 11 18:52:00 2026] DELETE /resource_providers/78dc161e-49f0-406e-b0b3-109a411aa6ce => generated 246 bytes in 13 msecs (HTTP/1.1 404) 6 headers in 231 bytes (1 switches on core 0)
2026-09-11 18:52:00.753 8 INFO placement.requestlog [None req-e2a0e540-0ba5-467c-9a2c-fe8f05f1788a f94e68f5a404410ab24a269367e6e9f2 c407a345ca1844adb342f92cc9d103fe - - 8e50e25a66cf46678179fd65386b75db 8e50e25a66cf46678179fd65386b75db] 10.0.0.99 "GET /resource_providers/92580f44-2b73-482f-a39c-3d2aca32a6ad/aggregates" status: 404 len: 235 microversion: 1.1 [pid: 8|app: 0|req: 548/1100] 10.0.0.99 () {32 vars in 815 bytes} [Fri Sep 11 18:52:00 2026] GET /resource_providers/92580f44-2b73-482f-a39c-3d2aca32a6ad/aggregates => generated 235 bytes in 14 msecs (HTTP/1.1 404) 5 headers in 202 bytes (1 switches on core 0)
2026-09-11 18:52:00.758 7 INFO placement.requestlog [None req-074242aa-c6e9-4d6d-84ba-bb77f0ea5ae6 f94e68f5a404410ab24a269367e6e9f2 c407a345ca1844adb342f92cc9d103fe - - 8e50e25a66cf46678179fd65386b75db 8e50e25a66cf46678179fd65386b75db] 10.0.0.99 "GET /resource_providers/92580f44-2b73-482f-a39c-3d2aca32a6ad/aggregates" status: 404 len: 235 microversion: 1.1 [pid: 7|app: 0|req: 553/1101] 10.0.0.99 () {32 vars in 815 bytes} [Fri Sep 11 18:52:00 2026] GET /resource_providers/92580f44-2b73-482f-a39c-3d2aca32a6ad/aggregates => generated 235 bytes in 19 msecs (HTTP/1.1 404) 5 headers in 202 bytes (1 switches on core 0)
2026-09-11 18:52:00.787 7 INFO placement.requestlog [None req-2f61f155-17c3-46c8-9055-4d61fcd7a5c8 f94e68f5a404410ab24a269367e6e9f2 c407a345ca1844adb342f92cc9d103fe - - 8e50e25a66cf46678179fd65386b75db 8e50e25a66cf46678179fd65386b75db] 10.0.0.99 "DELETE /resource_providers/92580f44-2b73-482f-a39c-3d2aca32a6ad" status: 404 len: 246 microversion: 1.1
2026-09-11 18:52:00.787 8 INFO placement.requestlog [None req-a83fac1b-22f4-419d-918d-924343c03c11 f94e68f5a404410ab24a269367e6e9f2 c407a345ca1844adb342f92cc9d103fe - - 8e50e25a66cf46678179fd65386b75db 8e50e25a66cf46678179fd65386b75db] 10.0.0.99 "DELETE /resource_providers/92580f44-2b73-482f-a39c-3d2aca32a6ad" status: 404 len: 246 microversion: 1.1 [pid: 7|app: 0|req: 554/1102] 10.0.0.99 () {34 vars in 815 bytes} [Fri Sep 11 18:52:00 2026] DELETE /resource_providers/92580f44-2b73-482f-a39c-3d2aca32a6ad => generated 246 bytes in 15 msecs (HTTP/1.1 404) 6 headers in 231 bytes (1 switches on core 0) [pid: 8|app: 0|req: 549/1103] 10.0.0.99 () {34 vars in 815 bytes} [Fri Sep 11 18:52:00 2026] DELETE /resource_providers/92580f44-2b73-482f-a39c-3d2aca32a6ad => generated 246 bytes in 16 msecs (HTTP/1.1 404) 6 headers in 231 bytes (1 switches on core 0)
2026-09-11 18:52:00.816 7 INFO placement.requestlog [None req-391cc878-5e0d-4b8f-bd76-fefbe523d041 f94e68f5a404410ab24a269367e6e9f2 c407a345ca1844adb342f92cc9d103fe - - 8e50e25a66cf46678179fd65386b75db 8e50e25a66cf46678179fd65386b75db] 10.0.0.99 "GET /resource_providers/08abb0df-6b96-4084-82dd-cff21fcc94c1/aggregates" status: 404 len: 235 microversion: 1.1 [pid: 7|app: 0|req: 555/1104] 10.0.0.99 () {32 vars in 815 bytes} [Fri Sep 11 18:52:00 2026] GET /resource_providers/08abb0df-6b96-4084-82dd-cff21fcc94c1/aggregates => generated 235 bytes in 11 msecs (HTTP/1.1 404) 5 headers in 202 bytes (1 switches on core 0)
2026-09-11 18:52:00.824 8 INFO placement.requestlog [None req-9cd984a9-bfe1-40bc-b1a2-fafc9b624d88 f94e68f5a404410ab24a269367e6e9f2 c407a345ca1844adb342f92cc9d103fe - - 8e50e25a66cf46678179fd65386b75db 8e50e25a66cf46678179fd65386b75db] 10.0.0.99 "GET /resource_providers/08abb0df-6b96-4084-82dd-cff21fcc94c1/aggregates" status: 404 len: 235 microversion: 1.1 [pid: 8|app: 0|req: 550/1105] 10.0.0.99 () {32 vars in 815 bytes} [Fri Sep 11 18:52:00 2026] GET /resource_providers/08abb0df-6b96-4084-82dd-cff21fcc94c1/aggregates => generated 235 bytes in 16 msecs (HTTP/1.1 404) 5 headers in 202 bytes (1 switches on core 0)
2026-09-11 18:52:00.846 7 INFO placement.requestlog [None req-3514636a-7778-47c3-a5cb-528388430b61 f94e68f5a404410ab24a269367e6e9f2 c407a345ca1844adb342f92cc9d103fe - - 8e50e25a66cf46678179fd65386b75db 8e50e25a66cf46678179fd65386b75db] 10.0.0.99 "DELETE /resource_providers/08abb0df-6b96-4084-82dd-cff21fcc94c1" status: 404 len: 246 microversion: 1.1
2026-09-11 18:52:00.848 8 INFO placement.requestlog [None req-5ecc0d30-dfaf-4a94-99f8-31ad9fc27e3e f94e68f5a404410ab24a269367e6e9f2 c407a345ca1844adb342f92cc9d103fe - - 8e50e25a66cf46678179fd65386b75db 8e50e25a66cf46678179fd65386b75db] 10.0.0.99 "DELETE /resource_providers/08abb0df-6b96-4084-82dd-cff21fcc94c1" status: 404 len: 246 microversion: 1.1 [pid: 7|app: 0|req: 556/1106] 10.0.0.99 () {34 vars in 815 bytes} [Fri Sep 11 18:52:00 2026] DELETE /resource_providers/08abb0df-6b96-4084-82dd-cff21fcc94c1 => generated 246 bytes in 16 msecs (HTTP/1.1 404) 6 headers in 231 bytes (1 switches on core 0) [pid: 8|app: 0|req: 551/1107] 10.0.0.99 () {34 vars in 815 bytes} [Fri Sep 11 18:52:00 2026] DELETE /resource_providers/08abb0df-6b96-4084-82dd-cff21fcc94c1 => generated 246 bytes in 12 msecs (HTTP/1.1 404) 6 headers in 231 bytes (1 switches on core 0)
2026-09-11 18:52:02.552 8 INFO placement.requestlog [None req-35cb3ea8-c37a-4535-b753-281b1f27f603 - - - - - -] 10.0.0.133 "GET /" status: 200 len: 136 microversion: 1.0
2026-09-11 18:52:02.552 7 INFO placement.requestlog [None req-a9bb31b1-dff5-4cd1-b6f7-9c0b0b51cad0 - - - - - -] 10.0.0.133 "GET /" status: 200 len: 136 microversion: 1.0
2026-09-11 18:52:05.485 7 INFO placement.requestlog [req-6a9e4e7d-7bcc-4bd5-ab67-6f5f77726b3d req-1946b065-c7c4-453b-b023-816ccdd2bc9c b36a9a3ea3cf41ae892712365c494cf4 c407a345ca1844adb342f92cc9d103fe - - 8e50e25a66cf46678179fd65386b75db 8e50e25a66cf46678179fd65386b75db] 162.253.55.27 "GET /resource_providers/cb06aff3-698b-48d5-af09-dbd3ae6e2c4d/allocations" status: 200 len: 153 microversion: 1.0 [pid: 7|app: 0|req: 558/1110] 162.253.55.27 () {32 vars in 856 bytes} [Fri Sep 11 18:52:05 2026] GET /resource_providers/cb06aff3-698b-48d5-af09-dbd3ae6e2c4d/allocations => generated 153 bytes in 22 msecs (HTTP/1.1 200) 6 headers in 224 bytes (1 switches on core 0)
2026-09-11 18:52:05.507 8 INFO placement.requestlog [req-6a9e4e7d-7bcc-4bd5-ab67-6f5f77726b3d req-4224224f-3754-411f-8a45-0e9bf9a2d0ad b36a9a3ea3cf41ae892712365c494cf4 c407a345ca1844adb342f92cc9d103fe - - 8e50e25a66cf46678179fd65386b75db 8e50e25a66cf46678179fd65386b75db] 162.253.55.27 "GET /allocations/766a4ee9-694d-4890-b95a-09f32cdd1c04" status: 200 len: 258 microversion: 1.28 [pid: 8|app: 0|req: 553/1111] 162.253.55.27 () {34 vars in 862 bytes} [Fri Sep 11 18:52:05 2026] GET /allocations/766a4ee9-694d-4890-b95a-09f32cdd1c04 => generated 258 bytes in 13 msecs (HTTP/1.1 200) 8 headers in 296 bytes (1 switches on core 0)
2026-09-11 18:52:05.723 7 INFO placement.requestlog [None req-4229a6ad-b945-484b-9a2b-737e2c8f9498 f94e68f5a404410ab24a269367e6e9f2 c407a345ca1844adb342f92cc9d103fe - - 8e50e25a66cf46678179fd65386b75db 8e50e25a66cf46678179fd65386b75db] 10.0.0.99 "GET /resource_providers/be72b2c8-5b73-4ec2-a63a-40d64d242e48/aggregates" status: 404 len: 235 microversion: 1.1 [pid: 7|app: 0|req: 559/1112] 10.0.0.99 () {32 vars in 815 bytes} [Fri Sep 11 18:52:05 2026] GET /resource_providers/be72b2c8-5b73-4ec2-a63a-40d64d242e48/aggregates => generated 235 bytes in 13 msecs (HTTP/1.1 404) 5 headers in 202 bytes (1 switches on core 0)
2026-09-11 18:52:05.728 8 INFO placement.requestlog [None req-2d7cbdba-fa53-427b-8c88-03ebdbb6ccb8 f94e68f5a404410ab24a269367e6e9f2 c407a345ca1844adb342f92cc9d103fe - - 8e50e25a66cf46678179fd65386b75db 8e50e25a66cf46678179fd65386b75db] 10.0.0.99 "GET /resource_providers/be72b2c8-5b73-4ec2-a63a-40d64d242e48/aggregates" status: 404 len: 235 microversion: 1.1 [pid: 8|app: 0|req: 554/1113] 10.0.0.99 () {32 vars in 815 bytes} [Fri Sep 11 18:52:05 2026] GET /resource_providers/be72b2c8-5b73-4ec2-a63a-40d64d242e48/aggregates => generated 235 bytes in 18 msecs (HTTP/1.1 404) 5 headers in 202 bytes (1 switches on core 0)
2026-09-11 18:52:05.754 7 INFO placement.requestlog [None req-9682e418-9e3c-4a88-9cd4-00be0f7aa4e3 f94e68f5a404410ab24a269367e6e9f2 c407a345ca1844adb342f92cc9d103fe - - 8e50e25a66cf46678179fd65386b75db 8e50e25a66cf46678179fd65386b75db] 10.0.0.99 "DELETE /resource_providers/be72b2c8-5b73-4ec2-a63a-40d64d242e48" status: 404 len: 246 microversion: 1.1 [pid: 7|app: 0|req: 560/1114] 10.0.0.99 () {34 vars in 815 bytes} [Fri Sep 11 18:52:05 2026] DELETE /resource_providers/be72b2c8-5b73-4ec2-a63a-40d64d242e48 => generated 246 bytes in 14 msecs (HTTP/1.1 404) 6 headers in 231 bytes (1 switches on core 0)
2026-09-11 18:52:05.755 8 INFO placement.requestlog [None req-cece9ea6-a872-4423-a09c-a711fffb1e73 f94e68f5a404410ab24a269367e6e9f2 c407a345ca1844adb342f92cc9d103fe - - 8e50e25a66cf46678179fd65386b75db 8e50e25a66cf46678179fd65386b75db] 10.0.0.99 "DELETE /resource_providers/be72b2c8-5b73-4ec2-a63a-40d64d242e48" status: 404 len: 246 microversion: 1.1 [pid: 8|app: 0|req: 555/1115] 10.0.0.99 () {34 vars in 815 bytes} [Fri Sep 11 18:52:05 2026] DELETE /resource_providers/be72b2c8-5b73-4ec2-a63a-40d64d242e48 => generated 246 bytes in 13 msecs (HTTP/1.1 404) 6 headers in 231 bytes (1 switches on core 0)
2026-09-11 18:52:06.307 7 INFO placement.requestlog [None req-e3117bd8-e2e9-4eba-b94f-78a5b7af3b8f f94e68f5a404410ab24a269367e6e9f2 c407a345ca1844adb342f92cc9d103fe - - 8e50e25a66cf46678179fd65386b75db 8e50e25a66cf46678179fd65386b75db] 10.0.0.99 "GET /resource_providers/0a6579c4-a85e-47e5-ba9a-6a474524b951/aggregates" status: 404 len: 235 microversion: 1.1
2026-09-11 18:52:06.307 8 INFO placement.requestlog [None req-811055f0-ed50-4b2e-960e-32abb309f937 f94e68f5a404410ab24a269367e6e9f2 c407a345ca1844adb342f92cc9d103fe - - 8e50e25a66cf46678179fd65386b75db 8e50e25a66cf46678179fd65386b75db] 10.0.0.99 "GET /resource_providers/0a6579c4-a85e-47e5-ba9a-6a474524b951/aggregates" status: 404 len: 235 microversion: 1.1 [pid: 7|app: 0|req: 561/1116] 10.0.0.99 () {32 vars in 815 bytes} [Fri Sep 11 18:52:06 2026] GET /resource_providers/0a6579c4-a85e-47e5-ba9a-6a474524b951/aggregates => generated 235 bytes in 13 msecs (HTTP/1.1 404) 5 headers in 202 bytes (1 switches on core 0) [pid: 8|app: 0|req: 556/1117] 10.0.0.99 () {32 vars in 815 bytes} [Fri Sep 11 18:52:06 2026] GET /resource_providers/0a6579c4-a85e-47e5-ba9a-6a474524b951/aggregates => generated 235 bytes in 12 msecs (HTTP/1.1 404) 5 headers in 202 bytes (1 switches on core 0)
2026-09-11 18:52:06.341 7 INFO placement.requestlog [None req-6d73bb1f-dc4f-434e-939e-b01b950c1ef0 f94e68f5a404410ab24a269367e6e9f2 c407a345ca1844adb342f92cc9d103fe - - 8e50e25a66cf46678179fd65386b75db 8e50e25a66cf46678179fd65386b75db] 10.0.0.99 "DELETE /resource_providers/0a6579c4-a85e-47e5-ba9a-6a474524b951" status: 404 len: 246 microversion: 1.1 [pid: 7|app: 0|req: 562/1118] 10.0.0.99 () {34 vars in 815 bytes} [Fri Sep 11 18:52:06 2026] DELETE /resource_providers/0a6579c4-a85e-47e5-ba9a-6a474524b951 => generated 246 bytes in 13 msecs (HTTP/1.1 404) 6 headers in 231 bytes (1 switches on core 0)
2026-09-11 18:52:06.350 8 INFO placement.requestlog [None req-aea33e49-efce-4364-af19-d19058a414c7 f94e68f5a404410ab24a269367e6e9f2 c407a345ca1844adb342f92cc9d103fe - - 8e50e25a66cf46678179fd65386b75db 8e50e25a66cf46678179fd65386b75db] 10.0.0.99 "DELETE /resource_providers/0a6579c4-a85e-47e5-ba9a-6a474524b951" status: 404 len: 246 microversion: 1.1 [pid: 8|app: 0|req: 557/1119] 10.0.0.99 () {34 vars in 815 bytes} [Fri Sep 11 18:52:06 2026] DELETE /resource_providers/0a6579c4-a85e-47e5-ba9a-6a474524b951 => generated 246 bytes in 16 msecs (HTTP/1.1 404) 6 headers in 231 bytes (1 switches on core 0)
2026-09-11 18:52:09.152 7 INFO placement.requestlog [req-6a9e4e7d-7bcc-4bd5-ab67-6f5f77726b3d req-19c4f0af-4f29-4197-abb3-3de5f0d55db4 b36a9a3ea3cf41ae892712365c494cf4 c407a345ca1844adb342f92cc9d103fe - - 8e50e25a66cf46678179fd65386b75db 8e50e25a66cf46678179fd65386b75db] 162.253.55.27 "DELETE /allocations/766a4ee9-694d-4890-b95a-09f32cdd1c04" status: 204 len: 0 microversion: 1.0 [pid: 7|app: 0|req: 563/1120] 162.253.55.27 () {34 vars in 840 bytes} [Fri Sep 11 18:52:09 2026] DELETE /allocations/766a4ee9-694d-4890-b95a-09f32cdd1c04 => generated 0 bytes in 43 msecs (HTTP/1.1 204) 5 headers in 198 bytes (1 switches on core 0)
2026-09-11 18:52:09.869 8 INFO placement.requestlog [req-98f8f03d-4c05-48d0-a2c5-70d32e6bcc37 req-ba189a60-5a07-46f2-bdf0-63dd4d0f0b9a b36a9a3ea3cf41ae892712365c494cf4 c407a345ca1844adb342f92cc9d103fe - - 8e50e25a66cf46678179fd65386b75db 8e50e25a66cf46678179fd65386b75db] 10.0.0.131 "DELETE /allocations/766a4ee9-694d-4890-b95a-09f32cdd1c04" status: 404 len: 228 microversion: 1.0 [pid: 8|app: 0|req: 558/1121] 10.0.0.131 () {34 vars in 830 bytes} [Fri Sep 11 18:52:09 2026] DELETE /allocations/766a4ee9-694d-4890-b95a-09f32cdd1c04 => generated 228 bytes in 11 msecs (HTTP/1.1 404) 6 headers in 231 bytes (1 switches on core 0)
2026-09-11 18:52:10.304 8 INFO placement.requestlog [None req-7566c52c-8729-4321-a729-67504c016972 f94e68f5a404410ab24a269367e6e9f2 c407a345ca1844adb342f92cc9d103fe - - 8e50e25a66cf46678179fd65386b75db 8e50e25a66cf46678179fd65386b75db] 10.0.0.99 "GET /resource_providers/cd873092-9dd5-4bce-a8d8-05fe502d8f25/aggregates" status: 404 len: 235 microversion: 1.1 [pid: 8|app: 0|req: 559/1122] 10.0.0.99 () {32 vars in 815 bytes} [Fri Sep 11 18:52:10 2026] GET /resource_providers/cd873092-9dd5-4bce-a8d8-05fe502d8f25/aggregates => generated 235 bytes in 10 msecs (HTTP/1.1 404) 5 headers in 202 bytes (1 switches on core 0)
2026-09-11 18:52:10.308 7 INFO placement.requestlog [None req-b59f1833-48e8-4e7f-bdeb-ef39a1c712db f94e68f5a404410ab24a269367e6e9f2 c407a345ca1844adb342f92cc9d103fe - - 8e50e25a66cf46678179fd65386b75db 8e50e25a66cf46678179fd65386b75db] 10.0.0.99 "GET /resource_providers/cd873092-9dd5-4bce-a8d8-05fe502d8f25/aggregates" status: 404 len: 235 microversion: 1.1 [pid: 7|app: 0|req: 564/1123] 10.0.0.99 () {32 vars in 815 bytes} [Fri Sep 11 18:52:10 2026] GET /resource_providers/cd873092-9dd5-4bce-a8d8-05fe502d8f25/aggregates => generated 235 bytes in 17 msecs (HTTP/1.1 404) 5 headers in 202 bytes (1 switches on core 0)
2026-09-11 18:52:10.326 8 INFO placement.requestlog [None req-3cede784-adfb-42f6-a474-f97473ce7063 f94e68f5a404410ab24a269367e6e9f2 c407a345ca1844adb342f92cc9d103fe - - 8e50e25a66cf46678179fd65386b75db 8e50e25a66cf46678179fd65386b75db] 10.0.0.99 "DELETE /resource_providers/cd873092-9dd5-4bce-a8d8-05fe502d8f25" status: 404 len: 246 microversion: 1.1 [pid: 8|app: 0|req: 560/1124] 10.0.0.99 () {34 vars in 815 bytes} [Fri Sep 11 18:52:10 2026] DELETE /resource_providers/cd873092-9dd5-4bce-a8d8-05fe502d8f25 => generated 246 bytes in 10 msecs (HTTP/1.1 404) 6 headers in 231 bytes (1 switches on core 0)
2026-09-11 18:52:10.333 7 INFO placement.requestlog [None req-b5c81a99-0941-43ad-875e-8385bf63f796 f94e68f5a404410ab24a269367e6e9f2 c407a345ca1844adb342f92cc9d103fe - - 8e50e25a66cf46678179fd65386b75db 8e50e25a66cf46678179fd65386b75db] 10.0.0.99 "DELETE /resource_providers/cd873092-9dd5-4bce-a8d8-05fe502d8f25" status: 404 len: 246 microversion: 1.1 [pid: 7|app: 0|req: 565/1125] 10.0.0.99 () {34 vars in 815 bytes} [Fri Sep 11 18:52:10 2026] DELETE /resource_providers/cd873092-9dd5-4bce-a8d8-05fe502d8f25 => generated 246 bytes in 9 msecs (HTTP/1.1 404) 6 headers in 231 bytes (1 switches on core 0)
2026-09-11 18:52:12.552 7 INFO placement.requestlog [None req-7d5db8aa-4530-487e-bde8-32d341bbd4e6 - - - - - -] 10.0.0.133 "GET /" status: 200 len: 136 microversion: 1.0
2026-09-11 18:52:12.552 8 INFO placement.requestlog [None req-16fcf0c6-6569-4cdc-b278-fda81a4f5bcb - - - - - -] 10.0.0.133 "GET /" status: 200 len: 136 microversion: 1.0
2026-09-11 18:52:12.745 8 INFO placement.requestlog [None req-b5555590-6df9-4504-9fd3-15e58874bac3 f94e68f5a404410ab24a269367e6e9f2 c407a345ca1844adb342f92cc9d103fe - - 8e50e25a66cf46678179fd65386b75db 8e50e25a66cf46678179fd65386b75db] 10.0.0.99 "GET /resource_providers/86f3b762-cb5c-413e-a08c-83ac01e513da/aggregates" status: 404 len: 235 microversion: 1.1 [pid: 8|app: 0|req: 562/1128] 10.0.0.99 () {32 vars in 815 bytes} [Fri Sep 11 18:52:12 2026] GET /resource_providers/86f3b762-cb5c-413e-a08c-83ac01e513da/aggregates => generated 235 bytes in 10 msecs (HTTP/1.1 404) 5 headers in 202 bytes (1 switches on core 0)
2026-09-11 18:52:12.749 7 INFO placement.requestlog [None req-0633fda4-ee8b-4e2e-8d8a-8cafd1efb90f f94e68f5a404410ab24a269367e6e9f2 c407a345ca1844adb342f92cc9d103fe - - 8e50e25a66cf46678179fd65386b75db 8e50e25a66cf46678179fd65386b75db] 10.0.0.99 "GET /resource_providers/86f3b762-cb5c-413e-a08c-83ac01e513da/aggregates" status: 404 len: 235 microversion: 1.1 [pid: 7|app: 0|req: 567/1129] 10.0.0.99 () {32 vars in 815 bytes} [Fri Sep 11 18:52:12 2026] GET /resource_providers/86f3b762-cb5c-413e-a08c-83ac01e513da/aggregates => generated 235 bytes in 15 msecs (HTTP/1.1 404) 5 headers in 202 bytes (1 switches on core 0)
2026-09-11 18:52:12.772 8 INFO placement.requestlog [None req-01906204-730e-4e0c-a987-94da000aca13 f94e68f5a404410ab24a269367e6e9f2 c407a345ca1844adb342f92cc9d103fe - - 8e50e25a66cf46678179fd65386b75db 8e50e25a66cf46678179fd65386b75db] 10.0.0.99 "DELETE /resource_providers/86f3b762-cb5c-413e-a08c-83ac01e513da" status: 404 len: 246 microversion: 1.1 [pid: 8|app: 0|req: 563/1130] 10.0.0.99 () {34 vars in 815 bytes} [Fri Sep 11 18:52:12 2026] DELETE /resource_providers/86f3b762-cb5c-413e-a08c-83ac01e513da => generated 246 bytes in 9 msecs (HTTP/1.1 404) 6 headers in 231 bytes (1 switches on core 0)
2026-09-11 18:52:12.781 7 INFO placement.requestlog [None req-cae836ac-1718-4d26-adaf-066938fccef6 f94e68f5a404410ab24a269367e6e9f2 c407a345ca1844adb342f92cc9d103fe - - 8e50e25a66cf46678179fd65386b75db 8e50e25a66cf46678179fd65386b75db] 10.0.0.99 "DELETE /resource_providers/86f3b762-cb5c-413e-a08c-83ac01e513da" status: 404 len: 246 microversion: 1.1 [pid: 7|app: 0|req: 568/1131] 10.0.0.99 () {34 vars in 815 bytes} [Fri Sep 11 18:52:12 2026] DELETE /resource_providers/86f3b762-cb5c-413e-a08c-83ac01e513da => generated 246 bytes in 19 msecs (HTTP/1.1 404) 6 headers in 231 bytes (1 switches on core 0)
2026-09-11 18:52:12.949 8 INFO placement.requestlog [None req-fbe5152f-30eb-4dcf-a692-9eb4cf482b8c f94e68f5a404410ab24a269367e6e9f2 c407a345ca1844adb342f92cc9d103fe - - 8e50e25a66cf46678179fd65386b75db 8e50e25a66cf46678179fd65386b75db] 10.0.0.99 "GET /resource_providers/536ca63c-4aae-4a60-b959-732831b0c575/aggregates" status: 404 len: 235 microversion: 1.1 [pid: 8|app: 0|req: 564/1132] 10.0.0.99 () {32 vars in 815 bytes} [Fri Sep 11 18:52:12 2026] GET /resource_providers/536ca63c-4aae-4a60-b959-732831b0c575/aggregates => generated 235 bytes in 8 msecs (HTTP/1.1 404) 5 headers in 202 bytes (1 switches on core 0)
2026-09-11 18:52:12.961 7 INFO placement.requestlog [None req-9961ef5a-32fe-4127-9258-870672199582 f94e68f5a404410ab24a269367e6e9f2 c407a345ca1844adb342f92cc9d103fe - - 8e50e25a66cf46678179fd65386b75db 8e50e25a66cf46678179fd65386b75db] 10.0.0.99 "GET /resource_providers/536ca63c-4aae-4a60-b959-732831b0c575/aggregates" status: 404 len: 235 microversion: 1.1 [pid: 7|app: 0|req: 569/1133] 10.0.0.99 () {32 vars in 815 bytes} [Fri Sep 11 18:52:12 2026] GET /resource_providers/536ca63c-4aae-4a60-b959-732831b0c575/aggregates => generated 235 bytes in 16 msecs (HTTP/1.1 404) 5 headers in 202 bytes (1 switches on core 0)
2026-09-11 18:52:12.968 8 INFO placement.requestlog [None req-afdb2ed7-848a-4121-bf24-748c3d8e8a25 f94e68f5a404410ab24a269367e6e9f2 c407a345ca1844adb342f92cc9d103fe - - 8e50e25a66cf46678179fd65386b75db 8e50e25a66cf46678179fd65386b75db] 10.0.0.99 "DELETE /resource_providers/536ca63c-4aae-4a60-b959-732831b0c575" status: 404 len: 246 microversion: 1.1 [pid: 8|app: 0|req: 565/1134] 10.0.0.99 () {34 vars in 815 bytes} [Fri Sep 11 18:52:12 2026] DELETE /resource_providers/536ca63c-4aae-4a60-b959-732831b0c575 => generated 246 bytes in 10 msecs (HTTP/1.1 404) 6 headers in 231 bytes (1 switches on core 0)
2026-09-11 18:52:12.984 7 INFO placement.requestlog [None req-283b9ad1-52ff-47dd-8c11-c98cfd4aa996 f94e68f5a404410ab24a269367e6e9f2 c407a345ca1844adb342f92cc9d103fe - - 8e50e25a66cf46678179fd65386b75db 8e50e25a66cf46678179fd65386b75db] 10.0.0.99 "DELETE /resource_providers/536ca63c-4aae-4a60-b959-732831b0c575" status: 404 len: 246 microversion: 1.1 [pid: 7|app: 0|req: 570/1135] 10.0.0.99 () {34 vars in 815 bytes} [Fri Sep 11 18:52:12 2026] DELETE /resource_providers/536ca63c-4aae-4a60-b959-732831b0c575 => generated 246 bytes in 7 msecs (HTTP/1.1 404) 6 headers in 231 bytes (1 switches on core 0)
2026-09-11 18:52:18.252 8 INFO placement.requestlog [None req-ef00fdec-67b8-4ee5-bcde-a9794b347c31 f94e68f5a404410ab24a269367e6e9f2 c407a345ca1844adb342f92cc9d103fe - - 8e50e25a66cf46678179fd65386b75db 8e50e25a66cf46678179fd65386b75db] 10.0.0.99 "GET /resource_providers/b46d5f00-c156-4e3a-8911-81a15fc6f076/aggregates" status: 404 len: 235 microversion: 1.1 [pid: 8|app: 0|req: 566/1136] 10.0.0.99 () {32 vars in 815 bytes} [Fri Sep 11 18:52:18 2026] GET /resource_providers/b46d5f00-c156-4e3a-8911-81a15fc6f076/aggregates => generated 235 bytes in 10 msecs (HTTP/1.1 404) 5 headers in 202 bytes (1 switches on core 0)
2026-09-11 18:52:18.264 7 INFO placement.requestlog [None req-a4b1e9a2-ec46-4a97-af15-733f40ed76e7 f94e68f5a404410ab24a269367e6e9f2 c407a345ca1844adb342f92cc9d103fe - - 8e50e25a66cf46678179fd65386b75db 8e50e25a66cf46678179fd65386b75db] 10.0.0.99 "GET /resource_providers/b46d5f00-c156-4e3a-8911-81a15fc6f076/aggregates" status: 404 len: 235 microversion: 1.1 [pid: 7|app: 0|req: 571/1137] 10.0.0.99 () {32 vars in 815 bytes} [Fri Sep 11 18:52:18 2026] GET /resource_providers/b46d5f00-c156-4e3a-8911-81a15fc6f076/aggregates => generated 235 bytes in 15 msecs (HTTP/1.1 404) 5 headers in 202 bytes (1 switches on core 0)
2026-09-11 18:52:18.272 8 INFO placement.requestlog [None req-8bbf9d7f-7e3e-4a0b-8365-988bc02b3da3 f94e68f5a404410ab24a269367e6e9f2 c407a345ca1844adb342f92cc9d103fe - - 8e50e25a66cf46678179fd65386b75db 8e50e25a66cf46678179fd65386b75db] 10.0.0.99 "DELETE /resource_providers/b46d5f00-c156-4e3a-8911-81a15fc6f076" status: 404 len: 246 microversion: 1.1 [pid: 8|app: 0|req: 567/1138] 10.0.0.99 () {34 vars in 815 bytes} [Fri Sep 11 18:52:18 2026] DELETE /resource_providers/b46d5f00-c156-4e3a-8911-81a15fc6f076 => generated 246 bytes in 10 msecs (HTTP/1.1 404) 6 headers in 231 bytes (1 switches on core 0)
2026-09-11 18:52:18.290 7 INFO placement.requestlog [None req-0073d685-0461-4923-a404-1967dc1ec954 f94e68f5a404410ab24a269367e6e9f2 c407a345ca1844adb342f92cc9d103fe - - 8e50e25a66cf46678179fd65386b75db 8e50e25a66cf46678179fd65386b75db] 10.0.0.99 "DELETE /resource_providers/b46d5f00-c156-4e3a-8911-81a15fc6f076" status: 404 len: 246 microversion: 1.1 [pid: 7|app: 0|req: 572/1139] 10.0.0.99 () {34 vars in 815 bytes} [Fri Sep 11 18:52:18 2026] DELETE /resource_providers/b46d5f00-c156-4e3a-8911-81a15fc6f076 => generated 246 bytes in 15 msecs (HTTP/1.1 404) 6 headers in 231 bytes (1 switches on core 0)
2026-09-11 18:52:21.309 7 INFO placement.requestlog [None req-6b689297-8b5f-4da1-b35c-db5572d0e039 f94e68f5a404410ab24a269367e6e9f2 c407a345ca1844adb342f92cc9d103fe - - 8e50e25a66cf46678179fd65386b75db 8e50e25a66cf46678179fd65386b75db] 10.0.0.99 "GET /resource_providers/d55cbfef-c736-476d-bada-d4166f205053/aggregates" status: 404 len: 235 microversion: 1.1
2026-09-11 18:52:21.309 8 INFO placement.requestlog [None req-9dfdce9d-ee60-4cf9-8335-5fc6011647db f94e68f5a404410ab24a269367e6e9f2 c407a345ca1844adb342f92cc9d103fe - - 8e50e25a66cf46678179fd65386b75db 8e50e25a66cf46678179fd65386b75db] 10.0.0.99 "GET /resource_providers/d55cbfef-c736-476d-bada-d4166f205053/aggregates" status: 404 len: 235 microversion: 1.1 [pid: 7|app: 0|req: 573/1140] 10.0.0.99 () {32 vars in 815 bytes} [Fri Sep 11 18:52:21 2026] GET /resource_providers/d55cbfef-c736-476d-bada-d4166f205053/aggregates => generated 235 bytes in 12 msecs (HTTP/1.1 404) 5 headers in 202 bytes (1 switches on core 0) [pid: 8|app: 0|req: 568/1141] 10.0.0.99 () {32 vars in 815 bytes} [Fri Sep 11 18:52:21 2026] GET /resource_providers/d55cbfef-c736-476d-bada-d4166f205053/aggregates => generated 235 bytes in 16 msecs (HTTP/1.1 404) 5 headers in 202 bytes (1 switches on core 0)
2026-09-11 18:52:21.340 7 INFO placement.requestlog [None req-fbe64e07-e0b6-4913-823c-8da44a0ef5e3 f94e68f5a404410ab24a269367e6e9f2 c407a345ca1844adb342f92cc9d103fe - - 8e50e25a66cf46678179fd65386b75db 8e50e25a66cf46678179fd65386b75db] 10.0.0.99 "DELETE /resource_providers/d55cbfef-c736-476d-bada-d4166f205053" status: 404 len: 246 microversion: 1.1 [pid: 7|app: 0|req: 574/1142] 10.0.0.99 () {34 vars in 815 bytes} [Fri Sep 11 18:52:21 2026] DELETE /resource_providers/d55cbfef-c736-476d-bada-d4166f205053 => generated 246 bytes in 12 msecs (HTTP/1.1 404) 6 headers in 231 bytes (1 switches on core 0)
2026-09-11 18:52:21.342 8 INFO placement.requestlog [None req-4b2ad134-238c-4cf4-99e2-6b4feac783d4 f94e68f5a404410ab24a269367e6e9f2 c407a345ca1844adb342f92cc9d103fe - - 8e50e25a66cf46678179fd65386b75db 8e50e25a66cf46678179fd65386b75db] 10.0.0.99 "DELETE /resource_providers/d55cbfef-c736-476d-bada-d4166f205053" status: 404 len: 246 microversion: 1.1 [pid: 8|app: 0|req: 569/1143] 10.0.0.99 () {34 vars in 815 bytes} [Fri Sep 11 18:52:21 2026] DELETE /resource_providers/d55cbfef-c736-476d-bada-d4166f205053 => generated 246 bytes in 14 msecs (HTTP/1.1 404) 6 headers in 231 bytes (1 switches on core 0)
2026-09-11 18:52:22.553 8 INFO placement.requestlog [None req-9ecdfcd7-674c-44e9-9561-8e69e9a2442d - - - - - -] 10.0.0.133 "GET /" status: 200 len: 136 microversion: 1.0
2026-09-11 18:52:22.553 7 INFO placement.requestlog [None req-c5a13945-70db-4b33-8aba-af390c1c7cc3 - - - - - -] 10.0.0.133 "GET /" status: 200 len: 136 microversion: 1.0
2026-09-11 18:52:23.364 8 INFO placement.requestlog [None req-fe043c1f-8a03-4dc8-bd05-e160d5900175 f94e68f5a404410ab24a269367e6e9f2 c407a345ca1844adb342f92cc9d103fe - - 8e50e25a66cf46678179fd65386b75db 8e50e25a66cf46678179fd65386b75db] 10.0.0.99 "GET /resource_providers/997d267c-ac77-4629-aa73-bee0a9ff12d6/aggregates" status: 404 len: 235 microversion: 1.1 [pid: 8|app: 0|req: 571/1146] 10.0.0.99 () {32 vars in 815 bytes} [Fri Sep 11 18:52:23 2026] GET /resource_providers/997d267c-ac77-4629-aa73-bee0a9ff12d6/aggregates => generated 235 bytes in 12 msecs (HTTP/1.1 404) 5 headers in 202 bytes (1 switches on core 0)
2026-09-11 18:52:23.366 7 INFO placement.requestlog [None req-10c34da4-d2c8-46c3-a2b7-30e341f46cba f94e68f5a404410ab24a269367e6e9f2 c407a345ca1844adb342f92cc9d103fe - - 8e50e25a66cf46678179fd65386b75db 8e50e25a66cf46678179fd65386b75db] 10.0.0.99 "GET /resource_providers/997d267c-ac77-4629-aa73-bee0a9ff12d6/aggregates" status: 404 len: 235 microversion: 1.1 [pid: 7|app: 0|req: 576/1147] 10.0.0.99 () {32 vars in 815 bytes} [Fri Sep 11 18:52:23 2026] GET /resource_providers/997d267c-ac77-4629-aa73-bee0a9ff12d6/aggregates => generated 235 bytes in 13 msecs (HTTP/1.1 404) 5 headers in 202 bytes (1 switches on core 0)
2026-09-11 18:52:23.384 7 INFO placement.requestlog [None req-7a545759-8a5f-4826-8ab8-7f8a4f8ac29b f94e68f5a404410ab24a269367e6e9f2 c407a345ca1844adb342f92cc9d103fe - - 8e50e25a66cf46678179fd65386b75db 8e50e25a66cf46678179fd65386b75db] 10.0.0.99 "DELETE /resource_providers/997d267c-ac77-4629-aa73-bee0a9ff12d6" status: 404 len: 246 microversion: 1.1 [pid: 7|app: 0|req: 577/1148] 10.0.0.99 () {34 vars in 815 bytes} [Fri Sep 11 18:52:23 2026] DELETE /resource_providers/997d267c-ac77-4629-aa73-bee0a9ff12d6 => generated 246 bytes in 7 msecs (HTTP/1.1 404) 6 headers in 231 bytes (1 switches on core 0)
2026-09-11 18:52:23.387 8 INFO placement.requestlog [None req-057aa30f-e9be-4c1c-93f6-006b3e183934 f94e68f5a404410ab24a269367e6e9f2 c407a345ca1844adb342f92cc9d103fe - - 8e50e25a66cf46678179fd65386b75db 8e50e25a66cf46678179fd65386b75db] 10.0.0.99 "DELETE /resource_providers/997d267c-ac77-4629-aa73-bee0a9ff12d6" status: 404 len: 246 microversion: 1.1 [pid: 8|app: 0|req: 572/1149] 10.0.0.99 () {34 vars in 815 bytes} [Fri Sep 11 18:52:23 2026] DELETE /resource_providers/997d267c-ac77-4629-aa73-bee0a9ff12d6 => generated 246 bytes in 12 msecs (HTTP/1.1 404) 6 headers in 231 bytes (1 switches on core 0)
2026-09-11 18:52:24.361 7 INFO placement.requestlog [None req-ab1e9d67-96ae-450e-90ef-5a65888bdd2a f94e68f5a404410ab24a269367e6e9f2 c407a345ca1844adb342f92cc9d103fe - - 8e50e25a66cf46678179fd65386b75db 8e50e25a66cf46678179fd65386b75db] 10.0.0.99 "GET /resource_providers/474606a9-a2ae-4ec0-9ce7-4974e603314d/aggregates" status: 404 len: 235 microversion: 1.1 [pid: 7|app: 0|req: 578/1150] 10.0.0.99 () {32 vars in 815 bytes} [Fri Sep 11 18:52:24 2026] GET /resource_providers/474606a9-a2ae-4ec0-9ce7-4974e603314d/aggregates => generated 235 bytes in 15 msecs (HTTP/1.1 404) 5 headers in 202 bytes (1 switches on core 0)
2026-09-11 18:52:24.365 8 INFO placement.requestlog [None req-fd0a8dd7-cc0b-4c62-a5aa-482515aa506d f94e68f5a404410ab24a269367e6e9f2 c407a345ca1844adb342f92cc9d103fe - - 8e50e25a66cf46678179fd65386b75db 8e50e25a66cf46678179fd65386b75db] 10.0.0.99 "GET /resource_providers/474606a9-a2ae-4ec0-9ce7-4974e603314d/aggregates" status: 404 len: 235 microversion: 1.1 [pid: 8|app: 0|req: 573/1151] 10.0.0.99 () {32 vars in 815 bytes} [Fri Sep 11 18:52:24 2026] GET /resource_providers/474606a9-a2ae-4ec0-9ce7-4974e603314d/aggregates => generated 235 bytes in 14 msecs (HTTP/1.1 404) 5 headers in 202 bytes (1 switches on core 0)
2026-09-11 18:52:24.391 7 INFO placement.requestlog [None req-dadabf11-75a0-4d55-8bd8-80b10405b5e5 f94e68f5a404410ab24a269367e6e9f2 c407a345ca1844adb342f92cc9d103fe - - 8e50e25a66cf46678179fd65386b75db 8e50e25a66cf46678179fd65386b75db] 10.0.0.99 "DELETE /resource_providers/474606a9-a2ae-4ec0-9ce7-4974e603314d" status: 404 len: 246 microversion: 1.1 [pid: 7|app: 0|req: 579/1152] 10.0.0.99 () {34 vars in 815 bytes} [Fri Sep 11 18:52:24 2026] DELETE /resource_providers/474606a9-a2ae-4ec0-9ce7-4974e603314d => generated 246 bytes in 12 msecs (HTTP/1.1 404) 6 headers in 231 bytes (1 switches on core 0)
2026-09-11 18:52:24.392 8 INFO placement.requestlog [None req-db225c55-ecb4-4731-aa18-a8fd4dcdd586 f94e68f5a404410ab24a269367e6e9f2 c407a345ca1844adb342f92cc9d103fe - - 8e50e25a66cf46678179fd65386b75db 8e50e25a66cf46678179fd65386b75db] 10.0.0.99 "DELETE /resource_providers/474606a9-a2ae-4ec0-9ce7-4974e603314d" status: 404 len: 246 microversion: 1.1 [pid: 8|app: 0|req: 574/1153] 10.0.0.99 () {34 vars in 815 bytes} [Fri Sep 11 18:52:24 2026] DELETE /resource_providers/474606a9-a2ae-4ec0-9ce7-4974e603314d => generated 246 bytes in 12 msecs (HTTP/1.1 404) 6 headers in 231 bytes (1 switches on core 0)
2026-09-11 18:52:26.465 7 INFO placement.requestlog [None req-9f8e5703-af90-49be-a24e-a127f92a4754 f94e68f5a404410ab24a269367e6e9f2 c407a345ca1844adb342f92cc9d103fe - - 8e50e25a66cf46678179fd65386b75db 8e50e25a66cf46678179fd65386b75db] 10.0.0.99 "GET /resource_providers/bde033ff-e23b-4568-8cfb-7fa2b8a170c4/aggregates" status: 404 len: 235 microversion: 1.1 [pid: 7|app: 0|req: 580/1154] 10.0.0.99 () {32 vars in 815 bytes} [Fri Sep 11 18:52:26 2026] GET /resource_providers/bde033ff-e23b-4568-8cfb-7fa2b8a170c4/aggregates => generated 235 bytes in 15 msecs (HTTP/1.1 404) 5 headers in 202 bytes (1 switches on core 0)
2026-09-11 18:52:26.470 8 INFO placement.requestlog [None req-7e27e1e9-96b2-49ca-a0d7-56cd63cd3b95 f94e68f5a404410ab24a269367e6e9f2 c407a345ca1844adb342f92cc9d103fe - - 8e50e25a66cf46678179fd65386b75db 8e50e25a66cf46678179fd65386b75db] 10.0.0.99 "GET /resource_providers/bde033ff-e23b-4568-8cfb-7fa2b8a170c4/aggregates" status: 404 len: 235 microversion: 1.1 [pid: 8|app: 0|req: 575/1155] 10.0.0.99 () {32 vars in 815 bytes} [Fri Sep 11 18:52:26 2026] GET /resource_providers/bde033ff-e23b-4568-8cfb-7fa2b8a170c4/aggregates => generated 235 bytes in 17 msecs (HTTP/1.1 404) 5 headers in 202 bytes (1 switches on core 0)
2026-09-11 18:52:26.509 7 INFO placement.requestlog [None req-f9508690-f8fc-4276-a383-a1f698d850a4 f94e68f5a404410ab24a269367e6e9f2 c407a345ca1844adb342f92cc9d103fe - - 8e50e25a66cf46678179fd65386b75db 8e50e25a66cf46678179fd65386b75db] 10.0.0.99 "DELETE /resource_providers/bde033ff-e23b-4568-8cfb-7fa2b8a170c4" status: 404 len: 246 microversion: 1.1 [pid: 7|app: 0|req: 581/1156] 10.0.0.99 () {34 vars in 815 bytes} [Fri Sep 11 18:52:26 2026] DELETE /resource_providers/bde033ff-e23b-4568-8cfb-7fa2b8a170c4 => generated 246 bytes in 15 msecs (HTTP/1.1 404) 6 headers in 231 bytes (1 switches on core 0)
2026-09-11 18:52:26.516 8 INFO placement.requestlog [None req-8b34176d-19ef-4b89-a5df-3bda710a1155 f94e68f5a404410ab24a269367e6e9f2 c407a345ca1844adb342f92cc9d103fe - - 8e50e25a66cf46678179fd65386b75db 8e50e25a66cf46678179fd65386b75db] 10.0.0.99 "DELETE /resource_providers/bde033ff-e23b-4568-8cfb-7fa2b8a170c4" status: 404 len: 246 microversion: 1.1 [pid: 8|app: 0|req: 576/1157] 10.0.0.99 () {34 vars in 815 bytes} [Fri Sep 11 18:52:26 2026] DELETE /resource_providers/bde033ff-e23b-4568-8cfb-7fa2b8a170c4 => generated 246 bytes in 21 msecs (HTTP/1.1 404) 6 headers in 231 bytes (1 switches on core 0)
2026-09-11 18:52:32.551 7 INFO placement.requestlog [None req-eefb0e51-bd02-4573-9c93-ac7810f75553 - - - - - -] 10.0.0.133 "GET /" status: 200 len: 136 microversion: 1.0
2026-09-11 18:52:32.552 8 INFO placement.requestlog [None req-1d251164-0c5c-4841-a238-cb2bda9ba697 - - - - - -] 10.0.0.133 "GET /" status: 200 len: 136 microversion: 1.0
2026-09-11 18:52:36.818 8 INFO placement.requestlog [None req-32fc5c17-11de-454a-9fd5-8c05de49e160 f94e68f5a404410ab24a269367e6e9f2 c407a345ca1844adb342f92cc9d103fe - - 8e50e25a66cf46678179fd65386b75db 8e50e25a66cf46678179fd65386b75db] 10.0.0.99 "GET /resource_providers/ef35260f-ed72-4800-83af-27dbaf889e4a/aggregates" status: 404 len: 235 microversion: 1.1 [pid: 8|app: 0|req: 578/1160] 10.0.0.99 () {32 vars in 815 bytes} [Fri Sep 11 18:52:36 2026] GET /resource_providers/ef35260f-ed72-4800-83af-27dbaf889e4a/aggregates => generated 235 bytes in 23 msecs (HTTP/1.1 404) 5 headers in 202 bytes (1 switches on core 0)
2026-09-11 18:52:36.830 7 INFO placement.requestlog [None req-dfcb85af-2724-48fd-ab77-000aa5478361 f94e68f5a404410ab24a269367e6e9f2 c407a345ca1844adb342f92cc9d103fe - - 8e50e25a66cf46678179fd65386b75db 8e50e25a66cf46678179fd65386b75db] 10.0.0.99 "GET /resource_providers/ef35260f-ed72-4800-83af-27dbaf889e4a/aggregates" status: 404 len: 235 microversion: 1.1 [pid: 7|app: 0|req: 583/1161] 10.0.0.99 () {32 vars in 815 bytes} [Fri Sep 11 18:52:36 2026] GET /resource_providers/ef35260f-ed72-4800-83af-27dbaf889e4a/aggregates => generated 235 bytes in 37 msecs (HTTP/1.1 404) 5 headers in 202 bytes (1 switches on core 0)
2026-09-11 18:52:36.860 8 INFO placement.requestlog [None req-a5e28fa3-d6fd-43d0-af39-49ea7bfff0b2 f94e68f5a404410ab24a269367e6e9f2 c407a345ca1844adb342f92cc9d103fe - - 8e50e25a66cf46678179fd65386b75db 8e50e25a66cf46678179fd65386b75db] 10.0.0.99 "DELETE /resource_providers/ef35260f-ed72-4800-83af-27dbaf889e4a" status: 404 len: 246 microversion: 1.1 [pid: 8|app: 0|req: 579/1162] 10.0.0.99 () {34 vars in 815 bytes} [Fri Sep 11 18:52:36 2026] DELETE /resource_providers/ef35260f-ed72-4800-83af-27dbaf889e4a => generated 246 bytes in 14 msecs (HTTP/1.1 404) 6 headers in 231 bytes (1 switches on core 0)
2026-09-11 18:52:36.865 7 INFO placement.requestlog [None req-042971c5-09d5-4dab-afe1-a6fd0b2cfb64 f94e68f5a404410ab24a269367e6e9f2 c407a345ca1844adb342f92cc9d103fe - - 8e50e25a66cf46678179fd65386b75db 8e50e25a66cf46678179fd65386b75db] 10.0.0.99 "DELETE /resource_providers/ef35260f-ed72-4800-83af-27dbaf889e4a" status: 404 len: 246 microversion: 1.1 [pid: 7|app: 0|req: 584/1163] 10.0.0.99 () {34 vars in 815 bytes} [Fri Sep 11 18:52:36 2026] DELETE /resource_providers/ef35260f-ed72-4800-83af-27dbaf889e4a => generated 246 bytes in 15 msecs (HTTP/1.1 404) 6 headers in 231 bytes (1 switches on core 0)
2026-09-11 18:52:42.552 8 INFO placement.requestlog [None req-372440fa-b29f-4b5d-9c73-12adabe4da2b - - - - - -] 10.0.0.133 "GET /" status: 200 len: 136 microversion: 1.0
2026-09-11 18:52:42.553 7 INFO placement.requestlog [None req-9221890f-5468-448f-a8f4-6ccb3de469fb - - - - - -] 10.0.0.133 "GET /" status: 200 len: 136 microversion: 1.0
