2026-09-11 18:52:48.364 7 INFO placement.requestlog [None req-29f630c9-37a7-439e-930e-0f6758f3fdd2 f94e68f5a404410ab24a269367e6e9f2 c407a345ca1844adb342f92cc9d103fe - - 8e50e25a66cf46678179fd65386b75db 8e50e25a66cf46678179fd65386b75db] 10.0.0.99 "GET /resource_providers/2aceff0a-0fbb-4023-b7b4-c4b15e42483f/aggregates" status: 404 len: 235 microversion: 1.1 [pid: 7|app: 0|req: 586/1166] 10.0.0.99 () {32 vars in 815 bytes} [Fri Sep 11 18:52:48 2026] GET /resource_providers/2aceff0a-0fbb-4023-b7b4-c4b15e42483f/aggregates => generated 235 bytes in 19 msecs (HTTP/1.1 404) 5 headers in 202 bytes (1 switches on core 0)
2026-09-11 18:52:48.368 8 INFO placement.requestlog [None req-45f2ac1a-e63b-4b2a-b537-074238d25dae f94e68f5a404410ab24a269367e6e9f2 c407a345ca1844adb342f92cc9d103fe - - 8e50e25a66cf46678179fd65386b75db 8e50e25a66cf46678179fd65386b75db] 10.0.0.99 "GET /resource_providers/2aceff0a-0fbb-4023-b7b4-c4b15e42483f/aggregates" status: 404 len: 235 microversion: 1.1 [pid: 8|app: 0|req: 581/1167] 10.0.0.99 () {32 vars in 815 bytes} [Fri Sep 11 18:52:48 2026] GET /resource_providers/2aceff0a-0fbb-4023-b7b4-c4b15e42483f/aggregates => generated 235 bytes in 38 msecs (HTTP/1.1 404) 5 headers in 202 bytes (1 switches on core 0)
2026-09-11 18:52:48.393 8 INFO placement.requestlog [None req-ee31f2bd-270c-46a5-9b68-1679193f17f7 f94e68f5a404410ab24a269367e6e9f2 c407a345ca1844adb342f92cc9d103fe - - 8e50e25a66cf46678179fd65386b75db 8e50e25a66cf46678179fd65386b75db] 10.0.0.99 "DELETE /resource_providers/2aceff0a-0fbb-4023-b7b4-c4b15e42483f" status: 404 len: 246 microversion: 1.1 [pid: 8|app: 0|req: 582/1168] 10.0.0.99 () {34 vars in 815 bytes} [Fri Sep 11 18:52:48 2026] DELETE /resource_providers/2aceff0a-0fbb-4023-b7b4-c4b15e42483f => generated 246 bytes in 11 msecs (HTTP/1.1 404) 6 headers in 231 bytes (1 switches on core 0)
2026-09-11 18:52:48.396 7 INFO placement.requestlog [None req-ada910f9-9748-4b2c-9065-30dc49e2d128 f94e68f5a404410ab24a269367e6e9f2 c407a345ca1844adb342f92cc9d103fe - - 8e50e25a66cf46678179fd65386b75db 8e50e25a66cf46678179fd65386b75db] 10.0.0.99 "DELETE /resource_providers/2aceff0a-0fbb-4023-b7b4-c4b15e42483f" status: 404 len: 246 microversion: 1.1 [pid: 7|app: 0|req: 587/1169] 10.0.0.99 () {34 vars in 815 bytes} [Fri Sep 11 18:52:48 2026] DELETE /resource_providers/2aceff0a-0fbb-4023-b7b4-c4b15e42483f => generated 246 bytes in 16 msecs (HTTP/1.1 404) 6 headers in 231 bytes (1 switches on core 0)
2026-09-11 18:52:50.422 8 INFO placement.requestlog [None req-a4895590-f5e1-4452-9f46-93d06e964801 f94e68f5a404410ab24a269367e6e9f2 c407a345ca1844adb342f92cc9d103fe - - 8e50e25a66cf46678179fd65386b75db 8e50e25a66cf46678179fd65386b75db] 10.0.0.99 "GET /resource_providers/cceeb5cd-eece-4c39-bca8-de228517fc9b/aggregates" status: 404 len: 235 microversion: 1.1 [pid: 8|app: 0|req: 583/1170] 10.0.0.99 () {32 vars in 815 bytes} [Fri Sep 11 18:52:50 2026] GET /resource_providers/cceeb5cd-eece-4c39-bca8-de228517fc9b/aggregates => generated 235 bytes in 17 msecs (HTTP/1.1 404) 5 headers in 202 bytes (1 switches on core 0)
2026-09-11 18:52:50.425 7 INFO placement.requestlog [None req-8f756fad-e160-4200-89ce-c11906f291b0 f94e68f5a404410ab24a269367e6e9f2 c407a345ca1844adb342f92cc9d103fe - - 8e50e25a66cf46678179fd65386b75db 8e50e25a66cf46678179fd65386b75db] 10.0.0.99 "GET /resource_providers/cceeb5cd-eece-4c39-bca8-de228517fc9b/aggregates" status: 404 len: 235 microversion: 1.1 [pid: 7|app: 0|req: 588/1171] 10.0.0.99 () {32 vars in 815 bytes} [Fri Sep 11 18:52:50 2026] GET /resource_providers/cceeb5cd-eece-4c39-bca8-de228517fc9b/aggregates => generated 235 bytes in 17 msecs (HTTP/1.1 404) 5 headers in 202 bytes (1 switches on core 0)
2026-09-11 18:52:50.447 8 INFO placement.requestlog [None req-710471c5-9106-4f1f-8e4a-fcd37ad30bb3 f94e68f5a404410ab24a269367e6e9f2 c407a345ca1844adb342f92cc9d103fe - - 8e50e25a66cf46678179fd65386b75db 8e50e25a66cf46678179fd65386b75db] 10.0.0.99 "DELETE /resource_providers/cceeb5cd-eece-4c39-bca8-de228517fc9b" status: 404 len: 246 microversion: 1.1 [pid: 8|app: 0|req: 584/1172] 10.0.0.99 () {34 vars in 815 bytes} [Fri Sep 11 18:52:50 2026] DELETE /resource_providers/cceeb5cd-eece-4c39-bca8-de228517fc9b => generated 246 bytes in 13 msecs (HTTP/1.1 404) 6 headers in 231 bytes (1 switches on core 0)
2026-09-11 18:52:50.450 7 INFO placement.requestlog [None req-6dfeee88-f23d-42f1-b067-0a2e4b96f460 f94e68f5a404410ab24a269367e6e9f2 c407a345ca1844adb342f92cc9d103fe - - 8e50e25a66cf46678179fd65386b75db 8e50e25a66cf46678179fd65386b75db] 10.0.0.99 "DELETE /resource_providers/cceeb5cd-eece-4c39-bca8-de228517fc9b" status: 404 len: 246 microversion: 1.1 [pid: 7|app: 0|req: 589/1173] 10.0.0.99 () {34 vars in 815 bytes} [Fri Sep 11 18:52:50 2026] DELETE /resource_providers/cceeb5cd-eece-4c39-bca8-de228517fc9b => generated 246 bytes in 14 msecs (HTTP/1.1 404) 6 headers in 231 bytes (1 switches on core 0)
2026-09-11 18:52:50.469 8 INFO placement.requestlog [None req-26c7b16f-6594-4211-80d6-03ea7e07b925 f94e68f5a404410ab24a269367e6e9f2 c407a345ca1844adb342f92cc9d103fe - - 8e50e25a66cf46678179fd65386b75db 8e50e25a66cf46678179fd65386b75db] 10.0.0.99 "GET /resource_providers/3183fda7-0798-491b-af3a-4b8e83bb251a/aggregates" status: 404 len: 235 microversion: 1.1 [pid: 8|app: 0|req: 585/1174] 10.0.0.99 () {32 vars in 815 bytes} [Fri Sep 11 18:52:50 2026] GET /resource_providers/3183fda7-0798-491b-af3a-4b8e83bb251a/aggregates => generated 235 bytes in 11 msecs (HTTP/1.1 404) 5 headers in 202 bytes (1 switches on core 0)
2026-09-11 18:52:50.489 7 INFO placement.requestlog [None req-e5a33467-269b-452e-92b9-5a45d541e824 f94e68f5a404410ab24a269367e6e9f2 c407a345ca1844adb342f92cc9d103fe - - 8e50e25a66cf46678179fd65386b75db 8e50e25a66cf46678179fd65386b75db] 10.0.0.99 "GET /resource_providers/3183fda7-0798-491b-af3a-4b8e83bb251a/aggregates" status: 404 len: 235 microversion: 1.1 [pid: 7|app: 0|req: 590/1175] 10.0.0.99 () {32 vars in 815 bytes} [Fri Sep 11 18:52:50 2026] GET /resource_providers/3183fda7-0798-491b-af3a-4b8e83bb251a/aggregates => generated 235 bytes in 11 msecs (HTTP/1.1 404) 5 headers in 202 bytes (1 switches on core 0)
2026-09-11 18:52:50.490 8 INFO placement.requestlog [None req-e3619201-a305-409d-8c46-a65d8b5f25c3 f94e68f5a404410ab24a269367e6e9f2 c407a345ca1844adb342f92cc9d103fe - - 8e50e25a66cf46678179fd65386b75db 8e50e25a66cf46678179fd65386b75db] 10.0.0.99 "DELETE /resource_providers/3183fda7-0798-491b-af3a-4b8e83bb251a" status: 404 len: 246 microversion: 1.1 [pid: 8|app: 0|req: 586/1176] 10.0.0.99 () {34 vars in 815 bytes} [Fri Sep 11 18:52:50 2026] DELETE /resource_providers/3183fda7-0798-491b-af3a-4b8e83bb251a => generated 246 bytes in 11 msecs (HTTP/1.1 404) 6 headers in 231 bytes (1 switches on core 0)
2026-09-11 18:52:50.516 7 INFO placement.requestlog [None req-baf385c1-d618-4196-b9ac-7aa3796eabdf f94e68f5a404410ab24a269367e6e9f2 c407a345ca1844adb342f92cc9d103fe - - 8e50e25a66cf46678179fd65386b75db 8e50e25a66cf46678179fd65386b75db] 10.0.0.99 "DELETE /resource_providers/3183fda7-0798-491b-af3a-4b8e83bb251a" status: 404 len: 246 microversion: 1.1 [pid: 7|app: 0|req: 591/1177] 10.0.0.99 () {34 vars in 815 bytes} [Fri Sep 11 18:52:50 2026] DELETE /resource_providers/3183fda7-0798-491b-af3a-4b8e83bb251a => generated 246 bytes in 12 msecs (HTTP/1.1 404) 6 headers in 231 bytes (1 switches on core 0)
2026-09-11 18:52:50.529 8 INFO placement.requestlog [None req-33e1ebbd-8178-4a9e-a81a-f93a56da2305 f94e68f5a404410ab24a269367e6e9f2 c407a345ca1844adb342f92cc9d103fe - - 8e50e25a66cf46678179fd65386b75db 8e50e25a66cf46678179fd65386b75db] 10.0.0.99 "GET /resource_providers/f74a3136-06cf-458e-a71a-7867a1846535/aggregates" status: 404 len: 235 microversion: 1.1 [pid: 8|app: 0|req: 587/1178] 10.0.0.99 () {32 vars in 815 bytes} [Fri Sep 11 18:52:50 2026] GET /resource_providers/f74a3136-06cf-458e-a71a-7867a1846535/aggregates => generated 235 bytes in 19 msecs (HTTP/1.1 404) 5 headers in 202 bytes (1 switches on core 0)
2026-09-11 18:52:50.551 7 INFO placement.requestlog [None req-a41fea61-9a1d-4365-9624-7e43209c99bc f94e68f5a404410ab24a269367e6e9f2 c407a345ca1844adb342f92cc9d103fe - - 8e50e25a66cf46678179fd65386b75db 8e50e25a66cf46678179fd65386b75db] 10.0.0.99 "GET /resource_providers/f74a3136-06cf-458e-a71a-7867a1846535/aggregates" status: 404 len: 235 microversion: 1.1 [pid: 7|app: 0|req: 592/1179] 10.0.0.99 () {32 vars in 815 bytes} [Fri Sep 11 18:52:50 2026] GET /resource_providers/f74a3136-06cf-458e-a71a-7867a1846535/aggregates => generated 235 bytes in 21 msecs (HTTP/1.1 404) 5 headers in 202 bytes (1 switches on core 0)
2026-09-11 18:52:50.562 8 INFO placement.requestlog [None req-8102b1fa-1d53-475b-bfd9-e453244838cf f94e68f5a404410ab24a269367e6e9f2 c407a345ca1844adb342f92cc9d103fe - - 8e50e25a66cf46678179fd65386b75db 8e50e25a66cf46678179fd65386b75db] 10.0.0.99 "DELETE /resource_providers/f74a3136-06cf-458e-a71a-7867a1846535" status: 404 len: 246 microversion: 1.1 [pid: 8|app: 0|req: 588/1180] 10.0.0.99 () {34 vars in 815 bytes} [Fri Sep 11 18:52:50 2026] DELETE /resource_providers/f74a3136-06cf-458e-a71a-7867a1846535 => generated 246 bytes in 13 msecs (HTTP/1.1 404) 6 headers in 231 bytes (1 switches on core 0)
2026-09-11 18:52:50.587 7 INFO placement.requestlog [None req-92a4df83-ebbb-447a-945b-84ced6321524 f94e68f5a404410ab24a269367e6e9f2 c407a345ca1844adb342f92cc9d103fe - - 8e50e25a66cf46678179fd65386b75db 8e50e25a66cf46678179fd65386b75db] 10.0.0.99 "DELETE /resource_providers/f74a3136-06cf-458e-a71a-7867a1846535" status: 404 len: 246 microversion: 1.1 [pid: 7|app: 0|req: 593/1181] 10.0.0.99 () {34 vars in 815 bytes} [Fri Sep 11 18:52:50 2026] DELETE /resource_providers/f74a3136-06cf-458e-a71a-7867a1846535 => generated 246 bytes in 15 msecs (HTTP/1.1 404) 6 headers in 231 bytes (1 switches on core 0)
2026-09-11 18:52:50.593 8 INFO placement.requestlog [None req-2eaca56e-a890-418c-a5b8-4b5953432b9b f94e68f5a404410ab24a269367e6e9f2 c407a345ca1844adb342f92cc9d103fe - - 8e50e25a66cf46678179fd65386b75db 8e50e25a66cf46678179fd65386b75db] 10.0.0.99 "GET /resource_providers/2ccbdea3-cda7-4a0b-994f-eaf699c14c03/aggregates" status: 404 len: 235 microversion: 1.1 [pid: 8|app: 0|req: 589/1182] 10.0.0.99 () {32 vars in 815 bytes} [Fri Sep 11 18:52:50 2026] GET /resource_providers/2ccbdea3-cda7-4a0b-994f-eaf699c14c03/aggregates => generated 235 bytes in 14 msecs (HTTP/1.1 404) 5 headers in 202 bytes (1 switches on core 0)
2026-09-11 18:52:50.623 7 INFO placement.requestlog [None req-f03a98b6-1092-45eb-93c1-979230287af1 f94e68f5a404410ab24a269367e6e9f2 c407a345ca1844adb342f92cc9d103fe - - 8e50e25a66cf46678179fd65386b75db 8e50e25a66cf46678179fd65386b75db] 10.0.0.99 "GET /resource_providers/2ccbdea3-cda7-4a0b-994f-eaf699c14c03/aggregates" status: 404 len: 235 microversion: 1.1 [pid: 7|app: 0|req: 594/1183] 10.0.0.99 () {32 vars in 815 bytes} [Fri Sep 11 18:52:50 2026] GET /resource_providers/2ccbdea3-cda7-4a0b-994f-eaf699c14c03/aggregates => generated 235 bytes in 16 msecs (HTTP/1.1 404) 5 headers in 202 bytes (1 switches on core 0)
2026-09-11 18:52:50.625 8 INFO placement.requestlog [None req-0efc0b9c-5972-4512-bade-87b6d4cc9df5 f94e68f5a404410ab24a269367e6e9f2 c407a345ca1844adb342f92cc9d103fe - - 8e50e25a66cf46678179fd65386b75db 8e50e25a66cf46678179fd65386b75db] 10.0.0.99 "DELETE /resource_providers/2ccbdea3-cda7-4a0b-994f-eaf699c14c03" status: 404 len: 246 microversion: 1.1 [pid: 8|app: 0|req: 590/1184] 10.0.0.99 () {34 vars in 815 bytes} [Fri Sep 11 18:52:50 2026] DELETE /resource_providers/2ccbdea3-cda7-4a0b-994f-eaf699c14c03 => generated 246 bytes in 12 msecs (HTTP/1.1 404) 6 headers in 231 bytes (1 switches on core 0)
2026-09-11 18:52:50.650 7 INFO placement.requestlog [None req-4fe49b2b-e5f6-4b64-8283-0b3ea734e00e f94e68f5a404410ab24a269367e6e9f2 c407a345ca1844adb342f92cc9d103fe - - 8e50e25a66cf46678179fd65386b75db 8e50e25a66cf46678179fd65386b75db] 10.0.0.99 "DELETE /resource_providers/2ccbdea3-cda7-4a0b-994f-eaf699c14c03" status: 404 len: 246 microversion: 1.1 [pid: 7|app: 0|req: 595/1185] 10.0.0.99 () {34 vars in 815 bytes} [Fri Sep 11 18:52:50 2026] DELETE /resource_providers/2ccbdea3-cda7-4a0b-994f-eaf699c14c03 => generated 246 bytes in 11 msecs (HTTP/1.1 404) 6 headers in 231 bytes (1 switches on core 0)
2026-09-11 18:52:52.552 7 INFO placement.requestlog [None req-0ff7495e-73d8-4454-956a-55cb69c58449 - - - - - -] 10.0.0.133 "GET /" status: 200 len: 136 microversion: 1.0
2026-09-11 18:52:52.552 8 INFO placement.requestlog [None req-df967b7b-a245-4ef6-8b40-b7d60cf2a7ca - - - - - -] 10.0.0.133 "GET /" status: 200 len: 136 microversion: 1.0
2026-09-11 18:52:54.058 7 INFO placement.requestlog [req-45e0b8de-504b-4883-aabe-af1dc85841d7 req-0b0f7125-e142-47d6-8e84-3a9f2a0a8d35 b36a9a3ea3cf41ae892712365c494cf4 c407a345ca1844adb342f92cc9d103fe - - 8e50e25a66cf46678179fd65386b75db 8e50e25a66cf46678179fd65386b75db] 10.0.0.3 "GET /allocation_candidates?limit=1000&resources=DISK_GB%3A1%2CMEMORY_MB%3A512%2CVCPU%3A1&root_required=%21COMPUTE_STATUS_DISABLED" status: 200 len: 2781 microversion: 1.36 [pid: 7|app: 0|req: 597/1188] 10.0.0.3 () {34 vars in 1010 bytes} [Fri Sep 11 18:52:53 2026] GET /allocation_candidates?limit=1000&resources=DISK_GB%3A1%2CMEMORY_MB%3A512%2CVCPU%3A1&root_required=%21COMPUTE_STATUS_DISABLED => generated 2781 bytes in 81 msecs (HTTP/1.1 200) 8 headers in 297 bytes (1 switches on core 0)
2026-09-11 18:52:54.095 8 INFO placement.requestlog [req-45e0b8de-504b-4883-aabe-af1dc85841d7 req-92f06808-62b8-4530-b45e-28f8fdcfd0e8 b36a9a3ea3cf41ae892712365c494cf4 c407a345ca1844adb342f92cc9d103fe - - 8e50e25a66cf46678179fd65386b75db 8e50e25a66cf46678179fd65386b75db] 10.0.0.3 "GET /allocations/3eda5810-5479-441c-9ee6-75c36d4de753" status: 200 len: 19 microversion: 1.28 [pid: 8|app: 0|req: 592/1189] 10.0.0.3 () {34 vars in 859 bytes} [Fri Sep 11 18:52:54 2026] GET /allocations/3eda5810-5479-441c-9ee6-75c36d4de753 => generated 19 bytes in 17 msecs (HTTP/1.1 200) 8 headers in 295 bytes (1 switches on core 0)
2026-09-11 18:52:54.259 7 INFO placement.requestlog [req-45e0b8de-504b-4883-aabe-af1dc85841d7 req-b4be59b9-987d-448d-9abb-f68a03fb8de6 b36a9a3ea3cf41ae892712365c494cf4 c407a345ca1844adb342f92cc9d103fe - - 8e50e25a66cf46678179fd65386b75db 8e50e25a66cf46678179fd65386b75db] 10.0.0.3 "PUT /allocations/3eda5810-5479-441c-9ee6-75c36d4de753" status: 204 len: 0 microversion: 1.36 [pid: 7|app: 0|req: 598/1190] 10.0.0.3 () {38 vars in 912 bytes} [Fri Sep 11 18:52:54 2026] PUT /allocations/3eda5810-5479-441c-9ee6-75c36d4de753 => generated 0 bytes in 159 msecs (HTTP/1.1 204) 5 headers in 199 bytes (1 switches on core 0)
2026-09-11 18:52:55.924 8 INFO placement.requestlog [req-45e0b8de-504b-4883-aabe-af1dc85841d7 req-6bb1371b-6edc-458d-84ef-14875b61d601 b36a9a3ea3cf41ae892712365c494cf4 c407a345ca1844adb342f92cc9d103fe - - 8e50e25a66cf46678179fd65386b75db 8e50e25a66cf46678179fd65386b75db] 162.253.55.27 "GET /allocations/3eda5810-5479-441c-9ee6-75c36d4de753" status: 200 len: 258 microversion: 1.28 [pid: 8|app: 0|req: 593/1191] 162.253.55.27 () {34 vars in 862 bytes} [Fri Sep 11 18:52:55 2026] GET /allocations/3eda5810-5479-441c-9ee6-75c36d4de753 => generated 258 bytes in 274 msecs (HTTP/1.1 200) 8 headers in 296 bytes (1 switches on core 0)
2026-09-11 18:52:56.986 7 INFO placement.requestlog [req-45e0b8de-504b-4883-aabe-af1dc85841d7 req-a477e530-d088-414d-a048-974584861299 b36a9a3ea3cf41ae892712365c494cf4 c407a345ca1844adb342f92cc9d103fe - - 8e50e25a66cf46678179fd65386b75db 8e50e25a66cf46678179fd65386b75db] 162.253.55.27 "GET /resource_providers?in_tree=cb06aff3-698b-48d5-af09-dbd3ae6e2c4d" status: 200 len: 798 microversion: 1.14 [pid: 7|app: 0|req: 599/1192] 162.253.55.27 () {34 vars in 891 bytes} [Fri Sep 11 18:52:56 2026] GET /resource_providers?in_tree=cb06aff3-698b-48d5-af09-dbd3ae6e2c4d => generated 798 bytes in 33 msecs (HTTP/1.1 200) 6 headers in 225 bytes (1 switches on core 0)
2026-09-11 18:52:57.025 8 INFO placement.requestlog [req-45e0b8de-504b-4883-aabe-af1dc85841d7 req-6e21bdfd-9b80-40cb-bcea-08723c3c58d2 b36a9a3ea3cf41ae892712365c494cf4 c407a345ca1844adb342f92cc9d103fe - - 8e50e25a66cf46678179fd65386b75db 8e50e25a66cf46678179fd65386b75db] 162.253.55.27 "GET /resource_providers/cb06aff3-698b-48d5-af09-dbd3ae6e2c4d/inventories" status: 200 len: 401 microversion: 1.0 [pid: 8|app: 0|req: 594/1193] 162.253.55.27 () {32 vars in 856 bytes} [Fri Sep 11 18:52:56 2026] GET /resource_providers/cb06aff3-698b-48d5-af09-dbd3ae6e2c4d/inventories => generated 401 bytes in 30 msecs (HTTP/1.1 200) 6 headers in 224 bytes (1 switches on core 0)
2026-09-11 18:52:57.051 7 INFO placement.requestlog [req-45e0b8de-504b-4883-aabe-af1dc85841d7 req-2c70af39-6122-429a-a0bc-075fb1a5eb19 b36a9a3ea3cf41ae892712365c494cf4 c407a345ca1844adb342f92cc9d103fe - - 8e50e25a66cf46678179fd65386b75db 8e50e25a66cf46678179fd65386b75db] 162.253.55.27 "GET /resource_providers/cb06aff3-698b-48d5-af09-dbd3ae6e2c4d/aggregates" status: 200 len: 54 microversion: 1.19 [pid: 7|app: 0|req: 600/1194] 162.253.55.27 () {34 vars in 898 bytes} [Fri Sep 11 18:52:57 2026] GET /resource_providers/cb06aff3-698b-48d5-af09-dbd3ae6e2c4d/aggregates => generated 54 bytes in 18 msecs (HTTP/1.1 200) 8 headers in 295 bytes (1 switches on core 0)
2026-09-11 18:52:57.099 8 INFO placement.requestlog [req-45e0b8de-504b-4883-aabe-af1dc85841d7 req-0fba7421-6c19-4b0f-865b-6bb93beffbbf b36a9a3ea3cf41ae892712365c494cf4 c407a345ca1844adb342f92cc9d103fe - - 8e50e25a66cf46678179fd65386b75db 8e50e25a66cf46678179fd65386b75db] 162.253.55.27 "GET /resource_providers/cb06aff3-698b-48d5-af09-dbd3ae6e2c4d/traits" status: 200 len: 2317 microversion: 1.6 [pid: 8|app: 0|req: 595/1195] 162.253.55.27 () {34 vars in 889 bytes} [Fri Sep 11 18:52:57 2026] GET /resource_providers/cb06aff3-698b-48d5-af09-dbd3ae6e2c4d/traits => generated 2317 bytes in 41 msecs (HTTP/1.1 200) 6 headers in 225 bytes (1 switches on core 0)
2026-09-11 18:52:57.145 7 INFO placement.requestlog [req-45e0b8de-504b-4883-aabe-af1dc85841d7 req-cacbab1b-1571-400d-973b-1c4ac66a91de b36a9a3ea3cf41ae892712365c494cf4 c407a345ca1844adb342f92cc9d103fe - - 8e50e25a66cf46678179fd65386b75db 8e50e25a66cf46678179fd65386b75db] 162.253.55.27 "GET /resource_providers/cb06aff3-698b-48d5-af09-dbd3ae6e2c4d/allocations" status: 200 len: 153 microversion: 1.0 [pid: 7|app: 0|req: 601/1196] 162.253.55.27 () {32 vars in 856 bytes} [Fri Sep 11 18:52:57 2026] GET /resource_providers/cb06aff3-698b-48d5-af09-dbd3ae6e2c4d/allocations => generated 153 bytes in 34 msecs (HTTP/1.1 200) 6 headers in 224 bytes (1 switches on core 0)
2026-09-11 18:52:57.173 8 INFO placement.requestlog [req-45e0b8de-504b-4883-aabe-af1dc85841d7 req-acb1eb90-7f15-40d1-833b-8514f8ed1580 b36a9a3ea3cf41ae892712365c494cf4 c407a345ca1844adb342f92cc9d103fe - - 8e50e25a66cf46678179fd65386b75db 8e50e25a66cf46678179fd65386b75db] 162.253.55.27 "GET /allocations/3eda5810-5479-441c-9ee6-75c36d4de753" status: 200 len: 258 microversion: 1.28 [pid: 8|app: 0|req: 596/1197] 162.253.55.27 () {34 vars in 862 bytes} [Fri Sep 11 18:52:57 2026] GET /allocations/3eda5810-5479-441c-9ee6-75c36d4de753 => generated 258 bytes in 19 msecs (HTTP/1.1 200) 8 headers in 296 bytes (1 switches on core 0)
2026-09-11 18:52:59.292 7 INFO placement.requestlog [req-9427d0a1-0d90-4fa8-8c41-5a8ac93adde4 req-95ba0b9c-e0bd-4abf-963c-1991ec050581 b36a9a3ea3cf41ae892712365c494cf4 c407a345ca1844adb342f92cc9d103fe - - 8e50e25a66cf46678179fd65386b75db 8e50e25a66cf46678179fd65386b75db] 162.253.55.27 "GET /resource_providers/cb06aff3-698b-48d5-af09-dbd3ae6e2c4d/allocations" status: 200 len: 153 microversion: 1.0 [pid: 7|app: 0|req: 602/1198] 162.253.55.27 () {32 vars in 856 bytes} [Fri Sep 11 18:52:59 2026] GET /resource_providers/cb06aff3-698b-48d5-af09-dbd3ae6e2c4d/allocations => generated 153 bytes in 26 msecs (HTTP/1.1 200) 6 headers in 224 bytes (1 switches on core 0)
2026-09-11 18:52:59.328 8 INFO placement.requestlog [req-9427d0a1-0d90-4fa8-8c41-5a8ac93adde4 req-2d3e2b2b-06b2-4c74-9be3-375b9891080c b36a9a3ea3cf41ae892712365c494cf4 c407a345ca1844adb342f92cc9d103fe - - 8e50e25a66cf46678179fd65386b75db 8e50e25a66cf46678179fd65386b75db] 162.253.55.27 "GET /resource_providers/cb06aff3-698b-48d5-af09-dbd3ae6e2c4d/allocations" status: 200 len: 153 microversion: 1.0 [pid: 8|app: 0|req: 597/1199] 162.253.55.27 () {32 vars in 856 bytes} [Fri Sep 11 18:52:59 2026] GET /resource_providers/cb06aff3-698b-48d5-af09-dbd3ae6e2c4d/allocations => generated 153 bytes in 23 msecs (HTTP/1.1 200) 6 headers in 224 bytes (1 switches on core 0)
2026-09-11 18:52:59.353 7 INFO placement.requestlog [req-9427d0a1-0d90-4fa8-8c41-5a8ac93adde4 req-a8477677-6e62-4ba1-b487-1219c974a130 b36a9a3ea3cf41ae892712365c494cf4 c407a345ca1844adb342f92cc9d103fe - - 8e50e25a66cf46678179fd65386b75db 8e50e25a66cf46678179fd65386b75db] 162.253.55.27 "GET /allocations/3eda5810-5479-441c-9ee6-75c36d4de753" status: 200 len: 258 microversion: 1.28 [pid: 7|app: 0|req: 603/1200] 162.253.55.27 () {34 vars in 862 bytes} [Fri Sep 11 18:52:59 2026] GET /allocations/3eda5810-5479-441c-9ee6-75c36d4de753 => generated 258 bytes in 14 msecs (HTTP/1.1 200) 8 headers in 296 bytes (1 switches on core 0)
2026-09-11 18:53:02.554 7 INFO placement.requestlog [None req-43e936c9-e8f0-4242-baa2-d20e383e8b2b - - - - - -] 10.0.0.133 "GET /" status: 200 len: 136 microversion: 1.0
2026-09-11 18:53:02.553 8 INFO placement.requestlog [None req-ae3675bb-8387-4e16-8ad1-fd04f93856d2 - - - - - -] 10.0.0.133 "GET /" status: 200 len: 136 microversion: 1.0
2026-09-11 18:53:02.832 8 INFO placement.requestlog [None req-e1c1453c-4cf2-4c72-9946-377dca7665fe f94e68f5a404410ab24a269367e6e9f2 c407a345ca1844adb342f92cc9d103fe - - 8e50e25a66cf46678179fd65386b75db 8e50e25a66cf46678179fd65386b75db] 10.0.0.99 "GET /resource_providers/0f8a7cb9-f96a-451f-9938-cf9e3fa8df30/aggregates" status: 404 len: 235 microversion: 1.1 [pid: 8|app: 0|req: 599/1203] 10.0.0.99 () {32 vars in 815 bytes} [Fri Sep 11 18:53:02 2026] GET /resource_providers/0f8a7cb9-f96a-451f-9938-cf9e3fa8df30/aggregates => generated 235 bytes in 12 msecs (HTTP/1.1 404) 5 headers in 202 bytes (1 switches on core 0)
2026-09-11 18:53:02.834 7 INFO placement.requestlog [None req-e30fe14e-3f56-4c0a-8b3b-8b5fabc2afb2 f94e68f5a404410ab24a269367e6e9f2 c407a345ca1844adb342f92cc9d103fe - - 8e50e25a66cf46678179fd65386b75db 8e50e25a66cf46678179fd65386b75db] 10.0.0.99 "GET /resource_providers/0f8a7cb9-f96a-451f-9938-cf9e3fa8df30/aggregates" status: 404 len: 235 microversion: 1.1 [pid: 7|app: 0|req: 605/1204] 10.0.0.99 () {32 vars in 815 bytes} [Fri Sep 11 18:53:02 2026] GET /resource_providers/0f8a7cb9-f96a-451f-9938-cf9e3fa8df30/aggregates => generated 235 bytes in 15 msecs (HTTP/1.1 404) 5 headers in 202 bytes (1 switches on core 0)
2026-09-11 18:53:02.864 7 INFO placement.requestlog [None req-084d1864-c2f3-4009-8718-76caa7c3eae6 f94e68f5a404410ab24a269367e6e9f2 c407a345ca1844adb342f92cc9d103fe - - 8e50e25a66cf46678179fd65386b75db 8e50e25a66cf46678179fd65386b75db] 10.0.0.99 "DELETE /resource_providers/0f8a7cb9-f96a-451f-9938-cf9e3fa8df30" status: 404 len: 246 microversion: 1.1 [pid: 7|app: 0|req: 606/1205] 10.0.0.99 () {34 vars in 815 bytes} [Fri Sep 11 18:53:02 2026] DELETE /resource_providers/0f8a7cb9-f96a-451f-9938-cf9e3fa8df30 => generated 246 bytes in 10 msecs (HTTP/1.1 404) 6 headers in 231 bytes (1 switches on core 0)
2026-09-11 18:53:02.868 8 INFO placement.requestlog [None req-68fcffd6-eca5-427a-b2d2-7eaf295b0993 f94e68f5a404410ab24a269367e6e9f2 c407a345ca1844adb342f92cc9d103fe - - 8e50e25a66cf46678179fd65386b75db 8e50e25a66cf46678179fd65386b75db] 10.0.0.99 "DELETE /resource_providers/0f8a7cb9-f96a-451f-9938-cf9e3fa8df30" status: 404 len: 246 microversion: 1.1 [pid: 8|app: 0|req: 600/1206] 10.0.0.99 () {34 vars in 815 bytes} [Fri Sep 11 18:53:02 2026] DELETE /resource_providers/0f8a7cb9-f96a-451f-9938-cf9e3fa8df30 => generated 246 bytes in 15 msecs (HTTP/1.1 404) 6 headers in 231 bytes (1 switches on core 0)
2026-09-11 18:53:03.029 7 INFO placement.requestlog [None req-6ca6c653-c45a-449e-b51f-beb6a279d05b f94e68f5a404410ab24a269367e6e9f2 c407a345ca1844adb342f92cc9d103fe - - 8e50e25a66cf46678179fd65386b75db 8e50e25a66cf46678179fd65386b75db] 10.0.0.99 "GET /resource_providers/4ec36db0-dd81-4e75-beef-20c125c2f22f/aggregates" status: 404 len: 235 microversion: 1.1 [pid: 7|app: 0|req: 607/1207] 10.0.0.99 () {32 vars in 815 bytes} [Fri Sep 11 18:53:03 2026] GET /resource_providers/4ec36db0-dd81-4e75-beef-20c125c2f22f/aggregates => generated 235 bytes in 13 msecs (HTTP/1.1 404) 5 headers in 202 bytes (1 switches on core 0)
2026-09-11 18:53:03.030 8 INFO placement.requestlog [None req-3b29ff2d-9c8c-4769-87d7-5fa4274d4b2a f94e68f5a404410ab24a269367e6e9f2 c407a345ca1844adb342f92cc9d103fe - - 8e50e25a66cf46678179fd65386b75db 8e50e25a66cf46678179fd65386b75db] 10.0.0.99 "GET /resource_providers/4ec36db0-dd81-4e75-beef-20c125c2f22f/aggregates" status: 404 len: 235 microversion: 1.1 [pid: 8|app: 0|req: 601/1208] 10.0.0.99 () {32 vars in 815 bytes} [Fri Sep 11 18:53:03 2026] GET /resource_providers/4ec36db0-dd81-4e75-beef-20c125c2f22f/aggregates => generated 235 bytes in 14 msecs (HTTP/1.1 404) 5 headers in 202 bytes (1 switches on core 0)
2026-09-11 18:53:03.061 8 INFO placement.requestlog [None req-f863b3d9-e928-478c-b3e3-a6665db79c26 f94e68f5a404410ab24a269367e6e9f2 c407a345ca1844adb342f92cc9d103fe - - 8e50e25a66cf46678179fd65386b75db 8e50e25a66cf46678179fd65386b75db] 10.0.0.99 "DELETE /resource_providers/4ec36db0-dd81-4e75-beef-20c125c2f22f" status: 404 len: 246 microversion: 1.1 [pid: 8|app: 0|req: 602/1209] 10.0.0.99 () {34 vars in 815 bytes} [Fri Sep 11 18:53:03 2026] DELETE /resource_providers/4ec36db0-dd81-4e75-beef-20c125c2f22f => generated 246 bytes in 11 msecs (HTTP/1.1 404) 6 headers in 231 bytes (1 switches on core 0)
2026-09-11 18:53:03.065 7 INFO placement.requestlog [None req-5105d03c-cad8-46f1-b64a-efbe9379c3ad f94e68f5a404410ab24a269367e6e9f2 c407a345ca1844adb342f92cc9d103fe - - 8e50e25a66cf46678179fd65386b75db 8e50e25a66cf46678179fd65386b75db] 10.0.0.99 "DELETE /resource_providers/4ec36db0-dd81-4e75-beef-20c125c2f22f" status: 404 len: 246 microversion: 1.1 [pid: 7|app: 0|req: 608/1210] 10.0.0.99 () {34 vars in 815 bytes} [Fri Sep 11 18:53:03 2026] DELETE /resource_providers/4ec36db0-dd81-4e75-beef-20c125c2f22f => generated 246 bytes in 16 msecs (HTTP/1.1 404) 6 headers in 231 bytes (1 switches on core 0)
2026-09-11 18:53:04.890 8 INFO placement.requestlog [None req-cefa7212-ac38-46aa-af63-f4c6c9d3f4ab f94e68f5a404410ab24a269367e6e9f2 c407a345ca1844adb342f92cc9d103fe - - 8e50e25a66cf46678179fd65386b75db 8e50e25a66cf46678179fd65386b75db] 10.0.0.99 "GET /resource_providers/94fd54b8-fcf0-4ac0-ab37-4c8166b151d5/aggregates" status: 404 len: 235 microversion: 1.1 [pid: 8|app: 0|req: 603/1211] 10.0.0.99 () {32 vars in 815 bytes} [Fri Sep 11 18:53:04 2026] GET /resource_providers/94fd54b8-fcf0-4ac0-ab37-4c8166b151d5/aggregates => generated 235 bytes in 11 msecs (HTTP/1.1 404) 5 headers in 202 bytes (1 switches on core 0)
2026-09-11 18:53:04.894 7 INFO placement.requestlog [None req-45d98784-416a-4b6d-a370-e6a14a244b30 f94e68f5a404410ab24a269367e6e9f2 c407a345ca1844adb342f92cc9d103fe - - 8e50e25a66cf46678179fd65386b75db 8e50e25a66cf46678179fd65386b75db] 10.0.0.99 "GET /resource_providers/94fd54b8-fcf0-4ac0-ab37-4c8166b151d5/aggregates" status: 404 len: 235 microversion: 1.1 [pid: 7|app: 0|req: 609/1212] 10.0.0.99 () {32 vars in 815 bytes} [Fri Sep 11 18:53:04 2026] GET /resource_providers/94fd54b8-fcf0-4ac0-ab37-4c8166b151d5/aggregates => generated 235 bytes in 12 msecs (HTTP/1.1 404) 5 headers in 202 bytes (1 switches on core 0)
2026-09-11 18:53:04.915 8 INFO placement.requestlog [None req-0d87ad36-83aa-4726-bd75-eccd7c0df857 f94e68f5a404410ab24a269367e6e9f2 c407a345ca1844adb342f92cc9d103fe - - 8e50e25a66cf46678179fd65386b75db 8e50e25a66cf46678179fd65386b75db] 10.0.0.99 "DELETE /resource_providers/94fd54b8-fcf0-4ac0-ab37-4c8166b151d5" status: 404 len: 246 microversion: 1.1 [pid: 8|app: 0|req: 604/1213] 10.0.0.99 () {34 vars in 815 bytes} [Fri Sep 11 18:53:04 2026] DELETE /resource_providers/94fd54b8-fcf0-4ac0-ab37-4c8166b151d5 => generated 246 bytes in 14 msecs (HTTP/1.1 404) 6 headers in 231 bytes (1 switches on core 0)
2026-09-11 18:53:04.920 7 INFO placement.requestlog [None req-2a72e003-4925-47e4-9328-20884567c006 f94e68f5a404410ab24a269367e6e9f2 c407a345ca1844adb342f92cc9d103fe - - 8e50e25a66cf46678179fd65386b75db 8e50e25a66cf46678179fd65386b75db] 10.0.0.99 "DELETE /resource_providers/94fd54b8-fcf0-4ac0-ab37-4c8166b151d5" status: 404 len: 246 microversion: 1.1 [pid: 7|app: 0|req: 610/1214] 10.0.0.99 () {34 vars in 815 bytes} [Fri Sep 11 18:53:04 2026] DELETE /resource_providers/94fd54b8-fcf0-4ac0-ab37-4c8166b151d5 => generated 246 bytes in 13 msecs (HTTP/1.1 404) 6 headers in 231 bytes (1 switches on core 0)
2026-09-11 18:53:04.937 8 INFO placement.requestlog [None req-07668146-1418-4e0b-9a22-8d6b474de9e0 f94e68f5a404410ab24a269367e6e9f2 c407a345ca1844adb342f92cc9d103fe - - 8e50e25a66cf46678179fd65386b75db 8e50e25a66cf46678179fd65386b75db] 10.0.0.99 "GET /resource_providers/1ff3b32f-f8fa-417f-8fe2-166fe9a51154/aggregates" status: 404 len: 235 microversion: 1.1 [pid: 8|app: 0|req: 605/1215] 10.0.0.99 () {32 vars in 815 bytes} [Fri Sep 11 18:53:04 2026] GET /resource_providers/1ff3b32f-f8fa-417f-8fe2-166fe9a51154/aggregates => generated 235 bytes in 11 msecs (HTTP/1.1 404) 5 headers in 202 bytes (1 switches on core 0)
2026-09-11 18:53:04.944 7 INFO placement.requestlog [None req-80efe670-92da-4adb-82fa-fa93a6543e7c f94e68f5a404410ab24a269367e6e9f2 c407a345ca1844adb342f92cc9d103fe - - 8e50e25a66cf46678179fd65386b75db 8e50e25a66cf46678179fd65386b75db] 10.0.0.99 "GET /resource_providers/1ff3b32f-f8fa-417f-8fe2-166fe9a51154/aggregates" status: 404 len: 235 microversion: 1.1 [pid: 7|app: 0|req: 611/1216] 10.0.0.99 () {32 vars in 815 bytes} [Fri Sep 11 18:53:04 2026] GET /resource_providers/1ff3b32f-f8fa-417f-8fe2-166fe9a51154/aggregates => generated 235 bytes in 13 msecs (HTTP/1.1 404) 5 headers in 202 bytes (1 switches on core 0)
2026-09-11 18:53:04.959 8 INFO placement.requestlog [None req-33eabaf0-199a-4f0b-850f-6acd3e51f5c2 f94e68f5a404410ab24a269367e6e9f2 c407a345ca1844adb342f92cc9d103fe - - 8e50e25a66cf46678179fd65386b75db 8e50e25a66cf46678179fd65386b75db] 10.0.0.99 "DELETE /resource_providers/1ff3b32f-f8fa-417f-8fe2-166fe9a51154" status: 404 len: 246 microversion: 1.1 [pid: 8|app: 0|req: 606/1217] 10.0.0.99 () {34 vars in 815 bytes} [Fri Sep 11 18:53:04 2026] DELETE /resource_providers/1ff3b32f-f8fa-417f-8fe2-166fe9a51154 => generated 246 bytes in 11 msecs (HTTP/1.1 404) 6 headers in 231 bytes (1 switches on core 0)
2026-09-11 18:53:04.967 7 INFO placement.requestlog [None req-d6f4dc89-e528-43d5-b16f-72be2afe00f4 f94e68f5a404410ab24a269367e6e9f2 c407a345ca1844adb342f92cc9d103fe - - 8e50e25a66cf46678179fd65386b75db 8e50e25a66cf46678179fd65386b75db] 10.0.0.99 "DELETE /resource_providers/1ff3b32f-f8fa-417f-8fe2-166fe9a51154" status: 404 len: 246 microversion: 1.1 [pid: 7|app: 0|req: 612/1218] 10.0.0.99 () {34 vars in 815 bytes} [Fri Sep 11 18:53:04 2026] DELETE /resource_providers/1ff3b32f-f8fa-417f-8fe2-166fe9a51154 => generated 246 bytes in 12 msecs (HTTP/1.1 404) 6 headers in 231 bytes (1 switches on core 0)
2026-09-11 18:53:05.085 8 INFO placement.requestlog [None req-e351d84f-4415-4df9-8a9d-8bdc1a7de097 f94e68f5a404410ab24a269367e6e9f2 c407a345ca1844adb342f92cc9d103fe - - 8e50e25a66cf46678179fd65386b75db 8e50e25a66cf46678179fd65386b75db] 10.0.0.99 "GET /resource_providers/a051757b-1a22-4ec0-a689-1c1d422d8ce3/aggregates" status: 404 len: 235 microversion: 1.1 [pid: 8|app: 0|req: 607/1219] 10.0.0.99 () {32 vars in 815 bytes} [Fri Sep 11 18:53:05 2026] GET /resource_providers/a051757b-1a22-4ec0-a689-1c1d422d8ce3/aggregates => generated 235 bytes in 12 msecs (HTTP/1.1 404) 5 headers in 202 bytes (1 switches on core 0)
2026-09-11 18:53:05.091 7 INFO placement.requestlog [None req-9371c4a6-123a-459d-8a6d-37d831cc8cce f94e68f5a404410ab24a269367e6e9f2 c407a345ca1844adb342f92cc9d103fe - - 8e50e25a66cf46678179fd65386b75db 8e50e25a66cf46678179fd65386b75db] 10.0.0.99 "GET /resource_providers/a051757b-1a22-4ec0-a689-1c1d422d8ce3/aggregates" status: 404 len: 235 microversion: 1.1 [pid: 7|app: 0|req: 613/1220] 10.0.0.99 () {32 vars in 815 bytes} [Fri Sep 11 18:53:05 2026] GET /resource_providers/a051757b-1a22-4ec0-a689-1c1d422d8ce3/aggregates => generated 235 bytes in 15 msecs (HTTP/1.1 404) 5 headers in 202 bytes (1 switches on core 0)
2026-09-11 18:53:05.114 8 INFO placement.requestlog [None req-3f83fb4a-da85-403d-9d8e-546d33a9e489 f94e68f5a404410ab24a269367e6e9f2 c407a345ca1844adb342f92cc9d103fe - - 8e50e25a66cf46678179fd65386b75db 8e50e25a66cf46678179fd65386b75db] 10.0.0.99 "DELETE /resource_providers/a051757b-1a22-4ec0-a689-1c1d422d8ce3" status: 404 len: 246 microversion: 1.1
2026-09-11 18:53:05.114 7 INFO placement.requestlog [None req-9e6302fa-2eeb-4029-a652-685f393972b1 f94e68f5a404410ab24a269367e6e9f2 c407a345ca1844adb342f92cc9d103fe - - 8e50e25a66cf46678179fd65386b75db 8e50e25a66cf46678179fd65386b75db] 10.0.0.99 "DELETE /resource_providers/a051757b-1a22-4ec0-a689-1c1d422d8ce3" status: 404 len: 246 microversion: 1.1 [pid: 7|app: 0|req: 614/1222] 10.0.0.99 () {34 vars in 815 bytes} [Fri Sep 11 18:53:05 2026] DELETE /resource_providers/a051757b-1a22-4ec0-a689-1c1d422d8ce3 => generated 246 bytes in 13 msecs (HTTP/1.1 404) 6 headers in 231 bytes (1 switches on core 0) [pid: 8|app: 0|req: 608/1222] 10.0.0.99 () {34 vars in 815 bytes} [Fri Sep 11 18:53:05 2026] DELETE /resource_providers/a051757b-1a22-4ec0-a689-1c1d422d8ce3 => generated 246 bytes in 17 msecs (HTTP/1.1 404) 6 headers in 231 bytes (1 switches on core 0)
2026-09-11 18:53:05.175 7 INFO placement.requestlog [req-45e0b8de-504b-4883-aabe-af1dc85841d7 req-125a12fb-9483-4ca2-af93-3425d4ff4b82 b36a9a3ea3cf41ae892712365c494cf4 c407a345ca1844adb342f92cc9d103fe - - 8e50e25a66cf46678179fd65386b75db 8e50e25a66cf46678179fd65386b75db] 162.253.55.27 "GET /resource_providers/cb06aff3-698b-48d5-af09-dbd3ae6e2c4d/allocations" status: 200 len: 153 microversion: 1.0 [pid: 7|app: 0|req: 615/1223] 162.253.55.27 () {32 vars in 856 bytes} [Fri Sep 11 18:53:05 2026] GET /resource_providers/cb06aff3-698b-48d5-af09-dbd3ae6e2c4d/allocations => generated 153 bytes in 33 msecs (HTTP/1.1 200) 6 headers in 224 bytes (1 switches on core 0)
2026-09-11 18:53:05.200 8 INFO placement.requestlog [req-45e0b8de-504b-4883-aabe-af1dc85841d7 req-c0ae4f6d-68ae-4c5b-8c63-ebb3abe34ad3 b36a9a3ea3cf41ae892712365c494cf4 c407a345ca1844adb342f92cc9d103fe - - 8e50e25a66cf46678179fd65386b75db 8e50e25a66cf46678179fd65386b75db] 162.253.55.27 "GET /allocations/3eda5810-5479-441c-9ee6-75c36d4de753" status: 200 len: 258 microversion: 1.28 [pid: 8|app: 0|req: 609/1224] 162.253.55.27 () {34 vars in 862 bytes} [Fri Sep 11 18:53:05 2026] GET /allocations/3eda5810-5479-441c-9ee6-75c36d4de753 => generated 258 bytes in 17 msecs (HTTP/1.1 200) 8 headers in 296 bytes (1 switches on core 0)
2026-09-11 18:53:08.779 7 INFO placement.requestlog [req-45e0b8de-504b-4883-aabe-af1dc85841d7 req-04780217-4f45-440d-b1f1-1bfb72149ed3 b36a9a3ea3cf41ae892712365c494cf4 c407a345ca1844adb342f92cc9d103fe - - 8e50e25a66cf46678179fd65386b75db 8e50e25a66cf46678179fd65386b75db] 162.253.55.27 "DELETE /allocations/3eda5810-5479-441c-9ee6-75c36d4de753" status: 204 len: 0 microversion: 1.0 [pid: 7|app: 0|req: 616/1225] 162.253.55.27 () {34 vars in 840 bytes} [Fri Sep 11 18:53:08 2026] DELETE /allocations/3eda5810-5479-441c-9ee6-75c36d4de753 => generated 0 bytes in 45 msecs (HTTP/1.1 204) 5 headers in 198 bytes (1 switches on core 0)
2026-09-11 18:53:10.225 8 INFO placement.requestlog [req-42ea24fa-d28b-4f3d-acdd-eb69363911b8 req-23c0c4fc-a1d2-4901-b9b4-8120f37b9d41 b36a9a3ea3cf41ae892712365c494cf4 c407a345ca1844adb342f92cc9d103fe - - 8e50e25a66cf46678179fd65386b75db 8e50e25a66cf46678179fd65386b75db] 10.0.0.131 "DELETE /allocations/3eda5810-5479-441c-9ee6-75c36d4de753" status: 404 len: 228 microversion: 1.0 [pid: 8|app: 0|req: 610/1226] 10.0.0.131 () {34 vars in 830 bytes} [Fri Sep 11 18:53:10 2026] DELETE /allocations/3eda5810-5479-441c-9ee6-75c36d4de753 => generated 228 bytes in 17 msecs (HTTP/1.1 404) 6 headers in 231 bytes (1 switches on core 0)
2026-09-11 18:53:12.553 8 INFO placement.requestlog [None req-34a5a832-5805-42fc-accd-8c71b0f2070c - - - - - -] 10.0.0.133 "GET /" status: 200 len: 136 microversion: 1.0
2026-09-11 18:53:12.553 7 INFO placement.requestlog [None req-3928f2d6-8881-442c-8131-6ecc9f23fce6 - - - - - -] 10.0.0.133 "GET /" status: 200 len: 136 microversion: 1.0
2026-09-11 18:53:16.623 7 INFO placement.requestlog [None req-78475978-b7d0-462d-a4cf-0939f0c8ec10 f94e68f5a404410ab24a269367e6e9f2 c407a345ca1844adb342f92cc9d103fe - - 8e50e25a66cf46678179fd65386b75db 8e50e25a66cf46678179fd65386b75db] 10.0.0.99 "GET /resource_providers/353f0eb9-0f69-46bb-8f13-ca61552274f0/aggregates" status: 404 len: 235 microversion: 1.1 [pid: 7|app: 0|req: 618/1229] 10.0.0.99 () {32 vars in 815 bytes} [Fri Sep 11 18:53:16 2026] GET /resource_providers/353f0eb9-0f69-46bb-8f13-ca61552274f0/aggregates => generated 235 bytes in 12 msecs (HTTP/1.1 404) 5 headers in 202 bytes (1 switches on core 0)
2026-09-11 18:53:16.625 8 INFO placement.requestlog [None req-5f387e89-275e-4432-bf58-2cdf2d14a5fc f94e68f5a404410ab24a269367e6e9f2 c407a345ca1844adb342f92cc9d103fe - - 8e50e25a66cf46678179fd65386b75db 8e50e25a66cf46678179fd65386b75db] 10.0.0.99 "GET /resource_providers/353f0eb9-0f69-46bb-8f13-ca61552274f0/aggregates" status: 404 len: 235 microversion: 1.1 [pid: 8|app: 0|req: 612/1230] 10.0.0.99 () {32 vars in 815 bytes} [Fri Sep 11 18:53:16 2026] GET /resource_providers/353f0eb9-0f69-46bb-8f13-ca61552274f0/aggregates => generated 235 bytes in 13 msecs (HTTP/1.1 404) 5 headers in 202 bytes (1 switches on core 0)
2026-09-11 18:53:16.652 7 INFO placement.requestlog [None req-4ea23224-1326-4530-a084-c2c15725454a f94e68f5a404410ab24a269367e6e9f2 c407a345ca1844adb342f92cc9d103fe - - 8e50e25a66cf46678179fd65386b75db 8e50e25a66cf46678179fd65386b75db] 10.0.0.99 "DELETE /resource_providers/353f0eb9-0f69-46bb-8f13-ca61552274f0" status: 404 len: 246 microversion: 1.1 [pid: 7|app: 0|req: 619/1231] 10.0.0.99 () {34 vars in 815 bytes} [Fri Sep 11 18:53:16 2026] DELETE /resource_providers/353f0eb9-0f69-46bb-8f13-ca61552274f0 => generated 246 bytes in 15 msecs (HTTP/1.1 404) 6 headers in 231 bytes (1 switches on core 0)
2026-09-11 18:53:16.654 8 INFO placement.requestlog [None req-bb62de7b-f74d-4afc-8b9b-9d8cb809daa4 f94e68f5a404410ab24a269367e6e9f2 c407a345ca1844adb342f92cc9d103fe - - 8e50e25a66cf46678179fd65386b75db 8e50e25a66cf46678179fd65386b75db] 10.0.0.99 "DELETE /resource_providers/353f0eb9-0f69-46bb-8f13-ca61552274f0" status: 404 len: 246 microversion: 1.1 [pid: 8|app: 0|req: 613/1232] 10.0.0.99 () {34 vars in 815 bytes} [Fri Sep 11 18:53:16 2026] DELETE /resource_providers/353f0eb9-0f69-46bb-8f13-ca61552274f0 => generated 246 bytes in 15 msecs (HTTP/1.1 404) 6 headers in 231 bytes (1 switches on core 0)
2026-09-11 18:53:18.680 8 INFO placement.requestlog [None req-b54f80c7-45e3-4cc6-a269-9f3a986dabfd f94e68f5a404410ab24a269367e6e9f2 c407a345ca1844adb342f92cc9d103fe - - 8e50e25a66cf46678179fd65386b75db 8e50e25a66cf46678179fd65386b75db] 10.0.0.99 "GET /resource_providers/c8ff2260-2b85-45d8-86c0-244446513874/aggregates" status: 404 len: 235 microversion: 1.1 [pid: 8|app: 0|req: 614/1233] 10.0.0.99 () {32 vars in 815 bytes} [Fri Sep 11 18:53:18 2026] GET /resource_providers/c8ff2260-2b85-45d8-86c0-244446513874/aggregates => generated 235 bytes in 10 msecs (HTTP/1.1 404) 5 headers in 202 bytes (1 switches on core 0)
2026-09-11 18:53:18.683 7 INFO placement.requestlog [None req-bd8a7dd5-35ea-4e8a-bf69-7cb3dd0c416f f94e68f5a404410ab24a269367e6e9f2 c407a345ca1844adb342f92cc9d103fe - - 8e50e25a66cf46678179fd65386b75db 8e50e25a66cf46678179fd65386b75db] 10.0.0.99 "GET /resource_providers/c8ff2260-2b85-45d8-86c0-244446513874/aggregates" status: 404 len: 235 microversion: 1.1 [pid: 7|app: 0|req: 620/1234] 10.0.0.99 () {32 vars in 815 bytes} [Fri Sep 11 18:53:18 2026] GET /resource_providers/c8ff2260-2b85-45d8-86c0-244446513874/aggregates => generated 235 bytes in 16 msecs (HTTP/1.1 404) 5 headers in 202 bytes (1 switches on core 0)
2026-09-11 18:53:18.735 8 INFO placement.requestlog [None req-ea521008-cec9-4a5d-85fa-261c26e01687 f94e68f5a404410ab24a269367e6e9f2 c407a345ca1844adb342f92cc9d103fe - - 8e50e25a66cf46678179fd65386b75db 8e50e25a66cf46678179fd65386b75db] 10.0.0.99 "DELETE /resource_providers/c8ff2260-2b85-45d8-86c0-244446513874" status: 404 len: 246 microversion: 1.1
2026-09-11 18:53:18.735 7 INFO placement.requestlog [None req-6e8ac7b4-247a-450d-ae3b-573cc931a60a f94e68f5a404410ab24a269367e6e9f2 c407a345ca1844adb342f92cc9d103fe - - 8e50e25a66cf46678179fd65386b75db 8e50e25a66cf46678179fd65386b75db] 10.0.0.99 "DELETE /resource_providers/c8ff2260-2b85-45d8-86c0-244446513874" status: 404 len: 246 microversion: 1.1 [pid: 8|app: 0|req: 615/1235] 10.0.0.99 () {34 vars in 815 bytes} [Fri Sep 11 18:53:18 2026] DELETE /resource_providers/c8ff2260-2b85-45d8-86c0-244446513874 => generated 246 bytes in 9 msecs (HTTP/1.1 404) 6 headers in 231 bytes (1 switches on core 0) [pid: 7|app: 0|req: 621/1236] 10.0.0.99 () {34 vars in 815 bytes} [Fri Sep 11 18:53:18 2026] DELETE /resource_providers/c8ff2260-2b85-45d8-86c0-244446513874 => generated 246 bytes in 9 msecs (HTTP/1.1 404) 6 headers in 231 bytes (1 switches on core 0)
2026-09-11 18:53:18.759 8 INFO placement.requestlog [None req-21fb474a-7576-49c0-9f43-55dd53034dde f94e68f5a404410ab24a269367e6e9f2 c407a345ca1844adb342f92cc9d103fe - - 8e50e25a66cf46678179fd65386b75db 8e50e25a66cf46678179fd65386b75db] 10.0.0.99 "GET /resource_providers/4a519e48-f5e0-475e-a758-e499a48a02fa/aggregates" status: 404 len: 235 microversion: 1.1 [pid: 8|app: 0|req: 616/1237] 10.0.0.99 () {32 vars in 815 bytes} [Fri Sep 11 18:53:18 2026] GET /resource_providers/4a519e48-f5e0-475e-a758-e499a48a02fa/aggregates => generated 235 bytes in 10 msecs (HTTP/1.1 404) 5 headers in 202 bytes (1 switches on core 0)
2026-09-11 18:53:18.764 7 INFO placement.requestlog [None req-ac85e7a8-8907-45fd-bdc2-9a99c8472685 f94e68f5a404410ab24a269367e6e9f2 c407a345ca1844adb342f92cc9d103fe - - 8e50e25a66cf46678179fd65386b75db 8e50e25a66cf46678179fd65386b75db] 10.0.0.99 "GET /resource_providers/4a519e48-f5e0-475e-a758-e499a48a02fa/aggregates" status: 404 len: 235 microversion: 1.1 [pid: 7|app: 0|req: 622/1238] 10.0.0.99 () {32 vars in 815 bytes} [Fri Sep 11 18:53:18 2026] GET /resource_providers/4a519e48-f5e0-475e-a758-e499a48a02fa/aggregates => generated 235 bytes in 11 msecs (HTTP/1.1 404) 5 headers in 202 bytes (1 switches on core 0)
2026-09-11 18:53:18.791 8 INFO placement.requestlog [None req-3e91e28c-c168-4aa1-b786-f0fe9e937b44 f94e68f5a404410ab24a269367e6e9f2 c407a345ca1844adb342f92cc9d103fe - - 8e50e25a66cf46678179fd65386b75db 8e50e25a66cf46678179fd65386b75db] 10.0.0.99 "DELETE /resource_providers/4a519e48-f5e0-475e-a758-e499a48a02fa" status: 404 len: 246 microversion: 1.1 [pid: 8|app: 0|req: 617/1239] 10.0.0.99 () {34 vars in 815 bytes} [Fri Sep 11 18:53:18 2026] DELETE /resource_providers/4a519e48-f5e0-475e-a758-e499a48a02fa => generated 246 bytes in 10 msecs (HTTP/1.1 404) 6 headers in 231 bytes (1 switches on core 0)
2026-09-11 18:53:18.793 7 INFO placement.requestlog [None req-29131df8-801d-45d9-8e46-f3bb77cecb80 f94e68f5a404410ab24a269367e6e9f2 c407a345ca1844adb342f92cc9d103fe - - 8e50e25a66cf46678179fd65386b75db 8e50e25a66cf46678179fd65386b75db] 10.0.0.99 "DELETE /resource_providers/4a519e48-f5e0-475e-a758-e499a48a02fa" status: 404 len: 246 microversion: 1.1 [pid: 7|app: 0|req: 623/1240] 10.0.0.99 () {34 vars in 815 bytes} [Fri Sep 11 18:53:18 2026] DELETE /resource_providers/4a519e48-f5e0-475e-a758-e499a48a02fa => generated 246 bytes in 10 msecs (HTTP/1.1 404) 6 headers in 231 bytes (1 switches on core 0)
2026-09-11 18:53:20.816 8 INFO placement.requestlog [None req-9482758a-9321-4cd1-b6e9-7e6440463718 f94e68f5a404410ab24a269367e6e9f2 c407a345ca1844adb342f92cc9d103fe - - 8e50e25a66cf46678179fd65386b75db 8e50e25a66cf46678179fd65386b75db] 10.0.0.99 "GET /resource_providers/e0512168-647f-4986-80d9-0b33f78e4774/aggregates" status: 404 len: 235 microversion: 1.1 [pid: 8|app: 0|req: 618/1241] 10.0.0.99 () {32 vars in 815 bytes} [Fri Sep 11 18:53:20 2026] GET /resource_providers/e0512168-647f-4986-80d9-0b33f78e4774/aggregates => generated 235 bytes in 16 msecs (HTTP/1.1 404) 5 headers in 202 bytes (1 switches on core 0)
2026-09-11 18:53:20.821 7 INFO placement.requestlog [None req-b0e7e902-9190-42c3-a909-fdd2eb4fec14 f94e68f5a404410ab24a269367e6e9f2 c407a345ca1844adb342f92cc9d103fe - - 8e50e25a66cf46678179fd65386b75db 8e50e25a66cf46678179fd65386b75db] 10.0.0.99 "GET /resource_providers/e0512168-647f-4986-80d9-0b33f78e4774/aggregates" status: 404 len: 235 microversion: 1.1 [pid: 7|app: 0|req: 624/1242] 10.0.0.99 () {32 vars in 815 bytes} [Fri Sep 11 18:53:20 2026] GET /resource_providers/e0512168-647f-4986-80d9-0b33f78e4774/aggregates => generated 235 bytes in 13 msecs (HTTP/1.1 404) 5 headers in 202 bytes (1 switches on core 0)
2026-09-11 18:53:20.838 8 INFO placement.requestlog [None req-50905de9-3f15-45ce-b24a-708407b52aed f94e68f5a404410ab24a269367e6e9f2 c407a345ca1844adb342f92cc9d103fe - - 8e50e25a66cf46678179fd65386b75db 8e50e25a66cf46678179fd65386b75db] 10.0.0.99 "DELETE /resource_providers/e0512168-647f-4986-80d9-0b33f78e4774" status: 404 len: 246 microversion: 1.1 [pid: 8|app: 0|req: 619/1243] 10.0.0.99 () {34 vars in 815 bytes} [Fri Sep 11 18:53:20 2026] DELETE /resource_providers/e0512168-647f-4986-80d9-0b33f78e4774 => generated 246 bytes in 11 msecs (HTTP/1.1 404) 6 headers in 231 bytes (1 switches on core 0)
2026-09-11 18:53:20.839 7 INFO placement.requestlog [None req-d3b912d1-e095-49e6-bad7-4f841dec46fa f94e68f5a404410ab24a269367e6e9f2 c407a345ca1844adb342f92cc9d103fe - - 8e50e25a66cf46678179fd65386b75db 8e50e25a66cf46678179fd65386b75db] 10.0.0.99 "DELETE /resource_providers/e0512168-647f-4986-80d9-0b33f78e4774" status: 404 len: 246 microversion: 1.1 [pid: 7|app: 0|req: 625/1244] 10.0.0.99 () {34 vars in 815 bytes} [Fri Sep 11 18:53:20 2026] DELETE /resource_providers/e0512168-647f-4986-80d9-0b33f78e4774 => generated 246 bytes in 11 msecs (HTTP/1.1 404) 6 headers in 231 bytes (1 switches on core 0)
2026-09-11 18:53:22.552 8 INFO placement.requestlog [None req-d62d63c9-a6c4-4073-a1aa-de2d9dc7797b - - - - - -] 10.0.0.133 "GET /" status: 200 len: 136 microversion: 1.0
2026-09-11 18:53:22.552 7 INFO placement.requestlog [None req-b6f698d2-c1e7-4c71-ba19-429bc357b310 - - - - - -] 10.0.0.133 "GET /" status: 200 len: 136 microversion: 1.0
2026-09-11 18:53:25.581 8 INFO placement.requestlog [None req-8fae58fb-fabf-43a4-8962-72e68c7548dd f94e68f5a404410ab24a269367e6e9f2 c407a345ca1844adb342f92cc9d103fe - - 8e50e25a66cf46678179fd65386b75db 8e50e25a66cf46678179fd65386b75db] 10.0.0.99 "GET /resource_providers/0954b1c5-bbbe-4652-9ecd-7a0250e1dc93/aggregates" status: 404 len: 235 microversion: 1.1 [pid: 8|app: 0|req: 621/1247] 10.0.0.99 () {32 vars in 815 bytes} [Fri Sep 11 18:53:25 2026] GET /resource_providers/0954b1c5-bbbe-4652-9ecd-7a0250e1dc93/aggregates => generated 235 bytes in 14 msecs (HTTP/1.1 404) 5 headers in 202 bytes (1 switches on core 0)
2026-09-11 18:53:25.590 7 INFO placement.requestlog [None req-2669e79f-805c-4c52-ad6f-6f04a3402655 f94e68f5a404410ab24a269367e6e9f2 c407a345ca1844adb342f92cc9d103fe - - 8e50e25a66cf46678179fd65386b75db 8e50e25a66cf46678179fd65386b75db] 10.0.0.99 "GET /resource_providers/0954b1c5-bbbe-4652-9ecd-7a0250e1dc93/aggregates" status: 404 len: 235 microversion: 1.1 [pid: 7|app: 0|req: 627/1248] 10.0.0.99 () {32 vars in 815 bytes} [Fri Sep 11 18:53:25 2026] GET /resource_providers/0954b1c5-bbbe-4652-9ecd-7a0250e1dc93/aggregates => generated 235 bytes in 14 msecs (HTTP/1.1 404) 5 headers in 202 bytes (1 switches on core 0)
2026-09-11 18:53:25.616 8 INFO placement.requestlog [None req-66e526fb-92f5-45a1-b1e7-dfbcb93928ad f94e68f5a404410ab24a269367e6e9f2 c407a345ca1844adb342f92cc9d103fe - - 8e50e25a66cf46678179fd65386b75db 8e50e25a66cf46678179fd65386b75db] 10.0.0.99 "DELETE /resource_providers/0954b1c5-bbbe-4652-9ecd-7a0250e1dc93" status: 404 len: 246 microversion: 1.1 [pid: 8|app: 0|req: 622/1249] 10.0.0.99 () {34 vars in 815 bytes} [Fri Sep 11 18:53:25 2026] DELETE /resource_providers/0954b1c5-bbbe-4652-9ecd-7a0250e1dc93 => generated 246 bytes in 19 msecs (HTTP/1.1 404) 6 headers in 231 bytes (1 switches on core 0)
2026-09-11 18:53:25.627 7 INFO placement.requestlog [None req-a472fba2-eb0e-4fd6-8f88-dab36a81c030 f94e68f5a404410ab24a269367e6e9f2 c407a345ca1844adb342f92cc9d103fe - - 8e50e25a66cf46678179fd65386b75db 8e50e25a66cf46678179fd65386b75db] 10.0.0.99 "DELETE /resource_providers/0954b1c5-bbbe-4652-9ecd-7a0250e1dc93" status: 404 len: 246 microversion: 1.1 [pid: 7|app: 0|req: 628/1250] 10.0.0.99 () {34 vars in 815 bytes} [Fri Sep 11 18:53:25 2026] DELETE /resource_providers/0954b1c5-bbbe-4652-9ecd-7a0250e1dc93 => generated 246 bytes in 20 msecs (HTTP/1.1 404) 6 headers in 231 bytes (1 switches on core 0)
2026-09-11 18:53:32.553 8 INFO placement.requestlog [None req-87bb5ed7-41b9-444f-8cd6-d013a1072088 - - - - - -] 10.0.0.133 "GET /" status: 200 len: 136 microversion: 1.0
2026-09-11 18:53:32.553 7 INFO placement.requestlog [None req-e9789f59-95ae-49cc-b76a-cdfc88aba1b5 - - - - - -] 10.0.0.133 "GET /" status: 200 len: 136 microversion: 1.0
