2026-06-02 08:05:34.249 10 INFO neutron.services.segments.plugin [-] Segment ee6d06d8-c8ee-4a98-85d6-cd0b5ff13a4a resource provider not found; error: Placement Client Error (4xx): {"errors": [{"status": 404, "title": "Not Found", "detail": "The resource could not be found.\n\n No resource provider with uuid ee6d06d8-c8ee-4a98-85d6-cd0b5ff13a4a found for delete ", "request_id": "req-557bac24-070d-4ec7-acda-6d6aba4ab9b7"}]}
2026-06-02 08:05:34.263 10 INFO neutron.services.segments.plugin [-] Segment ee6d06d8-c8ee-4a98-85d6-cd0b5ff13a4a resource provider not found; error: Placement Client Error (4xx): {"errors": [{"status": 404, "title": "Not Found", "detail": "The resource could not be found.\n\n No resource provider with uuid ee6d06d8-c8ee-4a98-85d6-cd0b5ff13a4a found for delete ", "request_id": "req-e9211547-3f52-463d-b7f2-29637d7bcfc2"}]}
2026-06-02 08:05:34.274 9 INFO neutron.wsgi [req-5c032e53-db83-47e8-8317-7f3f0f88c940 req-e8af9704-1f9d-483b-8e87-77e8fbb66dd9 7cac11f642ec4e8f8f02485beb938220 387b77d2c4e445feaf4cd113565d2da7 - - default default] 199.204.45.205 "GET /v2.0/security-groups?fields=id&fields=name&tenant_id=387b77d2c4e445feaf4cd113565d2da7 HTTP/1.1" status: 200 len: 377 time: 0.1005979
2026-06-02 08:05:34.280 10 INFO neutron.wsgi [None req-d4b3a79b-e3c1-4392-969b-dcb62117b877 dd3b4c8e320e4f51958cb027a7f7227f b711f952724841cc92a359f93e7e71ff - - default default] 10.0.0.61 "DELETE /v2.0/networks/f4324755-a782-4596-b7fa-26a9de751327 HTTP/1.1" status: 204 len: 168 time: 0.5458167
2026-06-02 08:05:34.307 9 WARNING neutron_lib.context [req-5c032e53-db83-47e8-8317-7f3f0f88c940 req-ee22bc1f-1f28-4358-84cc-5bf8719f9bfb 7cac11f642ec4e8f8f02485beb938220 387b77d2c4e445feaf4cd113565d2da7 - - default default] Method 'is_advsvc' is deprecated since 2023.2 release (neutron-lib 3.8.0) and will be removed once support for the old RBAC API policies will be removed from Neutron. Please use method 'is_service_role' instead.
2026-06-02 08:05:34.352 10 WARNING neutron.plugins.ml2.drivers.ovn.mech_driver.ovsdb.ovn_client [None req-58aec7b7-89c4-42f4-a419-d911e24f8d20 - - - - - -] No hosting information found for port 8767783e-ab41-49d4-b8fa-ee99650c6fcd: RuntimeError: No hosting information found for port 8767783e-ab41-49d4-b8fa-ee99650c6fcd
2026-06-02 08:05:34.692 9 WARNING neutron.scheduler.dhcp_agent_scheduler [req-5c032e53-db83-47e8-8317-7f3f0f88c940 req-ee22bc1f-1f28-4358-84cc-5bf8719f9bfb 7cac11f642ec4e8f8f02485beb938220 387b77d2c4e445feaf4cd113565d2da7 - - default default] No more DHCP agents
2026-06-02 08:05:34.694 9 WARNING neutron.api.rpc.agentnotifiers.dhcp_rpc_agent_api [req-5c032e53-db83-47e8-8317-7f3f0f88c940 req-ee22bc1f-1f28-4358-84cc-5bf8719f9bfb 7cac11f642ec4e8f8f02485beb938220 387b77d2c4e445feaf4cd113565d2da7 - - default default] Unable to schedule network 1b5b56f4-cf56-4642-8424-e57bf2a016db: no agents available; will retry on subsequent port and subnet creation events.
2026-06-02 08:05:34.906 9 INFO neutron.db.ovn_revision_numbers_db [req-5c032e53-db83-47e8-8317-7f3f0f88c940 req-ee22bc1f-1f28-4358-84cc-5bf8719f9bfb 7cac11f642ec4e8f8f02485beb938220 387b77d2c4e445feaf4cd113565d2da7 - - default default] Successfully bumped revision number for resource c5de9cb5-7e13-469e-95d2-f35fc07cd1e9 (type: ports) to 1
2026-06-02 08:05:34.938 9 INFO neutron.wsgi [req-5c032e53-db83-47e8-8317-7f3f0f88c940 req-ee22bc1f-1f28-4358-84cc-5bf8719f9bfb 7cac11f642ec4e8f8f02485beb938220 387b77d2c4e445feaf4cd113565d2da7 - - default default] 199.204.45.205 "POST /v2.0/ports HTTP/1.1" status: 201 len: 1388 time: 0.6472316 /var/lib/openstack/lib/python3.10/site-packages/pycadf/identifier.py:71: UserWarning: Invalid uuid: neutron. To ensure interoperability, identifiers should be a valid uuid. warnings.warn(('Invalid uuid: %s. To ensure interoperability, '
2026-06-02 08:05:35.016 10 INFO neutron.wsgi [None req-ba25503b-7f89-4f02-958d-d85d64cd0d2d dd3b4c8e320e4f51958cb027a7f7227f b711f952724841cc92a359f93e7e71ff - - default default] 10.0.0.61 "DELETE /v2.0/networks/1cd76f7c-cc3e-4e05-a32f-926ba251c9cc HTTP/1.1" status: 204 len: 168 time: 0.7173049
2026-06-02 08:05:35.409 9 INFO neutron.db.ovn_revision_numbers_db [req-5c032e53-db83-47e8-8317-7f3f0f88c940 req-39c64d0d-7647-477e-b4fe-d47ba9016fdc c6925d371fdc4a20a6e51fbccf7b0b0b cc84a2ad61704963a667863291df64b3 - - dac6f60a74b34ccabcfd78cebeb9dc95 dac6f60a74b34ccabcfd78cebeb9dc95] Successfully bumped revision number for resource c5de9cb5-7e13-469e-95d2-f35fc07cd1e9 (type: ports) to 2
2026-06-02 08:05:35.409 10 INFO neutron.wsgi [None req-468e5e5d-6d2f-4958-8213-0bea6d8f9789 dd3b4c8e320e4f51958cb027a7f7227f b711f952724841cc92a359f93e7e71ff - - default default] 10.0.0.61 "DELETE /v2.0/networks/ba873821-a36f-43eb-a9be-46957ff16779 HTTP/1.1" status: 204 len: 168 time: 0.3871431
2026-06-02 08:05:35.640 9 INFO neutron.db.ovn_revision_numbers_db [req-5c032e53-db83-47e8-8317-7f3f0f88c940 req-39c64d0d-7647-477e-b4fe-d47ba9016fdc c6925d371fdc4a20a6e51fbccf7b0b0b cc84a2ad61704963a667863291df64b3 - - dac6f60a74b34ccabcfd78cebeb9dc95 dac6f60a74b34ccabcfd78cebeb9dc95] Successfully bumped revision number for resource c5de9cb5-7e13-469e-95d2-f35fc07cd1e9 (type: ports) to 2
2026-06-02 08:05:35.662 9 INFO neutron.wsgi [req-5c032e53-db83-47e8-8317-7f3f0f88c940 req-39c64d0d-7647-477e-b4fe-d47ba9016fdc c6925d371fdc4a20a6e51fbccf7b0b0b cc84a2ad61704963a667863291df64b3 - - dac6f60a74b34ccabcfd78cebeb9dc95 dac6f60a74b34ccabcfd78cebeb9dc95] 199.204.45.205 "PUT /v2.0/ports/c5de9cb5-7e13-469e-95d2-f35fc07cd1e9 HTTP/1.1" status: 200 len: 1605 time: 0.7135658
2026-06-02 08:05:35.699 9 INFO neutron.notifiers.nova [-] Nova event matching ['req-193157ae-9395-405f-8c12-3a2218b90481'] response: {'name': 'network-changed', 'server_uuid': '3a9fdff1-a518-4d6f-8e92-33e69497a2a2', 'tag': 'c5de9cb5-7e13-469e-95d2-f35fc07cd1e9', 'status': 'completed', 'code': 200} /var/lib/openstack/lib/python3.10/site-packages/pycadf/identifier.py:71: UserWarning: Invalid uuid: neutron. To ensure interoperability, identifiers should be a valid uuid. warnings.warn(('Invalid uuid: %s. To ensure interoperability, '
2026-06-02 08:05:35.744 9 INFO neutron.wsgi [req-5c032e53-db83-47e8-8317-7f3f0f88c940 req-b47c69ed-1624-40b1-87bb-cb31df27d847 c6925d371fdc4a20a6e51fbccf7b0b0b cc84a2ad61704963a667863291df64b3 - - dac6f60a74b34ccabcfd78cebeb9dc95 dac6f60a74b34ccabcfd78cebeb9dc95] 199.204.45.205 "GET /v2.0/ports?tenant_id=387b77d2c4e445feaf4cd113565d2da7&device_id=3a9fdff1-a518-4d6f-8e92-33e69497a2a2 HTTP/1.1" status: 200 len: 1636 time: 0.0428159
2026-06-02 08:05:35.774 9 INFO neutron.wsgi [req-5c032e53-db83-47e8-8317-7f3f0f88c940 req-a1f5c93c-339f-4b96-ba31-8a52415119c2 c6925d371fdc4a20a6e51fbccf7b0b0b cc84a2ad61704963a667863291df64b3 - - dac6f60a74b34ccabcfd78cebeb9dc95 dac6f60a74b34ccabcfd78cebeb9dc95] 199.204.45.205 "GET /v2.0/floatingips?fixed_ip_address=10.2.1.137&port_id=c5de9cb5-7e13-469e-95d2-f35fc07cd1e9 HTTP/1.1" status: 200 len: 217 time: 0.0238206
2026-06-02 08:05:35.802 9 INFO neutron.wsgi [req-5c032e53-db83-47e8-8317-7f3f0f88c940 req-1526ae2e-89fc-4e9d-aca5-c40c06f01eb2 c6925d371fdc4a20a6e51fbccf7b0b0b cc84a2ad61704963a667863291df64b3 - - dac6f60a74b34ccabcfd78cebeb9dc95 dac6f60a74b34ccabcfd78cebeb9dc95] 199.204.45.205 "GET /v2.0/floatingips?fixed_ip_address=fd7b%3Af9f7%3Afff%3A4eca%3A%3A309&port_id=c5de9cb5-7e13-469e-95d2-f35fc07cd1e9 HTTP/1.1" status: 200 len: 217 time: 0.0229976
2026-06-02 08:05:35.810 10 INFO neutron.wsgi [None req-424d4db6-fac6-4bab-a6c4-6c9b7e2ef056 dd3b4c8e320e4f51958cb027a7f7227f b711f952724841cc92a359f93e7e71ff - - default default] 10.0.0.61 "DELETE /v2.0/networks/3ac39ace-ca38-4ae3-86bd-211b2254c7e5 HTTP/1.1" status: 204 len: 168 time: 0.3941491
2026-06-02 08:05:35.844 9 INFO neutron.wsgi [req-5c032e53-db83-47e8-8317-7f3f0f88c940 req-3776f79a-881f-422e-a02b-83f54358a18b c6925d371fdc4a20a6e51fbccf7b0b0b cc84a2ad61704963a667863291df64b3 - - dac6f60a74b34ccabcfd78cebeb9dc95 dac6f60a74b34ccabcfd78cebeb9dc95] 199.204.45.205 "GET /v2.0/subnets?id=2b9778d9-4bed-4c9d-8708-0ed5beaca05b&id=a36d8395-edc4-4985-bbe7-6c5e37cc13c8 HTTP/1.1" status: 200 len: 1563 time: 0.0342205
2026-06-02 08:05:35.872 9 INFO neutron.wsgi [req-5c032e53-db83-47e8-8317-7f3f0f88c940 req-0fd15037-1825-4bff-883e-ca8767002301 c6925d371fdc4a20a6e51fbccf7b0b0b cc84a2ad61704963a667863291df64b3 - - dac6f60a74b34ccabcfd78cebeb9dc95 dac6f60a74b34ccabcfd78cebeb9dc95] 199.204.45.205 "GET /v2.0/ports?network_id=1b5b56f4-cf56-4642-8424-e57bf2a016db&device_owner=network%3Adhcp HTTP/1.1" status: 200 len: 210 time: 0.0239768
2026-06-02 08:05:35.903 9 INFO neutron.wsgi [req-5c032e53-db83-47e8-8317-7f3f0f88c940 req-aba3fec6-6375-4a06-a29e-806207d0a45e c6925d371fdc4a20a6e51fbccf7b0b0b cc84a2ad61704963a667863291df64b3 - - dac6f60a74b34ccabcfd78cebeb9dc95 dac6f60a74b34ccabcfd78cebeb9dc95] 199.204.45.205 "GET /v2.0/ports?network_id=1b5b56f4-cf56-4642-8424-e57bf2a016db&device_owner=network%3Adhcp HTTP/1.1" status: 200 len: 210 time: 0.0236726
2026-06-02 08:05:35.976 9 INFO neutron.wsgi [req-5c032e53-db83-47e8-8317-7f3f0f88c940 req-4074e75d-a793-4f42-a1ed-708b584397ea c6925d371fdc4a20a6e51fbccf7b0b0b cc84a2ad61704963a667863291df64b3 - - dac6f60a74b34ccabcfd78cebeb9dc95 dac6f60a74b34ccabcfd78cebeb9dc95] 199.204.45.205 "GET /v2.0/networks/1b5b56f4-cf56-4642-8424-e57bf2a016db?fields=segments HTTP/1.1" status: 200 len: 212 time: 0.0645201
2026-06-02 08:05:36.043 9 INFO neutron.wsgi [req-5c032e53-db83-47e8-8317-7f3f0f88c940 req-9f3408ab-8b21-474c-b3cf-054f500d11c7 c6925d371fdc4a20a6e51fbccf7b0b0b cc84a2ad61704963a667863291df64b3 - - dac6f60a74b34ccabcfd78cebeb9dc95 dac6f60a74b34ccabcfd78cebeb9dc95] 199.204.45.205 "GET /v2.0/networks/1b5b56f4-cf56-4642-8424-e57bf2a016db?fields=provider%3Aphysical_network&fields=provider%3Anetwork_type HTTP/1.1" status: 200 len: 277 time: 0.0604036
2026-06-02 08:05:36.138 9 INFO neutron.wsgi [req-1c59aab6-8237-4d2f-a0b7-d4f4a2aac685 req-de3caa03-c7bf-4bab-b8a4-7a0afe8fa8e8 c6925d371fdc4a20a6e51fbccf7b0b0b cc84a2ad61704963a667863291df64b3 - - dac6f60a74b34ccabcfd78cebeb9dc95 dac6f60a74b34ccabcfd78cebeb9dc95] 199.204.45.205 "GET /v2.0/ports?tenant_id=387b77d2c4e445feaf4cd113565d2da7&device_id=3a9fdff1-a518-4d6f-8e92-33e69497a2a2 HTTP/1.1" status: 200 len: 1636 time: 0.0532868
2026-06-02 08:05:36.201 9 INFO neutron.wsgi [req-1c59aab6-8237-4d2f-a0b7-d4f4a2aac685 req-9ad07a1f-58fc-4d52-926b-54147fb63a55 c6925d371fdc4a20a6e51fbccf7b0b0b cc84a2ad61704963a667863291df64b3 - - dac6f60a74b34ccabcfd78cebeb9dc95 dac6f60a74b34ccabcfd78cebeb9dc95] 199.204.45.205 "GET /v2.0/networks?id=1b5b56f4-cf56-4642-8424-e57bf2a016db HTTP/1.1" status: 200 len: 1002 time: 0.0588908
2026-06-02 08:05:36.229 9 INFO neutron.wsgi [req-1c59aab6-8237-4d2f-a0b7-d4f4a2aac685 req-2085e4b3-9db5-49ce-b60f-5bb602b3a6b0 c6925d371fdc4a20a6e51fbccf7b0b0b cc84a2ad61704963a667863291df64b3 - - dac6f60a74b34ccabcfd78cebeb9dc95 dac6f60a74b34ccabcfd78cebeb9dc95] 199.204.45.205 "GET /v2.0/floatingips?fixed_ip_address=10.2.1.137&port_id=c5de9cb5-7e13-469e-95d2-f35fc07cd1e9 HTTP/1.1" status: 200 len: 217 time: 0.0217416
2026-06-02 08:05:36.267 9 INFO neutron.plugins.ml2.drivers.ovn.mech_driver.mech_driver [None req-55556a73-82d0-4f60-abfe-e03503b5e14e - - - - - -] OVN reports status up for port: c5de9cb5-7e13-469e-95d2-f35fc07cd1e9
2026-06-02 08:05:36.272 9 INFO neutron.wsgi [req-1c59aab6-8237-4d2f-a0b7-d4f4a2aac685 req-be30a66d-8e63-43ac-b87a-67a8b99b5b0f c6925d371fdc4a20a6e51fbccf7b0b0b cc84a2ad61704963a667863291df64b3 - - dac6f60a74b34ccabcfd78cebeb9dc95 dac6f60a74b34ccabcfd78cebeb9dc95] 199.204.45.205 "GET /v2.0/floatingips?fixed_ip_address=fd7b%3Af9f7%3Afff%3A4eca%3A%3A309&port_id=c5de9cb5-7e13-469e-95d2-f35fc07cd1e9 HTTP/1.1" status: 200 len: 217 time: 0.0391362
2026-06-02 08:05:36.284 10 INFO neutron.services.segments.plugin [-] Segment 788b5249-d57a-4590-9387-f557d51f62ad resource provider aggregate not found
2026-06-02 08:05:36.291 10 INFO neutron.services.segments.plugin [-] Segment 788b5249-d57a-4590-9387-f557d51f62ad resource provider aggregate not found
2026-06-02 08:05:36.299 9 INFO neutron.plugins.ml2.plugin [None req-55556a73-82d0-4f60-abfe-e03503b5e14e - - - - - -] Attempt 1 to provision port c5de9cb5-7e13-469e-95d2-f35fc07cd1e9
2026-06-02 08:05:36.306 10 INFO neutron.services.segments.plugin [-] Segment 788b5249-d57a-4590-9387-f557d51f62ad resource provider not found; error: Placement Client Error (4xx): {"errors": [{"status": 404, "title": "Not Found", "detail": "The resource could not be found.\n\n No resource provider with uuid 788b5249-d57a-4590-9387-f557d51f62ad found for delete ", "request_id": "req-7e691d6a-c794-436d-887d-422a15da0aa7"}]}
2026-06-02 08:05:36.321 10 INFO neutron.services.segments.plugin [-] Segment 788b5249-d57a-4590-9387-f557d51f62ad resource provider not found; error: Placement Client Error (4xx): {"errors": [{"status": 404, "title": "Not Found", "detail": "The resource could not be found.\n\n No resource provider with uuid 788b5249-d57a-4590-9387-f557d51f62ad found for delete ", "request_id": "req-8d7dc766-7648-4d13-88a4-c32b01bc83b0"}]}
2026-06-02 08:05:36.335 10 INFO neutron.services.segments.plugin [-] Segment aa955c27-387e-4fe9-9de6-1cc1332bfe89 resource provider aggregate not found
2026-06-02 08:05:36.339 9 INFO neutron.wsgi [req-1c59aab6-8237-4d2f-a0b7-d4f4a2aac685 req-733ac91d-1e8e-400a-8595-bacdeca5c3f4 c6925d371fdc4a20a6e51fbccf7b0b0b cc84a2ad61704963a667863291df64b3 - - dac6f60a74b34ccabcfd78cebeb9dc95 dac6f60a74b34ccabcfd78cebeb9dc95] 199.204.45.205 "GET /v2.0/subnets?id=2b9778d9-4bed-4c9d-8708-0ed5beaca05b&id=a36d8395-edc4-4985-bbe7-6c5e37cc13c8 HTTP/1.1" status: 200 len: 1563 time: 0.0599008
2026-06-02 08:05:36.343 10 INFO neutron.services.segments.plugin [-] Segment aa955c27-387e-4fe9-9de6-1cc1332bfe89 resource provider aggregate not found
2026-06-02 08:05:36.364 10 INFO neutron.services.segments.plugin [-] Segment aa955c27-387e-4fe9-9de6-1cc1332bfe89 resource provider not found; error: Placement Client Error (4xx): {"errors": [{"status": 404, "title": "Not Found", "detail": "The resource could not be found.\n\n No resource provider with uuid aa955c27-387e-4fe9-9de6-1cc1332bfe89 found for delete ", "request_id": "req-93d6ed4b-7712-48b2-ba7d-c3e91a889b52"}]}
2026-06-02 08:05:36.370 10 INFO neutron.services.segments.plugin [-] Segment aa955c27-387e-4fe9-9de6-1cc1332bfe89 resource provider not found; error: Placement Client Error (4xx): {"errors": [{"status": 404, "title": "Not Found", "detail": "The resource could not be found.\n\n No resource provider with uuid aa955c27-387e-4fe9-9de6-1cc1332bfe89 found for delete ", "request_id": "req-f6bf8528-bafd-4953-b1ec-e72def2a0eb6"}]}
2026-06-02 08:05:36.385 10 INFO neutron.services.segments.plugin [-] Segment 979f8a42-48dc-4433-9b7c-24eba8aeffb8 resource provider aggregate not found
2026-06-02 08:05:36.391 9 INFO neutron.wsgi [req-1c59aab6-8237-4d2f-a0b7-d4f4a2aac685 req-035ea7fa-306e-4bc1-9720-6e1dcad5c702 c6925d371fdc4a20a6e51fbccf7b0b0b cc84a2ad61704963a667863291df64b3 - - dac6f60a74b34ccabcfd78cebeb9dc95 dac6f60a74b34ccabcfd78cebeb9dc95] 199.204.45.205 "GET /v2.0/ports?network_id=1b5b56f4-cf56-4642-8424-e57bf2a016db&device_owner=network%3Adhcp HTTP/1.1" status: 200 len: 210 time: 0.0465961
2026-06-02 08:05:36.392 10 INFO neutron.services.segments.plugin [-] Segment 979f8a42-48dc-4433-9b7c-24eba8aeffb8 resource provider aggregate not found
2026-06-02 08:05:36.407 10 INFO neutron.services.segments.plugin [-] Segment 979f8a42-48dc-4433-9b7c-24eba8aeffb8 resource provider not found; error: Placement Client Error (4xx): {"errors": [{"status": 404, "title": "Not Found", "detail": "The resource could not be found.\n\n No resource provider with uuid 979f8a42-48dc-4433-9b7c-24eba8aeffb8 found for delete ", "request_id": "req-3ef8e2ac-1e80-46a4-a3a7-8e0d17efa5de"}]}
2026-06-02 08:05:36.415 10 INFO neutron.services.segments.plugin [-] Segment 979f8a42-48dc-4433-9b7c-24eba8aeffb8 resource provider not found; error: Placement Client Error (4xx): {"errors": [{"status": 404, "title": "Not Found", "detail": "The resource could not be found.\n\n No resource provider with uuid 979f8a42-48dc-4433-9b7c-24eba8aeffb8 found for delete ", "request_id": "req-3f051cab-f3f4-452e-b0d2-03ca1f27ba91"}]}
2026-06-02 08:05:36.423 9 INFO neutron.wsgi [req-1c59aab6-8237-4d2f-a0b7-d4f4a2aac685 req-80e2abbd-0486-45c8-80ba-68d440f429dc c6925d371fdc4a20a6e51fbccf7b0b0b cc84a2ad61704963a667863291df64b3 - - dac6f60a74b34ccabcfd78cebeb9dc95 dac6f60a74b34ccabcfd78cebeb9dc95] 199.204.45.205 "GET /v2.0/ports?network_id=1b5b56f4-cf56-4642-8424-e57bf2a016db&device_owner=network%3Adhcp HTTP/1.1" status: 200 len: 210 time: 0.0200922
2026-06-02 08:05:36.505 9 INFO neutron.wsgi [req-1c59aab6-8237-4d2f-a0b7-d4f4a2aac685 req-18245338-3c81-4586-9983-d2327b28e398 c6925d371fdc4a20a6e51fbccf7b0b0b cc84a2ad61704963a667863291df64b3 - - dac6f60a74b34ccabcfd78cebeb9dc95 dac6f60a74b34ccabcfd78cebeb9dc95] 199.204.45.205 "GET /v2.0/networks/1b5b56f4-cf56-4642-8424-e57bf2a016db?fields=segments HTTP/1.1" status: 200 len: 212 time: 0.0759847
2026-06-02 08:05:36.589 9 INFO neutron.wsgi [req-1c59aab6-8237-4d2f-a0b7-d4f4a2aac685 req-984f55e9-c13d-48f7-ae52-b90b299a027e c6925d371fdc4a20a6e51fbccf7b0b0b cc84a2ad61704963a667863291df64b3 - - dac6f60a74b34ccabcfd78cebeb9dc95 dac6f60a74b34ccabcfd78cebeb9dc95] 199.204.45.205 "GET /v2.0/networks/1b5b56f4-cf56-4642-8424-e57bf2a016db?fields=provider%3Aphysical_network&fields=provider%3Anetwork_type HTTP/1.1" status: 200 len: 277 time: 0.0770869
2026-06-02 08:05:36.701 9 INFO neutron.db.ovn_revision_numbers_db [None req-55556a73-82d0-4f60-abfe-e03503b5e14e - - - - - -] Successfully bumped revision number for resource c5de9cb5-7e13-469e-95d2-f35fc07cd1e9 (type: ports) to 4 /var/lib/openstack/lib/python3.10/site-packages/pycadf/identifier.py:71: UserWarning: Invalid uuid: neutron. To ensure interoperability, identifiers should be a valid uuid. warnings.warn(('Invalid uuid: %s. To ensure interoperability, '
2026-06-02 08:05:36.957 9 INFO neutron.wsgi [None req-d4cf1634-f81d-4415-9db4-b320a673c369 3fcbdd64b6864855b262fd98765bca91 1e40ba1f207e4dd5806da3a62b1a85b9 - - default default] 10.0.0.61 "GET /v2.0/security-groups?tenant_id=b711f952724841cc92a359f93e7e71ff&name=default HTTP/1.1" status: 200 len: 2996 time: 0.2211144
2026-06-02 08:05:37.216 9 INFO neutron.wsgi [None req-36d84d71-2267-4e0d-b8ce-c6a4009fc2b7 3fcbdd64b6864855b262fd98765bca91 1e40ba1f207e4dd5806da3a62b1a85b9 - - default default] 10.0.0.61 "DELETE /v2.0/security-groups/a0b3e496-d600-44a0-a954-b95817417c79 HTTP/1.1" status: 204 len: 168 time: 0.2532001
2026-06-02 08:05:37.535 10 INFO neutron.db.ovn_revision_numbers_db [None req-09e7c6c9-028e-48b7-ada4-25269074c941 3fcbdd64b6864855b262fd98765bca91 1e40ba1f207e4dd5806da3a62b1a85b9 - - default default] Successfully bumped revision number for resource 4f1babd5-7d7c-4270-89e2-4fda52e40066 (type: security_groups) to 1
2026-06-02 08:05:37.552 10 INFO neutron.db.ovn_revision_numbers_db [None req-09e7c6c9-028e-48b7-ada4-25269074c941 3fcbdd64b6864855b262fd98765bca91 1e40ba1f207e4dd5806da3a62b1a85b9 - - default default] Successfully bumped revision number for resource 0950b62a-c2c9-4ded-b3b2-7290a58dde3c (type: security_group_rules) to 0
2026-06-02 08:05:37.569 10 INFO neutron.db.ovn_revision_numbers_db [None req-09e7c6c9-028e-48b7-ada4-25269074c941 3fcbdd64b6864855b262fd98765bca91 1e40ba1f207e4dd5806da3a62b1a85b9 - - default default] Successfully bumped revision number for resource 3215500b-8be2-4898-bcc6-aaafe67b0c79 (type: security_group_rules) to 0
2026-06-02 08:05:37.583 10 INFO neutron.db.ovn_revision_numbers_db [None req-09e7c6c9-028e-48b7-ada4-25269074c941 3fcbdd64b6864855b262fd98765bca91 1e40ba1f207e4dd5806da3a62b1a85b9 - - default default] Successfully bumped revision number for resource 9264f3cf-029c-4c51-af0a-3b6c75642b09 (type: security_group_rules) to 0
2026-06-02 08:05:37.597 10 INFO neutron.db.ovn_revision_numbers_db [None req-09e7c6c9-028e-48b7-ada4-25269074c941 3fcbdd64b6864855b262fd98765bca91 1e40ba1f207e4dd5806da3a62b1a85b9 - - default default] Successfully bumped revision number for resource f1c9ed5a-4f22-4af4-82f5-a1653d10e008 (type: security_group_rules) to 0
2026-06-02 08:05:37.621 10 INFO neutron.wsgi [None req-09e7c6c9-028e-48b7-ada4-25269074c941 3fcbdd64b6864855b262fd98765bca91 1e40ba1f207e4dd5806da3a62b1a85b9 - - default default] 10.0.0.61 "GET /v2.0/security-groups?tenant_id=5677e6a78f7c4bf7aba4c52e98b2f826&name=default HTTP/1.1" status: 200 len: 2996 time: 0.2197611
2026-06-02 08:05:37.744 9 INFO neutron.notifiers.nova [-] Nova event matching ['req-917f0c34-bf99-4007-9c71-701a19363376'] response: {'server_uuid': '3a9fdff1-a518-4d6f-8e92-33e69497a2a2', 'name': 'network-vif-plugged', 'status': 'completed', 'tag': 'c5de9cb5-7e13-469e-95d2-f35fc07cd1e9', 'code': 200}
2026-06-02 08:05:37.744 9 INFO neutron.notifiers.nova [-] Nova event matching ['req-917f0c34-bf99-4007-9c71-701a19363376'] response: {'server_uuid': '3a9fdff1-a518-4d6f-8e92-33e69497a2a2', 'name': 'network-vif-plugged', 'status': 'completed', 'tag': 'c5de9cb5-7e13-469e-95d2-f35fc07cd1e9', 'code': 200}
2026-06-02 08:05:37.866 9 INFO neutron.wsgi [None req-acbfb128-bd93-4c12-aabf-b480dbd50d48 3fcbdd64b6864855b262fd98765bca91 1e40ba1f207e4dd5806da3a62b1a85b9 - - default default] 10.0.0.61 "DELETE /v2.0/security-groups/4f1babd5-7d7c-4270-89e2-4fda52e40066 HTTP/1.1" status: 204 len: 168 time: 0.2359502
2026-06-02 08:05:38.159 10 INFO neutron.db.ovn_revision_numbers_db [None req-b584f42b-0c9f-4da2-a386-2f9ff3af224b 3fcbdd64b6864855b262fd98765bca91 1e40ba1f207e4dd5806da3a62b1a85b9 - - default default] Successfully bumped revision number for resource 3c86427b-4f59-4743-aafa-65fbddb614dc (type: security_groups) to 1
2026-06-02 08:05:38.174 10 INFO neutron.db.ovn_revision_numbers_db [None req-b584f42b-0c9f-4da2-a386-2f9ff3af224b 3fcbdd64b6864855b262fd98765bca91 1e40ba1f207e4dd5806da3a62b1a85b9 - - default default] Successfully bumped revision number for resource 4e9735da-9f29-4820-8be7-f848e02c799d (type: security_group_rules) to 0
2026-06-02 08:05:38.190 10 INFO neutron.db.ovn_revision_numbers_db [None req-b584f42b-0c9f-4da2-a386-2f9ff3af224b 3fcbdd64b6864855b262fd98765bca91 1e40ba1f207e4dd5806da3a62b1a85b9 - - default default] Successfully bumped revision number for resource de6fd040-3b17-4546-b440-dc816d16641e (type: security_group_rules) to 0
2026-06-02 08:05:38.207 10 INFO neutron.db.ovn_revision_numbers_db [None req-b584f42b-0c9f-4da2-a386-2f9ff3af224b 3fcbdd64b6864855b262fd98765bca91 1e40ba1f207e4dd5806da3a62b1a85b9 - - default default] Successfully bumped revision number for resource df6b71ea-e803-4594-8ac1-7f25f2980ab6 (type: security_group_rules) to 0
2026-06-02 08:05:38.225 10 INFO neutron.db.ovn_revision_numbers_db [None req-b584f42b-0c9f-4da2-a386-2f9ff3af224b 3fcbdd64b6864855b262fd98765bca91 1e40ba1f207e4dd5806da3a62b1a85b9 - - default default] Successfully bumped revision number for resource e33092b9-529c-4dce-8baa-c73eb18f01da (type: security_group_rules) to 0
2026-06-02 08:05:38.247 10 INFO neutron.wsgi [None req-b584f42b-0c9f-4da2-a386-2f9ff3af224b 3fcbdd64b6864855b262fd98765bca91 1e40ba1f207e4dd5806da3a62b1a85b9 - - default default] 10.0.0.61 "GET /v2.0/security-groups?tenant_id=e77e57f004de43db97ed5a7e4cb931e6&name=default HTTP/1.1" status: 200 len: 2996 time: 0.2294178
2026-06-02 08:05:38.286 9 WARNING neutron_lib.context [None req-ae9f6913-d5c0-4bbd-b729-0d396b450697 2e8881d316c84d5cb8fd4bbe9c9449bc 50233fc172b74b6e830dc7f623b41546 - - default default] Method 'is_advsvc' is deprecated since 2023.2 release (neutron-lib 3.8.0) and will be removed once support for the old RBAC API policies will be removed from Neutron. Please use method 'is_service_role' instead.
2026-06-02 08:05:38.570 10 INFO neutron.wsgi [req-be0df109-49d2-415a-b3a5-3e9d8f7f1abf req-422a7b0e-f141-47df-89bf-1daa03f27e38 7cac11f642ec4e8f8f02485beb938220 387b77d2c4e445feaf4cd113565d2da7 - - default default] 10.0.0.195 "GET /v2.0/ports?device_id=3a9fdff1-a518-4d6f-8e92-33e69497a2a2 HTTP/1.1" status: 200 len: 1400 time: 0.0928731
2026-06-02 08:05:38.615 10 INFO neutron.wsgi [req-be0df109-49d2-415a-b3a5-3e9d8f7f1abf req-ece17f68-1088-4097-8d2c-b30acd142152 7cac11f642ec4e8f8f02485beb938220 387b77d2c4e445feaf4cd113565d2da7 - - default default] 10.0.0.195 "GET /v2.0/security-groups?id=d1a54fce-4262-4751-880e-fbbc93be970d&fields=id&fields=name HTTP/1.1" status: 200 len: 310 time: 0.0379770
2026-06-02 08:05:38.691 10 INFO neutron.wsgi [None req-20daf718-5318-4b2b-89ac-4b5cbf0265ab 7cac11f642ec4e8f8f02485beb938220 387b77d2c4e445feaf4cd113565d2da7 - - default default] 10.0.0.61 "GET /v2.0/ports?network_id=1b5b56f4-cf56-4642-8424-e57bf2a016db&mac_address=fa%3A16%3A3e%3A12%3Afa%3Ad8 HTTP/1.1" status: 200 len: 1395 time: 0.0534375
2026-06-02 08:05:38.702 10 WARNING neutron_lib.context [None req-3f0707fe-3b78-4c3d-9f54-862758eff571 7cac11f642ec4e8f8f02485beb938220 387b77d2c4e445feaf4cd113565d2da7 - - default default] Method 'is_advsvc' is deprecated since 2023.2 release (neutron-lib 3.8.0) and will be removed once support for the old RBAC API policies will be removed from Neutron. Please use method 'is_service_role' instead.
2026-06-02 08:05:38.770 9 INFO neutron.wsgi [None req-eb81cee1-755a-45c4-9731-6a0cc998945b 3fcbdd64b6864855b262fd98765bca91 1e40ba1f207e4dd5806da3a62b1a85b9 - - default default] 10.0.0.61 "DELETE /v2.0/security-groups/3c86427b-4f59-4743-aafa-65fbddb614dc HTTP/1.1" status: 204 len: 168 time: 0.5183198
2026-06-02 08:05:38.831 9 WARNING neutron.scheduler.dhcp_agent_scheduler [None req-ae9f6913-d5c0-4bbd-b729-0d396b450697 2e8881d316c84d5cb8fd4bbe9c9449bc 50233fc172b74b6e830dc7f623b41546 - - default default] No more DHCP agents
2026-06-02 08:05:38.833 9 WARNING neutron.api.rpc.agentnotifiers.dhcp_rpc_agent_api [None req-ae9f6913-d5c0-4bbd-b729-0d396b450697 2e8881d316c84d5cb8fd4bbe9c9449bc 50233fc172b74b6e830dc7f623b41546 - - default default] Unable to schedule network 009643ca-0698-4d95-a885-e178c788133c: no agents available; will retry on subsequent port and subnet creation events.
2026-06-02 08:05:38.959 10 WARNING neutron.scheduler.dhcp_agent_scheduler [None req-3f0707fe-3b78-4c3d-9f54-862758eff571 7cac11f642ec4e8f8f02485beb938220 387b77d2c4e445feaf4cd113565d2da7 - - default default] No more DHCP agents
2026-06-02 08:05:38.962 10 WARNING neutron.api.rpc.agentnotifiers.dhcp_rpc_agent_api [None req-3f0707fe-3b78-4c3d-9f54-862758eff571 7cac11f642ec4e8f8f02485beb938220 387b77d2c4e445feaf4cd113565d2da7 - - default default] Unable to schedule network 009643ca-0698-4d95-a885-e178c788133c: no agents available; will retry on subsequent port and subnet creation events.
2026-06-02 08:05:39.175 9 INFO neutron.db.ovn_revision_numbers_db [None req-ae9f6913-d5c0-4bbd-b729-0d396b450697 2e8881d316c84d5cb8fd4bbe9c9449bc 50233fc172b74b6e830dc7f623b41546 - - default default] Successfully bumped revision number for resource 1dcd39f8-35a4-4829-a9ac-04e21fa5b84e (type: floatingips) to 0
2026-06-02 08:05:39.195 9 INFO neutron.wsgi [None req-ae9f6913-d5c0-4bbd-b729-0d396b450697 2e8881d316c84d5cb8fd4bbe9c9449bc 50233fc172b74b6e830dc7f623b41546 - - default default] 10.0.0.61 "POST /v2.0/floatingips HTTP/1.1" status: 201 len: 751 time: 1.1561835
2026-06-02 08:05:39.209 9 WARNING neutron_lib.context [None req-3831a331-0a83-474a-a3a1-90693e8a55fa 2e8881d316c84d5cb8fd4bbe9c9449bc 50233fc172b74b6e830dc7f623b41546 - - default default] Method 'is_advsvc' is deprecated since 2023.2 release (neutron-lib 3.8.0) and will be removed once support for the old RBAC API policies will be removed from Neutron. Please use method 'is_service_role' instead.
2026-06-02 08:05:39.368 10 INFO neutron.db.l3_db [None req-3f0707fe-3b78-4c3d-9f54-862758eff571 7cac11f642ec4e8f8f02485beb938220 387b77d2c4e445feaf4cd113565d2da7 - - default default] Floating IP 3dcf1e4c-0368-4d80-a953-0cf2fd996802 associated. External IP: 10.96.250.220, port: c5de9cb5-7e13-469e-95d2-f35fc07cd1e9.
2026-06-02 08:05:39.495 9 WARNING neutron.scheduler.dhcp_agent_scheduler [None req-3831a331-0a83-474a-a3a1-90693e8a55fa 2e8881d316c84d5cb8fd4bbe9c9449bc 50233fc172b74b6e830dc7f623b41546 - - default default] No more DHCP agents
2026-06-02 08:05:39.498 9 WARNING neutron.api.rpc.agentnotifiers.dhcp_rpc_agent_api [None req-3831a331-0a83-474a-a3a1-90693e8a55fa 2e8881d316c84d5cb8fd4bbe9c9449bc 50233fc172b74b6e830dc7f623b41546 - - default default] Unable to schedule network 009643ca-0698-4d95-a885-e178c788133c: no agents available; will retry on subsequent port and subnet creation events.
2026-06-02 08:05:39.572 10 INFO neutron.db.ovn_revision_numbers_db [None req-3f0707fe-3b78-4c3d-9f54-862758eff571 7cac11f642ec4e8f8f02485beb938220 387b77d2c4e445feaf4cd113565d2da7 - - default default] Successfully bumped revision number for resource 3dcf1e4c-0368-4d80-a953-0cf2fd996802 (type: floatingips) to 0
2026-06-02 08:05:39.687 10 INFO neutron.db.ovn_revision_numbers_db [None req-3f0707fe-3b78-4c3d-9f54-862758eff571 7cac11f642ec4e8f8f02485beb938220 387b77d2c4e445feaf4cd113565d2da7 - - default default] Successfully bumped revision number for resource 3dcf1e4c-0368-4d80-a953-0cf2fd996802 (type: floatingips) to 1
2026-06-02 08:05:39.727 10 INFO neutron.wsgi [None req-3f0707fe-3b78-4c3d-9f54-862758eff571 7cac11f642ec4e8f8f02485beb938220 387b77d2c4e445feaf4cd113565d2da7 - - default default] 10.0.0.61 "POST /v2.0/floatingips HTTP/1.1" status: 201 len: 1054 time: 1.0308194
2026-06-02 08:05:39.768 10 INFO neutron.notifiers.nova [-] Nova event matching ['req-13e15311-2869-42f6-a2ca-b51e33d8e164'] response: {'name': 'network-changed', 'server_uuid': '3a9fdff1-a518-4d6f-8e92-33e69497a2a2', 'tag': 'c5de9cb5-7e13-469e-95d2-f35fc07cd1e9', 'status': 'completed', 'code': 200} /var/lib/openstack/lib/python3.10/site-packages/pycadf/identifier.py:71: UserWarning: Invalid uuid: neutron. To ensure interoperability, identifiers should be a valid uuid. warnings.warn(('Invalid uuid: %s. To ensure interoperability, '
2026-06-02 08:05:39.856 9 INFO neutron.wsgi [req-5c883a17-04b0-4476-854d-07f81f98f302 req-69284794-bce7-45eb-a4ac-63eb252fa5e6 c6925d371fdc4a20a6e51fbccf7b0b0b cc84a2ad61704963a667863291df64b3 - - dac6f60a74b34ccabcfd78cebeb9dc95 dac6f60a74b34ccabcfd78cebeb9dc95] 199.204.45.205 "GET /v2.0/ports?tenant_id=387b77d2c4e445feaf4cd113565d2da7&device_id=3a9fdff1-a518-4d6f-8e92-33e69497a2a2 HTTP/1.1" status: 200 len: 1638 time: 0.0682406
2026-06-02 08:05:39.914 9 INFO neutron.wsgi [req-d63d1168-ed43-41da-b041-2bc60b01f209 req-83530fd3-bf57-4aaf-9c41-675b2535eab8 7cac11f642ec4e8f8f02485beb938220 387b77d2c4e445feaf4cd113565d2da7 - - default default] 10.0.0.195 "GET /v2.0/security-groups?name=tempest-lb_member_SG-681309715&fields=id&tenant_id=387b77d2c4e445feaf4cd113565d2da7 HTTP/1.1" status: 200 len: 267 time: 0.1011422
2026-06-02 08:05:39.986 9 INFO neutron.wsgi [req-5c883a17-04b0-4476-854d-07f81f98f302 req-be7e1ea1-5292-4c81-b179-7186bfbc1b2f c6925d371fdc4a20a6e51fbccf7b0b0b cc84a2ad61704963a667863291df64b3 - - dac6f60a74b34ccabcfd78cebeb9dc95 dac6f60a74b34ccabcfd78cebeb9dc95] 199.204.45.205 "GET /v2.0/networks?id=1b5b56f4-cf56-4642-8424-e57bf2a016db HTTP/1.1" status: 200 len: 1002 time: 0.1215012
2026-06-02 08:05:40.003 9 INFO neutron.db.ovn_revision_numbers_db [None req-3831a331-0a83-474a-a3a1-90693e8a55fa 2e8881d316c84d5cb8fd4bbe9c9449bc 50233fc172b74b6e830dc7f623b41546 - - default default] Successfully bumped revision number for resource 013d6e1c-87b5-444d-a7bd-7430d0285f4d (type: floatingips) to 0
2026-06-02 08:05:40.039 9 INFO neutron.wsgi [req-d63d1168-ed43-41da-b041-2bc60b01f209 req-1cf86911-1b8e-4ca2-aaa8-db89da1dfc3d 7cac11f642ec4e8f8f02485beb938220 387b77d2c4e445feaf4cd113565d2da7 - - default default] 10.0.0.195 "GET /v2.0/networks?id=ea6e8f48-113b-4f17-b15c-740442ad7ada HTTP/1.1" status: 200 len: 903 time: 0.1193640
2026-06-02 08:05:40.043 9 INFO neutron.wsgi [None req-3831a331-0a83-474a-a3a1-90693e8a55fa 2e8881d316c84d5cb8fd4bbe9c9449bc 50233fc172b74b6e830dc7f623b41546 - - default default] 10.0.0.61 "POST /v2.0/floatingips HTTP/1.1" status: 201 len: 751 time: 0.8415418
2026-06-02 08:05:40.058 9 WARNING neutron_lib.context [None req-d4466ac1-50ee-43ed-8b40-e63800d6c9ad 2e8881d316c84d5cb8fd4bbe9c9449bc 50233fc172b74b6e830dc7f623b41546 - - default default] Method 'is_advsvc' is deprecated since 2023.2 release (neutron-lib 3.8.0) and will be removed once support for the old RBAC API policies will be removed from Neutron. Please use method 'is_service_role' instead.
2026-06-02 08:05:40.069 9 INFO neutron.wsgi [req-5c883a17-04b0-4476-854d-07f81f98f302 req-f4903608-f3fa-4494-8874-8cba2473589c c6925d371fdc4a20a6e51fbccf7b0b0b cc84a2ad61704963a667863291df64b3 - - dac6f60a74b34ccabcfd78cebeb9dc95 dac6f60a74b34ccabcfd78cebeb9dc95] 199.204.45.205 "GET /v2.0/floatingips?fixed_ip_address=10.2.1.137&port_id=c5de9cb5-7e13-469e-95d2-f35fc07cd1e9 HTTP/1.1" status: 200 len: 1059 time: 0.0751011
2026-06-02 08:05:40.071 9 INFO neutron.wsgi [req-d63d1168-ed43-41da-b041-2bc60b01f209 req-f8589417-f747-42e7-83f8-f4e289b7baea 7cac11f642ec4e8f8f02485beb938220 387b77d2c4e445feaf4cd113565d2da7 - - default default] 10.0.0.195 "GET /v2.0/quotas/387b77d2c4e445feaf4cd113565d2da7 HTTP/1.1" status: 200 len: 386 time: 0.0245483
2026-06-02 08:05:40.104 9 INFO neutron.wsgi [req-5c883a17-04b0-4476-854d-07f81f98f302 req-db40141e-e786-43ba-9913-57c36d0a9bd5 c6925d371fdc4a20a6e51fbccf7b0b0b cc84a2ad61704963a667863291df64b3 - - dac6f60a74b34ccabcfd78cebeb9dc95 dac6f60a74b34ccabcfd78cebeb9dc95] 199.204.45.205 "GET /v2.0/floatingips?fixed_ip_address=fd7b%3Af9f7%3Afff%3A4eca%3A%3A309&port_id=c5de9cb5-7e13-469e-95d2-f35fc07cd1e9 HTTP/1.1" status: 200 len: 217 time: 0.0308666
2026-06-02 08:05:40.182 9 INFO neutron.wsgi [req-5c883a17-04b0-4476-854d-07f81f98f302 req-fc99a2b7-7fcb-4bb3-80e4-fb3038f119c8 c6925d371fdc4a20a6e51fbccf7b0b0b cc84a2ad61704963a667863291df64b3 - - dac6f60a74b34ccabcfd78cebeb9dc95 dac6f60a74b34ccabcfd78cebeb9dc95] 199.204.45.205 "GET /v2.0/subnets?id=2b9778d9-4bed-4c9d-8708-0ed5beaca05b&id=a36d8395-edc4-4985-bbe7-6c5e37cc13c8 HTTP/1.1" status: 200 len: 1563 time: 0.0666673
2026-06-02 08:05:40.227 9 INFO neutron.wsgi [req-5c883a17-04b0-4476-854d-07f81f98f302 req-394190e9-d426-4c82-84cb-4a4dba65555f c6925d371fdc4a20a6e51fbccf7b0b0b cc84a2ad61704963a667863291df64b3 - - dac6f60a74b34ccabcfd78cebeb9dc95 dac6f60a74b34ccabcfd78cebeb9dc95] 199.204.45.205 "GET /v2.0/ports?network_id=1b5b56f4-cf56-4642-8424-e57bf2a016db&device_owner=network%3Adhcp HTTP/1.1" status: 200 len: 210 time: 0.0298362
2026-06-02 08:05:40.268 9 INFO neutron.wsgi [req-5c883a17-04b0-4476-854d-07f81f98f302 req-4d695d1d-42a0-4c25-935d-305311bfe2e0 c6925d371fdc4a20a6e51fbccf7b0b0b cc84a2ad61704963a667863291df64b3 - - dac6f60a74b34ccabcfd78cebeb9dc95 dac6f60a74b34ccabcfd78cebeb9dc95] 199.204.45.205 "GET /v2.0/ports?network_id=1b5b56f4-cf56-4642-8424-e57bf2a016db&device_owner=network%3Adhcp HTTP/1.1" status: 200 len: 210 time: 0.0336752
2026-06-02 08:05:40.411 9 INFO neutron.wsgi [req-5c883a17-04b0-4476-854d-07f81f98f302 req-9b70cb0e-fe28-46f6-a869-a5c94f75aaca c6925d371fdc4a20a6e51fbccf7b0b0b cc84a2ad61704963a667863291df64b3 - - dac6f60a74b34ccabcfd78cebeb9dc95 dac6f60a74b34ccabcfd78cebeb9dc95] 199.204.45.205 "GET /v2.0/networks/1b5b56f4-cf56-4642-8424-e57bf2a016db?fields=segments HTTP/1.1" status: 200 len: 212 time: 0.1337538
2026-06-02 08:05:40.537 9 INFO neutron.wsgi [req-d63d1168-ed43-41da-b041-2bc60b01f209 req-74a831ce-f92a-44d1-8c51-d4e59584a1c8 7cac11f642ec4e8f8f02485beb938220 387b77d2c4e445feaf4cd113565d2da7 - - default default] 10.0.0.195 "GET /v2.0/ports?tenant_id=387b77d2c4e445feaf4cd113565d2da7&fields=id HTTP/1.1" status: 200 len: 532 time: 0.4565120
2026-06-02 08:05:40.547 9 INFO neutron.wsgi [req-5c883a17-04b0-4476-854d-07f81f98f302 req-f7c9bb00-15dd-4ff3-9ebe-022c3359a217 c6925d371fdc4a20a6e51fbccf7b0b0b cc84a2ad61704963a667863291df64b3 - - dac6f60a74b34ccabcfd78cebeb9dc95 dac6f60a74b34ccabcfd78cebeb9dc95] 199.204.45.205 "GET /v2.0/networks/1b5b56f4-cf56-4642-8424-e57bf2a016db?fields=provider%3Aphysical_network&fields=provider%3Anetwork_type HTTP/1.1" status: 200 len: 277 time: 0.1253252
2026-06-02 08:05:40.597 9 WARNING neutron.scheduler.dhcp_agent_scheduler [None req-d4466ac1-50ee-43ed-8b40-e63800d6c9ad 2e8881d316c84d5cb8fd4bbe9c9449bc 50233fc172b74b6e830dc7f623b41546 - - default default] No more DHCP agents
2026-06-02 08:05:40.600 9 WARNING neutron.api.rpc.agentnotifiers.dhcp_rpc_agent_api [None req-d4466ac1-50ee-43ed-8b40-e63800d6c9ad 2e8881d316c84d5cb8fd4bbe9c9449bc 50233fc172b74b6e830dc7f623b41546 - - default default] Unable to schedule network 009643ca-0698-4d95-a885-e178c788133c: no agents available; will retry on subsequent port and subnet creation events.
2026-06-02 08:05:40.626 9 INFO neutron.wsgi [req-d63d1168-ed43-41da-b041-2bc60b01f209 req-bf7de6ef-62f3-49cc-acec-d483ad85269a c6925d371fdc4a20a6e51fbccf7b0b0b cc84a2ad61704963a667863291df64b3 - - dac6f60a74b34ccabcfd78cebeb9dc95 dac6f60a74b34ccabcfd78cebeb9dc95] 10.0.0.195 "GET /v2.0/networks/ea6e8f48-113b-4f17-b15c-740442ad7ada?fields=segments HTTP/1.1" status: 200 len: 212 time: 0.0764883
2026-06-02 08:05:40.702 9 INFO neutron.wsgi [req-d63d1168-ed43-41da-b041-2bc60b01f209 req-b257e2f5-e1ed-4150-a7e7-8da5cc8946ef c6925d371fdc4a20a6e51fbccf7b0b0b cc84a2ad61704963a667863291df64b3 - - dac6f60a74b34ccabcfd78cebeb9dc95 dac6f60a74b34ccabcfd78cebeb9dc95] 10.0.0.195 "GET /v2.0/networks/ea6e8f48-113b-4f17-b15c-740442ad7ada?fields=provider%3Aphysical_network&fields=provider%3Anetwork_type HTTP/1.1" status: 200 len: 277 time: 0.0669816
2026-06-02 08:05:40.892 10 INFO neutron.wsgi [req-73b68d45-57d1-4585-9325-fa8aca66b2f3 req-d6e1421c-e64b-4274-8963-5befaecbc775 7cac11f642ec4e8f8f02485beb938220 387b77d2c4e445feaf4cd113565d2da7 - - default default] 10.0.0.195 "GET /v2.0/ports?device_id=6c7bdd7d-02ff-4b73-ba9d-fa4c4b620397 HTTP/1.1" status: 200 len: 210 time: 0.0320334
2026-06-02 08:05:40.971 9 INFO neutron.db.ovn_revision_numbers_db [None req-d4466ac1-50ee-43ed-8b40-e63800d6c9ad 2e8881d316c84d5cb8fd4bbe9c9449bc 50233fc172b74b6e830dc7f623b41546 - - default default] Successfully bumped revision number for resource c8a82aa8-45d5-4337-8b7a-f35f5ac3161a (type: floatingips) to 0
2026-06-02 08:05:40.989 9 INFO neutron.wsgi [None req-d4466ac1-50ee-43ed-8b40-e63800d6c9ad 2e8881d316c84d5cb8fd4bbe9c9449bc 50233fc172b74b6e830dc7f623b41546 - - default default] 10.0.0.61 "POST /v2.0/floatingips HTTP/1.1" status: 201 len: 751 time: 0.9403808
2026-06-02 08:05:41.000 9 WARNING neutron_lib.context [None req-f64f2ed7-fa02-460a-8835-5f229e84e521 2e8881d316c84d5cb8fd4bbe9c9449bc 50233fc172b74b6e830dc7f623b41546 - - default default] Method 'is_advsvc' is deprecated since 2023.2 release (neutron-lib 3.8.0) and will be removed once support for the old RBAC API policies will be removed from Neutron. Please use method 'is_service_role' instead.
2026-06-02 08:05:41.251 9 WARNING neutron.scheduler.dhcp_agent_scheduler [None req-f64f2ed7-fa02-460a-8835-5f229e84e521 2e8881d316c84d5cb8fd4bbe9c9449bc 50233fc172b74b6e830dc7f623b41546 - - default default] No more DHCP agents
2026-06-02 08:05:41.252 9 WARNING neutron.api.rpc.agentnotifiers.dhcp_rpc_agent_api [None req-f64f2ed7-fa02-460a-8835-5f229e84e521 2e8881d316c84d5cb8fd4bbe9c9449bc 50233fc172b74b6e830dc7f623b41546 - - default default] Unable to schedule network 009643ca-0698-4d95-a885-e178c788133c: no agents available; will retry on subsequent port and subnet creation events.
2026-06-02 08:05:41.595 9 INFO neutron.db.ovn_revision_numbers_db [None req-f64f2ed7-fa02-460a-8835-5f229e84e521 2e8881d316c84d5cb8fd4bbe9c9449bc 50233fc172b74b6e830dc7f623b41546 - - default default] Successfully bumped revision number for resource 2e818a0c-ddc8-4093-84c8-913846199495 (type: floatingips) to 0
2026-06-02 08:05:41.617 9 INFO neutron.wsgi [None req-f64f2ed7-fa02-460a-8835-5f229e84e521 2e8881d316c84d5cb8fd4bbe9c9449bc 50233fc172b74b6e830dc7f623b41546 - - default default] 10.0.0.61 "POST /v2.0/floatingips HTTP/1.1" status: 201 len: 751 time: 0.6221352
2026-06-02 08:05:41.629 10 WARNING neutron_lib.context [None req-84a03452-527c-43eb-82c0-5b68564da36c 2e8881d316c84d5cb8fd4bbe9c9449bc 50233fc172b74b6e830dc7f623b41546 - - default default] Method 'is_advsvc' is deprecated since 2023.2 release (neutron-lib 3.8.0) and will be removed once support for the old RBAC API policies will be removed from Neutron. Please use method 'is_service_role' instead.
2026-06-02 08:05:41.691 9 INFO neutron.wsgi [req-d63d1168-ed43-41da-b041-2bc60b01f209 req-fe4f184b-2068-4621-9384-e196da512a12 7cac11f642ec4e8f8f02485beb938220 387b77d2c4e445feaf4cd113565d2da7 - - default default] 199.204.45.205 "GET /v2.0/networks?id=ea6e8f48-113b-4f17-b15c-740442ad7ada HTTP/1.1" status: 200 len: 903 time: 0.0727458
2026-06-02 08:05:41.731 9 INFO neutron.wsgi [req-d63d1168-ed43-41da-b041-2bc60b01f209 req-1286b64a-d130-425a-b8ad-8cd8e847864f 7cac11f642ec4e8f8f02485beb938220 387b77d2c4e445feaf4cd113565d2da7 - - default default] 199.204.45.205 "GET /v2.0/security-groups?fields=id&fields=name&tenant_id=387b77d2c4e445feaf4cd113565d2da7 HTTP/1.1" status: 200 len: 377 time: 0.0334952
2026-06-02 08:05:41.739 9 WARNING neutron_lib.context [req-d63d1168-ed43-41da-b041-2bc60b01f209 req-f3abbc67-d8b7-409f-81f2-65620467e432 7cac11f642ec4e8f8f02485beb938220 387b77d2c4e445feaf4cd113565d2da7 - - default default] Method 'is_advsvc' is deprecated since 2023.2 release (neutron-lib 3.8.0) and will be removed once support for the old RBAC API policies will be removed from Neutron. Please use method 'is_service_role' instead.
2026-06-02 08:05:41.933 10 WARNING neutron.scheduler.dhcp_agent_scheduler [None req-84a03452-527c-43eb-82c0-5b68564da36c 2e8881d316c84d5cb8fd4bbe9c9449bc 50233fc172b74b6e830dc7f623b41546 - - default default] No more DHCP agents
2026-06-02 08:05:41.936 10 WARNING neutron.api.rpc.agentnotifiers.dhcp_rpc_agent_api [None req-84a03452-527c-43eb-82c0-5b68564da36c 2e8881d316c84d5cb8fd4bbe9c9449bc 50233fc172b74b6e830dc7f623b41546 - - default default] Unable to schedule network 009643ca-0698-4d95-a885-e178c788133c: no agents available; will retry on subsequent port and subnet creation events.
2026-06-02 08:05:42.235 10 INFO neutron.db.ovn_revision_numbers_db [None req-84a03452-527c-43eb-82c0-5b68564da36c 2e8881d316c84d5cb8fd4bbe9c9449bc 50233fc172b74b6e830dc7f623b41546 - - default default] Successfully bumped revision number for resource 919ca452-e19f-4048-8816-4218f62a1df3 (type: floatingips) to 0
2026-06-02 08:05:42.249 10 INFO neutron.wsgi [None req-84a03452-527c-43eb-82c0-5b68564da36c 2e8881d316c84d5cb8fd4bbe9c9449bc 50233fc172b74b6e830dc7f623b41546 - - default default] 10.0.0.61 "POST /v2.0/floatingips HTTP/1.1" status: 201 len: 751 time: 0.6261215
2026-06-02 08:05:42.298 10 INFO neutron.wsgi [None req-226fe69e-3cf6-4836-b816-476f14ca98b4 2e8881d316c84d5cb8fd4bbe9c9449bc 50233fc172b74b6e830dc7f623b41546 - - default default] 10.0.0.61 "PUT /v2.0/floatingips/1dcd39f8-35a4-4829-a9ac-04e21fa5b84e/tags HTTP/1.1" status: 200 len: 210 time: 0.0450709
2026-06-02 08:05:42.331 9 WARNING neutron.scheduler.dhcp_agent_scheduler [req-d63d1168-ed43-41da-b041-2bc60b01f209 req-f3abbc67-d8b7-409f-81f2-65620467e432 7cac11f642ec4e8f8f02485beb938220 387b77d2c4e445feaf4cd113565d2da7 - - default default] No more DHCP agents
2026-06-02 08:05:42.333 9 WARNING neutron.api.rpc.agentnotifiers.dhcp_rpc_agent_api [req-d63d1168-ed43-41da-b041-2bc60b01f209 req-f3abbc67-d8b7-409f-81f2-65620467e432 7cac11f642ec4e8f8f02485beb938220 387b77d2c4e445feaf4cd113565d2da7 - - default default] Unable to schedule network ea6e8f48-113b-4f17-b15c-740442ad7ada: no agents available; will retry on subsequent port and subnet creation events.
2026-06-02 08:05:42.340 10 INFO neutron.wsgi [None req-f14e4993-4b39-4c3a-a091-07cb59add452 2e8881d316c84d5cb8fd4bbe9c9449bc 50233fc172b74b6e830dc7f623b41546 - - default default] 10.0.0.61 "PUT /v2.0/floatingips/013d6e1c-87b5-444d-a7bd-7430d0285f4d/tags HTTP/1.1" status: 200 len: 218 time: 0.0384338
2026-06-02 08:05:42.381 10 INFO neutron.wsgi [None req-653c42e4-618c-4486-874d-85b02eaeb674 2e8881d316c84d5cb8fd4bbe9c9449bc 50233fc172b74b6e830dc7f623b41546 - - default default] 10.0.0.61 "PUT /v2.0/floatingips/c8a82aa8-45d5-4337-8b7a-f35f5ac3161a/tags HTTP/1.1" status: 200 len: 227 time: 0.0353241
2026-06-02 08:05:42.434 10 INFO neutron.wsgi [None req-4af01f71-a8f4-46aa-8a10-5d1e0cbb6853 2e8881d316c84d5cb8fd4bbe9c9449bc 50233fc172b74b6e830dc7f623b41546 - - default default] 10.0.0.61 "PUT /v2.0/floatingips/2e818a0c-ddc8-4093-84c8-913846199495/tags HTTP/1.1" status: 200 len: 212 time: 0.0478582 /var/lib/openstack/lib/python3.10/site-packages/pycadf/identifier.py:71: UserWarning: Invalid uuid: neutron. To ensure interoperability, identifiers should be a valid uuid. warnings.warn(('Invalid uuid: %s. To ensure interoperability, '
2026-06-02 08:05:42.490 9 INFO neutron.wsgi [None req-b5b9d3cb-dd80-4d18-bf44-224763aebac7 2e8881d316c84d5cb8fd4bbe9c9449bc 50233fc172b74b6e830dc7f623b41546 - - default default] 10.0.0.61 "GET /v2.0/floatingips?tags=red HTTP/1.1" status: 200 len: 1866 time: 0.0495770
2026-06-02 08:05:42.541 9 INFO neutron.wsgi [None req-ed2b73e1-7a2c-409d-a6e5-2e68ea0b3f0c 2e8881d316c84d5cb8fd4bbe9c9449bc 50233fc172b74b6e830dc7f623b41546 - - default default] 10.0.0.61 "GET /v2.0/floatingips?tags=red%2Cblue HTTP/1.1" status: 200 len: 1323 time: 0.0443165
2026-06-02 08:05:42.566 9 INFO neutron.db.ovn_revision_numbers_db [req-d63d1168-ed43-41da-b041-2bc60b01f209 req-f3abbc67-d8b7-409f-81f2-65620467e432 7cac11f642ec4e8f8f02485beb938220 387b77d2c4e445feaf4cd113565d2da7 - - default default] Successfully bumped revision number for resource f043ae63-f2b9-48b9-beab-e7722ddd2853 (type: ports) to 1
2026-06-02 08:05:42.593 9 INFO neutron.wsgi [req-d63d1168-ed43-41da-b041-2bc60b01f209 req-f3abbc67-d8b7-409f-81f2-65620467e432 7cac11f642ec4e8f8f02485beb938220 387b77d2c4e445feaf4cd113565d2da7 - - default default] 199.204.45.205 "POST /v2.0/ports HTTP/1.1" status: 201 len: 1388 time: 0.8583133
2026-06-02 08:05:42.599 10 INFO neutron.wsgi [None req-7634195a-5a67-46b1-8729-2edd0800decd 2e8881d316c84d5cb8fd4bbe9c9449bc 50233fc172b74b6e830dc7f623b41546 - - default default] 10.0.0.61 "GET /v2.0/floatingips?tags-any=blue HTTP/1.1" status: 200 len: 1323 time: 0.0522013
2026-06-02 08:05:42.640 10 INFO neutron.wsgi [None req-20aa1b8d-1c78-420a-ab10-b525976d39df 2e8881d316c84d5cb8fd4bbe9c9449bc 50233fc172b74b6e830dc7f623b41546 - - default default] 10.0.0.61 "GET /v2.0/floatingips?tags-any=red%2Cblue HTTP/1.1" status: 200 len: 1866 time: 0.0359340
2026-06-02 08:05:42.682 10 INFO neutron.wsgi [None req-eae04b77-cf86-4bbc-acdb-bc67a81e1f77 2e8881d316c84d5cb8fd4bbe9c9449bc 50233fc172b74b6e830dc7f623b41546 - - default default] 10.0.0.61 "GET /v2.0/floatingips?not-tags=red HTTP/1.1" status: 200 len: 1295 time: 0.0365138
2026-06-02 08:05:42.735 10 INFO neutron.wsgi [None req-4553c47e-5b47-44c3-9671-ceb0e4c58e50 2e8881d316c84d5cb8fd4bbe9c9449bc 50233fc172b74b6e830dc7f623b41546 - - default default] 10.0.0.61 "GET /v2.0/floatingips?not-tags=red%2Cblue HTTP/1.1" status: 200 len: 1838 time: 0.0485337
2026-06-02 08:05:42.806 10 INFO neutron.wsgi [None req-f11d5053-9b73-45ab-bacf-da50ab938e4a 2e8881d316c84d5cb8fd4bbe9c9449bc 50233fc172b74b6e830dc7f623b41546 - - default default] 10.0.0.61 "GET /v2.0/floatingips?not-tags-any=blue HTTP/1.1" status: 200 len: 1838 time: 0.0637143
2026-06-02 08:05:42.847 10 INFO neutron.wsgi [None req-b12e02b6-645c-411d-8955-3b15f834f8d7 2e8881d316c84d5cb8fd4bbe9c9449bc 50233fc172b74b6e830dc7f623b41546 - - default default] 10.0.0.61 "GET /v2.0/floatingips?not-tags-any=red%2Cblue HTTP/1.1" status: 200 len: 1295 time: 0.0371966
2026-06-02 08:05:43.018 9 INFO neutron.db.ovn_revision_numbers_db [req-d63d1168-ed43-41da-b041-2bc60b01f209 req-8fb59890-78ed-4701-8f71-5e07d9a0d57c c6925d371fdc4a20a6e51fbccf7b0b0b cc84a2ad61704963a667863291df64b3 - - dac6f60a74b34ccabcfd78cebeb9dc95 dac6f60a74b34ccabcfd78cebeb9dc95] Successfully bumped revision number for resource f043ae63-f2b9-48b9-beab-e7722ddd2853 (type: ports) to 2
2026-06-02 08:05:43.181 10 INFO neutron.wsgi [None req-d43b312c-5c33-451b-a535-e240acbe5910 2e8881d316c84d5cb8fd4bbe9c9449bc 50233fc172b74b6e830dc7f623b41546 - - default default] 10.0.0.61 "DELETE /v2.0/floatingips/1dcd39f8-35a4-4829-a9ac-04e21fa5b84e HTTP/1.1" status: 204 len: 168 time: 0.3282723
2026-06-02 08:05:43.220 9 INFO neutron.db.ovn_revision_numbers_db [req-d63d1168-ed43-41da-b041-2bc60b01f209 req-8fb59890-78ed-4701-8f71-5e07d9a0d57c c6925d371fdc4a20a6e51fbccf7b0b0b cc84a2ad61704963a667863291df64b3 - - dac6f60a74b34ccabcfd78cebeb9dc95 dac6f60a74b34ccabcfd78cebeb9dc95] Successfully bumped revision number for resource f043ae63-f2b9-48b9-beab-e7722ddd2853 (type: ports) to 2
2026-06-02 08:05:43.235 9 INFO neutron.wsgi [req-d63d1168-ed43-41da-b041-2bc60b01f209 req-8fb59890-78ed-4701-8f71-5e07d9a0d57c c6925d371fdc4a20a6e51fbccf7b0b0b cc84a2ad61704963a667863291df64b3 - - dac6f60a74b34ccabcfd78cebeb9dc95 dac6f60a74b34ccabcfd78cebeb9dc95] 199.204.45.205 "PUT /v2.0/ports/f043ae63-f2b9-48b9-beab-e7722ddd2853 HTTP/1.1" status: 200 len: 1605 time: 0.6289399
2026-06-02 08:05:43.269 9 INFO neutron.notifiers.nova [-] Nova event matching ['req-9e2c405b-b9b1-4740-a1b2-12e0a3a129dc'] response: {'name': 'network-changed', 'server_uuid': '6c7bdd7d-02ff-4b73-ba9d-fa4c4b620397', 'tag': 'f043ae63-f2b9-48b9-beab-e7722ddd2853', 'status': 'completed', 'code': 200} /var/lib/openstack/lib/python3.10/site-packages/pycadf/identifier.py:71: UserWarning: Invalid uuid: neutron. To ensure interoperability, identifiers should be a valid uuid. warnings.warn(('Invalid uuid: %s. To ensure interoperability, '
