2026-06-02 08:04:56.192 10 INFO neutron.wsgi [req-4d426c13-979c-4001-99cb-f9e66ae1b771 req-fb5d4880-5eee-4efb-8737-2569c68fecde 3b12303d41c84f98b9140a38ef09af88 fa9d049636f9409a87f407a460b2e336 - - default default] 10.0.0.195 "GET /v2.0/security-groups?id=440e234e-df8e-475a-9d7a-a62a3f54384c&fields=id&fields=name HTTP/1.1" status: 200 len: 312 time: 0.0464776
2026-06-02 08:04:56.218 9 INFO neutron.wsgi [None req-d89e41f1-2c42-4a73-81cf-4505ad7c7f61 f6704920cfab4bef8c3fce2cd57e22af 5adeef99e58f4a36ad267b908cb90c77 - - default default] 10.0.0.61 "GET /v2.0/ports?device_id=582afd38-e9a5-4495-9344-6e679f3d78cf HTTP/1.1" status: 200 len: 205 time: 0.0421925
2026-06-02 08:04:56.498 9 INFO neutron.wsgi [req-83820ac8-09f5-4541-bda5-fcb26153395e req-75ac84cf-0576-4925-8a07-3add2a2576ae 3b12303d41c84f98b9140a38ef09af88 fa9d049636f9409a87f407a460b2e336 - - default default] 199.204.45.205 "GET /v2.0/ports?device_id=8e8d6f3c-f493-4872-8e81-eaa09d1b72e9 HTTP/1.1" status: 200 len: 1170 time: 0.0637236 /var/lib/openstack/lib/python3.10/site-packages/pycadf/identifier.py:71: UserWarning: Invalid uuid: neutron. To ensure interoperability, identifiers should be a valid uuid. warnings.warn(('Invalid uuid: %s. To ensure interoperability, '
2026-06-02 08:04:56.551 9 WARNING neutron.scheduler.dhcp_agent_scheduler [req-813ce6e5-37bd-491a-bd24-b60cc382d816 req-8199f508-c831-45eb-883b-42087d6cfa31 79b5dc0995b94ff0b626d463dcc1dd03 e90a6d50f70c48da93adbf5703e85642 - - default default] No more DHCP agents
2026-06-02 08:04:56.556 9 WARNING neutron.api.rpc.agentnotifiers.dhcp_rpc_agent_api [req-813ce6e5-37bd-491a-bd24-b60cc382d816 req-8199f508-c831-45eb-883b-42087d6cfa31 79b5dc0995b94ff0b626d463dcc1dd03 e90a6d50f70c48da93adbf5703e85642 - - default default] Unable to schedule network ecb654aa-575a-4313-ae7b-9355d682d208: no agents available; will retry on subsequent port and subnet creation events. /var/lib/openstack/lib/python3.10/site-packages/pycadf/identifier.py:71: UserWarning: Invalid uuid: neutron. To ensure interoperability, identifiers should be a valid uuid. warnings.warn(('Invalid uuid: %s. To ensure interoperability, '
2026-06-02 08:04:56.708 9 INFO neutron.db.ovn_revision_numbers_db [None req-55556a73-82d0-4f60-abfe-e03503b5e14e - - - - - -] Successfully bumped revision number for resource da941ee5-2e43-4593-9d5c-26f23b09c274 (type: ports) to 2
2026-06-02 08:04:56.719 9 INFO neutron.wsgi [req-04364b12-8d27-4826-b39d-5fc8b618dc00 req-27efe9da-d1b5-4a70-804f-ad36f28f6bb3 79b5dc0995b94ff0b626d463dcc1dd03 e90a6d50f70c48da93adbf5703e85642 - - default default] 10.0.0.195 "GET /v2.0/ports?device_id=5f4f9ea3-f159-4a5b-95cc-e329c4ca45fa HTTP/1.1" status: 200 len: 1200 time: 0.0875363
2026-06-02 08:04:56.839 9 INFO neutron.wsgi [req-04364b12-8d27-4826-b39d-5fc8b618dc00 req-e9da6ffe-54a3-4a3a-b19b-00ad22fc6e05 79b5dc0995b94ff0b626d463dcc1dd03 e90a6d50f70c48da93adbf5703e85642 - - default default] 10.0.0.195 "GET /v2.0/security-groups?id=a1af0577-49d8-44e8-9e2c-f567a1883f05&id=eae6b130-4a80-411b-b7b5-355e3600752c&fields=id&fields=name HTTP/1.1" status: 200 len: 404 time: 0.1144266
2026-06-02 08:04:56.891 9 INFO neutron.db.ovn_revision_numbers_db [None req-55556a73-82d0-4f60-abfe-e03503b5e14e - - - - - -] Successfully bumped revision number for resource da941ee5-2e43-4593-9d5c-26f23b09c274 (type: router_ports) to 2
2026-06-02 08:04:56.923 9 INFO neutron.db.ovn_revision_numbers_db [req-813ce6e5-37bd-491a-bd24-b60cc382d816 req-8199f508-c831-45eb-883b-42087d6cfa31 79b5dc0995b94ff0b626d463dcc1dd03 e90a6d50f70c48da93adbf5703e85642 - - default default] Successfully bumped revision number for resource aced4fb3-3b0d-4324-9428-d2aeea2abd6e (type: ports) to 1
2026-06-02 08:04:56.963 9 INFO neutron.wsgi [req-813ce6e5-37bd-491a-bd24-b60cc382d816 req-8199f508-c831-45eb-883b-42087d6cfa31 79b5dc0995b94ff0b626d463dcc1dd03 e90a6d50f70c48da93adbf5703e85642 - - default default] 199.204.45.205 "POST /v2.0/ports HTTP/1.1" status: 201 len: 1201 time: 0.9142182
2026-06-02 08:04:57.084 10 INFO neutron.wsgi [None req-7f4ebe74-141b-452b-bc75-9932aa7417d0 f6704920cfab4bef8c3fce2cd57e22af 5adeef99e58f4a36ad267b908cb90c77 - - default default] 10.0.0.61 "DELETE /v2.0/routers/582afd38-e9a5-4495-9344-6e679f3d78cf HTTP/1.1" status: 204 len: 168 time: 0.8606093
2026-06-02 08:04:57.098 9 INFO neutron.wsgi [req-83820ac8-09f5-4541-bda5-fcb26153395e req-8e1bc59b-9cce-4509-961a-5abc0d5caa1c 3b12303d41c84f98b9140a38ef09af88 fa9d049636f9409a87f407a460b2e336 - - default default] 199.204.45.205 "DELETE /v2.0/ports/4362560e-4286-4ee7-b95b-1afbc9bbb4e9 HTTP/1.1" status: 204 len: 173 time: 0.5921106
2026-06-02 08:04:57.119 10 INFO neutron.wsgi [None req-bb5f63b6-0618-4515-bfe8-10ed5328b9e4 f6704920cfab4bef8c3fce2cd57e22af 5adeef99e58f4a36ad267b908cb90c77 - - default default] 10.0.0.61 "GET /v2.0/ports?device_id=582afd38-e9a5-4495-9344-6e679f3d78cf HTTP/1.1" status: 200 len: 205 time: 0.0256860
2026-06-02 08:04:57.142 9 INFO neutron.notifiers.nova [-] Nova event matching ['req-d051ac95-6fa5-4914-a8d2-5febae14dc70'] response: {'server_uuid': '8e8d6f3c-f493-4872-8e81-eaa09d1b72e9', 'name': 'network-vif-deleted', 'tag': '4362560e-4286-4ee7-b95b-1afbc9bbb4e9', 'status': 'completed', 'code': 200}
2026-06-02 08:04:57.150 10 INFO neutron.api.v2.resource [None req-e74b4b9a-861c-4d72-928d-5392d647b5e2 f6704920cfab4bef8c3fce2cd57e22af 5adeef99e58f4a36ad267b908cb90c77 - - default default] delete failed (client error): The resource could not be found.
2026-06-02 08:04:57.152 10 INFO neutron.wsgi [None req-e74b4b9a-861c-4d72-928d-5392d647b5e2 f6704920cfab4bef8c3fce2cd57e22af 5adeef99e58f4a36ad267b908cb90c77 - - default default] 10.0.0.61 "DELETE /v2.0/routers/582afd38-e9a5-4495-9344-6e679f3d78cf HTTP/1.1" status: 404 len: 336 time: 0.0284257
2026-06-02 08:04:57.175 10 INFO neutron.wsgi [None req-70271df5-f023-48fb-b666-52ee2456903d f6704920cfab4bef8c3fce2cd57e22af 5adeef99e58f4a36ad267b908cb90c77 - - default default] 10.0.0.61 "GET /v2.0/ports?device_id=7f67a31b-6ca0-48f3-8be9-075d61abc8bb HTTP/1.1" status: 200 len: 205 time: 0.0184476
2026-06-02 08:04:57.409 9 INFO neutron.api.v2.resource [None req-e57af568-c793-46e8-a128-959b55e11864 f6704920cfab4bef8c3fce2cd57e22af 5adeef99e58f4a36ad267b908cb90c77 - - default default] delete failed (client error): The resource could not be found.
2026-06-02 08:04:57.410 9 INFO neutron.wsgi [None req-e57af568-c793-46e8-a128-959b55e11864 f6704920cfab4bef8c3fce2cd57e22af 5adeef99e58f4a36ad267b908cb90c77 - - default default] 10.0.0.61 "DELETE /v2.0/routers/7f67a31b-6ca0-48f3-8be9-075d61abc8bb HTTP/1.1" status: 404 len: 336 time: 0.2316334
2026-06-02 08:04:57.430 9 INFO neutron.wsgi [req-c7577761-0c0f-4cc0-8cc9-60cac4a76195 req-e9bfdc06-503d-407d-9c7f-2308242949d1 3b12303d41c84f98b9140a38ef09af88 fa9d049636f9409a87f407a460b2e336 - - default default] 10.0.0.195 "GET /v2.0/ports?device_id=8e8d6f3c-f493-4872-8e81-eaa09d1b72e9 HTTP/1.1" status: 200 len: 210 time: 0.0254161
2026-06-02 08:04:57.434 10 INFO neutron.pecan_wsgi.hooks.translation [None req-28407fd1-7ca1-4c3f-889c-f4620bbaf8b1 f6704920cfab4bef8c3fce2cd57e22af 5adeef99e58f4a36ad267b908cb90c77 - - default default] DELETE failed (client error): The resource could not be found.
2026-06-02 08:04:57.437 10 INFO neutron.wsgi [None req-28407fd1-7ca1-4c3f-889c-f4620bbaf8b1 f6704920cfab4bef8c3fce2cd57e22af 5adeef99e58f4a36ad267b908cb90c77 - - default default] 10.0.0.61 "DELETE /v2.0/subnets/b378b1b3-5d02-4453-987c-78976b683203 HTTP/1.1" status: 404 len: 337 time: 0.0205011
2026-06-02 08:04:57.475 10 INFO neutron.wsgi [None req-c213099b-96dd-482e-89ed-f966a87ef63b f6704920cfab4bef8c3fce2cd57e22af 5adeef99e58f4a36ad267b908cb90c77 - - default default] 10.0.0.61 "GET /v2.0/ports?device_id=648fda85-cd9c-4cce-af3a-2e709f726778 HTTP/1.1" status: 200 len: 205 time: 0.0265212
2026-06-02 08:04:57.501 10 INFO neutron.api.v2.resource [None req-b5a44f75-66d7-4848-81e8-6c1edb07afdd f6704920cfab4bef8c3fce2cd57e22af 5adeef99e58f4a36ad267b908cb90c77 - - default default] delete failed (client error): The resource could not be found.
2026-06-02 08:04:57.502 10 INFO neutron.wsgi [None req-b5a44f75-66d7-4848-81e8-6c1edb07afdd f6704920cfab4bef8c3fce2cd57e22af 5adeef99e58f4a36ad267b908cb90c77 - - default default] 10.0.0.61 "DELETE /v2.0/routers/648fda85-cd9c-4cce-af3a-2e709f726778 HTTP/1.1" status: 404 len: 336 time: 0.0225227
2026-06-02 08:04:57.523 10 INFO neutron.pecan_wsgi.hooks.translation [None req-6c1e1dec-915b-4a55-b876-360a42d1a8e1 f6704920cfab4bef8c3fce2cd57e22af 5adeef99e58f4a36ad267b908cb90c77 - - default default] DELETE failed (client error): The resource could not be found.
2026-06-02 08:04:57.526 10 INFO neutron.wsgi [None req-6c1e1dec-915b-4a55-b876-360a42d1a8e1 f6704920cfab4bef8c3fce2cd57e22af 5adeef99e58f4a36ad267b908cb90c77 - - default default] 10.0.0.61 "DELETE /v2.0/subnets/45d7c9dc-ccaf-4e37-92c7-9b980b042c5d HTTP/1.1" status: 404 len: 337 time: 0.0187378 /var/lib/openstack/lib/python3.10/site-packages/pycadf/identifier.py:71: UserWarning: Invalid uuid: neutron. To ensure interoperability, identifiers should be a valid uuid. warnings.warn(('Invalid uuid: %s. To ensure interoperability, '
2026-06-02 08:04:57.549 9 INFO neutron.wsgi [None req-e21465bd-236d-47a8-a77c-977f02c1faa7 f6704920cfab4bef8c3fce2cd57e22af 5adeef99e58f4a36ad267b908cb90c77 - - default default] 10.0.0.61 "GET /v2.0/ports?device_id=79d147c9-bf9d-4307-b51c-db3b717d4ae0 HTTP/1.1" status: 200 len: 205 time: 0.0175166
2026-06-02 08:04:57.573 9 INFO neutron.api.v2.resource [None req-aae5e42c-3ab7-4b05-815d-23cfd3f1e644 f6704920cfab4bef8c3fce2cd57e22af 5adeef99e58f4a36ad267b908cb90c77 - - default default] delete failed (client error): The resource could not be found.
2026-06-02 08:04:57.574 9 INFO neutron.wsgi [None req-aae5e42c-3ab7-4b05-815d-23cfd3f1e644 f6704920cfab4bef8c3fce2cd57e22af 5adeef99e58f4a36ad267b908cb90c77 - - default default] 10.0.0.61 "DELETE /v2.0/routers/79d147c9-bf9d-4307-b51c-db3b717d4ae0 HTTP/1.1" status: 404 len: 336 time: 0.0201788
2026-06-02 08:04:57.595 10 INFO neutron.pecan_wsgi.hooks.translation [None req-71f5a203-330e-49bd-9b44-0089ea22cd96 f6704920cfab4bef8c3fce2cd57e22af 5adeef99e58f4a36ad267b908cb90c77 - - default default] DELETE failed (client error): The resource could not be found.
2026-06-02 08:04:57.598 10 INFO neutron.wsgi [None req-71f5a203-330e-49bd-9b44-0089ea22cd96 f6704920cfab4bef8c3fce2cd57e22af 5adeef99e58f4a36ad267b908cb90c77 - - default default] 10.0.0.61 "DELETE /v2.0/subnets/6e011f64-e53c-4620-8848-70281a49212e HTTP/1.1" status: 404 len: 337 time: 0.0186110
2026-06-02 08:04:57.622 10 INFO neutron.pecan_wsgi.hooks.translation [None req-439c648b-d443-4573-9ed3-13995c82e795 f6704920cfab4bef8c3fce2cd57e22af 5adeef99e58f4a36ad267b908cb90c77 - - default default] DELETE failed (client error): The resource could not be found.
2026-06-02 08:04:57.624 10 INFO neutron.wsgi [None req-439c648b-d443-4573-9ed3-13995c82e795 f6704920cfab4bef8c3fce2cd57e22af 5adeef99e58f4a36ad267b908cb90c77 - - default default] 10.0.0.61 "DELETE /v2.0/subnets/8b6c7b89-d3b5-4efc-ae2f-f7f6590f585c HTTP/1.1" status: 404 len: 337 time: 0.0215616
2026-06-02 08:04:57.675 9 INFO neutron.db.ovn_revision_numbers_db [req-813ce6e5-37bd-491a-bd24-b60cc382d816 req-f2ed1ca9-c7de-44b2-a466-a8b049a409a7 c6925d371fdc4a20a6e51fbccf7b0b0b cc84a2ad61704963a667863291df64b3 - - dac6f60a74b34ccabcfd78cebeb9dc95 dac6f60a74b34ccabcfd78cebeb9dc95] Successfully bumped revision number for resource aced4fb3-3b0d-4324-9428-d2aeea2abd6e (type: ports) to 2
2026-06-02 08:04:57.872 9 INFO neutron.db.ovn_revision_numbers_db [req-813ce6e5-37bd-491a-bd24-b60cc382d816 req-f2ed1ca9-c7de-44b2-a466-a8b049a409a7 c6925d371fdc4a20a6e51fbccf7b0b0b cc84a2ad61704963a667863291df64b3 - - dac6f60a74b34ccabcfd78cebeb9dc95 dac6f60a74b34ccabcfd78cebeb9dc95] Successfully bumped revision number for resource aced4fb3-3b0d-4324-9428-d2aeea2abd6e (type: ports) to 2
2026-06-02 08:04:57.895 9 INFO neutron.wsgi [req-813ce6e5-37bd-491a-bd24-b60cc382d816 req-f2ed1ca9-c7de-44b2-a466-a8b049a409a7 c6925d371fdc4a20a6e51fbccf7b0b0b cc84a2ad61704963a667863291df64b3 - - dac6f60a74b34ccabcfd78cebeb9dc95 dac6f60a74b34ccabcfd78cebeb9dc95] 199.204.45.205 "PUT /v2.0/ports/aced4fb3-3b0d-4324-9428-d2aeea2abd6e HTTP/1.1" status: 200 len: 1419 time: 0.9190888 /var/lib/openstack/lib/python3.10/site-packages/pycadf/identifier.py:71: UserWarning: Invalid uuid: neutron. To ensure interoperability, identifiers should be a valid uuid. warnings.warn(('Invalid uuid: %s. To ensure interoperability, '
2026-06-02 08:04:57.990 9 INFO neutron.wsgi [req-813ce6e5-37bd-491a-bd24-b60cc382d816 req-b3409dbb-3100-4b30-9650-59ee5b11d764 c6925d371fdc4a20a6e51fbccf7b0b0b cc84a2ad61704963a667863291df64b3 - - dac6f60a74b34ccabcfd78cebeb9dc95 dac6f60a74b34ccabcfd78cebeb9dc95] 199.204.45.205 "GET /v2.0/ports?tenant_id=e90a6d50f70c48da93adbf5703e85642&device_id=5f4f9ea3-f159-4a5b-95cc-e329c4ca45fa HTTP/1.1" status: 200 len: 1450 time: 0.0360162
2026-06-02 08:04:58.022 9 INFO neutron.wsgi [req-813ce6e5-37bd-491a-bd24-b60cc382d816 req-28e78495-b4b6-45df-ae95-c07874a88b93 c6925d371fdc4a20a6e51fbccf7b0b0b cc84a2ad61704963a667863291df64b3 - - dac6f60a74b34ccabcfd78cebeb9dc95 dac6f60a74b34ccabcfd78cebeb9dc95] 199.204.45.205 "GET /v2.0/floatingips?fixed_ip_address=10.100.0.13&port_id=aced4fb3-3b0d-4324-9428-d2aeea2abd6e HTTP/1.1" status: 200 len: 217 time: 0.0270615
2026-06-02 08:04:58.038 10 INFO neutron.wsgi [req-b2723b81-090e-4a1c-b48e-743b8a003bd4 req-3f12667a-965b-4b7d-93c6-a41889d580ab 79b5dc0995b94ff0b626d463dcc1dd03 e90a6d50f70c48da93adbf5703e85642 - - default default] 10.0.0.195 "GET /v2.0/ports?device_id=5f4f9ea3-f159-4a5b-95cc-e329c4ca45fa HTTP/1.1" status: 200 len: 1212 time: 0.1203640
2026-06-02 08:04:58.066 9 INFO neutron.wsgi [req-813ce6e5-37bd-491a-bd24-b60cc382d816 req-3a35b240-da58-4763-9fc3-c6cd06d83923 c6925d371fdc4a20a6e51fbccf7b0b0b cc84a2ad61704963a667863291df64b3 - - dac6f60a74b34ccabcfd78cebeb9dc95 dac6f60a74b34ccabcfd78cebeb9dc95] 199.204.45.205 "GET /v2.0/subnets?id=55356ce8-172a-4b23-8e5a-5d0ebbaa48e2 HTTP/1.1" status: 200 len: 865 time: 0.0349448
2026-06-02 08:04:58.085 10 INFO neutron.wsgi [req-b2723b81-090e-4a1c-b48e-743b8a003bd4 req-44b61d66-ab59-4c21-9a10-f2af3dcfbc6a 79b5dc0995b94ff0b626d463dcc1dd03 e90a6d50f70c48da93adbf5703e85642 - - default default] 10.0.0.195 "GET /v2.0/security-groups?id=a1af0577-49d8-44e8-9e2c-f567a1883f05&id=eae6b130-4a80-411b-b7b5-355e3600752c&fields=id&fields=name HTTP/1.1" status: 200 len: 404 time: 0.0396047
2026-06-02 08:04:58.092 9 INFO neutron.wsgi [req-813ce6e5-37bd-491a-bd24-b60cc382d816 req-692dca79-a00b-431d-8e7c-41afba31f11c c6925d371fdc4a20a6e51fbccf7b0b0b cc84a2ad61704963a667863291df64b3 - - dac6f60a74b34ccabcfd78cebeb9dc95 dac6f60a74b34ccabcfd78cebeb9dc95] 199.204.45.205 "GET /v2.0/ports?network_id=ecb654aa-575a-4313-ae7b-9355d682d208&device_owner=network%3Adhcp HTTP/1.1" status: 200 len: 210 time: 0.0214326
2026-06-02 08:04:58.152 9 INFO neutron.wsgi [req-813ce6e5-37bd-491a-bd24-b60cc382d816 req-2a69397a-04fe-49d4-a674-0711809b4dd2 c6925d371fdc4a20a6e51fbccf7b0b0b cc84a2ad61704963a667863291df64b3 - - dac6f60a74b34ccabcfd78cebeb9dc95 dac6f60a74b34ccabcfd78cebeb9dc95] 199.204.45.205 "GET /v2.0/networks/ecb654aa-575a-4313-ae7b-9355d682d208?fields=segments HTTP/1.1" status: 200 len: 212 time: 0.0555499
2026-06-02 08:04:58.237 9 INFO neutron.wsgi [req-813ce6e5-37bd-491a-bd24-b60cc382d816 req-336eaa96-7a82-4212-8950-e5ac8444c025 c6925d371fdc4a20a6e51fbccf7b0b0b cc84a2ad61704963a667863291df64b3 - - dac6f60a74b34ccabcfd78cebeb9dc95 dac6f60a74b34ccabcfd78cebeb9dc95] 199.204.45.205 "GET /v2.0/networks/ecb654aa-575a-4313-ae7b-9355d682d208?fields=provider%3Aphysical_network&fields=provider%3Anetwork_type HTTP/1.1" status: 200 len: 277 time: 0.0762148
2026-06-02 08:04:58.448 9 INFO neutron.wsgi [req-e4326cd6-6051-4f9b-9e58-00b3812ef5ca req-de81bb6a-bb62-47d5-9785-e67a129738d0 c6925d371fdc4a20a6e51fbccf7b0b0b cc84a2ad61704963a667863291df64b3 - - dac6f60a74b34ccabcfd78cebeb9dc95 dac6f60a74b34ccabcfd78cebeb9dc95] 199.204.45.205 "GET /v2.0/ports?device_id=5f4f9ea3-f159-4a5b-95cc-e329c4ca45fa HTTP/1.1" status: 200 len: 1450 time: 0.0442891
2026-06-02 08:04:58.455 10 INFO neutron.wsgi [None req-b442eaa1-0e88-490b-adc9-b4eabd6653f8 3fcbdd64b6864855b262fd98765bca91 1e40ba1f207e4dd5806da3a62b1a85b9 - - default default] 10.0.0.61 "GET /v2.0/security-groups?tenant_id=5adeef99e58f4a36ad267b908cb90c77&name=default HTTP/1.1" status: 200 len: 2996 time: 0.2531295
2026-06-02 08:04:58.503 10 INFO neutron.wsgi [-] 10.0.0.182 "GET / HTTP/1.1" status: 200 len: 247 time: 0.0015066
2026-06-02 08:04:58.505 10 INFO neutron.wsgi [-] 10.0.0.182 "GET / HTTP/1.1" status: 200 len: 247 time: 0.0011170
2026-06-02 08:04:58.512 9 INFO neutron.wsgi [req-e4326cd6-6051-4f9b-9e58-00b3812ef5ca req-810a2a45-d039-46bb-a721-9d732a33d9d6 c6925d371fdc4a20a6e51fbccf7b0b0b cc84a2ad61704963a667863291df64b3 - - dac6f60a74b34ccabcfd78cebeb9dc95 dac6f60a74b34ccabcfd78cebeb9dc95] 199.204.45.205 "GET /v2.0/security-groups?id=eae6b130-4a80-411b-b7b5-355e3600752c&id=a1af0577-49d8-44e8-9e2c-f567a1883f05&fields=id&fields=name HTTP/1.1" status: 200 len: 404 time: 0.0555828
2026-06-02 08:04:58.645 9 INFO neutron.wsgi [None req-2afb4437-2fa0-4cd8-819a-c0673d1b7996 3b12303d41c84f98b9140a38ef09af88 fa9d049636f9409a87f407a460b2e336 - - default default] 10.0.0.61 "DELETE /v2.0/security-groups/440e234e-df8e-475a-9d7a-a62a3f54384c HTTP/1.1" status: 204 len: 168 time: 0.1564920
2026-06-02 08:04:58.704 10 INFO neutron.wsgi [None req-84f47894-ec50-466b-9544-8659202b6df9 3fcbdd64b6864855b262fd98765bca91 1e40ba1f207e4dd5806da3a62b1a85b9 - - default default] 10.0.0.61 "DELETE /v2.0/security-groups/39b98359-933b-4cc0-bc07-c42dee1347b4 HTTP/1.1" status: 204 len: 168 time: 0.2422805
2026-06-02 08:04:59.184 9 INFO neutron.notifiers.nova [-] Nova event matching ['req-799508cd-64d2-4c8e-88f5-e9497e719a01'] response: {'name': 'network-changed', 'server_uuid': '5f4f9ea3-f159-4a5b-95cc-e329c4ca45fa', 'tag': 'aced4fb3-3b0d-4324-9428-d2aeea2abd6e', 'status': 'completed', 'code': 200}
2026-06-02 08:04:59.204 9 INFO neutron.wsgi [req-e89d2153-9c19-4604-8d93-b2a8d9fc2338 req-e0f6392d-197b-4dc4-81ec-fda3e64a9558 79b5dc0995b94ff0b626d463dcc1dd03 e90a6d50f70c48da93adbf5703e85642 - - default default] 10.0.0.195 "GET /v2.0/ports?device_id=5f4f9ea3-f159-4a5b-95cc-e329c4ca45fa HTTP/1.1" status: 200 len: 1212 time: 0.0511382
2026-06-02 08:04:59.252 9 INFO neutron.wsgi [req-36c0cac7-564d-4533-98d9-066010da7c66 req-6403c872-f0f4-4f33-b87b-d56fa8fc20fc c6925d371fdc4a20a6e51fbccf7b0b0b cc84a2ad61704963a667863291df64b3 - - dac6f60a74b34ccabcfd78cebeb9dc95 dac6f60a74b34ccabcfd78cebeb9dc95] 199.204.45.205 "GET /v2.0/ports?tenant_id=e90a6d50f70c48da93adbf5703e85642&device_id=5f4f9ea3-f159-4a5b-95cc-e329c4ca45fa HTTP/1.1" status: 200 len: 1450 time: 0.0538681
2026-06-02 08:04:59.287 9 INFO neutron.wsgi [req-e89d2153-9c19-4604-8d93-b2a8d9fc2338 req-0577fd38-7610-4f0a-9a4e-11de18f5e59b 79b5dc0995b94ff0b626d463dcc1dd03 e90a6d50f70c48da93adbf5703e85642 - - default default] 10.0.0.195 "GET /v2.0/security-groups?id=a1af0577-49d8-44e8-9e2c-f567a1883f05&id=eae6b130-4a80-411b-b7b5-355e3600752c&fields=id&fields=name HTTP/1.1" status: 200 len: 404 time: 0.0746646
2026-06-02 08:04:59.313 9 INFO neutron.wsgi [req-36c0cac7-564d-4533-98d9-066010da7c66 req-30707bab-bfe4-443e-8642-ac853d085475 c6925d371fdc4a20a6e51fbccf7b0b0b cc84a2ad61704963a667863291df64b3 - - dac6f60a74b34ccabcfd78cebeb9dc95 dac6f60a74b34ccabcfd78cebeb9dc95] 199.204.45.205 "GET /v2.0/networks?id=ecb654aa-575a-4313-ae7b-9355d682d208 HTTP/1.1" status: 200 len: 970 time: 0.0555696
2026-06-02 08:04:59.344 9 INFO neutron.wsgi [req-36c0cac7-564d-4533-98d9-066010da7c66 req-8ef11508-08f3-4aca-b0a5-58c48db81fad c6925d371fdc4a20a6e51fbccf7b0b0b cc84a2ad61704963a667863291df64b3 - - dac6f60a74b34ccabcfd78cebeb9dc95 dac6f60a74b34ccabcfd78cebeb9dc95] 199.204.45.205 "GET /v2.0/floatingips?fixed_ip_address=10.100.0.13&port_id=aced4fb3-3b0d-4324-9428-d2aeea2abd6e HTTP/1.1" status: 200 len: 217 time: 0.0216730
2026-06-02 08:04:59.377 9 INFO neutron.wsgi [req-36c0cac7-564d-4533-98d9-066010da7c66 req-686e755e-de8a-4405-90a1-d936f6f44b3f c6925d371fdc4a20a6e51fbccf7b0b0b cc84a2ad61704963a667863291df64b3 - - dac6f60a74b34ccabcfd78cebeb9dc95 dac6f60a74b34ccabcfd78cebeb9dc95] 199.204.45.205 "GET /v2.0/subnets?id=55356ce8-172a-4b23-8e5a-5d0ebbaa48e2 HTTP/1.1" status: 200 len: 865 time: 0.0285428
2026-06-02 08:04:59.397 9 INFO neutron.wsgi [req-36c0cac7-564d-4533-98d9-066010da7c66 req-99eea2f0-ecdc-43b3-9bf5-fbce6c3b8023 c6925d371fdc4a20a6e51fbccf7b0b0b cc84a2ad61704963a667863291df64b3 - - dac6f60a74b34ccabcfd78cebeb9dc95 dac6f60a74b34ccabcfd78cebeb9dc95] 199.204.45.205 "GET /v2.0/ports?network_id=ecb654aa-575a-4313-ae7b-9355d682d208&device_owner=network%3Adhcp HTTP/1.1" status: 200 len: 210 time: 0.0158491
2026-06-02 08:04:59.463 9 INFO neutron.wsgi [req-36c0cac7-564d-4533-98d9-066010da7c66 req-9ac2793b-5c2a-4159-b8fd-75414cd537c2 c6925d371fdc4a20a6e51fbccf7b0b0b cc84a2ad61704963a667863291df64b3 - - dac6f60a74b34ccabcfd78cebeb9dc95 dac6f60a74b34ccabcfd78cebeb9dc95] 199.204.45.205 "GET /v2.0/networks/ecb654aa-575a-4313-ae7b-9355d682d208?fields=segments HTTP/1.1" status: 200 len: 212 time: 0.0598514
2026-06-02 08:04:59.529 9 INFO neutron.wsgi [req-36c0cac7-564d-4533-98d9-066010da7c66 req-3d0f73a3-ca18-4509-a66a-de132eaf77ac c6925d371fdc4a20a6e51fbccf7b0b0b cc84a2ad61704963a667863291df64b3 - - dac6f60a74b34ccabcfd78cebeb9dc95 dac6f60a74b34ccabcfd78cebeb9dc95] 199.204.45.205 "GET /v2.0/networks/ecb654aa-575a-4313-ae7b-9355d682d208?fields=provider%3Aphysical_network&fields=provider%3Anetwork_type HTTP/1.1" status: 200 len: 277 time: 0.0587883
2026-06-02 08:04:59.758 10 INFO neutron.wsgi [None req-7b317ba1-3fd1-41a2-bfd6-93177b1656f4 3b12303d41c84f98b9140a38ef09af88 fa9d049636f9409a87f407a460b2e336 - - default default] 10.0.0.61 "PUT /v2.0/routers/73563632-09b7-4aea-8912-e4227ebc3629/remove_router_interface HTTP/1.1" status: 200 len: 503 time: 1.0804696 /var/lib/openstack/lib/python3.10/site-packages/pycadf/identifier.py:71: UserWarning: Invalid uuid: neutron. To ensure interoperability, identifiers should be a valid uuid. warnings.warn(('Invalid uuid: %s. To ensure interoperability, '
2026-06-02 08:04:59.992 10 INFO neutron.wsgi [None req-2ce83719-8197-4ffe-9a06-56d427f8d443 3b12303d41c84f98b9140a38ef09af88 fa9d049636f9409a87f407a460b2e336 - - default default] 10.0.0.61 "DELETE /v2.0/subnets/242fd44c-433d-408f-b5cb-0f681b172f76 HTTP/1.1" status: 204 len: 168 time: 0.2293541
2026-06-02 08:05:00.394 10 INFO neutron.wsgi [req-c378ffc6-9b96-4be5-90e0-8fb0cbceff9f req-517b83cb-ab7e-4673-a6c2-9095d75e2de9 79b5dc0995b94ff0b626d463dcc1dd03 e90a6d50f70c48da93adbf5703e85642 - - default default] 10.0.0.195 "GET /v2.0/ports?device_id=5f4f9ea3-f159-4a5b-95cc-e329c4ca45fa HTTP/1.1" status: 200 len: 1212 time: 0.0451567
2026-06-02 08:05:00.481 10 INFO neutron.wsgi [req-c378ffc6-9b96-4be5-90e0-8fb0cbceff9f req-b4de15e2-0564-4b96-a3ef-081dc7f748f6 79b5dc0995b94ff0b626d463dcc1dd03 e90a6d50f70c48da93adbf5703e85642 - - default default] 10.0.0.195 "GET /v2.0/security-groups?id=a1af0577-49d8-44e8-9e2c-f567a1883f05&id=eae6b130-4a80-411b-b7b5-355e3600752c&fields=id&fields=name HTTP/1.1" status: 200 len: 404 time: 0.0795603
2026-06-02 08:05:00.493 10 WARNING neutron.plugins.ml2.drivers.ovn.mech_driver.ovsdb.ovn_client [None req-58aec7b7-89c4-42f4-a419-d911e24f8d20 - - - - - -] No port found with ID a09038a5-22ad-47b4-b857-bf3d44d8c1fa: RuntimeError: No port found with ID a09038a5-22ad-47b4-b857-bf3d44d8c1fa
2026-06-02 08:05:00.493 10 INFO neutron.plugins.ml2.drivers.ovn.mech_driver.mech_driver [None req-58aec7b7-89c4-42f4-a419-d911e24f8d20 - - - - - -] OVN reports status down for port: 4362560e-4286-4ee7-b95b-1afbc9bbb4e9
2026-06-02 08:05:00.505 10 INFO neutron.plugins.ml2.drivers.ovn.mech_driver.mech_driver [None req-58aec7b7-89c4-42f4-a419-d911e24f8d20 - - - - - -] OVN reports status up for port: aced4fb3-3b0d-4324-9428-d2aeea2abd6e
2026-06-02 08:05:00.519 10 INFO neutron.plugins.ml2.plugin [None req-58aec7b7-89c4-42f4-a419-d911e24f8d20 - - - - - -] Attempt 1 to provision port aced4fb3-3b0d-4324-9428-d2aeea2abd6e
2026-06-02 08:05:00.698 10 INFO neutron.notifiers.nova [-] Nova event matching ['req-d6409bff-c1e3-42ba-8392-9f1c857f37f7'] response: {'server_uuid': '5f4f9ea3-f159-4a5b-95cc-e329c4ca45fa', 'name': 'network-vif-plugged', 'status': 'completed', 'tag': 'aced4fb3-3b0d-4324-9428-d2aeea2abd6e', 'code': 200}
2026-06-02 08:05:00.993 10 INFO neutron.db.ovn_revision_numbers_db [None req-58aec7b7-89c4-42f4-a419-d911e24f8d20 - - - - - -] Successfully bumped revision number for resource aced4fb3-3b0d-4324-9428-d2aeea2abd6e (type: ports) to 4
2026-06-02 08:05:01.385 10 INFO neutron.wsgi [None req-cf0a70f3-f23b-441e-8593-8a18f49cc671 3b12303d41c84f98b9140a38ef09af88 fa9d049636f9409a87f407a460b2e336 - - default default] 10.0.0.61 "DELETE /v2.0/routers/73563632-09b7-4aea-8912-e4227ebc3629 HTTP/1.1" status: 204 len: 168 time: 1.3875272 /var/lib/openstack/lib/python3.10/site-packages/pycadf/identifier.py:71: UserWarning: Invalid uuid: neutron. To ensure interoperability, identifiers should be a valid uuid. warnings.warn(('Invalid uuid: %s. To ensure interoperability, '
2026-06-02 08:05:01.609 10 INFO neutron.wsgi [req-1d8d35d0-e9a9-466e-921f-b1fa534c270f req-1c5ccddd-a039-43a6-b6a2-b3d84e5fb1c6 79b5dc0995b94ff0b626d463dcc1dd03 e90a6d50f70c48da93adbf5703e85642 - - default default] 10.0.0.195 "GET /v2.0/ports?device_id=5f4f9ea3-f159-4a5b-95cc-e329c4ca45fa HTTP/1.1" status: 200 len: 1214 time: 0.0366557
2026-06-02 08:05:01.675 10 INFO neutron.wsgi [req-1d8d35d0-e9a9-466e-921f-b1fa534c270f req-adcd5164-cee2-482d-80a7-1c3a2c17ab7c 79b5dc0995b94ff0b626d463dcc1dd03 e90a6d50f70c48da93adbf5703e85642 - - default default] 10.0.0.195 "GET /v2.0/security-groups?id=a1af0577-49d8-44e8-9e2c-f567a1883f05&id=eae6b130-4a80-411b-b7b5-355e3600752c&fields=id&fields=name HTTP/1.1" status: 200 len: 404 time: 0.0582781
2026-06-02 08:05:01.796 10 INFO neutron.wsgi [req-d8566455-7afd-4281-aa28-ce9c97f91589 req-f3e565a0-5249-4146-9a23-282768844585 79b5dc0995b94ff0b626d463dcc1dd03 e90a6d50f70c48da93adbf5703e85642 - - default default] 10.0.0.195 "GET /v2.0/ports?device_id=5f4f9ea3-f159-4a5b-95cc-e329c4ca45fa HTTP/1.1" status: 200 len: 1214 time: 0.0454175
2026-06-02 08:05:01.830 10 INFO neutron.services.segments.plugin [-] Segment 46b0b125-cf64-4914-8c6c-de7df96ab5dc resource provider aggregate not found
2026-06-02 08:05:01.835 10 INFO neutron.services.segments.plugin [-] Segment 46b0b125-cf64-4914-8c6c-de7df96ab5dc resource provider aggregate not found
2026-06-02 08:05:01.856 10 INFO neutron.services.segments.plugin [-] Segment 46b0b125-cf64-4914-8c6c-de7df96ab5dc resource provider not found; error: Placement Client Error (4xx): {"errors": [{"status": 404, "title": "Not Found", "detail": "The resource could not be found.\n\n No resource provider with uuid 46b0b125-cf64-4914-8c6c-de7df96ab5dc found for delete ", "request_id": "req-41375480-ed16-4e51-8e5b-aba65ff30d73"}]}
2026-06-02 08:05:01.879 10 INFO neutron.wsgi [None req-cce93dda-87b9-44a9-943a-388986dc200b 3b12303d41c84f98b9140a38ef09af88 fa9d049636f9409a87f407a460b2e336 - - default default] 10.0.0.61 "DELETE /v2.0/networks/e4fd1550-b2e0-480f-a146-72f290867c23 HTTP/1.1" status: 204 len: 168 time: 0.4895132
2026-06-02 08:05:01.918 10 INFO neutron.services.segments.plugin [-] Segment 46b0b125-cf64-4914-8c6c-de7df96ab5dc resource provider not found; error: Placement Client Error (4xx): {"errors": [{"status": 404, "title": "Not Found", "detail": "The resource could not be found.\n\n No resource provider with uuid 46b0b125-cf64-4914-8c6c-de7df96ab5dc found for delete ", "request_id": "req-9bddf506-577c-4abf-a07e-0c4a6f0dcdbb"}]}
2026-06-02 08:05:02.036 9 WARNING neutron.plugins.ml2.drivers.ovn.mech_driver.ovsdb.ovn_client [None req-55556a73-82d0-4f60-abfe-e03503b5e14e - - - - - -] No hosting information found for port da941ee5-2e43-4593-9d5c-26f23b09c274: RuntimeError: No hosting information found for port da941ee5-2e43-4593-9d5c-26f23b09c274
2026-06-02 08:05:02.037 9 INFO neutron.plugins.ml2.drivers.ovn.mech_driver.mech_driver [None req-55556a73-82d0-4f60-abfe-e03503b5e14e - - - - - -] OVN reports status down for port: 58c7dd31-8172-4a41-9df1-22636096ced8
2026-06-02 08:05:02.165 9 INFO neutron.db.l3_db [None req-46f1e881-fce9-4d79-aa2b-1d7227d4d07d 79b5dc0995b94ff0b626d463dcc1dd03 e90a6d50f70c48da93adbf5703e85642 - - default default] Floating IP 48f57a20-48de-46f9-8380-c654b1d96305 associated. External IP: 10.96.250.209, port: aced4fb3-3b0d-4324-9428-d2aeea2abd6e.
2026-06-02 08:05:02.310 10 INFO neutron.wsgi [None req-634fd927-fe67-4dfc-a660-88d632c487a3 e1894f6d06494b47bfb7f81abf1ebc6f dd8fa0594d9f4942baaae9bd279ecf51 - - default default] 10.0.0.101 "GET /v2.0/extensions HTTP/1.1" status: 200 len: 16980 time: 0.2731907
2026-06-02 08:05:02.408 9 INFO neutron.db.ovn_revision_numbers_db [None req-46f1e881-fce9-4d79-aa2b-1d7227d4d07d 79b5dc0995b94ff0b626d463dcc1dd03 e90a6d50f70c48da93adbf5703e85642 - - default default] Successfully bumped revision number for resource 48f57a20-48de-46f9-8380-c654b1d96305 (type: floatingips) to 1
2026-06-02 08:05:02.423 10 INFO neutron.wsgi [None req-4092d6ff-85c0-4d70-a145-10a971fc9cbd e1894f6d06494b47bfb7f81abf1ebc6f dd8fa0594d9f4942baaae9bd279ecf51 - - default default] 10.0.0.101 "GET /v2.0/quotas/dd8fa0594d9f4942baaae9bd279ecf51/details HTTP/1.1" status: 200 len: 756 time: 0.0924370
2026-06-02 08:05:02.529 9 INFO neutron.db.ovn_revision_numbers_db [None req-46f1e881-fce9-4d79-aa2b-1d7227d4d07d 79b5dc0995b94ff0b626d463dcc1dd03 e90a6d50f70c48da93adbf5703e85642 - - default default] Successfully bumped revision number for resource 48f57a20-48de-46f9-8380-c654b1d96305 (type: floatingips) to 2
2026-06-02 08:05:02.557 9 INFO neutron.wsgi [None req-46f1e881-fce9-4d79-aa2b-1d7227d4d07d 79b5dc0995b94ff0b626d463dcc1dd03 e90a6d50f70c48da93adbf5703e85642 - - default default] 10.0.0.61 "PUT /v2.0/floatingips/48f57a20-48de-46f9-8380-c654b1d96305 HTTP/1.1" status: 200 len: 1050 time: 0.7481949
2026-06-02 08:05:02.595 9 INFO neutron.notifiers.nova [-] Nova event matching ['req-8536bdaa-f469-463c-a33b-ee73c92f2ca8'] response: {'name': 'network-changed', 'server_uuid': '5f4f9ea3-f159-4a5b-95cc-e329c4ca45fa', 'tag': 'aced4fb3-3b0d-4324-9428-d2aeea2abd6e', 'status': 'completed', 'code': 200} /var/lib/openstack/lib/python3.10/site-packages/pycadf/identifier.py:71: UserWarning: Invalid uuid: neutron. To ensure interoperability, identifiers should be a valid uuid. warnings.warn(('Invalid uuid: %s. To ensure interoperability, '
2026-06-02 08:05:02.655 9 INFO neutron.wsgi [req-2933e659-4304-4ba1-ac74-a9adacb21b96 req-aa6493c5-bac6-496c-b989-8f06a27d348c c6925d371fdc4a20a6e51fbccf7b0b0b cc84a2ad61704963a667863291df64b3 - - dac6f60a74b34ccabcfd78cebeb9dc95 dac6f60a74b34ccabcfd78cebeb9dc95] 199.204.45.205 "GET /v2.0/ports?tenant_id=e90a6d50f70c48da93adbf5703e85642&device_id=5f4f9ea3-f159-4a5b-95cc-e329c4ca45fa HTTP/1.1" status: 200 len: 1452 time: 0.0421455
2026-06-02 08:05:02.732 9 INFO neutron.wsgi [req-2933e659-4304-4ba1-ac74-a9adacb21b96 req-302ee8fa-b248-4127-9e51-bcfddaa5640e c6925d371fdc4a20a6e51fbccf7b0b0b cc84a2ad61704963a667863291df64b3 - - dac6f60a74b34ccabcfd78cebeb9dc95 dac6f60a74b34ccabcfd78cebeb9dc95] 199.204.45.205 "GET /v2.0/networks?id=ecb654aa-575a-4313-ae7b-9355d682d208 HTTP/1.1" status: 200 len: 970 time: 0.0672615
2026-06-02 08:05:02.737 10 INFO neutron.notifiers.nova [-] Nova event matching ['req-46bb064e-8e87-4895-b83b-c33f44346468'] response: {'server_uuid': '5f4f9ea3-f159-4a5b-95cc-e329c4ca45fa', 'name': 'network-vif-plugged', 'status': 'completed', 'tag': 'aced4fb3-3b0d-4324-9428-d2aeea2abd6e', 'code': 200}
2026-06-02 08:05:02.778 9 INFO neutron.wsgi [req-2933e659-4304-4ba1-ac74-a9adacb21b96 req-a5859a70-99e0-4aa0-9ac9-7799119ca920 c6925d371fdc4a20a6e51fbccf7b0b0b cc84a2ad61704963a667863291df64b3 - - dac6f60a74b34ccabcfd78cebeb9dc95 dac6f60a74b34ccabcfd78cebeb9dc95] 199.204.45.205 "GET /v2.0/floatingips?fixed_ip_address=10.100.0.13&port_id=aced4fb3-3b0d-4324-9428-d2aeea2abd6e HTTP/1.1" status: 200 len: 1060 time: 0.0383391
2026-06-02 08:05:02.818 9 INFO neutron.wsgi [req-2933e659-4304-4ba1-ac74-a9adacb21b96 req-f48e0d42-8b95-4686-bf47-109dece702f3 c6925d371fdc4a20a6e51fbccf7b0b0b cc84a2ad61704963a667863291df64b3 - - dac6f60a74b34ccabcfd78cebeb9dc95 dac6f60a74b34ccabcfd78cebeb9dc95] 199.204.45.205 "GET /v2.0/subnets?id=55356ce8-172a-4b23-8e5a-5d0ebbaa48e2 HTTP/1.1" status: 200 len: 865 time: 0.0333405
2026-06-02 08:05:02.824 10 INFO neutron.wsgi [None req-2c78989d-2b9b-457e-b3a9-599f84fc3fc7 3fcbdd64b6864855b262fd98765bca91 1e40ba1f207e4dd5806da3a62b1a85b9 - - default default] 10.0.0.61 "GET /v2.0/security-groups?tenant_id=fa9d049636f9409a87f407a460b2e336&name=default HTTP/1.1" status: 200 len: 2996 time: 0.1572335
2026-06-02 08:05:02.855 9 INFO neutron.wsgi [req-2933e659-4304-4ba1-ac74-a9adacb21b96 req-5be7e1b9-4c95-4f1c-8e96-475632c1d4b2 c6925d371fdc4a20a6e51fbccf7b0b0b cc84a2ad61704963a667863291df64b3 - - dac6f60a74b34ccabcfd78cebeb9dc95 dac6f60a74b34ccabcfd78cebeb9dc95] 199.204.45.205 "GET /v2.0/ports?network_id=ecb654aa-575a-4313-ae7b-9355d682d208&device_owner=network%3Adhcp HTTP/1.1" status: 200 len: 210 time: 0.0301936
2026-06-02 08:05:02.920 9 INFO neutron.wsgi [req-2933e659-4304-4ba1-ac74-a9adacb21b96 req-4a1530ed-f662-444f-a163-d89282772ae6 c6925d371fdc4a20a6e51fbccf7b0b0b cc84a2ad61704963a667863291df64b3 - - dac6f60a74b34ccabcfd78cebeb9dc95 dac6f60a74b34ccabcfd78cebeb9dc95] 199.204.45.205 "GET /v2.0/networks/ecb654aa-575a-4313-ae7b-9355d682d208?fields=segments HTTP/1.1" status: 200 len: 212 time: 0.0567908
2026-06-02 08:05:03.053 10 INFO neutron.wsgi [None req-056597d0-15d4-4f57-9aac-651dbfc3b78c 3fcbdd64b6864855b262fd98765bca91 1e40ba1f207e4dd5806da3a62b1a85b9 - - default default] 10.0.0.61 "DELETE /v2.0/security-groups/0891e5c0-dbdc-4b11-bd64-c6feccce6673 HTTP/1.1" status: 204 len: 168 time: 0.2252030
2026-06-02 08:05:03.165 9 INFO neutron.wsgi [req-2933e659-4304-4ba1-ac74-a9adacb21b96 req-31637474-2513-4367-b740-a16dd23c4b4c c6925d371fdc4a20a6e51fbccf7b0b0b cc84a2ad61704963a667863291df64b3 - - dac6f60a74b34ccabcfd78cebeb9dc95 dac6f60a74b34ccabcfd78cebeb9dc95] 199.204.45.205 "GET /v2.0/networks/ecb654aa-575a-4313-ae7b-9355d682d208?fields=provider%3Aphysical_network&fields=provider%3Anetwork_type HTTP/1.1" status: 200 len: 277 time: 0.2401319
2026-06-02 08:05:03.303 10 INFO neutron.db.ovn_revision_numbers_db [None req-92aabc24-63d8-4a04-9947-a650a67919f1 3fcbdd64b6864855b262fd98765bca91 1e40ba1f207e4dd5806da3a62b1a85b9 - - default default] Successfully bumped revision number for resource c2af3695-72fc-4065-9626-138680ada731 (type: security_groups) to 1
2026-06-02 08:05:03.320 10 INFO neutron.db.ovn_revision_numbers_db [None req-92aabc24-63d8-4a04-9947-a650a67919f1 3fcbdd64b6864855b262fd98765bca91 1e40ba1f207e4dd5806da3a62b1a85b9 - - default default] Successfully bumped revision number for resource a5660991-9095-47f8-95c6-3da168da3f48 (type: security_group_rules) to 0
2026-06-02 08:05:03.336 10 INFO neutron.db.ovn_revision_numbers_db [None req-92aabc24-63d8-4a04-9947-a650a67919f1 3fcbdd64b6864855b262fd98765bca91 1e40ba1f207e4dd5806da3a62b1a85b9 - - default default] Successfully bumped revision number for resource cd5455c7-751e-450e-98e7-758dc1832b1e (type: security_group_rules) to 0
2026-06-02 08:05:03.356 10 INFO neutron.db.ovn_revision_numbers_db [None req-92aabc24-63d8-4a04-9947-a650a67919f1 3fcbdd64b6864855b262fd98765bca91 1e40ba1f207e4dd5806da3a62b1a85b9 - - default default] Successfully bumped revision number for resource d5c0e070-68f2-4959-a13f-1dc07fbe14f9 (type: security_group_rules) to 0
2026-06-02 08:05:03.374 10 INFO neutron.db.ovn_revision_numbers_db [None req-92aabc24-63d8-4a04-9947-a650a67919f1 3fcbdd64b6864855b262fd98765bca91 1e40ba1f207e4dd5806da3a62b1a85b9 - - default default] Successfully bumped revision number for resource fed07282-4528-4b08-9972-3736e0ec78e2 (type: security_group_rules) to 0
2026-06-02 08:05:03.398 10 INFO neutron.wsgi [None req-92aabc24-63d8-4a04-9947-a650a67919f1 3fcbdd64b6864855b262fd98765bca91 1e40ba1f207e4dd5806da3a62b1a85b9 - - default default] 10.0.0.61 "GET /v2.0/security-groups?tenant_id=b5b147e8f29f41839332955c085b5a63&name=default HTTP/1.1" status: 200 len: 2996 time: 0.2512908
2026-06-02 08:05:03.650 10 INFO neutron.wsgi [None req-c7455c2d-4436-47a4-987d-db7d4e720c78 3fcbdd64b6864855b262fd98765bca91 1e40ba1f207e4dd5806da3a62b1a85b9 - - default default] 10.0.0.61 "DELETE /v2.0/security-groups/c2af3695-72fc-4065-9626-138680ada731 HTTP/1.1" status: 204 len: 168 time: 0.2405512
2026-06-02 08:05:05.096 9 INFO neutron.wsgi [None req-ebfd3df5-b0aa-4517-901d-d6263d8dca15 e1894f6d06494b47bfb7f81abf1ebc6f dd8fa0594d9f4942baaae9bd279ecf51 - - default default] 10.0.0.101 "GET /v2.0/extensions HTTP/1.1" status: 200 len: 16980 time: 0.0091593
2026-06-02 08:05:05.191 9 INFO neutron.wsgi [None req-6596f673-77de-454c-ba93-48161749e107 e1894f6d06494b47bfb7f81abf1ebc6f dd8fa0594d9f4942baaae9bd279ecf51 - - default default] 10.0.0.101 "GET /v2.0/quotas/dd8fa0594d9f4942baaae9bd279ecf51/details HTTP/1.1" status: 200 len: 756 time: 0.0798633
2026-06-02 08:05:07.787 10 INFO neutron.db.ovn_revision_numbers_db [None req-dc9aa3f1-03f6-4b74-a035-21d980735033 3fcbdd64b6864855b262fd98765bca91 1e40ba1f207e4dd5806da3a62b1a85b9 - - default default] Successfully bumped revision number for resource cfc17f39-b181-4a21-90e3-d7bc8420df40 (type: security_groups) to 1
2026-06-02 08:05:07.799 10 INFO neutron.db.ovn_revision_numbers_db [None req-dc9aa3f1-03f6-4b74-a035-21d980735033 3fcbdd64b6864855b262fd98765bca91 1e40ba1f207e4dd5806da3a62b1a85b9 - - default default] Successfully bumped revision number for resource 2677a1a2-84fc-456d-8a16-f6f2f2de0724 (type: security_group_rules) to 0
2026-06-02 08:05:07.810 10 INFO neutron.db.ovn_revision_numbers_db [None req-dc9aa3f1-03f6-4b74-a035-21d980735033 3fcbdd64b6864855b262fd98765bca91 1e40ba1f207e4dd5806da3a62b1a85b9 - - default default] Successfully bumped revision number for resource 5579297d-4375-4bf0-b910-28f0d90816e0 (type: security_group_rules) to 0
2026-06-02 08:05:07.823 10 INFO neutron.db.ovn_revision_numbers_db [None req-dc9aa3f1-03f6-4b74-a035-21d980735033 3fcbdd64b6864855b262fd98765bca91 1e40ba1f207e4dd5806da3a62b1a85b9 - - default default] Successfully bumped revision number for resource d0e39076-910f-49e3-8c2e-87075ed4b1d8 (type: security_group_rules) to 0
2026-06-02 08:05:07.838 10 INFO neutron.db.ovn_revision_numbers_db [None req-dc9aa3f1-03f6-4b74-a035-21d980735033 3fcbdd64b6864855b262fd98765bca91 1e40ba1f207e4dd5806da3a62b1a85b9 - - default default] Successfully bumped revision number for resource e43c34c9-bf97-4371-b0d9-7498888dd7dd (type: security_group_rules) to 0
2026-06-02 08:05:07.866 10 INFO neutron.wsgi [None req-dc9aa3f1-03f6-4b74-a035-21d980735033 3fcbdd64b6864855b262fd98765bca91 1e40ba1f207e4dd5806da3a62b1a85b9 - - default default] 10.0.0.61 "GET /v2.0/security-groups?tenant_id=dd8fa0594d9f4942baaae9bd279ecf51&name=default HTTP/1.1" status: 200 len: 2996 time: 0.3341765
2026-06-02 08:05:08.092 10 INFO neutron.wsgi [None req-9ab3b6db-6e52-4a51-ac0c-f755b134c1a6 3fcbdd64b6864855b262fd98765bca91 1e40ba1f207e4dd5806da3a62b1a85b9 - - default default] 10.0.0.61 "DELETE /v2.0/security-groups/cfc17f39-b181-4a21-90e3-d7bc8420df40 HTTP/1.1" status: 204 len: 168 time: 0.2188799
2026-06-02 08:05:12.684 10 INFO neutron.db.ovn_revision_numbers_db [None req-f7516a85-1864-46b2-a23f-7d89806cd0c0 5d691fc7136d4cc6917219394b7d37ca ee8b4579610848f6916c2d753384faaa - - default default] Successfully bumped revision number for resource cbf03a16-cdb6-4e82-9a15-a4698f0c3825 (type: security_groups) to 1
2026-06-02 08:05:12.704 10 INFO neutron.db.ovn_revision_numbers_db [None req-f7516a85-1864-46b2-a23f-7d89806cd0c0 5d691fc7136d4cc6917219394b7d37ca ee8b4579610848f6916c2d753384faaa - - default default] Successfully bumped revision number for resource 09edf74b-cb4e-40e5-9985-62d3fd974fda (type: security_group_rules) to 0
2026-06-02 08:05:12.721 10 INFO neutron.db.ovn_revision_numbers_db [None req-f7516a85-1864-46b2-a23f-7d89806cd0c0 5d691fc7136d4cc6917219394b7d37ca ee8b4579610848f6916c2d753384faaa - - default default] Successfully bumped revision number for resource 22f451fd-f054-4447-a4a7-cea3608fe279 (type: security_group_rules) to 0
2026-06-02 08:05:12.737 10 INFO neutron.db.ovn_revision_numbers_db [None req-f7516a85-1864-46b2-a23f-7d89806cd0c0 5d691fc7136d4cc6917219394b7d37ca ee8b4579610848f6916c2d753384faaa - - default default] Successfully bumped revision number for resource 6ea0e56b-3747-4eb6-a50f-0f1eb378b415 (type: security_group_rules) to 0
2026-06-02 08:05:12.750 10 INFO neutron.db.ovn_revision_numbers_db [None req-f7516a85-1864-46b2-a23f-7d89806cd0c0 5d691fc7136d4cc6917219394b7d37ca ee8b4579610848f6916c2d753384faaa - - default default] Successfully bumped revision number for resource c5b96931-c6b1-4a43-a700-d345fd567544 (type: security_group_rules) to 0
2026-06-02 08:05:12.795 10 INFO neutron.db.segments_db [None req-f7516a85-1864-46b2-a23f-7d89806cd0c0 5d691fc7136d4cc6917219394b7d37ca ee8b4579610848f6916c2d753384faaa - - default default] Added segment 73864e61-e4d0-4951-a45d-eb9ce1d2bfa0 of type geneve for network 17f18a97-2478-4b60-b630-71d77756fbe9
2026-06-02 08:05:12.926 10 INFO neutron.db.ovn_revision_numbers_db [None req-f7516a85-1864-46b2-a23f-7d89806cd0c0 5d691fc7136d4cc6917219394b7d37ca ee8b4579610848f6916c2d753384faaa - - default default] Successfully bumped revision number for resource 17f18a97-2478-4b60-b630-71d77756fbe9 (type: networks) to 1
2026-06-02 08:05:13.059 9 WARNING neutron_lib.context [None req-1f08e2a7-195a-40ad-a9fb-63510b5f0c11 7cac11f642ec4e8f8f02485beb938220 387b77d2c4e445feaf4cd113565d2da7 - - default default] Method 'is_advsvc' is deprecated since 2023.2 release (neutron-lib 3.8.0) and will be removed once support for the old RBAC API policies will be removed from Neutron. Please use method 'is_service_role' instead.
2026-06-02 08:05:13.095 10 WARNING neutron.scheduler.dhcp_agent_scheduler [None req-f7516a85-1864-46b2-a23f-7d89806cd0c0 5d691fc7136d4cc6917219394b7d37ca ee8b4579610848f6916c2d753384faaa - - default default] No more DHCP agents
2026-06-02 08:05:13.099 10 WARNING neutron.api.rpc.agentnotifiers.dhcp_rpc_agent_api [None req-f7516a85-1864-46b2-a23f-7d89806cd0c0 5d691fc7136d4cc6917219394b7d37ca ee8b4579610848f6916c2d753384faaa - - default default] Unable to schedule network 17f18a97-2478-4b60-b630-71d77756fbe9: no agents available; will retry on subsequent port and subnet creation events.
2026-06-02 08:05:13.188 9 INFO neutron.db.ovn_revision_numbers_db [None req-1f08e2a7-195a-40ad-a9fb-63510b5f0c11 7cac11f642ec4e8f8f02485beb938220 387b77d2c4e445feaf4cd113565d2da7 - - default default] Successfully bumped revision number for resource 66fee9bc-14b9-439c-ae32-6ee9668a213b (type: security_groups) to 1
2026-06-02 08:05:13.192 10 INFO neutron.db.ovn_revision_numbers_db [None req-f7516a85-1864-46b2-a23f-7d89806cd0c0 5d691fc7136d4cc6917219394b7d37ca ee8b4579610848f6916c2d753384faaa - - default default] Successfully bumped revision number for resource c14585bb-209e-45ce-817c-fd475611c4cd (type: ports) to 1
2026-06-02 08:05:13.202 9 INFO neutron.db.ovn_revision_numbers_db [None req-1f08e2a7-195a-40ad-a9fb-63510b5f0c11 7cac11f642ec4e8f8f02485beb938220 387b77d2c4e445feaf4cd113565d2da7 - - default default] Successfully bumped revision number for resource 4ac24c21-6f6c-41c5-b907-e7368f87c68b (type: security_group_rules) to 0
2026-06-02 08:05:13.214 10 INFO neutron.wsgi [None req-f7516a85-1864-46b2-a23f-7d89806cd0c0 5d691fc7136d4cc6917219394b7d37ca ee8b4579610848f6916c2d753384faaa - - default default] 10.0.0.61 "POST /v2.0/networks HTTP/1.1" status: 201 len: 928 time: 0.8424113
2026-06-02 08:05:13.216 9 INFO neutron.db.ovn_revision_numbers_db [None req-1f08e2a7-195a-40ad-a9fb-63510b5f0c11 7cac11f642ec4e8f8f02485beb938220 387b77d2c4e445feaf4cd113565d2da7 - - default default] Successfully bumped revision number for resource 58047b53-5de3-422b-9f3d-da55e80b853f (type: security_group_rules) to 0
2026-06-02 08:05:13.243 9 INFO neutron.db.ovn_revision_numbers_db [None req-1f08e2a7-195a-40ad-a9fb-63510b5f0c11 7cac11f642ec4e8f8f02485beb938220 387b77d2c4e445feaf4cd113565d2da7 - - default default] Successfully bumped revision number for resource 9f184552-ca79-4aae-b1cb-9f0ed64ac1c4 (type: security_group_rules) to 0
2026-06-02 08:05:13.261 9 INFO neutron.db.ovn_revision_numbers_db [None req-1f08e2a7-195a-40ad-a9fb-63510b5f0c11 7cac11f642ec4e8f8f02485beb938220 387b77d2c4e445feaf4cd113565d2da7 - - default default] Successfully bumped revision number for resource d2e39027-b33e-4d37-964f-db52bfec18d0 (type: security_group_rules) to 0
2026-06-02 08:05:13.334 9 INFO neutron.db.segments_db [None req-1f08e2a7-195a-40ad-a9fb-63510b5f0c11 7cac11f642ec4e8f8f02485beb938220 387b77d2c4e445feaf4cd113565d2da7 - - default default] Added segment 3bbf0228-fd54-43aa-b812-e2b78c786d8f of type geneve for network ff3a91cb-d5ef-4206-b0c5-e223274a5f0a
2026-06-02 08:05:13.422 9 WARNING neutron.scheduler.dhcp_agent_scheduler [None req-ff6ac86b-4e48-4af0-86c4-47e821c53534 5d691fc7136d4cc6917219394b7d37ca ee8b4579610848f6916c2d753384faaa - - default default] No more DHCP agents
2026-06-02 08:05:13.427 9 WARNING neutron.api.rpc.agentnotifiers.dhcp_rpc_agent_api [None req-ff6ac86b-4e48-4af0-86c4-47e821c53534 5d691fc7136d4cc6917219394b7d37ca ee8b4579610848f6916c2d753384faaa - - default default] Unable to schedule network 17f18a97-2478-4b60-b630-71d77756fbe9: no agents available; will retry on subsequent port and subnet creation events.
2026-06-02 08:05:13.503 10 INFO neutron.wsgi [-] 10.0.0.182 "GET / HTTP/1.1" status: 200 len: 247 time: 0.0027664
2026-06-02 08:05:13.508 9 INFO neutron.wsgi [-] 10.0.0.182 "GET / HTTP/1.1" status: 200 len: 247 time: 0.0012476
2026-06-02 08:05:13.532 9 INFO neutron.db.ovn_revision_numbers_db [None req-1f08e2a7-195a-40ad-a9fb-63510b5f0c11 7cac11f642ec4e8f8f02485beb938220 387b77d2c4e445feaf4cd113565d2da7 - - default default] Successfully bumped revision number for resource ff3a91cb-d5ef-4206-b0c5-e223274a5f0a (type: networks) to 1
2026-06-02 08:05:13.756 9 WARNING neutron.scheduler.dhcp_agent_scheduler [None req-1f08e2a7-195a-40ad-a9fb-63510b5f0c11 7cac11f642ec4e8f8f02485beb938220 387b77d2c4e445feaf4cd113565d2da7 - - default default] No more DHCP agents
2026-06-02 08:05:13.762 9 WARNING neutron.api.rpc.agentnotifiers.dhcp_rpc_agent_api [None req-1f08e2a7-195a-40ad-a9fb-63510b5f0c11 7cac11f642ec4e8f8f02485beb938220 387b77d2c4e445feaf4cd113565d2da7 - - default default] Unable to schedule network ff3a91cb-d5ef-4206-b0c5-e223274a5f0a: no agents available; will retry on subsequent port and subnet creation events.
2026-06-02 08:05:13.897 9 INFO neutron.db.ovn_revision_numbers_db [None req-1f08e2a7-195a-40ad-a9fb-63510b5f0c11 7cac11f642ec4e8f8f02485beb938220 387b77d2c4e445feaf4cd113565d2da7 - - default default] Successfully bumped revision number for resource bfd49b82-081c-4fc9-baf7-50e52e369112 (type: ports) to 1
2026-06-02 08:05:13.934 9 INFO neutron.wsgi [None req-1f08e2a7-195a-40ad-a9fb-63510b5f0c11 7cac11f642ec4e8f8f02485beb938220 387b77d2c4e445feaf4cd113565d2da7 - - default default] 10.0.0.61 "POST /v2.0/networks HTTP/1.1" status: 201 len: 838 time: 0.9819818
2026-06-02 08:05:13.943 9 WARNING neutron_lib.context [None req-185ddd37-98ac-4019-8cff-ff664c3b0a31 7cac11f642ec4e8f8f02485beb938220 387b77d2c4e445feaf4cd113565d2da7 - - default default] Method 'is_advsvc' is deprecated since 2023.2 release (neutron-lib 3.8.0) and will be removed once support for the old RBAC API policies will be removed from Neutron. Please use method 'is_service_role' instead.
2026-06-02 08:05:14.151 9 INFO neutron.db.ovn_revision_numbers_db [None req-ff6ac86b-4e48-4af0-86c4-47e821c53534 5d691fc7136d4cc6917219394b7d37ca ee8b4579610848f6916c2d753384faaa - - default default] Successfully bumped revision number for resource c14585bb-209e-45ce-817c-fd475611c4cd (type: ports) to 2
2026-06-02 08:05:14.207 9 INFO neutron.db.ovn_revision_numbers_db [None req-ff6ac86b-4e48-4af0-86c4-47e821c53534 5d691fc7136d4cc6917219394b7d37ca ee8b4579610848f6916c2d753384faaa - - default default] Successfully bumped revision number for resource 057e3b86-a7c2-416e-a198-c81290962aac (type: subnets) to 0
2026-06-02 08:05:14.233 9 INFO neutron.wsgi [None req-ff6ac86b-4e48-4af0-86c4-47e821c53534 5d691fc7136d4cc6917219394b7d37ca ee8b4579610848f6916c2d753384faaa - - default default] 10.0.0.61 "POST /v2.0/subnets HTTP/1.1" status: 201 len: 819 time: 1.0123456
2026-06-02 08:05:14.241 9 WARNING neutron.scheduler.dhcp_agent_scheduler [None req-185ddd37-98ac-4019-8cff-ff664c3b0a31 7cac11f642ec4e8f8f02485beb938220 387b77d2c4e445feaf4cd113565d2da7 - - default default] No more DHCP agents
2026-06-02 08:05:14.244 9 WARNING neutron.api.rpc.agentnotifiers.dhcp_rpc_agent_api [None req-185ddd37-98ac-4019-8cff-ff664c3b0a31 7cac11f642ec4e8f8f02485beb938220 387b77d2c4e445feaf4cd113565d2da7 - - default default] Unable to schedule network ff3a91cb-d5ef-4206-b0c5-e223274a5f0a: no agents available; will retry on subsequent port and subnet creation events.
2026-06-02 08:05:14.257 10 WARNING neutron.api.v2.base [None req-53cf1305-277a-42a8-9144-7e52ad2dbe48 5d691fc7136d4cc6917219394b7d37ca ee8b4579610848f6916c2d753384faaa - - default default] An exception happened while processing the request body. The exception message is [Invalid input for target_tenant. Reason: 'None' is not a valid string.].: webob.exc.HTTPBadRequest: Invalid input for target_tenant. Reason: 'None' is not a valid string.
