2026-06-02 08:04:11.945 9 INFO neutron.db.ovn_revision_numbers_db [None req-9fc15234-b7ec-4335-a489-944e98ab386e 9460465e81994a0f88b5a0fd1308116b 76bfc22c73204dcd867b73da99f94609 - - default default] Successfully bumped revision number for resource 6e8db35d-8497-46a9-bf09-388f22fe46c4 (type: security_group_rules) to 0
2026-06-02 08:04:11.953 9 INFO neutron.plugins.ml2.plugin [None req-55556a73-82d0-4f60-abfe-e03503b5e14e - - - - - -] Attempt 1 to provision port e75b06d8-84fa-436c-bf9a-efa65202b142
2026-06-02 08:04:11.973 9 INFO neutron.db.ovn_revision_numbers_db [None req-9fc15234-b7ec-4335-a489-944e98ab386e 9460465e81994a0f88b5a0fd1308116b 76bfc22c73204dcd867b73da99f94609 - - default default] Successfully bumped revision number for resource 75895a8d-e92c-4891-89f9-a62fba4bef70 (type: security_group_rules) to 0
2026-06-02 08:04:12.043 9 INFO neutron.db.segments_db [None req-9fc15234-b7ec-4335-a489-944e98ab386e 9460465e81994a0f88b5a0fd1308116b 76bfc22c73204dcd867b73da99f94609 - - default default] Added segment a72e9a27-7486-4cd1-97d7-3f1d8c754d86 of type geneve for network 80b8d5fb-8770-40d1-82bf-925663024dac
2026-06-02 08:04:12.155 9 INFO neutron.wsgi [req-6e5b10cd-e48d-453f-9613-35c9c84fbff4 req-4310ddea-0b56-4dc0-ae93-41abd907bdcd 3b12303d41c84f98b9140a38ef09af88 fa9d049636f9409a87f407a460b2e336 - - default default] 199.204.45.205 "GET /v2.0/networks?id=e4fd1550-b2e0-480f-a146-72f290867c23 HTTP/1.1" status: 200 len: 860 time: 0.1319871
2026-06-02 08:04:12.277 9 INFO neutron.wsgi [req-6e5b10cd-e48d-453f-9613-35c9c84fbff4 req-c8757f7c-9545-4806-8156-5087d7c503e9 3b12303d41c84f98b9140a38ef09af88 fa9d049636f9409a87f407a460b2e336 - - default default] 199.204.45.205 "GET /v2.0/security-groups?fields=id&fields=name&tenant_id=fa9d049636f9409a87f407a460b2e336 HTTP/1.1" status: 200 len: 379 time: 0.1155937
2026-06-02 08:04:12.288 10 INFO neutron.wsgi [None req-54595b85-04f0-4f0f-819f-3e58156a7b78 e23c18dddb43483d8b0fc35f996a8451 8195b52efcd04e92b39ae3f51c964f6a - - default default] 10.0.0.61 "DELETE /v2.0/routers/ead1a65e-731b-42ee-9ac5-388b6fe1fd5d HTTP/1.1" status: 204 len: 168 time: 1.1832697
2026-06-02 08:04:12.305 9 WARNING neutron_lib.context [req-6e5b10cd-e48d-453f-9613-35c9c84fbff4 req-00aba982-7561-40a6-8bbd-c8533aa4724a 3b12303d41c84f98b9140a38ef09af88 fa9d049636f9409a87f407a460b2e336 - - default default] Method 'is_advsvc' is deprecated since 2023.2 release (neutron-lib 3.8.0) and will be removed once support for the old RBAC API policies will be removed from Neutron. Please use method 'is_service_role' instead.
2026-06-02 08:04:12.309 9 INFO neutron.db.ovn_revision_numbers_db [None req-9fc15234-b7ec-4335-a489-944e98ab386e 9460465e81994a0f88b5a0fd1308116b 76bfc22c73204dcd867b73da99f94609 - - default default] Successfully bumped revision number for resource 80b8d5fb-8770-40d1-82bf-925663024dac (type: networks) to 1
2026-06-02 08:04:12.321 10 INFO neutron.wsgi [None req-8cda1f5f-a8fa-459f-a0d7-6435d02f8677 e23c18dddb43483d8b0fc35f996a8451 8195b52efcd04e92b39ae3f51c964f6a - - default default] 10.0.0.61 "GET /v2.0/ports?device_id=ead1a65e-731b-42ee-9ac5-388b6fe1fd5d HTTP/1.1" status: 200 len: 205 time: 0.0225201
2026-06-02 08:04:12.357 10 INFO neutron.api.v2.resource [None req-9a9f33cc-31c4-4410-a25e-ba7d2a2a0f45 e23c18dddb43483d8b0fc35f996a8451 8195b52efcd04e92b39ae3f51c964f6a - - default default] delete failed (client error): The resource could not be found.
2026-06-02 08:04:12.358 10 INFO neutron.wsgi [None req-9a9f33cc-31c4-4410-a25e-ba7d2a2a0f45 e23c18dddb43483d8b0fc35f996a8451 8195b52efcd04e92b39ae3f51c964f6a - - default default] 10.0.0.61 "DELETE /v2.0/routers/ead1a65e-731b-42ee-9ac5-388b6fe1fd5d HTTP/1.1" status: 404 len: 336 time: 0.0327034
2026-06-02 08:04:12.388 10 INFO neutron.wsgi [None req-bd82c10a-74dd-4006-9fe7-86b802e87a6d e23c18dddb43483d8b0fc35f996a8451 8195b52efcd04e92b39ae3f51c964f6a - - default default] 10.0.0.61 "GET /v2.0/ports?device_id=03989d3e-a204-4335-98f0-6836dd15c9cb HTTP/1.1" status: 200 len: 205 time: 0.0233777
2026-06-02 08:04:12.425 10 INFO neutron.api.v2.resource [None req-fbfda323-31aa-42d0-a45f-cd1cc6ac222c e23c18dddb43483d8b0fc35f996a8451 8195b52efcd04e92b39ae3f51c964f6a - - default default] delete failed (client error): The resource could not be found.
2026-06-02 08:04:12.426 10 INFO neutron.wsgi [None req-fbfda323-31aa-42d0-a45f-cd1cc6ac222c e23c18dddb43483d8b0fc35f996a8451 8195b52efcd04e92b39ae3f51c964f6a - - default default] 10.0.0.61 "DELETE /v2.0/routers/03989d3e-a204-4335-98f0-6836dd15c9cb HTTP/1.1" status: 404 len: 336 time: 0.0336890
2026-06-02 08:04:12.449 10 INFO neutron.pecan_wsgi.hooks.translation [None req-1bfb9610-0753-4caf-8969-d9020ba08418 e23c18dddb43483d8b0fc35f996a8451 8195b52efcd04e92b39ae3f51c964f6a - - default default] DELETE failed (client error): The resource could not be found.
2026-06-02 08:04:12.451 10 INFO neutron.wsgi [None req-1bfb9610-0753-4caf-8969-d9020ba08418 e23c18dddb43483d8b0fc35f996a8451 8195b52efcd04e92b39ae3f51c964f6a - - default default] 10.0.0.61 "DELETE /v2.0/subnets/c9b5c987-d9a5-494a-9573-fe26aa4b45ad HTTP/1.1" status: 404 len: 337 time: 0.0205481
2026-06-02 08:04:12.478 10 INFO neutron.wsgi [None req-a7fbff77-e627-4d59-b16a-5fdc39166b67 e23c18dddb43483d8b0fc35f996a8451 8195b52efcd04e92b39ae3f51c964f6a - - default default] 10.0.0.61 "GET /v2.0/ports?device_id=c7414631-2762-4e67-84b7-1af50eaf754c HTTP/1.1" status: 200 len: 205 time: 0.0215983
2026-06-02 08:04:12.507 10 INFO neutron.api.v2.resource [None req-5cdd4c7a-0ed9-468c-9321-d635b94cdde1 e23c18dddb43483d8b0fc35f996a8451 8195b52efcd04e92b39ae3f51c964f6a - - default default] delete failed (client error): The resource could not be found.
2026-06-02 08:04:12.509 10 INFO neutron.wsgi [None req-5cdd4c7a-0ed9-468c-9321-d635b94cdde1 e23c18dddb43483d8b0fc35f996a8451 8195b52efcd04e92b39ae3f51c964f6a - - default default] 10.0.0.61 "DELETE /v2.0/routers/c7414631-2762-4e67-84b7-1af50eaf754c HTTP/1.1" status: 404 len: 336 time: 0.0217185
2026-06-02 08:04:12.535 10 INFO neutron.pecan_wsgi.hooks.translation [None req-fe84a0a1-0dd8-47f0-b055-56c06cf0107a e23c18dddb43483d8b0fc35f996a8451 8195b52efcd04e92b39ae3f51c964f6a - - default default] DELETE failed (client error): The resource could not be found.
2026-06-02 08:04:12.537 10 INFO neutron.wsgi [None req-fe84a0a1-0dd8-47f0-b055-56c06cf0107a e23c18dddb43483d8b0fc35f996a8451 8195b52efcd04e92b39ae3f51c964f6a - - default default] 10.0.0.61 "DELETE /v2.0/subnets/16693472-2792-4567-a9ef-4483201b190d HTTP/1.1" status: 404 len: 337 time: 0.0224764
2026-06-02 08:04:12.556 9 INFO neutron.wsgi [req-23e9aa4e-ab99-44ed-b8e7-32864223d45c req-31519758-90a0-4c97-a8fd-61c8058ce0fe 3b12303d41c84f98b9140a38ef09af88 fa9d049636f9409a87f407a460b2e336 - - default default] 10.0.0.195 "GET /v2.0/ports?device_id=8e8d6f3c-f493-4872-8e81-eaa09d1b72e9 HTTP/1.1" status: 200 len: 210 time: 0.0327306
2026-06-02 08:04:12.557 10 INFO neutron.wsgi [None req-f5307f32-3617-42db-9c42-a010cb1ee42b e23c18dddb43483d8b0fc35f996a8451 8195b52efcd04e92b39ae3f51c964f6a - - default default] 10.0.0.61 "GET /v2.0/ports?device_id=f8caf173-9dd5-42f6-b777-2ef569928818 HTTP/1.1" status: 200 len: 205 time: 0.0158882
2026-06-02 08:04:12.558 9 INFO neutron.db.ovn_revision_numbers_db [None req-55556a73-82d0-4f60-abfe-e03503b5e14e - - - - - -] Successfully bumped revision number for resource e75b06d8-84fa-436c-bf9a-efa65202b142 (type: ports) to 2
2026-06-02 08:04:12.585 10 INFO neutron.api.v2.resource [None req-d37d8f3a-4040-4c03-922b-0a13fe028d43 e23c18dddb43483d8b0fc35f996a8451 8195b52efcd04e92b39ae3f51c964f6a - - default default] delete failed (client error): The resource could not be found.
2026-06-02 08:04:12.586 10 INFO neutron.wsgi [None req-d37d8f3a-4040-4c03-922b-0a13fe028d43 e23c18dddb43483d8b0fc35f996a8451 8195b52efcd04e92b39ae3f51c964f6a - - default default] 10.0.0.61 "DELETE /v2.0/routers/f8caf173-9dd5-42f6-b777-2ef569928818 HTTP/1.1" status: 404 len: 336 time: 0.0220618
2026-06-02 08:04:12.604 10 INFO neutron.pecan_wsgi.hooks.translation [None req-2b8f94e4-284b-42fd-b8c5-9461883999f6 e23c18dddb43483d8b0fc35f996a8451 8195b52efcd04e92b39ae3f51c964f6a - - default default] DELETE failed (client error): The resource could not be found.
2026-06-02 08:04:12.606 10 INFO neutron.wsgi [None req-2b8f94e4-284b-42fd-b8c5-9461883999f6 e23c18dddb43483d8b0fc35f996a8451 8195b52efcd04e92b39ae3f51c964f6a - - default default] 10.0.0.61 "DELETE /v2.0/subnets/1902b2e2-cc8c-46c4-a86d-a4f3b106bed3 HTTP/1.1" status: 404 len: 337 time: 0.0141819
2026-06-02 08:04:12.626 10 INFO neutron.pecan_wsgi.hooks.translation [None req-397dd8a0-1030-475d-95d3-09ad4e69be5f e23c18dddb43483d8b0fc35f996a8451 8195b52efcd04e92b39ae3f51c964f6a - - default default] DELETE failed (client error): The resource could not be found.
2026-06-02 08:04:12.628 10 INFO neutron.wsgi [None req-397dd8a0-1030-475d-95d3-09ad4e69be5f e23c18dddb43483d8b0fc35f996a8451 8195b52efcd04e92b39ae3f51c964f6a - - default default] 10.0.0.61 "DELETE /v2.0/subnets/3735f2b3-57b4-417a-968d-a040dc10a346 HTTP/1.1" status: 404 len: 337 time: 0.0154741
2026-06-02 08:04:12.658 9 WARNING neutron.scheduler.dhcp_agent_scheduler [None req-9fc15234-b7ec-4335-a489-944e98ab386e 9460465e81994a0f88b5a0fd1308116b 76bfc22c73204dcd867b73da99f94609 - - default default] No more DHCP agents
2026-06-02 08:04:12.665 9 WARNING neutron.api.rpc.agentnotifiers.dhcp_rpc_agent_api [None req-9fc15234-b7ec-4335-a489-944e98ab386e 9460465e81994a0f88b5a0fd1308116b 76bfc22c73204dcd867b73da99f94609 - - default default] Unable to schedule network 80b8d5fb-8770-40d1-82bf-925663024dac: no agents available; will retry on subsequent port and subnet creation events.
2026-06-02 08:04:12.713 9 INFO neutron.db.ovn_revision_numbers_db [None req-55556a73-82d0-4f60-abfe-e03503b5e14e - - - - - -] Successfully bumped revision number for resource e75b06d8-84fa-436c-bf9a-efa65202b142 (type: router_ports) to 2
2026-06-02 08:04:12.835 9 INFO neutron.db.ovn_revision_numbers_db [None req-9fc15234-b7ec-4335-a489-944e98ab386e 9460465e81994a0f88b5a0fd1308116b 76bfc22c73204dcd867b73da99f94609 - - default default] Successfully bumped revision number for resource ec6adbc1-1215-4c55-a2d1-0648cd6b9ce5 (type: ports) to 1
2026-06-02 08:04:12.872 9 INFO neutron.wsgi [None req-9fc15234-b7ec-4335-a489-944e98ab386e 9460465e81994a0f88b5a0fd1308116b 76bfc22c73204dcd867b73da99f94609 - - default default] 10.0.0.61 "POST /v2.0/networks HTTP/1.1" status: 201 len: 846 time: 1.3059723
2026-06-02 08:04:12.882 9 WARNING neutron.scheduler.dhcp_agent_scheduler [req-6e5b10cd-e48d-453f-9613-35c9c84fbff4 req-00aba982-7561-40a6-8bbd-c8533aa4724a 3b12303d41c84f98b9140a38ef09af88 fa9d049636f9409a87f407a460b2e336 - - default default] No more DHCP agents
2026-06-02 08:04:12.885 9 WARNING neutron.api.rpc.agentnotifiers.dhcp_rpc_agent_api [req-6e5b10cd-e48d-453f-9613-35c9c84fbff4 req-00aba982-7561-40a6-8bbd-c8533aa4724a 3b12303d41c84f98b9140a38ef09af88 fa9d049636f9409a87f407a460b2e336 - - default default] Unable to schedule network e4fd1550-b2e0-480f-a146-72f290867c23: no agents available; will retry on subsequent port and subnet creation events.
2026-06-02 08:04:13.049 9 INFO neutron.db.ovn_revision_numbers_db [req-6e5b10cd-e48d-453f-9613-35c9c84fbff4 req-00aba982-7561-40a6-8bbd-c8533aa4724a 3b12303d41c84f98b9140a38ef09af88 fa9d049636f9409a87f407a460b2e336 - - default default] Successfully bumped revision number for resource 4362560e-4286-4ee7-b95b-1afbc9bbb4e9 (type: ports) to 1
2026-06-02 08:04:13.074 9 INFO neutron.wsgi [req-6e5b10cd-e48d-453f-9613-35c9c84fbff4 req-00aba982-7561-40a6-8bbd-c8533aa4724a 3b12303d41c84f98b9140a38ef09af88 fa9d049636f9409a87f407a460b2e336 - - default default] 199.204.45.205 "POST /v2.0/ports HTTP/1.1" status: 201 len: 1158 time: 0.7755435 /var/lib/openstack/lib/python3.10/site-packages/pycadf/identifier.py:71: UserWarning: Invalid uuid: neutron. To ensure interoperability, identifiers should be a valid uuid. warnings.warn(('Invalid uuid: %s. To ensure interoperability, '
2026-06-02 08:04:13.320 10 WARNING neutron_lib.context [None req-984e0fee-00e5-4bae-8084-4fb07194e2df 9460465e81994a0f88b5a0fd1308116b 76bfc22c73204dcd867b73da99f94609 - - default default] Method 'is_advsvc' is deprecated since 2023.2 release (neutron-lib 3.8.0) and will be removed once support for the old RBAC API policies will be removed from Neutron. Please use method 'is_service_role' instead.
2026-06-02 08:04:13.321 9 INFO neutron.wsgi [None req-d081148b-a554-433f-aa44-eb96cb883fca 3fcbdd64b6864855b262fd98765bca91 1e40ba1f207e4dd5806da3a62b1a85b9 - - default default] 10.0.0.61 "GET /v2.0/security-groups?tenant_id=8195b52efcd04e92b39ae3f51c964f6a&name=default HTTP/1.1" status: 200 len: 2996 time: 0.1481457
2026-06-02 08:04:13.503 9 INFO neutron.wsgi [-] 10.0.0.182 "GET / HTTP/1.1" status: 200 len: 247 time: 0.0017841
2026-06-02 08:04:13.504 10 INFO neutron.wsgi [-] 10.0.0.182 "GET / HTTP/1.1" status: 200 len: 247 time: 0.0016382
2026-06-02 08:04:13.544 9 INFO neutron.db.ovn_revision_numbers_db [req-6e5b10cd-e48d-453f-9613-35c9c84fbff4 req-47d82e69-04d2-4d87-976c-406b29b48db6 c6925d371fdc4a20a6e51fbccf7b0b0b cc84a2ad61704963a667863291df64b3 - - dac6f60a74b34ccabcfd78cebeb9dc95 dac6f60a74b34ccabcfd78cebeb9dc95] Successfully bumped revision number for resource 4362560e-4286-4ee7-b95b-1afbc9bbb4e9 (type: ports) to 2
2026-06-02 08:04:13.612 10 WARNING neutron.scheduler.dhcp_agent_scheduler [None req-984e0fee-00e5-4bae-8084-4fb07194e2df 9460465e81994a0f88b5a0fd1308116b 76bfc22c73204dcd867b73da99f94609 - - default default] No more DHCP agents
2026-06-02 08:04:13.615 10 WARNING neutron.api.rpc.agentnotifiers.dhcp_rpc_agent_api [None req-984e0fee-00e5-4bae-8084-4fb07194e2df 9460465e81994a0f88b5a0fd1308116b 76bfc22c73204dcd867b73da99f94609 - - default default] Unable to schedule network 80b8d5fb-8770-40d1-82bf-925663024dac: no agents available; will retry on subsequent port and subnet creation events.
2026-06-02 08:04:13.636 10 INFO neutron.wsgi [None req-0a6f39f8-362e-401b-89c3-7e5c84423d80 3fcbdd64b6864855b262fd98765bca91 1e40ba1f207e4dd5806da3a62b1a85b9 - - default default] 10.0.0.61 "DELETE /v2.0/security-groups/9d3340e7-d141-4a05-b72f-0863ed3e8b5b HTTP/1.1" status: 204 len: 168 time: 0.3110812
2026-06-02 08:04:13.674 10 INFO neutron.db.ovn_revision_numbers_db [None req-984e0fee-00e5-4bae-8084-4fb07194e2df 9460465e81994a0f88b5a0fd1308116b 76bfc22c73204dcd867b73da99f94609 - - default default] Successfully bumped revision number for resource 7db1b96d-954d-4e4b-9d71-668317211b25 (type: subnets) to 0
2026-06-02 08:04:13.702 10 INFO neutron.wsgi [None req-984e0fee-00e5-4bae-8084-4fb07194e2df 9460465e81994a0f88b5a0fd1308116b 76bfc22c73204dcd867b73da99f94609 - - default default] 10.0.0.61 "POST /v2.0/subnets HTTP/1.1" status: 201 len: 848 time: 0.3896134
2026-06-02 08:04:13.712 10 WARNING neutron_lib.context [None req-b3097f1e-2e57-47d4-a330-e6b9ef427b67 9460465e81994a0f88b5a0fd1308116b 76bfc22c73204dcd867b73da99f94609 - - default default] Method 'is_advsvc' is deprecated since 2023.2 release (neutron-lib 3.8.0) and will be removed once support for the old RBAC API policies will be removed from Neutron. Please use method 'is_service_role' instead.
2026-06-02 08:04:13.753 10 INFO neutron.wsgi [req-b09c0c72-aefe-4104-9473-069e934d9927 req-5f804329-8fcf-4f5d-9790-39d6f9d4a67e 3b12303d41c84f98b9140a38ef09af88 fa9d049636f9409a87f407a460b2e336 - - default default] 10.0.0.195 "GET /v2.0/ports?device_id=8e8d6f3c-f493-4872-8e81-eaa09d1b72e9 HTTP/1.1" status: 200 len: 1168 time: 0.1204393
2026-06-02 08:04:13.770 9 INFO neutron.db.ovn_revision_numbers_db [req-6e5b10cd-e48d-453f-9613-35c9c84fbff4 req-47d82e69-04d2-4d87-976c-406b29b48db6 c6925d371fdc4a20a6e51fbccf7b0b0b cc84a2ad61704963a667863291df64b3 - - dac6f60a74b34ccabcfd78cebeb9dc95 dac6f60a74b34ccabcfd78cebeb9dc95] Successfully bumped revision number for resource 4362560e-4286-4ee7-b95b-1afbc9bbb4e9 (type: ports) to 2
2026-06-02 08:04:13.785 9 INFO neutron.wsgi [req-6e5b10cd-e48d-453f-9613-35c9c84fbff4 req-47d82e69-04d2-4d87-976c-406b29b48db6 c6925d371fdc4a20a6e51fbccf7b0b0b cc84a2ad61704963a667863291df64b3 - - dac6f60a74b34ccabcfd78cebeb9dc95 dac6f60a74b34ccabcfd78cebeb9dc95] 199.204.45.205 "PUT /v2.0/ports/4362560e-4286-4ee7-b95b-1afbc9bbb4e9 HTTP/1.1" status: 200 len: 1376 time: 0.7003510
2026-06-02 08:04:13.801 10 INFO neutron.wsgi [req-b09c0c72-aefe-4104-9473-069e934d9927 req-6e31eed1-cc50-4878-96bf-3bc20094aec7 3b12303d41c84f98b9140a38ef09af88 fa9d049636f9409a87f407a460b2e336 - - default default] 10.0.0.195 "GET /v2.0/security-groups?id=440e234e-df8e-475a-9d7a-a62a3f54384c&fields=id&fields=name HTTP/1.1" status: 200 len: 312 time: 0.0397506
2026-06-02 08:04:13.803 10 INFO neutron.db.segments_db [None req-b3097f1e-2e57-47d4-a330-e6b9ef427b67 9460465e81994a0f88b5a0fd1308116b 76bfc22c73204dcd867b73da99f94609 - - default default] Added segment c244ebed-3811-4d92-8871-d599bca174ab of type geneve for network f953598c-1d00-4c24-b3ed-24f931955d1b /var/lib/openstack/lib/python3.10/site-packages/pycadf/identifier.py:71: UserWarning: Invalid uuid: neutron. To ensure interoperability, identifiers should be a valid uuid. warnings.warn(('Invalid uuid: %s. To ensure interoperability, '
2026-06-02 08:04:13.836 9 INFO neutron.notifiers.nova [-] Nova event matching ['req-f856829e-3a8d-486a-bb8c-0b88f2440586'] response: {'name': 'network-changed', 'server_uuid': '8e8d6f3c-f493-4872-8e81-eaa09d1b72e9', 'tag': '4362560e-4286-4ee7-b95b-1afbc9bbb4e9', 'status': 'completed', 'code': 200}
2026-06-02 08:04:13.888 9 INFO neutron.wsgi [req-6e5b10cd-e48d-453f-9613-35c9c84fbff4 req-64b4649e-41f7-49df-92a5-925b84d039cb c6925d371fdc4a20a6e51fbccf7b0b0b cc84a2ad61704963a667863291df64b3 - - dac6f60a74b34ccabcfd78cebeb9dc95 dac6f60a74b34ccabcfd78cebeb9dc95] 199.204.45.205 "GET /v2.0/ports?tenant_id=fa9d049636f9409a87f407a460b2e336&device_id=8e8d6f3c-f493-4872-8e81-eaa09d1b72e9 HTTP/1.1" status: 200 len: 1407 time: 0.0661478
2026-06-02 08:04:13.923 9 INFO neutron.wsgi [req-6e5b10cd-e48d-453f-9613-35c9c84fbff4 req-3354cd62-3454-4eef-80bf-cedd9e2cd132 c6925d371fdc4a20a6e51fbccf7b0b0b cc84a2ad61704963a667863291df64b3 - - dac6f60a74b34ccabcfd78cebeb9dc95 dac6f60a74b34ccabcfd78cebeb9dc95] 199.204.45.205 "GET /v2.0/floatingips?fixed_ip_address=10.100.0.5&port_id=4362560e-4286-4ee7-b95b-1afbc9bbb4e9 HTTP/1.1" status: 200 len: 217 time: 0.0290961
2026-06-02 08:04:13.954 9 INFO neutron.wsgi [req-6e5b10cd-e48d-453f-9613-35c9c84fbff4 req-406e5259-16a2-46c9-8fca-9bfcc113b28d c6925d371fdc4a20a6e51fbccf7b0b0b cc84a2ad61704963a667863291df64b3 - - dac6f60a74b34ccabcfd78cebeb9dc95 dac6f60a74b34ccabcfd78cebeb9dc95] 199.204.45.205 "GET /v2.0/subnets?id=242fd44c-433d-408f-b5cb-0f681b172f76 HTTP/1.1" status: 200 len: 853 time: 0.0303621
2026-06-02 08:04:13.960 10 INFO neutron.db.ovn_revision_numbers_db [None req-b3097f1e-2e57-47d4-a330-e6b9ef427b67 9460465e81994a0f88b5a0fd1308116b 76bfc22c73204dcd867b73da99f94609 - - default default] Successfully bumped revision number for resource f953598c-1d00-4c24-b3ed-24f931955d1b (type: networks) to 1
2026-06-02 08:04:13.978 9 INFO neutron.wsgi [req-6e5b10cd-e48d-453f-9613-35c9c84fbff4 req-b88e7c39-0afc-4ddb-8c51-e85fee41861d c6925d371fdc4a20a6e51fbccf7b0b0b cc84a2ad61704963a667863291df64b3 - - dac6f60a74b34ccabcfd78cebeb9dc95 dac6f60a74b34ccabcfd78cebeb9dc95] 199.204.45.205 "GET /v2.0/ports?network_id=e4fd1550-b2e0-480f-a146-72f290867c23&device_owner=network%3Adhcp HTTP/1.1" status: 200 len: 210 time: 0.0151355
2026-06-02 08:04:14.051 9 INFO neutron.wsgi [req-6e5b10cd-e48d-453f-9613-35c9c84fbff4 req-332a042a-6fa7-406b-ba94-939fa62d6382 c6925d371fdc4a20a6e51fbccf7b0b0b cc84a2ad61704963a667863291df64b3 - - dac6f60a74b34ccabcfd78cebeb9dc95 dac6f60a74b34ccabcfd78cebeb9dc95] 199.204.45.205 "GET /v2.0/networks/e4fd1550-b2e0-480f-a146-72f290867c23?fields=segments HTTP/1.1" status: 200 len: 212 time: 0.0666850
2026-06-02 08:04:14.109 9 INFO neutron.wsgi [req-6e5b10cd-e48d-453f-9613-35c9c84fbff4 req-a24973a1-a4af-49b1-b488-843788dc5b4b c6925d371fdc4a20a6e51fbccf7b0b0b cc84a2ad61704963a667863291df64b3 - - dac6f60a74b34ccabcfd78cebeb9dc95 dac6f60a74b34ccabcfd78cebeb9dc95] 199.204.45.205 "GET /v2.0/networks/e4fd1550-b2e0-480f-a146-72f290867c23?fields=provider%3Aphysical_network&fields=provider%3Anetwork_type HTTP/1.1" status: 200 len: 277 time: 0.0525930
2026-06-02 08:04:14.187 10 WARNING neutron.scheduler.dhcp_agent_scheduler [None req-b3097f1e-2e57-47d4-a330-e6b9ef427b67 9460465e81994a0f88b5a0fd1308116b 76bfc22c73204dcd867b73da99f94609 - - default default] No more DHCP agents
2026-06-02 08:04:14.193 10 WARNING neutron.api.rpc.agentnotifiers.dhcp_rpc_agent_api [None req-b3097f1e-2e57-47d4-a330-e6b9ef427b67 9460465e81994a0f88b5a0fd1308116b 76bfc22c73204dcd867b73da99f94609 - - default default] Unable to schedule network f953598c-1d00-4c24-b3ed-24f931955d1b: no agents available; will retry on subsequent port and subnet creation events.
2026-06-02 08:04:14.204 9 INFO neutron.wsgi [req-98c0c67a-a9ac-47a4-9625-7ab4034f75ec req-4faee408-30b1-424b-886c-a0e1a75d17d0 c6925d371fdc4a20a6e51fbccf7b0b0b cc84a2ad61704963a667863291df64b3 - - dac6f60a74b34ccabcfd78cebeb9dc95 dac6f60a74b34ccabcfd78cebeb9dc95] 199.204.45.205 "GET /v2.0/ports?tenant_id=fa9d049636f9409a87f407a460b2e336&device_id=8e8d6f3c-f493-4872-8e81-eaa09d1b72e9 HTTP/1.1" status: 200 len: 1407 time: 0.0515203
2026-06-02 08:04:14.304 9 INFO neutron.wsgi [req-98c0c67a-a9ac-47a4-9625-7ab4034f75ec req-eceda8e5-b731-4dc6-873f-486025707697 c6925d371fdc4a20a6e51fbccf7b0b0b cc84a2ad61704963a667863291df64b3 - - dac6f60a74b34ccabcfd78cebeb9dc95 dac6f60a74b34ccabcfd78cebeb9dc95] 199.204.45.205 "GET /v2.0/networks?id=e4fd1550-b2e0-480f-a146-72f290867c23 HTTP/1.1" status: 200 len: 959 time: 0.0923450
2026-06-02 08:04:14.317 10 INFO neutron.db.ovn_revision_numbers_db [None req-b3097f1e-2e57-47d4-a330-e6b9ef427b67 9460465e81994a0f88b5a0fd1308116b 76bfc22c73204dcd867b73da99f94609 - - default default] Successfully bumped revision number for resource fdb2814b-b465-4232-b927-a8c2bfdebeb3 (type: ports) to 1
2026-06-02 08:04:14.341 9 INFO neutron.wsgi [req-98c0c67a-a9ac-47a4-9625-7ab4034f75ec req-43cc8074-c7eb-44d1-bfc1-d556412bd4dd c6925d371fdc4a20a6e51fbccf7b0b0b cc84a2ad61704963a667863291df64b3 - - dac6f60a74b34ccabcfd78cebeb9dc95 dac6f60a74b34ccabcfd78cebeb9dc95] 199.204.45.205 "GET /v2.0/floatingips?fixed_ip_address=10.100.0.5&port_id=4362560e-4286-4ee7-b95b-1afbc9bbb4e9 HTTP/1.1" status: 200 len: 217 time: 0.0292261
2026-06-02 08:04:14.347 10 INFO neutron.plugins.ml2.drivers.ovn.mech_driver.mech_driver [None req-58aec7b7-89c4-42f4-a419-d911e24f8d20 - - - - - -] OVN reports status up for port: 4362560e-4286-4ee7-b95b-1afbc9bbb4e9
2026-06-02 08:04:14.359 10 INFO neutron.wsgi [None req-b3097f1e-2e57-47d4-a330-e6b9ef427b67 9460465e81994a0f88b5a0fd1308116b 76bfc22c73204dcd867b73da99f94609 - - default default] 10.0.0.61 "POST /v2.0/networks HTTP/1.1" status: 201 len: 846 time: 0.6509020
2026-06-02 08:04:14.364 10 INFO neutron.plugins.ml2.plugin [None req-58aec7b7-89c4-42f4-a419-d911e24f8d20 - - - - - -] Attempt 1 to provision port 4362560e-4286-4ee7-b95b-1afbc9bbb4e9
2026-06-02 08:04:14.427 9 INFO neutron.wsgi [req-98c0c67a-a9ac-47a4-9625-7ab4034f75ec req-826a730f-f276-4dcc-83af-3c182081b6b1 c6925d371fdc4a20a6e51fbccf7b0b0b cc84a2ad61704963a667863291df64b3 - - dac6f60a74b34ccabcfd78cebeb9dc95 dac6f60a74b34ccabcfd78cebeb9dc95] 199.204.45.205 "GET /v2.0/subnets?id=242fd44c-433d-408f-b5cb-0f681b172f76 HTTP/1.1" status: 200 len: 853 time: 0.0806510
2026-06-02 08:04:14.459 9 INFO neutron.wsgi [req-98c0c67a-a9ac-47a4-9625-7ab4034f75ec req-c5767aea-13dd-454f-8ee3-dac8f55c6439 c6925d371fdc4a20a6e51fbccf7b0b0b cc84a2ad61704963a667863291df64b3 - - dac6f60a74b34ccabcfd78cebeb9dc95 dac6f60a74b34ccabcfd78cebeb9dc95] 199.204.45.205 "GET /v2.0/ports?network_id=e4fd1550-b2e0-480f-a146-72f290867c23&device_owner=network%3Adhcp HTTP/1.1" status: 200 len: 210 time: 0.0257814
2026-06-02 08:04:14.525 10 INFO neutron.notifiers.nova [-] Nova event matching ['req-a4cf568e-80d2-4400-8e06-230bf0f59c60'] response: {'server_uuid': '8e8d6f3c-f493-4872-8e81-eaa09d1b72e9', 'name': 'network-vif-plugged', 'status': 'completed', 'tag': '4362560e-4286-4ee7-b95b-1afbc9bbb4e9', 'code': 200}
2026-06-02 08:04:14.565 9 INFO neutron.wsgi [req-98c0c67a-a9ac-47a4-9625-7ab4034f75ec req-37b5f111-4352-4331-8b93-daf890fdc7b4 c6925d371fdc4a20a6e51fbccf7b0b0b cc84a2ad61704963a667863291df64b3 - - dac6f60a74b34ccabcfd78cebeb9dc95 dac6f60a74b34ccabcfd78cebeb9dc95] 199.204.45.205 "GET /v2.0/networks/e4fd1550-b2e0-480f-a146-72f290867c23?fields=segments HTTP/1.1" status: 200 len: 212 time: 0.0991461
2026-06-02 08:04:14.616 9 INFO neutron.db.ovn_revision_numbers_db [None req-eacb5567-72d1-490a-882a-b41c18914f12 9460465e81994a0f88b5a0fd1308116b 76bfc22c73204dcd867b73da99f94609 - - default default] Successfully bumped revision number for resource f953598c-1d00-4c24-b3ed-24f931955d1b (type: networks) to 2
2026-06-02 08:04:14.620 9 INFO neutron.wsgi [None req-eacb5567-72d1-490a-882a-b41c18914f12 9460465e81994a0f88b5a0fd1308116b 76bfc22c73204dcd867b73da99f94609 - - default default] 10.0.0.61 "PUT /v2.0/networks/f953598c-1d00-4c24-b3ed-24f931955d1b HTTP/1.1" status: 200 len: 792 time: 0.2580497
2026-06-02 08:04:14.633 9 WARNING neutron_lib.context [None req-2b1c57b2-015a-40f1-87fe-d172d10fc2bb 9460465e81994a0f88b5a0fd1308116b 76bfc22c73204dcd867b73da99f94609 - - default default] Method 'is_advsvc' is deprecated since 2023.2 release (neutron-lib 3.8.0) and will be removed once support for the old RBAC API policies will be removed from Neutron. Please use method 'is_service_role' instead.
2026-06-02 08:04:14.652 9 INFO neutron.wsgi [req-98c0c67a-a9ac-47a4-9625-7ab4034f75ec req-c755526d-146c-4374-9a27-3b9570028cdd c6925d371fdc4a20a6e51fbccf7b0b0b cc84a2ad61704963a667863291df64b3 - - dac6f60a74b34ccabcfd78cebeb9dc95 dac6f60a74b34ccabcfd78cebeb9dc95] 199.204.45.205 "GET /v2.0/networks/e4fd1550-b2e0-480f-a146-72f290867c23?fields=provider%3Aphysical_network&fields=provider%3Anetwork_type HTTP/1.1" status: 200 len: 277 time: 0.0808775
2026-06-02 08:04:14.764 10 INFO neutron.db.ovn_revision_numbers_db [None req-58aec7b7-89c4-42f4-a419-d911e24f8d20 - - - - - -] Successfully bumped revision number for resource 4362560e-4286-4ee7-b95b-1afbc9bbb4e9 (type: ports) to 4
2026-06-02 08:04:14.926 9 INFO neutron.wsgi [req-20d77178-6891-430d-ad5b-3c9f4ab3b890 req-8f2883d5-afd5-4c40-b2d8-377230160a26 3b12303d41c84f98b9140a38ef09af88 fa9d049636f9409a87f407a460b2e336 - - default default] 10.0.0.195 "GET /v2.0/ports?device_id=8e8d6f3c-f493-4872-8e81-eaa09d1b72e9 HTTP/1.1" status: 200 len: 1170 time: 0.0470641
2026-06-02 08:04:14.974 9 WARNING neutron.scheduler.dhcp_agent_scheduler [None req-2b1c57b2-015a-40f1-87fe-d172d10fc2bb 9460465e81994a0f88b5a0fd1308116b 76bfc22c73204dcd867b73da99f94609 - - default default] No more DHCP agents
2026-06-02 08:04:14.976 9 WARNING neutron.api.rpc.agentnotifiers.dhcp_rpc_agent_api [None req-2b1c57b2-015a-40f1-87fe-d172d10fc2bb 9460465e81994a0f88b5a0fd1308116b 76bfc22c73204dcd867b73da99f94609 - - default default] Unable to schedule network f953598c-1d00-4c24-b3ed-24f931955d1b: no agents available; will retry on subsequent port and subnet creation events.
2026-06-02 08:04:15.005 9 INFO neutron.wsgi [req-20d77178-6891-430d-ad5b-3c9f4ab3b890 req-31378737-59eb-4348-b782-f955b48d892a 3b12303d41c84f98b9140a38ef09af88 fa9d049636f9409a87f407a460b2e336 - - default default] 10.0.0.195 "GET /v2.0/security-groups?id=440e234e-df8e-475a-9d7a-a62a3f54384c&fields=id&fields=name HTTP/1.1" status: 200 len: 312 time: 0.0726480
2026-06-02 08:04:15.045 9 INFO neutron.db.ovn_revision_numbers_db [None req-2b1c57b2-015a-40f1-87fe-d172d10fc2bb 9460465e81994a0f88b5a0fd1308116b 76bfc22c73204dcd867b73da99f94609 - - default default] Successfully bumped revision number for resource 22953150-83f0-4d98-a6ee-94365dbb9b1c (type: subnets) to 0
2026-06-02 08:04:15.068 9 INFO neutron.wsgi [None req-2b1c57b2-015a-40f1-87fe-d172d10fc2bb 9460465e81994a0f88b5a0fd1308116b 76bfc22c73204dcd867b73da99f94609 - - default default] 10.0.0.61 "POST /v2.0/subnets HTTP/1.1" status: 201 len: 821 time: 0.4411039 /var/lib/openstack/lib/python3.10/site-packages/pycadf/identifier.py:71: UserWarning: Invalid uuid: neutron. To ensure interoperability, identifiers should be a valid uuid. warnings.warn(('Invalid uuid: %s. To ensure interoperability, '
2026-06-02 08:04:15.270 10 INFO neutron.wsgi [None req-8e57ed4d-5776-40ca-a867-8f7cd37303cd 3fcbdd64b6864855b262fd98765bca91 1e40ba1f207e4dd5806da3a62b1a85b9 - - default default] 10.0.0.100 "GET /v2.0/networks HTTP/1.1" status: 200 len: 4580 time: 0.5533769
2026-06-02 08:04:15.349 10 INFO neutron.wsgi [None req-48503bfa-084c-4aed-be57-f2b7ff24f36b 3fcbdd64b6864855b262fd98765bca91 1e40ba1f207e4dd5806da3a62b1a85b9 - - default default] 10.0.0.100 "GET /v2.0/security-groups HTTP/1.1" status: 200 len: 27455 time: 0.0717802
2026-06-02 08:04:15.496 10 INFO neutron.wsgi [None req-3f2f23b1-9768-41f5-8e5a-75b5e71cce7f 3fcbdd64b6864855b262fd98765bca91 1e40ba1f207e4dd5806da3a62b1a85b9 - - default default] 10.0.0.100 "GET /v2.0/routers HTTP/1.1" status: 200 len: 859 time: 0.1413403
2026-06-02 08:04:15.521 10 INFO neutron.wsgi [None req-f3b1779b-4cfd-4d8c-b223-8f5a92bd84b6 3fcbdd64b6864855b262fd98765bca91 1e40ba1f207e4dd5806da3a62b1a85b9 - - default default] 10.0.0.100 "GET /v2.0/agents?binary=ovn-controller HTTP/1.1" status: 200 len: 591 time: 0.0241399
2026-06-02 08:04:15.629 10 INFO neutron.wsgi [None req-2d147785-5ec8-41a5-a636-c1b9ed105ed6 3fcbdd64b6864855b262fd98765bca91 1e40ba1f207e4dd5806da3a62b1a85b9 - - default default] 10.0.0.100 "GET /v2.0/ports HTTP/1.1" status: 200 len: 11527 time: 0.1036975
2026-06-02 08:04:15.668 10 INFO neutron.wsgi [None req-62e00216-8851-4601-b8a8-12b2e7d13b7e 3fcbdd64b6864855b262fd98765bca91 1e40ba1f207e4dd5806da3a62b1a85b9 - - default default] 10.0.0.100 "GET /v2.0/floatingips HTTP/1.1" status: 200 len: 193 time: 0.0287721
2026-06-02 08:04:15.720 10 INFO neutron.wsgi [None req-b2375323-ecf2-4adf-96c0-a1847459d800 3fcbdd64b6864855b262fd98765bca91 1e40ba1f207e4dd5806da3a62b1a85b9 - - default default] 10.0.0.100 "GET /v2.0/subnets HTTP/1.1" status: 200 len: 3375 time: 0.0504050
2026-06-02 08:04:15.739 10 INFO neutron.wsgi [None req-6806d186-27a6-446e-bc04-3c8ee5eb4f33 3fcbdd64b6864855b262fd98765bca91 1e40ba1f207e4dd5806da3a62b1a85b9 - - default default] 10.0.0.100 "GET /v2.0/agents HTTP/1.1" status: 200 len: 997 time: 0.0167081
2026-06-02 08:04:15.758 10 INFO neutron.wsgi [None req-ec685513-5020-48e7-b195-895782d2e188 3fcbdd64b6864855b262fd98765bca91 1e40ba1f207e4dd5806da3a62b1a85b9 - - default default] 10.0.0.100 "GET /v2.0/network-ip-availabilities HTTP/1.1" status: 200 len: 2640 time: 0.0167215
2026-06-02 08:04:15.809 10 INFO neutron.wsgi [None req-68afe8c7-202a-4ee0-88d9-5f15b8fdca4e 3fcbdd64b6864855b262fd98765bca91 1e40ba1f207e4dd5806da3a62b1a85b9 - - default default] 10.0.0.100 "GET /v2.0/subnets HTTP/1.1" status: 200 len: 3375 time: 0.0495136
2026-06-02 08:04:15.829 10 INFO neutron.wsgi [None req-cfd8fe98-0012-4c20-9902-33d948d8de30 3fcbdd64b6864855b262fd98765bca91 1e40ba1f207e4dd5806da3a62b1a85b9 - - default default] 10.0.0.100 "GET /v2.0/subnetpools HTTP/1.1" status: 200 len: 193 time: 0.0182185
2026-06-02 08:04:16.147 10 INFO neutron.wsgi [req-41fd2994-b510-456e-8f7b-779c7ad2154b req-6eb1e7e7-3fb4-4df4-b0f7-f8fbcb0bcb4e 3b12303d41c84f98b9140a38ef09af88 fa9d049636f9409a87f407a460b2e336 - - default default] 10.0.0.195 "GET /v2.0/ports?device_id=8e8d6f3c-f493-4872-8e81-eaa09d1b72e9 HTTP/1.1" status: 200 len: 1170 time: 0.0620375
2026-06-02 08:04:16.201 9 INFO neutron.db.ovn_revision_numbers_db [None req-e2249685-fc05-467f-86c3-5f9947e2e64a 9460465e81994a0f88b5a0fd1308116b 76bfc22c73204dcd867b73da99f94609 - - default default] Successfully bumped revision number for resource fdb2814b-b465-4232-b927-a8c2bfdebeb3 (type: ports) to 2
2026-06-02 08:04:16.202 10 INFO neutron.wsgi [req-41fd2994-b510-456e-8f7b-779c7ad2154b req-69465679-4469-47d2-82ad-4d7722bd2761 3b12303d41c84f98b9140a38ef09af88 fa9d049636f9409a87f407a460b2e336 - - default default] 10.0.0.195 "GET /v2.0/security-groups?id=440e234e-df8e-475a-9d7a-a62a3f54384c&fields=id&fields=name HTTP/1.1" status: 200 len: 312 time: 0.0458632
2026-06-02 08:04:16.249 9 INFO neutron.db.ovn_revision_numbers_db [None req-e2249685-fc05-467f-86c3-5f9947e2e64a 9460465e81994a0f88b5a0fd1308116b 76bfc22c73204dcd867b73da99f94609 - - default default] Successfully bumped revision number for resource 22953150-83f0-4d98-a6ee-94365dbb9b1c (type: subnets) to 1
2026-06-02 08:04:16.252 9 INFO neutron.wsgi [None req-e2249685-fc05-467f-86c3-5f9947e2e64a 9460465e81994a0f88b5a0fd1308116b 76bfc22c73204dcd867b73da99f94609 - - default default] 10.0.0.61 "PUT /v2.0/subnets/22953150-83f0-4d98-a6ee-94365dbb9b1c HTTP/1.1" status: 200 len: 826 time: 1.1774142
2026-06-02 08:04:16.564 10 INFO neutron.notifiers.nova [-] Nova event matching ['req-a569f720-4c53-4053-9d0a-b2394080e20d'] response: {'server_uuid': '8e8d6f3c-f493-4872-8e81-eaa09d1b72e9', 'name': 'network-vif-plugged', 'status': 'completed', 'tag': '4362560e-4286-4ee7-b95b-1afbc9bbb4e9', 'code': 200}
2026-06-02 08:04:16.805 9 INFO neutron.services.segments.plugin [-] Segment c244ebed-3811-4d92-8871-d599bca174ab resource provider aggregate not found
2026-06-02 08:04:16.809 9 INFO neutron.services.segments.plugin [-] Segment c244ebed-3811-4d92-8871-d599bca174ab resource provider aggregate not found
2026-06-02 08:04:16.825 9 INFO neutron.services.segments.plugin [-] Segment c244ebed-3811-4d92-8871-d599bca174ab resource provider not found; error: Placement Client Error (4xx): {"errors": [{"status": 404, "title": "Not Found", "detail": "The resource could not be found.\n\n No resource provider with uuid c244ebed-3811-4d92-8871-d599bca174ab found for delete ", "request_id": "req-612b85f1-3202-451e-a00e-871fc0f56c7d"}]}
2026-06-02 08:04:16.828 9 INFO neutron.services.segments.plugin [-] Segment c244ebed-3811-4d92-8871-d599bca174ab resource provider not found; error: Placement Client Error (4xx): {"errors": [{"status": 404, "title": "Not Found", "detail": "The resource could not be found.\n\n No resource provider with uuid c244ebed-3811-4d92-8871-d599bca174ab found for delete ", "request_id": "req-f44aee19-de5f-46f3-8cfd-d901f48f97d3"}]}
2026-06-02 08:04:16.856 9 INFO neutron.wsgi [None req-ff215ea6-7203-482a-b52b-a65825a50a72 9460465e81994a0f88b5a0fd1308116b 76bfc22c73204dcd867b73da99f94609 - - default default] 10.0.0.61 "DELETE /v2.0/networks/f953598c-1d00-4c24-b3ed-24f931955d1b HTTP/1.1" status: 204 len: 168 time: 0.5956903
2026-06-02 08:04:16.880 10 INFO neutron.pecan_wsgi.hooks.translation [None req-73fc6765-2035-4142-aa80-1fcea7fd176d 9460465e81994a0f88b5a0fd1308116b 76bfc22c73204dcd867b73da99f94609 - - default default] DELETE failed (client error): The resource could not be found.
2026-06-02 08:04:16.883 10 INFO neutron.wsgi [None req-73fc6765-2035-4142-aa80-1fcea7fd176d 9460465e81994a0f88b5a0fd1308116b 76bfc22c73204dcd867b73da99f94609 - - default default] 10.0.0.61 "DELETE /v2.0/networks/f953598c-1d00-4c24-b3ed-24f931955d1b HTTP/1.1" status: 404 len: 339 time: 0.0180094
2026-06-02 08:04:17.015 10 INFO neutron.wsgi [None req-fd93c6d2-86ec-4517-854d-f5aa446190b7 9460465e81994a0f88b5a0fd1308116b 76bfc22c73204dcd867b73da99f94609 - - default default] 10.0.0.61 "GET /v2.0/networks?router%3Aexternal=True HTTP/1.1" status: 200 len: 845 time: 0.1256251
2026-06-02 08:04:17.065 10 INFO neutron.wsgi [None req-3123dba1-dfc2-4a75-850f-09f697e61600 9460465e81994a0f88b5a0fd1308116b 76bfc22c73204dcd867b73da99f94609 - - default default] 10.0.0.61 "GET /v2.0/subnets?network_id=009643ca-0698-4d95-a885-e178c788133c HTTP/1.1" status: 200 len: 820 time: 0.0433187
2026-06-02 08:04:17.079 10 INFO neutron.wsgi [None req-a870e1bb-d950-4af7-8613-ada7292d06b2 9460465e81994a0f88b5a0fd1308116b 76bfc22c73204dcd867b73da99f94609 - - default default] 10.0.0.61 "GET /v2.0/extensions HTTP/1.1" status: 200 len: 16975 time: 0.0094504
2026-06-02 08:04:17.387 10 INFO neutron.wsgi [None req-41748e6e-ceef-4128-9efd-3cac02cc2466 9460465e81994a0f88b5a0fd1308116b 76bfc22c73204dcd867b73da99f94609 - - default default] 10.0.0.61 "GET /v2.0/networks HTTP/1.1" status: 200 len: 1507 time: 0.3031778
2026-06-02 08:04:17.391 10 INFO neutron.wsgi [req-c7554b39-8044-467e-beba-e4c72180d30f req-7840bc43-e2ff-4707-96ae-5c7e9c19339b 3b12303d41c84f98b9140a38ef09af88 fa9d049636f9409a87f407a460b2e336 - - default default] 10.0.0.195 "GET /v2.0/ports?device_id=8e8d6f3c-f493-4872-8e81-eaa09d1b72e9 HTTP/1.1" status: 200 len: 1170 time: 0.0518625
2026-06-02 08:04:17.440 10 INFO neutron.wsgi [None req-8462bb82-c47a-4610-b05d-e3b216c51aa4 9460465e81994a0f88b5a0fd1308116b 76bfc22c73204dcd867b73da99f94609 - - default default] 10.0.0.61 "GET /v2.0/subnets HTTP/1.1" status: 200 len: 1460 time: 0.0436919
2026-06-02 08:04:17.478 9 INFO neutron.db.ovn_revision_numbers_db [None req-cf2c73f0-444e-41a1-80a2-7cc8ab8a4ff2 3fcbdd64b6864855b262fd98765bca91 1e40ba1f207e4dd5806da3a62b1a85b9 - - default default] Successfully bumped revision number for resource c55a1671-4dd2-4b29-8b6f-b1e7f5525868 (type: security_groups) to 1
2026-06-02 08:04:17.487 10 INFO neutron.wsgi [req-c7554b39-8044-467e-beba-e4c72180d30f req-4f609cb0-81e4-4971-8ecb-98bbd8bac7e2 3b12303d41c84f98b9140a38ef09af88 fa9d049636f9409a87f407a460b2e336 - - default default] 10.0.0.195 "GET /v2.0/security-groups?id=440e234e-df8e-475a-9d7a-a62a3f54384c&fields=id&fields=name HTTP/1.1" status: 200 len: 312 time: 0.0841446
2026-06-02 08:04:17.497 9 INFO neutron.db.ovn_revision_numbers_db [None req-cf2c73f0-444e-41a1-80a2-7cc8ab8a4ff2 3fcbdd64b6864855b262fd98765bca91 1e40ba1f207e4dd5806da3a62b1a85b9 - - default default] Successfully bumped revision number for resource 12ad0791-f265-4bd3-a6ff-69028d4a2ddd (type: security_group_rules) to 0
2026-06-02 08:04:17.517 9 INFO neutron.db.ovn_revision_numbers_db [None req-cf2c73f0-444e-41a1-80a2-7cc8ab8a4ff2 3fcbdd64b6864855b262fd98765bca91 1e40ba1f207e4dd5806da3a62b1a85b9 - - default default] Successfully bumped revision number for resource 5b4d6313-8689-4093-8640-4502ed5347e1 (type: security_group_rules) to 0
2026-06-02 08:04:17.522 9 INFO neutron.wsgi [None req-f7013afb-7c45-45ea-822b-18cba9c4314e 9460465e81994a0f88b5a0fd1308116b 76bfc22c73204dcd867b73da99f94609 - - default default] 10.0.0.61 "GET /v2.0/networks/80b8d5fb-8770-40d1-82bf-925663024dac HTTP/1.1" status: 200 len: 866 time: 0.0674977
2026-06-02 08:04:17.544 9 INFO neutron.db.ovn_revision_numbers_db [None req-cf2c73f0-444e-41a1-80a2-7cc8ab8a4ff2 3fcbdd64b6864855b262fd98765bca91 1e40ba1f207e4dd5806da3a62b1a85b9 - - default default] Successfully bumped revision number for resource 6cdb3e9d-a7e5-43de-b3ec-b77b66955f52 (type: security_group_rules) to 0
2026-06-02 08:04:17.576 9 INFO neutron.wsgi [None req-0844db85-c75b-45c7-b060-edbdc12e4846 9460465e81994a0f88b5a0fd1308116b 76bfc22c73204dcd867b73da99f94609 - - default default] 10.0.0.61 "GET /v2.0/subnets/7db1b96d-954d-4e4b-9d71-668317211b25 HTTP/1.1" status: 200 len: 843 time: 0.0484080
2026-06-02 08:04:17.577 9 INFO neutron.db.ovn_revision_numbers_db [None req-cf2c73f0-444e-41a1-80a2-7cc8ab8a4ff2 3fcbdd64b6864855b262fd98765bca91 1e40ba1f207e4dd5806da3a62b1a85b9 - - default default] Successfully bumped revision number for resource e6408497-a8d0-4f73-b992-86a822c7259f (type: security_group_rules) to 0
2026-06-02 08:04:17.603 10 INFO neutron.pecan_wsgi.hooks.translation [None req-ee27d632-4452-4eb9-a940-58baaa372700 9460465e81994a0f88b5a0fd1308116b 76bfc22c73204dcd867b73da99f94609 - - default default] DELETE failed (client error): The resource could not be found.
2026-06-02 08:04:17.605 10 INFO neutron.wsgi [None req-ee27d632-4452-4eb9-a940-58baaa372700 9460465e81994a0f88b5a0fd1308116b 76bfc22c73204dcd867b73da99f94609 - - default default] 10.0.0.61 "DELETE /v2.0/subnets/22953150-83f0-4d98-a6ee-94365dbb9b1c HTTP/1.1" status: 404 len: 337 time: 0.0217226
2026-06-02 08:04:17.610 9 INFO neutron.wsgi [None req-cf2c73f0-444e-41a1-80a2-7cc8ab8a4ff2 3fcbdd64b6864855b262fd98765bca91 1e40ba1f207e4dd5806da3a62b1a85b9 - - default default] 10.0.0.61 "GET /v2.0/security-groups?tenant_id=f7a82caf849545c6a287bf9cde6efe92&name=default HTTP/1.1" status: 200 len: 2996 time: 0.4774160
2026-06-02 08:04:17.633 10 INFO neutron.pecan_wsgi.hooks.translation [None req-777f2116-d0b5-47fd-8227-a9d3c368fad1 9460465e81994a0f88b5a0fd1308116b 76bfc22c73204dcd867b73da99f94609 - - default default] DELETE failed (client error): The resource could not be found.
2026-06-02 08:04:17.636 10 INFO neutron.wsgi [None req-777f2116-d0b5-47fd-8227-a9d3c368fad1 9460465e81994a0f88b5a0fd1308116b 76bfc22c73204dcd867b73da99f94609 - - default default] 10.0.0.61 "DELETE /v2.0/networks/f953598c-1d00-4c24-b3ed-24f931955d1b HTTP/1.1" status: 404 len: 339 time: 0.0255690
2026-06-02 08:04:17.695 9 INFO neutron.wsgi [req-f92ea9fc-a843-4e59-ac54-40042a8f0ebb req-4dcef21d-7f1b-4a00-b0d2-eb72d1608c0a 3b12303d41c84f98b9140a38ef09af88 fa9d049636f9409a87f407a460b2e336 - - default default] 10.0.0.195 "GET /v2.0/ports?device_id=8e8d6f3c-f493-4872-8e81-eaa09d1b72e9 HTTP/1.1" status: 200 len: 1170 time: 0.1427755
2026-06-02 08:04:17.773 9 INFO neutron.wsgi [req-f92ea9fc-a843-4e59-ac54-40042a8f0ebb req-ef68255b-8785-4456-8ac5-f85e5fb1946e 3b12303d41c84f98b9140a38ef09af88 fa9d049636f9409a87f407a460b2e336 - - default default] 10.0.0.195 "GET /v2.0/security-groups?id=440e234e-df8e-475a-9d7a-a62a3f54384c&fields=id&fields=name HTTP/1.1" status: 200 len: 312 time: 0.0696447
2026-06-02 08:04:17.857 10 INFO neutron.wsgi [None req-91046647-6c2c-4c29-8786-9015b5849483 eb70799165084fd19cdecf5a7c19e678 b5b147e8f29f41839332955c085b5a63 - - default default] 10.0.0.61 "GET /v2.0/ports?device_id=8e8d6f3c-f493-4872-8e81-eaa09d1b72e9 HTTP/1.1" status: 200 len: 1404 time: 0.0558534
2026-06-02 08:04:17.866 10 WARNING neutron_lib.context [None req-b24e8b41-a542-4be1-b7b1-237bdda54463 3b12303d41c84f98b9140a38ef09af88 fa9d049636f9409a87f407a460b2e336 - - default default] Method 'is_advsvc' is deprecated since 2023.2 release (neutron-lib 3.8.0) and will be removed once support for the old RBAC API policies will be removed from Neutron. Please use method 'is_service_role' instead.
2026-06-02 08:04:17.878 9 INFO neutron.wsgi [None req-fed0cef5-f921-4916-afb5-00f39d75a0c6 9460465e81994a0f88b5a0fd1308116b 76bfc22c73204dcd867b73da99f94609 - - default default] 10.0.0.61 "DELETE /v2.0/subnets/7db1b96d-954d-4e4b-9d71-668317211b25 HTTP/1.1" status: 204 len: 168 time: 0.2306724
2026-06-02 08:04:17.894 10 INFO neutron.wsgi [None req-fe9c7dd7-5f35-4ff2-ac2e-ce3248afb08f 3fcbdd64b6864855b262fd98765bca91 1e40ba1f207e4dd5806da3a62b1a85b9 - - default default] 10.0.0.61 "DELETE /v2.0/security-groups/c55a1671-4dd2-4b29-8b6f-b1e7f5525868 HTTP/1.1" status: 204 len: 168 time: 0.2802176
2026-06-02 08:04:18.142 10 WARNING neutron.scheduler.dhcp_agent_scheduler [None req-b24e8b41-a542-4be1-b7b1-237bdda54463 3b12303d41c84f98b9140a38ef09af88 fa9d049636f9409a87f407a460b2e336 - - default default] No more DHCP agents
2026-06-02 08:04:18.145 10 WARNING neutron.api.rpc.agentnotifiers.dhcp_rpc_agent_api [None req-b24e8b41-a542-4be1-b7b1-237bdda54463 3b12303d41c84f98b9140a38ef09af88 fa9d049636f9409a87f407a460b2e336 - - default default] Unable to schedule network 009643ca-0698-4d95-a885-e178c788133c: no agents available; will retry on subsequent port and subnet creation events.
2026-06-02 08:04:18.326 9 INFO neutron.wsgi [None req-737b7d45-aea0-4175-be7a-a38984fa921c 9460465e81994a0f88b5a0fd1308116b 76bfc22c73204dcd867b73da99f94609 - - default default] 10.0.0.61 "DELETE /v2.0/networks/80b8d5fb-8770-40d1-82bf-925663024dac HTTP/1.1" status: 204 len: 168 time: 0.4442227
2026-06-02 08:04:18.373 9 WARNING neutron.plugins.ml2.drivers.ovn.mech_driver.ovsdb.ovn_client [None req-55556a73-82d0-4f60-abfe-e03503b5e14e - - - - - -] No hosting information found for port e75b06d8-84fa-436c-bf9a-efa65202b142: RuntimeError: No hosting information found for port e75b06d8-84fa-436c-bf9a-efa65202b142
2026-06-02 08:04:18.373 9 INFO neutron.plugins.ml2.drivers.ovn.mech_driver.mech_driver [None req-55556a73-82d0-4f60-abfe-e03503b5e14e - - - - - -] OVN reports status up for port: 959508cf-91b5-4771-8959-086f9746456b
2026-06-02 08:04:18.569 10 INFO neutron.db.l3_db [None req-b24e8b41-a542-4be1-b7b1-237bdda54463 3b12303d41c84f98b9140a38ef09af88 fa9d049636f9409a87f407a460b2e336 - - default default] Floating IP 74d48cdf-44bd-4a32-a9d8-6e0fa2c49a2b associated. External IP: 10.96.250.203, port: 4362560e-4286-4ee7-b95b-1afbc9bbb4e9.
2026-06-02 08:04:18.832 10 INFO neutron.db.ovn_revision_numbers_db [None req-b24e8b41-a542-4be1-b7b1-237bdda54463 3b12303d41c84f98b9140a38ef09af88 fa9d049636f9409a87f407a460b2e336 - - default default] Successfully bumped revision number for resource 74d48cdf-44bd-4a32-a9d8-6e0fa2c49a2b (type: floatingips) to 0
2026-06-02 08:04:18.850 9 INFO neutron.services.segments.plugin [-] Segment a72e9a27-7486-4cd1-97d7-3f1d8c754d86 resource provider aggregate not found
2026-06-02 08:04:18.855 9 INFO neutron.services.segments.plugin [-] Segment a72e9a27-7486-4cd1-97d7-3f1d8c754d86 resource provider aggregate not found
2026-06-02 08:04:18.868 9 INFO neutron.services.segments.plugin [-] Segment a72e9a27-7486-4cd1-97d7-3f1d8c754d86 resource provider not found; error: Placement Client Error (4xx): {"errors": [{"status": 404, "title": "Not Found", "detail": "The resource could not be found.\n\n No resource provider with uuid a72e9a27-7486-4cd1-97d7-3f1d8c754d86 found for delete ", "request_id": "req-c3f29eba-eb8d-4782-aeeb-8bb37e26426e"}]}
2026-06-02 08:04:18.869 9 INFO neutron.services.segments.plugin [-] Segment a72e9a27-7486-4cd1-97d7-3f1d8c754d86 resource provider not found; error: Placement Client Error (4xx): {"errors": [{"status": 404, "title": "Not Found", "detail": "The resource could not be found.\n\n No resource provider with uuid a72e9a27-7486-4cd1-97d7-3f1d8c754d86 found for delete ", "request_id": "req-e2a9150d-3b77-4033-9359-904b6350d0e6"}]}
2026-06-02 08:04:18.972 10 INFO neutron.db.ovn_revision_numbers_db [None req-b24e8b41-a542-4be1-b7b1-237bdda54463 3b12303d41c84f98b9140a38ef09af88 fa9d049636f9409a87f407a460b2e336 - - default default] Successfully bumped revision number for resource 74d48cdf-44bd-4a32-a9d8-6e0fa2c49a2b (type: floatingips) to 1
2026-06-02 08:04:19.017 10 INFO neutron.wsgi [None req-b24e8b41-a542-4be1-b7b1-237bdda54463 3b12303d41c84f98b9140a38ef09af88 fa9d049636f9409a87f407a460b2e336 - - default default] 10.0.0.61 "POST /v2.0/floatingips HTTP/1.1" status: 201 len: 1054 time: 1.1550033
2026-06-02 08:04:19.065 10 INFO neutron.notifiers.nova [-] Nova event matching ['req-e5b18b26-601c-4c30-88a0-95d205674e70'] response: {'name': 'network-changed', 'server_uuid': '8e8d6f3c-f493-4872-8e81-eaa09d1b72e9', 'tag': '4362560e-4286-4ee7-b95b-1afbc9bbb4e9', 'status': 'completed', 'code': 200}
2026-06-02 08:04:19.081 9 INFO neutron.wsgi [None req-aff12866-4eb2-40c9-aea1-c8971587737a 3b12303d41c84f98b9140a38ef09af88 fa9d049636f9409a87f407a460b2e336 - - default default] 10.0.0.61 "GET /v2.0/floatingips/74d48cdf-44bd-4a32-a9d8-6e0fa2c49a2b HTTP/1.1" status: 200 len: 1051 time: 0.0581865
2026-06-02 08:04:19.119 9 INFO neutron.wsgi [req-517dd19b-9f72-43df-9d67-ecb77ce865a2 req-96599c8a-cece-42bd-b794-f3798337ede3 c6925d371fdc4a20a6e51fbccf7b0b0b cc84a2ad61704963a667863291df64b3 - - dac6f60a74b34ccabcfd78cebeb9dc95 dac6f60a74b34ccabcfd78cebeb9dc95] 199.204.45.205 "GET /v2.0/ports?tenant_id=fa9d049636f9409a87f407a460b2e336&device_id=8e8d6f3c-f493-4872-8e81-eaa09d1b72e9 HTTP/1.1" status: 200 len: 1409 time: 0.0365112
2026-06-02 08:04:19.121 9 INFO neutron.wsgi [None req-5ecdfdd9-65d0-46af-bf83-5dd487d883c1 3fcbdd64b6864855b262fd98765bca91 1e40ba1f207e4dd5806da3a62b1a85b9 - - default default] 10.0.0.61 "GET /v2.0/security-groups?tenant_id=76bfc22c73204dcd867b73da99f94609&name=default HTTP/1.1" status: 200 len: 2996 time: 0.3293900
2026-06-02 08:04:19.202 9 INFO neutron.wsgi [req-517dd19b-9f72-43df-9d67-ecb77ce865a2 req-3fd080fc-d05b-4979-ad70-29916478adcb c6925d371fdc4a20a6e51fbccf7b0b0b cc84a2ad61704963a667863291df64b3 - - dac6f60a74b34ccabcfd78cebeb9dc95 dac6f60a74b34ccabcfd78cebeb9dc95] 199.204.45.205 "GET /v2.0/networks?id=e4fd1550-b2e0-480f-a146-72f290867c23 HTTP/1.1" status: 200 len: 959 time: 0.0705023
2026-06-02 08:04:19.270 9 INFO neutron.wsgi [req-517dd19b-9f72-43df-9d67-ecb77ce865a2 req-8efad480-16b5-4e09-848c-a46e7851faad c6925d371fdc4a20a6e51fbccf7b0b0b cc84a2ad61704963a667863291df64b3 - - dac6f60a74b34ccabcfd78cebeb9dc95 dac6f60a74b34ccabcfd78cebeb9dc95] 199.204.45.205 "GET /v2.0/floatingips?fixed_ip_address=10.100.0.5&port_id=4362560e-4286-4ee7-b95b-1afbc9bbb4e9 HTTP/1.1" status: 200 len: 1059 time: 0.0616684
2026-06-02 08:04:19.321 9 INFO neutron.wsgi [req-517dd19b-9f72-43df-9d67-ecb77ce865a2 req-d4899219-88d9-4fe7-a312-38e3355a8b7e c6925d371fdc4a20a6e51fbccf7b0b0b cc84a2ad61704963a667863291df64b3 - - dac6f60a74b34ccabcfd78cebeb9dc95 dac6f60a74b34ccabcfd78cebeb9dc95] 199.204.45.205 "GET /v2.0/subnets?id=242fd44c-433d-408f-b5cb-0f681b172f76 HTTP/1.1" status: 200 len: 853 time: 0.0431638
2026-06-02 08:04:19.346 9 INFO neutron.wsgi [req-517dd19b-9f72-43df-9d67-ecb77ce865a2 req-f3a17951-c45d-4b94-a39e-78b29f874d63 c6925d371fdc4a20a6e51fbccf7b0b0b cc84a2ad61704963a667863291df64b3 - - dac6f60a74b34ccabcfd78cebeb9dc95 dac6f60a74b34ccabcfd78cebeb9dc95] 199.204.45.205 "GET /v2.0/ports?network_id=e4fd1550-b2e0-480f-a146-72f290867c23&device_owner=network%3Adhcp HTTP/1.1" status: 200 len: 210 time: 0.0176663
2026-06-02 08:04:19.431 9 INFO neutron.wsgi [req-517dd19b-9f72-43df-9d67-ecb77ce865a2 req-e306ae65-4e0a-468b-8590-fd29b5c5b828 c6925d371fdc4a20a6e51fbccf7b0b0b cc84a2ad61704963a667863291df64b3 - - dac6f60a74b34ccabcfd78cebeb9dc95 dac6f60a74b34ccabcfd78cebeb9dc95] 199.204.45.205 "GET /v2.0/networks/e4fd1550-b2e0-480f-a146-72f290867c23?fields=segments HTTP/1.1" status: 200 len: 212 time: 0.0764587
