2026-06-02 08:03:31.965 10 INFO neutron.db.ovn_revision_numbers_db [None req-61a3f037-1c47-4fa3-8a84-d4562d8ecf68 0d609f114eea4868922d5e49a5eab355 bb0452b4a5944e2491c67d7f1d073dc5 - - default default] Successfully bumped revision number for resource 78016444-d481-4ae7-89fe-f010f1ab5db4 (type: ports) to 1
2026-06-02 08:03:32.187 9 INFO neutron.wsgi [None req-6ff866fd-e4f1-4d87-a984-15f990cff56f 3fcbdd64b6864855b262fd98765bca91 1e40ba1f207e4dd5806da3a62b1a85b9 - - default default] 10.0.0.61 "GET /v2.0/security-groups?tenant_id=7a6b449c635f4d4982211a4cf3b62ef7&name=default HTTP/1.1" status: 200 len: 2996 time: 0.1628339
2026-06-02 08:03:32.229 9 INFO neutron.wsgi [None req-5217611e-737f-4999-b626-532da798de42 3fcbdd64b6864855b262fd98765bca91 1e40ba1f207e4dd5806da3a62b1a85b9 - - default default] 10.0.0.61 "DELETE /v2.0/security-groups/d463651f-181c-404e-838b-50c12f84808c HTTP/1.1" status: 204 len: 168 time: 0.3244011 /var/lib/openstack/lib/python3.10/site-packages/pycadf/identifier.py:71: UserWarning: Invalid uuid: neutron. To ensure interoperability, identifiers should be a valid uuid. warnings.warn(('Invalid uuid: %s. To ensure interoperability, '
2026-06-02 08:03:32.481 10 INFO neutron.db.ovn_revision_numbers_db [None req-61a3f037-1c47-4fa3-8a84-d4562d8ecf68 0d609f114eea4868922d5e49a5eab355 bb0452b4a5944e2491c67d7f1d073dc5 - - default default] Successfully bumped revision number for resource 78016444-d481-4ae7-89fe-f010f1ab5db4 (type: router_ports) to 1
2026-06-02 08:03:32.621 10 INFO neutron.db.ovn_revision_numbers_db [None req-6dc8b6d2-1a04-4de3-b5dc-e97ccd84613d 3fcbdd64b6864855b262fd98765bca91 1e40ba1f207e4dd5806da3a62b1a85b9 - - default default] Successfully bumped revision number for resource b85dbd45-b081-49fa-82e1-fc172c8bb90f (type: security_groups) to 1
2026-06-02 08:03:32.629 9 INFO neutron.wsgi [None req-a8d1be1a-0f03-44ea-ab6b-699b95f5c4ee 3fcbdd64b6864855b262fd98765bca91 1e40ba1f207e4dd5806da3a62b1a85b9 - - default default] 10.0.0.61 "DELETE /v2.0/routers/8fde882b-14ce-4a57-a29e-a1778978ebf2 HTTP/1.1" status: 204 len: 168 time: 1.0915060
2026-06-02 08:03:32.633 9 INFO neutron.wsgi [None req-6b60de80-7836-4d89-9137-099de6354858 3fcbdd64b6864855b262fd98765bca91 1e40ba1f207e4dd5806da3a62b1a85b9 - - default default] 10.0.0.61 "DELETE /v2.0/security-groups/6597512a-a8ba-4e25-94a1-74388b98ea60 HTTP/1.1" status: 204 len: 168 time: 0.4412971
2026-06-02 08:03:32.645 10 INFO neutron.db.ovn_revision_numbers_db [None req-6dc8b6d2-1a04-4de3-b5dc-e97ccd84613d 3fcbdd64b6864855b262fd98765bca91 1e40ba1f207e4dd5806da3a62b1a85b9 - - default default] Successfully bumped revision number for resource 263774ac-79f1-431f-b9f3-1f20e87bbf0c (type: security_group_rules) to 0
2026-06-02 08:03:32.670 10 INFO neutron.db.ovn_revision_numbers_db [None req-6dc8b6d2-1a04-4de3-b5dc-e97ccd84613d 3fcbdd64b6864855b262fd98765bca91 1e40ba1f207e4dd5806da3a62b1a85b9 - - default default] Successfully bumped revision number for resource 516532ed-5130-44cf-9e64-412168528051 (type: security_group_rules) to 0
2026-06-02 08:03:32.700 10 INFO neutron.db.ovn_revision_numbers_db [None req-6dc8b6d2-1a04-4de3-b5dc-e97ccd84613d 3fcbdd64b6864855b262fd98765bca91 1e40ba1f207e4dd5806da3a62b1a85b9 - - default default] Successfully bumped revision number for resource e3f7a1c5-0d53-4c51-a685-077ac7c8f4b5 (type: security_group_rules) to 0
2026-06-02 08:03:32.728 10 INFO neutron.db.ovn_revision_numbers_db [None req-61a3f037-1c47-4fa3-8a84-d4562d8ecf68 0d609f114eea4868922d5e49a5eab355 bb0452b4a5944e2491c67d7f1d073dc5 - - default default] Successfully bumped revision number for resource 78016444-d481-4ae7-89fe-f010f1ab5db4 (type: ports) to 1
2026-06-02 08:03:32.732 10 INFO neutron.db.ovn_revision_numbers_db [None req-6dc8b6d2-1a04-4de3-b5dc-e97ccd84613d 3fcbdd64b6864855b262fd98765bca91 1e40ba1f207e4dd5806da3a62b1a85b9 - - default default] Successfully bumped revision number for resource f53efef9-4f44-4712-8b2c-870f6d95ca08 (type: security_group_rules) to 0
2026-06-02 08:03:32.750 10 INFO neutron.wsgi [None req-6dc8b6d2-1a04-4de3-b5dc-e97ccd84613d 3fcbdd64b6864855b262fd98765bca91 1e40ba1f207e4dd5806da3a62b1a85b9 - - default default] 10.0.0.61 "GET /v2.0/security-groups?tenant_id=49dbba6b4a06469987f72ecc2be97ea4&name=default HTTP/1.1" status: 200 len: 2996 time: 0.3738108
2026-06-02 08:03:32.816 10 WARNING neutron.scheduler.dhcp_agent_scheduler [None req-61a3f037-1c47-4fa3-8a84-d4562d8ecf68 0d609f114eea4868922d5e49a5eab355 bb0452b4a5944e2491c67d7f1d073dc5 - - default default] No more DHCP agents
2026-06-02 08:03:32.817 10 WARNING neutron.api.rpc.agentnotifiers.dhcp_rpc_agent_api [None req-61a3f037-1c47-4fa3-8a84-d4562d8ecf68 0d609f114eea4868922d5e49a5eab355 bb0452b4a5944e2491c67d7f1d073dc5 - - default default] Unable to schedule network 1a5d3e23-e52e-45ff-9e7e-38bdd7359c5e: no agents available; will retry on subsequent port and subnet creation events.
2026-06-02 08:03:32.897 9 INFO neutron.wsgi [None req-139489f0-adc7-429c-af5f-c587cbbf4885 3fcbdd64b6864855b262fd98765bca91 1e40ba1f207e4dd5806da3a62b1a85b9 - - default default] 10.0.0.61 "DELETE /v2.0/subnets/971d5f45-2915-4582-8daf-e177dd5d9f57 HTTP/1.1" status: 204 len: 168 time: 0.2617247
2026-06-02 08:03:33.055 9 INFO neutron.wsgi [None req-0e6e2175-8522-4fd0-9c22-7b3d3a97c717 3fcbdd64b6864855b262fd98765bca91 1e40ba1f207e4dd5806da3a62b1a85b9 - - default default] 10.0.0.61 "DELETE /v2.0/security-groups/b85dbd45-b081-49fa-82e1-fc172c8bb90f HTTP/1.1" status: 204 len: 168 time: 0.2970977
2026-06-02 08:03:33.143 10 INFO neutron.db.ovn_revision_numbers_db [None req-61a3f037-1c47-4fa3-8a84-d4562d8ecf68 0d609f114eea4868922d5e49a5eab355 bb0452b4a5944e2491c67d7f1d073dc5 - - default default] Successfully bumped revision number for resource 78016444-d481-4ae7-89fe-f010f1ab5db4 (type: router_ports) to 1
2026-06-02 08:03:33.146 10 INFO neutron.wsgi [None req-61a3f037-1c47-4fa3-8a84-d4562d8ecf68 0d609f114eea4868922d5e49a5eab355 bb0452b4a5944e2491c67d7f1d073dc5 - - default default] 10.0.0.61 "PUT /v2.0/routers/881f0fba-bbb6-423f-bdcf-e239fbe85071/add_router_interface HTTP/1.1" status: 200 len: 503 time: 2.0359645
2026-06-02 08:03:33.156 10 WARNING neutron_lib.context [None req-78faac4c-cc3d-417e-8183-13d8fdfd1351 0d609f114eea4868922d5e49a5eab355 bb0452b4a5944e2491c67d7f1d073dc5 - - default default] Method 'is_advsvc' is deprecated since 2023.2 release (neutron-lib 3.8.0) and will be removed once support for the old RBAC API policies will be removed from Neutron. Please use method 'is_service_role' instead.
2026-06-02 08:03:33.320 9 INFO neutron.wsgi [None req-a8333ab1-f81f-4d47-8004-ea58d9f8013f 3fcbdd64b6864855b262fd98765bca91 1e40ba1f207e4dd5806da3a62b1a85b9 - - default default] 10.0.0.61 "DELETE /v2.0/networks/74b92cc1-3dc6-42ed-8ea5-e77d0f7db574 HTTP/1.1" status: 204 len: 168 time: 0.4170280
2026-06-02 08:03:33.478 10 WARNING neutron.scheduler.dhcp_agent_scheduler [None req-78faac4c-cc3d-417e-8183-13d8fdfd1351 0d609f114eea4868922d5e49a5eab355 bb0452b4a5944e2491c67d7f1d073dc5 - - default default] No more DHCP agents
2026-06-02 08:03:33.480 10 WARNING neutron.api.rpc.agentnotifiers.dhcp_rpc_agent_api [None req-78faac4c-cc3d-417e-8183-13d8fdfd1351 0d609f114eea4868922d5e49a5eab355 bb0452b4a5944e2491c67d7f1d073dc5 - - default default] Unable to schedule network 1a5d3e23-e52e-45ff-9e7e-38bdd7359c5e: no agents available; will retry on subsequent port and subnet creation events.
2026-06-02 08:03:33.511 9 INFO neutron.wsgi [None req-04ed17fc-3928-47dd-950b-3085c13ef6b3 3fcbdd64b6864855b262fd98765bca91 1e40ba1f207e4dd5806da3a62b1a85b9 - - default default] 10.0.0.61 "GET /v2.0/security-groups?tenant_id=e1677f183a4745eaa751fc37c6726c61&name=default HTTP/1.1" status: 200 len: 2996 time: 0.0344663
2026-06-02 08:03:33.722 9 INFO neutron.services.segments.plugin [-] Segment 65ad3ceb-b7cf-4845-be3f-1befef39e215 resource provider aggregate not found
2026-06-02 08:03:33.728 9 INFO neutron.services.segments.plugin [-] Segment 65ad3ceb-b7cf-4845-be3f-1befef39e215 resource provider aggregate not found
2026-06-02 08:03:33.735 9 INFO neutron.wsgi [None req-2b77f853-2abc-4203-b9a1-962a6dcb8364 3fcbdd64b6864855b262fd98765bca91 1e40ba1f207e4dd5806da3a62b1a85b9 - - default default] 10.0.0.61 "DELETE /v2.0/security-groups/0c3c8887-44a7-488c-a1bf-86e788671900 HTTP/1.1" status: 204 len: 168 time: 0.2172010
2026-06-02 08:03:33.737 9 INFO neutron.services.segments.plugin [-] Segment 65ad3ceb-b7cf-4845-be3f-1befef39e215 resource provider not found; error: Placement Client Error (4xx): {"errors": [{"status": 404, "title": "Not Found", "detail": "The resource could not be found.\n\n No resource provider with uuid 65ad3ceb-b7cf-4845-be3f-1befef39e215 found for delete ", "request_id": "req-49213b98-8cb8-4fb7-92df-c667d91d4fe3"}]}
2026-06-02 08:03:33.742 9 INFO neutron.services.segments.plugin [-] Segment 65ad3ceb-b7cf-4845-be3f-1befef39e215 resource provider not found; error: Placement Client Error (4xx): {"errors": [{"status": 404, "title": "Not Found", "detail": "The resource could not be found.\n\n No resource provider with uuid 65ad3ceb-b7cf-4845-be3f-1befef39e215 found for delete ", "request_id": "req-afe1fc82-086b-4e4a-9c05-3fa5240c0b9a"}]}
2026-06-02 08:03:33.890 10 INFO neutron.db.ovn_revision_numbers_db [None req-78faac4c-cc3d-417e-8183-13d8fdfd1351 0d609f114eea4868922d5e49a5eab355 bb0452b4a5944e2491c67d7f1d073dc5 - - default default] Successfully bumped revision number for resource 34ebb307-e7c4-4cde-a63a-d715925b288b (type: ports) to 1
2026-06-02 08:03:33.918 10 INFO neutron.wsgi [None req-78faac4c-cc3d-417e-8183-13d8fdfd1351 0d609f114eea4868922d5e49a5eab355 bb0452b4a5944e2491c67d7f1d073dc5 - - default default] 10.0.0.61 "POST /v2.0/ports HTTP/1.1" status: 201 len: 1153 time: 0.7671850 /var/lib/openstack/lib/python3.10/site-packages/pycadf/identifier.py:71: UserWarning: Invalid uuid: neutron. To ensure interoperability, identifiers should be a valid uuid. warnings.warn(('Invalid uuid: %s. To ensure interoperability, '
2026-06-02 08:03:33.927 10 WARNING neutron_lib.context [None req-0e618ad6-e425-4c9d-b924-af3b0b6885a4 0d609f114eea4868922d5e49a5eab355 bb0452b4a5944e2491c67d7f1d073dc5 - - default default] Method 'is_advsvc' is deprecated since 2023.2 release (neutron-lib 3.8.0) and will be removed once support for the old RBAC API policies will be removed from Neutron. Please use method 'is_service_role' instead.
2026-06-02 08:03:34.213 10 WARNING neutron.scheduler.dhcp_agent_scheduler [None req-0e618ad6-e425-4c9d-b924-af3b0b6885a4 0d609f114eea4868922d5e49a5eab355 bb0452b4a5944e2491c67d7f1d073dc5 - - default default] No more DHCP agents
2026-06-02 08:03:34.215 10 WARNING neutron.api.rpc.agentnotifiers.dhcp_rpc_agent_api [None req-0e618ad6-e425-4c9d-b924-af3b0b6885a4 0d609f114eea4868922d5e49a5eab355 bb0452b4a5944e2491c67d7f1d073dc5 - - default default] Unable to schedule network 1a5d3e23-e52e-45ff-9e7e-38bdd7359c5e: no agents available; will retry on subsequent port and subnet creation events.
2026-06-02 08:03:34.363 10 INFO neutron.db.ovn_revision_numbers_db [None req-0e618ad6-e425-4c9d-b924-af3b0b6885a4 0d609f114eea4868922d5e49a5eab355 bb0452b4a5944e2491c67d7f1d073dc5 - - default default] Successfully bumped revision number for resource 7dc59e9a-3965-4240-8e6d-d22ac4766d53 (type: ports) to 1
2026-06-02 08:03:34.393 10 INFO neutron.wsgi [None req-0e618ad6-e425-4c9d-b924-af3b0b6885a4 0d609f114eea4868922d5e49a5eab355 bb0452b4a5944e2491c67d7f1d073dc5 - - default default] 10.0.0.61 "POST /v2.0/ports HTTP/1.1" status: 201 len: 1158 time: 0.4703522 /var/lib/openstack/lib/python3.10/site-packages/pycadf/identifier.py:71: UserWarning: Invalid uuid: neutron. To ensure interoperability, identifiers should be a valid uuid. warnings.warn(('Invalid uuid: %s. To ensure interoperability, '
2026-06-02 08:03:34.403 10 WARNING neutron_lib.context [None req-d40da6b0-0ba0-435e-8f3a-c0b48dbd7ad7 0d609f114eea4868922d5e49a5eab355 bb0452b4a5944e2491c67d7f1d073dc5 - - default default] Method 'is_advsvc' is deprecated since 2023.2 release (neutron-lib 3.8.0) and will be removed once support for the old RBAC API policies will be removed from Neutron. Please use method 'is_service_role' instead.
2026-06-02 08:03:34.695 10 WARNING neutron.scheduler.dhcp_agent_scheduler [None req-d40da6b0-0ba0-435e-8f3a-c0b48dbd7ad7 0d609f114eea4868922d5e49a5eab355 bb0452b4a5944e2491c67d7f1d073dc5 - - default default] No more DHCP agents
2026-06-02 08:03:34.698 10 WARNING neutron.api.rpc.agentnotifiers.dhcp_rpc_agent_api [None req-d40da6b0-0ba0-435e-8f3a-c0b48dbd7ad7 0d609f114eea4868922d5e49a5eab355 bb0452b4a5944e2491c67d7f1d073dc5 - - default default] Unable to schedule network 009643ca-0698-4d95-a885-e178c788133c: no agents available; will retry on subsequent port and subnet creation events.
2026-06-02 08:03:34.885 9 WARNING neutron_lib.context [None req-a1ca9f06-fc1b-4cb0-8d0e-6d3ff0a0dce7 084a315547a74cb59755bf301f8850b7 5adb4144f50841b5a085bcd546ed28a6 - - default default] Method 'is_advsvc' is deprecated since 2023.2 release (neutron-lib 3.8.0) and will be removed once support for the old RBAC API policies will be removed from Neutron. Please use method 'is_service_role' instead.
2026-06-02 08:03:35.148 10 INFO neutron.db.l3_db [None req-d40da6b0-0ba0-435e-8f3a-c0b48dbd7ad7 0d609f114eea4868922d5e49a5eab355 bb0452b4a5944e2491c67d7f1d073dc5 - - default default] Floating IP 3d7e759c-4bd5-434e-be5c-c0d8baf4f065 associated. External IP: 10.96.250.212, port: 7dc59e9a-3965-4240-8e6d-d22ac4766d53.
2026-06-02 08:03:35.278 9 INFO neutron.db.ovn_revision_numbers_db [None req-a1ca9f06-fc1b-4cb0-8d0e-6d3ff0a0dce7 084a315547a74cb59755bf301f8850b7 5adb4144f50841b5a085bcd546ed28a6 - - default default] Successfully bumped revision number for resource 4b799c84-c261-418b-9129-df2199a591c5 (type: security_groups) to 1
2026-06-02 08:03:35.301 9 INFO neutron.db.ovn_revision_numbers_db [None req-a1ca9f06-fc1b-4cb0-8d0e-6d3ff0a0dce7 084a315547a74cb59755bf301f8850b7 5adb4144f50841b5a085bcd546ed28a6 - - default default] Successfully bumped revision number for resource 19cdf180-bc4c-495f-b4ee-5245c21e3ecc (type: security_group_rules) to 0
2026-06-02 08:03:35.324 9 INFO neutron.db.ovn_revision_numbers_db [None req-a1ca9f06-fc1b-4cb0-8d0e-6d3ff0a0dce7 084a315547a74cb59755bf301f8850b7 5adb4144f50841b5a085bcd546ed28a6 - - default default] Successfully bumped revision number for resource 4e3b80b5-6e38-4dbf-bdce-0715de891a1c (type: security_group_rules) to 0
2026-06-02 08:03:35.338 9 INFO neutron.db.ovn_revision_numbers_db [None req-a1ca9f06-fc1b-4cb0-8d0e-6d3ff0a0dce7 084a315547a74cb59755bf301f8850b7 5adb4144f50841b5a085bcd546ed28a6 - - default default] Successfully bumped revision number for resource 509ed438-b2ae-4416-b3fd-8e5b46bc39fe (type: security_group_rules) to 0
2026-06-02 08:03:35.355 9 INFO neutron.db.ovn_revision_numbers_db [None req-a1ca9f06-fc1b-4cb0-8d0e-6d3ff0a0dce7 084a315547a74cb59755bf301f8850b7 5adb4144f50841b5a085bcd546ed28a6 - - default default] Successfully bumped revision number for resource d1e00514-bfe9-46df-a166-7f143afe7e9b (type: security_group_rules) to 0
2026-06-02 08:03:35.423 10 INFO neutron.db.ovn_revision_numbers_db [None req-d40da6b0-0ba0-435e-8f3a-c0b48dbd7ad7 0d609f114eea4868922d5e49a5eab355 bb0452b4a5944e2491c67d7f1d073dc5 - - default default] Successfully bumped revision number for resource 3d7e759c-4bd5-434e-be5c-c0d8baf4f065 (type: floatingips) to 0
2026-06-02 08:03:35.443 9 INFO neutron.db.ovn_revision_numbers_db [None req-a1ca9f06-fc1b-4cb0-8d0e-6d3ff0a0dce7 084a315547a74cb59755bf301f8850b7 5adb4144f50841b5a085bcd546ed28a6 - - default default] Successfully bumped revision number for resource f68ab4d3-aafb-4dad-94f2-d59278284419 (type: security_groups) to 1
2026-06-02 08:03:35.460 9 INFO neutron.db.ovn_revision_numbers_db [None req-a1ca9f06-fc1b-4cb0-8d0e-6d3ff0a0dce7 084a315547a74cb59755bf301f8850b7 5adb4144f50841b5a085bcd546ed28a6 - - default default] Successfully bumped revision number for resource 41caf139-ccf2-4769-b6b8-d32eb80ad5da (type: security_group_rules) to 0
2026-06-02 08:03:35.480 9 INFO neutron.db.ovn_revision_numbers_db [None req-a1ca9f06-fc1b-4cb0-8d0e-6d3ff0a0dce7 084a315547a74cb59755bf301f8850b7 5adb4144f50841b5a085bcd546ed28a6 - - default default] Successfully bumped revision number for resource c274a036-bbe1-489b-b273-8fe0dda5b73f (type: security_group_rules) to 0
2026-06-02 08:03:35.513 9 INFO neutron.wsgi [None req-a1ca9f06-fc1b-4cb0-8d0e-6d3ff0a0dce7 084a315547a74cb59755bf301f8850b7 5adb4144f50841b5a085bcd546ed28a6 - - default default] 10.0.0.61 "POST /v2.0/security-groups HTTP/1.1" status: 201 len: 1760 time: 0.8430109
2026-06-02 08:03:35.560 9 INFO neutron.wsgi [None req-d8dbe956-b822-42b0-aeea-189d851ef586 084a315547a74cb59755bf301f8850b7 5adb4144f50841b5a085bcd546ed28a6 - - default default] 10.0.0.61 "GET /v2.0/security-groups HTTP/1.1" status: 200 len: 4538 time: 0.0417588
2026-06-02 08:03:35.567 10 INFO neutron.db.ovn_revision_numbers_db [None req-d40da6b0-0ba0-435e-8f3a-c0b48dbd7ad7 0d609f114eea4868922d5e49a5eab355 bb0452b4a5944e2491c67d7f1d073dc5 - - default default] Successfully bumped revision number for resource 3d7e759c-4bd5-434e-be5c-c0d8baf4f065 (type: floatingips) to 1
2026-06-02 08:03:35.608 10 INFO neutron.wsgi [None req-d40da6b0-0ba0-435e-8f3a-c0b48dbd7ad7 0d609f114eea4868922d5e49a5eab355 bb0452b4a5944e2491c67d7f1d073dc5 - - default default] 10.0.0.61 "POST /v2.0/floatingips HTTP/1.1" status: 201 len: 1042 time: 1.2095768
2026-06-02 08:03:35.699 9 INFO neutron.db.ovn_revision_numbers_db [None req-9943da27-6f1a-4ae0-b9f2-0e80073de407 084a315547a74cb59755bf301f8850b7 5adb4144f50841b5a085bcd546ed28a6 - - default default] Successfully bumped revision number for resource f68ab4d3-aafb-4dad-94f2-d59278284419 (type: security_groups) to 2
2026-06-02 08:03:35.703 9 INFO neutron.wsgi [None req-9943da27-6f1a-4ae0-b9f2-0e80073de407 084a315547a74cb59755bf301f8850b7 5adb4144f50841b5a085bcd546ed28a6 - - default default] 10.0.0.61 "PUT /v2.0/security-groups/f68ab4d3-aafb-4dad-94f2-d59278284419 HTTP/1.1" status: 200 len: 1794 time: 0.1319439 /var/lib/openstack/lib/python3.10/site-packages/pycadf/identifier.py:71: UserWarning: Invalid uuid: neutron. To ensure interoperability, identifiers should be a valid uuid. warnings.warn(('Invalid uuid: %s. To ensure interoperability, '
2026-06-02 08:03:35.744 10 INFO neutron.wsgi [None req-067a7053-9a25-40d5-9fdd-1db847c59767 084a315547a74cb59755bf301f8850b7 5adb4144f50841b5a085bcd546ed28a6 - - default default] 10.0.0.61 "GET /v2.0/security-groups/f68ab4d3-aafb-4dad-94f2-d59278284419 HTTP/1.1" status: 200 len: 1794 time: 0.0357571
2026-06-02 08:03:35.756 9 INFO neutron.db.l3_db [None req-feedec37-78f5-4bde-b917-3f8c9ccbcfba 0d609f114eea4868922d5e49a5eab355 bb0452b4a5944e2491c67d7f1d073dc5 - - default default] Floating IP 3d7e759c-4bd5-434e-be5c-c0d8baf4f065 disassociated. External IP: 10.96.250.212, port: 7dc59e9a-3965-4240-8e6d-d22ac4766d53.
2026-06-02 08:03:35.788 9 INFO neutron.db.ovn_revision_numbers_db [None req-feedec37-78f5-4bde-b917-3f8c9ccbcfba 0d609f114eea4868922d5e49a5eab355 bb0452b4a5944e2491c67d7f1d073dc5 - - default default] Successfully bumped revision number for resource 3d7e759c-4bd5-434e-be5c-c0d8baf4f065 (type: floatingips) to 2
2026-06-02 08:03:35.860 9 INFO neutron.wsgi [None req-feedec37-78f5-4bde-b917-3f8c9ccbcfba 0d609f114eea4868922d5e49a5eab355 bb0452b4a5944e2491c67d7f1d073dc5 - - default default] 10.0.0.61 "PUT /v2.0/floatingips/3d7e759c-4bd5-434e-be5c-c0d8baf4f065 HTTP/1.1" status: 200 len: 748 time: 0.2473226 /var/lib/openstack/lib/python3.10/site-packages/pycadf/identifier.py:71: UserWarning: Invalid uuid: neutron. To ensure interoperability, identifiers should be a valid uuid. warnings.warn(('Invalid uuid: %s. To ensure interoperability, '
2026-06-02 08:03:35.936 10 INFO neutron.wsgi [None req-073d57d6-efe5-49f7-9c3f-88949be8c862 084a315547a74cb59755bf301f8850b7 5adb4144f50841b5a085bcd546ed28a6 - - default default] 10.0.0.61 "DELETE /v2.0/security-groups/f68ab4d3-aafb-4dad-94f2-d59278284419 HTTP/1.1" status: 204 len: 168 time: 0.1868846
2026-06-02 08:03:35.979 9 INFO neutron.wsgi [None req-2f9e7d20-d700-4011-bebc-18fd2eda109d 084a315547a74cb59755bf301f8850b7 5adb4144f50841b5a085bcd546ed28a6 - - default default] 10.0.0.61 "GET /v2.0/security-groups HTTP/1.1" status: 200 len: 2996 time: 0.0367107
2026-06-02 08:03:35.997 10 INFO neutron.api.v2.resource [None req-2a3be9c2-eb71-4f1e-b46e-d8dd9cde6332 084a315547a74cb59755bf301f8850b7 5adb4144f50841b5a085bcd546ed28a6 - - default default] delete failed (client error): The resource could not be found.
2026-06-02 08:03:35.998 10 INFO neutron.wsgi [None req-2a3be9c2-eb71-4f1e-b46e-d8dd9cde6332 084a315547a74cb59755bf301f8850b7 5adb4144f50841b5a085bcd546ed28a6 - - default default] 10.0.0.61 "DELETE /v2.0/security-groups/f68ab4d3-aafb-4dad-94f2-d59278284419 HTTP/1.1" status: 404 len: 347 time: 0.0132251
2026-06-02 08:03:36.013 9 WARNING neutron_lib.context [None req-f6fafd9f-fafd-43ea-8310-9918c6d11a20 084a315547a74cb59755bf301f8850b7 5adb4144f50841b5a085bcd546ed28a6 - - default default] Method 'is_advsvc' is deprecated since 2023.2 release (neutron-lib 3.8.0) and will be removed once support for the old RBAC API policies will be removed from Neutron. Please use method 'is_service_role' instead.
2026-06-02 08:03:36.140 9 INFO neutron.db.ovn_revision_numbers_db [None req-f6fafd9f-fafd-43ea-8310-9918c6d11a20 084a315547a74cb59755bf301f8850b7 5adb4144f50841b5a085bcd546ed28a6 - - default default] Successfully bumped revision number for resource 63470c23-8549-4515-9140-12b49a26909f (type: security_groups) to 1
2026-06-02 08:03:36.154 9 INFO neutron.db.ovn_revision_numbers_db [None req-f6fafd9f-fafd-43ea-8310-9918c6d11a20 084a315547a74cb59755bf301f8850b7 5adb4144f50841b5a085bcd546ed28a6 - - default default] Successfully bumped revision number for resource 4eacf3dc-5ed4-44c5-986c-418b5d2546fb (type: security_group_rules) to 0
2026-06-02 08:03:36.168 9 INFO neutron.db.ovn_revision_numbers_db [None req-f6fafd9f-fafd-43ea-8310-9918c6d11a20 084a315547a74cb59755bf301f8850b7 5adb4144f50841b5a085bcd546ed28a6 - - default default] Successfully bumped revision number for resource 8c9bb666-ef60-4f17-9ae9-8e003dd6315f (type: security_group_rules) to 0
2026-06-02 08:03:36.189 9 INFO neutron.wsgi [None req-f6fafd9f-fafd-43ea-8310-9918c6d11a20 084a315547a74cb59755bf301f8850b7 5adb4144f50841b5a085bcd546ed28a6 - - default default] 10.0.0.61 "POST /v2.0/security-groups HTTP/1.1" status: 201 len: 1760 time: 0.1830304
2026-06-02 08:03:36.199 9 WARNING neutron_lib.context [None req-c602911c-5c25-406b-90b7-a669324b6c9c 084a315547a74cb59755bf301f8850b7 5adb4144f50841b5a085bcd546ed28a6 - - default default] Method 'is_advsvc' is deprecated since 2023.2 release (neutron-lib 3.8.0) and will be removed once support for the old RBAC API policies will be removed from Neutron. Please use method 'is_service_role' instead.
2026-06-02 08:03:36.224 10 INFO neutron.wsgi [None req-dc8b91c7-082c-44d0-a89a-6c2576efb8e2 0d609f114eea4868922d5e49a5eab355 bb0452b4a5944e2491c67d7f1d073dc5 - - default default] 10.0.0.61 "DELETE /v2.0/floatingips/3d7e759c-4bd5-434e-be5c-c0d8baf4f065 HTTP/1.1" status: 204 len: 168 time: 0.3589413
2026-06-02 08:03:36.235 9 WARNING neutron_lib.context [None req-a9f62710-5219-4b44-a964-5d7148caf718 0d609f114eea4868922d5e49a5eab355 bb0452b4a5944e2491c67d7f1d073dc5 - - default default] Method 'is_advsvc' is deprecated since 2023.2 release (neutron-lib 3.8.0) and will be removed once support for the old RBAC API policies will be removed from Neutron. Please use method 'is_service_role' instead.
2026-06-02 08:03:36.391 9 INFO neutron.db.ovn_revision_numbers_db [None req-c602911c-5c25-406b-90b7-a669324b6c9c 084a315547a74cb59755bf301f8850b7 5adb4144f50841b5a085bcd546ed28a6 - - default default] Successfully bumped revision number for resource 5ea18d8a-c8bd-47e7-8284-daaaaa8ff7b5 (type: security_group_rules) to 0
2026-06-02 08:03:36.428 9 INFO neutron.wsgi [None req-c602911c-5c25-406b-90b7-a669324b6c9c 084a315547a74cb59755bf301f8850b7 5adb4144f50841b5a085bcd546ed28a6 - - default default] 10.0.0.61 "POST /v2.0/security-group-rules HTTP/1.1" status: 201 len: 768 time: 0.2331893
2026-06-02 08:03:36.468 9 WARNING neutron.plugins.ml2.drivers.ovn.mech_driver.ovsdb.ovn_client [None req-55556a73-82d0-4f60-abfe-e03503b5e14e - - - - - -] No hosting information found for port c87e2c12-ad89-4d7d-94c0-c5aa0bc0c185: RuntimeError: No hosting information found for port c87e2c12-ad89-4d7d-94c0-c5aa0bc0c185
2026-06-02 08:03:36.469 9 INFO neutron.plugins.ml2.drivers.ovn.mech_driver.mech_driver [None req-55556a73-82d0-4f60-abfe-e03503b5e14e - - - - - -] OVN reports status up for port: 78016444-d481-4ae7-89fe-f010f1ab5db4
2026-06-02 08:03:36.479 10 INFO neutron.wsgi [None req-cdc2c970-3ff6-48ea-b812-a09b0bebe4f3 084a315547a74cb59755bf301f8850b7 5adb4144f50841b5a085bcd546ed28a6 - - default default] 10.0.0.61 "GET /v2.0/security-group-rules/5ea18d8a-c8bd-47e7-8284-daaaaa8ff7b5 HTTP/1.1" status: 200 len: 763 time: 0.0441248
2026-06-02 08:03:36.484 9 INFO neutron.plugins.ml2.plugin [None req-55556a73-82d0-4f60-abfe-e03503b5e14e - - - - - -] Attempt 1 to provision port 78016444-d481-4ae7-89fe-f010f1ab5db4
2026-06-02 08:03:36.551 10 INFO neutron.wsgi [None req-e24731ac-33ed-4b91-abd8-ea9da42327d8 084a315547a74cb59755bf301f8850b7 5adb4144f50841b5a085bcd546ed28a6 - - default default] 10.0.0.61 "GET /v2.0/security-group-rules HTTP/1.1" status: 200 len: 4113 time: 0.0669644
2026-06-02 08:03:36.575 9 WARNING neutron.scheduler.dhcp_agent_scheduler [None req-a9f62710-5219-4b44-a964-5d7148caf718 0d609f114eea4868922d5e49a5eab355 bb0452b4a5944e2491c67d7f1d073dc5 - - default default] No more DHCP agents
2026-06-02 08:03:36.577 9 WARNING neutron.api.rpc.agentnotifiers.dhcp_rpc_agent_api [None req-a9f62710-5219-4b44-a964-5d7148caf718 0d609f114eea4868922d5e49a5eab355 bb0452b4a5944e2491c67d7f1d073dc5 - - default default] Unable to schedule network 009643ca-0698-4d95-a885-e178c788133c: no agents available; will retry on subsequent port and subnet creation events.
2026-06-02 08:03:36.687 10 INFO neutron.wsgi [None req-78d465db-e212-4c3d-a2e4-64e25d7cb719 084a315547a74cb59755bf301f8850b7 5adb4144f50841b5a085bcd546ed28a6 - - default default] 10.0.0.61 "DELETE /v2.0/security-group-rules/5ea18d8a-c8bd-47e7-8284-daaaaa8ff7b5 HTTP/1.1" status: 204 len: 168 time: 0.1318052
2026-06-02 08:03:36.738 10 INFO neutron.wsgi [None req-06db948a-79f9-4ae6-93b7-f40d1b917c98 084a315547a74cb59755bf301f8850b7 5adb4144f50841b5a085bcd546ed28a6 - - default default] 10.0.0.61 "GET /v2.0/security-group-rules HTTP/1.1" status: 200 len: 3567 time: 0.0399098
2026-06-02 08:03:36.746 10 WARNING neutron_lib.context [None req-91d810dd-5e91-4542-b9b4-ef37fd5998b9 084a315547a74cb59755bf301f8850b7 5adb4144f50841b5a085bcd546ed28a6 - - default default] Method 'is_advsvc' is deprecated since 2023.2 release (neutron-lib 3.8.0) and will be removed once support for the old RBAC API policies will be removed from Neutron. Please use method 'is_service_role' instead.
2026-06-02 08:03:36.857 10 INFO neutron.db.ovn_revision_numbers_db [None req-91d810dd-5e91-4542-b9b4-ef37fd5998b9 084a315547a74cb59755bf301f8850b7 5adb4144f50841b5a085bcd546ed28a6 - - default default] Successfully bumped revision number for resource 68df8e01-c0ac-499e-8f4e-f90ba102c2c5 (type: security_group_rules) to 0
2026-06-02 08:03:36.873 9 INFO neutron.db.ovn_revision_numbers_db [None req-55556a73-82d0-4f60-abfe-e03503b5e14e - - - - - -] Successfully bumped revision number for resource 78016444-d481-4ae7-89fe-f010f1ab5db4 (type: ports) to 2
2026-06-02 08:03:36.882 10 INFO neutron.wsgi [None req-91d810dd-5e91-4542-b9b4-ef37fd5998b9 084a315547a74cb59755bf301f8850b7 5adb4144f50841b5a085bcd546ed28a6 - - default default] 10.0.0.61 "POST /v2.0/security-group-rules HTTP/1.1" status: 201 len: 768 time: 0.1395793
2026-06-02 08:03:36.903 10 INFO neutron.wsgi [None req-2e329ea2-5b12-4fee-a238-a81ccf7ed5de 084a315547a74cb59755bf301f8850b7 5adb4144f50841b5a085bcd546ed28a6 - - default default] 10.0.0.61 "GET /v2.0/security-group-rules/68df8e01-c0ac-499e-8f4e-f90ba102c2c5 HTTP/1.1" status: 200 len: 763 time: 0.0157797
2026-06-02 08:03:36.951 10 INFO neutron.wsgi [None req-e1b6faa3-25d5-477d-9d88-4a5cabcac92e 084a315547a74cb59755bf301f8850b7 5adb4144f50841b5a085bcd546ed28a6 - - default default] 10.0.0.61 "GET /v2.0/security-group-rules HTTP/1.1" status: 200 len: 4113 time: 0.0433269
2026-06-02 08:03:36.986 9 INFO neutron.db.ovn_revision_numbers_db [None req-55556a73-82d0-4f60-abfe-e03503b5e14e - - - - - -] Successfully bumped revision number for resource 78016444-d481-4ae7-89fe-f010f1ab5db4 (type: router_ports) to 2
2026-06-02 08:03:37.087 9 INFO neutron.db.l3_db [None req-a9f62710-5219-4b44-a964-5d7148caf718 0d609f114eea4868922d5e49a5eab355 bb0452b4a5944e2491c67d7f1d073dc5 - - default default] Floating IP 1c5c395b-8a8e-4030-9338-07f8bff7964f associated. External IP: 10.96.250.218, port: 34ebb307-e7c4-4cde-a63a-d715925b288b.
2026-06-02 08:03:37.090 10 INFO neutron.wsgi [None req-11f807fc-e8e8-4436-8964-b541b3cf6b64 084a315547a74cb59755bf301f8850b7 5adb4144f50841b5a085bcd546ed28a6 - - default default] 10.0.0.61 "DELETE /v2.0/security-group-rules/68df8e01-c0ac-499e-8f4e-f90ba102c2c5 HTTP/1.1" status: 204 len: 168 time: 0.1343572
2026-06-02 08:03:37.130 10 INFO neutron.wsgi [None req-928ba46f-0db3-4008-9869-705a17f5684c 084a315547a74cb59755bf301f8850b7 5adb4144f50841b5a085bcd546ed28a6 - - default default] 10.0.0.61 "GET /v2.0/security-group-rules HTTP/1.1" status: 200 len: 3567 time: 0.0366802
2026-06-02 08:03:37.142 10 WARNING neutron_lib.context [None req-c5d868f6-e2b4-4e69-8616-5d86acac5384 084a315547a74cb59755bf301f8850b7 5adb4144f50841b5a085bcd546ed28a6 - - default default] Method 'is_advsvc' is deprecated since 2023.2 release (neutron-lib 3.8.0) and will be removed once support for the old RBAC API policies will be removed from Neutron. Please use method 'is_service_role' instead.
2026-06-02 08:03:37.163 10 INFO neutron.db.securitygroups_db [None req-c5d868f6-e2b4-4e69-8616-5d86acac5384 084a315547a74cb59755bf301f8850b7 5adb4144f50841b5a085bcd546ed28a6 - - default default] Project 5adb4144f50841b5a085bcd546ed28a6 added a security group rule with legacy IPv6 ICMP protocol name icmp, ipv6-icmp should be used instead. It was automatically converted.
2026-06-02 08:03:37.232 10 WARNING neutron_lib.context [None req-3bb8dbbf-b96f-4afc-ab30-e4d25f9b5392 1ee982e3ae814f799eac7bf1d3dda271 9c6d83ebaba9494ca1c27a9dc6038777 - - default default] Method 'is_advsvc' is deprecated since 2023.2 release (neutron-lib 3.8.0) and will be removed once support for the old RBAC API policies will be removed from Neutron. Please use method 'is_service_role' instead.
2026-06-02 08:03:37.297 9 INFO neutron.db.ovn_revision_numbers_db [None req-a9f62710-5219-4b44-a964-5d7148caf718 0d609f114eea4868922d5e49a5eab355 bb0452b4a5944e2491c67d7f1d073dc5 - - default default] Successfully bumped revision number for resource 1c5c395b-8a8e-4030-9338-07f8bff7964f (type: floatingips) to 0
2026-06-02 08:03:37.318 10 INFO neutron.db.ovn_revision_numbers_db [None req-c5d868f6-e2b4-4e69-8616-5d86acac5384 084a315547a74cb59755bf301f8850b7 5adb4144f50841b5a085bcd546ed28a6 - - default default] Successfully bumped revision number for resource a4ceb792-a36f-4e45-946d-c80cf0fd395e (type: security_group_rules) to 0
2026-06-02 08:03:37.367 10 INFO neutron.wsgi [None req-c5d868f6-e2b4-4e69-8616-5d86acac5384 084a315547a74cb59755bf301f8850b7 5adb4144f50841b5a085bcd546ed28a6 - - default default] 10.0.0.61 "POST /v2.0/security-group-rules HTTP/1.1" status: 201 len: 774 time: 0.2308021
2026-06-02 08:03:37.400 9 INFO neutron.wsgi [None req-583ab146-4b37-4ea5-9cec-49a0ecacec52 084a315547a74cb59755bf301f8850b7 5adb4144f50841b5a085bcd546ed28a6 - - default default] 10.0.0.61 "GET /v2.0/security-group-rules/a4ceb792-a36f-4e45-946d-c80cf0fd395e HTTP/1.1" status: 200 len: 769 time: 0.0263007
2026-06-02 08:03:37.438 9 INFO neutron.db.ovn_revision_numbers_db [None req-a9f62710-5219-4b44-a964-5d7148caf718 0d609f114eea4868922d5e49a5eab355 bb0452b4a5944e2491c67d7f1d073dc5 - - default default] Successfully bumped revision number for resource 1c5c395b-8a8e-4030-9338-07f8bff7964f (type: floatingips) to 1
2026-06-02 08:03:37.447 10 INFO neutron.db.ovn_revision_numbers_db [None req-3bb8dbbf-b96f-4afc-ab30-e4d25f9b5392 1ee982e3ae814f799eac7bf1d3dda271 9c6d83ebaba9494ca1c27a9dc6038777 - - default default] Successfully bumped revision number for resource b1d8f90b-b2b8-46cd-b0e5-45737406bc4d (type: routers) to 1
2026-06-02 08:03:37.466 10 INFO neutron.wsgi [None req-3bb8dbbf-b96f-4afc-ab30-e4d25f9b5392 1ee982e3ae814f799eac7bf1d3dda271 9c6d83ebaba9494ca1c27a9dc6038777 - - default default] 10.0.0.61 "POST /v2.0/routers HTTP/1.1" status: 201 len: 654 time: 0.4401994 /var/lib/openstack/lib/python3.10/site-packages/pycadf/identifier.py:71: UserWarning: Invalid uuid: neutron. To ensure interoperability, identifiers should be a valid uuid. warnings.warn(('Invalid uuid: %s. To ensure interoperability, '
2026-06-02 08:03:37.478 9 INFO neutron.wsgi [None req-99ffd882-75b1-4f10-b270-c964285c77a7 084a315547a74cb59755bf301f8850b7 5adb4144f50841b5a085bcd546ed28a6 - - default default] 10.0.0.61 "GET /v2.0/security-group-rules HTTP/1.1" status: 200 len: 4119 time: 0.0726533
2026-06-02 08:03:37.479 10 INFO neutron.db.ovn_revision_numbers_db [None req-f82d58f0-e1d9-45a9-8634-80642d486b2b 3fcbdd64b6864855b262fd98765bca91 1e40ba1f207e4dd5806da3a62b1a85b9 - - default default] Successfully bumped revision number for resource 5284f6c2-6649-4749-b351-0dd6288a34c2 (type: security_groups) to 1
2026-06-02 08:03:37.485 9 INFO neutron.wsgi [None req-a9f62710-5219-4b44-a964-5d7148caf718 0d609f114eea4868922d5e49a5eab355 bb0452b4a5944e2491c67d7f1d073dc5 - - default default] 10.0.0.61 "POST /v2.0/floatingips HTTP/1.1" status: 201 len: 1040 time: 1.2541139
2026-06-02 08:03:37.515 10 INFO neutron.db.ovn_revision_numbers_db [None req-f82d58f0-e1d9-45a9-8634-80642d486b2b 3fcbdd64b6864855b262fd98765bca91 1e40ba1f207e4dd5806da3a62b1a85b9 - - default default] Successfully bumped revision number for resource 1e840e63-1b20-4df8-a3bc-7d565cf22c38 (type: security_group_rules) to 0
2026-06-02 08:03:37.530 9 INFO neutron.wsgi [None req-42d85ebe-1585-4602-b5f3-e142b40f8799 0d609f114eea4868922d5e49a5eab355 bb0452b4a5944e2491c67d7f1d073dc5 - - default default] 10.0.0.61 "GET /v2.0/floatingips/1c5c395b-8a8e-4030-9338-07f8bff7964f HTTP/1.1" status: 200 len: 1037 time: 0.0408330
2026-06-02 08:03:37.550 10 INFO neutron.wsgi [None req-eebbd94d-84e4-4a43-b47b-351ee091ace2 1ee982e3ae814f799eac7bf1d3dda271 9c6d83ebaba9494ca1c27a9dc6038777 - - default default] 10.0.0.61 "PUT /v2.0/routers/b1d8f90b-b2b8-46cd-b0e5-45737406bc4d/tags HTTP/1.1" status: 200 len: 218 time: 0.0789721
2026-06-02 08:03:37.553 10 INFO neutron.db.ovn_revision_numbers_db [None req-f82d58f0-e1d9-45a9-8634-80642d486b2b 3fcbdd64b6864855b262fd98765bca91 1e40ba1f207e4dd5806da3a62b1a85b9 - - default default] Successfully bumped revision number for resource 261ec924-c4b3-4791-9fc6-657dc410ac18 (type: security_group_rules) to 0
2026-06-02 08:03:37.590 10 INFO neutron.db.ovn_revision_numbers_db [None req-f82d58f0-e1d9-45a9-8634-80642d486b2b 3fcbdd64b6864855b262fd98765bca91 1e40ba1f207e4dd5806da3a62b1a85b9 - - default default] Successfully bumped revision number for resource e5bd8be7-8418-40bc-8083-93075c19d960 (type: security_group_rules) to 0
2026-06-02 08:03:37.598 9 INFO neutron.wsgi [None req-90771780-e58e-4b73-9092-bb46da295f47 0d609f114eea4868922d5e49a5eab355 bb0452b4a5944e2491c67d7f1d073dc5 - - default default] 10.0.0.61 "GET /v2.0/floatingips HTTP/1.1" status: 200 len: 1040 time: 0.0636225
2026-06-02 08:03:37.625 10 INFO neutron.wsgi [None req-f59d03b8-bae9-47c0-8047-2e004c245b94 1ee982e3ae814f799eac7bf1d3dda271 9c6d83ebaba9494ca1c27a9dc6038777 - - default default] 10.0.0.61 "GET /v2.0/routers/b1d8f90b-b2b8-46cd-b0e5-45737406bc4d/tags HTTP/1.1" status: 200 len: 218 time: 0.0681558
2026-06-02 08:03:37.627 10 INFO neutron.db.ovn_revision_numbers_db [None req-f82d58f0-e1d9-45a9-8634-80642d486b2b 3fcbdd64b6864855b262fd98765bca91 1e40ba1f207e4dd5806da3a62b1a85b9 - - default default] Successfully bumped revision number for resource f43cf98e-982f-4ac5-a88b-59a91d67e5eb (type: security_group_rules) to 0
2026-06-02 08:03:37.675 10 INFO neutron.wsgi [None req-f82d58f0-e1d9-45a9-8634-80642d486b2b 3fcbdd64b6864855b262fd98765bca91 1e40ba1f207e4dd5806da3a62b1a85b9 - - default default] 10.0.0.61 "GET /v2.0/security-groups?tenant_id=56a1f207e28045c9a78429707633815c&name=default HTTP/1.1" status: 200 len: 2996 time: 0.5432503
2026-06-02 08:03:37.720 10 INFO neutron.wsgi [None req-3d665b49-43ad-4bc9-9380-81b56accb75b 1ee982e3ae814f799eac7bf1d3dda271 9c6d83ebaba9494ca1c27a9dc6038777 - - default default] 10.0.0.61 "PUT /v2.0/routers/b1d8f90b-b2b8-46cd-b0e5-45737406bc4d/tags/green HTTP/1.1" status: 201 len: 201 time: 0.0900073
2026-06-02 08:03:37.733 10 INFO neutron.wsgi [None req-94195933-d810-4801-8141-402f39e30bae 084a315547a74cb59755bf301f8850b7 5adb4144f50841b5a085bcd546ed28a6 - - default default] 10.0.0.61 "DELETE /v2.0/security-group-rules/a4ceb792-a36f-4e45-946d-c80cf0fd395e HTTP/1.1" status: 204 len: 168 time: 0.2469494
2026-06-02 08:03:37.791 10 INFO neutron.wsgi [None req-50b54df0-a978-49cd-958f-ae5b7e99fffb 1ee982e3ae814f799eac7bf1d3dda271 9c6d83ebaba9494ca1c27a9dc6038777 - - default default] 10.0.0.61 "GET /v2.0/routers/b1d8f90b-b2b8-46cd-b0e5-45737406bc4d/tags HTTP/1.1" status: 200 len: 227 time: 0.0625188
2026-06-02 08:03:37.810 10 INFO neutron.wsgi [None req-29764c38-a636-42ff-bcf2-bdc396ee0d9e 084a315547a74cb59755bf301f8850b7 5adb4144f50841b5a085bcd546ed28a6 - - default default] 10.0.0.61 "GET /v2.0/security-group-rules HTTP/1.1" status: 200 len: 3567 time: 0.0708203
2026-06-02 08:03:37.887 9 INFO neutron.wsgi [None req-b9085aea-6551-42f4-87b1-6b398e24552d 1ee982e3ae814f799eac7bf1d3dda271 9c6d83ebaba9494ca1c27a9dc6038777 - - default default] 10.0.0.61 "PUT /v2.0/routers/b1d8f90b-b2b8-46cd-b0e5-45737406bc4d/tags/red HTTP/1.1" status: 201 len: 201 time: 0.0896237
2026-06-02 08:03:37.946 9 INFO neutron.db.l3_db [None req-2a1a08a2-fd97-4c1d-97a0-d0bfa80ba9a8 0d609f114eea4868922d5e49a5eab355 bb0452b4a5944e2491c67d7f1d073dc5 - - default default] Floating IP 1c5c395b-8a8e-4030-9338-07f8bff7964f associated. External IP: 10.96.250.218, port: 34ebb307-e7c4-4cde-a63a-d715925b288b.
2026-06-02 08:03:37.952 10 INFO neutron.wsgi [None req-f8413ed3-04a5-49c9-a35e-b21dc5ab33f9 1ee982e3ae814f799eac7bf1d3dda271 9c6d83ebaba9494ca1c27a9dc6038777 - - default default] 10.0.0.61 "GET /v2.0/routers/b1d8f90b-b2b8-46cd-b0e5-45737406bc4d/tags HTTP/1.1" status: 200 len: 227 time: 0.0586724
2026-06-02 08:03:37.974 10 INFO neutron.wsgi [None req-d48c1239-c89e-42d5-8e94-2e8c6ba0a17d 084a315547a74cb59755bf301f8850b7 5adb4144f50841b5a085bcd546ed28a6 - - default default] 10.0.0.61 "DELETE /v2.0/security-groups/63470c23-8549-4515-9140-12b49a26909f HTTP/1.1" status: 204 len: 168 time: 0.1591518
2026-06-02 08:03:38.032 10 INFO neutron.wsgi [None req-b3347f21-707b-43f2-b7a7-b952c2e9b75b 1ee982e3ae814f799eac7bf1d3dda271 9c6d83ebaba9494ca1c27a9dc6038777 - - default default] 10.0.0.61 "PUT /v2.0/routers/b1d8f90b-b2b8-46cd-b0e5-45737406bc4d/tags/black.or.white HTTP/1.1" status: 201 len: 201 time: 0.0755708
2026-06-02 08:03:38.036 10 INFO neutron.wsgi [None req-74ba96bb-443a-4e61-a187-0356c5d326a9 084a315547a74cb59755bf301f8850b7 5adb4144f50841b5a085bcd546ed28a6 - - default default] 10.0.0.61 "GET /v2.0/security-groups HTTP/1.1" status: 200 len: 2996 time: 0.0468948
2026-06-02 08:03:38.092 10 INFO neutron.wsgi [None req-ba3f2f62-b45d-4581-826e-f32ec433a458 1ee982e3ae814f799eac7bf1d3dda271 9c6d83ebaba9494ca1c27a9dc6038777 - - default default] 10.0.0.61 "GET /v2.0/routers/b1d8f90b-b2b8-46cd-b0e5-45737406bc4d/tags HTTP/1.1" status: 200 len: 245 time: 0.0555389
2026-06-02 08:03:38.116 10 INFO neutron.wsgi [None req-0ef3332a-3d0b-4777-94fc-dcc33e86d850 084a315547a74cb59755bf301f8850b7 5adb4144f50841b5a085bcd546ed28a6 - - default default] 10.0.0.61 "GET /v2.0/security-groups HTTP/1.1" status: 200 len: 2996 time: 0.0713356
2026-06-02 08:03:38.171 10 INFO neutron.wsgi [None req-8f6dcce1-3824-4cb5-8b31-74564757e8a7 1ee982e3ae814f799eac7bf1d3dda271 9c6d83ebaba9494ca1c27a9dc6038777 - - default default] 10.0.0.61 "PUT /v2.0/routers/b1d8f90b-b2b8-46cd-b0e5-45737406bc4d/tags HTTP/1.1" status: 200 len: 230 time: 0.0726922
2026-06-02 08:03:38.237 10 INFO neutron.wsgi [None req-bdf0b4b5-b129-46c3-b0ab-c0db70ac021c 1ee982e3ae814f799eac7bf1d3dda271 9c6d83ebaba9494ca1c27a9dc6038777 - - default default] 10.0.0.61 "GET /v2.0/routers/b1d8f90b-b2b8-46cd-b0e5-45737406bc4d/tags HTTP/1.1" status: 200 len: 230 time: 0.0561254
2026-06-02 08:03:38.288 9 INFO neutron.wsgi [None req-13650a2e-b5f1-434c-bb86-806b82aea21a 3fcbdd64b6864855b262fd98765bca91 1e40ba1f207e4dd5806da3a62b1a85b9 - - default default] 10.0.0.61 "DELETE /v2.0/security-groups/5284f6c2-6649-4749-b351-0dd6288a34c2 HTTP/1.1" status: 204 len: 168 time: 0.6051650
2026-06-02 08:03:38.309 9 INFO neutron.wsgi [None req-f765be60-56a4-4f04-9730-5366ee3c85c1 1ee982e3ae814f799eac7bf1d3dda271 9c6d83ebaba9494ca1c27a9dc6038777 - - default default] 10.0.0.61 "GET /v2.0/routers/b1d8f90b-b2b8-46cd-b0e5-45737406bc4d/tags/red HTTP/1.1" status: 204 len: 168 time: 0.0670514
2026-06-02 08:03:38.391 10 INFO neutron.api.v2.resource [None req-0616e0e7-11d0-4dee-8528-81ed1196634a 1ee982e3ae814f799eac7bf1d3dda271 9c6d83ebaba9494ca1c27a9dc6038777 - - default default] show failed (client error): The resource could not be found.
2026-06-02 08:03:38.393 10 INFO neutron.wsgi [None req-0616e0e7-11d0-4dee-8528-81ed1196634a 1ee982e3ae814f799eac7bf1d3dda271 9c6d83ebaba9494ca1c27a9dc6038777 - - default default] 10.0.0.61 "GET /v2.0/routers/b1d8f90b-b2b8-46cd-b0e5-45737406bc4d/tags/green HTTP/1.1" status: 404 len: 299 time: 0.0787864
2026-06-02 08:03:38.393 9 INFO neutron.db.ovn_revision_numbers_db [None req-2a1a08a2-fd97-4c1d-97a0-d0bfa80ba9a8 0d609f114eea4868922d5e49a5eab355 bb0452b4a5944e2491c67d7f1d073dc5 - - default default] Successfully bumped revision number for resource 1c5c395b-8a8e-4030-9338-07f8bff7964f (type: floatingips) to 2 /var/lib/openstack/lib/python3.10/site-packages/pycadf/identifier.py:71: UserWarning: Invalid uuid: neutron. To ensure interoperability, identifiers should be a valid uuid. warnings.warn(('Invalid uuid: %s. To ensure interoperability, '
2026-06-02 08:03:38.475 10 INFO neutron.wsgi [None req-73f018b0-d791-4588-9993-45930322db64 1ee982e3ae814f799eac7bf1d3dda271 9c6d83ebaba9494ca1c27a9dc6038777 - - default default] 10.0.0.61 "DELETE /v2.0/routers/b1d8f90b-b2b8-46cd-b0e5-45737406bc4d/tags/red HTTP/1.1" status: 204 len: 168 time: 0.0756712
2026-06-02 08:03:38.520 9 INFO neutron.db.ovn_revision_numbers_db [None req-2a1a08a2-fd97-4c1d-97a0-d0bfa80ba9a8 0d609f114eea4868922d5e49a5eab355 bb0452b4a5944e2491c67d7f1d073dc5 - - default default] Successfully bumped revision number for resource 1c5c395b-8a8e-4030-9338-07f8bff7964f (type: floatingips) to 2
2026-06-02 08:03:38.571 9 INFO neutron.wsgi [None req-2a1a08a2-fd97-4c1d-97a0-d0bfa80ba9a8 0d609f114eea4868922d5e49a5eab355 bb0452b4a5944e2491c67d7f1d073dc5 - - default default] 10.0.0.61 "PUT /v2.0/floatingips/1c5c395b-8a8e-4030-9338-07f8bff7964f HTTP/1.1" status: 200 len: 1039 time: 0.9624138
2026-06-02 08:03:38.671 9 INFO neutron.db.ovn_revision_numbers_db [None req-f1519351-b314-4dec-9638-1ab9084ec9f2 3fcbdd64b6864855b262fd98765bca91 1e40ba1f207e4dd5806da3a62b1a85b9 - - default default] Successfully bumped revision number for resource c175736f-9a00-45e6-81ab-9a850c963975 (type: security_groups) to 1
2026-06-02 08:03:38.698 9 INFO neutron.db.ovn_revision_numbers_db [None req-f1519351-b314-4dec-9638-1ab9084ec9f2 3fcbdd64b6864855b262fd98765bca91 1e40ba1f207e4dd5806da3a62b1a85b9 - - default default] Successfully bumped revision number for resource 2a07d36f-9029-44f4-8503-111513501bbc (type: security_group_rules) to 0
2026-06-02 08:03:38.733 9 INFO neutron.db.ovn_revision_numbers_db [None req-f1519351-b314-4dec-9638-1ab9084ec9f2 3fcbdd64b6864855b262fd98765bca91 1e40ba1f207e4dd5806da3a62b1a85b9 - - default default] Successfully bumped revision number for resource 6b453dbc-6e5a-4d9d-8a08-786a46aedf6c (type: security_group_rules) to 0
2026-06-02 08:03:38.743 9 INFO neutron.db.l3_db [None req-2a919582-a418-44f8-92a5-fc4f534b5e49 0d609f114eea4868922d5e49a5eab355 bb0452b4a5944e2491c67d7f1d073dc5 - - default default] Floating IP 1c5c395b-8a8e-4030-9338-07f8bff7964f disassociated. External IP: 10.96.250.218, port: 7dc59e9a-3965-4240-8e6d-d22ac4766d53.
2026-06-02 08:03:38.753 10 INFO neutron.wsgi [None req-a1907c18-9e5c-40de-b85c-ea351cf9c8c4 1ee982e3ae814f799eac7bf1d3dda271 9c6d83ebaba9494ca1c27a9dc6038777 - - default default] 10.0.0.61 "GET /v2.0/routers/b1d8f90b-b2b8-46cd-b0e5-45737406bc4d/tags HTTP/1.1" status: 200 len: 223 time: 0.2735837
2026-06-02 08:03:38.772 9 INFO neutron.db.ovn_revision_numbers_db [None req-f1519351-b314-4dec-9638-1ab9084ec9f2 3fcbdd64b6864855b262fd98765bca91 1e40ba1f207e4dd5806da3a62b1a85b9 - - default default] Successfully bumped revision number for resource 7b5dbc8a-f236-4cf5-8ffe-15006dbfee54 (type: security_group_rules) to 0
2026-06-02 08:03:38.786 9 INFO neutron.wsgi [None req-2856a52a-aaad-450d-b5b2-1f57ff095890 3fcbdd64b6864855b262fd98765bca91 1e40ba1f207e4dd5806da3a62b1a85b9 - - default default] 10.0.0.61 "GET /v2.0/security-groups?tenant_id=5adb4144f50841b5a085bcd546ed28a6&name=default HTTP/1.1" status: 200 len: 2996 time: 0.1816068
2026-06-02 08:03:38.789 9 INFO neutron.db.ovn_revision_numbers_db [None req-2a919582-a418-44f8-92a5-fc4f534b5e49 0d609f114eea4868922d5e49a5eab355 bb0452b4a5944e2491c67d7f1d073dc5 - - default default] Successfully bumped revision number for resource 1c5c395b-8a8e-4030-9338-07f8bff7964f (type: floatingips) to 3
2026-06-02 08:03:38.811 9 INFO neutron.db.ovn_revision_numbers_db [None req-f1519351-b314-4dec-9638-1ab9084ec9f2 3fcbdd64b6864855b262fd98765bca91 1e40ba1f207e4dd5806da3a62b1a85b9 - - default default] Successfully bumped revision number for resource fefa6690-1f26-4a35-b441-c1e139614288 (type: security_group_rules) to 0
2026-06-02 08:03:38.819 10 INFO neutron.api.v2.resource [None req-b43521b7-1de3-4ff3-be4c-b370883ec87c 1ee982e3ae814f799eac7bf1d3dda271 9c6d83ebaba9494ca1c27a9dc6038777 - - default default] delete failed (client error): The resource could not be found.
2026-06-02 08:03:38.820 10 INFO neutron.wsgi [None req-b43521b7-1de3-4ff3-be4c-b370883ec87c 1ee982e3ae814f799eac7bf1d3dda271 9c6d83ebaba9494ca1c27a9dc6038777 - - default default] 10.0.0.61 "DELETE /v2.0/routers/b1d8f90b-b2b8-46cd-b0e5-45737406bc4d/tags/green HTTP/1.1" status: 404 len: 299 time: 0.0608261
2026-06-02 08:03:38.851 9 INFO neutron.wsgi [None req-f1519351-b314-4dec-9638-1ab9084ec9f2 3fcbdd64b6864855b262fd98765bca91 1e40ba1f207e4dd5806da3a62b1a85b9 - - default default] 10.0.0.61 "GET /v2.0/security-groups?tenant_id=144a7e89f25645469a3366b1805c9dba&name=default HTTP/1.1" status: 200 len: 2996 time: 0.3746214
2026-06-02 08:03:38.888 9 INFO neutron.wsgi [None req-2a919582-a418-44f8-92a5-fc4f534b5e49 0d609f114eea4868922d5e49a5eab355 bb0452b4a5944e2491c67d7f1d073dc5 - - default default] 10.0.0.61 "PUT /v2.0/floatingips/1c5c395b-8a8e-4030-9338-07f8bff7964f HTTP/1.1" status: 200 len: 748 time: 0.3107979
2026-06-02 08:03:38.899 10 INFO neutron.wsgi [None req-436f3ff5-8106-444c-a348-4096491e2a1a 1ee982e3ae814f799eac7bf1d3dda271 9c6d83ebaba9494ca1c27a9dc6038777 - - default default] 10.0.0.61 "DELETE /v2.0/routers/b1d8f90b-b2b8-46cd-b0e5-45737406bc4d/tags HTTP/1.1" status: 204 len: 168 time: 0.0722539
2026-06-02 08:03:38.953 10 INFO neutron.wsgi [None req-c39e7737-c042-4194-925b-85e677c9d0fd 1ee982e3ae814f799eac7bf1d3dda271 9c6d83ebaba9494ca1c27a9dc6038777 - - default default] 10.0.0.61 "GET /v2.0/routers/b1d8f90b-b2b8-46cd-b0e5-45737406bc4d/tags HTTP/1.1" status: 200 len: 205 time: 0.0496588
2026-06-02 08:03:39.013 10 INFO neutron.wsgi [None req-c64c0e46-bd36-47ec-a05c-23fd183a2e48 1ee982e3ae814f799eac7bf1d3dda271 9c6d83ebaba9494ca1c27a9dc6038777 - - default default] 10.0.0.61 "GET /v2.0/routers/b1d8f90b-b2b8-46cd-b0e5-45737406bc4d HTTP/1.1" status: 200 len: 655 time: 0.0515814
2026-06-02 08:03:39.131 9 INFO neutron.wsgi [None req-1c62199b-a54b-4a55-b3fc-00fd3594ff7b 3fcbdd64b6864855b262fd98765bca91 1e40ba1f207e4dd5806da3a62b1a85b9 - - default default] 10.0.0.61 "DELETE /v2.0/security-groups/c175736f-9a00-45e6-81ab-9a850c963975 HTTP/1.1" status: 204 len: 168 time: 0.2762840
2026-06-02 08:03:39.201 10 INFO neutron.wsgi [None req-4b835b06-778a-4b21-a02e-c89b3ca745e5 3fcbdd64b6864855b262fd98765bca91 1e40ba1f207e4dd5806da3a62b1a85b9 - - default default] 10.0.0.61 "DELETE /v2.0/security-groups/4b799c84-c261-418b-9129-df2199a591c5 HTTP/1.1" status: 204 len: 168 time: 0.4087152
2026-06-02 08:03:39.230 9 INFO neutron.wsgi [None req-e8729dc7-4fd9-4108-a8d4-9bbdd3ffb4fe 0d609f114eea4868922d5e49a5eab355 bb0452b4a5944e2491c67d7f1d073dc5 - - default default] 10.0.0.61 "DELETE /v2.0/floatingips/1c5c395b-8a8e-4030-9338-07f8bff7964f HTTP/1.1" status: 204 len: 168 time: 0.3358364
2026-06-02 08:03:39.255 9 INFO neutron.api.v2.resource [None req-ce695aee-fc61-4ef3-a7c9-6c068145f236 0d609f114eea4868922d5e49a5eab355 bb0452b4a5944e2491c67d7f1d073dc5 - - default default] delete failed (client error): The resource could not be found.
2026-06-02 08:03:39.256 9 INFO neutron.wsgi [None req-ce695aee-fc61-4ef3-a7c9-6c068145f236 0d609f114eea4868922d5e49a5eab355 bb0452b4a5944e2491c67d7f1d073dc5 - - default default] 10.0.0.61 "DELETE /v2.0/floatingips/1c5c395b-8a8e-4030-9338-07f8bff7964f HTTP/1.1" status: 404 len: 345 time: 0.0199702
