2026-06-02 08:05:23.763 10 INFO neutron.plugins.ml2.plugin [None req-58aec7b7-89c4-42f4-a419-d911e24f8d20 - - - - - -] Attempt 1 to provision port 769ade27-ad2a-4d41-b334-2a376b1e3a8a
2026-06-02 08:05:23.767 9 INFO neutron.db.ovn_revision_numbers_db [None req-58c2c28e-31aa-4419-91ac-597840b0c7e8 7cac11f642ec4e8f8f02485beb938220 387b77d2c4e445feaf4cd113565d2da7 - - default default] Successfully bumped revision number for resource 769ade27-ad2a-4d41-b334-2a376b1e3a8a (type: router_ports) to 1
2026-06-02 08:05:23.770 9 INFO neutron.wsgi [None req-58c2c28e-31aa-4419-91ac-597840b0c7e8 7cac11f642ec4e8f8f02485beb938220 387b77d2c4e445feaf4cd113565d2da7 - - default default] 10.0.0.61 "PUT /v2.0/routers/6908b3e3-bf55-4b39-9a05-88b5f7d84c1d/add_router_interface HTTP/1.1" status: 200 len: 503 time: 3.1459289
2026-06-02 08:05:24.031 10 INFO neutron.wsgi [None req-ea6c42e4-9c3d-4b88-8c24-342904043e02 79b5dc0995b94ff0b626d463dcc1dd03 e90a6d50f70c48da93adbf5703e85642 - - default default] 10.0.0.61 "DELETE /v2.0/security-groups/eae6b130-4a80-411b-b7b5-355e3600752c HTTP/1.1" status: 204 len: 168 time: 0.1667495
2026-06-02 08:05:24.063 9 INFO neutron.api.v2.resource [None req-9f9dc8e2-5f42-40de-80a2-728a9401dc82 79b5dc0995b94ff0b626d463dcc1dd03 e90a6d50f70c48da93adbf5703e85642 - - default default] show failed (client error): The resource could not be found.
2026-06-02 08:05:24.064 9 INFO neutron.wsgi [None req-9f9dc8e2-5f42-40de-80a2-728a9401dc82 79b5dc0995b94ff0b626d463dcc1dd03 e90a6d50f70c48da93adbf5703e85642 - - default default] 10.0.0.61 "GET /v2.0/security-groups/eae6b130-4a80-411b-b7b5-355e3600752c HTTP/1.1" status: 404 len: 347 time: 0.0263772
2026-06-02 08:05:24.145 10 INFO neutron.db.ovn_revision_numbers_db [None req-58aec7b7-89c4-42f4-a419-d911e24f8d20 - - - - - -] Successfully bumped revision number for resource 769ade27-ad2a-4d41-b334-2a376b1e3a8a (type: ports) to 2
2026-06-02 08:05:24.305 10 INFO neutron.db.ovn_revision_numbers_db [None req-58aec7b7-89c4-42f4-a419-d911e24f8d20 - - - - - -] Successfully bumped revision number for resource 769ade27-ad2a-4d41-b334-2a376b1e3a8a (type: router_ports) to 2
2026-06-02 08:05:24.398 9 WARNING neutron.scheduler.dhcp_agent_scheduler [None req-08377a51-6807-409f-8f1d-d185b9544f0c 7cac11f642ec4e8f8f02485beb938220 387b77d2c4e445feaf4cd113565d2da7 - - default default] No more DHCP agents
2026-06-02 08:05:24.400 9 WARNING neutron.api.rpc.agentnotifiers.dhcp_rpc_agent_api [None req-08377a51-6807-409f-8f1d-d185b9544f0c 7cac11f642ec4e8f8f02485beb938220 387b77d2c4e445feaf4cd113565d2da7 - - default default] Unable to schedule network 1b5b56f4-cf56-4642-8424-e57bf2a016db: no agents available; will retry on subsequent port and subnet creation events.
2026-06-02 08:05:24.516 10 INFO neutron.wsgi [None req-a4479321-8efd-4f77-b8a1-35c0ac265f12 79b5dc0995b94ff0b626d463dcc1dd03 e90a6d50f70c48da93adbf5703e85642 - - default default] 10.0.0.61 "DELETE /v2.0/floatingips/48f57a20-48de-46f9-8380-c654b1d96305 HTTP/1.1" status: 204 len: 168 time: 0.4462819
2026-06-02 08:05:24.573 9 INFO neutron.db.ovn_revision_numbers_db [None req-08377a51-6807-409f-8f1d-d185b9544f0c 7cac11f642ec4e8f8f02485beb938220 387b77d2c4e445feaf4cd113565d2da7 - - default default] Successfully bumped revision number for resource 41a0d682-cb4c-4c8a-99ab-33958230d0bf (type: ports) to 1
2026-06-02 08:05:24.713 9 INFO neutron.wsgi [None req-62efc593-aa8b-45d0-bf33-b70a532d6148 79b5dc0995b94ff0b626d463dcc1dd03 e90a6d50f70c48da93adbf5703e85642 - - default default] 10.0.0.61 "DELETE /v2.0/security-groups/a1af0577-49d8-44e8-9e2c-f567a1883f05 HTTP/1.1" status: 204 len: 168 time: 0.1924119
2026-06-02 08:05:25.363 9 INFO neutron.plugins.ml2.drivers.ovn.mech_driver.mech_driver [None req-55556a73-82d0-4f60-abfe-e03503b5e14e - - - - - -] OVN reports status up for port: 41a0d682-cb4c-4c8a-99ab-33958230d0bf
2026-06-02 08:05:25.386 9 INFO neutron.plugins.ml2.plugin [None req-55556a73-82d0-4f60-abfe-e03503b5e14e - - - - - -] Attempt 1 to provision port 41a0d682-cb4c-4c8a-99ab-33958230d0bf
2026-06-02 08:05:25.404 9 INFO neutron.db.ovn_revision_numbers_db [None req-08377a51-6807-409f-8f1d-d185b9544f0c 7cac11f642ec4e8f8f02485beb938220 387b77d2c4e445feaf4cd113565d2da7 - - default default] Successfully bumped revision number for resource 41a0d682-cb4c-4c8a-99ab-33958230d0bf (type: router_ports) to 1
2026-06-02 08:05:25.659 9 INFO neutron.db.ovn_revision_numbers_db [None req-08377a51-6807-409f-8f1d-d185b9544f0c 7cac11f642ec4e8f8f02485beb938220 387b77d2c4e445feaf4cd113565d2da7 - - default default] Successfully bumped revision number for resource 41a0d682-cb4c-4c8a-99ab-33958230d0bf (type: ports) to 1
2026-06-02 08:05:25.788 9 WARNING neutron.scheduler.dhcp_agent_scheduler [None req-08377a51-6807-409f-8f1d-d185b9544f0c 7cac11f642ec4e8f8f02485beb938220 387b77d2c4e445feaf4cd113565d2da7 - - default default] No more DHCP agents
2026-06-02 08:05:25.790 9 WARNING neutron.api.rpc.agentnotifiers.dhcp_rpc_agent_api [None req-08377a51-6807-409f-8f1d-d185b9544f0c 7cac11f642ec4e8f8f02485beb938220 387b77d2c4e445feaf4cd113565d2da7 - - default default] Unable to schedule network 1b5b56f4-cf56-4642-8424-e57bf2a016db: no agents available; will retry on subsequent port and subnet creation events.
2026-06-02 08:05:25.863 9 INFO neutron.db.ovn_revision_numbers_db [None req-55556a73-82d0-4f60-abfe-e03503b5e14e - - - - - -] Successfully bumped revision number for resource 41a0d682-cb4c-4c8a-99ab-33958230d0bf (type: ports) to 2
2026-06-02 08:05:26.214 9 INFO neutron.db.ovn_revision_numbers_db [None req-55556a73-82d0-4f60-abfe-e03503b5e14e - - - - - -] Successfully bumped revision number for resource 41a0d682-cb4c-4c8a-99ab-33958230d0bf (type: router_ports) to 2
2026-06-02 08:05:26.456 9 INFO neutron.db.ovn_revision_numbers_db [None req-08377a51-6807-409f-8f1d-d185b9544f0c 7cac11f642ec4e8f8f02485beb938220 387b77d2c4e445feaf4cd113565d2da7 - - default default] Successfully bumped revision number for resource 41a0d682-cb4c-4c8a-99ab-33958230d0bf (type: router_ports) to 2
2026-06-02 08:05:26.458 9 INFO neutron.wsgi [None req-08377a51-6807-409f-8f1d-d185b9544f0c 7cac11f642ec4e8f8f02485beb938220 387b77d2c4e445feaf4cd113565d2da7 - - default default] 10.0.0.61 "PUT /v2.0/routers/6908b3e3-bf55-4b39-9a05-88b5f7d84c1d/add_router_interface HTTP/1.1" status: 200 len: 503 time: 2.6841152
2026-06-02 08:05:26.906 9 INFO neutron.wsgi [None req-48440e6e-e2db-45dc-96a6-de728f03f265 3fcbdd64b6864855b262fd98765bca91 1e40ba1f207e4dd5806da3a62b1a85b9 - - default default] 10.0.0.61 "PUT /v2.0/routers/709c54fa-96bb-4f2e-af8a-9d8138cde47d/remove_router_interface HTTP/1.1" status: 200 len: 503 time: 2.1071978
2026-06-02 08:05:27.132 9 WARNING neutron.scheduler.dhcp_agent_scheduler [None req-88b59b78-82d6-45e2-afec-423afa24ab3c 7cac11f642ec4e8f8f02485beb938220 387b77d2c4e445feaf4cd113565d2da7 - - default default] No more DHCP agents
2026-06-02 08:05:27.134 9 WARNING neutron.api.rpc.agentnotifiers.dhcp_rpc_agent_api [None req-88b59b78-82d6-45e2-afec-423afa24ab3c 7cac11f642ec4e8f8f02485beb938220 387b77d2c4e445feaf4cd113565d2da7 - - default default] Unable to schedule network ea6e8f48-113b-4f17-b15c-740442ad7ada: no agents available; will retry on subsequent port and subnet creation events.
2026-06-02 08:05:27.328 9 INFO neutron.db.ovn_revision_numbers_db [None req-88b59b78-82d6-45e2-afec-423afa24ab3c 7cac11f642ec4e8f8f02485beb938220 387b77d2c4e445feaf4cd113565d2da7 - - default default] Successfully bumped revision number for resource 8767783e-ab41-49d4-b8fa-ee99650c6fcd (type: ports) to 1
2026-06-02 08:05:27.802 10 INFO neutron.wsgi [None req-6e44a04c-36c4-4802-8236-2215b835deba 3fcbdd64b6864855b262fd98765bca91 1e40ba1f207e4dd5806da3a62b1a85b9 - - default default] 10.0.0.61 "DELETE /v2.0/routers/709c54fa-96bb-4f2e-af8a-9d8138cde47d HTTP/1.1" status: 204 len: 168 time: 0.8906116 /var/lib/openstack/lib/python3.10/site-packages/pycadf/identifier.py:71: UserWarning: Invalid uuid: neutron. To ensure interoperability, identifiers should be a valid uuid. warnings.warn(('Invalid uuid: %s. To ensure interoperability, '
2026-06-02 08:05:28.052 9 WARNING neutron_lib.context [None req-b666dec9-91c0-43af-8038-94c5e20c7f2e dd3b4c8e320e4f51958cb027a7f7227f b711f952724841cc92a359f93e7e71ff - - default default] Method 'is_advsvc' is deprecated since 2023.2 release (neutron-lib 3.8.0) and will be removed once support for the old RBAC API policies will be removed from Neutron. Please use method 'is_service_role' instead.
2026-06-02 08:05:28.072 9 INFO neutron.db.ovn_revision_numbers_db [None req-88b59b78-82d6-45e2-afec-423afa24ab3c 7cac11f642ec4e8f8f02485beb938220 387b77d2c4e445feaf4cd113565d2da7 - - default default] Successfully bumped revision number for resource 8767783e-ab41-49d4-b8fa-ee99650c6fcd (type: router_ports) to 1
2026-06-02 08:05:28.188 9 INFO neutron.wsgi [None req-5c492c92-8527-4e50-aab2-5e6325fc9276 3fcbdd64b6864855b262fd98765bca91 1e40ba1f207e4dd5806da3a62b1a85b9 - - default default] 10.0.0.61 "DELETE /v2.0/subnets/55356ce8-172a-4b23-8e5a-5d0ebbaa48e2 HTTP/1.1" status: 204 len: 168 time: 0.3804460
2026-06-02 08:05:28.287 9 INFO neutron.db.ovn_revision_numbers_db [None req-b666dec9-91c0-43af-8038-94c5e20c7f2e dd3b4c8e320e4f51958cb027a7f7227f b711f952724841cc92a359f93e7e71ff - - default default] Successfully bumped revision number for resource a0b3e496-d600-44a0-a954-b95817417c79 (type: security_groups) to 1
2026-06-02 08:05:28.294 9 INFO neutron.db.ovn_revision_numbers_db [None req-88b59b78-82d6-45e2-afec-423afa24ab3c 7cac11f642ec4e8f8f02485beb938220 387b77d2c4e445feaf4cd113565d2da7 - - default default] Successfully bumped revision number for resource 8767783e-ab41-49d4-b8fa-ee99650c6fcd (type: ports) to 1
2026-06-02 08:05:28.306 9 INFO neutron.db.ovn_revision_numbers_db [None req-b666dec9-91c0-43af-8038-94c5e20c7f2e dd3b4c8e320e4f51958cb027a7f7227f b711f952724841cc92a359f93e7e71ff - - default default] Successfully bumped revision number for resource 31f34517-d9b5-4330-9e4a-013aa3671981 (type: security_group_rules) to 0
2026-06-02 08:05:28.338 9 INFO neutron.db.ovn_revision_numbers_db [None req-b666dec9-91c0-43af-8038-94c5e20c7f2e dd3b4c8e320e4f51958cb027a7f7227f b711f952724841cc92a359f93e7e71ff - - default default] Successfully bumped revision number for resource 552a2c04-27ba-4cbd-a12d-b2a73288029f (type: security_group_rules) to 0
2026-06-02 08:05:28.360 9 INFO neutron.db.ovn_revision_numbers_db [None req-b666dec9-91c0-43af-8038-94c5e20c7f2e dd3b4c8e320e4f51958cb027a7f7227f b711f952724841cc92a359f93e7e71ff - - default default] Successfully bumped revision number for resource b836af69-0250-4e40-b67d-0598363a2dd6 (type: security_group_rules) to 0
2026-06-02 08:05:28.376 9 WARNING neutron.scheduler.dhcp_agent_scheduler [None req-88b59b78-82d6-45e2-afec-423afa24ab3c 7cac11f642ec4e8f8f02485beb938220 387b77d2c4e445feaf4cd113565d2da7 - - default default] No more DHCP agents
2026-06-02 08:05:28.377 9 INFO neutron.db.ovn_revision_numbers_db [None req-b666dec9-91c0-43af-8038-94c5e20c7f2e dd3b4c8e320e4f51958cb027a7f7227f b711f952724841cc92a359f93e7e71ff - - default default] Successfully bumped revision number for resource e57c4a73-22dd-4e32-97f8-2d43634e45fa (type: security_group_rules) to 0
2026-06-02 08:05:28.382 9 WARNING neutron.api.rpc.agentnotifiers.dhcp_rpc_agent_api [None req-88b59b78-82d6-45e2-afec-423afa24ab3c 7cac11f642ec4e8f8f02485beb938220 387b77d2c4e445feaf4cd113565d2da7 - - default default] Unable to schedule network ea6e8f48-113b-4f17-b15c-740442ad7ada: no agents available; will retry on subsequent port and subnet creation events.
2026-06-02 08:05:28.455 9 INFO neutron.db.segments_db [None req-b666dec9-91c0-43af-8038-94c5e20c7f2e dd3b4c8e320e4f51958cb027a7f7227f b711f952724841cc92a359f93e7e71ff - - default default] Added segment ba6895f6-dcae-411f-a921-845473783655 of type geneve for network eb12203b-23c5-42e8-b4a9-2dc719d37ec8
2026-06-02 08:05:28.502 10 INFO neutron.wsgi [-] 10.0.0.182 "GET / HTTP/1.1" status: 200 len: 247 time: 0.0012481
2026-06-02 08:05:28.503 9 INFO neutron.wsgi [-] 10.0.0.182 "GET / HTTP/1.1" status: 200 len: 247 time: 0.0013063
2026-06-02 08:05:28.577 10 INFO neutron.services.segments.plugin [-] Segment b0922acd-9f37-4fdd-898e-865cee4e7440 resource provider aggregate not found
2026-06-02 08:05:28.581 10 INFO neutron.services.segments.plugin [-] Segment b0922acd-9f37-4fdd-898e-865cee4e7440 resource provider aggregate not found
2026-06-02 08:05:28.601 10 INFO neutron.services.segments.plugin [-] Segment b0922acd-9f37-4fdd-898e-865cee4e7440 resource provider not found; error: Placement Client Error (4xx): {"errors": [{"status": 404, "title": "Not Found", "detail": "The resource could not be found.\n\n No resource provider with uuid b0922acd-9f37-4fdd-898e-865cee4e7440 found for delete ", "request_id": "req-dcccee08-37e4-4a38-a563-980392d98fbb"}]}
2026-06-02 08:05:28.614 10 INFO neutron.services.segments.plugin [-] Segment b0922acd-9f37-4fdd-898e-865cee4e7440 resource provider not found; error: Placement Client Error (4xx): {"errors": [{"status": 404, "title": "Not Found", "detail": "The resource could not be found.\n\n No resource provider with uuid b0922acd-9f37-4fdd-898e-865cee4e7440 found for delete ", "request_id": "req-ac4627b4-09fb-4896-a5b6-6c0461ba39e4"}]}
2026-06-02 08:05:28.626 10 WARNING neutron.plugins.ml2.drivers.ovn.mech_driver.ovsdb.ovn_client [None req-58aec7b7-89c4-42f4-a419-d911e24f8d20 - - - - - -] No hosting information found for port 769ade27-ad2a-4d41-b334-2a376b1e3a8a: RuntimeError: No hosting information found for port 769ade27-ad2a-4d41-b334-2a376b1e3a8a
2026-06-02 08:05:28.627 10 INFO neutron.plugins.ml2.drivers.ovn.mech_driver.mech_driver [None req-58aec7b7-89c4-42f4-a419-d911e24f8d20 - - - - - -] OVN reports status up for port: 8767783e-ab41-49d4-b8fa-ee99650c6fcd
2026-06-02 08:05:28.635 10 INFO neutron.plugins.ml2.plugin [None req-58aec7b7-89c4-42f4-a419-d911e24f8d20 - - - - - -] Attempt 1 to provision port 8767783e-ab41-49d4-b8fa-ee99650c6fcd
2026-06-02 08:05:28.642 10 INFO neutron.wsgi [None req-812b97d4-3586-4933-b9a4-97fb4974df25 3fcbdd64b6864855b262fd98765bca91 1e40ba1f207e4dd5806da3a62b1a85b9 - - default default] 10.0.0.61 "DELETE /v2.0/networks/ecb654aa-575a-4313-ae7b-9355d682d208 HTTP/1.1" status: 204 len: 168 time: 0.4483831
2026-06-02 08:05:28.683 9 INFO neutron.db.ovn_revision_numbers_db [None req-b666dec9-91c0-43af-8038-94c5e20c7f2e dd3b4c8e320e4f51958cb027a7f7227f b711f952724841cc92a359f93e7e71ff - - default default] Successfully bumped revision number for resource eb12203b-23c5-42e8-b4a9-2dc719d37ec8 (type: networks) to 1
2026-06-02 08:05:28.916 10 INFO neutron.db.ovn_revision_numbers_db [None req-58aec7b7-89c4-42f4-a419-d911e24f8d20 - - - - - -] Successfully bumped revision number for resource 8767783e-ab41-49d4-b8fa-ee99650c6fcd (type: ports) to 2
2026-06-02 08:05:28.997 10 INFO neutron.db.ovn_revision_numbers_db [None req-58aec7b7-89c4-42f4-a419-d911e24f8d20 - - - - - -] Successfully bumped revision number for resource 8767783e-ab41-49d4-b8fa-ee99650c6fcd (type: router_ports) to 2
2026-06-02 08:05:29.210 9 INFO neutron.wsgi [None req-88b59b78-82d6-45e2-afec-423afa24ab3c 7cac11f642ec4e8f8f02485beb938220 387b77d2c4e445feaf4cd113565d2da7 - - default default] 10.0.0.61 "PUT /v2.0/routers/6908b3e3-bf55-4b39-9a05-88b5f7d84c1d/add_router_interface HTTP/1.1" status: 200 len: 503 time: 2.7484350
2026-06-02 08:05:29.291 10 WARNING neutron_lib.context [None req-0faa86ba-3ed7-49ee-87e2-82f6e8e11d44 7cac11f642ec4e8f8f02485beb938220 387b77d2c4e445feaf4cd113565d2da7 - - default default] Method 'is_advsvc' is deprecated since 2023.2 release (neutron-lib 3.8.0) and will be removed once support for the old RBAC API policies will be removed from Neutron. Please use method 'is_service_role' instead.
2026-06-02 08:05:29.323 9 WARNING neutron.scheduler.dhcp_agent_scheduler [None req-b666dec9-91c0-43af-8038-94c5e20c7f2e dd3b4c8e320e4f51958cb027a7f7227f b711f952724841cc92a359f93e7e71ff - - default default] No more DHCP agents
2026-06-02 08:05:29.330 9 WARNING neutron.api.rpc.agentnotifiers.dhcp_rpc_agent_api [None req-b666dec9-91c0-43af-8038-94c5e20c7f2e dd3b4c8e320e4f51958cb027a7f7227f b711f952724841cc92a359f93e7e71ff - - default default] Unable to schedule network eb12203b-23c5-42e8-b4a9-2dc719d37ec8: no agents available; will retry on subsequent port and subnet creation events.
2026-06-02 08:05:29.406 10 INFO neutron.db.ovn_revision_numbers_db [None req-0faa86ba-3ed7-49ee-87e2-82f6e8e11d44 7cac11f642ec4e8f8f02485beb938220 387b77d2c4e445feaf4cd113565d2da7 - - default default] Successfully bumped revision number for resource d1a54fce-4262-4751-880e-fbbc93be970d (type: security_groups) to 1
2026-06-02 08:05:29.425 10 INFO neutron.db.ovn_revision_numbers_db [None req-0faa86ba-3ed7-49ee-87e2-82f6e8e11d44 7cac11f642ec4e8f8f02485beb938220 387b77d2c4e445feaf4cd113565d2da7 - - default default] Successfully bumped revision number for resource 9701cc68-4d33-4e05-bb09-4a0872c73c55 (type: security_group_rules) to 0
2026-06-02 08:05:29.442 10 INFO neutron.db.ovn_revision_numbers_db [None req-0faa86ba-3ed7-49ee-87e2-82f6e8e11d44 7cac11f642ec4e8f8f02485beb938220 387b77d2c4e445feaf4cd113565d2da7 - - default default] Successfully bumped revision number for resource eb7e84cf-1b21-4b17-81ae-a19dea13274d (type: security_group_rules) to 0
2026-06-02 08:05:29.460 9 INFO neutron.db.ovn_revision_numbers_db [None req-b666dec9-91c0-43af-8038-94c5e20c7f2e dd3b4c8e320e4f51958cb027a7f7227f b711f952724841cc92a359f93e7e71ff - - default default] Successfully bumped revision number for resource 1620ebc4-725b-46c9-98d4-5c125a753a1e (type: ports) to 1
2026-06-02 08:05:29.465 10 INFO neutron.wsgi [None req-0faa86ba-3ed7-49ee-87e2-82f6e8e11d44 7cac11f642ec4e8f8f02485beb938220 387b77d2c4e445feaf4cd113565d2da7 - - default default] 10.0.0.61 "POST /v2.0/security-groups HTTP/1.1" status: 201 len: 1763 time: 0.1856234
2026-06-02 08:05:29.479 10 WARNING neutron_lib.context [None req-6250afb5-a4eb-432f-9109-67bbd8d7eab3 7cac11f642ec4e8f8f02485beb938220 387b77d2c4e445feaf4cd113565d2da7 - - default default] Method 'is_advsvc' is deprecated since 2023.2 release (neutron-lib 3.8.0) and will be removed once support for the old RBAC API policies will be removed from Neutron. Please use method 'is_service_role' instead.
2026-06-02 08:05:29.499 9 INFO neutron.wsgi [None req-b666dec9-91c0-43af-8038-94c5e20c7f2e dd3b4c8e320e4f51958cb027a7f7227f b711f952724841cc92a359f93e7e71ff - - default default] 10.0.0.61 "POST /v2.0/networks HTTP/1.1" status: 201 len: 830 time: 1.7426004
2026-06-02 08:05:29.510 10 WARNING neutron_lib.context [None req-42e75bd7-6139-4f0a-bf1d-92b7e6de7d36 dd3b4c8e320e4f51958cb027a7f7227f b711f952724841cc92a359f93e7e71ff - - default default] Method 'is_advsvc' is deprecated since 2023.2 release (neutron-lib 3.8.0) and will be removed once support for the old RBAC API policies will be removed from Neutron. Please use method 'is_service_role' instead.
2026-06-02 08:05:29.600 10 INFO neutron.db.segments_db [None req-42e75bd7-6139-4f0a-bf1d-92b7e6de7d36 dd3b4c8e320e4f51958cb027a7f7227f b711f952724841cc92a359f93e7e71ff - - default default] Added segment ee6d06d8-c8ee-4a98-85d6-cd0b5ff13a4a of type geneve for network f4324755-a782-4596-b7fa-26a9de751327
2026-06-02 08:05:29.651 10 INFO neutron.db.ovn_revision_numbers_db [None req-6250afb5-a4eb-432f-9109-67bbd8d7eab3 7cac11f642ec4e8f8f02485beb938220 387b77d2c4e445feaf4cd113565d2da7 - - default default] Successfully bumped revision number for resource 4d16d22e-0eec-4470-888b-34d944e564f5 (type: security_group_rules) to 0
2026-06-02 08:05:29.692 10 INFO neutron.wsgi [None req-6250afb5-a4eb-432f-9109-67bbd8d7eab3 7cac11f642ec4e8f8f02485beb938220 387b77d2c4e445feaf4cd113565d2da7 - - default default] 10.0.0.61 "POST /v2.0/security-group-rules HTTP/1.1" status: 201 len: 764 time: 0.2210684
2026-06-02 08:05:29.719 10 WARNING neutron_lib.context [None req-991a5207-957b-4ec8-8856-5cbf2c3e5fa3 7cac11f642ec4e8f8f02485beb938220 387b77d2c4e445feaf4cd113565d2da7 - - default default] Method 'is_advsvc' is deprecated since 2023.2 release (neutron-lib 3.8.0) and will be removed once support for the old RBAC API policies will be removed from Neutron. Please use method 'is_service_role' instead.
2026-06-02 08:05:29.791 10 INFO neutron.db.ovn_revision_numbers_db [None req-42e75bd7-6139-4f0a-bf1d-92b7e6de7d36 dd3b4c8e320e4f51958cb027a7f7227f b711f952724841cc92a359f93e7e71ff - - default default] Successfully bumped revision number for resource f4324755-a782-4596-b7fa-26a9de751327 (type: networks) to 1
2026-06-02 08:05:29.963 10 INFO neutron.db.ovn_revision_numbers_db [None req-991a5207-957b-4ec8-8856-5cbf2c3e5fa3 7cac11f642ec4e8f8f02485beb938220 387b77d2c4e445feaf4cd113565d2da7 - - default default] Successfully bumped revision number for resource 6cc5d13d-9b9b-4b8b-af8b-76a5fc454889 (type: security_group_rules) to 0
2026-06-02 08:05:30.004 10 INFO neutron.wsgi [None req-991a5207-957b-4ec8-8856-5cbf2c3e5fa3 7cac11f642ec4e8f8f02485beb938220 387b77d2c4e445feaf4cd113565d2da7 - - default default] 10.0.0.61 "POST /v2.0/security-group-rules HTTP/1.1" status: 201 len: 764 time: 0.2937269
2026-06-02 08:05:30.015 9 WARNING neutron_lib.context [None req-1d8d70fb-990b-44e0-ac08-cb7eefd0b417 7cac11f642ec4e8f8f02485beb938220 387b77d2c4e445feaf4cd113565d2da7 - - default default] Method 'is_advsvc' is deprecated since 2023.2 release (neutron-lib 3.8.0) and will be removed once support for the old RBAC API policies will be removed from Neutron. Please use method 'is_service_role' instead.
2026-06-02 08:05:30.213 9 INFO neutron.db.ovn_revision_numbers_db [None req-1d8d70fb-990b-44e0-ac08-cb7eefd0b417 7cac11f642ec4e8f8f02485beb938220 387b77d2c4e445feaf4cd113565d2da7 - - default default] Successfully bumped revision number for resource 9fc7b789-c6e5-4276-83dc-b14f9faddaab (type: security_group_rules) to 0
2026-06-02 08:05:30.248 9 INFO neutron.wsgi [None req-1d8d70fb-990b-44e0-ac08-cb7eefd0b417 7cac11f642ec4e8f8f02485beb938220 387b77d2c4e445feaf4cd113565d2da7 - - default default] 10.0.0.61 "POST /v2.0/security-group-rules HTTP/1.1" status: 201 len: 766 time: 0.2388263 /var/lib/openstack/lib/python3.10/site-packages/pycadf/identifier.py:71: UserWarning: Invalid uuid: neutron. To ensure interoperability, identifiers should be a valid uuid. warnings.warn(('Invalid uuid: %s. To ensure interoperability, '
2026-06-02 08:05:30.278 9 WARNING neutron_lib.context [None req-5896aee8-f31b-48a5-a88b-49d151657e66 7cac11f642ec4e8f8f02485beb938220 387b77d2c4e445feaf4cd113565d2da7 - - default default] Method 'is_advsvc' is deprecated since 2023.2 release (neutron-lib 3.8.0) and will be removed once support for the old RBAC API policies will be removed from Neutron. Please use method 'is_service_role' instead.
2026-06-02 08:05:30.283 10 WARNING neutron.scheduler.dhcp_agent_scheduler [None req-42e75bd7-6139-4f0a-bf1d-92b7e6de7d36 dd3b4c8e320e4f51958cb027a7f7227f b711f952724841cc92a359f93e7e71ff - - default default] No more DHCP agents
2026-06-02 08:05:30.286 10 WARNING neutron.api.rpc.agentnotifiers.dhcp_rpc_agent_api [None req-42e75bd7-6139-4f0a-bf1d-92b7e6de7d36 dd3b4c8e320e4f51958cb027a7f7227f b711f952724841cc92a359f93e7e71ff - - default default] Unable to schedule network f4324755-a782-4596-b7fa-26a9de751327: no agents available; will retry on subsequent port and subnet creation events.
2026-06-02 08:05:30.293 9 INFO neutron.wsgi [None req-ab77f7f8-67ff-4cbe-9fb4-d5eb0a6d6a9a 3fcbdd64b6864855b262fd98765bca91 1e40ba1f207e4dd5806da3a62b1a85b9 - - default default] 10.0.0.61 "PUT /v2.0/routers/e6cfdc3a-4ac0-4741-a4ef-47377047b2d2/remove_router_interface HTTP/1.1" status: 200 len: 503 time: 1.6447797
2026-06-02 08:05:30.377 10 INFO neutron.db.ovn_revision_numbers_db [None req-42e75bd7-6139-4f0a-bf1d-92b7e6de7d36 dd3b4c8e320e4f51958cb027a7f7227f b711f952724841cc92a359f93e7e71ff - - default default] Successfully bumped revision number for resource 02e71269-ee1a-4b69-b282-8a643e3fc528 (type: ports) to 1
2026-06-02 08:05:30.400 10 INFO neutron.wsgi [None req-42e75bd7-6139-4f0a-bf1d-92b7e6de7d36 dd3b4c8e320e4f51958cb027a7f7227f b711f952724841cc92a359f93e7e71ff - - default default] 10.0.0.61 "POST /v2.0/networks HTTP/1.1" status: 201 len: 831 time: 0.8954768
2026-06-02 08:05:30.412 10 WARNING neutron_lib.context [None req-02b24e2e-736f-4dff-a33a-67c7febefa29 dd3b4c8e320e4f51958cb027a7f7227f b711f952724841cc92a359f93e7e71ff - - default default] Method 'is_advsvc' is deprecated since 2023.2 release (neutron-lib 3.8.0) and will be removed once support for the old RBAC API policies will be removed from Neutron. Please use method 'is_service_role' instead.
2026-06-02 08:05:30.489 10 INFO neutron.db.segments_db [None req-02b24e2e-736f-4dff-a33a-67c7febefa29 dd3b4c8e320e4f51958cb027a7f7227f b711f952724841cc92a359f93e7e71ff - - default default] Added segment 788b5249-d57a-4590-9387-f557d51f62ad of type geneve for network 1cd76f7c-cc3e-4e05-a32f-926ba251c9cc
2026-06-02 08:05:30.513 9 INFO neutron.db.ovn_revision_numbers_db [None req-5896aee8-f31b-48a5-a88b-49d151657e66 7cac11f642ec4e8f8f02485beb938220 387b77d2c4e445feaf4cd113565d2da7 - - default default] Successfully bumped revision number for resource 21daaa34-6bb2-4ce2-ac8c-f9b13dd6d516 (type: security_group_rules) to 0
2026-06-02 08:05:30.546 9 INFO neutron.wsgi [None req-5896aee8-f31b-48a5-a88b-49d151657e66 7cac11f642ec4e8f8f02485beb938220 387b77d2c4e445feaf4cd113565d2da7 - - default default] 10.0.0.61 "POST /v2.0/security-group-rules HTTP/1.1" status: 201 len: 768 time: 0.2753322
2026-06-02 08:05:30.558 9 WARNING neutron_lib.context [None req-ca5e5e81-220e-4935-8658-fd0d44f6ac4b 7cac11f642ec4e8f8f02485beb938220 387b77d2c4e445feaf4cd113565d2da7 - - default default] Method 'is_advsvc' is deprecated since 2023.2 release (neutron-lib 3.8.0) and will be removed once support for the old RBAC API policies will be removed from Neutron. Please use method 'is_service_role' instead.
2026-06-02 08:05:30.637 10 INFO neutron.db.ovn_revision_numbers_db [None req-02b24e2e-736f-4dff-a33a-67c7febefa29 dd3b4c8e320e4f51958cb027a7f7227f b711f952724841cc92a359f93e7e71ff - - default default] Successfully bumped revision number for resource 1cd76f7c-cc3e-4e05-a32f-926ba251c9cc (type: networks) to 1
2026-06-02 08:05:30.738 9 INFO neutron.db.ovn_revision_numbers_db [None req-ca5e5e81-220e-4935-8658-fd0d44f6ac4b 7cac11f642ec4e8f8f02485beb938220 387b77d2c4e445feaf4cd113565d2da7 - - default default] Successfully bumped revision number for resource 62003ec5-b1ea-4f37-81a0-040901cf78de (type: security_group_rules) to 0
2026-06-02 08:05:30.777 9 INFO neutron.wsgi [None req-ca5e5e81-220e-4935-8658-fd0d44f6ac4b 7cac11f642ec4e8f8f02485beb938220 387b77d2c4e445feaf4cd113565d2da7 - - default default] 10.0.0.61 "POST /v2.0/security-group-rules HTTP/1.1" status: 201 len: 768 time: 0.2258382
2026-06-02 08:05:30.787 9 WARNING neutron_lib.context [None req-867b6896-f31b-45b5-afc7-60e9ec314153 7cac11f642ec4e8f8f02485beb938220 387b77d2c4e445feaf4cd113565d2da7 - - default default] Method 'is_advsvc' is deprecated since 2023.2 release (neutron-lib 3.8.0) and will be removed once support for the old RBAC API policies will be removed from Neutron. Please use method 'is_service_role' instead.
2026-06-02 08:05:30.822 10 WARNING neutron.scheduler.dhcp_agent_scheduler [None req-02b24e2e-736f-4dff-a33a-67c7febefa29 dd3b4c8e320e4f51958cb027a7f7227f b711f952724841cc92a359f93e7e71ff - - default default] No more DHCP agents
2026-06-02 08:05:30.824 10 WARNING neutron.api.rpc.agentnotifiers.dhcp_rpc_agent_api [None req-02b24e2e-736f-4dff-a33a-67c7febefa29 dd3b4c8e320e4f51958cb027a7f7227f b711f952724841cc92a359f93e7e71ff - - default default] Unable to schedule network 1cd76f7c-cc3e-4e05-a32f-926ba251c9cc: no agents available; will retry on subsequent port and subnet creation events.
2026-06-02 08:05:30.906 10 INFO neutron.db.ovn_revision_numbers_db [None req-02b24e2e-736f-4dff-a33a-67c7febefa29 dd3b4c8e320e4f51958cb027a7f7227f b711f952724841cc92a359f93e7e71ff - - default default] Successfully bumped revision number for resource c4c415b4-05b9-4141-99ae-a05eaed65966 (type: ports) to 1
2026-06-02 08:05:30.928 10 INFO neutron.wsgi [None req-02b24e2e-736f-4dff-a33a-67c7febefa29 dd3b4c8e320e4f51958cb027a7f7227f b711f952724841cc92a359f93e7e71ff - - default default] 10.0.0.61 "POST /v2.0/networks HTTP/1.1" status: 201 len: 830 time: 0.5219333
2026-06-02 08:05:30.938 10 WARNING neutron_lib.context [None req-43ed2773-1587-456c-9b2a-2fc92c2b31aa dd3b4c8e320e4f51958cb027a7f7227f b711f952724841cc92a359f93e7e71ff - - default default] Method 'is_advsvc' is deprecated since 2023.2 release (neutron-lib 3.8.0) and will be removed once support for the old RBAC API policies will be removed from Neutron. Please use method 'is_service_role' instead.
2026-06-02 08:05:30.962 9 INFO neutron.db.ovn_revision_numbers_db [None req-867b6896-f31b-45b5-afc7-60e9ec314153 7cac11f642ec4e8f8f02485beb938220 387b77d2c4e445feaf4cd113565d2da7 - - default default] Successfully bumped revision number for resource c115ac1f-cae0-435a-a695-4c7f63a7e13c (type: security_group_rules) to 0
2026-06-02 08:05:31.003 9 INFO neutron.wsgi [None req-867b6896-f31b-45b5-afc7-60e9ec314153 7cac11f642ec4e8f8f02485beb938220 387b77d2c4e445feaf4cd113565d2da7 - - default default] 10.0.0.61 "POST /v2.0/security-group-rules HTTP/1.1" status: 201 len: 764 time: 0.2206752
2026-06-02 08:05:31.016 10 WARNING neutron_lib.context [None req-60188c9a-1420-409f-a22a-1119a8470636 7cac11f642ec4e8f8f02485beb938220 387b77d2c4e445feaf4cd113565d2da7 - - default default] Method 'is_advsvc' is deprecated since 2023.2 release (neutron-lib 3.8.0) and will be removed once support for the old RBAC API policies will be removed from Neutron. Please use method 'is_service_role' instead.
2026-06-02 08:05:31.031 10 INFO neutron.db.segments_db [None req-43ed2773-1587-456c-9b2a-2fc92c2b31aa dd3b4c8e320e4f51958cb027a7f7227f b711f952724841cc92a359f93e7e71ff - - default default] Added segment aa955c27-387e-4fe9-9de6-1cc1332bfe89 of type geneve for network ba873821-a36f-43eb-a9be-46957ff16779
2026-06-02 08:05:31.209 10 INFO neutron.db.ovn_revision_numbers_db [None req-43ed2773-1587-456c-9b2a-2fc92c2b31aa dd3b4c8e320e4f51958cb027a7f7227f b711f952724841cc92a359f93e7e71ff - - default default] Successfully bumped revision number for resource ba873821-a36f-43eb-a9be-46957ff16779 (type: networks) to 1
2026-06-02 08:05:31.211 10 INFO neutron.db.ovn_revision_numbers_db [None req-60188c9a-1420-409f-a22a-1119a8470636 7cac11f642ec4e8f8f02485beb938220 387b77d2c4e445feaf4cd113565d2da7 - - default default] Successfully bumped revision number for resource 93eb5bd6-d009-4ce2-971c-5a178a8b56e2 (type: security_group_rules) to 0
2026-06-02 08:05:31.247 10 INFO neutron.wsgi [None req-60188c9a-1420-409f-a22a-1119a8470636 7cac11f642ec4e8f8f02485beb938220 387b77d2c4e445feaf4cd113565d2da7 - - default default] 10.0.0.61 "POST /v2.0/security-group-rules HTTP/1.1" status: 201 len: 764 time: 0.2383301
2026-06-02 08:05:31.254 10 WARNING neutron_lib.context [None req-bd2e4bdc-f6f9-44f0-82d6-6f5712915495 7cac11f642ec4e8f8f02485beb938220 387b77d2c4e445feaf4cd113565d2da7 - - default default] Method 'is_advsvc' is deprecated since 2023.2 release (neutron-lib 3.8.0) and will be removed once support for the old RBAC API policies will be removed from Neutron. Please use method 'is_service_role' instead.
2026-06-02 08:05:31.262 9 WARNING neutron.plugins.ml2.drivers.ovn.mech_driver.ovsdb.ovn_client [None req-55556a73-82d0-4f60-abfe-e03503b5e14e - - - - - -] No hosting information found for port 41a0d682-cb4c-4c8a-99ab-33958230d0bf: RuntimeError: No hosting information found for port 41a0d682-cb4c-4c8a-99ab-33958230d0bf
2026-06-02 08:05:31.281 9 INFO neutron.wsgi [None req-5be42aca-9d63-4a74-bad2-93cae801463d 3fcbdd64b6864855b262fd98765bca91 1e40ba1f207e4dd5806da3a62b1a85b9 - - default default] 10.0.0.61 "DELETE /v2.0/routers/e6cfdc3a-4ac0-4741-a4ef-47377047b2d2 HTTP/1.1" status: 204 len: 168 time: 0.9826643
2026-06-02 08:05:31.435 10 WARNING neutron.scheduler.dhcp_agent_scheduler [None req-43ed2773-1587-456c-9b2a-2fc92c2b31aa dd3b4c8e320e4f51958cb027a7f7227f b711f952724841cc92a359f93e7e71ff - - default default] No more DHCP agents
2026-06-02 08:05:31.440 10 WARNING neutron.api.rpc.agentnotifiers.dhcp_rpc_agent_api [None req-43ed2773-1587-456c-9b2a-2fc92c2b31aa dd3b4c8e320e4f51958cb027a7f7227f b711f952724841cc92a359f93e7e71ff - - default default] Unable to schedule network ba873821-a36f-43eb-a9be-46957ff16779: no agents available; will retry on subsequent port and subnet creation events.
2026-06-02 08:05:31.471 10 INFO neutron.db.ovn_revision_numbers_db [None req-bd2e4bdc-f6f9-44f0-82d6-6f5712915495 7cac11f642ec4e8f8f02485beb938220 387b77d2c4e445feaf4cd113565d2da7 - - default default] Successfully bumped revision number for resource 66e37b15-83fa-42ae-bd65-ba916ba06d79 (type: security_group_rules) to 0
2026-06-02 08:05:31.489 9 INFO neutron.wsgi [None req-d4fc6854-0b99-4fc8-87dc-a1b6a96d78f2 3fcbdd64b6864855b262fd98765bca91 1e40ba1f207e4dd5806da3a62b1a85b9 - - default default] 10.0.0.61 "DELETE /v2.0/subnets/0b37f6d8-ccad-4e61-b03a-46410247bdf8 HTTP/1.1" status: 204 len: 168 time: 0.2010453
2026-06-02 08:05:31.511 10 INFO neutron.wsgi [None req-bd2e4bdc-f6f9-44f0-82d6-6f5712915495 7cac11f642ec4e8f8f02485beb938220 387b77d2c4e445feaf4cd113565d2da7 - - default default] 10.0.0.61 "POST /v2.0/security-group-rules HTTP/1.1" status: 201 len: 764 time: 0.2602477
2026-06-02 08:05:31.521 10 WARNING neutron_lib.context [None req-3cf81a1e-ca27-48cc-9cd2-d3ad9f4a2073 7cac11f642ec4e8f8f02485beb938220 387b77d2c4e445feaf4cd113565d2da7 - - default default] Method 'is_advsvc' is deprecated since 2023.2 release (neutron-lib 3.8.0) and will be removed once support for the old RBAC API policies will be removed from Neutron. Please use method 'is_service_role' instead.
2026-06-02 08:05:31.555 10 INFO neutron.db.ovn_revision_numbers_db [None req-43ed2773-1587-456c-9b2a-2fc92c2b31aa dd3b4c8e320e4f51958cb027a7f7227f b711f952724841cc92a359f93e7e71ff - - default default] Successfully bumped revision number for resource 1436fb9c-744b-41d8-8d87-fb916e08f22a (type: ports) to 1
2026-06-02 08:05:31.587 10 INFO neutron.wsgi [None req-43ed2773-1587-456c-9b2a-2fc92c2b31aa dd3b4c8e320e4f51958cb027a7f7227f b711f952724841cc92a359f93e7e71ff - - default default] 10.0.0.61 "POST /v2.0/networks HTTP/1.1" status: 201 len: 831 time: 0.6541357
2026-06-02 08:05:31.596 10 WARNING neutron_lib.context [None req-5b1b5235-968c-49da-94b4-6677a4d8ddd9 dd3b4c8e320e4f51958cb027a7f7227f b711f952724841cc92a359f93e7e71ff - - default default] Method 'is_advsvc' is deprecated since 2023.2 release (neutron-lib 3.8.0) and will be removed once support for the old RBAC API policies will be removed from Neutron. Please use method 'is_service_role' instead.
2026-06-02 08:05:31.663 10 INFO neutron.db.ovn_revision_numbers_db [None req-3cf81a1e-ca27-48cc-9cd2-d3ad9f4a2073 7cac11f642ec4e8f8f02485beb938220 387b77d2c4e445feaf4cd113565d2da7 - - default default] Successfully bumped revision number for resource 8c5fad88-075e-4b98-a33c-fab340517f15 (type: security_group_rules) to 0
2026-06-02 08:05:31.685 10 INFO neutron.db.segments_db [None req-5b1b5235-968c-49da-94b4-6677a4d8ddd9 dd3b4c8e320e4f51958cb027a7f7227f b711f952724841cc92a359f93e7e71ff - - default default] Added segment 979f8a42-48dc-4433-9b7c-24eba8aeffb8 of type geneve for network 3ac39ace-ca38-4ae3-86bd-211b2254c7e5
2026-06-02 08:05:31.691 10 INFO neutron.wsgi [None req-3cf81a1e-ca27-48cc-9cd2-d3ad9f4a2073 7cac11f642ec4e8f8f02485beb938220 387b77d2c4e445feaf4cd113565d2da7 - - default default] 10.0.0.61 "POST /v2.0/security-group-rules HTTP/1.1" status: 201 len: 766 time: 0.1732557
2026-06-02 08:05:31.701 9 WARNING neutron_lib.context [None req-dbccbee2-d037-4e82-97e3-a9b7c9177004 7cac11f642ec4e8f8f02485beb938220 387b77d2c4e445feaf4cd113565d2da7 - - default default] Method 'is_advsvc' is deprecated since 2023.2 release (neutron-lib 3.8.0) and will be removed once support for the old RBAC API policies will be removed from Neutron. Please use method 'is_service_role' instead.
2026-06-02 08:05:31.819 10 INFO neutron.db.ovn_revision_numbers_db [None req-5b1b5235-968c-49da-94b4-6677a4d8ddd9 dd3b4c8e320e4f51958cb027a7f7227f b711f952724841cc92a359f93e7e71ff - - default default] Successfully bumped revision number for resource 3ac39ace-ca38-4ae3-86bd-211b2254c7e5 (type: networks) to 1
2026-06-02 08:05:32.022 10 WARNING neutron.scheduler.dhcp_agent_scheduler [None req-5b1b5235-968c-49da-94b4-6677a4d8ddd9 dd3b4c8e320e4f51958cb027a7f7227f b711f952724841cc92a359f93e7e71ff - - default default] No more DHCP agents
2026-06-02 08:05:32.025 10 WARNING neutron.api.rpc.agentnotifiers.dhcp_rpc_agent_api [None req-5b1b5235-968c-49da-94b4-6677a4d8ddd9 dd3b4c8e320e4f51958cb027a7f7227f b711f952724841cc92a359f93e7e71ff - - default default] Unable to schedule network 3ac39ace-ca38-4ae3-86bd-211b2254c7e5: no agents available; will retry on subsequent port and subnet creation events.
2026-06-02 08:05:32.122 10 INFO neutron.db.ovn_revision_numbers_db [None req-5b1b5235-968c-49da-94b4-6677a4d8ddd9 dd3b4c8e320e4f51958cb027a7f7227f b711f952724841cc92a359f93e7e71ff - - default default] Successfully bumped revision number for resource bd3a5e29-0673-41b6-a492-675dd95b82a1 (type: ports) to 1
2026-06-02 08:05:32.147 9 INFO neutron.services.segments.plugin [-] Segment 15e92e80-affb-418a-806c-1acceeb948be resource provider aggregate not found
2026-06-02 08:05:32.150 10 INFO neutron.wsgi [None req-5b1b5235-968c-49da-94b4-6677a4d8ddd9 dd3b4c8e320e4f51958cb027a7f7227f b711f952724841cc92a359f93e7e71ff - - default default] 10.0.0.61 "POST /v2.0/networks HTTP/1.1" status: 201 len: 830 time: 0.5580893
2026-06-02 08:05:32.157 9 INFO neutron.services.segments.plugin [-] Segment 15e92e80-affb-418a-806c-1acceeb948be resource provider aggregate not found
2026-06-02 08:05:32.165 9 INFO neutron.services.segments.plugin [-] Segment 15e92e80-affb-418a-806c-1acceeb948be resource provider not found; error: Placement Client Error (4xx): {"errors": [{"status": 404, "title": "Not Found", "detail": "The resource could not be found.\n\n No resource provider with uuid 15e92e80-affb-418a-806c-1acceeb948be found for delete ", "request_id": "req-2a11af90-3d35-42a6-9467-4b1250549d47"}]}
2026-06-02 08:05:32.176 9 INFO neutron.services.segments.plugin [-] Segment 15e92e80-affb-418a-806c-1acceeb948be resource provider not found; error: Placement Client Error (4xx): {"errors": [{"status": 404, "title": "Not Found", "detail": "The resource could not be found.\n\n No resource provider with uuid 15e92e80-affb-418a-806c-1acceeb948be found for delete ", "request_id": "req-4e1ddab9-f6b1-4845-936f-fcb3297b88c9"}]}
2026-06-02 08:05:32.184 9 INFO neutron.db.ovn_revision_numbers_db [None req-dbccbee2-d037-4e82-97e3-a9b7c9177004 7cac11f642ec4e8f8f02485beb938220 387b77d2c4e445feaf4cd113565d2da7 - - default default] Successfully bumped revision number for resource c52e5a21-6922-42ed-80e3-944f8286ed15 (type: security_group_rules) to 0
2026-06-02 08:05:32.200 9 INFO neutron.wsgi [None req-42e11540-6a3e-4cf6-b195-7a6c8d01d42f 3fcbdd64b6864855b262fd98765bca91 1e40ba1f207e4dd5806da3a62b1a85b9 - - default default] 10.0.0.61 "DELETE /v2.0/networks/6e83f970-e277-45de-92f0-64c0de544414 HTTP/1.1" status: 204 len: 168 time: 0.7058256
2026-06-02 08:05:32.217 9 INFO neutron.wsgi [None req-dbccbee2-d037-4e82-97e3-a9b7c9177004 7cac11f642ec4e8f8f02485beb938220 387b77d2c4e445feaf4cd113565d2da7 - - default default] 10.0.0.61 "POST /v2.0/security-group-rules HTTP/1.1" status: 201 len: 768 time: 0.5206397
2026-06-02 08:05:32.225 9 WARNING neutron_lib.context [None req-6c4d1328-3c48-4dd2-9f0b-d211857a7d52 7cac11f642ec4e8f8f02485beb938220 387b77d2c4e445feaf4cd113565d2da7 - - default default] Method 'is_advsvc' is deprecated since 2023.2 release (neutron-lib 3.8.0) and will be removed once support for the old RBAC API policies will be removed from Neutron. Please use method 'is_service_role' instead.
2026-06-02 08:05:32.235 10 INFO neutron.wsgi [None req-fbf43989-5597-46c5-b7be-dc23bcbc54f2 dd3b4c8e320e4f51958cb027a7f7227f b711f952724841cc92a359f93e7e71ff - - default default] 10.0.0.61 "PUT /v2.0/networks/eb12203b-23c5-42e8-b4a9-2dc719d37ec8/tags HTTP/1.1" status: 200 len: 210 time: 0.0804796
2026-06-02 08:05:32.298 9 INFO neutron.wsgi [None req-85a0dff8-23db-4207-9b2a-52ed78a6eaae dd3b4c8e320e4f51958cb027a7f7227f b711f952724841cc92a359f93e7e71ff - - default default] 10.0.0.61 "PUT /v2.0/networks/f4324755-a782-4596-b7fa-26a9de751327/tags HTTP/1.1" status: 200 len: 218 time: 0.0581231
2026-06-02 08:05:32.367 10 INFO neutron.wsgi [None req-51c24623-f064-40c8-a1f3-3944afd2b1bb dd3b4c8e320e4f51958cb027a7f7227f b711f952724841cc92a359f93e7e71ff - - default default] 10.0.0.61 "PUT /v2.0/networks/1cd76f7c-cc3e-4e05-a32f-926ba251c9cc/tags HTTP/1.1" status: 200 len: 227 time: 0.0634923
2026-06-02 08:05:32.369 9 INFO neutron.db.ovn_revision_numbers_db [None req-6c4d1328-3c48-4dd2-9f0b-d211857a7d52 7cac11f642ec4e8f8f02485beb938220 387b77d2c4e445feaf4cd113565d2da7 - - default default] Successfully bumped revision number for resource 1d7d4ffc-b8d8-4325-8bda-51e0378a2f49 (type: security_group_rules) to 0
2026-06-02 08:05:32.398 9 INFO neutron.wsgi [None req-6c4d1328-3c48-4dd2-9f0b-d211857a7d52 7cac11f642ec4e8f8f02485beb938220 387b77d2c4e445feaf4cd113565d2da7 - - default default] 10.0.0.61 "POST /v2.0/security-group-rules HTTP/1.1" status: 201 len: 764 time: 0.1764743
2026-06-02 08:05:32.427 10 INFO neutron.wsgi [None req-fb203515-6dd6-4c5e-934f-a573951b0667 dd3b4c8e320e4f51958cb027a7f7227f b711f952724841cc92a359f93e7e71ff - - default default] 10.0.0.61 "PUT /v2.0/networks/ba873821-a36f-43eb-a9be-46957ff16779/tags HTTP/1.1" status: 200 len: 212 time: 0.0541673
2026-06-02 08:05:32.519 10 INFO neutron.wsgi [None req-2bd420f1-b60e-44b9-acf0-4070a3772841 dd3b4c8e320e4f51958cb027a7f7227f b711f952724841cc92a359f93e7e71ff - - default default] 10.0.0.61 "GET /v2.0/networks?tags=red HTTP/1.1" status: 200 len: 2068 time: 0.0848250
2026-06-02 08:05:32.601 9 INFO neutron.wsgi [None req-c5bc52c1-bf8f-4493-a9ec-ad04e823f20b 3fcbdd64b6864855b262fd98765bca91 1e40ba1f207e4dd5806da3a62b1a85b9 - - default default] 10.0.0.61 "GET /v2.0/security-groups?tenant_id=e90a6d50f70c48da93adbf5703e85642&name=default HTTP/1.1" status: 200 len: 2996 time: 0.0423813
2026-06-02 08:05:32.624 10 INFO neutron.wsgi [None req-7f4487b7-d1ba-4b8f-a007-a77171d0a554 dd3b4c8e320e4f51958cb027a7f7227f b711f952724841cc92a359f93e7e71ff - - default default] 10.0.0.61 "GET /v2.0/networks?tags=red%2Cblue HTTP/1.1" status: 200 len: 1456 time: 0.0979075
2026-06-02 08:05:32.679 10 INFO neutron.wsgi [req-5c032e53-db83-47e8-8317-7f3f0f88c940 req-570a1665-1124-4f13-a4f3-aaa4760daf97 7cac11f642ec4e8f8f02485beb938220 387b77d2c4e445feaf4cd113565d2da7 - - default default] 10.0.0.195 "GET /v2.0/security-groups?name=tempest-lb_member_SG-681309715&fields=id&tenant_id=387b77d2c4e445feaf4cd113565d2da7 HTTP/1.1" status: 200 len: 267 time: 0.0520399
2026-06-02 08:05:32.739 9 INFO neutron.wsgi [None req-d1e72ba1-d788-476b-ac88-a0d20049be09 dd3b4c8e320e4f51958cb027a7f7227f b711f952724841cc92a359f93e7e71ff - - default default] 10.0.0.61 "GET /v2.0/networks?tags-any=blue HTTP/1.1" status: 200 len: 1456 time: 0.1106591
2026-06-02 08:05:32.801 10 INFO neutron.wsgi [req-5c032e53-db83-47e8-8317-7f3f0f88c940 req-9bc633f3-daf3-40d1-98fa-e1fa3c927398 7cac11f642ec4e8f8f02485beb938220 387b77d2c4e445feaf4cd113565d2da7 - - default default] 10.0.0.195 "GET /v2.0/networks?id=1b5b56f4-cf56-4642-8424-e57bf2a016db HTTP/1.1" status: 200 len: 903 time: 0.1147516
2026-06-02 08:05:32.820 10 INFO neutron.wsgi [req-5c032e53-db83-47e8-8317-7f3f0f88c940 req-a9dbb60c-612c-420e-9e6e-64d7a7c16e8b 7cac11f642ec4e8f8f02485beb938220 387b77d2c4e445feaf4cd113565d2da7 - - default default] 10.0.0.195 "GET /v2.0/quotas/387b77d2c4e445feaf4cd113565d2da7 HTTP/1.1" status: 200 len: 386 time: 0.0101032
2026-06-02 08:05:32.822 9 INFO neutron.wsgi [None req-e946df1a-4131-4170-9f9f-b8f9915643a8 dd3b4c8e320e4f51958cb027a7f7227f b711f952724841cc92a359f93e7e71ff - - default default] 10.0.0.61 "GET /v2.0/networks?tags-any=red%2Cblue HTTP/1.1" status: 200 len: 2068 time: 0.0777206
2026-06-02 08:05:32.941 9 INFO neutron.wsgi [None req-378793f4-fc41-4407-b307-3199c566c555 dd3b4c8e320e4f51958cb027a7f7227f b711f952724841cc92a359f93e7e71ff - - default default] 10.0.0.61 "GET /v2.0/networks?not-tags=red HTTP/1.1" status: 200 len: 2068 time: 0.1112995
2026-06-02 08:05:32.993 9 INFO neutron.wsgi [None req-0ca6e2cf-095f-4ed3-98a8-2cb8e9c33b47 3fcbdd64b6864855b262fd98765bca91 1e40ba1f207e4dd5806da3a62b1a85b9 - - default default] 10.0.0.61 "DELETE /v2.0/security-groups/6e1c0ba2-de0d-4323-ad2c-015608b4f92b HTTP/1.1" status: 204 len: 168 time: 0.3876977
2026-06-02 08:05:33.080 10 INFO neutron.wsgi [None req-684ac218-3203-4b1e-a2d9-3b0c1785f874 dd3b4c8e320e4f51958cb027a7f7227f b711f952724841cc92a359f93e7e71ff - - default default] 10.0.0.61 "GET /v2.0/networks?not-tags=red%2Cblue HTTP/1.1" status: 200 len: 2680 time: 0.1321335
2026-06-02 08:05:33.117 10 INFO neutron.wsgi [req-5c032e53-db83-47e8-8317-7f3f0f88c940 req-a3d9884c-e2c7-4af3-af6f-b4a70d58fb8f 7cac11f642ec4e8f8f02485beb938220 387b77d2c4e445feaf4cd113565d2da7 - - default default] 10.0.0.195 "GET /v2.0/ports?tenant_id=387b77d2c4e445feaf4cd113565d2da7&fields=id HTTP/1.1" status: 200 len: 486 time: 0.2889571
2026-06-02 08:05:33.191 10 INFO neutron.wsgi [req-5c032e53-db83-47e8-8317-7f3f0f88c940 req-12ae4d34-fd6e-4506-a826-f7bbeedb2b78 c6925d371fdc4a20a6e51fbccf7b0b0b cc84a2ad61704963a667863291df64b3 - - dac6f60a74b34ccabcfd78cebeb9dc95 dac6f60a74b34ccabcfd78cebeb9dc95] 10.0.0.195 "GET /v2.0/networks/1b5b56f4-cf56-4642-8424-e57bf2a016db?fields=segments HTTP/1.1" status: 200 len: 212 time: 0.0601292
2026-06-02 08:05:33.198 9 INFO neutron.wsgi [None req-e0ce3395-4e8b-411d-a56a-52cfe0ecad18 3fcbdd64b6864855b262fd98765bca91 1e40ba1f207e4dd5806da3a62b1a85b9 - - default default] 10.0.0.61 "GET /v2.0/security-groups?tenant_id=124997a3cf854711b4e720abdbd0f42d&name=default HTTP/1.1" status: 200 len: 2996 time: 0.0609465
2026-06-02 08:05:33.207 9 INFO neutron.wsgi [None req-088fc3b8-822c-4076-8a86-466288a8dab7 dd3b4c8e320e4f51958cb027a7f7227f b711f952724841cc92a359f93e7e71ff - - default default] 10.0.0.61 "GET /v2.0/networks?not-tags-any=blue HTTP/1.1" status: 200 len: 2680 time: 0.1215255
2026-06-02 08:05:33.270 10 INFO neutron.wsgi [req-5c032e53-db83-47e8-8317-7f3f0f88c940 req-84108427-bd2e-4c9c-af00-fa1f8be1693d c6925d371fdc4a20a6e51fbccf7b0b0b cc84a2ad61704963a667863291df64b3 - - dac6f60a74b34ccabcfd78cebeb9dc95 dac6f60a74b34ccabcfd78cebeb9dc95] 10.0.0.195 "GET /v2.0/networks/1b5b56f4-cf56-4642-8424-e57bf2a016db?fields=provider%3Aphysical_network&fields=provider%3Anetwork_type HTTP/1.1" status: 200 len: 277 time: 0.0726266
2026-06-02 08:05:33.295 9 INFO neutron.wsgi [None req-21dfe766-a1f2-4e0a-92d7-8dbf9794c0ce dd3b4c8e320e4f51958cb027a7f7227f b711f952724841cc92a359f93e7e71ff - - default default] 10.0.0.61 "GET /v2.0/networks?not-tags-any=red%2Cblue HTTP/1.1" status: 200 len: 2068 time: 0.0824392
2026-06-02 08:05:33.403 9 INFO neutron.wsgi [req-3dabfdd2-86af-42e5-afe9-fa02bcd4f8ec req-5b372777-f2e4-4224-8420-51e1a7196fe0 7cac11f642ec4e8f8f02485beb938220 387b77d2c4e445feaf4cd113565d2da7 - - default default] 10.0.0.195 "GET /v2.0/ports?device_id=3a9fdff1-a518-4d6f-8e92-33e69497a2a2 HTTP/1.1" status: 200 len: 210 time: 0.0185618
2026-06-02 08:05:33.445 10 INFO neutron.wsgi [None req-2fd45299-90e2-4dd0-a8ff-7569b9437a0c 3fcbdd64b6864855b262fd98765bca91 1e40ba1f207e4dd5806da3a62b1a85b9 - - default default] 10.0.0.61 "DELETE /v2.0/security-groups/cbcfd377-8120-4b34-8184-a0d035efa413 HTTP/1.1" status: 204 len: 168 time: 0.2411809
2026-06-02 08:05:33.729 9 INFO neutron.wsgi [None req-568ff4af-7e81-456a-8133-56cdea38897c dd3b4c8e320e4f51958cb027a7f7227f b711f952724841cc92a359f93e7e71ff - - default default] 10.0.0.61 "DELETE /v2.0/networks/eb12203b-23c5-42e8-b4a9-2dc719d37ec8 HTTP/1.1" status: 204 len: 168 time: 0.4243619
2026-06-02 08:05:34.162 9 INFO neutron.wsgi [req-5c032e53-db83-47e8-8317-7f3f0f88c940 req-bd60a889-3989-4516-969e-494e376d6139 7cac11f642ec4e8f8f02485beb938220 387b77d2c4e445feaf4cd113565d2da7 - - default default] 199.204.45.205 "GET /v2.0/networks?id=1b5b56f4-cf56-4642-8424-e57bf2a016db HTTP/1.1" status: 200 len: 903 time: 0.0632679
2026-06-02 08:05:34.195 9 INFO neutron.services.segments.plugin [-] Segment ba6895f6-dcae-411f-a921-845473783655 resource provider aggregate not found
2026-06-02 08:05:34.227 9 INFO neutron.services.segments.plugin [-] Segment ba6895f6-dcae-411f-a921-845473783655 resource provider not found; error: Placement Client Error (4xx): {"errors": [{"status": 404, "title": "Not Found", "detail": "The resource could not be found.\n\n No resource provider with uuid ba6895f6-dcae-411f-a921-845473783655 found for delete ", "request_id": "req-2b7dd3a2-4cfe-4da7-9573-263def617234"}]}
2026-06-02 08:05:34.228 9 INFO neutron.services.segments.plugin [-] Segment ba6895f6-dcae-411f-a921-845473783655 resource provider aggregate not found
2026-06-02 08:05:34.235 10 INFO neutron.services.segments.plugin [-] Segment ee6d06d8-c8ee-4a98-85d6-cd0b5ff13a4a resource provider aggregate not found
2026-06-02 08:05:34.242 9 INFO neutron.services.segments.plugin [-] Segment ba6895f6-dcae-411f-a921-845473783655 resource provider not found; error: Placement Client Error (4xx): {"errors": [{"status": 404, "title": "Not Found", "detail": "The resource could not be found.\n\n No resource provider with uuid ba6895f6-dcae-411f-a921-845473783655 found for delete ", "request_id": "req-d2a79c85-5c08-4809-a413-e577ba90577b"}]}
2026-06-02 08:05:34.244 10 INFO neutron.services.segments.plugin [-] Segment ee6d06d8-c8ee-4a98-85d6-cd0b5ff13a4a resource provider aggregate not found
