2026-06-02 08:04:02.761 9 INFO neutron.db.ovn_revision_numbers_db [None req-b5c2735f-1b6a-4a6c-becd-d0de8eccb141 3b12303d41c84f98b9140a38ef09af88 fa9d049636f9409a87f407a460b2e336 - - default default] Successfully bumped revision number for resource 4a161be2-46cb-4f30-a529-e1c60776e1ae (type: ports) to 1
2026-06-02 08:04:02.774 9 WARNING neutron.scheduler.dhcp_agent_scheduler [None req-c98c30d7-6960-4fdd-a894-f2cf3ab093b0 e23c18dddb43483d8b0fc35f996a8451 8195b52efcd04e92b39ae3f51c964f6a - - default default] No more DHCP agents
2026-06-02 08:04:02.789 9 WARNING neutron.api.rpc.agentnotifiers.dhcp_rpc_agent_api [None req-c98c30d7-6960-4fdd-a894-f2cf3ab093b0 e23c18dddb43483d8b0fc35f996a8451 8195b52efcd04e92b39ae3f51c964f6a - - default default] Unable to schedule network b6bd1690-cfb1-46e2-8599-86df5504ce1a: no agents available; will retry on subsequent port and subnet creation events.
2026-06-02 08:04:02.843 9 INFO neutron.db.ovn_revision_numbers_db [None req-c98c30d7-6960-4fdd-a894-f2cf3ab093b0 e23c18dddb43483d8b0fc35f996a8451 8195b52efcd04e92b39ae3f51c964f6a - - default default] Successfully bumped revision number for resource c9b5c987-d9a5-494a-9573-fe26aa4b45ad (type: subnets) to 0
2026-06-02 08:04:02.869 9 INFO neutron.wsgi [None req-c98c30d7-6960-4fdd-a894-f2cf3ab093b0 e23c18dddb43483d8b0fc35f996a8451 8195b52efcd04e92b39ae3f51c964f6a - - default default] 10.0.0.61 "POST /v2.0/subnets HTTP/1.1" status: 201 len: 821 time: 0.4695392
2026-06-02 08:04:02.881 10 WARNING neutron_lib.context [None req-4854fddd-fb6a-47d5-a5f6-e11291efe95d e23c18dddb43483d8b0fc35f996a8451 8195b52efcd04e92b39ae3f51c964f6a - - default default] Method 'is_advsvc' is deprecated since 2023.2 release (neutron-lib 3.8.0) and will be removed once support for the old RBAC API policies will be removed from Neutron. Please use method 'is_service_role' instead.
2026-06-02 08:04:03.055 10 INFO neutron.db.ovn_revision_numbers_db [None req-4854fddd-fb6a-47d5-a5f6-e11291efe95d e23c18dddb43483d8b0fc35f996a8451 8195b52efcd04e92b39ae3f51c964f6a - - default default] Successfully bumped revision number for resource 03989d3e-a204-4335-98f0-6836dd15c9cb (type: routers) to 1
2026-06-02 08:04:03.076 10 INFO neutron.wsgi [None req-4854fddd-fb6a-47d5-a5f6-e11291efe95d e23c18dddb43483d8b0fc35f996a8451 8195b52efcd04e92b39ae3f51c964f6a - - default default] 10.0.0.61 "POST /v2.0/routers HTTP/1.1" status: 201 len: 690 time: 0.1997073
2026-06-02 08:04:03.236 9 INFO neutron.db.ovn_revision_numbers_db [None req-0f7d5cad-ff9a-41e5-82a2-3d0729cc3cc5 3fcbdd64b6864855b262fd98765bca91 1e40ba1f207e4dd5806da3a62b1a85b9 - - default default] Successfully bumped revision number for resource 7e387b6d-eddd-4a86-97d4-8c55a51018ef (type: security_groups) to 1
2026-06-02 08:04:03.263 9 INFO neutron.db.ovn_revision_numbers_db [None req-0f7d5cad-ff9a-41e5-82a2-3d0729cc3cc5 3fcbdd64b6864855b262fd98765bca91 1e40ba1f207e4dd5806da3a62b1a85b9 - - default default] Successfully bumped revision number for resource 0d88b28d-c41d-4bd9-a0e2-25afc0de194a (type: security_group_rules) to 0
2026-06-02 08:04:03.278 9 INFO neutron.db.ovn_revision_numbers_db [None req-0f7d5cad-ff9a-41e5-82a2-3d0729cc3cc5 3fcbdd64b6864855b262fd98765bca91 1e40ba1f207e4dd5806da3a62b1a85b9 - - default default] Successfully bumped revision number for resource 7738c55b-d96d-42ae-bfdc-cd2cecc2227d (type: security_group_rules) to 0
2026-06-02 08:04:03.298 9 INFO neutron.db.ovn_revision_numbers_db [None req-0f7d5cad-ff9a-41e5-82a2-3d0729cc3cc5 3fcbdd64b6864855b262fd98765bca91 1e40ba1f207e4dd5806da3a62b1a85b9 - - default default] Successfully bumped revision number for resource 9bfa5243-9318-4839-8505-ca56f33e8f55 (type: security_group_rules) to 0
2026-06-02 08:04:03.321 9 INFO neutron.db.ovn_revision_numbers_db [None req-0f7d5cad-ff9a-41e5-82a2-3d0729cc3cc5 3fcbdd64b6864855b262fd98765bca91 1e40ba1f207e4dd5806da3a62b1a85b9 - - default default] Successfully bumped revision number for resource f17aa1e6-0ab5-4de9-8e26-9ac0d424db1a (type: security_group_rules) to 0
2026-06-02 08:04:03.352 9 INFO neutron.wsgi [None req-0f7d5cad-ff9a-41e5-82a2-3d0729cc3cc5 3fcbdd64b6864855b262fd98765bca91 1e40ba1f207e4dd5806da3a62b1a85b9 - - default default] 10.0.0.61 "GET /v2.0/security-groups?tenant_id=39e360e1b96d431b842a8ff3ac4048cc&name=default HTTP/1.1" status: 200 len: 2996 time: 0.4703724
2026-06-02 08:04:03.371 9 INFO neutron.plugins.ml2.drivers.ovn.mech_driver.mech_driver [None req-55556a73-82d0-4f60-abfe-e03503b5e14e - - - - - -] OVN reports status up for port: 4a161be2-46cb-4f30-a529-e1c60776e1ae
2026-06-02 08:04:03.388 10 INFO neutron.plugins.ml2.drivers.ovn.mech_driver.ovsdb.ovsdb_monitor [None req-10e030fe-8341-4e9a-bc18-54bad0660876 - - - - - -] Router 73563632-09b7-4aea-8912-e4227ebc3629 is bound to host instance
2026-06-02 08:04:03.399 9 INFO neutron.plugins.ml2.plugin [None req-55556a73-82d0-4f60-abfe-e03503b5e14e - - - - - -] Attempt 1 to provision port 4a161be2-46cb-4f30-a529-e1c60776e1ae
2026-06-02 08:04:03.424 9 INFO neutron.db.ovn_revision_numbers_db [None req-b5c2735f-1b6a-4a6c-becd-d0de8eccb141 3b12303d41c84f98b9140a38ef09af88 fa9d049636f9409a87f407a460b2e336 - - default default] Successfully bumped revision number for resource 4a161be2-46cb-4f30-a529-e1c60776e1ae (type: router_ports) to 1
2026-06-02 08:04:03.509 10 INFO neutron.db.ovn_revision_numbers_db [None req-1b1a06df-6172-4a1c-8ff6-09c07087744f 7486b52f48cd4009a6fca859269a2ee7 6d9e04714f3f4bd395312073450332cf - - default default] Successfully bumped revision number for resource c31a142b-212f-4bc6-b8f8-f0ab7b3b9789 (type: ports) to 2
2026-06-02 08:04:03.531 9 INFO neutron.db.ovn_revision_numbers_db [None req-b5c2735f-1b6a-4a6c-becd-d0de8eccb141 3b12303d41c84f98b9140a38ef09af88 fa9d049636f9409a87f407a460b2e336 - - default default] Successfully bumped revision number for resource 73563632-09b7-4aea-8912-e4227ebc3629 (type: routers) to 2
2026-06-02 08:04:03.551 9 INFO neutron.wsgi [None req-b5c2735f-1b6a-4a6c-becd-d0de8eccb141 3b12303d41c84f98b9140a38ef09af88 fa9d049636f9409a87f407a460b2e336 - - default default] 10.0.0.61 "POST /v2.0/routers HTTP/1.1" status: 201 len: 874 time: 1.9291697
2026-06-02 08:04:03.658 9 INFO neutron.wsgi [None req-93dfcc73-4d34-4f6f-94cd-82b7c474c001 3fcbdd64b6864855b262fd98765bca91 1e40ba1f207e4dd5806da3a62b1a85b9 - - default default] 10.0.0.61 "DELETE /v2.0/security-groups/7e387b6d-eddd-4a86-97d4-8c55a51018ef HTTP/1.1" status: 204 len: 168 time: 0.2991281
2026-06-02 08:04:03.759 9 INFO neutron.wsgi [None req-d557fdb0-a1b5-41d9-8471-4e1c93e98bbe eb70799165084fd19cdecf5a7c19e678 b5b147e8f29f41839332955c085b5a63 - - default default] 10.0.0.61 "GET /v2.0/subnets?project_id=fa9d049636f9409a87f407a460b2e336&cidr=10.100.0.0%2F28 HTTP/1.1" status: 200 len: 207 time: 0.2016606
2026-06-02 08:04:03.810 10 INFO neutron.db.ovn_revision_numbers_db [None req-1b1a06df-6172-4a1c-8ff6-09c07087744f 7486b52f48cd4009a6fca859269a2ee7 6d9e04714f3f4bd395312073450332cf - - default default] Successfully bumped revision number for resource 833de852-46c3-4297-adf2-5272bf428407 (type: subnets) to 0
2026-06-02 08:04:03.856 9 INFO neutron.wsgi [None req-be5c6da8-ccf2-4aeb-932e-6ec92f99d631 eb70799165084fd19cdecf5a7c19e678 b5b147e8f29f41839332955c085b5a63 - - default default] 10.0.0.61 "GET /v2.0/networks?router%3Aexternal=True HTTP/1.1" status: 200 len: 947 time: 0.0913851
2026-06-02 08:04:03.867 10 WARNING neutron.scheduler.dhcp_agent_scheduler [None req-1b1a06df-6172-4a1c-8ff6-09c07087744f 7486b52f48cd4009a6fca859269a2ee7 6d9e04714f3f4bd395312073450332cf - - default default] No more DHCP agents
2026-06-02 08:04:03.880 10 WARNING neutron.api.rpc.agentnotifiers.dhcp_rpc_agent_api [None req-1b1a06df-6172-4a1c-8ff6-09c07087744f 7486b52f48cd4009a6fca859269a2ee7 6d9e04714f3f4bd395312073450332cf - - default default] Unable to schedule network e6035398-c99e-4bbe-b7d5-96b71b3dbc03: no agents available; will retry on subsequent port and subnet creation events.
2026-06-02 08:04:03.880 9 INFO neutron.wsgi [None req-24efb5ee-b20f-4910-b78b-99784c4ec6c9 eb70799165084fd19cdecf5a7c19e678 b5b147e8f29f41839332955c085b5a63 - - default default] 10.0.0.61 "GET /v2.0/subnets?network_id=009643ca-0698-4d95-a885-e178c788133c&cidr=10.100.0.0%2F28 HTTP/1.1" status: 200 len: 207 time: 0.0185161
2026-06-02 08:04:03.888 9 WARNING neutron_lib.context [None req-7c0d5f45-c82a-41b5-bb4a-431bc711d9f0 3b12303d41c84f98b9140a38ef09af88 fa9d049636f9409a87f407a460b2e336 - - default default] Method 'is_advsvc' is deprecated since 2023.2 release (neutron-lib 3.8.0) and will be removed once support for the old RBAC API policies will be removed from Neutron. Please use method 'is_service_role' instead.
2026-06-02 08:04:03.898 10 WARNING neutron.scheduler.dhcp_agent_scheduler [None req-7ad900ae-140c-4714-8ea9-3c3c992715a2 e23c18dddb43483d8b0fc35f996a8451 8195b52efcd04e92b39ae3f51c964f6a - - default default] No more DHCP agents
2026-06-02 08:04:03.903 10 WARNING neutron.api.rpc.agentnotifiers.dhcp_rpc_agent_api [None req-7ad900ae-140c-4714-8ea9-3c3c992715a2 e23c18dddb43483d8b0fc35f996a8451 8195b52efcd04e92b39ae3f51c964f6a - - default default] Unable to schedule network b6bd1690-cfb1-46e2-8599-86df5504ce1a: no agents available; will retry on subsequent port and subnet creation events.
2026-06-02 08:04:04.180 10 INFO neutron.db.ovn_revision_numbers_db [None req-7ad900ae-140c-4714-8ea9-3c3c992715a2 e23c18dddb43483d8b0fc35f996a8451 8195b52efcd04e92b39ae3f51c964f6a - - default default] Successfully bumped revision number for resource 1a471d0d-a600-4792-8a9f-cc37500c73b1 (type: ports) to 1
2026-06-02 08:04:04.185 9 INFO neutron.db.ovn_revision_numbers_db [None req-95b36a71-1651-4848-badc-af972844c620 3fcbdd64b6864855b262fd98765bca91 1e40ba1f207e4dd5806da3a62b1a85b9 - - default default] Successfully bumped revision number for resource 76fbe4c5-6a59-4f8a-bb39-93614f200355 (type: security_groups) to 1
2026-06-02 08:04:04.215 9 INFO neutron.db.ovn_revision_numbers_db [None req-95b36a71-1651-4848-badc-af972844c620 3fcbdd64b6864855b262fd98765bca91 1e40ba1f207e4dd5806da3a62b1a85b9 - - default default] Successfully bumped revision number for resource 18d36f95-3b8b-4a2b-99c3-a6d6a2611803 (type: security_group_rules) to 0
2026-06-02 08:04:04.236 9 INFO neutron.db.ovn_revision_numbers_db [None req-95b36a71-1651-4848-badc-af972844c620 3fcbdd64b6864855b262fd98765bca91 1e40ba1f207e4dd5806da3a62b1a85b9 - - default default] Successfully bumped revision number for resource d2ee9612-d475-4378-a976-8c186bad0b28 (type: security_group_rules) to 0
2026-06-02 08:04:04.251 9 INFO neutron.db.ovn_revision_numbers_db [None req-95b36a71-1651-4848-badc-af972844c620 3fcbdd64b6864855b262fd98765bca91 1e40ba1f207e4dd5806da3a62b1a85b9 - - default default] Successfully bumped revision number for resource e3bade50-4c19-464a-a5c8-b4d29e07e6e4 (type: security_group_rules) to 0
2026-06-02 08:04:04.267 9 INFO neutron.db.ovn_revision_numbers_db [None req-95b36a71-1651-4848-badc-af972844c620 3fcbdd64b6864855b262fd98765bca91 1e40ba1f207e4dd5806da3a62b1a85b9 - - default default] Successfully bumped revision number for resource ff7015a1-345e-4d89-a0dc-bdb48275ec79 (type: security_group_rules) to 0
2026-06-02 08:04:04.303 9 INFO neutron.wsgi [None req-95b36a71-1651-4848-badc-af972844c620 3fcbdd64b6864855b262fd98765bca91 1e40ba1f207e4dd5806da3a62b1a85b9 - - default default] 10.0.0.61 "GET /v2.0/security-groups?tenant_id=0160f04a95cb493aa72e7d2fefa383ca&name=default HTTP/1.1" status: 200 len: 2996 time: 0.5075669
2026-06-02 08:04:04.381 9 WARNING neutron.scheduler.dhcp_agent_scheduler [None req-7c0d5f45-c82a-41b5-bb4a-431bc711d9f0 3b12303d41c84f98b9140a38ef09af88 fa9d049636f9409a87f407a460b2e336 - - default default] No more DHCP agents
2026-06-02 08:04:04.383 9 WARNING neutron.api.rpc.agentnotifiers.dhcp_rpc_agent_api [None req-7c0d5f45-c82a-41b5-bb4a-431bc711d9f0 3b12303d41c84f98b9140a38ef09af88 fa9d049636f9409a87f407a460b2e336 - - default default] Unable to schedule network e4fd1550-b2e0-480f-a146-72f290867c23: no agents available; will retry on subsequent port and subnet creation events.
2026-06-02 08:04:04.561 10 INFO neutron.db.ovn_revision_numbers_db [None req-10e030fe-8341-4e9a-bc18-54bad0660876 - - - - - -] Successfully bumped revision number for resource 4a161be2-46cb-4f30-a529-e1c60776e1ae (type: ports) to 1
2026-06-02 08:04:04.615 9 INFO neutron.wsgi [None req-719f1fd9-dc78-4426-98c6-0d95c39c2e1a 3fcbdd64b6864855b262fd98765bca91 1e40ba1f207e4dd5806da3a62b1a85b9 - - default default] 10.0.0.61 "DELETE /v2.0/security-groups/76fbe4c5-6a59-4f8a-bb39-93614f200355 HTTP/1.1" status: 204 len: 168 time: 0.3043075
2026-06-02 08:04:04.982 9 INFO neutron.db.ovn_revision_numbers_db [None req-7c0d5f45-c82a-41b5-bb4a-431bc711d9f0 3b12303d41c84f98b9140a38ef09af88 fa9d049636f9409a87f407a460b2e336 - - default default] Successfully bumped revision number for resource b6441670-f3e2-4518-8116-270514eed278 (type: ports) to 2
2026-06-02 08:04:05.003 10 WARNING neutron.plugins.ml2.drivers.ovn.mech_driver.ovsdb.ovn_client [None req-58aec7b7-89c4-42f4-a419-d911e24f8d20 - - - - - -] No port found with ID a47b615e-6a6e-4443-b94c-a7f56dcc05ad: RuntimeError: No port found with ID a47b615e-6a6e-4443-b94c-a7f56dcc05ad
2026-06-02 08:04:05.054 9 INFO neutron.db.ovn_revision_numbers_db [None req-7c0d5f45-c82a-41b5-bb4a-431bc711d9f0 3b12303d41c84f98b9140a38ef09af88 fa9d049636f9409a87f407a460b2e336 - - default default] Successfully bumped revision number for resource 242fd44c-433d-408f-b5cb-0f681b172f76 (type: subnets) to 0
2026-06-02 08:04:05.070 9 INFO neutron.wsgi [None req-7c0d5f45-c82a-41b5-bb4a-431bc711d9f0 3b12303d41c84f98b9140a38ef09af88 fa9d049636f9409a87f407a460b2e336 - - default default] 10.0.0.61 "POST /v2.0/subnets HTTP/1.1" status: 201 len: 832 time: 1.1855452
2026-06-02 08:04:05.089 10 INFO neutron.db.ovn_revision_numbers_db [None req-1b1a06df-6172-4a1c-8ff6-09c07087744f 7486b52f48cd4009a6fca859269a2ee7 6d9e04714f3f4bd395312073450332cf - - default default] Successfully bumped revision number for resource 4b6be998-180a-4db2-94ec-981680136b43 (type: ports) to 2
2026-06-02 08:04:05.106 10 INFO neutron.db.ovn_revision_numbers_db [None req-7ad900ae-140c-4714-8ea9-3c3c992715a2 e23c18dddb43483d8b0fc35f996a8451 8195b52efcd04e92b39ae3f51c964f6a - - default default] Successfully bumped revision number for resource 1a471d0d-a600-4792-8a9f-cc37500c73b1 (type: router_ports) to 1
2026-06-02 08:04:05.172 10 INFO neutron.db.ovn_revision_numbers_db [None req-1b1a06df-6172-4a1c-8ff6-09c07087744f 7486b52f48cd4009a6fca859269a2ee7 6d9e04714f3f4bd395312073450332cf - - default default] Successfully bumped revision number for resource 11cd6a46-c511-48b3-89d9-556e6a7d0aac (type: subnets) to 0
2026-06-02 08:04:05.202 10 INFO neutron.wsgi [None req-1b1a06df-6172-4a1c-8ff6-09c07087744f 7486b52f48cd4009a6fca859269a2ee7 6d9e04714f3f4bd395312073450332cf - - default default] 10.0.0.61 "POST /v2.0/subnets HTTP/1.1" status: 201 len: 1425 time: 2.9763987
2026-06-02 08:04:05.237 10 INFO neutron.db.ovn_revision_numbers_db [None req-10e030fe-8341-4e9a-bc18-54bad0660876 - - - - - -] Successfully bumped revision number for resource 4a161be2-46cb-4f30-a529-e1c60776e1ae (type: router_ports) to 3
2026-06-02 08:04:05.265 10 INFO neutron.wsgi [None req-8768cad1-c269-480b-bb12-f818aa8cf1d4 7486b52f48cd4009a6fca859269a2ee7 6d9e04714f3f4bd395312073450332cf - - default default] 10.0.0.61 "GET /v2.0/subnets HTTP/1.1" status: 200 len: 2033 time: 0.0560284
2026-06-02 08:04:05.285 10 INFO neutron.db.ovn_revision_numbers_db [None req-7ad900ae-140c-4714-8ea9-3c3c992715a2 e23c18dddb43483d8b0fc35f996a8451 8195b52efcd04e92b39ae3f51c964f6a - - default default] Successfully bumped revision number for resource 1a471d0d-a600-4792-8a9f-cc37500c73b1 (type: ports) to 1
2026-06-02 08:04:05.369 10 WARNING neutron.scheduler.dhcp_agent_scheduler [None req-7ad900ae-140c-4714-8ea9-3c3c992715a2 e23c18dddb43483d8b0fc35f996a8451 8195b52efcd04e92b39ae3f51c964f6a - - default default] No more DHCP agents
2026-06-02 08:04:05.373 10 WARNING neutron.api.rpc.agentnotifiers.dhcp_rpc_agent_api [None req-7ad900ae-140c-4714-8ea9-3c3c992715a2 e23c18dddb43483d8b0fc35f996a8451 8195b52efcd04e92b39ae3f51c964f6a - - default default] Unable to schedule network b6bd1690-cfb1-46e2-8599-86df5504ce1a: no agents available; will retry on subsequent port and subnet creation events.
2026-06-02 08:04:05.455 10 INFO neutron.db.ovn_revision_numbers_db [None req-10e030fe-8341-4e9a-bc18-54bad0660876 - - - - - -] Successfully bumped revision number for resource 4a161be2-46cb-4f30-a529-e1c60776e1ae (type: ports) to 2
2026-06-02 08:04:05.539 10 INFO neutron.db.ovn_revision_numbers_db [None req-7ad900ae-140c-4714-8ea9-3c3c992715a2 e23c18dddb43483d8b0fc35f996a8451 8195b52efcd04e92b39ae3f51c964f6a - - default default] Successfully bumped revision number for resource 1a471d0d-a600-4792-8a9f-cc37500c73b1 (type: router_ports) to 1
2026-06-02 08:04:05.542 10 INFO neutron.wsgi [None req-7ad900ae-140c-4714-8ea9-3c3c992715a2 e23c18dddb43483d8b0fc35f996a8451 8195b52efcd04e92b39ae3f51c964f6a - - default default] 10.0.0.61 "PUT /v2.0/routers/03989d3e-a204-4335-98f0-6836dd15c9cb/add_router_interface HTTP/1.1" status: 200 len: 503 time: 2.4566915
2026-06-02 08:04:05.549 9 INFO neutron.wsgi [None req-088b5ef9-740d-47bf-b87c-0ddb79128d82 7486b52f48cd4009a6fca859269a2ee7 6d9e04714f3f4bd395312073450332cf - - default default] 10.0.0.61 "DELETE /v2.0/subnets/833de852-46c3-4297-adf2-5272bf428407 HTTP/1.1" status: 204 len: 168 time: 0.2800338
2026-06-02 08:04:05.670 10 INFO neutron.wsgi [None req-4ee402e3-8bc4-4ad8-adbb-b6fba2a45e9d e23c18dddb43483d8b0fc35f996a8451 8195b52efcd04e92b39ae3f51c964f6a - - default default] 10.0.0.61 "GET /v2.0/ports/1a471d0d-a600-4792-8a9f-cc37500c73b1 HTTP/1.1" status: 200 len: 1139 time: 0.1223621
2026-06-02 08:04:05.734 10 INFO neutron.db.ovn_revision_numbers_db [None req-10e030fe-8341-4e9a-bc18-54bad0660876 - - - - - -] Successfully bumped revision number for resource 4a161be2-46cb-4f30-a529-e1c60776e1ae (type: ports) to 4
2026-06-02 08:04:05.754 9 INFO neutron.wsgi [None req-d72c6f3b-0bcc-4e6a-ba76-311886e73406 e23c18dddb43483d8b0fc35f996a8451 8195b52efcd04e92b39ae3f51c964f6a - - default default] 10.0.0.61 "GET /v2.0/ports/1a471d0d-a600-4792-8a9f-cc37500c73b1 HTTP/1.1" status: 200 len: 1139 time: 0.0767455
2026-06-02 08:04:05.763 9 WARNING neutron.scheduler.dhcp_agent_scheduler [None req-cb30e30f-648d-4d37-a176-864d32cdf05f 3b12303d41c84f98b9140a38ef09af88 fa9d049636f9409a87f407a460b2e336 - - default default] No more DHCP agents
2026-06-02 08:04:05.769 9 WARNING neutron.api.rpc.agentnotifiers.dhcp_rpc_agent_api [None req-cb30e30f-648d-4d37-a176-864d32cdf05f 3b12303d41c84f98b9140a38ef09af88 fa9d049636f9409a87f407a460b2e336 - - default default] Unable to schedule network e4fd1550-b2e0-480f-a146-72f290867c23: no agents available; will retry on subsequent port and subnet creation events.
2026-06-02 08:04:05.887 9 INFO neutron.wsgi [None req-2ee238d3-0ded-4445-8fb8-ce9fe61805b7 7486b52f48cd4009a6fca859269a2ee7 6d9e04714f3f4bd395312073450332cf - - default default] 10.0.0.61 "DELETE /v2.0/subnets/11cd6a46-c511-48b3-89d9-556e6a7d0aac HTTP/1.1" status: 204 len: 168 time: 0.3344398
2026-06-02 08:04:05.890 10 INFO neutron.db.ovn_revision_numbers_db [None req-10e030fe-8341-4e9a-bc18-54bad0660876 - - - - - -] Successfully bumped revision number for resource 4a161be2-46cb-4f30-a529-e1c60776e1ae (type: router_ports) to 4
2026-06-02 08:04:05.934 10 INFO neutron.wsgi [None req-2cff0ed0-2340-472a-921c-3435f07dad17 7486b52f48cd4009a6fca859269a2ee7 6d9e04714f3f4bd395312073450332cf - - default default] 10.0.0.61 "GET /v2.0/subnets HTTP/1.1" status: 200 len: 820 time: 0.0409980
2026-06-02 08:04:05.989 9 INFO neutron.db.ovn_revision_numbers_db [None req-cb30e30f-648d-4d37-a176-864d32cdf05f 3b12303d41c84f98b9140a38ef09af88 fa9d049636f9409a87f407a460b2e336 - - default default] Successfully bumped revision number for resource e75b06d8-84fa-436c-bf9a-efa65202b142 (type: ports) to 1
2026-06-02 08:04:06.087 9 INFO neutron.plugins.ml2.drivers.ovn.mech_driver.mech_driver [None req-55556a73-82d0-4f60-abfe-e03503b5e14e - - - - - -] OVN reports status up for port: 1a471d0d-a600-4792-8a9f-cc37500c73b1
2026-06-02 08:04:06.113 9 INFO neutron.plugins.ml2.plugin [None req-55556a73-82d0-4f60-abfe-e03503b5e14e - - - - - -] Attempt 1 to provision port 1a471d0d-a600-4792-8a9f-cc37500c73b1
2026-06-02 08:04:06.695 9 INFO neutron.services.segments.plugin [-] Segment 22eb451b-770b-4444-a4e6-1764b5ee1253 resource provider aggregate not found
2026-06-02 08:04:06.706 9 INFO neutron.services.segments.plugin [-] Segment 22eb451b-770b-4444-a4e6-1764b5ee1253 resource provider aggregate not found
2026-06-02 08:04:06.732 9 INFO neutron.services.segments.plugin [-] Segment 22eb451b-770b-4444-a4e6-1764b5ee1253 resource provider not found; error: Placement Client Error (4xx): {"errors": [{"status": 404, "title": "Not Found", "detail": "The resource could not be found.\n\n No resource provider with uuid 22eb451b-770b-4444-a4e6-1764b5ee1253 found for delete ", "request_id": "req-b6fb6f1e-433a-4e90-a0e9-b02d922e3890"}]}
2026-06-02 08:04:06.733 9 INFO neutron.services.segments.plugin [-] Segment 22eb451b-770b-4444-a4e6-1764b5ee1253 resource provider not found; error: Placement Client Error (4xx): {"errors": [{"status": 404, "title": "Not Found", "detail": "The resource could not be found.\n\n No resource provider with uuid 22eb451b-770b-4444-a4e6-1764b5ee1253 found for delete ", "request_id": "req-6a05c5b5-92f3-4126-8a0e-989f3bb122f8"}]}
2026-06-02 08:04:06.801 10 INFO neutron.wsgi [None req-6f4e252a-235a-4127-a4bf-6544fd680ad1 e23c18dddb43483d8b0fc35f996a8451 8195b52efcd04e92b39ae3f51c964f6a - - default default] 10.0.0.61 "GET /v2.0/ports/1a471d0d-a600-4792-8a9f-cc37500c73b1 HTTP/1.1" status: 200 len: 1141 time: 0.0406797
2026-06-02 08:04:06.808 9 INFO neutron.wsgi [None req-a50feb5d-2ec1-4cd7-a65d-b0310d887d6e 7486b52f48cd4009a6fca859269a2ee7 6d9e04714f3f4bd395312073450332cf - - default default] 10.0.0.61 "DELETE /v2.0/networks/e6035398-c99e-4bbe-b7d5-96b71b3dbc03 HTTP/1.1" status: 204 len: 168 time: 0.8656189
2026-06-02 08:04:06.887 9 INFO neutron.db.ovn_revision_numbers_db [None req-55556a73-82d0-4f60-abfe-e03503b5e14e - - - - - -] Successfully bumped revision number for resource 1a471d0d-a600-4792-8a9f-cc37500c73b1 (type: ports) to 2
2026-06-02 08:04:06.995 9 INFO neutron.db.ovn_revision_numbers_db [None req-cb30e30f-648d-4d37-a176-864d32cdf05f 3b12303d41c84f98b9140a38ef09af88 fa9d049636f9409a87f407a460b2e336 - - default default] Successfully bumped revision number for resource e75b06d8-84fa-436c-bf9a-efa65202b142 (type: router_ports) to 1
2026-06-02 08:04:07.013 9 INFO neutron.db.ovn_revision_numbers_db [None req-55556a73-82d0-4f60-abfe-e03503b5e14e - - - - - -] Successfully bumped revision number for resource 1a471d0d-a600-4792-8a9f-cc37500c73b1 (type: router_ports) to 2
2026-06-02 08:04:07.163 9 INFO neutron.db.ovn_revision_numbers_db [None req-cb30e30f-648d-4d37-a176-864d32cdf05f 3b12303d41c84f98b9140a38ef09af88 fa9d049636f9409a87f407a460b2e336 - - default default] Successfully bumped revision number for resource e75b06d8-84fa-436c-bf9a-efa65202b142 (type: ports) to 1
2026-06-02 08:04:07.244 9 WARNING neutron.scheduler.dhcp_agent_scheduler [None req-cb30e30f-648d-4d37-a176-864d32cdf05f 3b12303d41c84f98b9140a38ef09af88 fa9d049636f9409a87f407a460b2e336 - - default default] No more DHCP agents
2026-06-02 08:04:07.245 9 WARNING neutron.api.rpc.agentnotifiers.dhcp_rpc_agent_api [None req-cb30e30f-648d-4d37-a176-864d32cdf05f 3b12303d41c84f98b9140a38ef09af88 fa9d049636f9409a87f407a460b2e336 - - default default] Unable to schedule network e4fd1550-b2e0-480f-a146-72f290867c23: no agents available; will retry on subsequent port and subnet creation events.
2026-06-02 08:04:07.341 10 INFO neutron.services.segments.plugin [-] Segment 458cbd6a-d559-4097-aaf2-e488dfed5dd2 resource provider aggregate not found
2026-06-02 08:04:07.353 10 INFO neutron.services.segments.plugin [-] Segment 458cbd6a-d559-4097-aaf2-e488dfed5dd2 resource provider aggregate not found
2026-06-02 08:04:07.369 10 INFO neutron.services.segments.plugin [-] Segment 458cbd6a-d559-4097-aaf2-e488dfed5dd2 resource provider not found; error: Placement Client Error (4xx): {"errors": [{"status": 404, "title": "Not Found", "detail": "The resource could not be found.\n\n No resource provider with uuid 458cbd6a-d559-4097-aaf2-e488dfed5dd2 found for delete ", "request_id": "req-02052f36-f993-4215-b57a-ee01032ad138"}]}
2026-06-02 08:04:07.372 10 INFO neutron.services.segments.plugin [-] Segment 458cbd6a-d559-4097-aaf2-e488dfed5dd2 resource provider not found; error: Placement Client Error (4xx): {"errors": [{"status": 404, "title": "Not Found", "detail": "The resource could not be found.\n\n No resource provider with uuid 458cbd6a-d559-4097-aaf2-e488dfed5dd2 found for delete ", "request_id": "req-4da20f46-544c-456a-84d8-6716774933eb"}]}
2026-06-02 08:04:07.413 10 INFO neutron.wsgi [None req-4f1c93cf-e889-45b6-a069-2f2a03659dde 7486b52f48cd4009a6fca859269a2ee7 6d9e04714f3f4bd395312073450332cf - - default default] 10.0.0.61 "DELETE /v2.0/networks/8c73934e-5125-4b8a-be27-908197ea1d59 HTTP/1.1" status: 204 len: 168 time: 0.5975859
2026-06-02 08:04:07.527 9 INFO neutron.db.ovn_revision_numbers_db [None req-cb30e30f-648d-4d37-a176-864d32cdf05f 3b12303d41c84f98b9140a38ef09af88 fa9d049636f9409a87f407a460b2e336 - - default default] Successfully bumped revision number for resource e75b06d8-84fa-436c-bf9a-efa65202b142 (type: router_ports) to 1
2026-06-02 08:04:07.529 9 INFO neutron.wsgi [None req-cb30e30f-648d-4d37-a176-864d32cdf05f 3b12303d41c84f98b9140a38ef09af88 fa9d049636f9409a87f407a460b2e336 - - default default] 10.0.0.61 "PUT /v2.0/routers/73563632-09b7-4aea-8912-e4227ebc3629/add_router_interface HTTP/1.1" status: 200 len: 503 time: 2.4548841
2026-06-02 08:04:07.633 9 INFO neutron.wsgi [None req-971ff481-2574-43ad-b156-1a0daea7bf50 eb70799165084fd19cdecf5a7c19e678 b5b147e8f29f41839332955c085b5a63 - - default default] 10.0.0.61 "GET /v2.0/networks HTTP/1.1" status: 200 len: 5311 time: 0.0983329
2026-06-02 08:04:07.682 9 INFO neutron.wsgi [None req-e8fc5b8d-52a6-432b-bb02-6f53295430aa eb70799165084fd19cdecf5a7c19e678 b5b147e8f29f41839332955c085b5a63 - - default default] 10.0.0.61 "GET /v2.0/subnets HTTP/1.1" status: 200 len: 2727 time: 0.0443854
2026-06-02 08:04:07.805 9 INFO neutron.wsgi [None req-a11c53de-66fd-4977-8353-140eecb6cc00 eb70799165084fd19cdecf5a7c19e678 b5b147e8f29f41839332955c085b5a63 - - default default] 10.0.0.61 "GET /v2.0/routers HTTP/1.1" status: 200 len: 1366 time: 0.1169112
2026-06-02 08:04:07.876 9 WARNING neutron_lib.context [None req-92922859-a918-4446-b4e6-471dfb971ecb 3b12303d41c84f98b9140a38ef09af88 fa9d049636f9409a87f407a460b2e336 - - default default] Method 'is_advsvc' is deprecated since 2023.2 release (neutron-lib 3.8.0) and will be removed once support for the old RBAC API policies will be removed from Neutron. Please use method 'is_service_role' instead.
2026-06-02 08:04:07.899 10 INFO neutron.wsgi [None req-ed733140-72f0-457b-8b29-e68fca0439bf e23c18dddb43483d8b0fc35f996a8451 8195b52efcd04e92b39ae3f51c964f6a - - default default] 10.0.0.61 "PUT /v2.0/routers/03989d3e-a204-4335-98f0-6836dd15c9cb/remove_router_interface HTTP/1.1" status: 200 len: 503 time: 1.0931888
2026-06-02 08:04:07.922 9 INFO neutron.wsgi [None req-7af69717-02f6-4a51-be56-f0f55fe26028 e23c18dddb43483d8b0fc35f996a8451 8195b52efcd04e92b39ae3f51c964f6a - - default default] 10.0.0.61 "GET /v2.0/ports?device_id=03989d3e-a204-4335-98f0-6836dd15c9cb HTTP/1.1" status: 200 len: 205 time: 0.0175881
2026-06-02 08:04:08.085 9 INFO neutron.db.ovn_revision_numbers_db [None req-92922859-a918-4446-b4e6-471dfb971ecb 3b12303d41c84f98b9140a38ef09af88 fa9d049636f9409a87f407a460b2e336 - - default default] Successfully bumped revision number for resource 440e234e-df8e-475a-9d7a-a62a3f54384c (type: security_groups) to 1
2026-06-02 08:04:08.107 10 INFO neutron.wsgi [None req-04ecc4aa-2097-44eb-a1eb-5d946b89ce13 7486b52f48cd4009a6fca859269a2ee7 6d9e04714f3f4bd395312073450332cf - - default default] 10.0.0.61 "DELETE /v2.0/networks/72112125-41ba-4891-abcd-cd207aca447a HTTP/1.1" status: 204 len: 168 time: 0.6869864
2026-06-02 08:04:08.128 9 INFO neutron.db.ovn_revision_numbers_db [None req-92922859-a918-4446-b4e6-471dfb971ecb 3b12303d41c84f98b9140a38ef09af88 fa9d049636f9409a87f407a460b2e336 - - default default] Successfully bumped revision number for resource 411e714b-a640-47a9-bbca-b58372c7fcec (type: security_group_rules) to 0
2026-06-02 08:04:08.193 9 INFO neutron.db.ovn_revision_numbers_db [None req-92922859-a918-4446-b4e6-471dfb971ecb 3b12303d41c84f98b9140a38ef09af88 fa9d049636f9409a87f407a460b2e336 - - default default] Successfully bumped revision number for resource 923b89cb-c53a-4745-bc77-56ee582194a3 (type: security_group_rules) to 0
2026-06-02 08:04:08.222 9 INFO neutron.wsgi [None req-92922859-a918-4446-b4e6-471dfb971ecb 3b12303d41c84f98b9140a38ef09af88 fa9d049636f9409a87f407a460b2e336 - - default default] 10.0.0.61 "POST /v2.0/security-groups HTTP/1.1" status: 201 len: 1809 time: 0.3535485
2026-06-02 08:04:08.231 9 WARNING neutron_lib.context [None req-a8f8b519-3763-4962-9373-1ed6e8f33f8b 3b12303d41c84f98b9140a38ef09af88 fa9d049636f9409a87f407a460b2e336 - - default default] Method 'is_advsvc' is deprecated since 2023.2 release (neutron-lib 3.8.0) and will be removed once support for the old RBAC API policies will be removed from Neutron. Please use method 'is_service_role' instead.
2026-06-02 08:04:08.240 9 INFO neutron.wsgi [None req-9502c939-0fec-4076-a187-cd80470fc47d e23c18dddb43483d8b0fc35f996a8451 8195b52efcd04e92b39ae3f51c964f6a - - default default] 10.0.0.61 "DELETE /v2.0/routers/03989d3e-a204-4335-98f0-6836dd15c9cb HTTP/1.1" status: 204 len: 168 time: 0.3099482 /var/lib/openstack/lib/python3.10/site-packages/pycadf/identifier.py:71: UserWarning: Invalid uuid: neutron. To ensure interoperability, identifiers should be a valid uuid. warnings.warn(('Invalid uuid: %s. To ensure interoperability, '
2026-06-02 08:04:08.407 10 INFO neutron.wsgi [None req-426c8585-f4ac-4280-b721-4548de3fc38c e23c18dddb43483d8b0fc35f996a8451 8195b52efcd04e92b39ae3f51c964f6a - - default default] 10.0.0.61 "DELETE /v2.0/subnets/c9b5c987-d9a5-494a-9573-fe26aa4b45ad HTTP/1.1" status: 204 len: 168 time: 0.1584029
2026-06-02 08:04:08.648 9 INFO neutron.db.ovn_revision_numbers_db [None req-a8f8b519-3763-4962-9373-1ed6e8f33f8b 3b12303d41c84f98b9140a38ef09af88 fa9d049636f9409a87f407a460b2e336 - - default default] Successfully bumped revision number for resource 45a43696-970f-43b9-8232-6d0123849076 (type: security_group_rules) to 0
2026-06-02 08:04:08.678 9 INFO neutron.wsgi [None req-a8f8b519-3763-4962-9373-1ed6e8f33f8b 3b12303d41c84f98b9140a38ef09af88 fa9d049636f9409a87f407a460b2e336 - - default default] 10.0.0.61 "POST /v2.0/security-group-rules HTTP/1.1" status: 201 len: 764 time: 0.4517517
2026-06-02 08:04:08.689 10 WARNING neutron_lib.context [None req-41fedd55-dbd3-4dba-95d2-440301e4ede8 3b12303d41c84f98b9140a38ef09af88 fa9d049636f9409a87f407a460b2e336 - - default default] Method 'is_advsvc' is deprecated since 2023.2 release (neutron-lib 3.8.0) and will be removed once support for the old RBAC API policies will be removed from Neutron. Please use method 'is_service_role' instead.
2026-06-02 08:04:08.822 9 INFO neutron.services.segments.plugin [-] Segment 5d5407cc-2adb-43db-9e06-4e9792ceace9 resource provider aggregate not found
2026-06-02 08:04:08.827 9 INFO neutron.services.segments.plugin [-] Segment 5d5407cc-2adb-43db-9e06-4e9792ceace9 resource provider aggregate not found
2026-06-02 08:04:08.839 10 INFO neutron.wsgi [None req-5c261845-4e2b-4b1d-9156-208f33f3b089 e23c18dddb43483d8b0fc35f996a8451 8195b52efcd04e92b39ae3f51c964f6a - - default default] 10.0.0.61 "DELETE /v2.0/networks/b6bd1690-cfb1-46e2-8599-86df5504ce1a HTTP/1.1" status: 204 len: 168 time: 0.4266500
2026-06-02 08:04:08.850 9 WARNING neutron_lib.context [None req-89ab9271-7891-4c75-9754-808c9f6747e0 e23c18dddb43483d8b0fc35f996a8451 8195b52efcd04e92b39ae3f51c964f6a - - default default] Method 'is_advsvc' is deprecated since 2023.2 release (neutron-lib 3.8.0) and will be removed once support for the old RBAC API policies will be removed from Neutron. Please use method 'is_service_role' instead.
2026-06-02 08:04:08.855 9 INFO neutron.services.segments.plugin [-] Segment 5d5407cc-2adb-43db-9e06-4e9792ceace9 resource provider not found; error: Placement Client Error (4xx): {"errors": [{"status": 404, "title": "Not Found", "detail": "The resource could not be found.\n\n No resource provider with uuid 5d5407cc-2adb-43db-9e06-4e9792ceace9 found for delete ", "request_id": "req-f1e44948-3e50-4631-aaab-f11548f53b88"}]}
2026-06-02 08:04:08.855 9 INFO neutron.services.segments.plugin [-] Segment 5d5407cc-2adb-43db-9e06-4e9792ceace9 resource provider not found; error: Placement Client Error (4xx): {"errors": [{"status": 404, "title": "Not Found", "detail": "The resource could not be found.\n\n No resource provider with uuid 5d5407cc-2adb-43db-9e06-4e9792ceace9 found for delete ", "request_id": "req-f41b5816-55a1-48d3-a6e9-b546a4069d87"}]}
2026-06-02 08:04:08.875 9 INFO neutron.wsgi [None req-a058bb20-17e6-4bc6-81b3-00742746f5a8 7486b52f48cd4009a6fca859269a2ee7 6d9e04714f3f4bd395312073450332cf - - default default] 10.0.0.61 "DELETE /v2.0/networks/5fa79033-8775-4e65-a7a6-bde0825c8bf2 HTTP/1.1" status: 204 len: 168 time: 0.7635810
2026-06-02 08:04:08.890 10 INFO neutron.db.ovn_revision_numbers_db [None req-41fedd55-dbd3-4dba-95d2-440301e4ede8 3b12303d41c84f98b9140a38ef09af88 fa9d049636f9409a87f407a460b2e336 - - default default] Successfully bumped revision number for resource f2f614ab-2257-4ca4-8f60-ab3bad2a2de4 (type: security_group_rules) to 0
2026-06-02 08:04:08.914 10 INFO neutron.wsgi [None req-41fedd55-dbd3-4dba-95d2-440301e4ede8 3b12303d41c84f98b9140a38ef09af88 fa9d049636f9409a87f407a460b2e336 - - default default] 10.0.0.61 "POST /v2.0/security-group-rules HTTP/1.1" status: 201 len: 763 time: 0.2303574
2026-06-02 08:04:08.926 9 WARNING neutron_lib.context [None req-b96a827f-4f8c-457e-be98-1ca1f41d04bd 3b12303d41c84f98b9140a38ef09af88 fa9d049636f9409a87f407a460b2e336 - - default default] Method 'is_advsvc' is deprecated since 2023.2 release (neutron-lib 3.8.0) and will be removed once support for the old RBAC API policies will be removed from Neutron. Please use method 'is_service_role' instead.
2026-06-02 08:04:09.158 9 INFO neutron.db.ovn_revision_numbers_db [None req-b96a827f-4f8c-457e-be98-1ca1f41d04bd 3b12303d41c84f98b9140a38ef09af88 fa9d049636f9409a87f407a460b2e336 - - default default] Successfully bumped revision number for resource 4b6b7772-90d6-44c1-9c6a-2347e5f88e8b (type: security_group_rules) to 0
2026-06-02 08:04:09.196 9 INFO neutron.wsgi [None req-b96a827f-4f8c-457e-be98-1ca1f41d04bd 3b12303d41c84f98b9140a38ef09af88 fa9d049636f9409a87f407a460b2e336 - - default default] 10.0.0.61 "POST /v2.0/security-group-rules HTTP/1.1" status: 201 len: 769 time: 0.2768636
2026-06-02 08:04:09.209 10 WARNING neutron_lib.context [None req-e7102cb9-d104-4699-a016-dd68d81a52f3 3b12303d41c84f98b9140a38ef09af88 fa9d049636f9409a87f407a460b2e336 - - default default] Method 'is_advsvc' is deprecated since 2023.2 release (neutron-lib 3.8.0) and will be removed once support for the old RBAC API policies will be removed from Neutron. Please use method 'is_service_role' instead.
2026-06-02 08:04:09.341 10 INFO neutron.db.ovn_revision_numbers_db [None req-e7102cb9-d104-4699-a016-dd68d81a52f3 3b12303d41c84f98b9140a38ef09af88 fa9d049636f9409a87f407a460b2e336 - - default default] Successfully bumped revision number for resource fb13bc70-a247-47b0-99f7-4f8b303b2afe (type: security_group_rules) to 0
2026-06-02 08:04:09.357 9 WARNING neutron.scheduler.dhcp_agent_scheduler [None req-89ab9271-7891-4c75-9754-808c9f6747e0 e23c18dddb43483d8b0fc35f996a8451 8195b52efcd04e92b39ae3f51c964f6a - - default default] No more DHCP agents
2026-06-02 08:04:09.360 9 WARNING neutron.api.rpc.agentnotifiers.dhcp_rpc_agent_api [None req-89ab9271-7891-4c75-9754-808c9f6747e0 e23c18dddb43483d8b0fc35f996a8451 8195b52efcd04e92b39ae3f51c964f6a - - default default] Unable to schedule network 009643ca-0698-4d95-a885-e178c788133c: no agents available; will retry on subsequent port and subnet creation events.
2026-06-02 08:04:09.385 10 INFO neutron.wsgi [None req-e7102cb9-d104-4699-a016-dd68d81a52f3 3b12303d41c84f98b9140a38ef09af88 fa9d049636f9409a87f407a460b2e336 - - default default] 10.0.0.61 "POST /v2.0/security-group-rules HTTP/1.1" status: 201 len: 768 time: 0.1837647
2026-06-02 08:04:09.388 10 INFO neutron.services.segments.plugin [-] Segment e2a9e777-645b-45cd-8140-a968c93a5431 resource provider aggregate not found
2026-06-02 08:04:09.402 9 WARNING neutron_lib.context [None req-c5363b10-605c-4901-9f79-88fc792b7087 3b12303d41c84f98b9140a38ef09af88 fa9d049636f9409a87f407a460b2e336 - - default default] Method 'is_advsvc' is deprecated since 2023.2 release (neutron-lib 3.8.0) and will be removed once support for the old RBAC API policies will be removed from Neutron. Please use method 'is_service_role' instead.
2026-06-02 08:04:09.402 10 INFO neutron.services.segments.plugin [-] Segment e2a9e777-645b-45cd-8140-a968c93a5431 resource provider aggregate not found
2026-06-02 08:04:09.408 10 INFO neutron.services.segments.plugin [-] Segment e2a9e777-645b-45cd-8140-a968c93a5431 resource provider not found; error: Placement Client Error (4xx): {"errors": [{"status": 404, "title": "Not Found", "detail": "The resource could not be found.\n\n No resource provider with uuid e2a9e777-645b-45cd-8140-a968c93a5431 found for delete ", "request_id": "req-8bd0219c-5eb6-48b7-9112-49c48df097d7"}]}
2026-06-02 08:04:09.422 10 INFO neutron.services.segments.plugin [-] Segment e2a9e777-645b-45cd-8140-a968c93a5431 resource provider not found; error: Placement Client Error (4xx): {"errors": [{"status": 404, "title": "Not Found", "detail": "The resource could not be found.\n\n No resource provider with uuid e2a9e777-645b-45cd-8140-a968c93a5431 found for delete ", "request_id": "req-a1871f75-e4a8-4225-8534-5ec750765e20"}]}
2026-06-02 08:04:09.428 10 INFO neutron.services.segments.plugin [-] Segment 423fd88c-60b9-4f6b-8ecc-c66bd95ca14f resource provider aggregate not found
2026-06-02 08:04:09.430 9 INFO neutron.db.securitygroups_db [None req-c5363b10-605c-4901-9f79-88fc792b7087 3b12303d41c84f98b9140a38ef09af88 fa9d049636f9409a87f407a460b2e336 - - default default] Project fa9d049636f9409a87f407a460b2e336 added a security group rule with legacy IPv6 ICMP protocol name icmp, ipv6-icmp should be used instead. It was automatically converted.
2026-06-02 08:04:09.434 10 INFO neutron.services.segments.plugin [-] Segment 423fd88c-60b9-4f6b-8ecc-c66bd95ca14f resource provider aggregate not found
2026-06-02 08:04:09.445 10 INFO neutron.services.segments.plugin [-] Segment 423fd88c-60b9-4f6b-8ecc-c66bd95ca14f resource provider not found; error: Placement Client Error (4xx): {"errors": [{"status": 404, "title": "Not Found", "detail": "The resource could not be found.\n\n No resource provider with uuid 423fd88c-60b9-4f6b-8ecc-c66bd95ca14f found for delete ", "request_id": "req-19beab16-979f-4068-96ec-78b02e91efce"}]}
2026-06-02 08:04:09.447 10 INFO neutron.services.segments.plugin [-] Segment 423fd88c-60b9-4f6b-8ecc-c66bd95ca14f resource provider not found; error: Placement Client Error (4xx): {"errors": [{"status": 404, "title": "Not Found", "detail": "The resource could not be found.\n\n No resource provider with uuid 423fd88c-60b9-4f6b-8ecc-c66bd95ca14f found for delete ", "request_id": "req-b336bd22-ae28-4a39-82d3-a62b49e3dc1a"}]}
2026-06-02 08:04:09.558 9 INFO neutron.db.ovn_revision_numbers_db [None req-89ab9271-7891-4c75-9754-808c9f6747e0 e23c18dddb43483d8b0fc35f996a8451 8195b52efcd04e92b39ae3f51c964f6a - - default default] Successfully bumped revision number for resource 959508cf-91b5-4771-8959-086f9746456b (type: ports) to 1
2026-06-02 08:04:09.565 9 INFO neutron.db.ovn_revision_numbers_db [None req-c5363b10-605c-4901-9f79-88fc792b7087 3b12303d41c84f98b9140a38ef09af88 fa9d049636f9409a87f407a460b2e336 - - default default] Successfully bumped revision number for resource 9819d3af-6b52-4d97-a61b-ba67df8d7e18 (type: security_group_rules) to 0
2026-06-02 08:04:09.615 9 INFO neutron.wsgi [None req-c5363b10-605c-4901-9f79-88fc792b7087 3b12303d41c84f98b9140a38ef09af88 fa9d049636f9409a87f407a460b2e336 - - default default] 10.0.0.61 "POST /v2.0/security-group-rules HTTP/1.1" status: 201 len: 774 time: 0.2222004
2026-06-02 08:04:09.624 9 WARNING neutron_lib.context [None req-1408d773-b1b2-4023-ae6a-3c798fe418bd 3b12303d41c84f98b9140a38ef09af88 fa9d049636f9409a87f407a460b2e336 - - default default] Method 'is_advsvc' is deprecated since 2023.2 release (neutron-lib 3.8.0) and will be removed once support for the old RBAC API policies will be removed from Neutron. Please use method 'is_service_role' instead.
2026-06-02 08:04:09.634 10 INFO neutron.wsgi [None req-e80d462e-b44b-4738-ac8d-e9d2c67396d1 3fcbdd64b6864855b262fd98765bca91 1e40ba1f207e4dd5806da3a62b1a85b9 - - default default] 10.0.0.61 "GET /v2.0/security-groups?tenant_id=6d9e04714f3f4bd395312073450332cf&name=default HTTP/1.1" status: 200 len: 2996 time: 0.2176960
2026-06-02 08:04:09.649 9 INFO neutron.db.securitygroups_db [None req-1408d773-b1b2-4023-ae6a-3c798fe418bd 3b12303d41c84f98b9140a38ef09af88 fa9d049636f9409a87f407a460b2e336 - - default default] Project fa9d049636f9409a87f407a460b2e336 added a security group rule with legacy IPv6 ICMP protocol name icmp, ipv6-icmp should be used instead. It was automatically converted.
2026-06-02 08:04:09.791 9 INFO neutron.db.ovn_revision_numbers_db [None req-1408d773-b1b2-4023-ae6a-3c798fe418bd 3b12303d41c84f98b9140a38ef09af88 fa9d049636f9409a87f407a460b2e336 - - default default] Successfully bumped revision number for resource a3aa7ae0-1e88-4b04-8247-d6a54fd5e948 (type: security_group_rules) to 0
2026-06-02 08:04:09.837 10 INFO neutron.wsgi [None req-1dc3344f-f845-4210-ab00-3987e5b7e9ed 3fcbdd64b6864855b262fd98765bca91 1e40ba1f207e4dd5806da3a62b1a85b9 - - default default] 10.0.0.61 "DELETE /v2.0/security-groups/738fc688-bcc8-4d15-85df-99d7856304a6 HTTP/1.1" status: 204 len: 168 time: 0.1984637
2026-06-02 08:04:09.839 9 INFO neutron.wsgi [None req-1408d773-b1b2-4023-ae6a-3c798fe418bd 3b12303d41c84f98b9140a38ef09af88 fa9d049636f9409a87f407a460b2e336 - - default default] 10.0.0.61 "POST /v2.0/security-group-rules HTTP/1.1" status: 201 len: 773 time: 0.2183564
2026-06-02 08:04:10.160 9 INFO neutron.db.ovn_revision_numbers_db [None req-89ab9271-7891-4c75-9754-808c9f6747e0 e23c18dddb43483d8b0fc35f996a8451 8195b52efcd04e92b39ae3f51c964f6a - - default default] Successfully bumped revision number for resource 959508cf-91b5-4771-8959-086f9746456b (type: router_ports) to 1
2026-06-02 08:04:10.243 9 INFO neutron.db.ovn_revision_numbers_db [None req-89ab9271-7891-4c75-9754-808c9f6747e0 e23c18dddb43483d8b0fc35f996a8451 8195b52efcd04e92b39ae3f51c964f6a - - default default] Successfully bumped revision number for resource ead1a65e-731b-42ee-9ac5-388b6fe1fd5d (type: routers) to 2
2026-06-02 08:04:10.258 9 INFO neutron.wsgi [None req-89ab9271-7891-4c75-9754-808c9f6747e0 e23c18dddb43483d8b0fc35f996a8451 8195b52efcd04e92b39ae3f51c964f6a - - default default] 10.0.0.61 "POST /v2.0/routers HTTP/1.1" status: 201 len: 872 time: 1.4136868
2026-06-02 08:04:10.345 9 INFO neutron.wsgi [None req-b16da0e0-4fe0-4339-9933-f119999df9da e23c18dddb43483d8b0fc35f996a8451 8195b52efcd04e92b39ae3f51c964f6a - - default default] 10.0.0.61 "GET /v2.0/routers/ead1a65e-731b-42ee-9ac5-388b6fe1fd5d HTTP/1.1" status: 200 len: 873 time: 0.0819948
2026-06-02 08:04:10.454 10 INFO neutron.wsgi [None req-845f7e90-7db5-4dfd-8bf5-5ce49ce3f8e5 3b12303d41c84f98b9140a38ef09af88 fa9d049636f9409a87f407a460b2e336 - - default default] 10.0.0.61 "GET /v2.0/networks HTTP/1.1" status: 200 len: 1493 time: 0.2425187
2026-06-02 08:04:10.490 10 INFO neutron.wsgi [None req-b0bca8d3-eb4b-492e-8bb8-80d1049f3aeb e23c18dddb43483d8b0fc35f996a8451 8195b52efcd04e92b39ae3f51c964f6a - - default default] 10.0.0.61 "GET /v2.0/routers HTTP/1.1" status: 200 len: 876 time: 0.1392109
2026-06-02 08:04:10.580 9 INFO neutron.wsgi [req-6e5b10cd-e48d-453f-9613-35c9c84fbff4 req-fc37bf58-be02-4414-80db-ba15995603c7 3b12303d41c84f98b9140a38ef09af88 fa9d049636f9409a87f407a460b2e336 - - default default] 10.0.0.195 "GET /v2.0/security-groups?name=tempest-secgroup-smoke-788105218&fields=id&tenant_id=fa9d049636f9409a87f407a460b2e336 HTTP/1.1" status: 200 len: 267 time: 0.0454257
2026-06-02 08:04:10.695 9 INFO neutron.wsgi [req-6e5b10cd-e48d-453f-9613-35c9c84fbff4 req-8504a295-7c41-4ebb-bdce-2114243d7c42 3b12303d41c84f98b9140a38ef09af88 fa9d049636f9409a87f407a460b2e336 - - default default] 10.0.0.195 "GET /v2.0/networks?id=e4fd1550-b2e0-480f-a146-72f290867c23 HTTP/1.1" status: 200 len: 860 time: 0.1073608
2026-06-02 08:04:10.711 9 INFO neutron.wsgi [req-6e5b10cd-e48d-453f-9613-35c9c84fbff4 req-c7fb053e-fd87-4e3a-9f19-de140c51db2d 3b12303d41c84f98b9140a38ef09af88 fa9d049636f9409a87f407a460b2e336 - - default default] 10.0.0.195 "GET /v2.0/quotas/fa9d049636f9409a87f407a460b2e336 HTTP/1.1" status: 200 len: 386 time: 0.0093999
2026-06-02 08:04:10.989 10 INFO neutron.db.ovn_revision_numbers_db [None req-5b84d9d6-6d43-4e24-8210-8965e2e23a01 e23c18dddb43483d8b0fc35f996a8451 8195b52efcd04e92b39ae3f51c964f6a - - default default] Successfully bumped revision number for resource ead1a65e-731b-42ee-9ac5-388b6fe1fd5d (type: routers) to 3
2026-06-02 08:04:10.992 10 INFO neutron.wsgi [None req-5b84d9d6-6d43-4e24-8210-8965e2e23a01 e23c18dddb43483d8b0fc35f996a8451 8195b52efcd04e92b39ae3f51c964f6a - - default default] 10.0.0.61 "PUT /v2.0/routers/ead1a65e-731b-42ee-9ac5-388b6fe1fd5d HTTP/1.1" status: 200 len: 880 time: 0.4970863
2026-06-02 08:04:11.066 9 INFO neutron.wsgi [req-6e5b10cd-e48d-453f-9613-35c9c84fbff4 req-af724807-18c3-45fc-a490-b42ebbda41b5 3b12303d41c84f98b9140a38ef09af88 fa9d049636f9409a87f407a460b2e336 - - default default] 10.0.0.195 "GET /v2.0/ports?tenant_id=fa9d049636f9409a87f407a460b2e336&fields=id HTTP/1.1" status: 200 len: 302 time: 0.3498266
2026-06-02 08:04:11.073 10 INFO neutron.wsgi [None req-49747258-e1e4-43f4-b188-35ed65c87073 e23c18dddb43483d8b0fc35f996a8451 8195b52efcd04e92b39ae3f51c964f6a - - default default] 10.0.0.61 "GET /v2.0/routers/ead1a65e-731b-42ee-9ac5-388b6fe1fd5d HTTP/1.1" status: 200 len: 880 time: 0.0752580
2026-06-02 08:04:11.098 10 INFO neutron.wsgi [None req-55e4b08b-2220-4937-b821-6178faa96900 e23c18dddb43483d8b0fc35f996a8451 8195b52efcd04e92b39ae3f51c964f6a - - default default] 10.0.0.61 "GET /v2.0/ports?device_id=ead1a65e-731b-42ee-9ac5-388b6fe1fd5d HTTP/1.1" status: 200 len: 205 time: 0.0193720
2026-06-02 08:04:11.138 9 INFO neutron.wsgi [req-6e5b10cd-e48d-453f-9613-35c9c84fbff4 req-41e76d4f-701a-453e-8e11-26a1690ffe8b c6925d371fdc4a20a6e51fbccf7b0b0b cc84a2ad61704963a667863291df64b3 - - dac6f60a74b34ccabcfd78cebeb9dc95 dac6f60a74b34ccabcfd78cebeb9dc95] 10.0.0.195 "GET /v2.0/networks/e4fd1550-b2e0-480f-a146-72f290867c23?fields=segments HTTP/1.1" status: 200 len: 212 time: 0.0603678
2026-06-02 08:04:11.217 9 INFO neutron.wsgi [req-6e5b10cd-e48d-453f-9613-35c9c84fbff4 req-6c689422-0d00-4bf8-a5f1-eb23ef190d02 c6925d371fdc4a20a6e51fbccf7b0b0b cc84a2ad61704963a667863291df64b3 - - dac6f60a74b34ccabcfd78cebeb9dc95 dac6f60a74b34ccabcfd78cebeb9dc95] 10.0.0.195 "GET /v2.0/networks/e4fd1550-b2e0-480f-a146-72f290867c23?fields=provider%3Aphysical_network&fields=provider%3Anetwork_type HTTP/1.1" status: 200 len: 277 time: 0.0687754
2026-06-02 08:04:11.456 10 INFO neutron.wsgi [req-e48156d7-ba9a-47cb-85bd-cab09dc65a8a req-90489289-1ae5-4870-a7ec-4717b1094910 3b12303d41c84f98b9140a38ef09af88 fa9d049636f9409a87f407a460b2e336 - - default default] 10.0.0.195 "GET /v2.0/ports?device_id=8e8d6f3c-f493-4872-8e81-eaa09d1b72e9 HTTP/1.1" status: 200 len: 210 time: 0.0243921
2026-06-02 08:04:11.734 9 WARNING neutron_lib.context [None req-9fc15234-b7ec-4335-a489-944e98ab386e 9460465e81994a0f88b5a0fd1308116b 76bfc22c73204dcd867b73da99f94609 - - default default] Method 'is_advsvc' is deprecated since 2023.2 release (neutron-lib 3.8.0) and will be removed once support for the old RBAC API policies will be removed from Neutron. Please use method 'is_service_role' instead.
2026-06-02 08:04:11.879 9 INFO neutron.db.ovn_revision_numbers_db [None req-9fc15234-b7ec-4335-a489-944e98ab386e 9460465e81994a0f88b5a0fd1308116b 76bfc22c73204dcd867b73da99f94609 - - default default] Successfully bumped revision number for resource 0fdb61bd-c59e-46bd-8868-7c3f64af3f71 (type: security_groups) to 1
2026-06-02 08:04:11.894 9 INFO neutron.db.ovn_revision_numbers_db [None req-9fc15234-b7ec-4335-a489-944e98ab386e 9460465e81994a0f88b5a0fd1308116b 76bfc22c73204dcd867b73da99f94609 - - default default] Successfully bumped revision number for resource 023cac11-eee1-4952-9461-e161b099e74c (type: security_group_rules) to 0
2026-06-02 08:04:11.913 9 INFO neutron.db.ovn_revision_numbers_db [None req-9fc15234-b7ec-4335-a489-944e98ab386e 9460465e81994a0f88b5a0fd1308116b 76bfc22c73204dcd867b73da99f94609 - - default default] Successfully bumped revision number for resource 50343538-76dc-4d09-9203-f57b545462df (type: security_group_rules) to 0
2026-06-02 08:04:11.942 9 WARNING neutron.plugins.ml2.drivers.ovn.mech_driver.ovsdb.ovn_client [None req-55556a73-82d0-4f60-abfe-e03503b5e14e - - - - - -] No port found with ID 1a471d0d-a600-4792-8a9f-cc37500c73b1: RuntimeError: No port found with ID 1a471d0d-a600-4792-8a9f-cc37500c73b1
2026-06-02 08:04:11.943 9 INFO neutron.plugins.ml2.drivers.ovn.mech_driver.mech_driver [None req-55556a73-82d0-4f60-abfe-e03503b5e14e - - - - - -] OVN reports status up for port: e75b06d8-84fa-436c-bf9a-efa65202b142
