2026-06-02 08:03:47.184 10 INFO neutron.db.ovn_revision_numbers_db [None req-fb936c9e-82da-4524-8f8c-7a943cdade87 7b45fe6635db40298bc00877b4841cc3 d72827bb1553499baf7fb1aef498943a - - default default] Successfully bumped revision number for resource 0e1b5334-949b-407c-834b-fdf92d8bb95f (type: networks) to 1
2026-06-02 08:03:47.287 9 INFO neutron.db.ovn_revision_numbers_db [None req-37de8971-f541-4ab0-8c79-5428bb697656 e23c18dddb43483d8b0fc35f996a8451 8195b52efcd04e92b39ae3f51c964f6a - - default default] Successfully bumped revision number for resource db5ddca4-6702-4082-8381-d0a33ae96743 (type: networks) to 1
2026-06-02 08:03:47.328 10 INFO neutron.wsgi [None req-70c48846-cf14-4da8-b7a7-d33a2e946fb8 9b50527a6c434a6a82c64572b0534ae6 58aacc6e3dcc42d9b2f23c545e4e3514 - - default default] 10.0.0.61 "GET /v2.0/ports/7bcb39f2-3bdf-4cbb-ac4c-5cd9444235ab HTTP/1.1" status: 200 len: 1020 time: 0.1525595
2026-06-02 08:03:47.417 10 WARNING neutron.scheduler.dhcp_agent_scheduler [None req-fb936c9e-82da-4524-8f8c-7a943cdade87 7b45fe6635db40298bc00877b4841cc3 d72827bb1553499baf7fb1aef498943a - - default default] No more DHCP agents
2026-06-02 08:03:47.419 10 WARNING neutron.api.rpc.agentnotifiers.dhcp_rpc_agent_api [None req-fb936c9e-82da-4524-8f8c-7a943cdade87 7b45fe6635db40298bc00877b4841cc3 d72827bb1553499baf7fb1aef498943a - - default default] Unable to schedule network 0e1b5334-949b-407c-834b-fdf92d8bb95f: no agents available; will retry on subsequent port and subnet creation events.
2026-06-02 08:03:47.487 9 INFO neutron.wsgi [None req-a9f07abd-792f-4724-8fe7-ac56022d2cff 9b50527a6c434a6a82c64572b0534ae6 58aacc6e3dcc42d9b2f23c545e4e3514 - - default default] 10.0.0.61 "DELETE /v2.0/trunks/41ab891e-9144-44cb-8e43-2764d2297774 HTTP/1.1" status: 204 len: 168 time: 0.1532078
2026-06-02 08:03:47.513 10 INFO neutron.db.ovn_revision_numbers_db [None req-fb936c9e-82da-4524-8f8c-7a943cdade87 7b45fe6635db40298bc00877b4841cc3 d72827bb1553499baf7fb1aef498943a - - default default] Successfully bumped revision number for resource 28f12436-9c4e-48be-8651-fa01b991b348 (type: ports) to 1
2026-06-02 08:03:47.535 9 WARNING neutron.scheduler.dhcp_agent_scheduler [None req-37de8971-f541-4ab0-8c79-5428bb697656 e23c18dddb43483d8b0fc35f996a8451 8195b52efcd04e92b39ae3f51c964f6a - - default default] No more DHCP agents
2026-06-02 08:03:47.538 10 INFO neutron.wsgi [None req-fb936c9e-82da-4524-8f8c-7a943cdade87 7b45fe6635db40298bc00877b4841cc3 d72827bb1553499baf7fb1aef498943a - - default default] 10.0.0.61 "POST /v2.0/networks HTTP/1.1" status: 201 len: 852 time: 0.6360865
2026-06-02 08:03:47.542 9 WARNING neutron.api.rpc.agentnotifiers.dhcp_rpc_agent_api [None req-37de8971-f541-4ab0-8c79-5428bb697656 e23c18dddb43483d8b0fc35f996a8451 8195b52efcd04e92b39ae3f51c964f6a - - default default] Unable to schedule network db5ddca4-6702-4082-8381-d0a33ae96743: no agents available; will retry on subsequent port and subnet creation events.
2026-06-02 08:03:47.546 10 WARNING neutron_lib.context [None req-1b6a068f-22fa-4aee-a57b-c734c57baaa9 7b45fe6635db40298bc00877b4841cc3 d72827bb1553499baf7fb1aef498943a - - default default] Method 'is_advsvc' is deprecated since 2023.2 release (neutron-lib 3.8.0) and will be removed once support for the old RBAC API policies will be removed from Neutron. Please use method 'is_service_role' instead.
2026-06-02 08:03:47.619 10 INFO neutron.db.segments_db [None req-1b6a068f-22fa-4aee-a57b-c734c57baaa9 7b45fe6635db40298bc00877b4841cc3 d72827bb1553499baf7fb1aef498943a - - default default] Added segment 390d07ae-2642-4b92-b436-2381c9ca8419 of type geneve for network 4907b397-8d5f-4d9b-851c-e94bcbe88dbf
2026-06-02 08:03:47.691 9 INFO neutron.db.ovn_revision_numbers_db [None req-37de8971-f541-4ab0-8c79-5428bb697656 e23c18dddb43483d8b0fc35f996a8451 8195b52efcd04e92b39ae3f51c964f6a - - default default] Successfully bumped revision number for resource e22df81d-ad2b-47a4-8ab9-242ef9ae3648 (type: ports) to 1
2026-06-02 08:03:47.724 9 INFO neutron.wsgi [None req-37de8971-f541-4ab0-8c79-5428bb697656 e23c18dddb43483d8b0fc35f996a8451 8195b52efcd04e92b39ae3f51c964f6a - - default default] 10.0.0.61 "POST /v2.0/networks HTTP/1.1" status: 201 len: 833 time: 0.7130263
2026-06-02 08:03:47.735 9 WARNING neutron_lib.context [None req-4e3adc65-2a59-4207-96a9-19da00b1c282 e23c18dddb43483d8b0fc35f996a8451 8195b52efcd04e92b39ae3f51c964f6a - - default default] Method 'is_advsvc' is deprecated since 2023.2 release (neutron-lib 3.8.0) and will be removed once support for the old RBAC API policies will be removed from Neutron. Please use method 'is_service_role' instead.
2026-06-02 08:03:47.754 10 INFO neutron.db.ovn_revision_numbers_db [None req-1b6a068f-22fa-4aee-a57b-c734c57baaa9 7b45fe6635db40298bc00877b4841cc3 d72827bb1553499baf7fb1aef498943a - - default default] Successfully bumped revision number for resource 4907b397-8d5f-4d9b-851c-e94bcbe88dbf (type: networks) to 1
2026-06-02 08:03:47.928 10 WARNING neutron.scheduler.dhcp_agent_scheduler [None req-1b6a068f-22fa-4aee-a57b-c734c57baaa9 7b45fe6635db40298bc00877b4841cc3 d72827bb1553499baf7fb1aef498943a - - default default] No more DHCP agents
2026-06-02 08:03:47.930 10 WARNING neutron.api.rpc.agentnotifiers.dhcp_rpc_agent_api [None req-1b6a068f-22fa-4aee-a57b-c734c57baaa9 7b45fe6635db40298bc00877b4841cc3 d72827bb1553499baf7fb1aef498943a - - default default] Unable to schedule network 4907b397-8d5f-4d9b-851c-e94bcbe88dbf: no agents available; will retry on subsequent port and subnet creation events.
2026-06-02 08:03:48.007 10 INFO neutron.db.ovn_revision_numbers_db [None req-1b6a068f-22fa-4aee-a57b-c734c57baaa9 7b45fe6635db40298bc00877b4841cc3 d72827bb1553499baf7fb1aef498943a - - default default] Successfully bumped revision number for resource 463b128b-a3e9-4c13-a90d-1a8881e98ee8 (type: ports) to 1
2026-06-02 08:03:48.029 10 INFO neutron.wsgi [None req-1b6a068f-22fa-4aee-a57b-c734c57baaa9 7b45fe6635db40298bc00877b4841cc3 d72827bb1553499baf7fb1aef498943a - - default default] 10.0.0.61 "POST /v2.0/networks HTTP/1.1" status: 201 len: 853 time: 0.4869831
2026-06-02 08:03:48.082 9 INFO neutron.wsgi [None req-15ed5654-db78-4fe3-85c6-b16331ddb22d 9b50527a6c434a6a82c64572b0534ae6 58aacc6e3dcc42d9b2f23c545e4e3514 - - default default] 10.0.0.61 "DELETE /v2.0/ports/7bcb39f2-3bdf-4cbb-ac4c-5cd9444235ab HTTP/1.1" status: 204 len: 168 time: 0.5873959
2026-06-02 08:03:48.227 9 WARNING neutron.scheduler.dhcp_agent_scheduler [None req-4e3adc65-2a59-4207-96a9-19da00b1c282 e23c18dddb43483d8b0fc35f996a8451 8195b52efcd04e92b39ae3f51c964f6a - - default default] No more DHCP agents
2026-06-02 08:03:48.231 9 WARNING neutron.api.rpc.agentnotifiers.dhcp_rpc_agent_api [None req-4e3adc65-2a59-4207-96a9-19da00b1c282 e23c18dddb43483d8b0fc35f996a8451 8195b52efcd04e92b39ae3f51c964f6a - - default default] Unable to schedule network 3d75e33b-8d69-40e1-8304-6cac53d9063d: no agents available; will retry on subsequent port and subnet creation events.
2026-06-02 08:03:48.275 9 INFO neutron.db.ovn_revision_numbers_db [None req-4e3adc65-2a59-4207-96a9-19da00b1c282 e23c18dddb43483d8b0fc35f996a8451 8195b52efcd04e92b39ae3f51c964f6a - - default default] Successfully bumped revision number for resource 3735f2b3-57b4-417a-968d-a040dc10a346 (type: subnets) to 0
2026-06-02 08:03:48.294 9 INFO neutron.wsgi [None req-4e3adc65-2a59-4207-96a9-19da00b1c282 e23c18dddb43483d8b0fc35f996a8451 8195b52efcd04e92b39ae3f51c964f6a - - default default] 10.0.0.61 "POST /v2.0/subnets HTTP/1.1" status: 201 len: 821 time: 0.5646060
2026-06-02 08:03:48.304 9 WARNING neutron_lib.context [None req-d2a76988-3215-48ad-baea-3be010dc8e2b e23c18dddb43483d8b0fc35f996a8451 8195b52efcd04e92b39ae3f51c964f6a - - default default] Method 'is_advsvc' is deprecated since 2023.2 release (neutron-lib 3.8.0) and will be removed once support for the old RBAC API policies will be removed from Neutron. Please use method 'is_service_role' instead.
2026-06-02 08:03:48.510 10 WARNING neutron_lib.context [None req-40f590bf-e36f-41aa-a4ee-ac5f453933ce 7b45fe6635db40298bc00877b4841cc3 d72827bb1553499baf7fb1aef498943a - - default default] Method 'is_advsvc' is deprecated since 2023.2 release (neutron-lib 3.8.0) and will be removed once support for the old RBAC API policies will be removed from Neutron. Please use method 'is_service_role' instead.
2026-06-02 08:03:48.552 10 INFO neutron.services.segments.plugin [-] Segment 69c6fa55-55f6-4f54-8be7-91847c23a8f2 resource provider aggregate not found
2026-06-02 08:03:48.557 9 WARNING neutron.scheduler.dhcp_agent_scheduler [None req-d2a76988-3215-48ad-baea-3be010dc8e2b e23c18dddb43483d8b0fc35f996a8451 8195b52efcd04e92b39ae3f51c964f6a - - default default] No more DHCP agents
2026-06-02 08:03:48.560 9 WARNING neutron.api.rpc.agentnotifiers.dhcp_rpc_agent_api [None req-d2a76988-3215-48ad-baea-3be010dc8e2b e23c18dddb43483d8b0fc35f996a8451 8195b52efcd04e92b39ae3f51c964f6a - - default default] Unable to schedule network db5ddca4-6702-4082-8381-d0a33ae96743: no agents available; will retry on subsequent port and subnet creation events.
2026-06-02 08:03:48.562 10 INFO neutron.services.segments.plugin [-] Segment 69c6fa55-55f6-4f54-8be7-91847c23a8f2 resource provider aggregate not found
2026-06-02 08:03:48.578 10 INFO neutron.services.segments.plugin [-] Segment 69c6fa55-55f6-4f54-8be7-91847c23a8f2 resource provider not found; error: Placement Client Error (4xx): {"errors": [{"status": 404, "title": "Not Found", "detail": "The resource could not be found.\n\n No resource provider with uuid 69c6fa55-55f6-4f54-8be7-91847c23a8f2 found for delete ", "request_id": "req-26e43476-64c6-4ef7-ae12-371c6c7a1d1d"}]}
2026-06-02 08:03:48.579 10 INFO neutron.services.segments.plugin [-] Segment 69c6fa55-55f6-4f54-8be7-91847c23a8f2 resource provider not found; error: Placement Client Error (4xx): {"errors": [{"status": 404, "title": "Not Found", "detail": "The resource could not be found.\n\n No resource provider with uuid 69c6fa55-55f6-4f54-8be7-91847c23a8f2 found for delete ", "request_id": "req-5657ac58-4644-4667-b040-8082da582bcb"}]}
2026-06-02 08:03:48.591 10 WARNING neutron_lib.context [None req-40f590bf-e36f-41aa-a4ee-ac5f453933ce 7b45fe6635db40298bc00877b4841cc3 d72827bb1553499baf7fb1aef498943a - - default default] Method 'is_advsvc' is deprecated since 2023.2 release (neutron-lib 3.8.0) and will be removed once support for the old RBAC API policies will be removed from Neutron. Please use method 'is_service_role' instead.
2026-06-02 08:03:48.593 9 INFO neutron.db.ovn_revision_numbers_db [None req-d2a76988-3215-48ad-baea-3be010dc8e2b e23c18dddb43483d8b0fc35f996a8451 8195b52efcd04e92b39ae3f51c964f6a - - default default] Successfully bumped revision number for resource 1902b2e2-cc8c-46c4-a86d-a4f3b106bed3 (type: subnets) to 0
2026-06-02 08:03:48.610 9 INFO neutron.wsgi [None req-d2a76988-3215-48ad-baea-3be010dc8e2b e23c18dddb43483d8b0fc35f996a8451 8195b52efcd04e92b39ae3f51c964f6a - - default default] 10.0.0.61 "POST /v2.0/subnets HTTP/1.1" status: 201 len: 830 time: 0.3115830
2026-06-02 08:03:48.621 9 WARNING neutron_lib.context [None req-615218c6-8a5c-425a-842a-46251e6aec29 e23c18dddb43483d8b0fc35f996a8451 8195b52efcd04e92b39ae3f51c964f6a - - default default] Method 'is_advsvc' is deprecated since 2023.2 release (neutron-lib 3.8.0) and will be removed once support for the old RBAC API policies will be removed from Neutron. Please use method 'is_service_role' instead.
2026-06-02 08:03:48.628 10 INFO neutron.wsgi [None req-9c1297f6-36b1-4b42-8498-180a701f54fb 9b50527a6c434a6a82c64572b0534ae6 58aacc6e3dcc42d9b2f23c545e4e3514 - - default default] 10.0.0.61 "DELETE /v2.0/networks/2d1f69e5-6a53-43b6-82bb-f291f4343f1c HTTP/1.1" status: 204 len: 168 time: 0.5399365
2026-06-02 08:03:48.767 9 INFO neutron.db.ovn_revision_numbers_db [None req-615218c6-8a5c-425a-842a-46251e6aec29 e23c18dddb43483d8b0fc35f996a8451 8195b52efcd04e92b39ae3f51c964f6a - - default default] Successfully bumped revision number for resource f8caf173-9dd5-42f6-b777-2ef569928818 (type: routers) to 1
2026-06-02 08:03:48.780 9 INFO neutron.wsgi [None req-615218c6-8a5c-425a-842a-46251e6aec29 e23c18dddb43483d8b0fc35f996a8451 8195b52efcd04e92b39ae3f51c964f6a - - default default] 10.0.0.61 "POST /v2.0/routers HTTP/1.1" status: 201 len: 691 time: 0.1640806
2026-06-02 08:03:48.992 10 WARNING neutron.scheduler.dhcp_agent_scheduler [None req-40f590bf-e36f-41aa-a4ee-ac5f453933ce 7b45fe6635db40298bc00877b4841cc3 d72827bb1553499baf7fb1aef498943a - - default default] No more DHCP agents
2026-06-02 08:03:48.994 10 WARNING neutron.api.rpc.agentnotifiers.dhcp_rpc_agent_api [None req-40f590bf-e36f-41aa-a4ee-ac5f453933ce 7b45fe6635db40298bc00877b4841cc3 d72827bb1553499baf7fb1aef498943a - - default default] Unable to schedule network 0e1b5334-949b-407c-834b-fdf92d8bb95f: no agents available; will retry on subsequent port and subnet creation events.
2026-06-02 08:03:49.027 10 INFO neutron.db.ovn_revision_numbers_db [None req-40f590bf-e36f-41aa-a4ee-ac5f453933ce 7b45fe6635db40298bc00877b4841cc3 d72827bb1553499baf7fb1aef498943a - - default default] Successfully bumped revision number for resource fd84a14d-a8e3-42dc-85c6-75a273a0c572 (type: subnets) to 0
2026-06-02 08:03:49.068 10 WARNING neutron.scheduler.dhcp_agent_scheduler [None req-40f590bf-e36f-41aa-a4ee-ac5f453933ce 7b45fe6635db40298bc00877b4841cc3 d72827bb1553499baf7fb1aef498943a - - default default] No more DHCP agents
2026-06-02 08:03:49.072 10 WARNING neutron.api.rpc.agentnotifiers.dhcp_rpc_agent_api [None req-40f590bf-e36f-41aa-a4ee-ac5f453933ce 7b45fe6635db40298bc00877b4841cc3 d72827bb1553499baf7fb1aef498943a - - default default] Unable to schedule network 4907b397-8d5f-4d9b-851c-e94bcbe88dbf: no agents available; will retry on subsequent port and subnet creation events.
2026-06-02 08:03:49.113 10 INFO neutron.db.ovn_revision_numbers_db [None req-40f590bf-e36f-41aa-a4ee-ac5f453933ce 7b45fe6635db40298bc00877b4841cc3 d72827bb1553499baf7fb1aef498943a - - default default] Successfully bumped revision number for resource 2e0dee79-5224-4d2d-a5cd-11357c8518ba (type: subnets) to 0
2026-06-02 08:03:49.127 10 INFO neutron.wsgi [None req-40f590bf-e36f-41aa-a4ee-ac5f453933ce 7b45fe6635db40298bc00877b4841cc3 d72827bb1553499baf7fb1aef498943a - - default default] 10.0.0.61 "POST /v2.0/subnets HTTP/1.1" status: 201 len: 1476 time: 0.6223214
2026-06-02 08:03:49.183 10 INFO neutron.wsgi [None req-32bb0c68-f825-4d87-a792-39d8433497f6 7b45fe6635db40298bc00877b4841cc3 d72827bb1553499baf7fb1aef498943a - - default default] 10.0.0.61 "GET /v2.0/subnets HTTP/1.1" status: 200 len: 2084 time: 0.0506971
2026-06-02 08:03:49.204 9 WARNING neutron.scheduler.dhcp_agent_scheduler [None req-bbda5d34-c6ee-4ebe-90a2-801ce4061bed e23c18dddb43483d8b0fc35f996a8451 8195b52efcd04e92b39ae3f51c964f6a - - default default] No more DHCP agents
2026-06-02 08:03:49.207 9 WARNING neutron.api.rpc.agentnotifiers.dhcp_rpc_agent_api [None req-bbda5d34-c6ee-4ebe-90a2-801ce4061bed e23c18dddb43483d8b0fc35f996a8451 8195b52efcd04e92b39ae3f51c964f6a - - default default] Unable to schedule network 3d75e33b-8d69-40e1-8304-6cac53d9063d: no agents available; will retry on subsequent port and subnet creation events.
2026-06-02 08:03:49.319 9 INFO neutron.db.ovn_revision_numbers_db [None req-bbda5d34-c6ee-4ebe-90a2-801ce4061bed e23c18dddb43483d8b0fc35f996a8451 8195b52efcd04e92b39ae3f51c964f6a - - default default] Successfully bumped revision number for resource 205ed180-ff17-43f2-a1ae-9b53c0225eb3 (type: ports) to 1
2026-06-02 08:03:49.423 10 INFO neutron.wsgi [None req-4d68976b-3fd3-4a10-be4e-410a19c5c325 7b45fe6635db40298bc00877b4841cc3 d72827bb1553499baf7fb1aef498943a - - default default] 10.0.0.61 "DELETE /v2.0/subnets/fd84a14d-a8e3-42dc-85c6-75a273a0c572 HTTP/1.1" status: 204 len: 168 time: 0.2254798
2026-06-02 08:03:49.541 9 INFO neutron.wsgi [None req-43c53d74-a6ed-4d6f-b319-d6f25385977d 3fcbdd64b6864855b262fd98765bca91 1e40ba1f207e4dd5806da3a62b1a85b9 - - default default] 10.0.0.61 "GET /v2.0/security-groups?tenant_id=58aacc6e3dcc42d9b2f23c545e4e3514&name=default HTTP/1.1" status: 200 len: 2996 time: 0.2256346
2026-06-02 08:03:49.618 10 INFO neutron.wsgi [None req-f3513982-4bf9-4dff-9967-9e0160cd4e9e 7b45fe6635db40298bc00877b4841cc3 d72827bb1553499baf7fb1aef498943a - - default default] 10.0.0.61 "DELETE /v2.0/subnets/2e0dee79-5224-4d2d-a5cd-11357c8518ba HTTP/1.1" status: 204 len: 168 time: 0.1885960
2026-06-02 08:03:49.684 9 INFO neutron.wsgi [None req-46c49655-4ebb-41c9-90fe-44d144a8de87 7b45fe6635db40298bc00877b4841cc3 d72827bb1553499baf7fb1aef498943a - - default default] 10.0.0.61 "GET /v2.0/subnets HTTP/1.1" status: 200 len: 820 time: 0.0594399
2026-06-02 08:03:49.749 10 INFO neutron.wsgi [None req-475fffb1-e902-42c3-bf8c-63f6e9a37a0e 3fcbdd64b6864855b262fd98765bca91 1e40ba1f207e4dd5806da3a62b1a85b9 - - default default] 10.0.0.61 "DELETE /v2.0/security-groups/a002f79a-7296-4490-8ef4-caabe92a6540 HTTP/1.1" status: 204 len: 168 time: 0.2033949
2026-06-02 08:03:49.802 9 INFO neutron.plugins.ml2.drivers.ovn.mech_driver.mech_driver [None req-55556a73-82d0-4f60-abfe-e03503b5e14e - - - - - -] OVN reports status up for port: 205ed180-ff17-43f2-a1ae-9b53c0225eb3
2026-06-02 08:03:49.823 9 INFO neutron.plugins.ml2.plugin [None req-55556a73-82d0-4f60-abfe-e03503b5e14e - - - - - -] Attempt 1 to provision port 205ed180-ff17-43f2-a1ae-9b53c0225eb3
2026-06-02 08:03:49.845 9 INFO neutron.db.ovn_revision_numbers_db [None req-bbda5d34-c6ee-4ebe-90a2-801ce4061bed e23c18dddb43483d8b0fc35f996a8451 8195b52efcd04e92b39ae3f51c964f6a - - default default] Successfully bumped revision number for resource 205ed180-ff17-43f2-a1ae-9b53c0225eb3 (type: router_ports) to 1
2026-06-02 08:03:49.999 10 INFO neutron.db.ovn_revision_numbers_db [None req-e212b0dd-02bd-4543-9cf1-e3a2136d1a07 3fcbdd64b6864855b262fd98765bca91 1e40ba1f207e4dd5806da3a62b1a85b9 - - default default] Successfully bumped revision number for resource 28abcf35-4a6c-4524-9f98-c1ada10781ab (type: security_groups) to 1
2026-06-02 08:03:50.012 10 INFO neutron.db.ovn_revision_numbers_db [None req-e212b0dd-02bd-4543-9cf1-e3a2136d1a07 3fcbdd64b6864855b262fd98765bca91 1e40ba1f207e4dd5806da3a62b1a85b9 - - default default] Successfully bumped revision number for resource 0f9172f6-e979-4cc5-beb5-c11170323200 (type: security_group_rules) to 0
2026-06-02 08:03:50.026 10 INFO neutron.db.ovn_revision_numbers_db [None req-e212b0dd-02bd-4543-9cf1-e3a2136d1a07 3fcbdd64b6864855b262fd98765bca91 1e40ba1f207e4dd5806da3a62b1a85b9 - - default default] Successfully bumped revision number for resource 9ceb6f5f-b9ac-49f4-beef-50ccf81549de (type: security_group_rules) to 0
2026-06-02 08:03:50.043 10 INFO neutron.db.ovn_revision_numbers_db [None req-e212b0dd-02bd-4543-9cf1-e3a2136d1a07 3fcbdd64b6864855b262fd98765bca91 1e40ba1f207e4dd5806da3a62b1a85b9 - - default default] Successfully bumped revision number for resource e400bcb0-f7ff-4c21-b2b8-745c0db2f005 (type: security_group_rules) to 0
2026-06-02 08:03:50.063 10 INFO neutron.db.ovn_revision_numbers_db [None req-e212b0dd-02bd-4543-9cf1-e3a2136d1a07 3fcbdd64b6864855b262fd98765bca91 1e40ba1f207e4dd5806da3a62b1a85b9 - - default default] Successfully bumped revision number for resource ed7fc0ab-872e-42eb-8b4f-9797166bdb52 (type: security_group_rules) to 0
2026-06-02 08:03:50.074 9 INFO neutron.db.ovn_revision_numbers_db [None req-bbda5d34-c6ee-4ebe-90a2-801ce4061bed e23c18dddb43483d8b0fc35f996a8451 8195b52efcd04e92b39ae3f51c964f6a - - default default] Successfully bumped revision number for resource 205ed180-ff17-43f2-a1ae-9b53c0225eb3 (type: ports) to 1
2026-06-02 08:03:50.098 10 INFO neutron.wsgi [None req-e212b0dd-02bd-4543-9cf1-e3a2136d1a07 3fcbdd64b6864855b262fd98765bca91 1e40ba1f207e4dd5806da3a62b1a85b9 - - default default] 10.0.0.61 "GET /v2.0/security-groups?tenant_id=a4c6b635348244549ab9cf8ed0f928fa&name=default HTTP/1.1" status: 200 len: 2996 time: 0.2441001
2026-06-02 08:03:50.311 10 INFO neutron.wsgi [None req-df99cd7b-3b15-4d09-baf7-3ea58e4d52e6 3fcbdd64b6864855b262fd98765bca91 1e40ba1f207e4dd5806da3a62b1a85b9 - - default default] 10.0.0.61 "DELETE /v2.0/security-groups/28abcf35-4a6c-4524-9f98-c1ada10781ab HTTP/1.1" status: 204 len: 168 time: 0.2059133
2026-06-02 08:03:50.376 9 WARNING neutron.scheduler.dhcp_agent_scheduler [None req-bbda5d34-c6ee-4ebe-90a2-801ce4061bed e23c18dddb43483d8b0fc35f996a8451 8195b52efcd04e92b39ae3f51c964f6a - - default default] No more DHCP agents
2026-06-02 08:03:50.378 9 WARNING neutron.api.rpc.agentnotifiers.dhcp_rpc_agent_api [None req-bbda5d34-c6ee-4ebe-90a2-801ce4061bed e23c18dddb43483d8b0fc35f996a8451 8195b52efcd04e92b39ae3f51c964f6a - - default default] Unable to schedule network 3d75e33b-8d69-40e1-8304-6cac53d9063d: no agents available; will retry on subsequent port and subnet creation events.
2026-06-02 08:03:50.440 9 INFO neutron.services.segments.plugin [-] Segment 390d07ae-2642-4b92-b436-2381c9ca8419 resource provider aggregate not found
2026-06-02 08:03:50.453 9 INFO neutron.services.segments.plugin [-] Segment 390d07ae-2642-4b92-b436-2381c9ca8419 resource provider aggregate not found
2026-06-02 08:03:50.475 9 INFO neutron.services.segments.plugin [-] Segment 390d07ae-2642-4b92-b436-2381c9ca8419 resource provider not found; error: Placement Client Error (4xx): {"errors": [{"status": 404, "title": "Not Found", "detail": "The resource could not be found.\n\n No resource provider with uuid 390d07ae-2642-4b92-b436-2381c9ca8419 found for delete ", "request_id": "req-6c142ccf-8947-44df-b8ae-cffa28fb9741"}]}
2026-06-02 08:03:50.476 9 INFO neutron.services.segments.plugin [-] Segment 390d07ae-2642-4b92-b436-2381c9ca8419 resource provider not found; error: Placement Client Error (4xx): {"errors": [{"status": 404, "title": "Not Found", "detail": "The resource could not be found.\n\n No resource provider with uuid 390d07ae-2642-4b92-b436-2381c9ca8419 found for delete ", "request_id": "req-bc233c78-ffea-4464-8c24-b646459d4841"}]}
2026-06-02 08:03:50.551 9 INFO neutron.wsgi [None req-68202592-0aa6-41de-a8f4-2c610942f95a 7b45fe6635db40298bc00877b4841cc3 d72827bb1553499baf7fb1aef498943a - - default default] 10.0.0.61 "DELETE /v2.0/networks/4907b397-8d5f-4d9b-851c-e94bcbe88dbf HTTP/1.1" status: 204 len: 168 time: 0.8556323
2026-06-02 08:03:50.571 9 INFO neutron.db.ovn_revision_numbers_db [None req-55556a73-82d0-4f60-abfe-e03503b5e14e - - - - - -] Successfully bumped revision number for resource 205ed180-ff17-43f2-a1ae-9b53c0225eb3 (type: ports) to 2
2026-06-02 08:03:50.648 9 INFO neutron.db.ovn_revision_numbers_db [None req-bbda5d34-c6ee-4ebe-90a2-801ce4061bed e23c18dddb43483d8b0fc35f996a8451 8195b52efcd04e92b39ae3f51c964f6a - - default default] Successfully bumped revision number for resource 205ed180-ff17-43f2-a1ae-9b53c0225eb3 (type: router_ports) to 2
2026-06-02 08:03:50.650 9 INFO neutron.wsgi [None req-bbda5d34-c6ee-4ebe-90a2-801ce4061bed e23c18dddb43483d8b0fc35f996a8451 8195b52efcd04e92b39ae3f51c964f6a - - default default] 10.0.0.61 "PUT /v2.0/routers/f8caf173-9dd5-42f6-b777-2ef569928818/add_router_interface HTTP/1.1" status: 200 len: 503 time: 1.8626671
2026-06-02 08:03:50.686 9 INFO neutron.wsgi [None req-21be57f4-5ce0-42a9-857f-a60650c943ad e23c18dddb43483d8b0fc35f996a8451 8195b52efcd04e92b39ae3f51c964f6a - - default default] 10.0.0.61 "GET /v2.0/ports/205ed180-ff17-43f2-a1ae-9b53c0225eb3 HTTP/1.1" status: 200 len: 1141 time: 0.0308073
2026-06-02 08:03:50.929 10 INFO neutron.services.segments.plugin [-] Segment afe05a4f-6f48-421f-b38c-c7f5dabb9632 resource provider aggregate not found
2026-06-02 08:03:50.943 10 INFO neutron.services.segments.plugin [-] Segment afe05a4f-6f48-421f-b38c-c7f5dabb9632 resource provider not found; error: Placement Client Error (4xx): {"errors": [{"status": 404, "title": "Not Found", "detail": "The resource could not be found.\n\n No resource provider with uuid afe05a4f-6f48-421f-b38c-c7f5dabb9632 found for delete ", "request_id": "req-cedd45f1-a18a-4bb2-b86d-056acdf5e6c0"}]}
2026-06-02 08:03:50.946 10 INFO neutron.services.segments.plugin [-] Segment afe05a4f-6f48-421f-b38c-c7f5dabb9632 resource provider aggregate not found
2026-06-02 08:03:50.964 10 INFO neutron.services.segments.plugin [-] Segment afe05a4f-6f48-421f-b38c-c7f5dabb9632 resource provider not found; error: Placement Client Error (4xx): {"errors": [{"status": 404, "title": "Not Found", "detail": "The resource could not be found.\n\n No resource provider with uuid afe05a4f-6f48-421f-b38c-c7f5dabb9632 found for delete ", "request_id": "req-1f335e62-7c4a-4317-a677-3909e1762e81"}]}
2026-06-02 08:03:50.989 10 INFO neutron.wsgi [None req-f5a85c5a-bdab-494f-a039-d8227cfdeafa 7b45fe6635db40298bc00877b4841cc3 d72827bb1553499baf7fb1aef498943a - - default default] 10.0.0.61 "DELETE /v2.0/networks/0e1b5334-949b-407c-834b-fdf92d8bb95f HTTP/1.1" status: 204 len: 168 time: 0.4317012
2026-06-02 08:03:51.123 9 WARNING neutron.scheduler.dhcp_agent_scheduler [None req-c52e8545-c2f5-40d6-af2e-92e4ea0dbb9c e23c18dddb43483d8b0fc35f996a8451 8195b52efcd04e92b39ae3f51c964f6a - - default default] No more DHCP agents
2026-06-02 08:03:51.124 9 WARNING neutron.api.rpc.agentnotifiers.dhcp_rpc_agent_api [None req-c52e8545-c2f5-40d6-af2e-92e4ea0dbb9c e23c18dddb43483d8b0fc35f996a8451 8195b52efcd04e92b39ae3f51c964f6a - - default default] Unable to schedule network db5ddca4-6702-4082-8381-d0a33ae96743: no agents available; will retry on subsequent port and subnet creation events.
2026-06-02 08:03:51.270 9 INFO neutron.db.ovn_revision_numbers_db [None req-c52e8545-c2f5-40d6-af2e-92e4ea0dbb9c e23c18dddb43483d8b0fc35f996a8451 8195b52efcd04e92b39ae3f51c964f6a - - default default] Successfully bumped revision number for resource 58bcb48d-e0c1-48f6-919b-5e57c8bc80a2 (type: ports) to 1
2026-06-02 08:03:51.660 10 INFO neutron.wsgi [None req-2839711d-531d-447e-8db6-b7c2101d110e 7b45fe6635db40298bc00877b4841cc3 d72827bb1553499baf7fb1aef498943a - - default default] 10.0.0.61 "DELETE /v2.0/networks/e851ac2a-f597-4f71-8d34-1bf684a6c720 HTTP/1.1" status: 204 len: 168 time: 0.6648569
2026-06-02 08:03:51.711 10 INFO neutron.plugins.ml2.drivers.ovn.mech_driver.mech_driver [None req-58aec7b7-89c4-42f4-a419-d911e24f8d20 - - - - - -] OVN reports status up for port: 58bcb48d-e0c1-48f6-919b-5e57c8bc80a2
2026-06-02 08:03:51.718 10 INFO neutron.plugins.ml2.plugin [None req-58aec7b7-89c4-42f4-a419-d911e24f8d20 - - - - - -] Attempt 1 to provision port 58bcb48d-e0c1-48f6-919b-5e57c8bc80a2
2026-06-02 08:03:51.755 9 INFO neutron.db.ovn_revision_numbers_db [None req-c52e8545-c2f5-40d6-af2e-92e4ea0dbb9c e23c18dddb43483d8b0fc35f996a8451 8195b52efcd04e92b39ae3f51c964f6a - - default default] Successfully bumped revision number for resource 58bcb48d-e0c1-48f6-919b-5e57c8bc80a2 (type: router_ports) to 1
2026-06-02 08:03:51.913 9 INFO neutron.db.ovn_revision_numbers_db [None req-c52e8545-c2f5-40d6-af2e-92e4ea0dbb9c e23c18dddb43483d8b0fc35f996a8451 8195b52efcd04e92b39ae3f51c964f6a - - default default] Successfully bumped revision number for resource 58bcb48d-e0c1-48f6-919b-5e57c8bc80a2 (type: ports) to 1
2026-06-02 08:03:52.002 10 INFO neutron.db.ovn_revision_numbers_db [None req-58aec7b7-89c4-42f4-a419-d911e24f8d20 - - - - - -] Successfully bumped revision number for resource 58bcb48d-e0c1-48f6-919b-5e57c8bc80a2 (type: ports) to 2
2026-06-02 08:03:52.010 9 WARNING neutron.scheduler.dhcp_agent_scheduler [None req-c52e8545-c2f5-40d6-af2e-92e4ea0dbb9c e23c18dddb43483d8b0fc35f996a8451 8195b52efcd04e92b39ae3f51c964f6a - - default default] No more DHCP agents
2026-06-02 08:03:52.014 9 WARNING neutron.api.rpc.agentnotifiers.dhcp_rpc_agent_api [None req-c52e8545-c2f5-40d6-af2e-92e4ea0dbb9c e23c18dddb43483d8b0fc35f996a8451 8195b52efcd04e92b39ae3f51c964f6a - - default default] Unable to schedule network db5ddca4-6702-4082-8381-d0a33ae96743: no agents available; will retry on subsequent port and subnet creation events.
2026-06-02 08:03:52.088 10 INFO neutron.db.ovn_revision_numbers_db [None req-58aec7b7-89c4-42f4-a419-d911e24f8d20 - - - - - -] Successfully bumped revision number for resource 58bcb48d-e0c1-48f6-919b-5e57c8bc80a2 (type: router_ports) to 2
2026-06-02 08:03:52.180 9 INFO neutron.db.ovn_revision_numbers_db [None req-c52e8545-c2f5-40d6-af2e-92e4ea0dbb9c e23c18dddb43483d8b0fc35f996a8451 8195b52efcd04e92b39ae3f51c964f6a - - default default] Successfully bumped revision number for resource 58bcb48d-e0c1-48f6-919b-5e57c8bc80a2 (type: router_ports) to 2
2026-06-02 08:03:52.184 9 INFO neutron.wsgi [None req-c52e8545-c2f5-40d6-af2e-92e4ea0dbb9c e23c18dddb43483d8b0fc35f996a8451 8195b52efcd04e92b39ae3f51c964f6a - - default default] 10.0.0.61 "PUT /v2.0/routers/f8caf173-9dd5-42f6-b777-2ef569928818/add_router_interface HTTP/1.1" status: 200 len: 503 time: 1.4935122
2026-06-02 08:03:52.202 9 INFO neutron.wsgi [None req-f8dd4dfe-fc44-4377-8507-f82384dad154 7b45fe6635db40298bc00877b4841cc3 d72827bb1553499baf7fb1aef498943a - - default default] 10.0.0.61 "DELETE /v2.0/networks/bd4bc296-f875-467d-bb7f-b1d187617b7b HTTP/1.1" status: 204 len: 168 time: 0.5365388
2026-06-02 08:03:52.227 9 INFO neutron.wsgi [None req-c4fcdbc3-1d97-4287-a2c8-f2a099653572 e23c18dddb43483d8b0fc35f996a8451 8195b52efcd04e92b39ae3f51c964f6a - - default default] 10.0.0.61 "GET /v2.0/ports/58bcb48d-e0c1-48f6-919b-5e57c8bc80a2 HTTP/1.1" status: 200 len: 1149 time: 0.0400763
2026-06-02 08:03:52.266 9 INFO neutron.wsgi [None req-d9648a0d-003c-48ea-96ef-45657fd84b1b e23c18dddb43483d8b0fc35f996a8451 8195b52efcd04e92b39ae3f51c964f6a - - default default] 10.0.0.61 "GET /v2.0/ports/58bcb48d-e0c1-48f6-919b-5e57c8bc80a2 HTTP/1.1" status: 200 len: 1149 time: 0.0344660
2026-06-02 08:03:52.501 9 INFO neutron.services.segments.plugin [-] Segment a6ad1c77-e28c-401c-8bb6-f6538924b8fd resource provider aggregate not found
2026-06-02 08:03:52.510 9 INFO neutron.services.segments.plugin [-] Segment a6ad1c77-e28c-401c-8bb6-f6538924b8fd resource provider aggregate not found
2026-06-02 08:03:52.526 9 INFO neutron.services.segments.plugin [-] Segment a6ad1c77-e28c-401c-8bb6-f6538924b8fd resource provider not found; error: Placement Client Error (4xx): {"errors": [{"status": 404, "title": "Not Found", "detail": "The resource could not be found.\n\n No resource provider with uuid a6ad1c77-e28c-401c-8bb6-f6538924b8fd found for delete ", "request_id": "req-1333eebd-d1a0-44f1-99f3-252ff5b2ff11"}]}
2026-06-02 08:03:52.729 9 INFO neutron.services.segments.plugin [-] Segment a6ad1c77-e28c-401c-8bb6-f6538924b8fd resource provider not found; error: Placement Client Error (4xx): {"errors": [{"status": 404, "title": "Not Found", "detail": "The resource could not be found.\n\n No resource provider with uuid a6ad1c77-e28c-401c-8bb6-f6538924b8fd found for delete ", "request_id": "req-1f13d3dc-5814-4674-a996-6c44cc93c472"}]}
2026-06-02 08:03:52.809 10 INFO neutron.wsgi [None req-ac06004c-d242-4663-b641-a4c64d558277 3fcbdd64b6864855b262fd98765bca91 1e40ba1f207e4dd5806da3a62b1a85b9 - - default default] 10.0.0.61 "GET /v2.0/security-groups?tenant_id=d72827bb1553499baf7fb1aef498943a&name=default HTTP/1.1" status: 200 len: 2996 time: 0.1329963
2026-06-02 08:03:52.960 10 INFO neutron.services.segments.plugin [-] Segment 0c459cea-7292-4be3-8c62-1c3146c4006a resource provider aggregate not found
2026-06-02 08:03:52.984 10 INFO neutron.services.segments.plugin [-] Segment 0c459cea-7292-4be3-8c62-1c3146c4006a resource provider not found; error: Placement Client Error (4xx): {"errors": [{"status": 404, "title": "Not Found", "detail": "The resource could not be found.\n\n No resource provider with uuid 0c459cea-7292-4be3-8c62-1c3146c4006a found for delete ", "request_id": "req-95385951-8d42-4635-82c4-735b9c20bf42"}]}
2026-06-02 08:03:52.988 10 INFO neutron.services.segments.plugin [-] Segment 0c459cea-7292-4be3-8c62-1c3146c4006a resource provider aggregate not found
2026-06-02 08:03:53.002 10 INFO neutron.services.segments.plugin [-] Segment 0c459cea-7292-4be3-8c62-1c3146c4006a resource provider not found; error: Placement Client Error (4xx): {"errors": [{"status": 404, "title": "Not Found", "detail": "The resource could not be found.\n\n No resource provider with uuid 0c459cea-7292-4be3-8c62-1c3146c4006a found for delete ", "request_id": "req-eabf43d4-4a22-4e28-b2ae-0f67db20adc9"}]}
2026-06-02 08:03:53.030 10 INFO neutron.wsgi [None req-70622472-b8b8-459f-9f48-3ba42bc8b487 3fcbdd64b6864855b262fd98765bca91 1e40ba1f207e4dd5806da3a62b1a85b9 - - default default] 10.0.0.61 "DELETE /v2.0/security-groups/1ecfa63a-44e0-4d64-8a77-7d261718f4a8 HTTP/1.1" status: 204 len: 168 time: 0.2159841
2026-06-02 08:03:53.117 9 INFO neutron.wsgi [None req-680875fd-4a1f-4187-b315-de66bc22c283 e23c18dddb43483d8b0fc35f996a8451 8195b52efcd04e92b39ae3f51c964f6a - - default default] 10.0.0.61 "PUT /v2.0/routers/f8caf173-9dd5-42f6-b777-2ef569928818/remove_router_interface HTTP/1.1" status: 200 len: 503 time: 0.8452263
2026-06-02 08:03:53.215 10 INFO neutron.wsgi [None req-866576cf-c805-4d1e-8d17-6af3e2ebac39 e23c18dddb43483d8b0fc35f996a8451 8195b52efcd04e92b39ae3f51c964f6a - - default default] 10.0.0.61 "GET /v2.0/ports/205ed180-ff17-43f2-a1ae-9b53c0225eb3 HTTP/1.1" status: 200 len: 1141 time: 0.0934186 /var/lib/openstack/lib/python3.10/site-packages/pycadf/identifier.py:71: UserWarning: Invalid uuid: neutron. To ensure interoperability, identifiers should be a valid uuid. warnings.warn(('Invalid uuid: %s. To ensure interoperability, '
2026-06-02 08:03:53.800 10 WARNING neutron_lib.context [None req-c0b99acc-77b5-483c-b82c-f3b6f282fffc 3f860830936b4f9f941b04712372de89 b3c03fb1408d41e8ba05abdfda775e1b - - default default] Method 'is_advsvc' is deprecated since 2023.2 release (neutron-lib 3.8.0) and will be removed once support for the old RBAC API policies will be removed from Neutron. Please use method 'is_service_role' instead.
2026-06-02 08:03:53.925 9 INFO neutron.wsgi [None req-89208966-68d2-4641-9249-6f758ace6404 e23c18dddb43483d8b0fc35f996a8451 8195b52efcd04e92b39ae3f51c964f6a - - default default] 10.0.0.61 "PUT /v2.0/routers/f8caf173-9dd5-42f6-b777-2ef569928818/remove_router_interface HTTP/1.1" status: 200 len: 503 time: 0.7051177 /var/lib/openstack/lib/python3.10/site-packages/pycadf/identifier.py:71: UserWarning: Invalid uuid: neutron. To ensure interoperability, identifiers should be a valid uuid. warnings.warn(('Invalid uuid: %s. To ensure interoperability, '
2026-06-02 08:03:53.956 9 INFO neutron.wsgi [None req-a08e5e8b-df2d-4057-b6ba-0414dced57a8 e23c18dddb43483d8b0fc35f996a8451 8195b52efcd04e92b39ae3f51c964f6a - - default default] 10.0.0.61 "GET /v2.0/ports?device_id=f8caf173-9dd5-42f6-b777-2ef569928818 HTTP/1.1" status: 200 len: 205 time: 0.0258834
2026-06-02 08:03:53.960 10 INFO neutron.db.ovn_revision_numbers_db [None req-c0b99acc-77b5-483c-b82c-f3b6f282fffc 3f860830936b4f9f941b04712372de89 b3c03fb1408d41e8ba05abdfda775e1b - - default default] Successfully bumped revision number for resource 132f1f84-caff-46fd-9e04-af9ede148b77 (type: security_groups) to 1
2026-06-02 08:03:53.978 10 INFO neutron.db.ovn_revision_numbers_db [None req-c0b99acc-77b5-483c-b82c-f3b6f282fffc 3f860830936b4f9f941b04712372de89 b3c03fb1408d41e8ba05abdfda775e1b - - default default] Successfully bumped revision number for resource 53b29f2c-96fb-4057-ba81-a4545977639a (type: security_group_rules) to 0
2026-06-02 08:03:53.995 10 INFO neutron.db.ovn_revision_numbers_db [None req-c0b99acc-77b5-483c-b82c-f3b6f282fffc 3f860830936b4f9f941b04712372de89 b3c03fb1408d41e8ba05abdfda775e1b - - default default] Successfully bumped revision number for resource 7311021c-469c-4330-b2b4-35c40a5d935f (type: security_group_rules) to 0
2026-06-02 08:03:54.011 10 INFO neutron.db.ovn_revision_numbers_db [None req-c0b99acc-77b5-483c-b82c-f3b6f282fffc 3f860830936b4f9f941b04712372de89 b3c03fb1408d41e8ba05abdfda775e1b - - default default] Successfully bumped revision number for resource 9f68c7d3-6df4-47dd-bc0f-e3a7775e3c63 (type: security_group_rules) to 0
2026-06-02 08:03:54.048 10 INFO neutron.db.ovn_revision_numbers_db [None req-c0b99acc-77b5-483c-b82c-f3b6f282fffc 3f860830936b4f9f941b04712372de89 b3c03fb1408d41e8ba05abdfda775e1b - - default default] Successfully bumped revision number for resource b90898cd-b1e4-4366-9ee3-d918e9fbdfc9 (type: security_group_rules) to 0
2026-06-02 08:03:54.103 10 INFO neutron.db.segments_db [None req-c0b99acc-77b5-483c-b82c-f3b6f282fffc 3f860830936b4f9f941b04712372de89 b3c03fb1408d41e8ba05abdfda775e1b - - default default] Added segment 508a75d9-27ef-4f71-9448-a77779316787 of type geneve for network b0746871-45bd-442a-b5be-b36785560bb5
2026-06-02 08:03:54.282 10 INFO neutron.db.ovn_revision_numbers_db [None req-c0b99acc-77b5-483c-b82c-f3b6f282fffc 3f860830936b4f9f941b04712372de89 b3c03fb1408d41e8ba05abdfda775e1b - - default default] Successfully bumped revision number for resource b0746871-45bd-442a-b5be-b36785560bb5 (type: networks) to 1
2026-06-02 08:03:54.307 9 INFO neutron.wsgi [None req-b600a593-ada6-4f92-8e80-a2c5e0d85275 e23c18dddb43483d8b0fc35f996a8451 8195b52efcd04e92b39ae3f51c964f6a - - default default] 10.0.0.61 "DELETE /v2.0/routers/f8caf173-9dd5-42f6-b777-2ef569928818 HTTP/1.1" status: 204 len: 168 time: 0.3463442
2026-06-02 08:03:54.489 10 WARNING neutron.scheduler.dhcp_agent_scheduler [None req-c0b99acc-77b5-483c-b82c-f3b6f282fffc 3f860830936b4f9f941b04712372de89 b3c03fb1408d41e8ba05abdfda775e1b - - default default] No more DHCP agents
2026-06-02 08:03:54.492 10 WARNING neutron.api.rpc.agentnotifiers.dhcp_rpc_agent_api [None req-c0b99acc-77b5-483c-b82c-f3b6f282fffc 3f860830936b4f9f941b04712372de89 b3c03fb1408d41e8ba05abdfda775e1b - - default default] Unable to schedule network b0746871-45bd-442a-b5be-b36785560bb5: no agents available; will retry on subsequent port and subnet creation events.
2026-06-02 08:03:54.524 9 INFO neutron.wsgi [None req-18f11ad1-96f3-4d90-b7c5-4e78ae0e8edc e23c18dddb43483d8b0fc35f996a8451 8195b52efcd04e92b39ae3f51c964f6a - - default default] 10.0.0.61 "DELETE /v2.0/subnets/1902b2e2-cc8c-46c4-a86d-a4f3b106bed3 HTTP/1.1" status: 204 len: 168 time: 0.2134380
2026-06-02 08:03:54.577 10 INFO neutron.db.ovn_revision_numbers_db [None req-c0b99acc-77b5-483c-b82c-f3b6f282fffc 3f860830936b4f9f941b04712372de89 b3c03fb1408d41e8ba05abdfda775e1b - - default default] Successfully bumped revision number for resource 6f816952-ef7d-4644-9637-8c92af48d641 (type: ports) to 1
2026-06-02 08:03:54.604 10 INFO neutron.wsgi [None req-c0b99acc-77b5-483c-b82c-f3b6f282fffc 3f860830936b4f9f941b04712372de89 b3c03fb1408d41e8ba05abdfda775e1b - - default default] 10.0.0.61 "POST /v2.0/networks HTTP/1.1" status: 201 len: 831 time: 0.9516940
2026-06-02 08:03:54.614 9 WARNING neutron_lib.context [None req-589edd3f-a2de-4d0b-b0c3-daa3080c13de 3f860830936b4f9f941b04712372de89 b3c03fb1408d41e8ba05abdfda775e1b - - default default] Method 'is_advsvc' is deprecated since 2023.2 release (neutron-lib 3.8.0) and will be removed once support for the old RBAC API policies will be removed from Neutron. Please use method 'is_service_role' instead.
2026-06-02 08:03:54.725 9 INFO neutron.db.segments_db [None req-589edd3f-a2de-4d0b-b0c3-daa3080c13de 3f860830936b4f9f941b04712372de89 b3c03fb1408d41e8ba05abdfda775e1b - - default default] Added segment b600bf14-d455-429b-860f-4f38050bd6ad of type geneve for network 170f0854-c621-4589-90e0-e6f9696f4dae
2026-06-02 08:03:54.783 9 INFO neutron.wsgi [None req-edf883ea-886f-4ddc-ad05-86b20d2c2f21 e23c18dddb43483d8b0fc35f996a8451 8195b52efcd04e92b39ae3f51c964f6a - - default default] 10.0.0.61 "DELETE /v2.0/subnets/3735f2b3-57b4-417a-968d-a040dc10a346 HTTP/1.1" status: 204 len: 168 time: 0.2532878
2026-06-02 08:03:54.900 9 INFO neutron.db.ovn_revision_numbers_db [None req-589edd3f-a2de-4d0b-b0c3-daa3080c13de 3f860830936b4f9f941b04712372de89 b3c03fb1408d41e8ba05abdfda775e1b - - default default] Successfully bumped revision number for resource 170f0854-c621-4589-90e0-e6f9696f4dae (type: networks) to 1
2026-06-02 08:03:54.985 10 WARNING neutron_lib.context [None req-c642df83-66c7-4a59-b268-ec5b13d72922 7486b52f48cd4009a6fca859269a2ee7 6d9e04714f3f4bd395312073450332cf - - default default] Method 'is_advsvc' is deprecated since 2023.2 release (neutron-lib 3.8.0) and will be removed once support for the old RBAC API policies will be removed from Neutron. Please use method 'is_service_role' instead.
2026-06-02 08:03:54.985 10 WARNING neutron_lib.context [None req-c642df83-66c7-4a59-b268-ec5b13d72922 7486b52f48cd4009a6fca859269a2ee7 6d9e04714f3f4bd395312073450332cf - - default default] Method 'is_advsvc' is deprecated since 2023.2 release (neutron-lib 3.8.0) and will be removed once support for the old RBAC API policies will be removed from Neutron. Please use method 'is_service_role' instead.
2026-06-02 08:03:55.108 9 WARNING neutron.scheduler.dhcp_agent_scheduler [None req-589edd3f-a2de-4d0b-b0c3-daa3080c13de 3f860830936b4f9f941b04712372de89 b3c03fb1408d41e8ba05abdfda775e1b - - default default] No more DHCP agents
2026-06-02 08:03:55.111 9 WARNING neutron.api.rpc.agentnotifiers.dhcp_rpc_agent_api [None req-589edd3f-a2de-4d0b-b0c3-daa3080c13de 3f860830936b4f9f941b04712372de89 b3c03fb1408d41e8ba05abdfda775e1b - - default default] Unable to schedule network 170f0854-c621-4589-90e0-e6f9696f4dae: no agents available; will retry on subsequent port and subnet creation events.
2026-06-02 08:03:55.195 10 INFO neutron.services.segments.plugin [-] Segment 51283c38-fd41-4b14-b3d3-dc06bd08f464 resource provider aggregate not found
2026-06-02 08:03:55.200 10 INFO neutron.services.segments.plugin [-] Segment 51283c38-fd41-4b14-b3d3-dc06bd08f464 resource provider aggregate not found
2026-06-02 08:03:55.201 9 INFO neutron.db.ovn_revision_numbers_db [None req-589edd3f-a2de-4d0b-b0c3-daa3080c13de 3f860830936b4f9f941b04712372de89 b3c03fb1408d41e8ba05abdfda775e1b - - default default] Successfully bumped revision number for resource 11e78a23-4b69-47a5-af77-36e03e1f3e58 (type: ports) to 1
2026-06-02 08:03:55.209 10 INFO neutron.db.ovn_revision_numbers_db [None req-c642df83-66c7-4a59-b268-ec5b13d72922 7486b52f48cd4009a6fca859269a2ee7 6d9e04714f3f4bd395312073450332cf - - default default] Successfully bumped revision number for resource 738fc688-bcc8-4d15-85df-99d7856304a6 (type: security_groups) to 1
2026-06-02 08:03:55.222 10 INFO neutron.services.segments.plugin [-] Segment 51283c38-fd41-4b14-b3d3-dc06bd08f464 resource provider not found; error: Placement Client Error (4xx): {"errors": [{"status": 404, "title": "Not Found", "detail": "The resource could not be found.\n\n No resource provider with uuid 51283c38-fd41-4b14-b3d3-dc06bd08f464 found for delete ", "request_id": "req-178fa8c1-09c0-43a1-9601-655094919f91"}]}
2026-06-02 08:03:55.224 10 INFO neutron.services.segments.plugin [-] Segment 51283c38-fd41-4b14-b3d3-dc06bd08f464 resource provider not found; error: Placement Client Error (4xx): {"errors": [{"status": 404, "title": "Not Found", "detail": "The resource could not be found.\n\n No resource provider with uuid 51283c38-fd41-4b14-b3d3-dc06bd08f464 found for delete ", "request_id": "req-55785e3b-2ede-4bd8-a561-1fb506c47a2e"}]}
2026-06-02 08:03:55.225 9 INFO neutron.wsgi [None req-589edd3f-a2de-4d0b-b0c3-daa3080c13de 3f860830936b4f9f941b04712372de89 b3c03fb1408d41e8ba05abdfda775e1b - - default default] 10.0.0.61 "POST /v2.0/networks HTTP/1.1" status: 201 len: 831 time: 0.6157587
2026-06-02 08:03:55.231 10 INFO neutron.db.ovn_revision_numbers_db [None req-c642df83-66c7-4a59-b268-ec5b13d72922 7486b52f48cd4009a6fca859269a2ee7 6d9e04714f3f4bd395312073450332cf - - default default] Successfully bumped revision number for resource 15130067-ea8f-4bfb-85a3-bc3548fd7eea (type: security_group_rules) to 0
2026-06-02 08:03:55.249 9 WARNING neutron.plugins.ml2.drivers.ovn.mech_driver.ovsdb.ovn_client [None req-55556a73-82d0-4f60-abfe-e03503b5e14e - - - - - -] No port found with ID 205ed180-ff17-43f2-a1ae-9b53c0225eb3: RuntimeError: No port found with ID 205ed180-ff17-43f2-a1ae-9b53c0225eb3
2026-06-02 08:03:55.251 10 INFO neutron.wsgi [None req-94d3b2c0-ec00-44d8-b886-32feb15bf8d4 e23c18dddb43483d8b0fc35f996a8451 8195b52efcd04e92b39ae3f51c964f6a - - default default] 10.0.0.61 "DELETE /v2.0/networks/db5ddca4-6702-4082-8381-d0a33ae96743 HTTP/1.1" status: 204 len: 168 time: 0.4521742
2026-06-02 08:03:55.257 10 INFO neutron.db.ovn_revision_numbers_db [None req-c642df83-66c7-4a59-b268-ec5b13d72922 7486b52f48cd4009a6fca859269a2ee7 6d9e04714f3f4bd395312073450332cf - - default default] Successfully bumped revision number for resource 1746bc64-2115-4618-b257-b8c1ffa4d59e (type: security_group_rules) to 0
2026-06-02 08:03:55.289 10 INFO neutron.db.ovn_revision_numbers_db [None req-c642df83-66c7-4a59-b268-ec5b13d72922 7486b52f48cd4009a6fca859269a2ee7 6d9e04714f3f4bd395312073450332cf - - default default] Successfully bumped revision number for resource c8afdd8d-d915-4256-b5ca-74017a6e53bb (type: security_group_rules) to 0
2026-06-02 08:03:55.296 9 INFO neutron.wsgi [None req-27e4a692-5c7b-460c-bc5e-c2d437f99a4b 3f860830936b4f9f941b04712372de89 b3c03fb1408d41e8ba05abdfda775e1b - - default default] 10.0.0.61 "PUT /v2.0/networks/b0746871-45bd-442a-b5be-b36785560bb5/tags HTTP/1.1" status: 200 len: 218 time: 0.0656326
2026-06-02 08:03:55.307 10 INFO neutron.db.ovn_revision_numbers_db [None req-c642df83-66c7-4a59-b268-ec5b13d72922 7486b52f48cd4009a6fca859269a2ee7 6d9e04714f3f4bd395312073450332cf - - default default] Successfully bumped revision number for resource ec8f157e-8729-4f77-9541-24de4af33880 (type: security_group_rules) to 0
2026-06-02 08:03:55.346 9 INFO neutron.wsgi [None req-657ea730-8a37-42ec-b240-3563fd0aea08 3f860830936b4f9f941b04712372de89 b3c03fb1408d41e8ba05abdfda775e1b - - default default] 10.0.0.61 "GET /v2.0/networks/b0746871-45bd-442a-b5be-b36785560bb5/tags HTTP/1.1" status: 200 len: 218 time: 0.0455759
2026-06-02 08:03:55.391 10 INFO neutron.db.segments_db [None req-c642df83-66c7-4a59-b268-ec5b13d72922 7486b52f48cd4009a6fca859269a2ee7 6d9e04714f3f4bd395312073450332cf - - default default] Added segment 00b86dce-2fab-403c-8564-b669d823d816 of type geneve for network 12852316-a0d8-41da-b0d2-9c0a73f1ca62
2026-06-02 08:03:55.415 9 INFO neutron.wsgi [None req-d789c6a0-ec0f-4fb7-adba-a2411f85aaf9 3f860830936b4f9f941b04712372de89 b3c03fb1408d41e8ba05abdfda775e1b - - default default] 10.0.0.61 "PUT /v2.0/networks/170f0854-c621-4589-90e0-e6f9696f4dae/tags HTTP/1.1" status: 200 len: 210 time: 0.0619652
2026-06-02 08:03:55.470 9 INFO neutron.wsgi [None req-091a9aae-8a33-46ed-9bb4-6cdbffc78ede 3f860830936b4f9f941b04712372de89 b3c03fb1408d41e8ba05abdfda775e1b - - default default] 10.0.0.61 "GET /v2.0/networks/170f0854-c621-4589-90e0-e6f9696f4dae/tags HTTP/1.1" status: 200 len: 210 time: 0.0497696
2026-06-02 08:03:55.521 10 INFO neutron.db.segments_db [None req-c642df83-66c7-4a59-b268-ec5b13d72922 7486b52f48cd4009a6fca859269a2ee7 6d9e04714f3f4bd395312073450332cf - - default default] Added segment 27da5b8b-3891-47f7-9c9a-d433d06be54f of type geneve for network fdbc9d45-e6ef-46b5-89f0-fe7c71c71bcd
2026-06-02 08:03:55.525 9 INFO neutron.wsgi [None req-628aa13b-ac69-4118-96a1-3c2e074e5826 3f860830936b4f9f941b04712372de89 b3c03fb1408d41e8ba05abdfda775e1b - - default default] 10.0.0.61 "PUT /v2.0/networks/170f0854-c621-4589-90e0-e6f9696f4dae/tags HTTP/1.1" status: 200 len: 205 time: 0.0506899
2026-06-02 08:03:55.572 9 INFO neutron.wsgi [None req-8305ccb0-e87e-467e-89f0-c15d323eb37d 3f860830936b4f9f941b04712372de89 b3c03fb1408d41e8ba05abdfda775e1b - - default default] 10.0.0.61 "GET /v2.0/networks/170f0854-c621-4589-90e0-e6f9696f4dae/tags HTTP/1.1" status: 200 len: 205 time: 0.0415885
2026-06-02 08:03:55.615 9 INFO neutron.wsgi [None req-e0ce81a5-d863-4bcd-bc0d-e5fd32f2bc07 3f860830936b4f9f941b04712372de89 b3c03fb1408d41e8ba05abdfda775e1b - - default default] 10.0.0.61 "GET /v2.0/networks/b0746871-45bd-442a-b5be-b36785560bb5/tags HTTP/1.1" status: 200 len: 218 time: 0.0379195
2026-06-02 08:03:55.699 10 INFO neutron.wsgi [None req-3dd6c83f-4dc9-4a55-9385-7257bbb5cf9a e23c18dddb43483d8b0fc35f996a8451 8195b52efcd04e92b39ae3f51c964f6a - - default default] 10.0.0.61 "DELETE /v2.0/networks/3d75e33b-8d69-40e1-8304-6cac53d9063d HTTP/1.1" status: 204 len: 168 time: 0.4424741
2026-06-02 08:03:55.700 10 INFO neutron.db.ovn_revision_numbers_db [None req-c642df83-66c7-4a59-b268-ec5b13d72922 7486b52f48cd4009a6fca859269a2ee7 6d9e04714f3f4bd395312073450332cf - - default default] Successfully bumped revision number for resource 12852316-a0d8-41da-b0d2-9c0a73f1ca62 (type: networks) to 1
2026-06-02 08:03:55.711 9 WARNING neutron_lib.context [None req-e27ac675-175a-4525-956c-d361f2ad42fd e23c18dddb43483d8b0fc35f996a8451 8195b52efcd04e92b39ae3f51c964f6a - - default default] Method 'is_advsvc' is deprecated since 2023.2 release (neutron-lib 3.8.0) and will be removed once support for the old RBAC API policies will be removed from Neutron. Please use method 'is_service_role' instead.
2026-06-02 08:03:55.811 9 INFO neutron.db.segments_db [None req-e27ac675-175a-4525-956c-d361f2ad42fd e23c18dddb43483d8b0fc35f996a8451 8195b52efcd04e92b39ae3f51c964f6a - - default default] Added segment a45f35aa-36fc-408d-a728-51070a131591 of type geneve for network b09d2a13-0833-4e63-9a36-9951952e77d4
2026-06-02 08:03:55.893 10 WARNING neutron.scheduler.dhcp_agent_scheduler [None req-c642df83-66c7-4a59-b268-ec5b13d72922 7486b52f48cd4009a6fca859269a2ee7 6d9e04714f3f4bd395312073450332cf - - default default] No more DHCP agents
2026-06-02 08:03:55.894 10 WARNING neutron.api.rpc.agentnotifiers.dhcp_rpc_agent_api [None req-c642df83-66c7-4a59-b268-ec5b13d72922 7486b52f48cd4009a6fca859269a2ee7 6d9e04714f3f4bd395312073450332cf - - default default] Unable to schedule network 12852316-a0d8-41da-b0d2-9c0a73f1ca62: no agents available; will retry on subsequent port and subnet creation events.
