2026-06-02 08:03:24.253 9 INFO neutron.wsgi [req-a8ad70c2-28ae-4c4f-9596-5e396e5242bb req-84870139-3b1c-45ce-9b8d-ec137512a9ab c6925d371fdc4a20a6e51fbccf7b0b0b cc84a2ad61704963a667863291df64b3 - - dac6f60a74b34ccabcfd78cebeb9dc95 dac6f60a74b34ccabcfd78cebeb9dc95] 199.204.45.205 "PUT /v2.0/ports/82b55bb7-6c8c-450d-987e-f5279ae339a2 HTTP/1.1" status: 200 len: 1380 time: 0.8789351
2026-06-02 08:03:24.288 9 INFO neutron.notifiers.nova [-] Nova event matching ['req-4da9d5d7-922a-4519-8817-be059c612376'] response: {'name': 'network-changed', 'server_uuid': '3c8f6776-2fdf-4903-a5a0-5123895007b8', 'tag': '82b55bb7-6c8c-450d-987e-f5279ae339a2', 'status': 'completed', 'code': 200} /var/lib/openstack/lib/python3.10/site-packages/pycadf/identifier.py:71: UserWarning: Invalid uuid: neutron. To ensure interoperability, identifiers should be a valid uuid. warnings.warn(('Invalid uuid: %s. To ensure interoperability, ' /var/lib/openstack/lib/python3.10/site-packages/pycadf/identifier.py:71: UserWarning: Invalid uuid: neutron. To ensure interoperability, identifiers should be a valid uuid. warnings.warn(('Invalid uuid: %s. To ensure interoperability, '
2026-06-02 08:03:24.306 9 INFO neutron.db.ovn_revision_numbers_db [None req-465a8b48-50b5-47f6-850e-f404e5513948 6650bdae5b8049ba834ba4ffa2b82857 7a6b449c635f4d4982211a4cf3b62ef7 - - default default] Successfully bumped revision number for resource de12e362-6846-413d-ba33-05d778dc07df (type: subnets) to 0
2026-06-02 08:03:24.328 9 INFO neutron.wsgi [None req-465a8b48-50b5-47f6-850e-f404e5513948 6650bdae5b8049ba834ba4ffa2b82857 7a6b449c635f4d4982211a4cf3b62ef7 - - default default] 10.0.0.61 "POST /v2.0/subnets HTTP/1.1" status: 201 len: 821 time: 0.3872559
2026-06-02 08:03:24.334 9 INFO neutron.wsgi [req-a8ad70c2-28ae-4c4f-9596-5e396e5242bb req-ee691b0d-e852-4106-a8bc-7f63228c5df0 c6925d371fdc4a20a6e51fbccf7b0b0b cc84a2ad61704963a667863291df64b3 - - dac6f60a74b34ccabcfd78cebeb9dc95 dac6f60a74b34ccabcfd78cebeb9dc95] 199.204.45.205 "GET /v2.0/ports?tenant_id=e1677f183a4745eaa751fc37c6726c61&device_id=3c8f6776-2fdf-4903-a5a0-5123895007b8 HTTP/1.1" status: 200 len: 1411 time: 0.0363612
2026-06-02 08:03:24.339 9 WARNING neutron_lib.context [None req-697e9bee-7912-42fb-b61a-b84299025072 6650bdae5b8049ba834ba4ffa2b82857 7a6b449c635f4d4982211a4cf3b62ef7 - - default default] Method 'is_advsvc' is deprecated since 2023.2 release (neutron-lib 3.8.0) and will be removed once support for the old RBAC API policies will be removed from Neutron. Please use method 'is_service_role' instead.
2026-06-02 08:03:24.374 9 INFO neutron.wsgi [req-a8ad70c2-28ae-4c4f-9596-5e396e5242bb req-b1574977-de72-4017-b59a-91bb16b39afc c6925d371fdc4a20a6e51fbccf7b0b0b cc84a2ad61704963a667863291df64b3 - - dac6f60a74b34ccabcfd78cebeb9dc95 dac6f60a74b34ccabcfd78cebeb9dc95] 199.204.45.205 "GET /v2.0/floatingips?fixed_ip_address=10.100.0.10&port_id=82b55bb7-6c8c-450d-987e-f5279ae339a2 HTTP/1.1" status: 200 len: 217 time: 0.0334651
2026-06-02 08:03:24.396 10 INFO neutron.wsgi [req-972a4958-fd22-443a-973c-dff9a7d1e3f9 req-999d9ca4-6243-469d-b95b-2bf8a868dd38 ba9547cf90f14262852972ebfcba7d5e e1677f183a4745eaa751fc37c6726c61 - - default default] 10.0.0.195 "GET /v2.0/ports?device_id=3c8f6776-2fdf-4903-a5a0-5123895007b8 HTTP/1.1" status: 200 len: 1172 time: 0.1103234
2026-06-02 08:03:24.436 9 INFO neutron.wsgi [req-a8ad70c2-28ae-4c4f-9596-5e396e5242bb req-bd2c0304-b9b6-4097-8c35-4a4ee0db8e8f c6925d371fdc4a20a6e51fbccf7b0b0b cc84a2ad61704963a667863291df64b3 - - dac6f60a74b34ccabcfd78cebeb9dc95 dac6f60a74b34ccabcfd78cebeb9dc95] 199.204.45.205 "GET /v2.0/subnets?id=971d5f45-2915-4582-8daf-e177dd5d9f57 HTTP/1.1" status: 200 len: 865 time: 0.0531650
2026-06-02 08:03:24.448 10 INFO neutron.wsgi [req-972a4958-fd22-443a-973c-dff9a7d1e3f9 req-e9aa4b6a-30aa-4319-987e-6239f56d046c ba9547cf90f14262852972ebfcba7d5e e1677f183a4745eaa751fc37c6726c61 - - default default] 10.0.0.195 "GET /v2.0/security-groups?id=0c3c8887-44a7-488c-a1bf-86e788671900&fields=id&fields=name HTTP/1.1" status: 200 len: 286 time: 0.0450330
2026-06-02 08:03:24.466 9 INFO neutron.wsgi [req-a8ad70c2-28ae-4c4f-9596-5e396e5242bb req-06df2c47-2357-4ff7-b129-2103f36d10dd c6925d371fdc4a20a6e51fbccf7b0b0b cc84a2ad61704963a667863291df64b3 - - dac6f60a74b34ccabcfd78cebeb9dc95 dac6f60a74b34ccabcfd78cebeb9dc95] 199.204.45.205 "GET /v2.0/ports?network_id=74b92cc1-3dc6-42ed-8ea5-e77d0f7db574&device_owner=network%3Adhcp HTTP/1.1" status: 200 len: 210 time: 0.0254500
2026-06-02 08:03:24.587 9 INFO neutron.wsgi [req-a8ad70c2-28ae-4c4f-9596-5e396e5242bb req-3f5024c0-c58a-4e07-8415-1ad92a7a7bd3 c6925d371fdc4a20a6e51fbccf7b0b0b cc84a2ad61704963a667863291df64b3 - - dac6f60a74b34ccabcfd78cebeb9dc95 dac6f60a74b34ccabcfd78cebeb9dc95] 199.204.45.205 "GET /v2.0/networks/74b92cc1-3dc6-42ed-8ea5-e77d0f7db574?fields=segments HTTP/1.1" status: 200 len: 212 time: 0.1102509
2026-06-02 08:03:24.919 9 INFO neutron.wsgi [req-a8ad70c2-28ae-4c4f-9596-5e396e5242bb req-ff655f12-7f8f-4726-b36a-9748522b2462 c6925d371fdc4a20a6e51fbccf7b0b0b cc84a2ad61704963a667863291df64b3 - - dac6f60a74b34ccabcfd78cebeb9dc95 dac6f60a74b34ccabcfd78cebeb9dc95] 199.204.45.205 "GET /v2.0/networks/74b92cc1-3dc6-42ed-8ea5-e77d0f7db574?fields=provider%3Aphysical_network&fields=provider%3Anetwork_type HTTP/1.1" status: 200 len: 277 time: 0.3199320
2026-06-02 08:03:25.024 9 INFO neutron.wsgi [req-b46ab0ad-0d3b-4d0b-a585-59e379b7fa36 req-9b2e494a-a64c-48ab-b107-e02014f0b323 c6925d371fdc4a20a6e51fbccf7b0b0b cc84a2ad61704963a667863291df64b3 - - dac6f60a74b34ccabcfd78cebeb9dc95 dac6f60a74b34ccabcfd78cebeb9dc95] 199.204.45.205 "GET /v2.0/ports?tenant_id=e1677f183a4745eaa751fc37c6726c61&device_id=3c8f6776-2fdf-4903-a5a0-5123895007b8 HTTP/1.1" status: 200 len: 1411 time: 0.0626652
2026-06-02 08:03:25.067 9 INFO neutron.db.ovn_revision_numbers_db [None req-6c9d1990-2bd6-4b20-b6fd-962bdb1125c0 3fcbdd64b6864855b262fd98765bca91 1e40ba1f207e4dd5806da3a62b1a85b9 - - default default] Successfully bumped revision number for resource 16859572-d3bb-4031-933c-5aa7a8f63046 (type: security_groups) to 1
2026-06-02 08:03:25.099 9 INFO neutron.db.ovn_revision_numbers_db [None req-6c9d1990-2bd6-4b20-b6fd-962bdb1125c0 3fcbdd64b6864855b262fd98765bca91 1e40ba1f207e4dd5806da3a62b1a85b9 - - default default] Successfully bumped revision number for resource 5338ebf2-cb0c-4bc8-b626-2c733beaa015 (type: security_group_rules) to 0
2026-06-02 08:03:25.119 9 INFO neutron.plugins.ml2.drivers.ovn.mech_driver.mech_driver [None req-55556a73-82d0-4f60-abfe-e03503b5e14e - - - - - -] OVN reports status up for port: 82b55bb7-6c8c-450d-987e-f5279ae339a2
2026-06-02 08:03:25.148 9 WARNING neutron.scheduler.dhcp_agent_scheduler [None req-697e9bee-7912-42fb-b61a-b84299025072 6650bdae5b8049ba834ba4ffa2b82857 7a6b449c635f4d4982211a4cf3b62ef7 - - default default] No more DHCP agents
2026-06-02 08:03:25.159 9 INFO neutron.plugins.ml2.plugin [None req-55556a73-82d0-4f60-abfe-e03503b5e14e - - - - - -] Attempt 1 to provision port 82b55bb7-6c8c-450d-987e-f5279ae339a2
2026-06-02 08:03:25.161 9 INFO neutron.db.ovn_revision_numbers_db [None req-6c9d1990-2bd6-4b20-b6fd-962bdb1125c0 3fcbdd64b6864855b262fd98765bca91 1e40ba1f207e4dd5806da3a62b1a85b9 - - default default] Successfully bumped revision number for resource 5f9773de-f63b-4c6a-9e93-790d527652cf (type: security_group_rules) to 0
2026-06-02 08:03:25.172 9 WARNING neutron.api.rpc.agentnotifiers.dhcp_rpc_agent_api [None req-697e9bee-7912-42fb-b61a-b84299025072 6650bdae5b8049ba834ba4ffa2b82857 7a6b449c635f4d4982211a4cf3b62ef7 - - default default] Unable to schedule network 55f1fb54-a663-4fd5-951b-02ae5570882a: no agents available; will retry on subsequent port and subnet creation events.
2026-06-02 08:03:25.218 9 INFO neutron.wsgi [req-b46ab0ad-0d3b-4d0b-a585-59e379b7fa36 req-84b5d560-3a0e-42e7-b63a-fdc5c2832c09 c6925d371fdc4a20a6e51fbccf7b0b0b cc84a2ad61704963a667863291df64b3 - - dac6f60a74b34ccabcfd78cebeb9dc95 dac6f60a74b34ccabcfd78cebeb9dc95] 199.204.45.205 "GET /v2.0/networks?id=74b92cc1-3dc6-42ed-8ea5-e77d0f7db574 HTTP/1.1" status: 200 len: 970 time: 0.1863718
2026-06-02 08:03:25.222 9 INFO neutron.db.ovn_revision_numbers_db [None req-6c9d1990-2bd6-4b20-b6fd-962bdb1125c0 3fcbdd64b6864855b262fd98765bca91 1e40ba1f207e4dd5806da3a62b1a85b9 - - default default] Successfully bumped revision number for resource 7aa7cb7c-fe93-40f4-9ec1-e6351e300cac (type: security_group_rules) to 0 /var/lib/openstack/lib/python3.10/site-packages/pycadf/identifier.py:71: UserWarning: Invalid uuid: neutron. To ensure interoperability, identifiers should be a valid uuid. warnings.warn(('Invalid uuid: %s. To ensure interoperability, '
2026-06-02 08:03:25.266 9 INFO neutron.wsgi [req-b46ab0ad-0d3b-4d0b-a585-59e379b7fa36 req-6e606501-2a8e-45f6-b23e-93b1fd497ae9 c6925d371fdc4a20a6e51fbccf7b0b0b cc84a2ad61704963a667863291df64b3 - - dac6f60a74b34ccabcfd78cebeb9dc95 dac6f60a74b34ccabcfd78cebeb9dc95] 199.204.45.205 "GET /v2.0/floatingips?fixed_ip_address=10.100.0.10&port_id=82b55bb7-6c8c-450d-987e-f5279ae339a2 HTTP/1.1" status: 200 len: 217 time: 0.0359671
2026-06-02 08:03:25.290 9 INFO neutron.db.ovn_revision_numbers_db [None req-6c9d1990-2bd6-4b20-b6fd-962bdb1125c0 3fcbdd64b6864855b262fd98765bca91 1e40ba1f207e4dd5806da3a62b1a85b9 - - default default] Successfully bumped revision number for resource c5ce502b-dbe7-4c83-a3a5-f7075dec66eb (type: security_group_rules) to 0
2026-06-02 08:03:25.354 9 INFO neutron.wsgi [None req-6c9d1990-2bd6-4b20-b6fd-962bdb1125c0 3fcbdd64b6864855b262fd98765bca91 1e40ba1f207e4dd5806da3a62b1a85b9 - - default default] 10.0.0.61 "GET /v2.0/security-groups?tenant_id=8486aaf7e7f84f7188888b985bb43ed6&name=default HTTP/1.1" status: 200 len: 2996 time: 0.9536281
2026-06-02 08:03:25.364 9 INFO neutron.wsgi [req-b46ab0ad-0d3b-4d0b-a585-59e379b7fa36 req-d187ef0f-32ba-4def-b4c1-bdd679cfa9db c6925d371fdc4a20a6e51fbccf7b0b0b cc84a2ad61704963a667863291df64b3 - - dac6f60a74b34ccabcfd78cebeb9dc95 dac6f60a74b34ccabcfd78cebeb9dc95] 199.204.45.205 "GET /v2.0/subnets?id=971d5f45-2915-4582-8daf-e177dd5d9f57 HTTP/1.1" status: 200 len: 865 time: 0.0798862
2026-06-02 08:03:25.414 9 INFO neutron.wsgi [req-b46ab0ad-0d3b-4d0b-a585-59e379b7fa36 req-c8565570-67dd-4287-8fb9-5a0eb80a2b3f c6925d371fdc4a20a6e51fbccf7b0b0b cc84a2ad61704963a667863291df64b3 - - dac6f60a74b34ccabcfd78cebeb9dc95 dac6f60a74b34ccabcfd78cebeb9dc95] 199.204.45.205 "GET /v2.0/ports?network_id=74b92cc1-3dc6-42ed-8ea5-e77d0f7db574&device_owner=network%3Adhcp HTTP/1.1" status: 200 len: 210 time: 0.0379961
2026-06-02 08:03:25.465 9 INFO neutron.db.ovn_revision_numbers_db [None req-697e9bee-7912-42fb-b61a-b84299025072 6650bdae5b8049ba834ba4ffa2b82857 7a6b449c635f4d4982211a4cf3b62ef7 - - default default] Successfully bumped revision number for resource d372e70b-3a64-4987-9e11-509964e98d51 (type: ports) to 1
2026-06-02 08:03:25.532 9 INFO neutron.wsgi [None req-697e9bee-7912-42fb-b61a-b84299025072 6650bdae5b8049ba834ba4ffa2b82857 7a6b449c635f4d4982211a4cf3b62ef7 - - default default] 10.0.0.61 "POST /v2.0/ports HTTP/1.1" status: 201 len: 1165 time: 1.1964929
2026-06-02 08:03:25.579 9 INFO neutron.wsgi [req-b46ab0ad-0d3b-4d0b-a585-59e379b7fa36 req-afa29d0e-edfb-4a0e-88ad-f50830b24905 c6925d371fdc4a20a6e51fbccf7b0b0b cc84a2ad61704963a667863291df64b3 - - dac6f60a74b34ccabcfd78cebeb9dc95 dac6f60a74b34ccabcfd78cebeb9dc95] 199.204.45.205 "GET /v2.0/networks/74b92cc1-3dc6-42ed-8ea5-e77d0f7db574?fields=segments HTTP/1.1" status: 200 len: 212 time: 0.1559355
2026-06-02 08:03:25.602 9 INFO neutron.wsgi [req-a0472bbd-02b8-482c-9f26-867ad1c960fb req-6f4adfde-7f30-46b9-a482-0df9133aec59 ba9547cf90f14262852972ebfcba7d5e e1677f183a4745eaa751fc37c6726c61 - - default default] 10.0.0.195 "GET /v2.0/ports?device_id=3c8f6776-2fdf-4903-a5a0-5123895007b8 HTTP/1.1" status: 200 len: 1174 time: 0.0842791
2026-06-02 08:03:25.650 10 INFO neutron.wsgi [None req-d4098a09-fbde-461b-b329-3a727fa5857e 3fcbdd64b6864855b262fd98765bca91 1e40ba1f207e4dd5806da3a62b1a85b9 - - default default] 10.0.0.61 "DELETE /v2.0/security-groups/16859572-d3bb-4031-933c-5aa7a8f63046 HTTP/1.1" status: 204 len: 168 time: 0.2879803
2026-06-02 08:03:25.700 9 INFO neutron.wsgi [req-a0472bbd-02b8-482c-9f26-867ad1c960fb req-e09b21c4-a7c7-42c0-8965-a1c586c1ba7f ba9547cf90f14262852972ebfcba7d5e e1677f183a4745eaa751fc37c6726c61 - - default default] 10.0.0.195 "GET /v2.0/security-groups?id=0c3c8887-44a7-488c-a1bf-86e788671900&fields=id&fields=name HTTP/1.1" status: 200 len: 286 time: 0.0928011
2026-06-02 08:03:25.710 9 INFO neutron.wsgi [req-b46ab0ad-0d3b-4d0b-a585-59e379b7fa36 req-9ebb0391-3e3f-4bc3-b4ef-31f51423719a c6925d371fdc4a20a6e51fbccf7b0b0b cc84a2ad61704963a667863291df64b3 - - dac6f60a74b34ccabcfd78cebeb9dc95 dac6f60a74b34ccabcfd78cebeb9dc95] 199.204.45.205 "GET /v2.0/networks/74b92cc1-3dc6-42ed-8ea5-e77d0f7db574?fields=provider%3Aphysical_network&fields=provider%3Anetwork_type HTTP/1.1" status: 200 len: 277 time: 0.1259000
2026-06-02 08:03:25.792 9 INFO neutron.db.ovn_revision_numbers_db [None req-55556a73-82d0-4f60-abfe-e03503b5e14e - - - - - -] Successfully bumped revision number for resource 82b55bb7-6c8c-450d-987e-f5279ae339a2 (type: ports) to 4
2026-06-02 08:03:25.814 10 INFO neutron.db.ovn_revision_numbers_db [None req-06063899-7d7a-4917-a12f-eab5f054a0f1 3fcbdd64b6864855b262fd98765bca91 1e40ba1f207e4dd5806da3a62b1a85b9 - - default default] Successfully bumped revision number for resource e4deeb52-7cc7-41b5-9cac-91912b6128f6 (type: security_groups) to 1
2026-06-02 08:03:25.829 10 INFO neutron.db.ovn_revision_numbers_db [None req-06063899-7d7a-4917-a12f-eab5f054a0f1 3fcbdd64b6864855b262fd98765bca91 1e40ba1f207e4dd5806da3a62b1a85b9 - - default default] Successfully bumped revision number for resource 6188db5f-3f6b-4fed-aae9-358b5c7e34d3 (type: security_group_rules) to 0
2026-06-02 08:03:25.858 10 INFO neutron.db.ovn_revision_numbers_db [None req-06063899-7d7a-4917-a12f-eab5f054a0f1 3fcbdd64b6864855b262fd98765bca91 1e40ba1f207e4dd5806da3a62b1a85b9 - - default default] Successfully bumped revision number for resource ace1fd7b-ef26-4552-afc9-16b98d2c2a47 (type: security_group_rules) to 0
2026-06-02 08:03:25.887 10 INFO neutron.db.ovn_revision_numbers_db [None req-06063899-7d7a-4917-a12f-eab5f054a0f1 3fcbdd64b6864855b262fd98765bca91 1e40ba1f207e4dd5806da3a62b1a85b9 - - default default] Successfully bumped revision number for resource d0623a62-b999-4c76-afcf-5cff29fae36f (type: security_group_rules) to 0
2026-06-02 08:03:25.919 10 INFO neutron.db.ovn_revision_numbers_db [None req-06063899-7d7a-4917-a12f-eab5f054a0f1 3fcbdd64b6864855b262fd98765bca91 1e40ba1f207e4dd5806da3a62b1a85b9 - - default default] Successfully bumped revision number for resource eb33716a-f3db-4275-9f15-f804f1b5cd58 (type: security_group_rules) to 0
2026-06-02 08:03:25.929 10 INFO neutron.wsgi [None req-f0728619-cfaf-404f-a754-7ef61aa37b61 6650bdae5b8049ba834ba4ffa2b82857 7a6b449c635f4d4982211a4cf3b62ef7 - - default default] 10.0.0.61 "DELETE /v2.0/ports/d372e70b-3a64-4987-9e11-509964e98d51 HTTP/1.1" status: 204 len: 168 time: 0.3928699 /var/lib/openstack/lib/python3.10/site-packages/pycadf/identifier.py:71: UserWarning: Invalid uuid: neutron. To ensure interoperability, identifiers should be a valid uuid. warnings.warn(('Invalid uuid: %s. To ensure interoperability, '
2026-06-02 08:03:25.948 10 INFO neutron.wsgi [None req-06063899-7d7a-4917-a12f-eab5f054a0f1 3fcbdd64b6864855b262fd98765bca91 1e40ba1f207e4dd5806da3a62b1a85b9 - - default default] 10.0.0.61 "GET /v2.0/security-groups?tenant_id=44e022d23a6f4f40ae8a59a4c4935969&name=default HTTP/1.1" status: 200 len: 2996 time: 0.4634554
2026-06-02 08:03:25.958 9 INFO neutron.pecan_wsgi.hooks.translation [None req-b968f946-a2fc-44e0-86ad-77fe21764133 6650bdae5b8049ba834ba4ffa2b82857 7a6b449c635f4d4982211a4cf3b62ef7 - - default default] DELETE failed (client error): The resource could not be found.
2026-06-02 08:03:25.961 9 INFO neutron.wsgi [None req-b968f946-a2fc-44e0-86ad-77fe21764133 6650bdae5b8049ba834ba4ffa2b82857 7a6b449c635f4d4982211a4cf3b62ef7 - - default default] 10.0.0.61 "DELETE /v2.0/ports/d372e70b-3a64-4987-9e11-509964e98d51 HTTP/1.1" status: 404 len: 333 time: 0.0245807
2026-06-02 08:03:25.983 10 INFO neutron.pecan_wsgi.hooks.translation [None req-7ab37c41-b258-4f48-b2a3-96776bbf824a 6650bdae5b8049ba834ba4ffa2b82857 7a6b449c635f4d4982211a4cf3b62ef7 - - default default] GET failed (client error): The resource could not be found.
2026-06-02 08:03:25.985 10 INFO neutron.wsgi [None req-7ab37c41-b258-4f48-b2a3-96776bbf824a 6650bdae5b8049ba834ba4ffa2b82857 7a6b449c635f4d4982211a4cf3b62ef7 - - default default] 10.0.0.61 "GET /v2.0/ports/d372e70b-3a64-4987-9e11-509964e98d51 HTTP/1.1" status: 404 len: 333 time: 0.0200312
2026-06-02 08:03:26.193 10 INFO neutron.wsgi [None req-a61ae125-fafc-41f6-809a-673865a6daba 3fcbdd64b6864855b262fd98765bca91 1e40ba1f207e4dd5806da3a62b1a85b9 - - default default] 10.0.0.61 "DELETE /v2.0/security-groups/e4deeb52-7cc7-41b5-9cac-91912b6128f6 HTTP/1.1" status: 204 len: 168 time: 0.2379856
2026-06-02 08:03:26.202 9 INFO neutron.wsgi [None req-49407694-56a9-4617-b1bb-edae72fd26f7 6650bdae5b8049ba834ba4ffa2b82857 7a6b449c635f4d4982211a4cf3b62ef7 - - default default] 10.0.0.61 "DELETE /v2.0/subnets/de12e362-6846-413d-ba33-05d778dc07df HTTP/1.1" status: 204 len: 168 time: 0.2120159
2026-06-02 08:03:26.355 9 INFO neutron.notifiers.nova [-] Nova event matching ['req-12e2ea1e-5978-4bbe-ba60-dd7354aaacbd'] response: {'server_uuid': '3c8f6776-2fdf-4903-a5a0-5123895007b8', 'name': 'network-vif-plugged', 'status': 'completed', 'tag': '82b55bb7-6c8c-450d-987e-f5279ae339a2', 'code': 200}
2026-06-02 08:03:26.355 9 INFO neutron.notifiers.nova [-] Nova event matching ['req-12e2ea1e-5978-4bbe-ba60-dd7354aaacbd'] response: {'server_uuid': '3c8f6776-2fdf-4903-a5a0-5123895007b8', 'name': 'network-vif-plugged', 'status': 'completed', 'tag': '82b55bb7-6c8c-450d-987e-f5279ae339a2', 'code': 200}
2026-06-02 08:03:26.620 9 INFO neutron.services.segments.plugin [-] Segment 71bef28e-9e7c-4884-9a2f-da0ce4ccc83d resource provider aggregate not found
2026-06-02 08:03:26.628 9 INFO neutron.services.segments.plugin [-] Segment 71bef28e-9e7c-4884-9a2f-da0ce4ccc83d resource provider aggregate not found
2026-06-02 08:03:26.640 9 INFO neutron.services.segments.plugin [-] Segment 71bef28e-9e7c-4884-9a2f-da0ce4ccc83d resource provider not found; error: Placement Client Error (4xx): {"errors": [{"status": 404, "title": "Not Found", "detail": "The resource could not be found.\n\n No resource provider with uuid 71bef28e-9e7c-4884-9a2f-da0ce4ccc83d found for delete ", "request_id": "req-03e0202a-368e-4379-ab5b-51d05be076dc"}]}
2026-06-02 08:03:26.641 9 INFO neutron.services.segments.plugin [-] Segment 71bef28e-9e7c-4884-9a2f-da0ce4ccc83d resource provider not found; error: Placement Client Error (4xx): {"errors": [{"status": 404, "title": "Not Found", "detail": "The resource could not be found.\n\n No resource provider with uuid 71bef28e-9e7c-4884-9a2f-da0ce4ccc83d found for delete ", "request_id": "req-cc21d0c8-2ee3-461d-80de-3d804e06e559"}]}
2026-06-02 08:03:26.678 9 INFO neutron.wsgi [None req-7099234c-df01-450d-9172-b8fea07ee706 6650bdae5b8049ba834ba4ffa2b82857 7a6b449c635f4d4982211a4cf3b62ef7 - - default default] 10.0.0.61 "DELETE /v2.0/networks/55f1fb54-a663-4fd5-951b-02ae5570882a HTTP/1.1" status: 204 len: 168 time: 0.4707010
2026-06-02 08:03:26.694 9 WARNING neutron_lib.context [None req-a4c8b3af-5880-4997-9fa6-56e4a7b226e7 6650bdae5b8049ba834ba4ffa2b82857 7a6b449c635f4d4982211a4cf3b62ef7 - - default default] Method 'is_advsvc' is deprecated since 2023.2 release (neutron-lib 3.8.0) and will be removed once support for the old RBAC API policies will be removed from Neutron. Please use method 'is_service_role' instead.
2026-06-02 08:03:26.780 9 INFO neutron.db.segments_db [None req-a4c8b3af-5880-4997-9fa6-56e4a7b226e7 6650bdae5b8049ba834ba4ffa2b82857 7a6b449c635f4d4982211a4cf3b62ef7 - - default default] Added segment 673bee1d-7e84-4938-b13c-431da475e4a6 of type geneve for network 7f45a018-7a21-4157-883a-3b042efd988f
2026-06-02 08:03:26.915 9 INFO neutron.wsgi [req-dde495d0-79e0-40ea-8a20-6bfe2eca298a req-c6903b74-1901-4ec1-846a-3488cd96d648 ba9547cf90f14262852972ebfcba7d5e e1677f183a4745eaa751fc37c6726c61 - - default default] 10.0.0.195 "GET /v2.0/ports?device_id=3c8f6776-2fdf-4903-a5a0-5123895007b8 HTTP/1.1" status: 200 len: 1174 time: 0.1413009
2026-06-02 08:03:26.990 9 INFO neutron.wsgi [req-dde495d0-79e0-40ea-8a20-6bfe2eca298a req-ff0bf3f8-2cff-4128-8361-dc6798750078 ba9547cf90f14262852972ebfcba7d5e e1677f183a4745eaa751fc37c6726c61 - - default default] 10.0.0.195 "GET /v2.0/security-groups?id=0c3c8887-44a7-488c-a1bf-86e788671900&fields=id&fields=name HTTP/1.1" status: 200 len: 286 time: 0.0614228
2026-06-02 08:03:26.991 9 INFO neutron.db.ovn_revision_numbers_db [None req-a4c8b3af-5880-4997-9fa6-56e4a7b226e7 6650bdae5b8049ba834ba4ffa2b82857 7a6b449c635f4d4982211a4cf3b62ef7 - - default default] Successfully bumped revision number for resource 7f45a018-7a21-4157-883a-3b042efd988f (type: networks) to 1
2026-06-02 08:03:27.223 9 WARNING neutron.scheduler.dhcp_agent_scheduler [None req-a4c8b3af-5880-4997-9fa6-56e4a7b226e7 6650bdae5b8049ba834ba4ffa2b82857 7a6b449c635f4d4982211a4cf3b62ef7 - - default default] No more DHCP agents
2026-06-02 08:03:27.226 9 WARNING neutron.api.rpc.agentnotifiers.dhcp_rpc_agent_api [None req-a4c8b3af-5880-4997-9fa6-56e4a7b226e7 6650bdae5b8049ba834ba4ffa2b82857 7a6b449c635f4d4982211a4cf3b62ef7 - - default default] Unable to schedule network 7f45a018-7a21-4157-883a-3b042efd988f: no agents available; will retry on subsequent port and subnet creation events.
2026-06-02 08:03:27.336 9 INFO neutron.db.ovn_revision_numbers_db [None req-a4c8b3af-5880-4997-9fa6-56e4a7b226e7 6650bdae5b8049ba834ba4ffa2b82857 7a6b449c635f4d4982211a4cf3b62ef7 - - default default] Successfully bumped revision number for resource d8e7a05b-c138-4f02-962a-f7a062035f5d (type: ports) to 1
2026-06-02 08:03:27.367 9 INFO neutron.wsgi [None req-a4c8b3af-5880-4997-9fa6-56e4a7b226e7 6650bdae5b8049ba834ba4ffa2b82857 7a6b449c635f4d4982211a4cf3b62ef7 - - default default] 10.0.0.61 "POST /v2.0/networks HTTP/1.1" status: 201 len: 834 time: 0.6795750
2026-06-02 08:03:27.377 9 WARNING neutron_lib.context [None req-fbac3384-9e12-4c2d-8a62-03021905300a 6650bdae5b8049ba834ba4ffa2b82857 7a6b449c635f4d4982211a4cf3b62ef7 - - default default] Method 'is_advsvc' is deprecated since 2023.2 release (neutron-lib 3.8.0) and will be removed once support for the old RBAC API policies will be removed from Neutron. Please use method 'is_service_role' instead.
2026-06-02 08:03:27.597 9 INFO neutron.wsgi [req-a0f4c5cd-01d6-4236-9e02-384636b97c2b req-74ff733b-af02-4f0f-81a3-4cf530edfa83 ba9547cf90f14262852972ebfcba7d5e e1677f183a4745eaa751fc37c6726c61 - - default default] 10.0.0.195 "GET /v2.0/ports?device_id=3c8f6776-2fdf-4903-a5a0-5123895007b8 HTTP/1.1" status: 200 len: 1174 time: 0.0449762
2026-06-02 08:03:27.634 9 WARNING neutron.scheduler.dhcp_agent_scheduler [None req-fbac3384-9e12-4c2d-8a62-03021905300a 6650bdae5b8049ba834ba4ffa2b82857 7a6b449c635f4d4982211a4cf3b62ef7 - - default default] No more DHCP agents
2026-06-02 08:03:27.638 9 WARNING neutron.api.rpc.agentnotifiers.dhcp_rpc_agent_api [None req-fbac3384-9e12-4c2d-8a62-03021905300a 6650bdae5b8049ba834ba4ffa2b82857 7a6b449c635f4d4982211a4cf3b62ef7 - - default default] Unable to schedule network 7f45a018-7a21-4157-883a-3b042efd988f: no agents available; will retry on subsequent port and subnet creation events.
2026-06-02 08:03:27.665 9 INFO neutron.wsgi [req-a0f4c5cd-01d6-4236-9e02-384636b97c2b req-5432a60c-079c-4962-b4d9-4174b3922bf4 ba9547cf90f14262852972ebfcba7d5e e1677f183a4745eaa751fc37c6726c61 - - default default] 10.0.0.195 "GET /v2.0/security-groups?id=0c3c8887-44a7-488c-a1bf-86e788671900&fields=id&fields=name HTTP/1.1" status: 200 len: 286 time: 0.0620158
2026-06-02 08:03:27.678 9 INFO neutron.plugins.ml2.drivers.ovn.mech_driver.mech_driver [None req-55556a73-82d0-4f60-abfe-e03503b5e14e - - - - - -] OVN reports status down for port: 82b55bb7-6c8c-450d-987e-f5279ae339a2
2026-06-02 08:03:27.703 9 INFO neutron.db.ovn_revision_numbers_db [None req-fbac3384-9e12-4c2d-8a62-03021905300a 6650bdae5b8049ba834ba4ffa2b82857 7a6b449c635f4d4982211a4cf3b62ef7 - - default default] Successfully bumped revision number for resource c0d3d7fc-d318-47ee-8499-6c2b341988e4 (type: subnets) to 0
2026-06-02 08:03:27.722 9 INFO neutron.wsgi [None req-fbac3384-9e12-4c2d-8a62-03021905300a 6650bdae5b8049ba834ba4ffa2b82857 7a6b449c635f4d4982211a4cf3b62ef7 - - default default] 10.0.0.61 "POST /v2.0/subnets HTTP/1.1" status: 201 len: 821 time: 0.3497438
2026-06-02 08:03:27.734 10 WARNING neutron_lib.context [None req-b6122742-2a51-434d-ac38-674dc4abad96 6650bdae5b8049ba834ba4ffa2b82857 7a6b449c635f4d4982211a4cf3b62ef7 - - default default] Method 'is_advsvc' is deprecated since 2023.2 release (neutron-lib 3.8.0) and will be removed once support for the old RBAC API policies will be removed from Neutron. Please use method 'is_service_role' instead.
2026-06-02 08:03:27.965 9 INFO neutron.wsgi [req-e5613718-096b-423d-ace7-ee7b821bf7cc req-ad687979-f844-47da-abcc-cda79d1a524a ba9547cf90f14262852972ebfcba7d5e e1677f183a4745eaa751fc37c6726c61 - - default default] 199.204.45.205 "GET /v2.0/ports?device_id=3c8f6776-2fdf-4903-a5a0-5123895007b8 HTTP/1.1" status: 200 len: 1172 time: 0.0714114
2026-06-02 08:03:28.005 9 WARNING neutron_lib.context [None req-6ab5a213-a794-4c66-b839-252faf184629 0d609f114eea4868922d5e49a5eab355 bb0452b4a5944e2491c67d7f1d073dc5 - - default default] Method 'is_advsvc' is deprecated since 2023.2 release (neutron-lib 3.8.0) and will be removed once support for the old RBAC API policies will be removed from Neutron. Please use method 'is_service_role' instead.
2026-06-02 08:03:28.093 9 INFO neutron.db.ovn_revision_numbers_db [None req-55556a73-82d0-4f60-abfe-e03503b5e14e - - - - - -] Successfully bumped revision number for resource 82b55bb7-6c8c-450d-987e-f5279ae339a2 (type: ports) to 5
2026-06-02 08:03:28.193 10 WARNING neutron.scheduler.dhcp_agent_scheduler [None req-b6122742-2a51-434d-ac38-674dc4abad96 6650bdae5b8049ba834ba4ffa2b82857 7a6b449c635f4d4982211a4cf3b62ef7 - - default default] No more DHCP agents
2026-06-02 08:03:28.199 10 WARNING neutron.api.rpc.agentnotifiers.dhcp_rpc_agent_api [None req-b6122742-2a51-434d-ac38-674dc4abad96 6650bdae5b8049ba834ba4ffa2b82857 7a6b449c635f4d4982211a4cf3b62ef7 - - default default] Unable to schedule network 7f45a018-7a21-4157-883a-3b042efd988f: no agents available; will retry on subsequent port and subnet creation events.
2026-06-02 08:03:28.246 9 INFO neutron.db.ovn_revision_numbers_db [None req-6ab5a213-a794-4c66-b839-252faf184629 0d609f114eea4868922d5e49a5eab355 bb0452b4a5944e2491c67d7f1d073dc5 - - default default] Successfully bumped revision number for resource e4add1da-2a35-4f26-94fa-2fdf675e85eb (type: security_groups) to 1
2026-06-02 08:03:28.263 9 INFO neutron.db.ovn_revision_numbers_db [None req-6ab5a213-a794-4c66-b839-252faf184629 0d609f114eea4868922d5e49a5eab355 bb0452b4a5944e2491c67d7f1d073dc5 - - default default] Successfully bumped revision number for resource 1848e262-43c2-4086-95ab-5c5266738566 (type: security_group_rules) to 0
2026-06-02 08:03:28.276 9 INFO neutron.db.ovn_revision_numbers_db [None req-6ab5a213-a794-4c66-b839-252faf184629 0d609f114eea4868922d5e49a5eab355 bb0452b4a5944e2491c67d7f1d073dc5 - - default default] Successfully bumped revision number for resource 4dbbf600-a3d9-4d3d-aa4f-6690dcc2e67e (type: security_group_rules) to 0
2026-06-02 08:03:28.305 9 INFO neutron.db.ovn_revision_numbers_db [None req-6ab5a213-a794-4c66-b839-252faf184629 0d609f114eea4868922d5e49a5eab355 bb0452b4a5944e2491c67d7f1d073dc5 - - default default] Successfully bumped revision number for resource 96b91d5a-fe7c-4219-ac80-bf668820c960 (type: security_group_rules) to 0
2026-06-02 08:03:28.323 9 INFO neutron.db.ovn_revision_numbers_db [None req-6ab5a213-a794-4c66-b839-252faf184629 0d609f114eea4868922d5e49a5eab355 bb0452b4a5944e2491c67d7f1d073dc5 - - default default] Successfully bumped revision number for resource f4bcdca1-a048-4d48-adf2-81bcccfc2da6 (type: security_group_rules) to 0
2026-06-02 08:03:28.326 10 INFO neutron.db.ovn_revision_numbers_db [None req-b6122742-2a51-434d-ac38-674dc4abad96 6650bdae5b8049ba834ba4ffa2b82857 7a6b449c635f4d4982211a4cf3b62ef7 - - default default] Successfully bumped revision number for resource 6b67bd03-d467-43d1-b115-f5673016d6ba (type: ports) to 1
2026-06-02 08:03:28.344 10 INFO neutron.wsgi [None req-b6122742-2a51-434d-ac38-674dc4abad96 6650bdae5b8049ba834ba4ffa2b82857 7a6b449c635f4d4982211a4cf3b62ef7 - - default default] 10.0.0.61 "POST /v2.0/ports HTTP/1.1" status: 201 len: 1127 time: 0.6164005 /var/lib/openstack/lib/python3.10/site-packages/pycadf/identifier.py:71: UserWarning: Invalid uuid: neutron. To ensure interoperability, identifiers should be a valid uuid. warnings.warn(('Invalid uuid: %s. To ensure interoperability, '
2026-06-02 08:03:28.388 9 INFO neutron.db.segments_db [None req-6ab5a213-a794-4c66-b839-252faf184629 0d609f114eea4868922d5e49a5eab355 bb0452b4a5944e2491c67d7f1d073dc5 - - default default] Added segment 4142d386-dff9-403a-88e9-7a39c46c6e8f of type geneve for network 1a5d3e23-e52e-45ff-9e7e-38bdd7359c5e
2026-06-02 08:03:28.392 9 INFO neutron.wsgi [req-e5613718-096b-423d-ace7-ee7b821bf7cc req-1c517b8d-e3f6-4416-9181-04e3563420d5 ba9547cf90f14262852972ebfcba7d5e e1677f183a4745eaa751fc37c6726c61 - - default default] 199.204.45.205 "DELETE /v2.0/ports/82b55bb7-6c8c-450d-987e-f5279ae339a2 HTTP/1.1" status: 204 len: 173 time: 0.4183040
2026-06-02 08:03:28.396 9 INFO neutron.notifiers.nova [-] Nova event matching ['req-f29ed7c0-009e-4e27-9732-4f7abbb11c04'] response: {'server_uuid': '3c8f6776-2fdf-4903-a5a0-5123895007b8', 'name': 'network-vif-unplugged', 'status': 'completed', 'tag': '82b55bb7-6c8c-450d-987e-f5279ae339a2', 'code': 200}
2026-06-02 08:03:28.396 9 INFO neutron.notifiers.nova [-] Nova event matching ['req-f29ed7c0-009e-4e27-9732-4f7abbb11c04'] response: {'server_uuid': '3c8f6776-2fdf-4903-a5a0-5123895007b8', 'name': 'network-vif-plugged', 'status': 'completed', 'tag': '82b55bb7-6c8c-450d-987e-f5279ae339a2', 'code': 200}
2026-06-02 08:03:28.503 10 INFO neutron.wsgi [-] 10.0.0.182 "GET / HTTP/1.1" status: 200 len: 247 time: 0.0024793
2026-06-02 08:03:28.506 10 INFO neutron.wsgi [-] 10.0.0.182 "GET / HTTP/1.1" status: 200 len: 247 time: 0.0021455
2026-06-02 08:03:28.576 9 INFO neutron.db.ovn_revision_numbers_db [None req-6ab5a213-a794-4c66-b839-252faf184629 0d609f114eea4868922d5e49a5eab355 bb0452b4a5944e2491c67d7f1d073dc5 - - default default] Successfully bumped revision number for resource 1a5d3e23-e52e-45ff-9e7e-38bdd7359c5e (type: networks) to 1
2026-06-02 08:03:28.777 9 INFO neutron.wsgi [None req-158a2489-412a-44c1-888c-2460c7667441 6650bdae5b8049ba834ba4ffa2b82857 7a6b449c635f4d4982211a4cf3b62ef7 - - default default] 10.0.0.61 "DELETE /v2.0/ports/6b67bd03-d467-43d1-b115-f5673016d6ba HTTP/1.1" status: 204 len: 168 time: 0.4270062
2026-06-02 08:03:28.798 9 WARNING neutron.scheduler.dhcp_agent_scheduler [None req-6ab5a213-a794-4c66-b839-252faf184629 0d609f114eea4868922d5e49a5eab355 bb0452b4a5944e2491c67d7f1d073dc5 - - default default] No more DHCP agents
2026-06-02 08:03:28.800 9 WARNING neutron.api.rpc.agentnotifiers.dhcp_rpc_agent_api [None req-6ab5a213-a794-4c66-b839-252faf184629 0d609f114eea4868922d5e49a5eab355 bb0452b4a5944e2491c67d7f1d073dc5 - - default default] Unable to schedule network 1a5d3e23-e52e-45ff-9e7e-38bdd7359c5e: no agents available; will retry on subsequent port and subnet creation events.
2026-06-02 08:03:28.813 10 INFO neutron.pecan_wsgi.hooks.translation [None req-b568add3-d2c2-4ec6-b103-9bc20e7f8353 6650bdae5b8049ba834ba4ffa2b82857 7a6b449c635f4d4982211a4cf3b62ef7 - - default default] GET failed (client error): The resource could not be found.
2026-06-02 08:03:28.815 10 INFO neutron.wsgi [None req-b568add3-d2c2-4ec6-b103-9bc20e7f8353 6650bdae5b8049ba834ba4ffa2b82857 7a6b449c635f4d4982211a4cf3b62ef7 - - default default] 10.0.0.61 "GET /v2.0/ports/6b67bd03-d467-43d1-b115-f5673016d6ba HTTP/1.1" status: 404 len: 333 time: 0.0312009
2026-06-02 08:03:28.912 9 INFO neutron.db.ovn_revision_numbers_db [None req-6ab5a213-a794-4c66-b839-252faf184629 0d609f114eea4868922d5e49a5eab355 bb0452b4a5944e2491c67d7f1d073dc5 - - default default] Successfully bumped revision number for resource 44566f25-ad5b-4512-8090-1d970b406d17 (type: ports) to 1
2026-06-02 08:03:28.946 9 INFO neutron.wsgi [None req-6ab5a213-a794-4c66-b839-252faf184629 0d609f114eea4868922d5e49a5eab355 bb0452b4a5944e2491c67d7f1d073dc5 - - default default] 10.0.0.61 "POST /v2.0/networks HTTP/1.1" status: 201 len: 849 time: 1.2481868
2026-06-02 08:03:28.956 10 WARNING neutron_lib.context [None req-cd272fed-ea92-4d4a-9965-59857a37a0d4 0d609f114eea4868922d5e49a5eab355 bb0452b4a5944e2491c67d7f1d073dc5 - - default default] Method 'is_advsvc' is deprecated since 2023.2 release (neutron-lib 3.8.0) and will be removed once support for the old RBAC API policies will be removed from Neutron. Please use method 'is_service_role' instead.
2026-06-02 08:03:29.030 9 INFO neutron.wsgi [None req-2e66a433-29c0-455c-a142-1c7d96d5f76b 6650bdae5b8049ba834ba4ffa2b82857 7a6b449c635f4d4982211a4cf3b62ef7 - - default default] 10.0.0.61 "DELETE /v2.0/subnets/c0d3d7fc-d318-47ee-8499-6c2b341988e4 HTTP/1.1" status: 204 len: 168 time: 0.2068491
2026-06-02 08:03:29.218 10 WARNING neutron.scheduler.dhcp_agent_scheduler [None req-cd272fed-ea92-4d4a-9965-59857a37a0d4 0d609f114eea4868922d5e49a5eab355 bb0452b4a5944e2491c67d7f1d073dc5 - - default default] No more DHCP agents
2026-06-02 08:03:29.222 10 WARNING neutron.api.rpc.agentnotifiers.dhcp_rpc_agent_api [None req-cd272fed-ea92-4d4a-9965-59857a37a0d4 0d609f114eea4868922d5e49a5eab355 bb0452b4a5944e2491c67d7f1d073dc5 - - default default] Unable to schedule network 1a5d3e23-e52e-45ff-9e7e-38bdd7359c5e: no agents available; will retry on subsequent port and subnet creation events.
2026-06-02 08:03:29.252 10 INFO neutron.db.ovn_revision_numbers_db [None req-cd272fed-ea92-4d4a-9965-59857a37a0d4 0d609f114eea4868922d5e49a5eab355 bb0452b4a5944e2491c67d7f1d073dc5 - - default default] Successfully bumped revision number for resource 8429d55f-c3af-4fd2-b617-33984dc5c0b7 (type: subnets) to 0
2026-06-02 08:03:29.269 10 INFO neutron.wsgi [None req-cd272fed-ea92-4d4a-9965-59857a37a0d4 0d609f114eea4868922d5e49a5eab355 bb0452b4a5944e2491c67d7f1d073dc5 - - default default] 10.0.0.61 "POST /v2.0/subnets HTTP/1.1" status: 201 len: 802 time: 0.3177841
2026-06-02 08:03:29.282 10 WARNING neutron_lib.context [None req-20b3f4c3-0ed8-42c2-b506-359ba8c60964 0d609f114eea4868922d5e49a5eab355 bb0452b4a5944e2491c67d7f1d073dc5 - - default default] Method 'is_advsvc' is deprecated since 2023.2 release (neutron-lib 3.8.0) and will be removed once support for the old RBAC API policies will be removed from Neutron. Please use method 'is_service_role' instead.
2026-06-02 08:03:29.637 9 INFO neutron.services.segments.plugin [-] Segment 673bee1d-7e84-4938-b13c-431da475e4a6 resource provider aggregate not found
2026-06-02 08:03:29.645 9 INFO neutron.services.segments.plugin [-] Segment 673bee1d-7e84-4938-b13c-431da475e4a6 resource provider aggregate not found
2026-06-02 08:03:29.652 9 INFO neutron.services.segments.plugin [-] Segment 673bee1d-7e84-4938-b13c-431da475e4a6 resource provider not found; error: Placement Client Error (4xx): {"errors": [{"status": 404, "title": "Not Found", "detail": "The resource could not be found.\n\n No resource provider with uuid 673bee1d-7e84-4938-b13c-431da475e4a6 found for delete ", "request_id": "req-e7d91010-b1b3-4976-bcce-73b99c5d891a"}]}
2026-06-02 08:03:29.664 9 INFO neutron.services.segments.plugin [-] Segment 673bee1d-7e84-4938-b13c-431da475e4a6 resource provider not found; error: Placement Client Error (4xx): {"errors": [{"status": 404, "title": "Not Found", "detail": "The resource could not be found.\n\n No resource provider with uuid 673bee1d-7e84-4938-b13c-431da475e4a6 found for delete ", "request_id": "req-32577c3b-90c7-4177-8ce9-b062b551484b"}]}
2026-06-02 08:03:29.683 9 INFO neutron.wsgi [None req-c1d2adbb-a34b-4d34-9f4e-e9f216fd0c7e 6650bdae5b8049ba834ba4ffa2b82857 7a6b449c635f4d4982211a4cf3b62ef7 - - default default] 10.0.0.61 "DELETE /v2.0/networks/7f45a018-7a21-4157-883a-3b042efd988f HTTP/1.1" status: 204 len: 168 time: 0.6446605
2026-06-02 08:03:29.694 9 WARNING neutron_lib.context [None req-21860a15-c0f1-44d0-8295-b58a63c2d792 6650bdae5b8049ba834ba4ffa2b82857 7a6b449c635f4d4982211a4cf3b62ef7 - - default default] Method 'is_advsvc' is deprecated since 2023.2 release (neutron-lib 3.8.0) and will be removed once support for the old RBAC API policies will be removed from Neutron. Please use method 'is_service_role' instead.
2026-06-02 08:03:29.763 10 WARNING neutron.scheduler.dhcp_agent_scheduler [None req-20b3f4c3-0ed8-42c2-b506-359ba8c60964 0d609f114eea4868922d5e49a5eab355 bb0452b4a5944e2491c67d7f1d073dc5 - - default default] No more DHCP agents
2026-06-02 08:03:29.766 10 WARNING neutron.api.rpc.agentnotifiers.dhcp_rpc_agent_api [None req-20b3f4c3-0ed8-42c2-b506-359ba8c60964 0d609f114eea4868922d5e49a5eab355 bb0452b4a5944e2491c67d7f1d073dc5 - - default default] Unable to schedule network 009643ca-0698-4d95-a885-e178c788133c: no agents available; will retry on subsequent port and subnet creation events.
2026-06-02 08:03:29.937 10 INFO neutron.db.ovn_revision_numbers_db [None req-20b3f4c3-0ed8-42c2-b506-359ba8c60964 0d609f114eea4868922d5e49a5eab355 bb0452b4a5944e2491c67d7f1d073dc5 - - default default] Successfully bumped revision number for resource c87e2c12-ad89-4d7d-94c0-c5aa0bc0c185 (type: ports) to 1
2026-06-02 08:03:29.955 9 WARNING neutron.scheduler.dhcp_agent_scheduler [None req-21860a15-c0f1-44d0-8295-b58a63c2d792 6650bdae5b8049ba834ba4ffa2b82857 7a6b449c635f4d4982211a4cf3b62ef7 - - default default] No more DHCP agents
2026-06-02 08:03:29.958 9 WARNING neutron.api.rpc.agentnotifiers.dhcp_rpc_agent_api [None req-21860a15-c0f1-44d0-8295-b58a63c2d792 6650bdae5b8049ba834ba4ffa2b82857 7a6b449c635f4d4982211a4cf3b62ef7 - - default default] Unable to schedule network 1594d6f4-1446-4633-88c2-26bfdb385983: no agents available; will retry on subsequent port and subnet creation events.
2026-06-02 08:03:30.053 9 INFO neutron.db.ovn_revision_numbers_db [None req-21860a15-c0f1-44d0-8295-b58a63c2d792 6650bdae5b8049ba834ba4ffa2b82857 7a6b449c635f4d4982211a4cf3b62ef7 - - default default] Successfully bumped revision number for resource e4716303-a275-48aa-998c-53bfbe2fc09a (type: ports) to 1
2026-06-02 08:03:30.088 9 INFO neutron.wsgi [None req-21860a15-c0f1-44d0-8295-b58a63c2d792 6650bdae5b8049ba834ba4ffa2b82857 7a6b449c635f4d4982211a4cf3b62ef7 - - default default] 10.0.0.61 "POST /v2.0/ports HTTP/1.1" status: 201 len: 978 time: 0.3986895 /var/lib/openstack/lib/python3.10/site-packages/pycadf/identifier.py:71: UserWarning: Invalid uuid: neutron. To ensure interoperability, identifiers should be a valid uuid. warnings.warn(('Invalid uuid: %s. To ensure interoperability, '
2026-06-02 08:03:30.332 9 INFO neutron.plugins.ml2.drivers.ovn.mech_driver.mech_driver [None req-55556a73-82d0-4f60-abfe-e03503b5e14e - - - - - -] OVN reports status down for port: e4716303-a275-48aa-998c-53bfbe2fc09a
2026-06-02 08:03:30.367 9 INFO neutron.db.ovn_revision_numbers_db [None req-db8d0bcf-4035-47e5-b4aa-80bf8cbc2361 6650bdae5b8049ba834ba4ffa2b82857 7a6b449c635f4d4982211a4cf3b62ef7 - - default default] Successfully bumped revision number for resource e4716303-a275-48aa-998c-53bfbe2fc09a (type: ports) to 2
2026-06-02 08:03:30.377 9 INFO neutron.wsgi [None req-db8d0bcf-4035-47e5-b4aa-80bf8cbc2361 6650bdae5b8049ba834ba4ffa2b82857 7a6b449c635f4d4982211a4cf3b62ef7 - - default default] 10.0.0.61 "PUT /v2.0/ports/e4716303-a275-48aa-998c-53bfbe2fc09a HTTP/1.1" status: 200 len: 946 time: 0.2834010 /var/lib/openstack/lib/python3.10/site-packages/pycadf/identifier.py:71: UserWarning: Invalid uuid: neutron. To ensure interoperability, identifiers should be a valid uuid. warnings.warn(('Invalid uuid: %s. To ensure interoperability, '
2026-06-02 08:03:30.440 9 INFO neutron.notifiers.nova [-] Nova event matching ['req-f716db8a-b220-464a-a5c7-f9211a3b11e8'] response: {'server_uuid': '3c8f6776-2fdf-4903-a5a0-5123895007b8', 'name': 'network-vif-deleted', 'tag': '82b55bb7-6c8c-450d-987e-f5279ae339a2', 'status': 'completed', 'code': 200}
2026-06-02 08:03:30.597 9 INFO neutron.wsgi [None req-39c100d9-aed3-4d63-90db-2b64df5cb0fa 6650bdae5b8049ba834ba4ffa2b82857 7a6b449c635f4d4982211a4cf3b62ef7 - - default default] 10.0.0.61 "DELETE /v2.0/ports/e4716303-a275-48aa-998c-53bfbe2fc09a HTTP/1.1" status: 204 len: 168 time: 0.2152355
2026-06-02 08:03:30.685 9 INFO neutron.wsgi [None req-b31a5069-8eda-48a7-8a27-4abf38db7014 6650bdae5b8049ba834ba4ffa2b82857 7a6b449c635f4d4982211a4cf3b62ef7 - - default default] 10.0.0.61 "GET /v2.0/ports HTTP/1.1" status: 200 len: 1732 time: 0.0840096
2026-06-02 08:03:30.705 9 INFO neutron.pecan_wsgi.hooks.translation [None req-596f8522-972b-484d-8bc7-393c387c32d5 6650bdae5b8049ba834ba4ffa2b82857 7a6b449c635f4d4982211a4cf3b62ef7 - - default default] GET failed (client error): The resource could not be found.
2026-06-02 08:03:30.707 9 INFO neutron.wsgi [None req-596f8522-972b-484d-8bc7-393c387c32d5 6650bdae5b8049ba834ba4ffa2b82857 7a6b449c635f4d4982211a4cf3b62ef7 - - default default] 10.0.0.61 "GET /v2.0/ports/e4716303-a275-48aa-998c-53bfbe2fc09a HTTP/1.1" status: 404 len: 333 time: 0.0176678
2026-06-02 08:03:30.752 9 INFO neutron.wsgi [None req-80b61b96-5350-4629-917a-2870ff7959fd 6650bdae5b8049ba834ba4ffa2b82857 7a6b449c635f4d4982211a4cf3b62ef7 - - default default] 10.0.0.61 "GET /v2.0/ports HTTP/1.1" status: 200 len: 1732 time: 0.0380845
2026-06-02 08:03:30.798 9 INFO neutron.wsgi [None req-c2b9798a-1d89-48b0-8685-ff23c227afc1 6650bdae5b8049ba834ba4ffa2b82857 7a6b449c635f4d4982211a4cf3b62ef7 - - default default] 10.0.0.61 "GET /v2.0/ports/df1bc03e-02b5-4e06-9a79-8087e77cede9 HTTP/1.1" status: 200 len: 972 time: 0.0400834
2026-06-02 08:03:30.824 9 INFO neutron.pecan_wsgi.hooks.translation [None req-d41585cd-090a-45ba-add2-8066cc340e7d 6650bdae5b8049ba834ba4ffa2b82857 7a6b449c635f4d4982211a4cf3b62ef7 - - default default] DELETE failed (client error): The resource could not be found.
2026-06-02 08:03:30.828 9 INFO neutron.wsgi [None req-d41585cd-090a-45ba-add2-8066cc340e7d 6650bdae5b8049ba834ba4ffa2b82857 7a6b449c635f4d4982211a4cf3b62ef7 - - default default] 10.0.0.61 "DELETE /v2.0/ports/6b67bd03-d467-43d1-b115-f5673016d6ba HTTP/1.1" status: 404 len: 333 time: 0.0226638
2026-06-02 08:03:30.856 10 INFO neutron.pecan_wsgi.hooks.translation [None req-0b2da9b8-c785-4d0a-b0b9-33fc28b28885 6650bdae5b8049ba834ba4ffa2b82857 7a6b449c635f4d4982211a4cf3b62ef7 - - default default] DELETE failed (client error): The resource could not be found.
2026-06-02 08:03:30.858 10 INFO neutron.wsgi [None req-0b2da9b8-c785-4d0a-b0b9-33fc28b28885 6650bdae5b8049ba834ba4ffa2b82857 7a6b449c635f4d4982211a4cf3b62ef7 - - default default] 10.0.0.61 "DELETE /v2.0/subnets/c0d3d7fc-d318-47ee-8499-6c2b341988e4 HTTP/1.1" status: 404 len: 337 time: 0.0252216
2026-06-02 08:03:30.879 9 INFO neutron.pecan_wsgi.hooks.translation [None req-dc25343a-d516-40d0-8e9c-d6ef401a1e39 6650bdae5b8049ba834ba4ffa2b82857 7a6b449c635f4d4982211a4cf3b62ef7 - - default default] DELETE failed (client error): The resource could not be found.
2026-06-02 08:03:30.881 9 INFO neutron.wsgi [None req-dc25343a-d516-40d0-8e9c-d6ef401a1e39 6650bdae5b8049ba834ba4ffa2b82857 7a6b449c635f4d4982211a4cf3b62ef7 - - default default] 10.0.0.61 "DELETE /v2.0/subnets/de12e362-6846-413d-ba33-05d778dc07df HTTP/1.1" status: 404 len: 337 time: 0.0178320
2026-06-02 08:03:30.937 9 INFO neutron.plugins.ml2.drivers.ovn.mech_driver.mech_driver [None req-55556a73-82d0-4f60-abfe-e03503b5e14e - - - - - -] OVN reports status up for port: c87e2c12-ad89-4d7d-94c0-c5aa0bc0c185
2026-06-02 08:03:30.954 9 INFO neutron.plugins.ml2.plugin [None req-55556a73-82d0-4f60-abfe-e03503b5e14e - - - - - -] Attempt 1 to provision port c87e2c12-ad89-4d7d-94c0-c5aa0bc0c185
2026-06-02 08:03:30.984 10 INFO neutron.db.ovn_revision_numbers_db [None req-20b3f4c3-0ed8-42c2-b506-359ba8c60964 0d609f114eea4868922d5e49a5eab355 bb0452b4a5944e2491c67d7f1d073dc5 - - default default] Successfully bumped revision number for resource c87e2c12-ad89-4d7d-94c0-c5aa0bc0c185 (type: router_ports) to 1
2026-06-02 08:03:31.081 10 INFO neutron.db.ovn_revision_numbers_db [None req-20b3f4c3-0ed8-42c2-b506-359ba8c60964 0d609f114eea4868922d5e49a5eab355 bb0452b4a5944e2491c67d7f1d073dc5 - - default default] Successfully bumped revision number for resource 881f0fba-bbb6-423f-bdcf-e239fbe85071 (type: routers) to 2
2026-06-02 08:03:31.105 10 INFO neutron.wsgi [None req-20b3f4c3-0ed8-42c2-b506-359ba8c60964 0d609f114eea4868922d5e49a5eab355 bb0452b4a5944e2491c67d7f1d073dc5 - - default default] 10.0.0.61 "POST /v2.0/routers HTTP/1.1" status: 201 len: 874 time: 1.8293140
2026-06-02 08:03:31.135 9 INFO neutron.wsgi [None req-6345ef69-e1a1-4b2b-8765-08521b49ddb9 6650bdae5b8049ba834ba4ffa2b82857 7a6b449c635f4d4982211a4cf3b62ef7 - - default default] 10.0.0.61 "DELETE /v2.0/ports/df1bc03e-02b5-4e06-9a79-8087e77cede9 HTTP/1.1" status: 204 len: 168 time: 0.2489696
2026-06-02 08:03:31.529 10 INFO neutron.wsgi [None req-2fad0600-c681-427c-a1e9-f942dd8b0d62 3fcbdd64b6864855b262fd98765bca91 1e40ba1f207e4dd5806da3a62b1a85b9 - - default default] 10.0.0.61 "PUT /v2.0/routers/8fde882b-14ce-4a57-a29e-a1778978ebf2/remove_router_interface HTTP/1.1" status: 200 len: 503 time: 1.5892813
2026-06-02 08:03:31.534 9 INFO neutron.wsgi [None req-a6317aa8-dfaf-4bc8-9bc4-68b6ee2be69d 6650bdae5b8049ba834ba4ffa2b82857 7a6b449c635f4d4982211a4cf3b62ef7 - - default default] 10.0.0.61 "DELETE /v2.0/networks/1594d6f4-1446-4633-88c2-26bfdb385983 HTTP/1.1" status: 204 len: 168 time: 0.3950853
2026-06-02 08:03:31.685 9 INFO neutron.services.segments.plugin [-] Segment 7784d69b-11ed-48a5-a6b7-5013e49a9861 resource provider aggregate not found
2026-06-02 08:03:31.693 9 INFO neutron.services.segments.plugin [-] Segment 7784d69b-11ed-48a5-a6b7-5013e49a9861 resource provider aggregate not found
2026-06-02 08:03:31.704 9 INFO neutron.services.segments.plugin [-] Segment 7784d69b-11ed-48a5-a6b7-5013e49a9861 resource provider not found; error: Placement Client Error (4xx): {"errors": [{"status": 404, "title": "Not Found", "detail": "The resource could not be found.\n\n No resource provider with uuid 7784d69b-11ed-48a5-a6b7-5013e49a9861 found for delete ", "request_id": "req-afe1abd5-97c5-4fe0-a221-77833aacc4df"}]}
2026-06-02 08:03:31.707 9 INFO neutron.services.segments.plugin [-] Segment 7784d69b-11ed-48a5-a6b7-5013e49a9861 resource provider not found; error: Placement Client Error (4xx): {"errors": [{"status": 404, "title": "Not Found", "detail": "The resource could not be found.\n\n No resource provider with uuid 7784d69b-11ed-48a5-a6b7-5013e49a9861 found for delete ", "request_id": "req-c7ef1e81-7f95-46c9-b696-ee4fa8382d71"}]}
2026-06-02 08:03:31.764 9 INFO neutron.db.ovn_revision_numbers_db [None req-835c7251-a0d3-40bb-a926-e2fbc3f8b9e7 3fcbdd64b6864855b262fd98765bca91 1e40ba1f207e4dd5806da3a62b1a85b9 - - default default] Successfully bumped revision number for resource d463651f-181c-404e-838b-50c12f84808c (type: security_groups) to 1
2026-06-02 08:03:31.785 10 WARNING neutron.scheduler.dhcp_agent_scheduler [None req-61a3f037-1c47-4fa3-8a84-d4562d8ecf68 0d609f114eea4868922d5e49a5eab355 bb0452b4a5944e2491c67d7f1d073dc5 - - default default] No more DHCP agents
2026-06-02 08:03:31.788 10 WARNING neutron.api.rpc.agentnotifiers.dhcp_rpc_agent_api [None req-61a3f037-1c47-4fa3-8a84-d4562d8ecf68 0d609f114eea4868922d5e49a5eab355 bb0452b4a5944e2491c67d7f1d073dc5 - - default default] Unable to schedule network 1a5d3e23-e52e-45ff-9e7e-38bdd7359c5e: no agents available; will retry on subsequent port and subnet creation events.
2026-06-02 08:03:31.791 9 INFO neutron.db.ovn_revision_numbers_db [None req-835c7251-a0d3-40bb-a926-e2fbc3f8b9e7 3fcbdd64b6864855b262fd98765bca91 1e40ba1f207e4dd5806da3a62b1a85b9 - - default default] Successfully bumped revision number for resource 11d03f8b-2f78-4c76-a225-acab524449fc (type: security_group_rules) to 0
2026-06-02 08:03:31.808 9 INFO neutron.db.ovn_revision_numbers_db [None req-835c7251-a0d3-40bb-a926-e2fbc3f8b9e7 3fcbdd64b6864855b262fd98765bca91 1e40ba1f207e4dd5806da3a62b1a85b9 - - default default] Successfully bumped revision number for resource 166ea247-a622-49de-b56b-92a9ed8890c4 (type: security_group_rules) to 0
2026-06-02 08:03:31.832 9 INFO neutron.db.ovn_revision_numbers_db [None req-835c7251-a0d3-40bb-a926-e2fbc3f8b9e7 3fcbdd64b6864855b262fd98765bca91 1e40ba1f207e4dd5806da3a62b1a85b9 - - default default] Successfully bumped revision number for resource 59b0bb3b-6430-4fe9-a994-c85534445954 (type: security_group_rules) to 0
2026-06-02 08:03:31.861 9 INFO neutron.db.ovn_revision_numbers_db [None req-835c7251-a0d3-40bb-a926-e2fbc3f8b9e7 3fcbdd64b6864855b262fd98765bca91 1e40ba1f207e4dd5806da3a62b1a85b9 - - default default] Successfully bumped revision number for resource 9020dada-9db2-4410-8035-19324ee8c8ce (type: security_group_rules) to 0
2026-06-02 08:03:31.899 9 INFO neutron.wsgi [None req-835c7251-a0d3-40bb-a926-e2fbc3f8b9e7 3fcbdd64b6864855b262fd98765bca91 1e40ba1f207e4dd5806da3a62b1a85b9 - - default default] 10.0.0.61 "GET /v2.0/security-groups?tenant_id=a1c62a8478bf4059bb961d7bd6e98951&name=default HTTP/1.1" status: 200 len: 2996 time: 0.5510056
