2026-06-02 08:03:07.182 9 INFO neutron.db.ovn_revision_numbers_db [None req-f8cc200d-f33b-4975-9572-09c665ab64b6 - - - - - -] Successfully bumped revision number for resource 62b11208-e7ca-4467-b6fa-f5f62a82945a (type: router_ports) to 3
2026-06-02 08:03:07.189 10 INFO neutron.wsgi [None req-d9abd762-daa3-4aa5-8fcc-2e3e73783a62 e673a8b050414b3f887602ef8a165124 1ea34299d9264b98820a5182e02fcfb6 - - default default] 10.0.0.61 "GET /v2.0/extensions/qos-default HTTP/1.1" status: 200 len: 377 time: 0.0033357
2026-06-02 08:03:07.198 10 INFO neutron.wsgi [None req-dc2d3742-6c4e-4b4d-8da4-a222840b8a16 e673a8b050414b3f887602ef8a165124 1ea34299d9264b98820a5182e02fcfb6 - - default default] 10.0.0.61 "GET /v2.0/extensions/qos-fip HTTP/1.1" status: 200 len: 372 time: 0.0044723
2026-06-02 08:03:07.213 10 INFO neutron.wsgi [None req-040dce18-a6f7-49bd-8c5a-851acf9166f3 e673a8b050414b3f887602ef8a165124 1ea34299d9264b98820a5182e02fcfb6 - - default default] 10.0.0.61 "GET /v2.0/extensions/qos-gateway-ip HTTP/1.1" status: 200 len: 391 time: 0.0098021
2026-06-02 08:03:07.222 10 INFO neutron.wsgi [None req-9ce2b687-37a2-4caa-a164-3e2cc8474b10 e673a8b050414b3f887602ef8a165124 1ea34299d9264b98820a5182e02fcfb6 - - default default] 10.0.0.61 "GET /v2.0/extensions/qos-port-network-policy HTTP/1.1" status: 200 len: 403 time: 0.0033059
2026-06-02 08:03:07.229 10 INFO neutron.wsgi [None req-2f621fc4-ff57-41f3-851c-2b6af50e40aa e673a8b050414b3f887602ef8a165124 1ea34299d9264b98820a5182e02fcfb6 - - default default] 10.0.0.61 "GET /v2.0/extensions/qos-pps-minimum HTTP/1.1" status: 200 len: 397 time: 0.0043929
2026-06-02 08:03:07.240 9 INFO neutron.wsgi [None req-3220033f-1da1-46cd-80fc-27745d813e69 e673a8b050414b3f887602ef8a165124 1ea34299d9264b98820a5182e02fcfb6 - - default default] 10.0.0.61 "GET /v2.0/extensions/qos-pps-minimum-rule-alias HTTP/1.1" status: 200 len: 471 time: 0.0056808
2026-06-02 08:03:07.253 9 INFO neutron.wsgi [None req-0c35fd7a-389a-46b6-9809-957a9675aa1d e673a8b050414b3f887602ef8a165124 1ea34299d9264b98820a5182e02fcfb6 - - default default] 10.0.0.61 "GET /v2.0/extensions/qos-pps HTTP/1.1" status: 200 len: 389 time: 0.0053303
2026-06-02 08:03:07.261 9 INFO neutron.wsgi [None req-efe2d3ff-23db-4876-b8c3-f190c0120ead e673a8b050414b3f887602ef8a165124 1ea34299d9264b98820a5182e02fcfb6 - - default default] 10.0.0.61 "GET /v2.0/extensions/qos-rule-type-details HTTP/1.1" status: 200 len: 423 time: 0.0034647
2026-06-02 08:03:07.270 9 INFO neutron.wsgi [None req-ac227954-9852-48b7-977e-0e6385a1b2a7 e673a8b050414b3f887602ef8a165124 1ea34299d9264b98820a5182e02fcfb6 - - default default] 10.0.0.61 "GET /v2.0/extensions/qos-rule-type-filter HTTP/1.1" status: 200 len: 567 time: 0.0052724
2026-06-02 08:03:07.279 10 INFO neutron.wsgi [None req-89965c2a-6fee-460b-8174-aa43ceb33a63 e673a8b050414b3f887602ef8a165124 1ea34299d9264b98820a5182e02fcfb6 - - default default] 10.0.0.61 "GET /v2.0/extensions/qos-rules-alias HTTP/1.1" status: 200 len: 448 time: 0.0045559
2026-06-02 08:03:07.295 10 INFO neutron.wsgi [None req-47b7fdf9-da8b-42f6-bd6e-86d75a5777dc e673a8b050414b3f887602ef8a165124 1ea34299d9264b98820a5182e02fcfb6 - - default default] 10.0.0.61 "GET /v2.0/extensions/quota-check-limit HTTP/1.1" status: 200 len: 420 time: 0.0037246
2026-06-02 08:03:07.306 9 INFO neutron.wsgi [None req-3275d632-fe55-47e3-8eb7-a424289de798 e673a8b050414b3f887602ef8a165124 1ea34299d9264b98820a5182e02fcfb6 - - default default] 10.0.0.61 "GET /v2.0/extensions/quotas HTTP/1.1" status: 200 len: 386 time: 0.0060513
2026-06-02 08:03:07.316 10 INFO neutron.wsgi [None req-99eb8b33-8023-469e-9a49-176573d0a939 e673a8b050414b3f887602ef8a165124 1ea34299d9264b98820a5182e02fcfb6 - - default default] 10.0.0.61 "GET /v2.0/extensions/quota_details HTTP/1.1" status: 200 len: 407 time: 0.0063093
2026-06-02 08:03:07.327 9 INFO neutron.wsgi [None req-78181a12-f3eb-417e-bb94-7e96aec23c3e e673a8b050414b3f887602ef8a165124 1ea34299d9264b98820a5182e02fcfb6 - - default default] 10.0.0.61 "GET /v2.0/extensions/rbac-policies HTTP/1.1" status: 200 len: 417 time: 0.0048695
2026-06-02 08:03:07.335 10 INFO neutron.wsgi [None req-25f42484-43bf-474c-8d23-3633c57e94d0 e673a8b050414b3f887602ef8a165124 1ea34299d9264b98820a5182e02fcfb6 - - default default] 10.0.0.61 "GET /v2.0/extensions/rbac-address-scope HTTP/1.1" status: 200 len: 384 time: 0.0041802
2026-06-02 08:03:07.351 10 INFO neutron.wsgi [None req-76ba0e6c-240e-4a2d-9791-10dea95467c5 e673a8b050414b3f887602ef8a165124 1ea34299d9264b98820a5182e02fcfb6 - - default default] 10.0.0.61 "GET /v2.0/extensions/rbac-security-groups HTTP/1.1" status: 200 len: 404 time: 0.0130901
2026-06-02 08:03:07.360 10 INFO neutron.wsgi [None req-dfac7991-4258-485f-894c-c178d9f160ec e673a8b050414b3f887602ef8a165124 1ea34299d9264b98820a5182e02fcfb6 - - default default] 10.0.0.61 "GET /v2.0/extensions/revision-if-match HTTP/1.1" status: 200 len: 441 time: 0.0051897
2026-06-02 08:03:07.369 9 INFO neutron.wsgi [None req-4817fb54-05b0-42e1-8d42-a70315be4a30 e673a8b050414b3f887602ef8a165124 1ea34299d9264b98820a5182e02fcfb6 - - default default] 10.0.0.61 "GET /v2.0/extensions/standard-attr-revisions HTTP/1.1" status: 200 len: 423 time: 0.0058622
2026-06-02 08:03:07.378 9 INFO neutron.wsgi [None req-fc085ebb-9827-4d7d-b630-ea4dbc43b008 e673a8b050414b3f887602ef8a165124 1ea34299d9264b98820a5182e02fcfb6 - - default default] 10.0.0.61 "GET /v2.0/extensions/router_availability_zone HTTP/1.1" status: 200 len: 391 time: 0.0038805
2026-06-02 08:03:07.383 9 INFO neutron.db.ovn_revision_numbers_db [None req-f8cc200d-f33b-4975-9572-09c665ab64b6 - - - - - -] Successfully bumped revision number for resource 62b11208-e7ca-4467-b6fa-f5f62a82945a (type: ports) to 2
2026-06-02 08:03:07.387 10 INFO neutron.wsgi [None req-9fa274a5-5643-43c9-9587-3aaa5203410d e673a8b050414b3f887602ef8a165124 1ea34299d9264b98820a5182e02fcfb6 - - default default] 10.0.0.61 "GET /v2.0/extensions/security-groups-default-rules HTTP/1.1" status: 200 len: 456 time: 0.0048285
2026-06-02 08:03:07.397 9 INFO neutron.wsgi [None req-1364b341-aea0-49c9-9775-2298f53a0a95 e673a8b050414b3f887602ef8a165124 1ea34299d9264b98820a5182e02fcfb6 - - default default] 10.0.0.61 "GET /v2.0/extensions/security-groups-normalized-cidr HTTP/1.1" status: 200 len: 445 time: 0.0053773
2026-06-02 08:03:07.409 10 INFO neutron.wsgi [None req-2db8947b-bfe2-4753-ad72-211d7d55accd e673a8b050414b3f887602ef8a165124 1ea34299d9264b98820a5182e02fcfb6 - - default default] 10.0.0.61 "GET /v2.0/extensions/security-groups-remote-address-group HTTP/1.1" status: 200 len: 448 time: 0.0075901
2026-06-02 08:03:07.418 10 INFO neutron.wsgi [None req-d3963dd2-dbf4-463e-83c5-46a91b08dfc4 e673a8b050414b3f887602ef8a165124 1ea34299d9264b98820a5182e02fcfb6 - - default default] 10.0.0.61 "GET /v2.0/extensions/security-groups-shared-filtering HTTP/1.1" status: 200 len: 435 time: 0.0039482
2026-06-02 08:03:07.425 10 INFO neutron.wsgi [None req-067999e1-a4f2-4c28-953c-ebf00f409198 e673a8b050414b3f887602ef8a165124 1ea34299d9264b98820a5182e02fcfb6 - - default default] 10.0.0.61 "GET /v2.0/extensions/security-group HTTP/1.1" status: 200 len: 364 time: 0.0037045
2026-06-02 08:03:07.437 9 INFO neutron.wsgi [None req-b71cdb56-4c84-4ed7-b5cd-baaea2dedff5 e673a8b050414b3f887602ef8a165124 1ea34299d9264b98820a5182e02fcfb6 - - default default] 10.0.0.61 "GET /v2.0/extensions/segment HTTP/1.1" status: 200 len: 339 time: 0.0059054
2026-06-02 08:03:07.447 9 INFO neutron.wsgi [None req-2e0fe27e-e61a-42a5-988b-1c3b347612a7 e673a8b050414b3f887602ef8a165124 1ea34299d9264b98820a5182e02fcfb6 - - default default] 10.0.0.61 "GET /v2.0/extensions/segments-peer-subnet-host-routes HTTP/1.1" status: 200 len: 427 time: 0.0050266
2026-06-02 08:03:07.459 10 INFO neutron.wsgi [None req-a209e135-d598-4828-89dc-bb96e1fa92f7 e673a8b050414b3f887602ef8a165124 1ea34299d9264b98820a5182e02fcfb6 - - default default] 10.0.0.61 "GET /v2.0/extensions/service-type HTTP/1.1" status: 200 len: 415 time: 0.0085077
2026-06-02 08:03:07.469 10 INFO neutron.wsgi [None req-37ec13ea-301d-4828-8ca3-9405942581ba e673a8b050414b3f887602ef8a165124 1ea34299d9264b98820a5182e02fcfb6 - - default default] 10.0.0.61 "GET /v2.0/extensions/sorting HTTP/1.1" status: 200 len: 377 time: 0.0047972
2026-06-02 08:03:07.481 10 INFO neutron.wsgi [None req-f599c3fe-cdc1-4ddf-948b-0774c3ad4ba7 e673a8b050414b3f887602ef8a165124 1ea34299d9264b98820a5182e02fcfb6 - - default default] 10.0.0.61 "GET /v2.0/extensions/standard-attr-segment HTTP/1.1" status: 200 len: 406 time: 0.0080194
2026-06-02 08:03:07.496 9 INFO neutron.wsgi [None req-20c307ab-20e5-468e-b9c2-2815e96013fc e673a8b050414b3f887602ef8a165124 1ea34299d9264b98820a5182e02fcfb6 - - default default] 10.0.0.61 "GET /v2.0/extensions/standard-attr-description HTTP/1.1" status: 200 len: 408 time: 0.0090799
2026-06-02 08:03:07.503 9 INFO neutron.wsgi [None req-49404446-2e2f-491a-95c2-50d6b5c9f78a e673a8b050414b3f887602ef8a165124 1ea34299d9264b98820a5182e02fcfb6 - - default default] 10.0.0.61 "GET /v2.0/extensions/stateful-security-group HTTP/1.1" status: 200 len: 402 time: 0.0035315
2026-06-02 08:03:07.514 10 INFO neutron.wsgi [None req-a5804fef-42e2-48c4-b55c-1e96d739941a e673a8b050414b3f887602ef8a165124 1ea34299d9264b98820a5182e02fcfb6 - - default default] 10.0.0.61 "GET /v2.0/extensions/subnet-dns-publish-fixed-ip HTTP/1.1" status: 200 len: 421 time: 0.0060980
2026-06-02 08:03:07.521 10 INFO neutron.wsgi [None req-3f94f002-5d1b-45a0-9605-629e9270bbcd e673a8b050414b3f887602ef8a165124 1ea34299d9264b98820a5182e02fcfb6 - - default default] 10.0.0.61 "GET /v2.0/extensions/subnet-segmentid-writable HTTP/1.1" status: 200 len: 421 time: 0.0038919
2026-06-02 08:03:07.531 9 INFO neutron.wsgi [None req-d80afe1f-9851-474e-9f4a-49bdd47fdc03 e673a8b050414b3f887602ef8a165124 1ea34299d9264b98820a5182e02fcfb6 - - default default] 10.0.0.61 "GET /v2.0/extensions/subnet-service-types HTTP/1.1" status: 200 len: 400 time: 0.0063295
2026-06-02 08:03:07.539 9 INFO neutron.wsgi [None req-c3136df9-abca-4a82-a45d-f3fcb673daa3 e673a8b050414b3f887602ef8a165124 1ea34299d9264b98820a5182e02fcfb6 - - default default] 10.0.0.61 "GET /v2.0/extensions/subnet_allocation HTTP/1.1" status: 200 len: 388 time: 0.0035038
2026-06-02 08:03:07.547 9 INFO neutron.wsgi [None req-b5d1392a-7384-4b3c-aa4f-5e0caa8989c6 e673a8b050414b3f887602ef8a165124 1ea34299d9264b98820a5182e02fcfb6 - - default default] 10.0.0.61 "GET /v2.0/extensions/subnetpool-prefix-ops HTTP/1.1" status: 200 len: 418 time: 0.0050824
2026-06-02 08:03:07.555 9 INFO neutron.wsgi [None req-af982c8c-7982-458a-83bf-5ff68f8afea9 e673a8b050414b3f887602ef8a165124 1ea34299d9264b98820a5182e02fcfb6 - - default default] 10.0.0.61 "GET /v2.0/extensions/standard-attr-tag HTTP/1.1" status: 200 len: 537 time: 0.0030754
2026-06-02 08:03:07.565 9 INFO neutron.wsgi [None req-045bc6b4-5bea-4016-98e5-11af6c4c58b1 e673a8b050414b3f887602ef8a165124 1ea34299d9264b98820a5182e02fcfb6 - - default default] 10.0.0.61 "GET /v2.0/extensions/standard-attr-timestamp HTTP/1.1" status: 200 len: 449 time: 0.0039563
2026-06-02 08:03:07.581 9 INFO neutron.wsgi [None req-ebaf7113-d74a-4ee9-bd73-88fa1b5a9130 e673a8b050414b3f887602ef8a165124 1ea34299d9264b98820a5182e02fcfb6 - - default default] 10.0.0.61 "GET /v2.0/extensions/trunk HTTP/1.1" status: 200 len: 358 time: 0.0056927
2026-06-02 08:03:07.589 9 INFO neutron.wsgi [None req-d8dffb79-b156-4736-b49e-23010b635227 e673a8b050414b3f887602ef8a165124 1ea34299d9264b98820a5182e02fcfb6 - - default default] 10.0.0.61 "GET /v2.0/extensions/trunk-details HTTP/1.1" status: 200 len: 362 time: 0.0036759
2026-06-02 08:03:07.672 10 INFO neutron.db.ovn_revision_numbers_db [None req-0374bf53-7f61-4d25-acf0-5b9053bb0a33 3fcbdd64b6864855b262fd98765bca91 1e40ba1f207e4dd5806da3a62b1a85b9 - - default default] Successfully bumped revision number for resource 50114a6a-68c8-476a-be58-fbbe06649bac (type: router_ports) to 1
2026-06-02 08:03:07.699 9 INFO neutron.db.ovn_revision_numbers_db [None req-f8cc200d-f33b-4975-9572-09c665ab64b6 - - - - - -] Successfully bumped revision number for resource 62b11208-e7ca-4467-b6fa-f5f62a82945a (type: ports) to 4
2026-06-02 08:03:07.904 9 INFO neutron.db.ovn_revision_numbers_db [None req-f8cc200d-f33b-4975-9572-09c665ab64b6 - - - - - -] Successfully bumped revision number for resource 62b11208-e7ca-4467-b6fa-f5f62a82945a (type: router_ports) to 4
2026-06-02 08:03:08.032 10 INFO neutron.db.ovn_revision_numbers_db [None req-0374bf53-7f61-4d25-acf0-5b9053bb0a33 3fcbdd64b6864855b262fd98765bca91 1e40ba1f207e4dd5806da3a62b1a85b9 - - default default] Successfully bumped revision number for resource 50114a6a-68c8-476a-be58-fbbe06649bac (type: ports) to 1
2026-06-02 08:03:08.119 10 WARNING neutron.scheduler.dhcp_agent_scheduler [None req-0374bf53-7f61-4d25-acf0-5b9053bb0a33 3fcbdd64b6864855b262fd98765bca91 1e40ba1f207e4dd5806da3a62b1a85b9 - - default default] No more DHCP agents
2026-06-02 08:03:08.120 10 WARNING neutron.api.rpc.agentnotifiers.dhcp_rpc_agent_api [None req-0374bf53-7f61-4d25-acf0-5b9053bb0a33 3fcbdd64b6864855b262fd98765bca91 1e40ba1f207e4dd5806da3a62b1a85b9 - - default default] Unable to schedule network 129db7de-3bc4-4fd1-86b8-e4ebe4b65c64: no agents available; will retry on subsequent port and subnet creation events.
2026-06-02 08:03:08.367 9 INFO neutron.db.ovn_revision_numbers_db [None req-0ecb8f4f-c64a-40e5-ae7d-98096d0af534 3fcbdd64b6864855b262fd98765bca91 1e40ba1f207e4dd5806da3a62b1a85b9 - - default default] Successfully bumped revision number for resource 17528149-9297-4a7c-83f9-27b0ae035e92 (type: security_groups) to 1
2026-06-02 08:03:08.381 9 INFO neutron.db.ovn_revision_numbers_db [None req-0ecb8f4f-c64a-40e5-ae7d-98096d0af534 3fcbdd64b6864855b262fd98765bca91 1e40ba1f207e4dd5806da3a62b1a85b9 - - default default] Successfully bumped revision number for resource 036da013-e13e-4920-9a53-16bb7542eff4 (type: security_group_rules) to 0
2026-06-02 08:03:08.393 9 INFO neutron.db.ovn_revision_numbers_db [None req-0ecb8f4f-c64a-40e5-ae7d-98096d0af534 3fcbdd64b6864855b262fd98765bca91 1e40ba1f207e4dd5806da3a62b1a85b9 - - default default] Successfully bumped revision number for resource 0692ebb8-06d1-4a76-b33b-4401d9d867c0 (type: security_group_rules) to 0
2026-06-02 08:03:08.406 9 INFO neutron.db.ovn_revision_numbers_db [None req-0ecb8f4f-c64a-40e5-ae7d-98096d0af534 3fcbdd64b6864855b262fd98765bca91 1e40ba1f207e4dd5806da3a62b1a85b9 - - default default] Successfully bumped revision number for resource 607a45a8-10a8-4c50-9842-079e91f12a06 (type: security_group_rules) to 0
2026-06-02 08:03:08.419 9 INFO neutron.db.ovn_revision_numbers_db [None req-0ecb8f4f-c64a-40e5-ae7d-98096d0af534 3fcbdd64b6864855b262fd98765bca91 1e40ba1f207e4dd5806da3a62b1a85b9 - - default default] Successfully bumped revision number for resource b5ba36d5-5889-4daf-a93b-5f1760d70222 (type: security_group_rules) to 0
2026-06-02 08:03:08.444 9 INFO neutron.wsgi [None req-0ecb8f4f-c64a-40e5-ae7d-98096d0af534 3fcbdd64b6864855b262fd98765bca91 1e40ba1f207e4dd5806da3a62b1a85b9 - - default default] 10.0.0.61 "GET /v2.0/security-groups?tenant_id=1ea34299d9264b98820a5182e02fcfb6&name=default HTTP/1.1" status: 200 len: 2996 time: 0.3778980
2026-06-02 08:03:08.547 10 INFO neutron.db.ovn_revision_numbers_db [None req-0374bf53-7f61-4d25-acf0-5b9053bb0a33 3fcbdd64b6864855b262fd98765bca91 1e40ba1f207e4dd5806da3a62b1a85b9 - - default default] Successfully bumped revision number for resource 50114a6a-68c8-476a-be58-fbbe06649bac (type: router_ports) to 1
2026-06-02 08:03:08.550 10 INFO neutron.wsgi [None req-0374bf53-7f61-4d25-acf0-5b9053bb0a33 3fcbdd64b6864855b262fd98765bca91 1e40ba1f207e4dd5806da3a62b1a85b9 - - default default] 10.0.0.61 "PUT /v2.0/routers/f3e82d93-1d2f-4ad1-b27b-e442cf422e89/add_router_interface HTTP/1.1" status: 200 len: 503 time: 2.0857651
2026-06-02 08:03:08.660 9 INFO neutron.wsgi [None req-0a5abbc2-4bd9-4ef5-9521-74f8c3314f2f 3fcbdd64b6864855b262fd98765bca91 1e40ba1f207e4dd5806da3a62b1a85b9 - - default default] 10.0.0.61 "DELETE /v2.0/security-groups/17528149-9297-4a7c-83f9-27b0ae035e92 HTTP/1.1" status: 204 len: 168 time: 0.2106884
2026-06-02 08:03:08.945 9 INFO neutron.plugins.ml2.drivers.ovn.mech_driver.mech_driver [None req-55556a73-82d0-4f60-abfe-e03503b5e14e - - - - - -] OVN reports status up for port: 50114a6a-68c8-476a-be58-fbbe06649bac
2026-06-02 08:03:08.953 9 INFO neutron.plugins.ml2.plugin [None req-55556a73-82d0-4f60-abfe-e03503b5e14e - - - - - -] Attempt 1 to provision port 50114a6a-68c8-476a-be58-fbbe06649bac
2026-06-02 08:03:09.252 9 INFO neutron.db.ovn_revision_numbers_db [None req-55556a73-82d0-4f60-abfe-e03503b5e14e - - - - - -] Successfully bumped revision number for resource 50114a6a-68c8-476a-be58-fbbe06649bac (type: ports) to 2
2026-06-02 08:03:09.347 9 INFO neutron.db.ovn_revision_numbers_db [None req-55556a73-82d0-4f60-abfe-e03503b5e14e - - - - - -] Successfully bumped revision number for resource 50114a6a-68c8-476a-be58-fbbe06649bac (type: router_ports) to 2
2026-06-02 08:03:09.764 9 INFO neutron.wsgi [req-144428d5-e7ae-450c-a471-bb1c786614f4 req-342f03eb-3029-41e9-bc51-d550dbd93aaa 8cf0c5707afe43f28ab336827cb2cabc 8a4caa3c463a4264b833958d6ec0fb11 - - default default] 10.0.0.195 "GET /v2.0/networks?id=129db7de-3bc4-4fd1-86b8-e4ebe4b65c64 HTTP/1.1" status: 200 len: 877 time: 0.0657673
2026-06-02 08:03:09.787 9 INFO neutron.wsgi [req-144428d5-e7ae-450c-a471-bb1c786614f4 req-b1ff1677-9f22-45e0-8501-3df439b81bdf 8cf0c5707afe43f28ab336827cb2cabc 8a4caa3c463a4264b833958d6ec0fb11 - - default default] 10.0.0.195 "GET /v2.0/quotas/8a4caa3c463a4264b833958d6ec0fb11 HTTP/1.1" status: 200 len: 386 time: 0.0131526
2026-06-02 08:03:09.887 9 INFO neutron.wsgi [req-144428d5-e7ae-450c-a471-bb1c786614f4 req-b0ad0b43-597a-4156-81ef-6fe93abc19ed 8cf0c5707afe43f28ab336827cb2cabc 8a4caa3c463a4264b833958d6ec0fb11 - - default default] 10.0.0.195 "GET /v2.0/ports?tenant_id=8a4caa3c463a4264b833958d6ec0fb11&fields=id HTTP/1.1" status: 200 len: 302 time: 0.0918179
2026-06-02 08:03:09.949 9 INFO neutron.wsgi [req-144428d5-e7ae-450c-a471-bb1c786614f4 req-d5feef31-e36c-4103-8586-8f04f26eb0ea c6925d371fdc4a20a6e51fbccf7b0b0b cc84a2ad61704963a667863291df64b3 - - dac6f60a74b34ccabcfd78cebeb9dc95 dac6f60a74b34ccabcfd78cebeb9dc95] 10.0.0.195 "GET /v2.0/networks/129db7de-3bc4-4fd1-86b8-e4ebe4b65c64?fields=segments HTTP/1.1" status: 200 len: 212 time: 0.0526001
2026-06-02 08:03:10.018 10 INFO neutron.db.ovn_revision_numbers_db [None req-8f0f5450-9272-4cdc-946b-b7f77494c6d4 3fcbdd64b6864855b262fd98765bca91 1e40ba1f207e4dd5806da3a62b1a85b9 - - default default] Successfully bumped revision number for resource 1dbe2679-d4a2-4a7c-a7bd-26d98705178a (type: security_groups) to 1
2026-06-02 08:03:10.023 9 INFO neutron.wsgi [req-144428d5-e7ae-450c-a471-bb1c786614f4 req-cc7110cc-88d3-4ac1-b5b3-d142ff6e9b53 c6925d371fdc4a20a6e51fbccf7b0b0b cc84a2ad61704963a667863291df64b3 - - dac6f60a74b34ccabcfd78cebeb9dc95 dac6f60a74b34ccabcfd78cebeb9dc95] 10.0.0.195 "GET /v2.0/networks/129db7de-3bc4-4fd1-86b8-e4ebe4b65c64?fields=provider%3Aphysical_network&fields=provider%3Anetwork_type HTTP/1.1" status: 200 len: 277 time: 0.0664439
2026-06-02 08:03:10.031 10 INFO neutron.db.ovn_revision_numbers_db [None req-8f0f5450-9272-4cdc-946b-b7f77494c6d4 3fcbdd64b6864855b262fd98765bca91 1e40ba1f207e4dd5806da3a62b1a85b9 - - default default] Successfully bumped revision number for resource 5904a5df-8ad4-4776-b0e8-32ee1f818e12 (type: security_group_rules) to 0
2026-06-02 08:03:10.047 10 INFO neutron.db.ovn_revision_numbers_db [None req-8f0f5450-9272-4cdc-946b-b7f77494c6d4 3fcbdd64b6864855b262fd98765bca91 1e40ba1f207e4dd5806da3a62b1a85b9 - - default default] Successfully bumped revision number for resource a8747231-29e0-4934-9fed-ef0c8d3b16d7 (type: security_group_rules) to 0
2026-06-02 08:03:10.070 10 INFO neutron.db.ovn_revision_numbers_db [None req-8f0f5450-9272-4cdc-946b-b7f77494c6d4 3fcbdd64b6864855b262fd98765bca91 1e40ba1f207e4dd5806da3a62b1a85b9 - - default default] Successfully bumped revision number for resource ca3df8ad-b468-432a-8807-771d64e1ebd6 (type: security_group_rules) to 0
2026-06-02 08:03:10.084 10 INFO neutron.db.ovn_revision_numbers_db [None req-8f0f5450-9272-4cdc-946b-b7f77494c6d4 3fcbdd64b6864855b262fd98765bca91 1e40ba1f207e4dd5806da3a62b1a85b9 - - default default] Successfully bumped revision number for resource cccabfb7-9d3a-40b1-97b7-d4696c1d011c (type: security_group_rules) to 0
2026-06-02 08:03:10.108 10 INFO neutron.wsgi [None req-8f0f5450-9272-4cdc-946b-b7f77494c6d4 3fcbdd64b6864855b262fd98765bca91 1e40ba1f207e4dd5806da3a62b1a85b9 - - default default] 10.0.0.61 "GET /v2.0/security-groups?tenant_id=65fb2917a1d7403b81093ef0d80f10f0&name=default HTTP/1.1" status: 200 len: 2996 time: 0.3034389
2026-06-02 08:03:10.153 10 INFO neutron.wsgi [req-63ca28dc-7540-47e3-8922-0f21eacbe52e req-7315a58c-cc7c-44d9-bb25-e91276fe3348 8cf0c5707afe43f28ab336827cb2cabc 8a4caa3c463a4264b833958d6ec0fb11 - - default default] 10.0.0.195 "GET /v2.0/ports?device_id=50d67e40-da11-496a-9174-22230bfe8586 HTTP/1.1" status: 200 len: 210 time: 0.0248373
2026-06-02 08:03:10.322 10 INFO neutron.wsgi [None req-cca54e33-d181-46d2-9872-a6e071b6cf84 3fcbdd64b6864855b262fd98765bca91 1e40ba1f207e4dd5806da3a62b1a85b9 - - default default] 10.0.0.61 "DELETE /v2.0/security-groups/1dbe2679-d4a2-4a7c-a7bd-26d98705178a HTTP/1.1" status: 204 len: 168 time: 0.2068815
2026-06-02 08:03:10.820 9 WARNING neutron_lib.context [None req-51de0f7d-c5b8-4284-96fa-e38c577afb83 bfc6910dd06e4ce894d5138ab95e558c edeccd6b30c643dcabf471a243b7e4ba - - default default] Method 'is_advsvc' is deprecated since 2023.2 release (neutron-lib 3.8.0) and will be removed once support for the old RBAC API policies will be removed from Neutron. Please use method 'is_service_role' instead.
2026-06-02 08:03:10.831 9 INFO neutron.wsgi [req-144428d5-e7ae-450c-a471-bb1c786614f4 req-ed6348b9-9546-4ade-a040-ddca18c8fda0 8cf0c5707afe43f28ab336827cb2cabc 8a4caa3c463a4264b833958d6ec0fb11 - - default default] 199.204.45.205 "GET /v2.0/networks?id=129db7de-3bc4-4fd1-86b8-e4ebe4b65c64 HTTP/1.1" status: 200 len: 877 time: 0.0887790
2026-06-02 08:03:10.844 9 WARNING neutron_lib.context [req-144428d5-e7ae-450c-a471-bb1c786614f4 req-8503cd23-b48d-475a-806d-f4e3730e39ab 8cf0c5707afe43f28ab336827cb2cabc 8a4caa3c463a4264b833958d6ec0fb11 - - default default] Method 'is_advsvc' is deprecated since 2023.2 release (neutron-lib 3.8.0) and will be removed once support for the old RBAC API policies will be removed from Neutron. Please use method 'is_service_role' instead.
2026-06-02 08:03:11.015 9 INFO neutron.db.ovn_revision_numbers_db [None req-51de0f7d-c5b8-4284-96fa-e38c577afb83 bfc6910dd06e4ce894d5138ab95e558c edeccd6b30c643dcabf471a243b7e4ba - - default default] Successfully bumped revision number for resource 85c50b77-b04e-4be3-b832-5f38b88c3e49 (type: security_groups) to 1
2026-06-02 08:03:11.036 9 INFO neutron.db.ovn_revision_numbers_db [None req-51de0f7d-c5b8-4284-96fa-e38c577afb83 bfc6910dd06e4ce894d5138ab95e558c edeccd6b30c643dcabf471a243b7e4ba - - default default] Successfully bumped revision number for resource 2342d1b8-b294-4eaa-8b32-d134381c9c22 (type: security_group_rules) to 0
2026-06-02 08:03:11.052 9 INFO neutron.db.ovn_revision_numbers_db [None req-51de0f7d-c5b8-4284-96fa-e38c577afb83 bfc6910dd06e4ce894d5138ab95e558c edeccd6b30c643dcabf471a243b7e4ba - - default default] Successfully bumped revision number for resource 60a2707f-3287-4f66-941c-d39999260415 (type: security_group_rules) to 0
2026-06-02 08:03:11.070 9 INFO neutron.db.ovn_revision_numbers_db [None req-51de0f7d-c5b8-4284-96fa-e38c577afb83 bfc6910dd06e4ce894d5138ab95e558c edeccd6b30c643dcabf471a243b7e4ba - - default default] Successfully bumped revision number for resource 925f8c48-e21e-4da7-a5b4-965939230c39 (type: security_group_rules) to 0
2026-06-02 08:03:11.096 9 INFO neutron.db.ovn_revision_numbers_db [None req-51de0f7d-c5b8-4284-96fa-e38c577afb83 bfc6910dd06e4ce894d5138ab95e558c edeccd6b30c643dcabf471a243b7e4ba - - default default] Successfully bumped revision number for resource b776a8af-c258-4094-8390-b708b2afc72b (type: security_group_rules) to 0
2026-06-02 08:03:11.146 9 INFO neutron.db.segments_db [None req-51de0f7d-c5b8-4284-96fa-e38c577afb83 bfc6910dd06e4ce894d5138ab95e558c edeccd6b30c643dcabf471a243b7e4ba - - default default] Added segment 0721bdef-f34c-467b-a840-f53a95fda504 of type geneve for network 88864f2f-7cb2-427a-84f0-ef97e5674b25
2026-06-02 08:03:11.224 9 WARNING neutron.scheduler.dhcp_agent_scheduler [req-144428d5-e7ae-450c-a471-bb1c786614f4 req-8503cd23-b48d-475a-806d-f4e3730e39ab 8cf0c5707afe43f28ab336827cb2cabc 8a4caa3c463a4264b833958d6ec0fb11 - - default default] No more DHCP agents
2026-06-02 08:03:11.230 9 WARNING neutron.api.rpc.agentnotifiers.dhcp_rpc_agent_api [req-144428d5-e7ae-450c-a471-bb1c786614f4 req-8503cd23-b48d-475a-806d-f4e3730e39ab 8cf0c5707afe43f28ab336827cb2cabc 8a4caa3c463a4264b833958d6ec0fb11 - - default default] Unable to schedule network 129db7de-3bc4-4fd1-86b8-e4ebe4b65c64: no agents available; will retry on subsequent port and subnet creation events. /var/lib/openstack/lib/python3.10/site-packages/pycadf/identifier.py:71: UserWarning: Invalid uuid: neutron. To ensure interoperability, identifiers should be a valid uuid. warnings.warn(('Invalid uuid: %s. To ensure interoperability, '
2026-06-02 08:03:11.504 9 INFO neutron.wsgi [req-37df0784-d6bd-4020-b0d7-54fc80d980dc req-d6d0860d-8660-4775-b97b-24dc5d247fa6 8cf0c5707afe43f28ab336827cb2cabc 8a4caa3c463a4264b833958d6ec0fb11 - - default default] 10.0.0.195 "GET /v2.0/ports?device_id=50d67e40-da11-496a-9174-22230bfe8586 HTTP/1.1" status: 200 len: 1156 time: 0.2783043
2026-06-02 08:03:11.575 9 INFO neutron.db.ovn_revision_numbers_db [None req-51de0f7d-c5b8-4284-96fa-e38c577afb83 bfc6910dd06e4ce894d5138ab95e558c edeccd6b30c643dcabf471a243b7e4ba - - default default] Successfully bumped revision number for resource 88864f2f-7cb2-427a-84f0-ef97e5674b25 (type: networks) to 1
2026-06-02 08:03:11.587 9 INFO neutron.wsgi [req-37df0784-d6bd-4020-b0d7-54fc80d980dc req-62f9c45f-30ec-401e-8b5f-0c3fb7fc33af 8cf0c5707afe43f28ab336827cb2cabc 8a4caa3c463a4264b833958d6ec0fb11 - - default default] 10.0.0.195 "GET /v2.0/security-groups?id=21088ac2-1414-404f-a79d-f8965b7d2c5f&fields=id&fields=name HTTP/1.1" status: 200 len: 286 time: 0.0697260
2026-06-02 08:03:11.736 9 INFO neutron.db.ovn_revision_numbers_db [req-144428d5-e7ae-450c-a471-bb1c786614f4 req-8503cd23-b48d-475a-806d-f4e3730e39ab 8cf0c5707afe43f28ab336827cb2cabc 8a4caa3c463a4264b833958d6ec0fb11 - - default default] Successfully bumped revision number for resource 9703d10f-2ccc-423a-ab52-cb59ced29b5d (type: ports) to 1
2026-06-02 08:03:11.756 9 INFO neutron.wsgi [req-144428d5-e7ae-450c-a471-bb1c786614f4 req-8503cd23-b48d-475a-806d-f4e3730e39ab 8cf0c5707afe43f28ab336827cb2cabc 8a4caa3c463a4264b833958d6ec0fb11 - - default default] 199.204.45.205 "POST /v2.0/ports HTTP/1.1" status: 201 len: 1158 time: 0.9154203
2026-06-02 08:03:11.841 9 WARNING neutron.scheduler.dhcp_agent_scheduler [None req-51de0f7d-c5b8-4284-96fa-e38c577afb83 bfc6910dd06e4ce894d5138ab95e558c edeccd6b30c643dcabf471a243b7e4ba - - default default] No more DHCP agents
2026-06-02 08:03:11.844 9 WARNING neutron.api.rpc.agentnotifiers.dhcp_rpc_agent_api [None req-51de0f7d-c5b8-4284-96fa-e38c577afb83 bfc6910dd06e4ce894d5138ab95e558c edeccd6b30c643dcabf471a243b7e4ba - - default default] Unable to schedule network 88864f2f-7cb2-427a-84f0-ef97e5674b25: no agents available; will retry on subsequent port and subnet creation events.
2026-06-02 08:03:11.995 9 INFO neutron.db.ovn_revision_numbers_db [None req-51de0f7d-c5b8-4284-96fa-e38c577afb83 bfc6910dd06e4ce894d5138ab95e558c edeccd6b30c643dcabf471a243b7e4ba - - default default] Successfully bumped revision number for resource dba2b88d-bc26-464a-b87c-40a30b7772a7 (type: ports) to 1
2026-06-02 08:03:12.023 9 INFO neutron.wsgi [None req-51de0f7d-c5b8-4284-96fa-e38c577afb83 bfc6910dd06e4ce894d5138ab95e558c edeccd6b30c643dcabf471a243b7e4ba - - default default] 10.0.0.61 "POST /v2.0/networks HTTP/1.1" status: 201 len: 843 time: 1.4564264
2026-06-02 08:03:12.071 9 WARNING neutron_lib.context [None req-a6e91cda-94e5-47dd-a0c4-91ccaded1288 bfc6910dd06e4ce894d5138ab95e558c edeccd6b30c643dcabf471a243b7e4ba - - default default] Method 'is_advsvc' is deprecated since 2023.2 release (neutron-lib 3.8.0) and will be removed once support for the old RBAC API policies will be removed from Neutron. Please use method 'is_service_role' instead.
2026-06-02 08:03:12.324 9 INFO neutron.db.ovn_revision_numbers_db [req-144428d5-e7ae-450c-a471-bb1c786614f4 req-10c9bcac-2f89-446b-b3a0-0285f3e7525d c6925d371fdc4a20a6e51fbccf7b0b0b cc84a2ad61704963a667863291df64b3 - - dac6f60a74b34ccabcfd78cebeb9dc95 dac6f60a74b34ccabcfd78cebeb9dc95] Successfully bumped revision number for resource 9703d10f-2ccc-423a-ab52-cb59ced29b5d (type: ports) to 2
2026-06-02 08:03:12.355 9 WARNING neutron.scheduler.dhcp_agent_scheduler [None req-a6e91cda-94e5-47dd-a0c4-91ccaded1288 bfc6910dd06e4ce894d5138ab95e558c edeccd6b30c643dcabf471a243b7e4ba - - default default] No more DHCP agents
2026-06-02 08:03:12.361 9 WARNING neutron.api.rpc.agentnotifiers.dhcp_rpc_agent_api [None req-a6e91cda-94e5-47dd-a0c4-91ccaded1288 bfc6910dd06e4ce894d5138ab95e558c edeccd6b30c643dcabf471a243b7e4ba - - default default] Unable to schedule network 88864f2f-7cb2-427a-84f0-ef97e5674b25: no agents available; will retry on subsequent port and subnet creation events.
2026-06-02 08:03:12.626 9 INFO neutron.db.ovn_revision_numbers_db [req-144428d5-e7ae-450c-a471-bb1c786614f4 req-10c9bcac-2f89-446b-b3a0-0285f3e7525d c6925d371fdc4a20a6e51fbccf7b0b0b cc84a2ad61704963a667863291df64b3 - - dac6f60a74b34ccabcfd78cebeb9dc95 dac6f60a74b34ccabcfd78cebeb9dc95] Successfully bumped revision number for resource 9703d10f-2ccc-423a-ab52-cb59ced29b5d (type: ports) to 2 /var/lib/openstack/lib/python3.10/site-packages/pycadf/identifier.py:71: UserWarning: Invalid uuid: neutron. To ensure interoperability, identifiers should be a valid uuid. warnings.warn(('Invalid uuid: %s. To ensure interoperability, '
2026-06-02 08:03:12.658 9 INFO neutron.wsgi [req-144428d5-e7ae-450c-a471-bb1c786614f4 req-10c9bcac-2f89-446b-b3a0-0285f3e7525d c6925d371fdc4a20a6e51fbccf7b0b0b cc84a2ad61704963a667863291df64b3 - - dac6f60a74b34ccabcfd78cebeb9dc95 dac6f60a74b34ccabcfd78cebeb9dc95] 199.204.45.205 "PUT /v2.0/ports/9703d10f-2ccc-423a-ab52-cb59ced29b5d HTTP/1.1" status: 200 len: 1376 time: 0.8934195
2026-06-02 08:03:12.700 9 INFO neutron.notifiers.nova [-] Nova event matching ['req-b5bd366d-5296-4e7d-b227-50df9893e0e4'] response: {'name': 'network-changed', 'server_uuid': '50d67e40-da11-496a-9174-22230bfe8586', 'tag': '9703d10f-2ccc-423a-ab52-cb59ced29b5d', 'status': 'completed', 'code': 200}
2026-06-02 08:03:12.782 10 INFO neutron.wsgi [req-6c817ac2-2d22-4ec1-b271-1f913d584650 req-f1198c44-023c-402e-b468-b4b6400baf18 8cf0c5707afe43f28ab336827cb2cabc 8a4caa3c463a4264b833958d6ec0fb11 - - default default] 10.0.0.195 "GET /v2.0/ports?device_id=50d67e40-da11-496a-9174-22230bfe8586 HTTP/1.1" status: 200 len: 1168 time: 0.1303236
2026-06-02 08:03:12.786 9 INFO neutron.wsgi [req-144428d5-e7ae-450c-a471-bb1c786614f4 req-b449076d-bbe1-4305-8469-14d1fa17aade c6925d371fdc4a20a6e51fbccf7b0b0b cc84a2ad61704963a667863291df64b3 - - dac6f60a74b34ccabcfd78cebeb9dc95 dac6f60a74b34ccabcfd78cebeb9dc95] 199.204.45.205 "GET /v2.0/ports?tenant_id=8a4caa3c463a4264b833958d6ec0fb11&device_id=50d67e40-da11-496a-9174-22230bfe8586 HTTP/1.1" status: 200 len: 1407 time: 0.0649438
2026-06-02 08:03:12.830 9 INFO neutron.wsgi [req-144428d5-e7ae-450c-a471-bb1c786614f4 req-e3374f1e-0301-46fa-8748-6aaf8b6020bc c6925d371fdc4a20a6e51fbccf7b0b0b cc84a2ad61704963a667863291df64b3 - - dac6f60a74b34ccabcfd78cebeb9dc95 dac6f60a74b34ccabcfd78cebeb9dc95] 199.204.45.205 "GET /v2.0/floatingips?fixed_ip_address=10.100.0.9&port_id=9703d10f-2ccc-423a-ab52-cb59ced29b5d HTTP/1.1" status: 200 len: 217 time: 0.0314879
2026-06-02 08:03:12.838 10 INFO neutron.wsgi [req-6c817ac2-2d22-4ec1-b271-1f913d584650 req-66eec96f-54f2-4271-8f1e-ef58bbce3c59 8cf0c5707afe43f28ab336827cb2cabc 8a4caa3c463a4264b833958d6ec0fb11 - - default default] 10.0.0.195 "GET /v2.0/security-groups?id=21088ac2-1414-404f-a79d-f8965b7d2c5f&fields=id&fields=name HTTP/1.1" status: 200 len: 286 time: 0.0479643
2026-06-02 08:03:12.848 10 INFO neutron.db.ovn_revision_numbers_db [None req-d6c925d8-fad0-4cf4-9231-60f2d9234081 3fcbdd64b6864855b262fd98765bca91 1e40ba1f207e4dd5806da3a62b1a85b9 - - default default] Successfully bumped revision number for resource 0c3c8887-44a7-488c-a1bf-86e788671900 (type: security_groups) to 1
2026-06-02 08:03:12.862 10 INFO neutron.db.ovn_revision_numbers_db [None req-d6c925d8-fad0-4cf4-9231-60f2d9234081 3fcbdd64b6864855b262fd98765bca91 1e40ba1f207e4dd5806da3a62b1a85b9 - - default default] Successfully bumped revision number for resource 38dcd183-0a5f-4e8c-b988-71059367f25b (type: security_group_rules) to 0
2026-06-02 08:03:12.868 9 INFO neutron.db.ovn_revision_numbers_db [None req-040daa6a-c8b0-495b-95a7-b395563ace67 3fcbdd64b6864855b262fd98765bca91 1e40ba1f207e4dd5806da3a62b1a85b9 - - default default] Successfully bumped revision number for resource d9780e97-6e38-441d-ad24-256a419aeee9 (type: security_groups) to 1
2026-06-02 08:03:12.875 10 INFO neutron.db.ovn_revision_numbers_db [None req-d6c925d8-fad0-4cf4-9231-60f2d9234081 3fcbdd64b6864855b262fd98765bca91 1e40ba1f207e4dd5806da3a62b1a85b9 - - default default] Successfully bumped revision number for resource 3e740d5f-5852-469d-b146-2f5f38baf729 (type: security_group_rules) to 0
2026-06-02 08:03:12.883 9 INFO neutron.wsgi [req-144428d5-e7ae-450c-a471-bb1c786614f4 req-09779fa0-de22-47f9-a595-fe53d826e6bb c6925d371fdc4a20a6e51fbccf7b0b0b cc84a2ad61704963a667863291df64b3 - - dac6f60a74b34ccabcfd78cebeb9dc95 dac6f60a74b34ccabcfd78cebeb9dc95] 199.204.45.205 "GET /v2.0/subnets?id=3666ad9d-7fd1-455b-af39-ec6b68766d00 HTTP/1.1" status: 200 len: 871 time: 0.0429184
2026-06-02 08:03:12.893 10 INFO neutron.db.ovn_revision_numbers_db [None req-d6c925d8-fad0-4cf4-9231-60f2d9234081 3fcbdd64b6864855b262fd98765bca91 1e40ba1f207e4dd5806da3a62b1a85b9 - - default default] Successfully bumped revision number for resource 68f84e69-d24f-4482-98e6-4210bb189570 (type: security_group_rules) to 0
2026-06-02 08:03:12.904 10 INFO neutron.db.ovn_revision_numbers_db [None req-d6c925d8-fad0-4cf4-9231-60f2d9234081 3fcbdd64b6864855b262fd98765bca91 1e40ba1f207e4dd5806da3a62b1a85b9 - - default default] Successfully bumped revision number for resource 73533703-c8c2-4a7f-a387-4fc158f5d38a (type: security_group_rules) to 0
2026-06-02 08:03:12.908 9 INFO neutron.db.ovn_revision_numbers_db [None req-040daa6a-c8b0-495b-95a7-b395563ace67 3fcbdd64b6864855b262fd98765bca91 1e40ba1f207e4dd5806da3a62b1a85b9 - - default default] Successfully bumped revision number for resource 62d5dac5-f8a2-485b-82fc-1d899f5c378b (type: security_group_rules) to 0
2026-06-02 08:03:12.919 9 INFO neutron.wsgi [req-144428d5-e7ae-450c-a471-bb1c786614f4 req-edd698c2-077c-4f85-89d0-5638a75206a8 c6925d371fdc4a20a6e51fbccf7b0b0b cc84a2ad61704963a667863291df64b3 - - dac6f60a74b34ccabcfd78cebeb9dc95 dac6f60a74b34ccabcfd78cebeb9dc95] 199.204.45.205 "GET /v2.0/ports?network_id=129db7de-3bc4-4fd1-86b8-e4ebe4b65c64&device_owner=network%3Adhcp HTTP/1.1" status: 200 len: 210 time: 0.0203822
2026-06-02 08:03:12.936 9 INFO neutron.db.ovn_revision_numbers_db [None req-040daa6a-c8b0-495b-95a7-b395563ace67 3fcbdd64b6864855b262fd98765bca91 1e40ba1f207e4dd5806da3a62b1a85b9 - - default default] Successfully bumped revision number for resource b8f190f3-c722-45c4-b6f5-7da483c24c8a (type: security_group_rules) to 0
2026-06-02 08:03:12.956 10 INFO neutron.db.segments_db [None req-d6c925d8-fad0-4cf4-9231-60f2d9234081 3fcbdd64b6864855b262fd98765bca91 1e40ba1f207e4dd5806da3a62b1a85b9 - - default default] Added segment 65ad3ceb-b7cf-4845-be3f-1befef39e215 of type geneve for network 74b92cc1-3dc6-42ed-8ea5-e77d0f7db574
2026-06-02 08:03:12.970 9 INFO neutron.db.ovn_revision_numbers_db [None req-040daa6a-c8b0-495b-95a7-b395563ace67 3fcbdd64b6864855b262fd98765bca91 1e40ba1f207e4dd5806da3a62b1a85b9 - - default default] Successfully bumped revision number for resource b93774fd-9e6e-4e47-9752-dfc51a1291a4 (type: security_group_rules) to 0
2026-06-02 08:03:12.994 9 INFO neutron.db.ovn_revision_numbers_db [None req-040daa6a-c8b0-495b-95a7-b395563ace67 3fcbdd64b6864855b262fd98765bca91 1e40ba1f207e4dd5806da3a62b1a85b9 - - default default] Successfully bumped revision number for resource cb8d3975-e4f6-4265-9a38-f8326e13d063 (type: security_group_rules) to 0
2026-06-02 08:03:13.018 9 INFO neutron.wsgi [req-144428d5-e7ae-450c-a471-bb1c786614f4 req-b92c191a-1190-4391-8d1f-b11086310ed9 c6925d371fdc4a20a6e51fbccf7b0b0b cc84a2ad61704963a667863291df64b3 - - dac6f60a74b34ccabcfd78cebeb9dc95 dac6f60a74b34ccabcfd78cebeb9dc95] 199.204.45.205 "GET /v2.0/networks/129db7de-3bc4-4fd1-86b8-e4ebe4b65c64?fields=segments HTTP/1.1" status: 200 len: 212 time: 0.0907171
2026-06-02 08:03:13.039 9 INFO neutron.wsgi [None req-040daa6a-c8b0-495b-95a7-b395563ace67 3fcbdd64b6864855b262fd98765bca91 1e40ba1f207e4dd5806da3a62b1a85b9 - - default default] 10.0.0.61 "GET /v2.0/security-groups?tenant_id=99e56465acb64735b952a286b74e319d&name=default HTTP/1.1" status: 200 len: 2996 time: 0.5368824
2026-06-02 08:03:13.088 10 INFO neutron.db.ovn_revision_numbers_db [None req-d6c925d8-fad0-4cf4-9231-60f2d9234081 3fcbdd64b6864855b262fd98765bca91 1e40ba1f207e4dd5806da3a62b1a85b9 - - default default] Successfully bumped revision number for resource 74b92cc1-3dc6-42ed-8ea5-e77d0f7db574 (type: networks) to 1
2026-06-02 08:03:13.112 9 INFO neutron.db.ovn_revision_numbers_db [None req-a6e91cda-94e5-47dd-a0c4-91ccaded1288 bfc6910dd06e4ce894d5138ab95e558c edeccd6b30c643dcabf471a243b7e4ba - - default default] Successfully bumped revision number for resource dba2b88d-bc26-464a-b87c-40a30b7772a7 (type: ports) to 2
2026-06-02 08:03:13.134 9 INFO neutron.wsgi [req-144428d5-e7ae-450c-a471-bb1c786614f4 req-53efbb8a-045b-462b-86b9-de6cffb832b7 c6925d371fdc4a20a6e51fbccf7b0b0b cc84a2ad61704963a667863291df64b3 - - dac6f60a74b34ccabcfd78cebeb9dc95 dac6f60a74b34ccabcfd78cebeb9dc95] 199.204.45.205 "GET /v2.0/networks/129db7de-3bc4-4fd1-86b8-e4ebe4b65c64?fields=provider%3Aphysical_network&fields=provider%3Anetwork_type HTTP/1.1" status: 200 len: 277 time: 0.1054161
2026-06-02 08:03:13.164 9 INFO neutron.db.ovn_revision_numbers_db [None req-a6e91cda-94e5-47dd-a0c4-91ccaded1288 bfc6910dd06e4ce894d5138ab95e558c edeccd6b30c643dcabf471a243b7e4ba - - default default] Successfully bumped revision number for resource 8bcfa96f-c003-4287-9142-6b9fd330da00 (type: subnets) to 0
2026-06-02 08:03:13.182 9 INFO neutron.wsgi [None req-a6e91cda-94e5-47dd-a0c4-91ccaded1288 bfc6910dd06e4ce894d5138ab95e558c edeccd6b30c643dcabf471a243b7e4ba - - default default] 10.0.0.61 "POST /v2.0/subnets HTTP/1.1" status: 201 len: 816 time: 1.1156175
2026-06-02 08:03:13.201 9 WARNING neutron_lib.context [None req-c11052c7-6887-4dbe-a849-31890666d186 bfc6910dd06e4ce894d5138ab95e558c edeccd6b30c643dcabf471a243b7e4ba - - default default] Method 'is_advsvc' is deprecated since 2023.2 release (neutron-lib 3.8.0) and will be removed once support for the old RBAC API policies will be removed from Neutron. Please use method 'is_service_role' instead.
2026-06-02 08:03:13.223 9 INFO neutron.wsgi [req-bb9ae0d3-baa9-40f4-be83-682bb857d957 req-a7689aa2-7d22-4e29-95e0-bbf31f34a4ee c6925d371fdc4a20a6e51fbccf7b0b0b cc84a2ad61704963a667863291df64b3 - - dac6f60a74b34ccabcfd78cebeb9dc95 dac6f60a74b34ccabcfd78cebeb9dc95] 199.204.45.205 "GET /v2.0/ports?tenant_id=8a4caa3c463a4264b833958d6ec0fb11&device_id=50d67e40-da11-496a-9174-22230bfe8586 HTTP/1.1" status: 200 len: 1407 time: 0.0475588
2026-06-02 08:03:13.266 10 WARNING neutron.scheduler.dhcp_agent_scheduler [None req-d6c925d8-fad0-4cf4-9231-60f2d9234081 3fcbdd64b6864855b262fd98765bca91 1e40ba1f207e4dd5806da3a62b1a85b9 - - default default] No more DHCP agents
2026-06-02 08:03:13.270 10 WARNING neutron.api.rpc.agentnotifiers.dhcp_rpc_agent_api [None req-d6c925d8-fad0-4cf4-9231-60f2d9234081 3fcbdd64b6864855b262fd98765bca91 1e40ba1f207e4dd5806da3a62b1a85b9 - - default default] Unable to schedule network 74b92cc1-3dc6-42ed-8ea5-e77d0f7db574: no agents available; will retry on subsequent port and subnet creation events.
2026-06-02 08:03:13.329 9 INFO neutron.wsgi [req-bb9ae0d3-baa9-40f4-be83-682bb857d957 req-b3d58ff3-ecc0-48cd-b72e-8ec9f6aef49f c6925d371fdc4a20a6e51fbccf7b0b0b cc84a2ad61704963a667863291df64b3 - - dac6f60a74b34ccabcfd78cebeb9dc95 dac6f60a74b34ccabcfd78cebeb9dc95] 199.204.45.205 "GET /v2.0/networks?id=129db7de-3bc4-4fd1-86b8-e4ebe4b65c64 HTTP/1.1" status: 200 len: 976 time: 0.0963423
2026-06-02 08:03:13.333 9 INFO neutron.db.segments_db [None req-c11052c7-6887-4dbe-a849-31890666d186 bfc6910dd06e4ce894d5138ab95e558c edeccd6b30c643dcabf471a243b7e4ba - - default default] Added segment 26c38ab5-3761-417f-bf21-1f2a3a480f50 of type geneve for network 9f8f12b0-7f63-48e2-bebf-f8c4d658bc92
2026-06-02 08:03:13.377 9 INFO neutron.wsgi [req-bb9ae0d3-baa9-40f4-be83-682bb857d957 req-da5b4e96-02ca-4788-84c7-dfdd619627f2 c6925d371fdc4a20a6e51fbccf7b0b0b cc84a2ad61704963a667863291df64b3 - - dac6f60a74b34ccabcfd78cebeb9dc95 dac6f60a74b34ccabcfd78cebeb9dc95] 199.204.45.205 "GET /v2.0/floatingips?fixed_ip_address=10.100.0.9&port_id=9703d10f-2ccc-423a-ab52-cb59ced29b5d HTTP/1.1" status: 200 len: 217 time: 0.0423744
2026-06-02 08:03:13.406 10 INFO neutron.db.ovn_revision_numbers_db [None req-d6c925d8-fad0-4cf4-9231-60f2d9234081 3fcbdd64b6864855b262fd98765bca91 1e40ba1f207e4dd5806da3a62b1a85b9 - - default default] Successfully bumped revision number for resource bea75b33-3d91-45a9-bbb8-53502db7e243 (type: ports) to 1
2026-06-02 08:03:13.455 9 INFO neutron.wsgi [req-bb9ae0d3-baa9-40f4-be83-682bb857d957 req-f5f98e4e-17f7-40df-b12b-91326bf9f14d c6925d371fdc4a20a6e51fbccf7b0b0b cc84a2ad61704963a667863291df64b3 - - dac6f60a74b34ccabcfd78cebeb9dc95 dac6f60a74b34ccabcfd78cebeb9dc95] 199.204.45.205 "GET /v2.0/subnets?id=3666ad9d-7fd1-455b-af39-ec6b68766d00 HTTP/1.1" status: 200 len: 871 time: 0.0690782
2026-06-02 08:03:13.456 10 INFO neutron.wsgi [None req-d6c925d8-fad0-4cf4-9231-60f2d9234081 3fcbdd64b6864855b262fd98765bca91 1e40ba1f207e4dd5806da3a62b1a85b9 - - default default] 10.0.0.61 "POST /v2.0/networks HTTP/1.1" status: 201 len: 942 time: 0.9581449
2026-06-02 08:03:13.459 9 INFO neutron.wsgi [None req-0bec2af4-330d-4cbd-a7c3-b4dcc2a7d16c 3fcbdd64b6864855b262fd98765bca91 1e40ba1f207e4dd5806da3a62b1a85b9 - - default default] 10.0.0.61 "DELETE /v2.0/security-groups/d9780e97-6e38-441d-ad24-256a419aeee9 HTTP/1.1" status: 204 len: 168 time: 0.4124184
2026-06-02 08:03:13.502 10 INFO neutron.wsgi [-] 10.0.0.182 "GET / HTTP/1.1" status: 200 len: 247 time: 0.0018411
2026-06-02 08:03:13.504 10 INFO neutron.wsgi [-] 10.0.0.182 "GET / HTTP/1.1" status: 200 len: 247 time: 0.0009854
2026-06-02 08:03:13.505 9 INFO neutron.wsgi [req-bb9ae0d3-baa9-40f4-be83-682bb857d957 req-3103eadb-9ef1-4fa1-973f-468995dc49f2 c6925d371fdc4a20a6e51fbccf7b0b0b cc84a2ad61704963a667863291df64b3 - - dac6f60a74b34ccabcfd78cebeb9dc95 dac6f60a74b34ccabcfd78cebeb9dc95] 199.204.45.205 "GET /v2.0/ports?network_id=129db7de-3bc4-4fd1-86b8-e4ebe4b65c64&device_owner=network%3Adhcp HTTP/1.1" status: 200 len: 210 time: 0.0409219
2026-06-02 08:03:13.581 9 INFO neutron.db.ovn_revision_numbers_db [None req-c11052c7-6887-4dbe-a849-31890666d186 bfc6910dd06e4ce894d5138ab95e558c edeccd6b30c643dcabf471a243b7e4ba - - default default] Successfully bumped revision number for resource 9f8f12b0-7f63-48e2-bebf-f8c4d658bc92 (type: networks) to 1
2026-06-02 08:03:13.613 9 INFO neutron.wsgi [req-bb9ae0d3-baa9-40f4-be83-682bb857d957 req-e014b44a-2b82-49f4-b76a-92532c717059 c6925d371fdc4a20a6e51fbccf7b0b0b cc84a2ad61704963a667863291df64b3 - - dac6f60a74b34ccabcfd78cebeb9dc95 dac6f60a74b34ccabcfd78cebeb9dc95] 199.204.45.205 "GET /v2.0/networks/129db7de-3bc4-4fd1-86b8-e4ebe4b65c64?fields=segments HTTP/1.1" status: 200 len: 212 time: 0.1009350
2026-06-02 08:03:13.682 10 WARNING neutron.scheduler.dhcp_agent_scheduler [None req-cf43fc99-443f-4bda-9b73-2e1aea028a0c 3fcbdd64b6864855b262fd98765bca91 1e40ba1f207e4dd5806da3a62b1a85b9 - - default default] No more DHCP agents
2026-06-02 08:03:13.698 10 WARNING neutron.api.rpc.agentnotifiers.dhcp_rpc_agent_api [None req-cf43fc99-443f-4bda-9b73-2e1aea028a0c 3fcbdd64b6864855b262fd98765bca91 1e40ba1f207e4dd5806da3a62b1a85b9 - - default default] Unable to schedule network 74b92cc1-3dc6-42ed-8ea5-e77d0f7db574: no agents available; will retry on subsequent port and subnet creation events.
2026-06-02 08:03:13.741 9 INFO neutron.wsgi [req-bb9ae0d3-baa9-40f4-be83-682bb857d957 req-e9b159a0-3632-49d8-bebb-ce92ee5818fc c6925d371fdc4a20a6e51fbccf7b0b0b cc84a2ad61704963a667863291df64b3 - - dac6f60a74b34ccabcfd78cebeb9dc95 dac6f60a74b34ccabcfd78cebeb9dc95] 199.204.45.205 "GET /v2.0/networks/129db7de-3bc4-4fd1-86b8-e4ebe4b65c64?fields=provider%3Aphysical_network&fields=provider%3Anetwork_type HTTP/1.1" status: 200 len: 277 time: 0.1175351
2026-06-02 08:03:13.777 10 INFO neutron.db.ovn_revision_numbers_db [None req-e5ed844b-3393-4f7e-82e4-6066791dca41 3fcbdd64b6864855b262fd98765bca91 1e40ba1f207e4dd5806da3a62b1a85b9 - - default default] Successfully bumped revision number for resource 0a6b444b-3598-49c0-80ad-e2b4239b44ed (type: security_groups) to 1
2026-06-02 08:03:13.818 10 INFO neutron.db.ovn_revision_numbers_db [None req-e5ed844b-3393-4f7e-82e4-6066791dca41 3fcbdd64b6864855b262fd98765bca91 1e40ba1f207e4dd5806da3a62b1a85b9 - - default default] Successfully bumped revision number for resource 46901736-56fb-4dcf-8afd-de7f7914851e (type: security_group_rules) to 0
2026-06-02 08:03:13.825 9 WARNING neutron.scheduler.dhcp_agent_scheduler [None req-c11052c7-6887-4dbe-a849-31890666d186 bfc6910dd06e4ce894d5138ab95e558c edeccd6b30c643dcabf471a243b7e4ba - - default default] No more DHCP agents
2026-06-02 08:03:13.827 9 WARNING neutron.api.rpc.agentnotifiers.dhcp_rpc_agent_api [None req-c11052c7-6887-4dbe-a849-31890666d186 bfc6910dd06e4ce894d5138ab95e558c edeccd6b30c643dcabf471a243b7e4ba - - default default] Unable to schedule network 9f8f12b0-7f63-48e2-bebf-f8c4d658bc92: no agents available; will retry on subsequent port and subnet creation events.
2026-06-02 08:03:13.847 10 INFO neutron.db.ovn_revision_numbers_db [None req-e5ed844b-3393-4f7e-82e4-6066791dca41 3fcbdd64b6864855b262fd98765bca91 1e40ba1f207e4dd5806da3a62b1a85b9 - - default default] Successfully bumped revision number for resource 693c61af-cbe8-4bf2-811b-5ae6d0180202 (type: security_group_rules) to 0
2026-06-02 08:03:13.869 10 INFO neutron.db.ovn_revision_numbers_db [None req-e5ed844b-3393-4f7e-82e4-6066791dca41 3fcbdd64b6864855b262fd98765bca91 1e40ba1f207e4dd5806da3a62b1a85b9 - - default default] Successfully bumped revision number for resource b5bf2760-bf6f-4255-b8a0-c62336bb01dc (type: security_group_rules) to 0
2026-06-02 08:03:13.914 10 INFO neutron.db.ovn_revision_numbers_db [None req-e5ed844b-3393-4f7e-82e4-6066791dca41 3fcbdd64b6864855b262fd98765bca91 1e40ba1f207e4dd5806da3a62b1a85b9 - - default default] Successfully bumped revision number for resource cab51607-0b2e-45ee-ae43-4b0ee847dc41 (type: security_group_rules) to 0
2026-06-02 08:03:13.944 10 INFO neutron.wsgi [None req-e5ed844b-3393-4f7e-82e4-6066791dca41 3fcbdd64b6864855b262fd98765bca91 1e40ba1f207e4dd5806da3a62b1a85b9 - - default default] 10.0.0.61 "GET /v2.0/security-groups?tenant_id=422a0eb6610b4e3198118e7378c74791&name=default HTTP/1.1" status: 200 len: 2996 time: 0.3427808
2026-06-02 08:03:13.960 9 INFO neutron.db.ovn_revision_numbers_db [None req-c11052c7-6887-4dbe-a849-31890666d186 bfc6910dd06e4ce894d5138ab95e558c edeccd6b30c643dcabf471a243b7e4ba - - default default] Successfully bumped revision number for resource 8f50d400-20f8-45db-b33b-824d98ec2f06 (type: ports) to 1
2026-06-02 08:03:13.970 9 INFO neutron.wsgi [req-e5ab839c-8e9e-4f34-9dcd-4a53b8faf7d4 req-381fcda2-8993-43b0-960c-d723030fbe90 8cf0c5707afe43f28ab336827cb2cabc 8a4caa3c463a4264b833958d6ec0fb11 - - default default] 10.0.0.195 "GET /v2.0/ports?device_id=50d67e40-da11-496a-9174-22230bfe8586 HTTP/1.1" status: 200 len: 1168 time: 0.0395989
2026-06-02 08:03:13.993 9 INFO neutron.wsgi [None req-c11052c7-6887-4dbe-a849-31890666d186 bfc6910dd06e4ce894d5138ab95e558c edeccd6b30c643dcabf471a243b7e4ba - - default default] 10.0.0.61 "POST /v2.0/networks HTTP/1.1" status: 201 len: 843 time: 0.8031332
2026-06-02 08:03:14.034 9 INFO neutron.wsgi [req-e5ab839c-8e9e-4f34-9dcd-4a53b8faf7d4 req-4a592e24-a67e-4b57-ac37-7c46b7121f8c 8cf0c5707afe43f28ab336827cb2cabc 8a4caa3c463a4264b833958d6ec0fb11 - - default default] 10.0.0.195 "GET /v2.0/security-groups?id=21088ac2-1414-404f-a79d-f8965b7d2c5f&fields=id&fields=name HTTP/1.1" status: 200 len: 286 time: 0.0557771
2026-06-02 08:03:14.235 9 INFO neutron.db.ovn_revision_numbers_db [None req-c89ff982-d29e-4863-82c0-c2388fd5e10b bfc6910dd06e4ce894d5138ab95e558c edeccd6b30c643dcabf471a243b7e4ba - - default default] Successfully bumped revision number for resource 9f8f12b0-7f63-48e2-bebf-f8c4d658bc92 (type: networks) to 2
2026-06-02 08:03:14.240 9 INFO neutron.wsgi [None req-c89ff982-d29e-4863-82c0-c2388fd5e10b bfc6910dd06e4ce894d5138ab95e558c edeccd6b30c643dcabf471a243b7e4ba - - default default] 10.0.0.61 "PUT /v2.0/networks/9f8f12b0-7f63-48e2-bebf-f8c4d658bc92 HTTP/1.1" status: 200 len: 792 time: 0.2390413
2026-06-02 08:03:14.249 9 WARNING neutron_lib.context [None req-2c352f13-9062-44bd-822a-191e65f87f2d bfc6910dd06e4ce894d5138ab95e558c edeccd6b30c643dcabf471a243b7e4ba - - default default] Method 'is_advsvc' is deprecated since 2023.2 release (neutron-lib 3.8.0) and will be removed once support for the old RBAC API policies will be removed from Neutron. Please use method 'is_service_role' instead.
