2026-06-02 08:01:44.131 9 INFO neutron.db.ovn_revision_numbers_db [None req-f8fdaa16-92e2-4353-b430-096b8d2813a5 3fcbdd64b6864855b262fd98765bca91 1e40ba1f207e4dd5806da3a62b1a85b9 - - default default] Successfully bumped revision number for resource 62e3d637-76e9-4c47-a941-f077efa9e8bf (type: security_groups) to 1
2026-06-02 08:01:44.133 9 INFO neutron.db.ovn_revision_numbers_db [None req-ff3db5e3-8b4a-468f-b40c-8a1eb08acb9a 3fcbdd64b6864855b262fd98765bca91 1e40ba1f207e4dd5806da3a62b1a85b9 - - default default] Successfully bumped revision number for resource 3661aeba-4777-40d8-8dd9-c29625473446 (type: security_groups) to 1
2026-06-02 08:01:44.145 9 INFO neutron.db.ovn_revision_numbers_db [None req-35e0e9d9-3ff2-4d98-940c-128fa7baa0e5 3fcbdd64b6864855b262fd98765bca91 1e40ba1f207e4dd5806da3a62b1a85b9 - - default default] Successfully bumped revision number for resource 1fbab760-4b8f-4285-acd9-aa9354642560 (type: security_groups) to 1
2026-06-02 08:01:44.152 9 INFO neutron.db.ovn_revision_numbers_db [None req-f8fdaa16-92e2-4353-b430-096b8d2813a5 3fcbdd64b6864855b262fd98765bca91 1e40ba1f207e4dd5806da3a62b1a85b9 - - default default] Successfully bumped revision number for resource 3b986d4d-7c39-4e5c-8f51-fd352b7c57ce (type: security_group_rules) to 0
2026-06-02 08:01:44.155 9 INFO neutron.db.ovn_revision_numbers_db [None req-ff3db5e3-8b4a-468f-b40c-8a1eb08acb9a 3fcbdd64b6864855b262fd98765bca91 1e40ba1f207e4dd5806da3a62b1a85b9 - - default default] Successfully bumped revision number for resource 0ca2faf1-8d8f-45b3-a866-c0dada0c4281 (type: security_group_rules) to 0
2026-06-02 08:01:44.163 9 INFO neutron.db.ovn_revision_numbers_db [None req-35e0e9d9-3ff2-4d98-940c-128fa7baa0e5 3fcbdd64b6864855b262fd98765bca91 1e40ba1f207e4dd5806da3a62b1a85b9 - - default default] Successfully bumped revision number for resource a870e044-1b9a-4aba-9391-fffb4d87c5be (type: security_group_rules) to 0
2026-06-02 08:01:44.173 9 INFO neutron.db.ovn_revision_numbers_db [None req-f8fdaa16-92e2-4353-b430-096b8d2813a5 3fcbdd64b6864855b262fd98765bca91 1e40ba1f207e4dd5806da3a62b1a85b9 - - default default] Successfully bumped revision number for resource 6ae3fee6-5eeb-46ef-b147-8af86660dcbc (type: security_group_rules) to 0
2026-06-02 08:01:44.175 9 INFO neutron.db.ovn_revision_numbers_db [None req-ff3db5e3-8b4a-468f-b40c-8a1eb08acb9a 3fcbdd64b6864855b262fd98765bca91 1e40ba1f207e4dd5806da3a62b1a85b9 - - default default] Successfully bumped revision number for resource 4d38f873-8a06-43b6-bdf4-b865e36cfb58 (type: security_group_rules) to 0
2026-06-02 08:01:44.183 9 INFO neutron.db.ovn_revision_numbers_db [None req-35e0e9d9-3ff2-4d98-940c-128fa7baa0e5 3fcbdd64b6864855b262fd98765bca91 1e40ba1f207e4dd5806da3a62b1a85b9 - - default default] Successfully bumped revision number for resource b30adcf3-9c2b-4dc5-819c-390f0d3b2283 (type: security_group_rules) to 0
2026-06-02 08:01:44.191 9 INFO neutron.db.ovn_revision_numbers_db [None req-f8fdaa16-92e2-4353-b430-096b8d2813a5 3fcbdd64b6864855b262fd98765bca91 1e40ba1f207e4dd5806da3a62b1a85b9 - - default default] Successfully bumped revision number for resource 78c22cd9-18e3-4e0e-88df-d06ed01c1b04 (type: security_group_rules) to 0
2026-06-02 08:01:44.194 9 INFO neutron.db.ovn_revision_numbers_db [None req-ff3db5e3-8b4a-468f-b40c-8a1eb08acb9a 3fcbdd64b6864855b262fd98765bca91 1e40ba1f207e4dd5806da3a62b1a85b9 - - default default] Successfully bumped revision number for resource 937113e6-ff5d-437e-abc9-72c487f57129 (type: security_group_rules) to 0
2026-06-02 08:01:44.203 9 INFO neutron.db.ovn_revision_numbers_db [None req-35e0e9d9-3ff2-4d98-940c-128fa7baa0e5 3fcbdd64b6864855b262fd98765bca91 1e40ba1f207e4dd5806da3a62b1a85b9 - - default default] Successfully bumped revision number for resource e2bc6c12-d2ed-4421-bbe1-d20a030ab4ce (type: security_group_rules) to 0
2026-06-02 08:01:44.210 9 INFO neutron.db.ovn_revision_numbers_db [None req-f8fdaa16-92e2-4353-b430-096b8d2813a5 3fcbdd64b6864855b262fd98765bca91 1e40ba1f207e4dd5806da3a62b1a85b9 - - default default] Successfully bumped revision number for resource 95cfc03e-c8e7-421b-9816-757262aa37f8 (type: security_group_rules) to 0
2026-06-02 08:01:44.216 9 INFO neutron.db.ovn_revision_numbers_db [None req-ff3db5e3-8b4a-468f-b40c-8a1eb08acb9a 3fcbdd64b6864855b262fd98765bca91 1e40ba1f207e4dd5806da3a62b1a85b9 - - default default] Successfully bumped revision number for resource dd9a836f-d1ab-4e6a-8e57-753924e0f849 (type: security_group_rules) to 0
2026-06-02 08:01:44.227 9 INFO neutron.db.ovn_revision_numbers_db [None req-35e0e9d9-3ff2-4d98-940c-128fa7baa0e5 3fcbdd64b6864855b262fd98765bca91 1e40ba1f207e4dd5806da3a62b1a85b9 - - default default] Successfully bumped revision number for resource e73ffbcb-4480-43b2-8fa9-a6ccab276c6f (type: security_group_rules) to 0
2026-06-02 08:01:44.273 9 INFO neutron.db.segments_db [None req-f8fdaa16-92e2-4353-b430-096b8d2813a5 3fcbdd64b6864855b262fd98765bca91 1e40ba1f207e4dd5806da3a62b1a85b9 - - default default] Added segment 86533e11-fef5-49fa-9bc0-ab03ae8c455d of type geneve for network 36ed2974-99a5-4bd8-b4a9-1c9d0af952f5
2026-06-02 08:01:44.281 9 INFO neutron.db.segments_db [None req-ff3db5e3-8b4a-468f-b40c-8a1eb08acb9a 3fcbdd64b6864855b262fd98765bca91 1e40ba1f207e4dd5806da3a62b1a85b9 - - default default] Added segment 99fc851a-4c59-4086-8da2-65936d171604 of type geneve for network 57fb8bfe-5752-4bf4-95e6-e63ee4ba357d
2026-06-02 08:01:44.310 9 INFO neutron.db.segments_db [None req-35e0e9d9-3ff2-4d98-940c-128fa7baa0e5 3fcbdd64b6864855b262fd98765bca91 1e40ba1f207e4dd5806da3a62b1a85b9 - - default default] Added segment 94c64736-f073-4d10-b94d-5b369e43a6c4 of type geneve for network 03deda71-2f05-44a9-b60f-ed549305e43d
2026-06-02 08:01:44.633 9 INFO neutron.db.ovn_revision_numbers_db [None req-ff3db5e3-8b4a-468f-b40c-8a1eb08acb9a 3fcbdd64b6864855b262fd98765bca91 1e40ba1f207e4dd5806da3a62b1a85b9 - - default default] Successfully bumped revision number for resource 57fb8bfe-5752-4bf4-95e6-e63ee4ba357d (type: networks) to 1
2026-06-02 08:01:44.638 9 INFO neutron.db.ovn_revision_numbers_db [None req-f8fdaa16-92e2-4353-b430-096b8d2813a5 3fcbdd64b6864855b262fd98765bca91 1e40ba1f207e4dd5806da3a62b1a85b9 - - default default] Successfully bumped revision number for resource 36ed2974-99a5-4bd8-b4a9-1c9d0af952f5 (type: networks) to 1
2026-06-02 08:01:44.645 9 INFO neutron.db.ovn_revision_numbers_db [None req-35e0e9d9-3ff2-4d98-940c-128fa7baa0e5 3fcbdd64b6864855b262fd98765bca91 1e40ba1f207e4dd5806da3a62b1a85b9 - - default default] Successfully bumped revision number for resource 03deda71-2f05-44a9-b60f-ed549305e43d (type: networks) to 1
2026-06-02 08:01:44.891 10 INFO neutron.db.ovn_revision_numbers_db [None req-f9519dc6-89af-44a9-8449-2cbd5aebac62 3fcbdd64b6864855b262fd98765bca91 1e40ba1f207e4dd5806da3a62b1a85b9 - - default default] Successfully bumped revision number for resource d889ae91-8b15-4a59-bce9-94aafbba8169 (type: security_groups) to 1
2026-06-02 08:01:44.902 10 INFO neutron.db.ovn_revision_numbers_db [None req-f9519dc6-89af-44a9-8449-2cbd5aebac62 3fcbdd64b6864855b262fd98765bca91 1e40ba1f207e4dd5806da3a62b1a85b9 - - default default] Successfully bumped revision number for resource 4ce5cb7c-2cc0-43e1-bbec-39ad49feaf51 (type: security_group_rules) to 0
2026-06-02 08:01:44.904 9 WARNING neutron.scheduler.dhcp_agent_scheduler [None req-ff3db5e3-8b4a-468f-b40c-8a1eb08acb9a 3fcbdd64b6864855b262fd98765bca91 1e40ba1f207e4dd5806da3a62b1a85b9 - - default default] No more DHCP agents
2026-06-02 08:01:44.909 9 WARNING neutron.api.rpc.agentnotifiers.dhcp_rpc_agent_api [None req-ff3db5e3-8b4a-468f-b40c-8a1eb08acb9a 3fcbdd64b6864855b262fd98765bca91 1e40ba1f207e4dd5806da3a62b1a85b9 - - default default] Unable to schedule network 57fb8bfe-5752-4bf4-95e6-e63ee4ba357d: no agents available; will retry on subsequent port and subnet creation events.
2026-06-02 08:01:44.912 9 WARNING neutron.scheduler.dhcp_agent_scheduler [None req-35e0e9d9-3ff2-4d98-940c-128fa7baa0e5 3fcbdd64b6864855b262fd98765bca91 1e40ba1f207e4dd5806da3a62b1a85b9 - - default default] No more DHCP agents
2026-06-02 08:01:44.915 10 INFO neutron.db.ovn_revision_numbers_db [None req-f9519dc6-89af-44a9-8449-2cbd5aebac62 3fcbdd64b6864855b262fd98765bca91 1e40ba1f207e4dd5806da3a62b1a85b9 - - default default] Successfully bumped revision number for resource 627b8964-b7aa-42a7-b516-34d4555719bc (type: security_group_rules) to 0
2026-06-02 08:01:44.919 9 WARNING neutron.api.rpc.agentnotifiers.dhcp_rpc_agent_api [None req-35e0e9d9-3ff2-4d98-940c-128fa7baa0e5 3fcbdd64b6864855b262fd98765bca91 1e40ba1f207e4dd5806da3a62b1a85b9 - - default default] Unable to schedule network 03deda71-2f05-44a9-b60f-ed549305e43d: no agents available; will retry on subsequent port and subnet creation events.
2026-06-02 08:01:44.929 9 WARNING neutron.scheduler.dhcp_agent_scheduler [None req-f8fdaa16-92e2-4353-b430-096b8d2813a5 3fcbdd64b6864855b262fd98765bca91 1e40ba1f207e4dd5806da3a62b1a85b9 - - default default] No more DHCP agents
2026-06-02 08:01:44.932 10 INFO neutron.db.ovn_revision_numbers_db [None req-f9519dc6-89af-44a9-8449-2cbd5aebac62 3fcbdd64b6864855b262fd98765bca91 1e40ba1f207e4dd5806da3a62b1a85b9 - - default default] Successfully bumped revision number for resource c74b79d9-bef8-4285-91cb-410615ec5270 (type: security_group_rules) to 0
2026-06-02 08:01:44.939 9 WARNING neutron.api.rpc.agentnotifiers.dhcp_rpc_agent_api [None req-f8fdaa16-92e2-4353-b430-096b8d2813a5 3fcbdd64b6864855b262fd98765bca91 1e40ba1f207e4dd5806da3a62b1a85b9 - - default default] Unable to schedule network 36ed2974-99a5-4bd8-b4a9-1c9d0af952f5: no agents available; will retry on subsequent port and subnet creation events.
2026-06-02 08:01:44.948 10 INFO neutron.db.ovn_revision_numbers_db [None req-f9519dc6-89af-44a9-8449-2cbd5aebac62 3fcbdd64b6864855b262fd98765bca91 1e40ba1f207e4dd5806da3a62b1a85b9 - - default default] Successfully bumped revision number for resource cb8c3a53-568c-428d-8fe7-e5c0a44450ed (type: security_group_rules) to 0
2026-06-02 08:01:44.993 10 INFO neutron.wsgi [None req-f9519dc6-89af-44a9-8449-2cbd5aebac62 3fcbdd64b6864855b262fd98765bca91 1e40ba1f207e4dd5806da3a62b1a85b9 - - default default] 10.0.0.61 "GET /v2.0/security-groups?tenant_id=5c48084042f146c197149ba53fcbdd41&name=default HTTP/1.1" status: 200 len: 2992 time: 0.3456366
2026-06-02 08:01:45.126 9 INFO neutron.db.ovn_revision_numbers_db [None req-ff3db5e3-8b4a-468f-b40c-8a1eb08acb9a 3fcbdd64b6864855b262fd98765bca91 1e40ba1f207e4dd5806da3a62b1a85b9 - - default default] Successfully bumped revision number for resource a0b94a51-ffb9-4bd0-b1f6-1d758884418d (type: ports) to 1
2026-06-02 08:01:45.141 9 INFO neutron.db.ovn_revision_numbers_db [None req-35e0e9d9-3ff2-4d98-940c-128fa7baa0e5 3fcbdd64b6864855b262fd98765bca91 1e40ba1f207e4dd5806da3a62b1a85b9 - - default default] Successfully bumped revision number for resource f24ebec0-235e-48d9-9d87-b5d53c404069 (type: ports) to 1
2026-06-02 08:01:45.162 9 INFO neutron.wsgi [None req-ff3db5e3-8b4a-468f-b40c-8a1eb08acb9a 3fcbdd64b6864855b262fd98765bca91 1e40ba1f207e4dd5806da3a62b1a85b9 - - default default] 10.0.0.61 "POST /v2.0/networks HTTP/1.1" status: 201 len: 940 time: 1.3858454
2026-06-02 08:01:45.164 9 INFO neutron.db.ovn_revision_numbers_db [None req-f8fdaa16-92e2-4353-b430-096b8d2813a5 3fcbdd64b6864855b262fd98765bca91 1e40ba1f207e4dd5806da3a62b1a85b9 - - default default] Successfully bumped revision number for resource b5c7bd67-c6b8-45c9-9c09-320265400936 (type: ports) to 1
2026-06-02 08:01:45.168 9 INFO neutron.wsgi [None req-35e0e9d9-3ff2-4d98-940c-128fa7baa0e5 3fcbdd64b6864855b262fd98765bca91 1e40ba1f207e4dd5806da3a62b1a85b9 - - default default] 10.0.0.61 "POST /v2.0/networks HTTP/1.1" status: 201 len: 951 time: 1.3714142
2026-06-02 08:01:45.192 9 INFO neutron.wsgi [None req-f8fdaa16-92e2-4353-b430-096b8d2813a5 3fcbdd64b6864855b262fd98765bca91 1e40ba1f207e4dd5806da3a62b1a85b9 - - default default] 10.0.0.61 "POST /v2.0/networks HTTP/1.1" status: 201 len: 953 time: 1.4344769
2026-06-02 08:01:45.291 10 INFO neutron.wsgi [None req-5e56f7c7-6f86-47b9-b05a-7d22b2c3ce5d 3fcbdd64b6864855b262fd98765bca91 1e40ba1f207e4dd5806da3a62b1a85b9 - - default default] 10.0.0.61 "DELETE /v2.0/security-groups/d889ae91-8b15-4a59-bce9-94aafbba8169 HTTP/1.1" status: 204 len: 168 time: 0.2937396
2026-06-02 08:01:45.317 9 WARNING neutron.scheduler.dhcp_agent_scheduler [None req-6a336d51-0189-4ea2-b29d-d33ed0cc34fe 3fcbdd64b6864855b262fd98765bca91 1e40ba1f207e4dd5806da3a62b1a85b9 - - default default] No more DHCP agents
2026-06-02 08:01:45.320 9 WARNING neutron.api.rpc.agentnotifiers.dhcp_rpc_agent_api [None req-6a336d51-0189-4ea2-b29d-d33ed0cc34fe 3fcbdd64b6864855b262fd98765bca91 1e40ba1f207e4dd5806da3a62b1a85b9 - - default default] Unable to schedule network 03deda71-2f05-44a9-b60f-ed549305e43d: no agents available; will retry on subsequent port and subnet creation events.
2026-06-02 08:01:45.376 10 WARNING neutron.scheduler.dhcp_agent_scheduler [None req-177210dc-3867-45e3-b035-7e96f04de01e 3fcbdd64b6864855b262fd98765bca91 1e40ba1f207e4dd5806da3a62b1a85b9 - - default default] No more DHCP agents
2026-06-02 08:01:45.389 10 WARNING neutron.api.rpc.agentnotifiers.dhcp_rpc_agent_api [None req-177210dc-3867-45e3-b035-7e96f04de01e 3fcbdd64b6864855b262fd98765bca91 1e40ba1f207e4dd5806da3a62b1a85b9 - - default default] Unable to schedule network 57fb8bfe-5752-4bf4-95e6-e63ee4ba357d: no agents available; will retry on subsequent port and subnet creation events.
2026-06-02 08:01:45.455 10 WARNING neutron.scheduler.dhcp_agent_scheduler [None req-efd8021f-9e02-4dc8-ab7f-e4c1ebad9b03 3fcbdd64b6864855b262fd98765bca91 1e40ba1f207e4dd5806da3a62b1a85b9 - - default default] No more DHCP agents
2026-06-02 08:01:45.467 10 WARNING neutron.api.rpc.agentnotifiers.dhcp_rpc_agent_api [None req-efd8021f-9e02-4dc8-ab7f-e4c1ebad9b03 3fcbdd64b6864855b262fd98765bca91 1e40ba1f207e4dd5806da3a62b1a85b9 - - default default] Unable to schedule network 36ed2974-99a5-4bd8-b4a9-1c9d0af952f5: no agents available; will retry on subsequent port and subnet creation events.
2026-06-02 08:01:45.830 9 INFO neutron.db.ovn_revision_numbers_db [None req-6a336d51-0189-4ea2-b29d-d33ed0cc34fe 3fcbdd64b6864855b262fd98765bca91 1e40ba1f207e4dd5806da3a62b1a85b9 - - default default] Successfully bumped revision number for resource f24ebec0-235e-48d9-9d87-b5d53c404069 (type: ports) to 2
2026-06-02 08:01:45.862 9 INFO neutron.db.ovn_revision_numbers_db [None req-6a336d51-0189-4ea2-b29d-d33ed0cc34fe 3fcbdd64b6864855b262fd98765bca91 1e40ba1f207e4dd5806da3a62b1a85b9 - - default default] Successfully bumped revision number for resource fd2b768c-3c3a-47c8-bfa9-5e6f6f29bcce (type: subnets) to 0
2026-06-02 08:01:45.882 9 INFO neutron.wsgi [None req-6a336d51-0189-4ea2-b29d-d33ed0cc34fe 3fcbdd64b6864855b262fd98765bca91 1e40ba1f207e4dd5806da3a62b1a85b9 - - default default] 10.0.0.61 "POST /v2.0/subnets HTTP/1.1" status: 201 len: 871 time: 0.7083364
2026-06-02 08:01:46.103 10 INFO neutron.db.ovn_revision_numbers_db [None req-177210dc-3867-45e3-b035-7e96f04de01e 3fcbdd64b6864855b262fd98765bca91 1e40ba1f207e4dd5806da3a62b1a85b9 - - default default] Successfully bumped revision number for resource a0b94a51-ffb9-4bd0-b1f6-1d758884418d (type: ports) to 2
2026-06-02 08:01:46.109 10 INFO neutron.db.ovn_revision_numbers_db [None req-efd8021f-9e02-4dc8-ab7f-e4c1ebad9b03 3fcbdd64b6864855b262fd98765bca91 1e40ba1f207e4dd5806da3a62b1a85b9 - - default default] Successfully bumped revision number for resource b5c7bd67-c6b8-45c9-9c09-320265400936 (type: ports) to 2
2026-06-02 08:01:46.138 10 INFO neutron.db.ovn_revision_numbers_db [None req-177210dc-3867-45e3-b035-7e96f04de01e 3fcbdd64b6864855b262fd98765bca91 1e40ba1f207e4dd5806da3a62b1a85b9 - - default default] Successfully bumped revision number for resource ea81c768-2565-4543-a807-341a8b518e74 (type: subnets) to 0
2026-06-02 08:01:46.140 10 INFO neutron.db.ovn_revision_numbers_db [None req-efd8021f-9e02-4dc8-ab7f-e4c1ebad9b03 3fcbdd64b6864855b262fd98765bca91 1e40ba1f207e4dd5806da3a62b1a85b9 - - default default] Successfully bumped revision number for resource 7bfa965f-213e-444c-97a0-a7b1ce6350a3 (type: subnets) to 0
2026-06-02 08:01:46.162 10 INFO neutron.wsgi [None req-efd8021f-9e02-4dc8-ab7f-e4c1ebad9b03 3fcbdd64b6864855b262fd98765bca91 1e40ba1f207e4dd5806da3a62b1a85b9 - - default default] 10.0.0.61 "POST /v2.0/subnets HTTP/1.1" status: 201 len: 873 time: 0.9637394
2026-06-02 08:01:46.167 10 INFO neutron.wsgi [None req-177210dc-3867-45e3-b035-7e96f04de01e 3fcbdd64b6864855b262fd98765bca91 1e40ba1f207e4dd5806da3a62b1a85b9 - - default default] 10.0.0.61 "POST /v2.0/subnets HTTP/1.1" status: 201 len: 860 time: 0.9962850
2026-06-02 08:01:46.431 9 WARNING neutron.scheduler.dhcp_agent_scheduler [None req-a561f42f-b8d6-433e-a3c1-6d4e1388279e 3fcbdd64b6864855b262fd98765bca91 1e40ba1f207e4dd5806da3a62b1a85b9 - - default default] No more DHCP agents
2026-06-02 08:01:46.434 9 WARNING neutron.api.rpc.agentnotifiers.dhcp_rpc_agent_api [None req-a561f42f-b8d6-433e-a3c1-6d4e1388279e 3fcbdd64b6864855b262fd98765bca91 1e40ba1f207e4dd5806da3a62b1a85b9 - - default default] Unable to schedule network 009643ca-0698-4d95-a885-e178c788133c: no agents available; will retry on subsequent port and subnet creation events.
2026-06-02 08:01:46.569 9 INFO neutron.db.ovn_revision_numbers_db [None req-a561f42f-b8d6-433e-a3c1-6d4e1388279e 3fcbdd64b6864855b262fd98765bca91 1e40ba1f207e4dd5806da3a62b1a85b9 - - default default] Successfully bumped revision number for resource e2156821-0635-4fe2-afcb-2d0c6c2cc71c (type: ports) to 1
2026-06-02 08:01:46.873 10 WARNING neutron.scheduler.dhcp_agent_scheduler [None req-edc17a4d-7e69-4fb9-86ff-42aad99066f8 3fcbdd64b6864855b262fd98765bca91 1e40ba1f207e4dd5806da3a62b1a85b9 - - default default] No more DHCP agents
2026-06-02 08:01:46.876 10 WARNING neutron.api.rpc.agentnotifiers.dhcp_rpc_agent_api [None req-edc17a4d-7e69-4fb9-86ff-42aad99066f8 3fcbdd64b6864855b262fd98765bca91 1e40ba1f207e4dd5806da3a62b1a85b9 - - default default] Unable to schedule network 009643ca-0698-4d95-a885-e178c788133c: no agents available; will retry on subsequent port and subnet creation events.
2026-06-02 08:01:46.878 10 WARNING neutron.scheduler.dhcp_agent_scheduler [None req-b45987ac-d773-42a2-86b5-5668bb91d67b 3fcbdd64b6864855b262fd98765bca91 1e40ba1f207e4dd5806da3a62b1a85b9 - - default default] No more DHCP agents
2026-06-02 08:01:46.884 10 WARNING neutron.api.rpc.agentnotifiers.dhcp_rpc_agent_api [None req-b45987ac-d773-42a2-86b5-5668bb91d67b 3fcbdd64b6864855b262fd98765bca91 1e40ba1f207e4dd5806da3a62b1a85b9 - - default default] Unable to schedule network 009643ca-0698-4d95-a885-e178c788133c: no agents available; will retry on subsequent port and subnet creation events.
2026-06-02 08:01:46.900 9 INFO neutron.plugins.ml2.drivers.ovn.mech_driver.ovsdb.extensions.qos [None req-a561f42f-b8d6-433e-a3c1-6d4e1388279e 3fcbdd64b6864855b262fd98765bca91 1e40ba1f207e4dd5806da3a62b1a85b9 - - default default] Starting OVNClientQosExtension
2026-06-02 08:01:47.043 10 INFO neutron.db.ovn_revision_numbers_db [None req-edc17a4d-7e69-4fb9-86ff-42aad99066f8 3fcbdd64b6864855b262fd98765bca91 1e40ba1f207e4dd5806da3a62b1a85b9 - - default default] Successfully bumped revision number for resource 1e11c3c6-5226-4bc5-93fe-11217033e30a (type: ports) to 1
2026-06-02 08:01:47.063 10 INFO neutron.db.ovn_revision_numbers_db [None req-b45987ac-d773-42a2-86b5-5668bb91d67b 3fcbdd64b6864855b262fd98765bca91 1e40ba1f207e4dd5806da3a62b1a85b9 - - default default] Successfully bumped revision number for resource 0033f916-6c0d-4ae3-a9bb-55f6598f6d31 (type: ports) to 1
2026-06-02 08:01:47.159 9 INFO neutron.plugins.ml2.drivers.ovn.mech_driver.mech_driver [None req-55556a73-82d0-4f60-abfe-e03503b5e14e - - - - - -] OVN reports status up for port: e2156821-0635-4fe2-afcb-2d0c6c2cc71c
2026-06-02 08:01:47.181 9 INFO neutron.plugins.ml2.drivers.ovn.mech_driver.ovsdb.ovsdb_monitor [-] Router e0a84bea-3885-45f1-b1b0-38b307aef0ba is bound to host instance
2026-06-02 08:01:47.271 9 INFO neutron.plugins.ml2.plugin [None req-55556a73-82d0-4f60-abfe-e03503b5e14e - - - - - -] Attempt 1 to provision port e2156821-0635-4fe2-afcb-2d0c6c2cc71c
2026-06-02 08:01:47.314 9 INFO neutron.db.ovn_revision_numbers_db [None req-a561f42f-b8d6-433e-a3c1-6d4e1388279e 3fcbdd64b6864855b262fd98765bca91 1e40ba1f207e4dd5806da3a62b1a85b9 - - default default] Successfully bumped revision number for resource e2156821-0635-4fe2-afcb-2d0c6c2cc71c (type: router_ports) to 1
2026-06-02 08:01:47.436 9 INFO neutron.db.ovn_revision_numbers_db [None req-a561f42f-b8d6-433e-a3c1-6d4e1388279e 3fcbdd64b6864855b262fd98765bca91 1e40ba1f207e4dd5806da3a62b1a85b9 - - default default] Successfully bumped revision number for resource e0a84bea-3885-45f1-b1b0-38b307aef0ba (type: routers) to 2
2026-06-02 08:01:47.459 9 INFO neutron.wsgi [None req-a561f42f-b8d6-433e-a3c1-6d4e1388279e 3fcbdd64b6864855b262fd98765bca91 1e40ba1f207e4dd5806da3a62b1a85b9 - - default default] 10.0.0.61 "POST /v2.0/routers HTTP/1.1" status: 201 len: 882 time: 1.5720692
2026-06-02 08:01:47.621 10 INFO neutron.plugins.ml2.drivers.ovn.mech_driver.ovsdb.extensions.qos [None req-b45987ac-d773-42a2-86b5-5668bb91d67b 3fcbdd64b6864855b262fd98765bca91 1e40ba1f207e4dd5806da3a62b1a85b9 - - default default] Starting OVNClientQosExtension
2026-06-02 08:01:47.625 10 INFO neutron.db.ovn_revision_numbers_db [None req-a38e4686-23fc-4f14-8d7e-58238a5cbb3e 3fcbdd64b6864855b262fd98765bca91 1e40ba1f207e4dd5806da3a62b1a85b9 - - default default] Successfully bumped revision number for resource ba41a3f3-7671-4aa3-a180-df2d03fc300f (type: security_groups) to 1
2026-06-02 08:01:47.682 10 INFO neutron.db.ovn_revision_numbers_db [None req-a38e4686-23fc-4f14-8d7e-58238a5cbb3e 3fcbdd64b6864855b262fd98765bca91 1e40ba1f207e4dd5806da3a62b1a85b9 - - default default] Successfully bumped revision number for resource 2b616045-6dfb-4589-9047-c061ef5d9d24 (type: security_group_rules) to 0
2026-06-02 08:01:47.707 10 INFO neutron.db.ovn_revision_numbers_db [None req-a38e4686-23fc-4f14-8d7e-58238a5cbb3e 3fcbdd64b6864855b262fd98765bca91 1e40ba1f207e4dd5806da3a62b1a85b9 - - default default] Successfully bumped revision number for resource 2bafafbd-ee27-43f5-9fe3-e71781645910 (type: security_group_rules) to 0
2026-06-02 08:01:47.739 10 INFO neutron.db.ovn_revision_numbers_db [None req-a38e4686-23fc-4f14-8d7e-58238a5cbb3e 3fcbdd64b6864855b262fd98765bca91 1e40ba1f207e4dd5806da3a62b1a85b9 - - default default] Successfully bumped revision number for resource d24b717e-b81a-4ef3-821b-00387b46ba06 (type: security_group_rules) to 0
2026-06-02 08:01:47.761 10 INFO neutron.db.ovn_revision_numbers_db [None req-a38e4686-23fc-4f14-8d7e-58238a5cbb3e 3fcbdd64b6864855b262fd98765bca91 1e40ba1f207e4dd5806da3a62b1a85b9 - - default default] Successfully bumped revision number for resource f91ea65b-f6b2-4fdd-8f15-f1cb52344840 (type: security_group_rules) to 0
2026-06-02 08:01:47.836 10 INFO neutron.db.segments_db [None req-a38e4686-23fc-4f14-8d7e-58238a5cbb3e 3fcbdd64b6864855b262fd98765bca91 1e40ba1f207e4dd5806da3a62b1a85b9 - - default default] Added segment 2bd0ad49-7171-4b27-a15a-a09558807a43 of type geneve for network 32dd312f-f47e-4328-a05f-e4bc41347be9
2026-06-02 08:01:47.901 9 INFO neutron.db.ovn_revision_numbers_db [None req-f8cc200d-f33b-4975-9572-09c665ab64b6 - - - - - -] Successfully bumped revision number for resource e2156821-0635-4fe2-afcb-2d0c6c2cc71c (type: ports) to 1
2026-06-02 08:01:47.979 9 WARNING neutron.scheduler.dhcp_agent_scheduler [None req-fba51fc0-9ec5-4dde-bb78-5e8e1cdde528 3fcbdd64b6864855b262fd98765bca91 1e40ba1f207e4dd5806da3a62b1a85b9 - - default default] No more DHCP agents
2026-06-02 08:01:47.984 9 WARNING neutron.api.rpc.agentnotifiers.dhcp_rpc_agent_api [None req-fba51fc0-9ec5-4dde-bb78-5e8e1cdde528 3fcbdd64b6864855b262fd98765bca91 1e40ba1f207e4dd5806da3a62b1a85b9 - - default default] Unable to schedule network 03deda71-2f05-44a9-b60f-ed549305e43d: no agents available; will retry on subsequent port and subnet creation events.
2026-06-02 08:01:48.221 10 INFO neutron.plugins.ml2.drivers.ovn.mech_driver.mech_driver [None req-58aec7b7-89c4-42f4-a419-d911e24f8d20 - - - - - -] OVN reports status up for port: 0033f916-6c0d-4ae3-a9bb-55f6598f6d31
2026-06-02 08:01:48.248 10 INFO neutron.db.ovn_revision_numbers_db [None req-a38e4686-23fc-4f14-8d7e-58238a5cbb3e 3fcbdd64b6864855b262fd98765bca91 1e40ba1f207e4dd5806da3a62b1a85b9 - - default default] Successfully bumped revision number for resource 32dd312f-f47e-4328-a05f-e4bc41347be9 (type: networks) to 1
2026-06-02 08:01:48.282 10 INFO neutron.plugins.ml2.plugin [None req-58aec7b7-89c4-42f4-a419-d911e24f8d20 - - - - - -] Attempt 1 to provision port 0033f916-6c0d-4ae3-a9bb-55f6598f6d31
2026-06-02 08:01:48.285 9 INFO neutron.db.ovn_revision_numbers_db [None req-f8cc200d-f33b-4975-9572-09c665ab64b6 - - - - - -] Successfully bumped revision number for resource e2156821-0635-4fe2-afcb-2d0c6c2cc71c (type: router_ports) to 3
2026-06-02 08:01:48.287 9 INFO neutron.db.ovn_revision_numbers_db [None req-fba51fc0-9ec5-4dde-bb78-5e8e1cdde528 3fcbdd64b6864855b262fd98765bca91 1e40ba1f207e4dd5806da3a62b1a85b9 - - default default] Successfully bumped revision number for resource ab042a8b-3db5-4be8-b2e8-204552935561 (type: ports) to 1
2026-06-02 08:01:48.326 10 INFO neutron.db.ovn_revision_numbers_db [None req-b45987ac-d773-42a2-86b5-5668bb91d67b 3fcbdd64b6864855b262fd98765bca91 1e40ba1f207e4dd5806da3a62b1a85b9 - - default default] Successfully bumped revision number for resource 0033f916-6c0d-4ae3-a9bb-55f6598f6d31 (type: router_ports) to 1
2026-06-02 08:01:48.402 10 INFO neutron.db.ovn_revision_numbers_db [None req-edc17a4d-7e69-4fb9-86ff-42aad99066f8 3fcbdd64b6864855b262fd98765bca91 1e40ba1f207e4dd5806da3a62b1a85b9 - - default default] Successfully bumped revision number for resource 1e11c3c6-5226-4bc5-93fe-11217033e30a (type: router_ports) to 1
2026-06-02 08:01:48.511 9 INFO neutron.db.ovn_revision_numbers_db [None req-f8cc200d-f33b-4975-9572-09c665ab64b6 - - - - - -] Successfully bumped revision number for resource e2156821-0635-4fe2-afcb-2d0c6c2cc71c (type: ports) to 2
2026-06-02 08:01:48.512 10 INFO neutron.db.ovn_revision_numbers_db [None req-b45987ac-d773-42a2-86b5-5668bb91d67b 3fcbdd64b6864855b262fd98765bca91 1e40ba1f207e4dd5806da3a62b1a85b9 - - default default] Successfully bumped revision number for resource 6efe8fa0-b953-432b-9d5b-f65e898e5105 (type: routers) to 2
2026-06-02 08:01:48.543 10 INFO neutron.wsgi [None req-b45987ac-d773-42a2-86b5-5668bb91d67b 3fcbdd64b6864855b262fd98765bca91 1e40ba1f207e4dd5806da3a62b1a85b9 - - default default] 10.0.0.61 "POST /v2.0/routers HTTP/1.1" status: 201 len: 871 time: 2.3680770
2026-06-02 08:01:48.544 10 INFO neutron.db.ovn_revision_numbers_db [None req-edc17a4d-7e69-4fb9-86ff-42aad99066f8 3fcbdd64b6864855b262fd98765bca91 1e40ba1f207e4dd5806da3a62b1a85b9 - - default default] Successfully bumped revision number for resource 0e1bf067-f7ca-4ad3-8f06-0a4fa910e58c (type: routers) to 2
2026-06-02 08:01:48.558 10 INFO neutron.wsgi [None req-edc17a4d-7e69-4fb9-86ff-42aad99066f8 3fcbdd64b6864855b262fd98765bca91 1e40ba1f207e4dd5806da3a62b1a85b9 - - default default] 10.0.0.61 "POST /v2.0/routers HTTP/1.1" status: 201 len: 884 time: 2.3905625
2026-06-02 08:01:48.622 10 WARNING neutron.scheduler.dhcp_agent_scheduler [None req-a38e4686-23fc-4f14-8d7e-58238a5cbb3e 3fcbdd64b6864855b262fd98765bca91 1e40ba1f207e4dd5806da3a62b1a85b9 - - default default] No more DHCP agents
2026-06-02 08:01:48.627 10 WARNING neutron.api.rpc.agentnotifiers.dhcp_rpc_agent_api [None req-a38e4686-23fc-4f14-8d7e-58238a5cbb3e 3fcbdd64b6864855b262fd98765bca91 1e40ba1f207e4dd5806da3a62b1a85b9 - - default default] Unable to schedule network 32dd312f-f47e-4328-a05f-e4bc41347be9: no agents available; will retry on subsequent port and subnet creation events.
2026-06-02 08:01:48.751 10 INFO neutron.db.ovn_revision_numbers_db [None req-a38e4686-23fc-4f14-8d7e-58238a5cbb3e 3fcbdd64b6864855b262fd98765bca91 1e40ba1f207e4dd5806da3a62b1a85b9 - - default default] Successfully bumped revision number for resource 50f8738f-505d-4380-96cb-957eda9324d5 (type: ports) to 1
2026-06-02 08:01:48.785 10 INFO neutron.wsgi [None req-a38e4686-23fc-4f14-8d7e-58238a5cbb3e 3fcbdd64b6864855b262fd98765bca91 1e40ba1f207e4dd5806da3a62b1a85b9 - - default default] 10.0.0.61 "POST /v2.0/networks HTTP/1.1" status: 201 len: 943 time: 1.7132809
2026-06-02 08:01:48.942 9 INFO neutron.db.ovn_revision_numbers_db [None req-f8cc200d-f33b-4975-9572-09c665ab64b6 - - - - - -] Successfully bumped revision number for resource e2156821-0635-4fe2-afcb-2d0c6c2cc71c (type: ports) to 4
2026-06-02 08:01:48.957 9 INFO neutron.db.ovn_revision_numbers_db [None req-fba51fc0-9ec5-4dde-bb78-5e8e1cdde528 3fcbdd64b6864855b262fd98765bca91 1e40ba1f207e4dd5806da3a62b1a85b9 - - default default] Successfully bumped revision number for resource ab042a8b-3db5-4be8-b2e8-204552935561 (type: router_ports) to 1
2026-06-02 08:01:49.009 10 WARNING neutron.scheduler.dhcp_agent_scheduler [None req-2897d385-a5dd-4ec3-b0e4-bafd2ef0d2eb 3fcbdd64b6864855b262fd98765bca91 1e40ba1f207e4dd5806da3a62b1a85b9 - - default default] No more DHCP agents
2026-06-02 08:01:49.021 10 WARNING neutron.api.rpc.agentnotifiers.dhcp_rpc_agent_api [None req-2897d385-a5dd-4ec3-b0e4-bafd2ef0d2eb 3fcbdd64b6864855b262fd98765bca91 1e40ba1f207e4dd5806da3a62b1a85b9 - - default default] Unable to schedule network 32dd312f-f47e-4328-a05f-e4bc41347be9: no agents available; will retry on subsequent port and subnet creation events.
2026-06-02 08:01:49.158 10 WARNING neutron.scheduler.dhcp_agent_scheduler [None req-1d6c1596-afad-4e3b-9dca-12c6b3a8df30 3fcbdd64b6864855b262fd98765bca91 1e40ba1f207e4dd5806da3a62b1a85b9 - - default default] No more DHCP agents
2026-06-02 08:01:49.161 10 WARNING neutron.api.rpc.agentnotifiers.dhcp_rpc_agent_api [None req-1d6c1596-afad-4e3b-9dca-12c6b3a8df30 3fcbdd64b6864855b262fd98765bca91 1e40ba1f207e4dd5806da3a62b1a85b9 - - default default] Unable to schedule network 36ed2974-99a5-4bd8-b4a9-1c9d0af952f5: no agents available; will retry on subsequent port and subnet creation events.
2026-06-02 08:01:49.393 9 INFO neutron.db.ovn_revision_numbers_db [None req-fba51fc0-9ec5-4dde-bb78-5e8e1cdde528 3fcbdd64b6864855b262fd98765bca91 1e40ba1f207e4dd5806da3a62b1a85b9 - - default default] Successfully bumped revision number for resource ab042a8b-3db5-4be8-b2e8-204552935561 (type: ports) to 1
2026-06-02 08:01:49.425 10 INFO neutron.db.ovn_revision_numbers_db [None req-1d6c1596-afad-4e3b-9dca-12c6b3a8df30 3fcbdd64b6864855b262fd98765bca91 1e40ba1f207e4dd5806da3a62b1a85b9 - - default default] Successfully bumped revision number for resource 5c14addb-a9c8-4d85-bd19-383a0e73fd50 (type: ports) to 1
2026-06-02 08:01:49.445 9 WARNING neutron.scheduler.dhcp_agent_scheduler [None req-b910152a-4ee9-4abe-9cd9-5628680c601d 3fcbdd64b6864855b262fd98765bca91 1e40ba1f207e4dd5806da3a62b1a85b9 - - default default] No more DHCP agents
2026-06-02 08:01:49.451 9 WARNING neutron.api.rpc.agentnotifiers.dhcp_rpc_agent_api [None req-b910152a-4ee9-4abe-9cd9-5628680c601d 3fcbdd64b6864855b262fd98765bca91 1e40ba1f207e4dd5806da3a62b1a85b9 - - default default] Unable to schedule network 57fb8bfe-5752-4bf4-95e6-e63ee4ba357d: no agents available; will retry on subsequent port and subnet creation events.
2026-06-02 08:01:49.460 9 INFO neutron.db.ovn_revision_numbers_db [None req-f8cc200d-f33b-4975-9572-09c665ab64b6 - - - - - -] Successfully bumped revision number for resource e2156821-0635-4fe2-afcb-2d0c6c2cc71c (type: router_ports) to 4
2026-06-02 08:01:49.500 9 INFO neutron.plugins.ml2.drivers.ovn.mech_driver.ovsdb.ovsdb_monitor [None req-f8cc200d-f33b-4975-9572-09c665ab64b6 - - - - - -] Router 6efe8fa0-b953-432b-9d5b-f65e898e5105 is bound to host instance
2026-06-02 08:01:49.521 9 WARNING neutron.scheduler.dhcp_agent_scheduler [None req-fba51fc0-9ec5-4dde-bb78-5e8e1cdde528 3fcbdd64b6864855b262fd98765bca91 1e40ba1f207e4dd5806da3a62b1a85b9 - - default default] No more DHCP agents
2026-06-02 08:01:49.523 9 WARNING neutron.api.rpc.agentnotifiers.dhcp_rpc_agent_api [None req-fba51fc0-9ec5-4dde-bb78-5e8e1cdde528 3fcbdd64b6864855b262fd98765bca91 1e40ba1f207e4dd5806da3a62b1a85b9 - - default default] Unable to schedule network 03deda71-2f05-44a9-b60f-ed549305e43d: no agents available; will retry on subsequent port and subnet creation events.
2026-06-02 08:01:49.681 9 INFO neutron.db.ovn_revision_numbers_db [None req-b910152a-4ee9-4abe-9cd9-5628680c601d 3fcbdd64b6864855b262fd98765bca91 1e40ba1f207e4dd5806da3a62b1a85b9 - - default default] Successfully bumped revision number for resource cc65414d-2432-40fc-bce4-fd056f9d195d (type: ports) to 1
2026-06-02 08:01:49.802 10 INFO neutron.db.ovn_revision_numbers_db [None req-2897d385-a5dd-4ec3-b0e4-bafd2ef0d2eb 3fcbdd64b6864855b262fd98765bca91 1e40ba1f207e4dd5806da3a62b1a85b9 - - default default] Successfully bumped revision number for resource 50f8738f-505d-4380-96cb-957eda9324d5 (type: ports) to 2
2026-06-02 08:01:49.851 10 INFO neutron.db.ovn_revision_numbers_db [None req-2897d385-a5dd-4ec3-b0e4-bafd2ef0d2eb 3fcbdd64b6864855b262fd98765bca91 1e40ba1f207e4dd5806da3a62b1a85b9 - - default default] Successfully bumped revision number for resource 2e894199-7742-4f18-81a3-364ed28d6355 (type: subnets) to 0
2026-06-02 08:01:49.869 10 INFO neutron.wsgi [None req-2897d385-a5dd-4ec3-b0e4-bafd2ef0d2eb 3fcbdd64b6864855b262fd98765bca91 1e40ba1f207e4dd5806da3a62b1a85b9 - - default default] 10.0.0.61 "POST /v2.0/subnets HTTP/1.1" status: 201 len: 867 time: 1.0790222
2026-06-02 08:01:49.959 10 INFO neutron.db.ovn_revision_numbers_db [None req-1d6c1596-afad-4e3b-9dca-12c6b3a8df30 3fcbdd64b6864855b262fd98765bca91 1e40ba1f207e4dd5806da3a62b1a85b9 - - default default] Successfully bumped revision number for resource 5c14addb-a9c8-4d85-bd19-383a0e73fd50 (type: router_ports) to 1
2026-06-02 08:01:50.121 9 INFO neutron.plugins.ml2.drivers.ovn.mech_driver.mech_driver [None req-55556a73-82d0-4f60-abfe-e03503b5e14e - - - - - -] OVN reports status up for port: ab042a8b-3db5-4be8-b2e8-204552935561
2026-06-02 08:01:50.151 9 INFO neutron.plugins.ml2.plugin [None req-55556a73-82d0-4f60-abfe-e03503b5e14e - - - - - -] Attempt 1 to provision port ab042a8b-3db5-4be8-b2e8-204552935561
2026-06-02 08:01:50.245 10 INFO neutron.db.ovn_revision_numbers_db [None req-1d6c1596-afad-4e3b-9dca-12c6b3a8df30 3fcbdd64b6864855b262fd98765bca91 1e40ba1f207e4dd5806da3a62b1a85b9 - - default default] Successfully bumped revision number for resource 5c14addb-a9c8-4d85-bd19-383a0e73fd50 (type: ports) to 1
2026-06-02 08:01:50.329 10 WARNING neutron.scheduler.dhcp_agent_scheduler [None req-1d6c1596-afad-4e3b-9dca-12c6b3a8df30 3fcbdd64b6864855b262fd98765bca91 1e40ba1f207e4dd5806da3a62b1a85b9 - - default default] No more DHCP agents
2026-06-02 08:01:50.331 10 WARNING neutron.api.rpc.agentnotifiers.dhcp_rpc_agent_api [None req-1d6c1596-afad-4e3b-9dca-12c6b3a8df30 3fcbdd64b6864855b262fd98765bca91 1e40ba1f207e4dd5806da3a62b1a85b9 - - default default] Unable to schedule network 36ed2974-99a5-4bd8-b4a9-1c9d0af952f5: no agents available; will retry on subsequent port and subnet creation events.
2026-06-02 08:01:50.484 10 WARNING neutron.scheduler.dhcp_agent_scheduler [None req-1b171ceb-474f-4bdc-b7fa-acd9757aa5ac 3fcbdd64b6864855b262fd98765bca91 1e40ba1f207e4dd5806da3a62b1a85b9 - - default default] No more DHCP agents
2026-06-02 08:01:50.488 10 WARNING neutron.api.rpc.agentnotifiers.dhcp_rpc_agent_api [None req-1b171ceb-474f-4bdc-b7fa-acd9757aa5ac 3fcbdd64b6864855b262fd98765bca91 1e40ba1f207e4dd5806da3a62b1a85b9 - - default default] Unable to schedule network 009643ca-0698-4d95-a885-e178c788133c: no agents available; will retry on subsequent port and subnet creation events.
2026-06-02 08:01:50.677 10 INFO neutron.db.ovn_revision_numbers_db [None req-1b171ceb-474f-4bdc-b7fa-acd9757aa5ac 3fcbdd64b6864855b262fd98765bca91 1e40ba1f207e4dd5806da3a62b1a85b9 - - default default] Successfully bumped revision number for resource 87af537f-1a8c-4935-86de-df3405a90816 (type: ports) to 1
2026-06-02 08:01:50.683 9 INFO neutron.db.ovn_revision_numbers_db [None req-f8cc200d-f33b-4975-9572-09c665ab64b6 - - - - - -] Successfully bumped revision number for resource 0033f916-6c0d-4ae3-a9bb-55f6598f6d31 (type: ports) to 1
2026-06-02 08:01:50.875 9 INFO neutron.db.ovn_revision_numbers_db [None req-b910152a-4ee9-4abe-9cd9-5628680c601d 3fcbdd64b6864855b262fd98765bca91 1e40ba1f207e4dd5806da3a62b1a85b9 - - default default] Successfully bumped revision number for resource cc65414d-2432-40fc-bce4-fd056f9d195d (type: router_ports) to 1
2026-06-02 08:01:51.007 9 INFO neutron.db.ovn_revision_numbers_db [None req-55556a73-82d0-4f60-abfe-e03503b5e14e - - - - - -] Successfully bumped revision number for resource ab042a8b-3db5-4be8-b2e8-204552935561 (type: ports) to 2
2026-06-02 08:01:51.139 9 INFO neutron.db.ovn_revision_numbers_db [None req-fba51fc0-9ec5-4dde-bb78-5e8e1cdde528 3fcbdd64b6864855b262fd98765bca91 1e40ba1f207e4dd5806da3a62b1a85b9 - - default default] Successfully bumped revision number for resource ab042a8b-3db5-4be8-b2e8-204552935561 (type: router_ports) to 1
2026-06-02 08:01:51.141 9 INFO neutron.wsgi [None req-fba51fc0-9ec5-4dde-bb78-5e8e1cdde528 3fcbdd64b6864855b262fd98765bca91 1e40ba1f207e4dd5806da3a62b1a85b9 - - default default] 10.0.0.61 "PUT /v2.0/routers/e0a84bea-3885-45f1-b1b0-38b307aef0ba/add_router_interface HTTP/1.1" status: 200 len: 503 time: 3.6777816
2026-06-02 08:01:51.198 9 INFO neutron.db.ovn_revision_numbers_db [None req-55556a73-82d0-4f60-abfe-e03503b5e14e - - - - - -] Successfully bumped revision number for resource ab042a8b-3db5-4be8-b2e8-204552935561 (type: router_ports) to 2
2026-06-02 08:01:51.236 9 INFO neutron.db.ovn_revision_numbers_db [None req-b910152a-4ee9-4abe-9cd9-5628680c601d 3fcbdd64b6864855b262fd98765bca91 1e40ba1f207e4dd5806da3a62b1a85b9 - - default default] Successfully bumped revision number for resource cc65414d-2432-40fc-bce4-fd056f9d195d (type: ports) to 1
2026-06-02 08:01:51.329 9 INFO neutron.db.ovn_revision_numbers_db [None req-f8cc200d-f33b-4975-9572-09c665ab64b6 - - - - - -] Successfully bumped revision number for resource 0033f916-6c0d-4ae3-a9bb-55f6598f6d31 (type: router_ports) to 3
2026-06-02 08:01:51.330 9 WARNING neutron.scheduler.dhcp_agent_scheduler [None req-b910152a-4ee9-4abe-9cd9-5628680c601d 3fcbdd64b6864855b262fd98765bca91 1e40ba1f207e4dd5806da3a62b1a85b9 - - default default] No more DHCP agents
2026-06-02 08:01:51.331 9 WARNING neutron.api.rpc.agentnotifiers.dhcp_rpc_agent_api [None req-b910152a-4ee9-4abe-9cd9-5628680c601d 3fcbdd64b6864855b262fd98765bca91 1e40ba1f207e4dd5806da3a62b1a85b9 - - default default] Unable to schedule network 57fb8bfe-5752-4bf4-95e6-e63ee4ba357d: no agents available; will retry on subsequent port and subnet creation events.
2026-06-02 08:01:51.480 10 INFO neutron.db.ovn_revision_numbers_db [None req-1d6c1596-afad-4e3b-9dca-12c6b3a8df30 3fcbdd64b6864855b262fd98765bca91 1e40ba1f207e4dd5806da3a62b1a85b9 - - default default] Successfully bumped revision number for resource 5c14addb-a9c8-4d85-bd19-383a0e73fd50 (type: router_ports) to 1
2026-06-02 08:01:51.482 10 INFO neutron.wsgi [None req-1d6c1596-afad-4e3b-9dca-12c6b3a8df30 3fcbdd64b6864855b262fd98765bca91 1e40ba1f207e4dd5806da3a62b1a85b9 - - default default] 10.0.0.61 "PUT /v2.0/routers/0e1bf067-f7ca-4ad3-8f06-0a4fa910e58c/add_router_interface HTTP/1.1" status: 200 len: 503 time: 2.9179811
2026-06-02 08:01:51.486 10 INFO neutron.plugins.ml2.drivers.ovn.mech_driver.mech_driver [None req-58aec7b7-89c4-42f4-a419-d911e24f8d20 - - - - - -] OVN reports status up for port: 1e11c3c6-5226-4bc5-93fe-11217033e30a
2026-06-02 08:01:51.496 10 INFO neutron.plugins.ml2.plugin [None req-58aec7b7-89c4-42f4-a419-d911e24f8d20 - - - - - -] Attempt 1 to provision port 1e11c3c6-5226-4bc5-93fe-11217033e30a
2026-06-02 08:01:51.520 9 INFO neutron.db.ovn_revision_numbers_db [None req-f8cc200d-f33b-4975-9572-09c665ab64b6 - - - - - -] Successfully bumped revision number for resource 0033f916-6c0d-4ae3-a9bb-55f6598f6d31 (type: ports) to 2
2026-06-02 08:01:51.655 10 INFO neutron.db.ovn_revision_numbers_db [None req-1b171ceb-474f-4bdc-b7fa-acd9757aa5ac 3fcbdd64b6864855b262fd98765bca91 1e40ba1f207e4dd5806da3a62b1a85b9 - - default default] Successfully bumped revision number for resource 87af537f-1a8c-4935-86de-df3405a90816 (type: router_ports) to 1
2026-06-02 08:01:51.724 10 INFO neutron.db.ovn_revision_numbers_db [None req-1b171ceb-474f-4bdc-b7fa-acd9757aa5ac 3fcbdd64b6864855b262fd98765bca91 1e40ba1f207e4dd5806da3a62b1a85b9 - - default default] Successfully bumped revision number for resource 7438c9a4-74ac-4cac-9a97-ed15125ad51c (type: routers) to 2
2026-06-02 08:01:51.742 10 INFO neutron.wsgi [None req-1b171ceb-474f-4bdc-b7fa-acd9757aa5ac 3fcbdd64b6864855b262fd98765bca91 1e40ba1f207e4dd5806da3a62b1a85b9 - - default default] 10.0.0.61 "POST /v2.0/routers HTTP/1.1" status: 201 len: 878 time: 1.8493781
2026-06-02 08:01:52.066 9 WARNING neutron_lib.context [None req-25d891cf-4b69-4637-bb47-3786c4afc834 85697d232f2c4f7290c9b3358ca78dad bdec9b78b5094e2ab36aa53855eb0a42 - - default default] Method 'is_advsvc' is deprecated since 2023.2 release (neutron-lib 3.8.0) and will be removed once support for the old RBAC API policies will be removed from Neutron. Please use method 'is_service_role' instead.
2026-06-02 08:01:52.084 9 INFO neutron.db.ovn_revision_numbers_db [None req-f8cc200d-f33b-4975-9572-09c665ab64b6 - - - - - -] Successfully bumped revision number for resource 0033f916-6c0d-4ae3-a9bb-55f6598f6d31 (type: ports) to 4
2026-06-02 08:01:52.148 9 WARNING neutron_lib.context [req-5ff1fde2-b36c-42c0-95e7-91c5813731d7 req-c5c26164-7ac6-40ec-af4b-aadb398cc260 3e78825501ce444b947b0c9780e883c5 28c6716488654fbabb7ba7237e104244 - - default default] Method 'is_advsvc' is deprecated since 2023.2 release (neutron-lib 3.8.0) and will be removed once support for the old RBAC API policies will be removed from Neutron. Please use method 'is_service_role' instead.
2026-06-02 08:01:52.312 10 WARNING neutron.scheduler.dhcp_agent_scheduler [None req-2b4728dd-c41e-4f51-be8c-f84bbd13d057 3fcbdd64b6864855b262fd98765bca91 1e40ba1f207e4dd5806da3a62b1a85b9 - - default default] No more DHCP agents
2026-06-02 08:01:52.315 10 WARNING neutron.api.rpc.agentnotifiers.dhcp_rpc_agent_api [None req-2b4728dd-c41e-4f51-be8c-f84bbd13d057 3fcbdd64b6864855b262fd98765bca91 1e40ba1f207e4dd5806da3a62b1a85b9 - - default default] Unable to schedule network 32dd312f-f47e-4328-a05f-e4bc41347be9: no agents available; will retry on subsequent port and subnet creation events.
2026-06-02 08:01:52.400 9 INFO neutron.db.ovn_revision_numbers_db [None req-25d891cf-4b69-4637-bb47-3786c4afc834 85697d232f2c4f7290c9b3358ca78dad bdec9b78b5094e2ab36aa53855eb0a42 - - default default] Successfully bumped revision number for resource 077ba01a-9d55-47f0-900f-c3253f32b43f (type: security_groups) to 1
2026-06-02 08:01:52.454 10 INFO neutron.db.ovn_revision_numbers_db [None req-2b4728dd-c41e-4f51-be8c-f84bbd13d057 3fcbdd64b6864855b262fd98765bca91 1e40ba1f207e4dd5806da3a62b1a85b9 - - default default] Successfully bumped revision number for resource 780f9525-d457-43dd-9c10-982088b5a727 (type: ports) to 1
2026-06-02 08:01:52.462 9 INFO neutron.db.ovn_revision_numbers_db [None req-25d891cf-4b69-4637-bb47-3786c4afc834 85697d232f2c4f7290c9b3358ca78dad bdec9b78b5094e2ab36aa53855eb0a42 - - default default] Successfully bumped revision number for resource 611c1b14-6a0b-437b-ba68-8fbd65287225 (type: security_group_rules) to 0
2026-06-02 08:01:52.478 9 INFO neutron.db.ovn_revision_numbers_db [req-5ff1fde2-b36c-42c0-95e7-91c5813731d7 req-c5c26164-7ac6-40ec-af4b-aadb398cc260 3e78825501ce444b947b0c9780e883c5 28c6716488654fbabb7ba7237e104244 - - default default] Successfully bumped revision number for resource 0c13f80e-1ebc-497e-afe9-e063b4a6bad5 (type: security_groups) to 1
2026-06-02 08:01:52.492 9 INFO neutron.db.ovn_revision_numbers_db [None req-25d891cf-4b69-4637-bb47-3786c4afc834 85697d232f2c4f7290c9b3358ca78dad bdec9b78b5094e2ab36aa53855eb0a42 - - default default] Successfully bumped revision number for resource 9e323b21-81f9-4dff-82a8-2126e37ea4ad (type: security_group_rules) to 0
2026-06-02 08:01:52.517 9 INFO neutron.db.ovn_revision_numbers_db [req-5ff1fde2-b36c-42c0-95e7-91c5813731d7 req-c5c26164-7ac6-40ec-af4b-aadb398cc260 3e78825501ce444b947b0c9780e883c5 28c6716488654fbabb7ba7237e104244 - - default default] Successfully bumped revision number for resource 388d780a-40be-4707-a076-9440b81c1fc2 (type: security_group_rules) to 0
2026-06-02 08:01:52.530 9 INFO neutron.wsgi [None req-25d891cf-4b69-4637-bb47-3786c4afc834 85697d232f2c4f7290c9b3358ca78dad bdec9b78b5094e2ab36aa53855eb0a42 - - default default] 10.0.0.61 "POST /v2.0/security-groups HTTP/1.1" status: 201 len: 1796 time: 0.4759500
2026-06-02 08:01:52.539 9 INFO neutron.db.ovn_revision_numbers_db [None req-f8cc200d-f33b-4975-9572-09c665ab64b6 - - - - - -] Successfully bumped revision number for resource 0033f916-6c0d-4ae3-a9bb-55f6598f6d31 (type: router_ports) to 4
2026-06-02 08:01:52.542 10 WARNING neutron_lib.context [None req-cfe738b4-11f8-4479-8e20-73d59960980e 85697d232f2c4f7290c9b3358ca78dad bdec9b78b5094e2ab36aa53855eb0a42 - - default default] Method 'is_advsvc' is deprecated since 2023.2 release (neutron-lib 3.8.0) and will be removed once support for the old RBAC API policies will be removed from Neutron. Please use method 'is_service_role' instead.
2026-06-02 08:01:52.550 9 INFO neutron.db.ovn_revision_numbers_db [req-5ff1fde2-b36c-42c0-95e7-91c5813731d7 req-c5c26164-7ac6-40ec-af4b-aadb398cc260 3e78825501ce444b947b0c9780e883c5 28c6716488654fbabb7ba7237e104244 - - default default] Successfully bumped revision number for resource 71d2f99f-81de-4c28-aa42-5f3fdb48742a (type: security_group_rules) to 0
2026-06-02 08:01:52.581 9 INFO neutron.wsgi [req-5ff1fde2-b36c-42c0-95e7-91c5813731d7 req-c5c26164-7ac6-40ec-af4b-aadb398cc260 3e78825501ce444b947b0c9780e883c5 28c6716488654fbabb7ba7237e104244 - - default default] 10.0.0.195 "POST /v2.0/security-groups HTTP/1.1" status: 201 len: 1825 time: 0.5266132
2026-06-02 08:01:52.587 9 INFO neutron.plugins.ml2.drivers.ovn.mech_driver.ovsdb.ovsdb_monitor [None req-f8cc200d-f33b-4975-9572-09c665ab64b6 - - - - - -] Router 0e1bf067-f7ca-4ad3-8f06-0a4fa910e58c is bound to host instance
2026-06-02 08:01:52.602 9 INFO neutron.db.ovn_revision_numbers_db [None req-b910152a-4ee9-4abe-9cd9-5628680c601d 3fcbdd64b6864855b262fd98765bca91 1e40ba1f207e4dd5806da3a62b1a85b9 - - default default] Successfully bumped revision number for resource cc65414d-2432-40fc-bce4-fd056f9d195d (type: router_ports) to 1
2026-06-02 08:01:52.604 9 INFO neutron.wsgi [None req-b910152a-4ee9-4abe-9cd9-5628680c601d 3fcbdd64b6864855b262fd98765bca91 1e40ba1f207e4dd5806da3a62b1a85b9 - - default default] 10.0.0.61 "PUT /v2.0/routers/6efe8fa0-b953-432b-9d5b-f65e898e5105/add_router_interface HTTP/1.1" status: 200 len: 503 time: 4.0491982
2026-06-02 08:01:52.728 10 INFO neutron.db.ovn_revision_numbers_db [None req-cfe738b4-11f8-4479-8e20-73d59960980e 85697d232f2c4f7290c9b3358ca78dad bdec9b78b5094e2ab36aa53855eb0a42 - - default default] Successfully bumped revision number for resource 0701d0d3-f23c-4638-93a6-ca5ad6e481b1 (type: security_group_rules) to 0
2026-06-02 08:01:52.758 10 INFO neutron.wsgi [None req-cfe738b4-11f8-4479-8e20-73d59960980e 85697d232f2c4f7290c9b3358ca78dad bdec9b78b5094e2ab36aa53855eb0a42 - - default default] 10.0.0.61 "POST /v2.0/security-group-rules HTTP/1.1" status: 201 len: 764 time: 0.2208343
2026-06-02 08:01:52.769 10 WARNING neutron_lib.context [None req-e0e77a47-3e74-43d7-ab92-63c3410fd4a7 85697d232f2c4f7290c9b3358ca78dad bdec9b78b5094e2ab36aa53855eb0a42 - - default default] Method 'is_advsvc' is deprecated since 2023.2 release (neutron-lib 3.8.0) and will be removed once support for the old RBAC API policies will be removed from Neutron. Please use method 'is_service_role' instead.
2026-06-02 08:01:52.869 10 INFO neutron.db.ovn_revision_numbers_db [None req-2b4728dd-c41e-4f51-be8c-f84bbd13d057 3fcbdd64b6864855b262fd98765bca91 1e40ba1f207e4dd5806da3a62b1a85b9 - - default default] Successfully bumped revision number for resource 780f9525-d457-43dd-9c10-982088b5a727 (type: router_ports) to 1
2026-06-02 08:01:52.938 10 INFO neutron.db.ovn_revision_numbers_db [None req-e0e77a47-3e74-43d7-ab92-63c3410fd4a7 85697d232f2c4f7290c9b3358ca78dad bdec9b78b5094e2ab36aa53855eb0a42 - - default default] Successfully bumped revision number for resource 518f1b36-c7fa-468a-80dc-74e1ae262163 (type: security_group_rules) to 0
2026-06-02 08:01:52.978 10 INFO neutron.wsgi [None req-e0e77a47-3e74-43d7-ab92-63c3410fd4a7 85697d232f2c4f7290c9b3358ca78dad bdec9b78b5094e2ab36aa53855eb0a42 - - default default] 10.0.0.61 "POST /v2.0/security-group-rules HTTP/1.1" status: 201 len: 769 time: 0.2143064
2026-06-02 08:01:52.989 10 WARNING neutron_lib.context [None req-45a2db2e-c617-4952-8386-949bad6490e6 85697d232f2c4f7290c9b3358ca78dad bdec9b78b5094e2ab36aa53855eb0a42 - - default default] Method 'is_advsvc' is deprecated since 2023.2 release (neutron-lib 3.8.0) and will be removed once support for the old RBAC API policies will be removed from Neutron. Please use method 'is_service_role' instead.
2026-06-02 08:01:53.020 10 INFO neutron.wsgi [req-5cdd4759-fd85-41f1-8a87-5557d5918cba req-134503f8-b7c0-4507-8993-59616505eabf 3e78825501ce444b947b0c9780e883c5 28c6716488654fbabb7ba7237e104244 - - default default] 10.0.0.195 "GET /v2.0/security-groups/0c13f80e-1ebc-497e-afe9-e063b4a6bad5 HTTP/1.1" status: 200 len: 1820 time: 0.1035223
