2026-06-02 08:05:14.259 10 INFO neutron.api.v2.resource [None req-53cf1305-277a-42a8-9144-7e52ad2dbe48 5d691fc7136d4cc6917219394b7d37ca ee8b4579610848f6916c2d753384faaa - - default default] create failed (client error): Invalid input for target_tenant. Reason: 'None' is not a valid string.
2026-06-02 08:05:14.260 10 INFO neutron.wsgi [None req-53cf1305-277a-42a8-9144-7e52ad2dbe48 5d691fc7136d4cc6917219394b7d37ca ee8b4579610848f6916c2d753384faaa - - default default] 10.0.0.61 "POST /v2.0/rbac-policies HTTP/1.1" status: 400 len: 346 time: 0.0201206
2026-06-02 08:05:14.745 9 INFO neutron.db.ovn_revision_numbers_db [None req-185ddd37-98ac-4019-8cff-ff664c3b0a31 7cac11f642ec4e8f8f02485beb938220 387b77d2c4e445feaf4cd113565d2da7 - - default default] Successfully bumped revision number for resource bfd49b82-081c-4fc9-baf7-50e52e369112 (type: ports) to 2
2026-06-02 08:05:14.773 9 INFO neutron.db.ovn_revision_numbers_db [None req-185ddd37-98ac-4019-8cff-ff664c3b0a31 7cac11f642ec4e8f8f02485beb938220 387b77d2c4e445feaf4cd113565d2da7 - - default default] Successfully bumped revision number for resource 92e867b9-c146-41fd-aeca-7a307bdcda64 (type: subnets) to 0
2026-06-02 08:05:14.786 9 INFO neutron.wsgi [None req-185ddd37-98ac-4019-8cff-ff664c3b0a31 7cac11f642ec4e8f8f02485beb938220 387b77d2c4e445feaf4cd113565d2da7 - - default default] 10.0.0.61 "POST /v2.0/subnets HTTP/1.1" status: 201 len: 832 time: 0.8482733
2026-06-02 08:05:14.829 10 INFO neutron.wsgi [None req-4628188d-b238-440d-8089-fea8c1d06f1d 3fcbdd64b6864855b262fd98765bca91 1e40ba1f207e4dd5806da3a62b1a85b9 - - default default] 10.0.0.100 "GET /v2.0/floatingips HTTP/1.1" status: 200 len: 1036 time: 0.1205623
2026-06-02 08:05:14.854 9 INFO neutron.wsgi [None req-1448f64a-3e86-409e-8803-075cc13dbc8c d799450833cd409db9d5a808d3f86afb 6a096b40fd644549adc514bc3a146106 - - default default] 10.0.0.61 "GET /v2.0/subnetpools?name=shared-default-subnetpool-v6 HTTP/1.1" status: 200 len: 212 time: 0.0595315
2026-06-02 08:05:14.870 9 WARNING neutron_lib.context [None req-960b0653-c1fc-4081-9c0a-17915c83adbe 7cac11f642ec4e8f8f02485beb938220 387b77d2c4e445feaf4cd113565d2da7 - - default default] Method 'is_advsvc' is deprecated since 2023.2 release (neutron-lib 3.8.0) and will be removed once support for the old RBAC API policies will be removed from Neutron. Please use method 'is_service_role' instead.
2026-06-02 08:05:14.872 10 INFO neutron.services.segments.plugin [-] Segment 73864e61-e4d0-4951-a45d-eb9ce1d2bfa0 resource provider aggregate not found
2026-06-02 08:05:14.878 10 INFO neutron.services.segments.plugin [-] Segment 73864e61-e4d0-4951-a45d-eb9ce1d2bfa0 resource provider aggregate not found
2026-06-02 08:05:14.907 10 INFO neutron.wsgi [None req-bf1a6a81-c049-4633-8bd1-3176ebb1341e 3fcbdd64b6864855b262fd98765bca91 1e40ba1f207e4dd5806da3a62b1a85b9 - - default default] 10.0.0.100 "GET /v2.0/agents HTTP/1.1" status: 200 len: 997 time: 0.0764759
2026-06-02 08:05:14.908 10 INFO neutron.services.segments.plugin [-] Segment 73864e61-e4d0-4951-a45d-eb9ce1d2bfa0 resource provider not found; error: Placement Client Error (4xx): {"errors": [{"status": 404, "title": "Not Found", "detail": "The resource could not be found.\n\n No resource provider with uuid 73864e61-e4d0-4951-a45d-eb9ce1d2bfa0 found for delete ", "request_id": "req-a4b449a7-8525-4cfe-b336-fd5b1a7d1216"}]}
2026-06-02 08:05:14.909 10 INFO neutron.services.segments.plugin [-] Segment 73864e61-e4d0-4951-a45d-eb9ce1d2bfa0 resource provider not found; error: Placement Client Error (4xx): {"errors": [{"status": 404, "title": "Not Found", "detail": "The resource could not be found.\n\n No resource provider with uuid 73864e61-e4d0-4951-a45d-eb9ce1d2bfa0 found for delete ", "request_id": "req-2af11deb-d57f-4aec-8818-f9708b2a650d"}]}
2026-06-02 08:05:14.966 10 INFO neutron.wsgi [None req-10ea57d1-ab83-4060-8377-d5f6ed333cd2 5d691fc7136d4cc6917219394b7d37ca ee8b4579610848f6916c2d753384faaa - - default default] 10.0.0.61 "DELETE /v2.0/networks/17f18a97-2478-4b60-b630-71d77756fbe9 HTTP/1.1" status: 204 len: 168 time: 0.7014792
2026-06-02 08:05:15.025 10 INFO neutron.wsgi [None req-250323e7-cfb0-4243-8ff7-5ea37646a80a 3fcbdd64b6864855b262fd98765bca91 1e40ba1f207e4dd5806da3a62b1a85b9 - - default default] 10.0.0.100 "GET /v2.0/networks HTTP/1.1" status: 200 len: 4616 time: 0.1135685
2026-06-02 08:05:15.116 10 INFO neutron.db.segments_db [None req-80289fb2-3fb8-45bd-99c8-6f50a7d8eccc 5d691fc7136d4cc6917219394b7d37ca ee8b4579610848f6916c2d753384faaa - - default default] Added segment 49609d6e-3340-4a38-b3a8-b7eb5aff4fd4 of type geneve for network f6ec0e6f-61c9-4189-92ca-639f3fb355f4
2026-06-02 08:05:15.151 9 WARNING neutron.scheduler.dhcp_agent_scheduler [None req-960b0653-c1fc-4081-9c0a-17915c83adbe 7cac11f642ec4e8f8f02485beb938220 387b77d2c4e445feaf4cd113565d2da7 - - default default] No more DHCP agents
2026-06-02 08:05:15.155 9 WARNING neutron.api.rpc.agentnotifiers.dhcp_rpc_agent_api [None req-960b0653-c1fc-4081-9c0a-17915c83adbe 7cac11f642ec4e8f8f02485beb938220 387b77d2c4e445feaf4cd113565d2da7 - - default default] Unable to schedule network ff3a91cb-d5ef-4206-b0c5-e223274a5f0a: no agents available; will retry on subsequent port and subnet creation events.
2026-06-02 08:05:15.162 10 INFO neutron.wsgi [None req-a664e54e-f7d4-474d-81ab-c94372e35f23 3fcbdd64b6864855b262fd98765bca91 1e40ba1f207e4dd5806da3a62b1a85b9 - - default default] 10.0.0.100 "GET /v2.0/routers HTTP/1.1" status: 200 len: 1529 time: 0.1274817
2026-06-02 08:05:15.184 9 INFO neutron.db.ovn_revision_numbers_db [None req-960b0653-c1fc-4081-9c0a-17915c83adbe 7cac11f642ec4e8f8f02485beb938220 387b77d2c4e445feaf4cd113565d2da7 - - default default] Successfully bumped revision number for resource c19f2698-2c57-48a9-9441-3a4e8f97f72f (type: subnets) to 0
2026-06-02 08:05:15.188 10 INFO neutron.wsgi [None req-eb2f4c47-393a-4d7b-b342-8b2df3a4371f 3fcbdd64b6864855b262fd98765bca91 1e40ba1f207e4dd5806da3a62b1a85b9 - - default default] 10.0.0.100 "GET /v2.0/agents?binary=ovn-controller HTTP/1.1" status: 200 len: 591 time: 0.0225778
2026-06-02 08:05:15.199 9 INFO neutron.wsgi [None req-960b0653-c1fc-4081-9c0a-17915c83adbe 7cac11f642ec4e8f8f02485beb938220 387b77d2c4e445feaf4cd113565d2da7 - - default default] 10.0.0.61 "POST /v2.0/subnets HTTP/1.1" status: 201 len: 906 time: 0.3395033
2026-06-02 08:05:15.209 9 WARNING neutron_lib.context [None req-9950e1ad-aa61-4696-bce3-11b2638675af 7cac11f642ec4e8f8f02485beb938220 387b77d2c4e445feaf4cd113565d2da7 - - default default] Method 'is_advsvc' is deprecated since 2023.2 release (neutron-lib 3.8.0) and will be removed once support for the old RBAC API policies will be removed from Neutron. Please use method 'is_service_role' instead.
2026-06-02 08:05:15.248 10 INFO neutron.wsgi [None req-f4e0dece-d31c-4be7-9b93-175c2a416f41 3fcbdd64b6864855b262fd98765bca91 1e40ba1f207e4dd5806da3a62b1a85b9 - - default default] 10.0.0.100 "GET /v2.0/subnets HTTP/1.1" status: 200 len: 4099 time: 0.0585833
2026-06-02 08:05:15.284 9 INFO neutron.db.segments_db [None req-9950e1ad-aa61-4696-bce3-11b2638675af 7cac11f642ec4e8f8f02485beb938220 387b77d2c4e445feaf4cd113565d2da7 - - default default] Added segment 05111056-1165-4b50-9c69-9d3155bbf644 of type geneve for network 1b5b56f4-cf56-4642-8424-e57bf2a016db
2026-06-02 08:05:15.351 10 INFO neutron.wsgi [None req-5cd04666-82d4-4d64-afd1-41bf9cf70768 3fcbdd64b6864855b262fd98765bca91 1e40ba1f207e4dd5806da3a62b1a85b9 - - default default] 10.0.0.100 "GET /v2.0/ports HTTP/1.1" status: 200 len: 15080 time: 0.0972562
2026-06-02 08:05:15.388 10 INFO neutron.db.ovn_revision_numbers_db [None req-80289fb2-3fb8-45bd-99c8-6f50a7d8eccc 5d691fc7136d4cc6917219394b7d37ca ee8b4579610848f6916c2d753384faaa - - default default] Successfully bumped revision number for resource f6ec0e6f-61c9-4189-92ca-639f3fb355f4 (type: networks) to 1
2026-06-02 08:05:15.403 10 INFO neutron.wsgi [None req-40d6afd1-359b-4daa-8f65-ec35e55cedc0 3fcbdd64b6864855b262fd98765bca91 1e40ba1f207e4dd5806da3a62b1a85b9 - - default default] 10.0.0.100 "GET /v2.0/subnets HTTP/1.1" status: 200 len: 4099 time: 0.0410480
2026-06-02 08:05:15.422 9 INFO neutron.db.ovn_revision_numbers_db [None req-9950e1ad-aa61-4696-bce3-11b2638675af 7cac11f642ec4e8f8f02485beb938220 387b77d2c4e445feaf4cd113565d2da7 - - default default] Successfully bumped revision number for resource 1b5b56f4-cf56-4642-8424-e57bf2a016db (type: networks) to 1
2026-06-02 08:05:15.595 9 WARNING neutron.scheduler.dhcp_agent_scheduler [None req-9950e1ad-aa61-4696-bce3-11b2638675af 7cac11f642ec4e8f8f02485beb938220 387b77d2c4e445feaf4cd113565d2da7 - - default default] No more DHCP agents
2026-06-02 08:05:15.597 9 WARNING neutron.api.rpc.agentnotifiers.dhcp_rpc_agent_api [None req-9950e1ad-aa61-4696-bce3-11b2638675af 7cac11f642ec4e8f8f02485beb938220 387b77d2c4e445feaf4cd113565d2da7 - - default default] Unable to schedule network 1b5b56f4-cf56-4642-8424-e57bf2a016db: no agents available; will retry on subsequent port and subnet creation events.
2026-06-02 08:05:15.651 10 INFO neutron.wsgi [None req-0ee75d3f-2ab2-4bcf-9f8b-056b5f3eb3bc 3fcbdd64b6864855b262fd98765bca91 1e40ba1f207e4dd5806da3a62b1a85b9 - - default default] 10.0.0.100 "GET /v2.0/subnetpools HTTP/1.1" status: 200 len: 193 time: 0.2419763
2026-06-02 08:05:15.673 10 INFO neutron.wsgi [None req-7beaa06f-3f52-4d20-a32f-f0f4a79ff9ac 3fcbdd64b6864855b262fd98765bca91 1e40ba1f207e4dd5806da3a62b1a85b9 - - default default] 10.0.0.100 "GET /v2.0/network-ip-availabilities HTTP/1.1" status: 200 len: 3457 time: 0.0199227
2026-06-02 08:05:15.676 9 INFO neutron.db.ovn_revision_numbers_db [None req-9950e1ad-aa61-4696-bce3-11b2638675af 7cac11f642ec4e8f8f02485beb938220 387b77d2c4e445feaf4cd113565d2da7 - - default default] Successfully bumped revision number for resource b16adaa7-4243-46df-9648-a1b4bc63b6c4 (type: ports) to 1
2026-06-02 08:05:15.695 9 INFO neutron.wsgi [None req-9950e1ad-aa61-4696-bce3-11b2638675af 7cac11f642ec4e8f8f02485beb938220 387b77d2c4e445feaf4cd113565d2da7 - - default default] 10.0.0.61 "POST /v2.0/networks HTTP/1.1" status: 201 len: 836 time: 0.4904509
2026-06-02 08:05:15.707 9 WARNING neutron_lib.context [None req-960772fd-c8e0-48a1-9367-db2010068382 7cac11f642ec4e8f8f02485beb938220 387b77d2c4e445feaf4cd113565d2da7 - - default default] Method 'is_advsvc' is deprecated since 2023.2 release (neutron-lib 3.8.0) and will be removed once support for the old RBAC API policies will be removed from Neutron. Please use method 'is_service_role' instead.
2026-06-02 08:05:15.766 10 INFO neutron.wsgi [None req-a2f85b26-623b-4443-b073-feaaab02882a 3fcbdd64b6864855b262fd98765bca91 1e40ba1f207e4dd5806da3a62b1a85b9 - - default default] 10.0.0.100 "GET /v2.0/security-groups HTTP/1.1" status: 200 len: 35755 time: 0.0914831
2026-06-02 08:05:15.843 10 WARNING neutron.scheduler.dhcp_agent_scheduler [None req-80289fb2-3fb8-45bd-99c8-6f50a7d8eccc 5d691fc7136d4cc6917219394b7d37ca ee8b4579610848f6916c2d753384faaa - - default default] No more DHCP agents
2026-06-02 08:05:15.845 10 WARNING neutron.api.rpc.agentnotifiers.dhcp_rpc_agent_api [None req-80289fb2-3fb8-45bd-99c8-6f50a7d8eccc 5d691fc7136d4cc6917219394b7d37ca ee8b4579610848f6916c2d753384faaa - - default default] Unable to schedule network f6ec0e6f-61c9-4189-92ca-639f3fb355f4: no agents available; will retry on subsequent port and subnet creation events.
2026-06-02 08:05:15.923 10 INFO neutron.db.ovn_revision_numbers_db [None req-80289fb2-3fb8-45bd-99c8-6f50a7d8eccc 5d691fc7136d4cc6917219394b7d37ca ee8b4579610848f6916c2d753384faaa - - default default] Successfully bumped revision number for resource 814cdcf9-456a-45b4-b4e0-e8eea8d045b9 (type: ports) to 1
2026-06-02 08:05:15.929 9 WARNING neutron.scheduler.dhcp_agent_scheduler [None req-960772fd-c8e0-48a1-9367-db2010068382 7cac11f642ec4e8f8f02485beb938220 387b77d2c4e445feaf4cd113565d2da7 - - default default] No more DHCP agents
2026-06-02 08:05:15.931 9 WARNING neutron.api.rpc.agentnotifiers.dhcp_rpc_agent_api [None req-960772fd-c8e0-48a1-9367-db2010068382 7cac11f642ec4e8f8f02485beb938220 387b77d2c4e445feaf4cd113565d2da7 - - default default] Unable to schedule network 1b5b56f4-cf56-4642-8424-e57bf2a016db: no agents available; will retry on subsequent port and subnet creation events.
2026-06-02 08:05:15.944 10 INFO neutron.wsgi [None req-80289fb2-3fb8-45bd-99c8-6f50a7d8eccc 5d691fc7136d4cc6917219394b7d37ca ee8b4579610848f6916c2d753384faaa - - default default] 10.0.0.61 "POST /v2.0/networks HTTP/1.1" status: 201 len: 929 time: 0.9701276
2026-06-02 08:05:16.103 10 WARNING neutron.scheduler.dhcp_agent_scheduler [None req-950cb665-b319-4b25-9cd9-a8a3911dc74a 5d691fc7136d4cc6917219394b7d37ca ee8b4579610848f6916c2d753384faaa - - default default] No more DHCP agents
2026-06-02 08:05:16.105 10 WARNING neutron.api.rpc.agentnotifiers.dhcp_rpc_agent_api [None req-950cb665-b319-4b25-9cd9-a8a3911dc74a 5d691fc7136d4cc6917219394b7d37ca ee8b4579610848f6916c2d753384faaa - - default default] Unable to schedule network f6ec0e6f-61c9-4189-92ca-639f3fb355f4: no agents available; will retry on subsequent port and subnet creation events.
2026-06-02 08:05:16.444 9 INFO neutron.db.ovn_revision_numbers_db [None req-960772fd-c8e0-48a1-9367-db2010068382 7cac11f642ec4e8f8f02485beb938220 387b77d2c4e445feaf4cd113565d2da7 - - default default] Successfully bumped revision number for resource b16adaa7-4243-46df-9648-a1b4bc63b6c4 (type: ports) to 2
2026-06-02 08:05:16.482 9 INFO neutron.db.ovn_revision_numbers_db [None req-960772fd-c8e0-48a1-9367-db2010068382 7cac11f642ec4e8f8f02485beb938220 387b77d2c4e445feaf4cd113565d2da7 - - default default] Successfully bumped revision number for resource 2b9778d9-4bed-4c9d-8708-0ed5beaca05b (type: subnets) to 0
2026-06-02 08:05:16.498 9 INFO neutron.wsgi [None req-960772fd-c8e0-48a1-9367-db2010068382 7cac11f642ec4e8f8f02485beb938220 387b77d2c4e445feaf4cd113565d2da7 - - default default] 10.0.0.61 "POST /v2.0/subnets HTTP/1.1" status: 201 len: 831 time: 0.7953560
2026-06-02 08:05:16.508 10 WARNING neutron_lib.context [None req-95c6f50c-f126-4562-bfeb-97dc3c34ce2e 7cac11f642ec4e8f8f02485beb938220 387b77d2c4e445feaf4cd113565d2da7 - - default default] Method 'is_advsvc' is deprecated since 2023.2 release (neutron-lib 3.8.0) and will be removed once support for the old RBAC API policies will be removed from Neutron. Please use method 'is_service_role' instead.
2026-06-02 08:05:16.580 10 INFO neutron.db.ovn_revision_numbers_db [None req-950cb665-b319-4b25-9cd9-a8a3911dc74a 5d691fc7136d4cc6917219394b7d37ca ee8b4579610848f6916c2d753384faaa - - default default] Successfully bumped revision number for resource 814cdcf9-456a-45b4-b4e0-e8eea8d045b9 (type: ports) to 2
2026-06-02 08:05:16.643 10 INFO neutron.db.ovn_revision_numbers_db [None req-950cb665-b319-4b25-9cd9-a8a3911dc74a 5d691fc7136d4cc6917219394b7d37ca ee8b4579610848f6916c2d753384faaa - - default default] Successfully bumped revision number for resource d5e3f164-ff6d-45cb-b39a-10a5e4748f12 (type: subnets) to 0
2026-06-02 08:05:16.666 10 INFO neutron.wsgi [None req-950cb665-b319-4b25-9cd9-a8a3911dc74a 5d691fc7136d4cc6917219394b7d37ca ee8b4579610848f6916c2d753384faaa - - default default] 10.0.0.61 "POST /v2.0/subnets HTTP/1.1" status: 201 len: 822 time: 0.7157965
2026-06-02 08:05:16.678 10 WARNING neutron.api.v2.base [None req-d49499ce-8669-4f50-b3fc-6730ef10288e 5d691fc7136d4cc6917219394b7d37ca ee8b4579610848f6916c2d753384faaa - - default default] An exception happened while processing the request body. The exception message is [Invalid input for target_tenant. Reason: '1234123412341234123412341234123412341234123412341234123412341234123412341234123412341234123412341234123412341234123412341234123412341234123412341234123412341234123412341234123412341234123412341234123412341234123412341234123412341234123412341234123412341234123412341234123412341234123412341234123412341234123412341234123412341234123412341234123412341234123412341234123412341234123412341234123412341234' exceeds maximum length of 255.].: webob.exc.HTTPBadRequest: Invalid input for target_tenant. Reason: '1234123412341234123412341234123412341234123412341234123412341234123412341234123412341234123412341234123412341234123412341234123412341234123412341234123412341234123412341234123412341234123412341234123412341234123412341234123412341234123412341234123412341234123412341234123412341234123412341234123412341234123412341234123412341234123412341234123412341234123412341234123412341234123412341234123412341234' exceeds maximum length of 255.
2026-06-02 08:05:16.678 10 INFO neutron.api.v2.resource [None req-d49499ce-8669-4f50-b3fc-6730ef10288e 5d691fc7136d4cc6917219394b7d37ca ee8b4579610848f6916c2d753384faaa - - default default] create failed (client error): Invalid input for target_tenant. Reason: '1234123412341234123412341234123412341234123412341234123412341234123412341234123412341234123412341234123412341234123412341234123412341234123412341234123412341234123412341234123412341234123412341234123412341234123412341234123412341234123412341234123412341234123412341234123412341234123412341234123412341234123412341234123412341234123412341234123412341234123412341234123412341234123412341234123412341234' exceeds maximum length of 255.
2026-06-02 08:05:16.680 10 INFO neutron.wsgi [None req-d49499ce-8669-4f50-b3fc-6730ef10288e 5d691fc7136d4cc6917219394b7d37ca ee8b4579610848f6916c2d753384faaa - - default default] 10.0.0.61 "POST /v2.0/rbac-policies HTTP/1.1" status: 400 len: 750 time: 0.0082276
2026-06-02 08:05:16.857 10 WARNING neutron.scheduler.dhcp_agent_scheduler [None req-95c6f50c-f126-4562-bfeb-97dc3c34ce2e 7cac11f642ec4e8f8f02485beb938220 387b77d2c4e445feaf4cd113565d2da7 - - default default] No more DHCP agents
2026-06-02 08:05:16.859 10 WARNING neutron.api.rpc.agentnotifiers.dhcp_rpc_agent_api [None req-95c6f50c-f126-4562-bfeb-97dc3c34ce2e 7cac11f642ec4e8f8f02485beb938220 387b77d2c4e445feaf4cd113565d2da7 - - default default] Unable to schedule network 1b5b56f4-cf56-4642-8424-e57bf2a016db: no agents available; will retry on subsequent port and subnet creation events.
2026-06-02 08:05:16.902 10 INFO neutron.db.ovn_revision_numbers_db [None req-95c6f50c-f126-4562-bfeb-97dc3c34ce2e 7cac11f642ec4e8f8f02485beb938220 387b77d2c4e445feaf4cd113565d2da7 - - default default] Successfully bumped revision number for resource a36d8395-edc4-4985-bbe7-6c5e37cc13c8 (type: subnets) to 0
2026-06-02 08:05:16.918 10 INFO neutron.wsgi [None req-95c6f50c-f126-4562-bfeb-97dc3c34ce2e 7cac11f642ec4e8f8f02485beb938220 387b77d2c4e445feaf4cd113565d2da7 - - default default] 10.0.0.61 "POST /v2.0/subnets HTTP/1.1" status: 201 len: 901 time: 0.4143529
2026-06-02 08:05:16.928 10 WARNING neutron_lib.context [None req-fe497804-06ef-46a2-aef1-e74079fa7761 7cac11f642ec4e8f8f02485beb938220 387b77d2c4e445feaf4cd113565d2da7 - - default default] Method 'is_advsvc' is deprecated since 2023.2 release (neutron-lib 3.8.0) and will be removed once support for the old RBAC API policies will be removed from Neutron. Please use method 'is_service_role' instead.
2026-06-02 08:05:17.016 10 INFO neutron.db.segments_db [None req-fe497804-06ef-46a2-aef1-e74079fa7761 7cac11f642ec4e8f8f02485beb938220 387b77d2c4e445feaf4cd113565d2da7 - - default default] Added segment 14eceb66-6971-4c18-a6cf-b9687bf59dc7 of type geneve for network ea6e8f48-113b-4f17-b15c-740442ad7ada
2026-06-02 08:05:17.200 10 INFO neutron.db.ovn_revision_numbers_db [None req-fe497804-06ef-46a2-aef1-e74079fa7761 7cac11f642ec4e8f8f02485beb938220 387b77d2c4e445feaf4cd113565d2da7 - - default default] Successfully bumped revision number for resource ea6e8f48-113b-4f17-b15c-740442ad7ada (type: networks) to 1
2026-06-02 08:05:17.210 9 INFO neutron.services.segments.plugin [-] Segment 49609d6e-3340-4a38-b3a8-b7eb5aff4fd4 resource provider aggregate not found
2026-06-02 08:05:17.214 9 INFO neutron.services.segments.plugin [-] Segment 49609d6e-3340-4a38-b3a8-b7eb5aff4fd4 resource provider aggregate not found
2026-06-02 08:05:17.230 9 INFO neutron.services.segments.plugin [-] Segment 49609d6e-3340-4a38-b3a8-b7eb5aff4fd4 resource provider not found; error: Placement Client Error (4xx): {"errors": [{"status": 404, "title": "Not Found", "detail": "The resource could not be found.\n\n No resource provider with uuid 49609d6e-3340-4a38-b3a8-b7eb5aff4fd4 found for delete ", "request_id": "req-8efbb5e3-bd09-4e89-b6e7-c467c0c87e57"}]}
2026-06-02 08:05:17.232 9 INFO neutron.services.segments.plugin [-] Segment 49609d6e-3340-4a38-b3a8-b7eb5aff4fd4 resource provider not found; error: Placement Client Error (4xx): {"errors": [{"status": 404, "title": "Not Found", "detail": "The resource could not be found.\n\n No resource provider with uuid 49609d6e-3340-4a38-b3a8-b7eb5aff4fd4 found for delete ", "request_id": "req-510e8100-dbc1-4698-b64f-09970c1da432"}]}
2026-06-02 08:05:17.253 9 INFO neutron.wsgi [None req-f1decf51-8574-4c15-a714-b0b133bd1fdb 5d691fc7136d4cc6917219394b7d37ca ee8b4579610848f6916c2d753384faaa - - default default] 10.0.0.61 "DELETE /v2.0/networks/f6ec0e6f-61c9-4189-92ca-639f3fb355f4 HTTP/1.1" status: 204 len: 168 time: 0.5679498
2026-06-02 08:05:17.377 10 INFO neutron.db.segments_db [None req-cc55491b-71a2-4ffd-bafc-130708375385 5d691fc7136d4cc6917219394b7d37ca ee8b4579610848f6916c2d753384faaa - - default default] Added segment 5e7883c6-bf31-4807-86b4-eea199e9c2f7 of type geneve for network 279559a8-eda6-4bb2-ad26-156d9a772b8e
2026-06-02 08:05:17.430 10 WARNING neutron.scheduler.dhcp_agent_scheduler [None req-fe497804-06ef-46a2-aef1-e74079fa7761 7cac11f642ec4e8f8f02485beb938220 387b77d2c4e445feaf4cd113565d2da7 - - default default] No more DHCP agents
2026-06-02 08:05:17.435 10 WARNING neutron.api.rpc.agentnotifiers.dhcp_rpc_agent_api [None req-fe497804-06ef-46a2-aef1-e74079fa7761 7cac11f642ec4e8f8f02485beb938220 387b77d2c4e445feaf4cd113565d2da7 - - default default] Unable to schedule network ea6e8f48-113b-4f17-b15c-740442ad7ada: no agents available; will retry on subsequent port and subnet creation events.
2026-06-02 08:05:17.552 10 INFO neutron.db.ovn_revision_numbers_db [None req-cc55491b-71a2-4ffd-bafc-130708375385 5d691fc7136d4cc6917219394b7d37ca ee8b4579610848f6916c2d753384faaa - - default default] Successfully bumped revision number for resource 279559a8-eda6-4bb2-ad26-156d9a772b8e (type: networks) to 1
2026-06-02 08:05:17.555 10 INFO neutron.db.ovn_revision_numbers_db [None req-fe497804-06ef-46a2-aef1-e74079fa7761 7cac11f642ec4e8f8f02485beb938220 387b77d2c4e445feaf4cd113565d2da7 - - default default] Successfully bumped revision number for resource 94d15311-dce8-4fa0-b63f-e5b8e7432e1b (type: ports) to 1
2026-06-02 08:05:17.587 10 INFO neutron.wsgi [None req-fe497804-06ef-46a2-aef1-e74079fa7761 7cac11f642ec4e8f8f02485beb938220 387b77d2c4e445feaf4cd113565d2da7 - - default default] 10.0.0.61 "POST /v2.0/networks HTTP/1.1" status: 201 len: 836 time: 0.6643896
2026-06-02 08:05:17.598 9 WARNING neutron_lib.context [None req-de362f3b-26a0-4af6-a188-61d3ce14f7bd 7cac11f642ec4e8f8f02485beb938220 387b77d2c4e445feaf4cd113565d2da7 - - default default] Method 'is_advsvc' is deprecated since 2023.2 release (neutron-lib 3.8.0) and will be removed once support for the old RBAC API policies will be removed from Neutron. Please use method 'is_service_role' instead.
2026-06-02 08:05:17.731 10 WARNING neutron.scheduler.dhcp_agent_scheduler [None req-cc55491b-71a2-4ffd-bafc-130708375385 5d691fc7136d4cc6917219394b7d37ca ee8b4579610848f6916c2d753384faaa - - default default] No more DHCP agents
2026-06-02 08:05:17.736 10 WARNING neutron.api.rpc.agentnotifiers.dhcp_rpc_agent_api [None req-cc55491b-71a2-4ffd-bafc-130708375385 5d691fc7136d4cc6917219394b7d37ca ee8b4579610848f6916c2d753384faaa - - default default] Unable to schedule network 279559a8-eda6-4bb2-ad26-156d9a772b8e: no agents available; will retry on subsequent port and subnet creation events.
2026-06-02 08:05:17.825 9 WARNING neutron.scheduler.dhcp_agent_scheduler [None req-de362f3b-26a0-4af6-a188-61d3ce14f7bd 7cac11f642ec4e8f8f02485beb938220 387b77d2c4e445feaf4cd113565d2da7 - - default default] No more DHCP agents
2026-06-02 08:05:17.829 9 WARNING neutron.api.rpc.agentnotifiers.dhcp_rpc_agent_api [None req-de362f3b-26a0-4af6-a188-61d3ce14f7bd 7cac11f642ec4e8f8f02485beb938220 387b77d2c4e445feaf4cd113565d2da7 - - default default] Unable to schedule network ea6e8f48-113b-4f17-b15c-740442ad7ada: no agents available; will retry on subsequent port and subnet creation events.
2026-06-02 08:05:17.840 10 INFO neutron.db.ovn_revision_numbers_db [None req-cc55491b-71a2-4ffd-bafc-130708375385 5d691fc7136d4cc6917219394b7d37ca ee8b4579610848f6916c2d753384faaa - - default default] Successfully bumped revision number for resource b9beaf56-ae10-46b2-bc18-d6aececcdb3f (type: ports) to 1
2026-06-02 08:05:17.865 10 INFO neutron.wsgi [None req-cc55491b-71a2-4ffd-bafc-130708375385 5d691fc7136d4cc6917219394b7d37ca ee8b4579610848f6916c2d753384faaa - - default default] 10.0.0.61 "POST /v2.0/networks HTTP/1.1" status: 201 len: 928 time: 0.6046107
2026-06-02 08:05:18.047 10 WARNING neutron.scheduler.dhcp_agent_scheduler [None req-aea42887-fa10-4a85-a478-11db9ea1d811 5d691fc7136d4cc6917219394b7d37ca ee8b4579610848f6916c2d753384faaa - - default default] No more DHCP agents
2026-06-02 08:05:18.049 10 WARNING neutron.api.rpc.agentnotifiers.dhcp_rpc_agent_api [None req-aea42887-fa10-4a85-a478-11db9ea1d811 5d691fc7136d4cc6917219394b7d37ca ee8b4579610848f6916c2d753384faaa - - default default] Unable to schedule network 279559a8-eda6-4bb2-ad26-156d9a772b8e: no agents available; will retry on subsequent port and subnet creation events.
2026-06-02 08:05:18.221 9 INFO neutron.wsgi [req-39ed028d-c64d-42f9-9587-c51f6fb87cd8 req-c9252e48-671a-4f62-86f5-acfb382d2ada 79b5dc0995b94ff0b626d463dcc1dd03 e90a6d50f70c48da93adbf5703e85642 - - default default] 10.0.0.195 "GET /v2.0/ports?device_id=5f4f9ea3-f159-4a5b-95cc-e329c4ca45fa HTTP/1.1" status: 200 len: 1214 time: 0.1032553
2026-06-02 08:05:18.288 9 INFO neutron.wsgi [req-39ed028d-c64d-42f9-9587-c51f6fb87cd8 req-caebe13b-0456-44fb-800d-d15ef5131b81 79b5dc0995b94ff0b626d463dcc1dd03 e90a6d50f70c48da93adbf5703e85642 - - default default] 10.0.0.195 "GET /v2.0/security-groups?id=a1af0577-49d8-44e8-9e2c-f567a1883f05&id=eae6b130-4a80-411b-b7b5-355e3600752c&fields=id&fields=name HTTP/1.1" status: 200 len: 404 time: 0.0558650
2026-06-02 08:05:18.474 9 INFO neutron.wsgi [None req-67b8663d-c3ad-49cd-9598-b8e263716abc ac738dbec4c84ed49e8ae7aee4ed85af 124997a3cf854711b4e720abdbd0f42d - - default default] 10.0.0.61 "GET /v2.0/ports?device_id=5f4f9ea3-f159-4a5b-95cc-e329c4ca45fa HTTP/1.1" status: 200 len: 1447 time: 0.1576557
2026-06-02 08:05:18.560 9 INFO neutron.wsgi [None req-35ec5a74-5b80-41fd-9ba3-79318331bc90 79b5dc0995b94ff0b626d463dcc1dd03 e90a6d50f70c48da93adbf5703e85642 - - default default] 10.0.0.61 "GET /v2.0/floatingips?floating_network_id=009643ca-0698-4d95-a885-e178c788133c&port_id=aced4fb3-3b0d-4324-9428-d2aeea2abd6e HTTP/1.1" status: 200 len: 1055 time: 0.0774870
2026-06-02 08:05:18.562 10 INFO neutron.db.ovn_revision_numbers_db [None req-aea42887-fa10-4a85-a478-11db9ea1d811 5d691fc7136d4cc6917219394b7d37ca ee8b4579610848f6916c2d753384faaa - - default default] Successfully bumped revision number for resource b9beaf56-ae10-46b2-bc18-d6aececcdb3f (type: ports) to 2
2026-06-02 08:05:18.606 10 INFO neutron.db.ovn_revision_numbers_db [None req-aea42887-fa10-4a85-a478-11db9ea1d811 5d691fc7136d4cc6917219394b7d37ca ee8b4579610848f6916c2d753384faaa - - default default] Successfully bumped revision number for resource 5145b8a7-7ce4-455a-a310-e86cf0d747e6 (type: subnets) to 0
2026-06-02 08:05:18.621 9 INFO neutron.db.ovn_revision_numbers_db [None req-de362f3b-26a0-4af6-a188-61d3ce14f7bd 7cac11f642ec4e8f8f02485beb938220 387b77d2c4e445feaf4cd113565d2da7 - - default default] Successfully bumped revision number for resource 94d15311-dce8-4fa0-b63f-e5b8e7432e1b (type: ports) to 2
2026-06-02 08:05:18.622 10 INFO neutron.wsgi [None req-aea42887-fa10-4a85-a478-11db9ea1d811 5d691fc7136d4cc6917219394b7d37ca ee8b4579610848f6916c2d753384faaa - - default default] 10.0.0.61 "POST /v2.0/subnets HTTP/1.1" status: 201 len: 822 time: 0.7513409
2026-06-02 08:05:18.659 9 INFO neutron.db.ovn_revision_numbers_db [None req-de362f3b-26a0-4af6-a188-61d3ce14f7bd 7cac11f642ec4e8f8f02485beb938220 387b77d2c4e445feaf4cd113565d2da7 - - default default] Successfully bumped revision number for resource 5f4e3f10-ad11-4d17-8072-aa0e4ab31e6e (type: subnets) to 0
2026-06-02 08:05:18.677 9 INFO neutron.wsgi [None req-de362f3b-26a0-4af6-a188-61d3ce14f7bd 7cac11f642ec4e8f8f02485beb938220 387b77d2c4e445feaf4cd113565d2da7 - - default default] 10.0.0.61 "POST /v2.0/subnets HTTP/1.1" status: 201 len: 830 time: 1.0841587
2026-06-02 08:05:18.692 9 WARNING neutron_lib.context [None req-149d6fef-22e6-4669-b233-7c1a781c00b7 7cac11f642ec4e8f8f02485beb938220 387b77d2c4e445feaf4cd113565d2da7 - - default default] Method 'is_advsvc' is deprecated since 2023.2 release (neutron-lib 3.8.0) and will be removed once support for the old RBAC API policies will be removed from Neutron. Please use method 'is_service_role' instead.
2026-06-02 08:05:18.837 10 INFO neutron.wsgi [req-f7cdc008-f9a1-49a7-a505-096f673c3873 req-7f59c49b-a12a-4d12-a9d9-69a5ff69e332 c6925d371fdc4a20a6e51fbccf7b0b0b cc84a2ad61704963a667863291df64b3 - - dac6f60a74b34ccabcfd78cebeb9dc95 dac6f60a74b34ccabcfd78cebeb9dc95] 10.0.0.224 "GET /v2.0/ports?device_id=5f4f9ea3-f159-4a5b-95cc-e329c4ca45fa HTTP/1.1" status: 200 len: 1452 time: 0.0702884
2026-06-02 08:05:18.917 10 INFO neutron.wsgi [req-f7cdc008-f9a1-49a7-a505-096f673c3873 req-c7799ebf-c9ec-48b7-befa-c1aaf36774b6 c6925d371fdc4a20a6e51fbccf7b0b0b cc84a2ad61704963a667863291df64b3 - - dac6f60a74b34ccabcfd78cebeb9dc95 dac6f60a74b34ccabcfd78cebeb9dc95] 10.0.0.224 "GET /v2.0/security-groups?id=a1af0577-49d8-44e8-9e2c-f567a1883f05&id=eae6b130-4a80-411b-b7b5-355e3600752c&fields=id&fields=name HTTP/1.1" status: 200 len: 404 time: 0.0707016
2026-06-02 08:05:18.999 9 WARNING neutron.scheduler.dhcp_agent_scheduler [None req-149d6fef-22e6-4669-b233-7c1a781c00b7 7cac11f642ec4e8f8f02485beb938220 387b77d2c4e445feaf4cd113565d2da7 - - default default] No more DHCP agents
2026-06-02 08:05:19.002 9 WARNING neutron.api.rpc.agentnotifiers.dhcp_rpc_agent_api [None req-149d6fef-22e6-4669-b233-7c1a781c00b7 7cac11f642ec4e8f8f02485beb938220 387b77d2c4e445feaf4cd113565d2da7 - - default default] Unable to schedule network ea6e8f48-113b-4f17-b15c-740442ad7ada: no agents available; will retry on subsequent port and subnet creation events.
2026-06-02 08:05:19.037 9 INFO neutron.db.ovn_revision_numbers_db [None req-149d6fef-22e6-4669-b233-7c1a781c00b7 7cac11f642ec4e8f8f02485beb938220 387b77d2c4e445feaf4cd113565d2da7 - - default default] Successfully bumped revision number for resource b6cfd122-e6c9-4366-9e70-9479680a09cf (type: subnets) to 0
2026-06-02 08:05:19.037 10 INFO neutron.wsgi [None req-db42439a-62fb-4168-91fc-36717489e718 5d691fc7136d4cc6917219394b7d37ca ee8b4579610848f6916c2d753384faaa - - default default] 10.0.0.61 "POST /v2.0/rbac-policies HTTP/1.1" status: 201 len: 523 time: 0.4112523
2026-06-02 08:05:19.050 9 INFO neutron.wsgi [None req-149d6fef-22e6-4669-b233-7c1a781c00b7 7cac11f642ec4e8f8f02485beb938220 387b77d2c4e445feaf4cd113565d2da7 - - default default] 10.0.0.61 "POST /v2.0/subnets HTTP/1.1" status: 201 len: 905 time: 0.3663118
2026-06-02 08:05:19.061 9 WARNING neutron_lib.context [None req-695a7e17-9c1a-40f2-b37f-d3eda8700689 7cac11f642ec4e8f8f02485beb938220 387b77d2c4e445feaf4cd113565d2da7 - - default default] Method 'is_advsvc' is deprecated since 2023.2 release (neutron-lib 3.8.0) and will be removed once support for the old RBAC API policies will be removed from Neutron. Please use method 'is_service_role' instead.
2026-06-02 08:05:19.536 10 INFO neutron.wsgi [None req-6cbd018e-8c62-45d1-8f13-1bf71431900d b4a000c8020a492bbfe1dc4923f2d0dc 652b85e149ab4c83a472d7a6d4cc53a6 - - default default] 10.0.0.61 "GET /v2.0/networks/279559a8-eda6-4bb2-ad26-156d9a772b8e HTTP/1.1" status: 200 len: 848 time: 0.1201949
2026-06-02 08:05:19.614 9 WARNING neutron.scheduler.dhcp_agent_scheduler [None req-695a7e17-9c1a-40f2-b37f-d3eda8700689 7cac11f642ec4e8f8f02485beb938220 387b77d2c4e445feaf4cd113565d2da7 - - default default] No more DHCP agents
2026-06-02 08:05:19.626 9 WARNING neutron.api.rpc.agentnotifiers.dhcp_rpc_agent_api [None req-695a7e17-9c1a-40f2-b37f-d3eda8700689 7cac11f642ec4e8f8f02485beb938220 387b77d2c4e445feaf4cd113565d2da7 - - default default] Unable to schedule network 009643ca-0698-4d95-a885-e178c788133c: no agents available; will retry on subsequent port and subnet creation events.
2026-06-02 08:05:19.805 9 INFO neutron.db.ovn_revision_numbers_db [None req-695a7e17-9c1a-40f2-b37f-d3eda8700689 7cac11f642ec4e8f8f02485beb938220 387b77d2c4e445feaf4cd113565d2da7 - - default default] Successfully bumped revision number for resource 3de711d4-23f9-4a13-9795-9ac9fa26849a (type: ports) to 1
2026-06-02 08:05:19.982 10 INFO neutron.pecan_wsgi.hooks.translation [None req-69194342-7c59-47f5-a8f5-a317252f03ee a63f847572c6419f9ef1e271dd76cdf8 e790d2a66cf34887ba868c919075aaed - - default default] GET failed (client error): The resource could not be found.
2026-06-02 08:05:19.984 10 INFO neutron.wsgi [None req-69194342-7c59-47f5-a8f5-a317252f03ee a63f847572c6419f9ef1e271dd76cdf8 e790d2a66cf34887ba868c919075aaed - - default default] 10.0.0.61 "GET /v2.0/networks/279559a8-eda6-4bb2-ad26-156d9a772b8e HTTP/1.1" status: 404 len: 339 time: 0.0611918
2026-06-02 08:05:20.470 10 INFO neutron.plugins.ml2.drivers.ovn.mech_driver.mech_driver [None req-58aec7b7-89c4-42f4-a419-d911e24f8d20 - - - - - -] OVN reports status up for port: 3de711d4-23f9-4a13-9795-9ac9fa26849a
2026-06-02 08:05:20.473 9 INFO neutron.plugins.ml2.drivers.ovn.mech_driver.ovsdb.ovsdb_monitor [None req-f8cc200d-f33b-4975-9572-09c665ab64b6 - - - - - -] Router 6908b3e3-bf55-4b39-9a05-88b5f7d84c1d is bound to host instance
2026-06-02 08:05:20.487 10 INFO neutron.plugins.ml2.plugin [None req-58aec7b7-89c4-42f4-a419-d911e24f8d20 - - - - - -] Attempt 1 to provision port 3de711d4-23f9-4a13-9795-9ac9fa26849a
2026-06-02 08:05:20.497 9 INFO neutron.db.ovn_revision_numbers_db [None req-695a7e17-9c1a-40f2-b37f-d3eda8700689 7cac11f642ec4e8f8f02485beb938220 387b77d2c4e445feaf4cd113565d2da7 - - default default] Successfully bumped revision number for resource 3de711d4-23f9-4a13-9795-9ac9fa26849a (type: router_ports) to 1
2026-06-02 08:05:20.593 9 INFO neutron.db.ovn_revision_numbers_db [None req-695a7e17-9c1a-40f2-b37f-d3eda8700689 7cac11f642ec4e8f8f02485beb938220 387b77d2c4e445feaf4cd113565d2da7 - - default default] Successfully bumped revision number for resource 6908b3e3-bf55-4b39-9a05-88b5f7d84c1d (type: routers) to 2
2026-06-02 08:05:20.614 9 INFO neutron.wsgi [None req-695a7e17-9c1a-40f2-b37f-d3eda8700689 7cac11f642ec4e8f8f02485beb938220 387b77d2c4e445feaf4cd113565d2da7 - - default default] 10.0.0.61 "POST /v2.0/routers HTTP/1.1" status: 201 len: 865 time: 1.5595717
2026-06-02 08:05:20.809 10 INFO neutron.services.segments.plugin [-] Segment 5e7883c6-bf31-4807-86b4-eea199e9c2f7 resource provider aggregate not found
2026-06-02 08:05:20.814 10 INFO neutron.services.segments.plugin [-] Segment 5e7883c6-bf31-4807-86b4-eea199e9c2f7 resource provider aggregate not found
2026-06-02 08:05:20.836 10 INFO neutron.services.segments.plugin [-] Segment 5e7883c6-bf31-4807-86b4-eea199e9c2f7 resource provider not found; error: Placement Client Error (4xx): {"errors": [{"status": 404, "title": "Not Found", "detail": "The resource could not be found.\n\n No resource provider with uuid 5e7883c6-bf31-4807-86b4-eea199e9c2f7 found for delete ", "request_id": "req-62da0da4-a313-473c-bd47-cbce8d9c0d85"}]}
2026-06-02 08:05:20.837 10 INFO neutron.services.segments.plugin [-] Segment 5e7883c6-bf31-4807-86b4-eea199e9c2f7 resource provider not found; error: Placement Client Error (4xx): {"errors": [{"status": 404, "title": "Not Found", "detail": "The resource could not be found.\n\n No resource provider with uuid 5e7883c6-bf31-4807-86b4-eea199e9c2f7 found for delete ", "request_id": "req-01a14583-a885-4e92-bf3b-1dd0011ce574"}]}
2026-06-02 08:05:20.883 10 INFO neutron.wsgi [None req-b1a44916-3ec5-4644-b417-a496fcb5a4ac 5d691fc7136d4cc6917219394b7d37ca ee8b4579610848f6916c2d753384faaa - - default default] 10.0.0.61 "DELETE /v2.0/networks/279559a8-eda6-4bb2-ad26-156d9a772b8e HTTP/1.1" status: 204 len: 168 time: 0.8940701
2026-06-02 08:05:20.904 10 INFO neutron.pecan_wsgi.hooks.translation [None req-52427b60-09af-4ab4-bd39-228e84e0b756 5d691fc7136d4cc6917219394b7d37ca ee8b4579610848f6916c2d753384faaa - - default default] DELETE failed (client error): The resource could not be found.
2026-06-02 08:05:20.906 10 INFO neutron.wsgi [None req-52427b60-09af-4ab4-bd39-228e84e0b756 5d691fc7136d4cc6917219394b7d37ca ee8b4579610848f6916c2d753384faaa - - default default] 10.0.0.61 "DELETE /v2.0/subnets/057e3b86-a7c2-416e-a198-c81290962aac HTTP/1.1" status: 404 len: 337 time: 0.0165238
2026-06-02 08:05:20.924 10 INFO neutron.pecan_wsgi.hooks.translation [None req-7fde0fac-90bd-47bd-bd1f-5c98fe3739ea 5d691fc7136d4cc6917219394b7d37ca ee8b4579610848f6916c2d753384faaa - - default default] DELETE failed (client error): The resource could not be found.
2026-06-02 08:05:20.926 10 INFO neutron.wsgi [None req-7fde0fac-90bd-47bd-bd1f-5c98fe3739ea 5d691fc7136d4cc6917219394b7d37ca ee8b4579610848f6916c2d753384faaa - - default default] 10.0.0.61 "DELETE /v2.0/subnets/d5e3f164-ff6d-45cb-b39a-10a5e4748f12 HTTP/1.1" status: 404 len: 337 time: 0.0151930
2026-06-02 08:05:20.943 10 INFO neutron.pecan_wsgi.hooks.translation [None req-b3231e21-4850-4a95-b85b-e6a065774466 5d691fc7136d4cc6917219394b7d37ca ee8b4579610848f6916c2d753384faaa - - default default] DELETE failed (client error): The resource could not be found.
2026-06-02 08:05:20.946 10 INFO neutron.wsgi [None req-b3231e21-4850-4a95-b85b-e6a065774466 5d691fc7136d4cc6917219394b7d37ca ee8b4579610848f6916c2d753384faaa - - default default] 10.0.0.61 "DELETE /v2.0/subnets/5145b8a7-7ce4-455a-a310-e86cf0d747e6 HTTP/1.1" status: 404 len: 337 time: 0.0153644
2026-06-02 08:05:21.112 10 INFO neutron.wsgi [req-296c46a3-f582-408a-8013-be77c7661492 req-5663612e-9d85-4699-8ba9-c1eb780e45e2 79b5dc0995b94ff0b626d463dcc1dd03 e90a6d50f70c48da93adbf5703e85642 - - default default] 10.0.0.195 "GET /v2.0/ports?device_id=5f4f9ea3-f159-4a5b-95cc-e329c4ca45fa HTTP/1.1" status: 200 len: 1214 time: 0.1087141
2026-06-02 08:05:21.166 10 INFO neutron.wsgi [req-296c46a3-f582-408a-8013-be77c7661492 req-ca17da3f-55e2-4d4a-805a-e4083d3f1ed9 79b5dc0995b94ff0b626d463dcc1dd03 e90a6d50f70c48da93adbf5703e85642 - - default default] 10.0.0.195 "GET /v2.0/security-groups?id=a1af0577-49d8-44e8-9e2c-f567a1883f05&id=eae6b130-4a80-411b-b7b5-355e3600752c&fields=id&fields=name HTTP/1.1" status: 200 len: 404 time: 0.0470815
2026-06-02 08:05:21.388 9 INFO neutron.wsgi [req-24571ab6-059b-4de7-8d41-ec6afaacc04f req-62e422be-01e4-42cb-b0c9-130267c1d6df 79b5dc0995b94ff0b626d463dcc1dd03 e90a6d50f70c48da93adbf5703e85642 - - default default] 199.204.45.205 "GET /v2.0/ports?device_id=5f4f9ea3-f159-4a5b-95cc-e329c4ca45fa HTTP/1.1" status: 200 len: 1214 time: 0.0725064
2026-06-02 08:05:21.517 9 INFO neutron.db.ovn_revision_numbers_db [None req-f8cc200d-f33b-4975-9572-09c665ab64b6 - - - - - -] Successfully bumped revision number for resource 3de711d4-23f9-4a13-9795-9ac9fa26849a (type: ports) to 1
2026-06-02 08:05:21.688 9 WARNING neutron.scheduler.dhcp_agent_scheduler [None req-58c2c28e-31aa-4419-91ac-597840b0c7e8 7cac11f642ec4e8f8f02485beb938220 387b77d2c4e445feaf4cd113565d2da7 - - default default] No more DHCP agents
2026-06-02 08:05:21.695 9 WARNING neutron.api.rpc.agentnotifiers.dhcp_rpc_agent_api [None req-58c2c28e-31aa-4419-91ac-597840b0c7e8 7cac11f642ec4e8f8f02485beb938220 387b77d2c4e445feaf4cd113565d2da7 - - default default] Unable to schedule network ff3a91cb-d5ef-4206-b0c5-e223274a5f0a: no agents available; will retry on subsequent port and subnet creation events.
2026-06-02 08:05:21.993 9 INFO neutron.db.ovn_revision_numbers_db [None req-f8cc200d-f33b-4975-9572-09c665ab64b6 - - - - - -] Successfully bumped revision number for resource 3de711d4-23f9-4a13-9795-9ac9fa26849a (type: router_ports) to 3
2026-06-02 08:05:22.029 9 INFO neutron.db.l3_db [req-24571ab6-059b-4de7-8d41-ec6afaacc04f req-0bb04131-8cbf-4312-a2f6-90149d835e39 79b5dc0995b94ff0b626d463dcc1dd03 e90a6d50f70c48da93adbf5703e85642 - - default default] Floating IP 48f57a20-48de-46f9-8380-c654b1d96305 disassociated. External IP: 10.96.250.209, port: aced4fb3-3b0d-4324-9428-d2aeea2abd6e.
2026-06-02 08:05:22.164 10 INFO neutron.db.ovn_revision_numbers_db [None req-af2c0592-ae39-489c-98f1-b6ca5b64e8b5 3fcbdd64b6864855b262fd98765bca91 1e40ba1f207e4dd5806da3a62b1a85b9 - - default default] Successfully bumped revision number for resource 2e7b3488-8059-4c19-9052-c8b3ff62af19 (type: security_groups) to 1
2026-06-02 08:05:22.170 9 INFO neutron.db.ovn_revision_numbers_db [None req-58c2c28e-31aa-4419-91ac-597840b0c7e8 7cac11f642ec4e8f8f02485beb938220 387b77d2c4e445feaf4cd113565d2da7 - - default default] Successfully bumped revision number for resource 769ade27-ad2a-4d41-b334-2a376b1e3a8a (type: ports) to 1
2026-06-02 08:05:22.177 10 INFO neutron.db.ovn_revision_numbers_db [None req-af2c0592-ae39-489c-98f1-b6ca5b64e8b5 3fcbdd64b6864855b262fd98765bca91 1e40ba1f207e4dd5806da3a62b1a85b9 - - default default] Successfully bumped revision number for resource 3b4e8f6f-5fa8-4414-8d7d-71bd819a3ce6 (type: security_group_rules) to 0
2026-06-02 08:05:22.192 10 INFO neutron.db.ovn_revision_numbers_db [None req-af2c0592-ae39-489c-98f1-b6ca5b64e8b5 3fcbdd64b6864855b262fd98765bca91 1e40ba1f207e4dd5806da3a62b1a85b9 - - default default] Successfully bumped revision number for resource a821f711-2f26-4ae3-8f1d-34ba8849daa8 (type: security_group_rules) to 0
2026-06-02 08:05:22.211 10 INFO neutron.db.ovn_revision_numbers_db [None req-af2c0592-ae39-489c-98f1-b6ca5b64e8b5 3fcbdd64b6864855b262fd98765bca91 1e40ba1f207e4dd5806da3a62b1a85b9 - - default default] Successfully bumped revision number for resource b5b8a309-59ba-4640-bd8c-24a05b027851 (type: security_group_rules) to 0
2026-06-02 08:05:22.226 10 INFO neutron.db.ovn_revision_numbers_db [None req-af2c0592-ae39-489c-98f1-b6ca5b64e8b5 3fcbdd64b6864855b262fd98765bca91 1e40ba1f207e4dd5806da3a62b1a85b9 - - default default] Successfully bumped revision number for resource b602049f-c34d-4ed8-b79d-e5be034ac8e4 (type: security_group_rules) to 0
2026-06-02 08:05:22.252 10 INFO neutron.wsgi [None req-af2c0592-ae39-489c-98f1-b6ca5b64e8b5 3fcbdd64b6864855b262fd98765bca91 1e40ba1f207e4dd5806da3a62b1a85b9 - - default default] 10.0.0.61 "GET /v2.0/security-groups?tenant_id=e790d2a66cf34887ba868c919075aaed&name=default HTTP/1.1" status: 200 len: 2996 time: 0.4347858 /var/lib/openstack/lib/python3.10/site-packages/pycadf/identifier.py:71: UserWarning: Invalid uuid: neutron. To ensure interoperability, identifiers should be a valid uuid. warnings.warn(('Invalid uuid: %s. To ensure interoperability, '
2026-06-02 08:05:22.471 10 INFO neutron.wsgi [None req-fbf9013c-5d18-48f6-9c99-a25f521069ed 3fcbdd64b6864855b262fd98765bca91 1e40ba1f207e4dd5806da3a62b1a85b9 - - default default] 10.0.0.61 "DELETE /v2.0/security-groups/2e7b3488-8059-4c19-9052-c8b3ff62af19 HTTP/1.1" status: 204 len: 168 time: 0.2139208
2026-06-02 08:05:22.554 9 INFO neutron.wsgi [req-98e2b616-3ee2-40cb-83d3-da344e49f82c req-07c794d1-65b3-4b9e-b595-35bf9716b14c 79b5dc0995b94ff0b626d463dcc1dd03 e90a6d50f70c48da93adbf5703e85642 - - default default] 10.0.0.195 "GET /v2.0/ports?device_id=5f4f9ea3-f159-4a5b-95cc-e329c4ca45fa HTTP/1.1" status: 200 len: 1214 time: 0.3034317
2026-06-02 08:05:22.671 9 INFO neutron.db.ovn_revision_numbers_db [None req-f8cc200d-f33b-4975-9572-09c665ab64b6 - - - - - -] Successfully bumped revision number for resource 3de711d4-23f9-4a13-9795-9ac9fa26849a (type: ports) to 2
2026-06-02 08:05:22.689 9 INFO neutron.wsgi [req-98e2b616-3ee2-40cb-83d3-da344e49f82c req-d229fb8a-df63-4a1c-b50b-87fc03e8c049 79b5dc0995b94ff0b626d463dcc1dd03 e90a6d50f70c48da93adbf5703e85642 - - default default] 10.0.0.195 "GET /v2.0/security-groups?id=a1af0577-49d8-44e8-9e2c-f567a1883f05&id=eae6b130-4a80-411b-b7b5-355e3600752c&fields=id&fields=name HTTP/1.1" status: 200 len: 404 time: 0.1283126
2026-06-02 08:05:22.701 10 INFO neutron.db.ovn_revision_numbers_db [None req-6a8c891b-d48b-4490-a996-7baa3b6c6f75 3fcbdd64b6864855b262fd98765bca91 1e40ba1f207e4dd5806da3a62b1a85b9 - - default default] Successfully bumped revision number for resource 08c1cbbb-c1be-46bc-8f2e-0833f66664d3 (type: security_groups) to 1
2026-06-02 08:05:22.705 9 INFO neutron.wsgi [req-24571ab6-059b-4de7-8d41-ec6afaacc04f req-0bb04131-8cbf-4312-a2f6-90149d835e39 79b5dc0995b94ff0b626d463dcc1dd03 e90a6d50f70c48da93adbf5703e85642 - - default default] 199.204.45.205 "DELETE /v2.0/ports/aced4fb3-3b0d-4324-9428-d2aeea2abd6e HTTP/1.1" status: 204 len: 173 time: 1.3042510
2026-06-02 08:05:22.728 10 INFO neutron.db.ovn_revision_numbers_db [None req-6a8c891b-d48b-4490-a996-7baa3b6c6f75 3fcbdd64b6864855b262fd98765bca91 1e40ba1f207e4dd5806da3a62b1a85b9 - - default default] Successfully bumped revision number for resource 0e95d85d-37b0-4882-8dae-1a8e0b5323b3 (type: security_group_rules) to 0
2026-06-02 08:05:22.743 10 INFO neutron.db.ovn_revision_numbers_db [None req-6a8c891b-d48b-4490-a996-7baa3b6c6f75 3fcbdd64b6864855b262fd98765bca91 1e40ba1f207e4dd5806da3a62b1a85b9 - - default default] Successfully bumped revision number for resource 7c10f1a4-5d14-4a84-b190-421ea5a3d089 (type: security_group_rules) to 0
2026-06-02 08:05:22.752 9 INFO neutron.notifiers.nova [-] Nova event matching ['req-4ea01030-b1c9-4951-b714-221dfa99a9eb'] response: {'server_uuid': '5f4f9ea3-f159-4a5b-95cc-e329c4ca45fa', 'name': 'network-vif-deleted', 'tag': 'aced4fb3-3b0d-4324-9428-d2aeea2abd6e', 'status': 'completed', 'code': 200}
2026-06-02 08:05:22.766 10 INFO neutron.db.ovn_revision_numbers_db [None req-6a8c891b-d48b-4490-a996-7baa3b6c6f75 3fcbdd64b6864855b262fd98765bca91 1e40ba1f207e4dd5806da3a62b1a85b9 - - default default] Successfully bumped revision number for resource 96f954f0-1f76-43eb-b8ae-ce9541ed7d85 (type: security_group_rules) to 0
2026-06-02 08:05:22.783 10 INFO neutron.db.ovn_revision_numbers_db [None req-6a8c891b-d48b-4490-a996-7baa3b6c6f75 3fcbdd64b6864855b262fd98765bca91 1e40ba1f207e4dd5806da3a62b1a85b9 - - default default] Successfully bumped revision number for resource fbe63f71-fc82-4d83-a14a-20ae2773efd8 (type: security_group_rules) to 0
2026-06-02 08:05:22.815 10 INFO neutron.wsgi [None req-6a8c891b-d48b-4490-a996-7baa3b6c6f75 3fcbdd64b6864855b262fd98765bca91 1e40ba1f207e4dd5806da3a62b1a85b9 - - default default] 10.0.0.61 "GET /v2.0/security-groups?tenant_id=652b85e149ab4c83a472d7a6d4cc53a6&name=default HTTP/1.1" status: 200 len: 2996 time: 0.2426734
2026-06-02 08:05:23.052 9 INFO neutron.db.ovn_revision_numbers_db [None req-f8cc200d-f33b-4975-9572-09c665ab64b6 - - - - - -] Successfully bumped revision number for resource 3de711d4-23f9-4a13-9795-9ac9fa26849a (type: ports) to 4
2026-06-02 08:05:23.062 10 INFO neutron.wsgi [None req-306edafc-08d9-4973-9509-f394322ba515 3fcbdd64b6864855b262fd98765bca91 1e40ba1f207e4dd5806da3a62b1a85b9 - - default default] 10.0.0.61 "DELETE /v2.0/security-groups/08c1cbbb-c1be-46bc-8f2e-0833f66664d3 HTTP/1.1" status: 204 len: 168 time: 0.2428880
2026-06-02 08:05:23.207 9 INFO neutron.db.ovn_revision_numbers_db [None req-58c2c28e-31aa-4419-91ac-597840b0c7e8 7cac11f642ec4e8f8f02485beb938220 387b77d2c4e445feaf4cd113565d2da7 - - default default] Successfully bumped revision number for resource 769ade27-ad2a-4d41-b334-2a376b1e3a8a (type: router_ports) to 1
2026-06-02 08:05:23.282 10 INFO neutron.wsgi [None req-79f9fbcb-3508-4837-b161-88a61604e75d 3fcbdd64b6864855b262fd98765bca91 1e40ba1f207e4dd5806da3a62b1a85b9 - - default default] 10.0.0.61 "GET /v2.0/security-groups?tenant_id=ee8b4579610848f6916c2d753384faaa&name=default HTTP/1.1" status: 200 len: 2996 time: 0.0375721
2026-06-02 08:05:23.347 9 INFO neutron.db.ovn_revision_numbers_db [None req-f8cc200d-f33b-4975-9572-09c665ab64b6 - - - - - -] Successfully bumped revision number for resource 3de711d4-23f9-4a13-9795-9ac9fa26849a (type: router_ports) to 4
2026-06-02 08:05:23.406 9 INFO neutron.db.ovn_revision_numbers_db [None req-58c2c28e-31aa-4419-91ac-597840b0c7e8 7cac11f642ec4e8f8f02485beb938220 387b77d2c4e445feaf4cd113565d2da7 - - default default] Successfully bumped revision number for resource 769ade27-ad2a-4d41-b334-2a376b1e3a8a (type: ports) to 1
2026-06-02 08:05:23.473 9 WARNING neutron.scheduler.dhcp_agent_scheduler [None req-58c2c28e-31aa-4419-91ac-597840b0c7e8 7cac11f642ec4e8f8f02485beb938220 387b77d2c4e445feaf4cd113565d2da7 - - default default] No more DHCP agents
2026-06-02 08:05:23.474 9 WARNING neutron.api.rpc.agentnotifiers.dhcp_rpc_agent_api [None req-58c2c28e-31aa-4419-91ac-597840b0c7e8 7cac11f642ec4e8f8f02485beb938220 387b77d2c4e445feaf4cd113565d2da7 - - default default] Unable to schedule network ff3a91cb-d5ef-4206-b0c5-e223274a5f0a: no agents available; will retry on subsequent port and subnet creation events.
2026-06-02 08:05:23.494 10 INFO neutron.wsgi [None req-3cd51e3b-95cd-4ba1-a486-57d9e2e35c69 3fcbdd64b6864855b262fd98765bca91 1e40ba1f207e4dd5806da3a62b1a85b9 - - default default] 10.0.0.61 "DELETE /v2.0/security-groups/cbf03a16-cdb6-4e82-9a15-a4698f0c3825 HTTP/1.1" status: 204 len: 168 time: 0.2044179
2026-06-02 08:05:23.728 10 INFO neutron.plugins.ml2.drivers.ovn.mech_driver.mech_driver [None req-58aec7b7-89c4-42f4-a419-d911e24f8d20 - - - - - -] OVN reports status down for port: aced4fb3-3b0d-4324-9428-d2aeea2abd6e
2026-06-02 08:05:23.751 10 INFO neutron.plugins.ml2.drivers.ovn.mech_driver.mech_driver [None req-58aec7b7-89c4-42f4-a419-d911e24f8d20 - - - - - -] OVN reports status up for port: 769ade27-ad2a-4d41-b334-2a376b1e3a8a
