2026-04-27 02:37:20.255 10 INFO neutron.services.segments.plugin [-] Segment 96763ac3-1e00-4f25-baef-91a6781ea231 resource provider not found; error: Placement Client Error (4xx): {"errors": [{"status": 404, "title": "Not Found", "detail": "The resource could not be found.\n\n No resource provider with uuid 96763ac3-1e00-4f25-baef-91a6781ea231 found for delete ", "request_id": "req-da7e8eef-baae-4e58-9332-bd79856d106e"}]}
2026-04-27 02:37:20.269 10 INFO neutron.services.segments.plugin [-] Segment 96763ac3-1e00-4f25-baef-91a6781ea231 resource provider not found; error: Placement Client Error (4xx): {"errors": [{"status": 404, "title": "Not Found", "detail": "The resource could not be found.\n\n No resource provider with uuid 96763ac3-1e00-4f25-baef-91a6781ea231 found for delete ", "request_id": "req-572e413d-db9d-46c8-9fd9-ad99a43bec55"}]}
2026-04-27 02:37:20.307 10 INFO neutron.wsgi [None req-ae59f600-3d30-45ab-8007-a3b47b328f32 26144ff8774143d5aec108d0aee23876 33323f161ae94ad18bc4dae1b7bd9698 - - default default] 10.0.0.95 "DELETE /v2.0/networks/c48209db-1fd1-468d-9ced-1cf51554c24a HTTP/1.1" status: 204 len: 168 time: 0.4434481
2026-04-27 02:37:20.772 10 INFO neutron.wsgi [None req-a1c55fe8-347c-41e7-a579-4dc63e9529fc 26144ff8774143d5aec108d0aee23876 33323f161ae94ad18bc4dae1b7bd9698 - - default default] 10.0.0.95 "DELETE /v2.0/networks/652d4f99-9bc2-446a-bf87-96155ec772cd HTTP/1.1" status: 204 len: 168 time: 0.4584744
2026-04-27 02:37:21.029 9 INFO neutron.db.ovn_revision_numbers_db [None req-0e42e08b-5d48-40d9-8368-5cda48cca95e 8fe8be27857f4cc89cc8b123cd0361f2 bcfa9e244b5747a7b2be4680e9fac96c - - default default] Successfully bumped revision number for resource 8fffbc29-29f6-4a6c-a638-8782164787f0 (type: ports) to 2
2026-04-27 02:37:21.089 9 INFO neutron.db.ovn_revision_numbers_db [None req-0e42e08b-5d48-40d9-8368-5cda48cca95e 8fe8be27857f4cc89cc8b123cd0361f2 bcfa9e244b5747a7b2be4680e9fac96c - - default default] Successfully bumped revision number for resource 5afe4681-7473-4f92-b401-f9537480d154 (type: subnets) to 0
2026-04-27 02:37:21.114 9 INFO neutron.wsgi [None req-0e42e08b-5d48-40d9-8368-5cda48cca95e 8fe8be27857f4cc89cc8b123cd0361f2 bcfa9e244b5747a7b2be4680e9fac96c - - default default] 10.0.0.95 "POST /v2.0/subnets HTTP/1.1" status: 201 len: 830 time: 1.2206860
2026-04-27 02:37:21.133 9 WARNING neutron_lib.context [None req-0a056145-acd5-47c4-b5b0-7db6466a0b18 8fe8be27857f4cc89cc8b123cd0361f2 bcfa9e244b5747a7b2be4680e9fac96c - - default default] Method 'is_advsvc' is deprecated since 2023.2 release (neutron-lib 3.8.0) and will be removed once support for the old RBAC API policies will be removed from Neutron. Please use method 'is_service_role' instead.
2026-04-27 02:37:21.231 10 INFO neutron.wsgi [None req-06bf55d0-7c97-458a-91b2-59c8dbc3bb22 26144ff8774143d5aec108d0aee23876 33323f161ae94ad18bc4dae1b7bd9698 - - default default] 10.0.0.95 "DELETE /v2.0/networks/165dbe06-e2be-4d3e-97c8-873bc8b6cde7 HTTP/1.1" status: 204 len: 168 time: 0.4533613
2026-04-27 02:37:21.433 9 WARNING neutron.scheduler.dhcp_agent_scheduler [None req-0a056145-acd5-47c4-b5b0-7db6466a0b18 8fe8be27857f4cc89cc8b123cd0361f2 bcfa9e244b5747a7b2be4680e9fac96c - - default default] No more DHCP agents
2026-04-27 02:37:21.435 9 WARNING neutron.api.rpc.agentnotifiers.dhcp_rpc_agent_api [None req-0a056145-acd5-47c4-b5b0-7db6466a0b18 8fe8be27857f4cc89cc8b123cd0361f2 bcfa9e244b5747a7b2be4680e9fac96c - - default default] Unable to schedule network 4e7185f9-1a79-4308-8152-6176fba6af74: no agents available; will retry on subsequent port and subnet creation events.
2026-04-27 02:37:21.478 9 INFO neutron.db.ovn_revision_numbers_db [None req-0a056145-acd5-47c4-b5b0-7db6466a0b18 8fe8be27857f4cc89cc8b123cd0361f2 bcfa9e244b5747a7b2be4680e9fac96c - - default default] Successfully bumped revision number for resource 7778513d-5fcd-4a0d-9e13-07b705d538c7 (type: subnets) to 0
2026-04-27 02:37:21.516 9 INFO neutron.wsgi [None req-0a056145-acd5-47c4-b5b0-7db6466a0b18 8fe8be27857f4cc89cc8b123cd0361f2 bcfa9e244b5747a7b2be4680e9fac96c - - default default] 10.0.0.95 "POST /v2.0/subnets HTTP/1.1" status: 201 len: 899 time: 0.3905604
2026-04-27 02:37:21.528 9 WARNING neutron_lib.context [None req-a1114ef6-4a91-4a4c-9d8a-924dac06adf5 8fe8be27857f4cc89cc8b123cd0361f2 bcfa9e244b5747a7b2be4680e9fac96c - - default default] Method 'is_advsvc' is deprecated since 2023.2 release (neutron-lib 3.8.0) and will be removed once support for the old RBAC API policies will be removed from Neutron. Please use method 'is_service_role' instead.
2026-04-27 02:37:21.601 10 INFO neutron.wsgi [None req-621eb697-998b-41c9-9090-7a2f63ed44b0 26144ff8774143d5aec108d0aee23876 33323f161ae94ad18bc4dae1b7bd9698 - - default default] 10.0.0.95 "DELETE /v2.0/networks/738252cf-0d48-4680-8fdb-be0cd97b2322 HTTP/1.1" status: 204 len: 168 time: 0.3634567
2026-04-27 02:37:21.640 9 INFO neutron.db.segments_db [None req-a1114ef6-4a91-4a4c-9d8a-924dac06adf5 8fe8be27857f4cc89cc8b123cd0361f2 bcfa9e244b5747a7b2be4680e9fac96c - - default default] Added segment 6bdafab9-ab93-49a1-a4ef-7995b18e71a7 of type geneve for network 1f7b450a-0a15-4a41-8683-bf5eeb97fa7c
2026-04-27 02:37:21.854 9 INFO neutron.db.ovn_revision_numbers_db [None req-a1114ef6-4a91-4a4c-9d8a-924dac06adf5 8fe8be27857f4cc89cc8b123cd0361f2 bcfa9e244b5747a7b2be4680e9fac96c - - default default] Successfully bumped revision number for resource 1f7b450a-0a15-4a41-8683-bf5eeb97fa7c (type: networks) to 1
2026-04-27 02:37:22.116 9 WARNING neutron.scheduler.dhcp_agent_scheduler [None req-a1114ef6-4a91-4a4c-9d8a-924dac06adf5 8fe8be27857f4cc89cc8b123cd0361f2 bcfa9e244b5747a7b2be4680e9fac96c - - default default] No more DHCP agents
2026-04-27 02:37:22.122 9 WARNING neutron.api.rpc.agentnotifiers.dhcp_rpc_agent_api [None req-a1114ef6-4a91-4a4c-9d8a-924dac06adf5 8fe8be27857f4cc89cc8b123cd0361f2 bcfa9e244b5747a7b2be4680e9fac96c - - default default] Unable to schedule network 1f7b450a-0a15-4a41-8683-bf5eeb97fa7c: no agents available; will retry on subsequent port and subnet creation events.
2026-04-27 02:37:22.183 9 INFO neutron.services.segments.plugin [-] Segment 586fd0cc-7988-4726-9f3f-e340e5c95d28 resource provider aggregate not found
2026-04-27 02:37:22.188 9 INFO neutron.services.segments.plugin [-] Segment 586fd0cc-7988-4726-9f3f-e340e5c95d28 resource provider aggregate not found
2026-04-27 02:37:22.203 9 INFO neutron.services.segments.plugin [-] Segment 586fd0cc-7988-4726-9f3f-e340e5c95d28 resource provider not found; error: Placement Client Error (4xx): {"errors": [{"status": 404, "title": "Not Found", "detail": "The resource could not be found.\n\n No resource provider with uuid 586fd0cc-7988-4726-9f3f-e340e5c95d28 found for delete ", "request_id": "req-57fbdca2-2338-468b-817b-b345e50bf5d2"}]}
2026-04-27 02:37:22.208 9 INFO neutron.services.segments.plugin [-] Segment 586fd0cc-7988-4726-9f3f-e340e5c95d28 resource provider not found; error: Placement Client Error (4xx): {"errors": [{"status": 404, "title": "Not Found", "detail": "The resource could not be found.\n\n No resource provider with uuid 586fd0cc-7988-4726-9f3f-e340e5c95d28 found for delete ", "request_id": "req-340e5f62-805a-4fdc-9797-2b4293fa12b7"}]}
2026-04-27 02:37:22.244 9 INFO neutron.wsgi [None req-9e647dc0-634c-4629-8d75-a98549fe7ea8 26144ff8774143d5aec108d0aee23876 33323f161ae94ad18bc4dae1b7bd9698 - - default default] 10.0.0.95 "DELETE /v2.0/networks/782720c3-959c-4a13-84d0-2c8e892c38b6 HTTP/1.1" status: 204 len: 168 time: 0.6361947
2026-04-27 02:37:22.254 9 INFO neutron.db.ovn_revision_numbers_db [None req-a1114ef6-4a91-4a4c-9d8a-924dac06adf5 8fe8be27857f4cc89cc8b123cd0361f2 bcfa9e244b5747a7b2be4680e9fac96c - - default default] Successfully bumped revision number for resource e854d923-b271-467d-bca1-d07cefc29f8e (type: ports) to 1
2026-04-27 02:37:22.278 10 INFO neutron.services.segments.plugin [-] Segment 57b71c14-f63f-4e96-b4d9-bf6a47c7d5f6 resource provider aggregate not found
2026-04-27 02:37:22.279 9 INFO neutron.wsgi [None req-a1114ef6-4a91-4a4c-9d8a-924dac06adf5 8fe8be27857f4cc89cc8b123cd0361f2 bcfa9e244b5747a7b2be4680e9fac96c - - default default] 10.0.0.95 "POST /v2.0/networks HTTP/1.1" status: 201 len: 837 time: 0.7568619
2026-04-27 02:37:22.291 10 WARNING neutron_lib.context [None req-623625bf-7178-4869-a513-75d2540851a0 8fe8be27857f4cc89cc8b123cd0361f2 bcfa9e244b5747a7b2be4680e9fac96c - - default default] Method 'is_advsvc' is deprecated since 2023.2 release (neutron-lib 3.8.0) and will be removed once support for the old RBAC API policies will be removed from Neutron. Please use method 'is_service_role' instead.
2026-04-27 02:37:22.295 10 INFO neutron.services.segments.plugin [-] Segment 57b71c14-f63f-4e96-b4d9-bf6a47c7d5f6 resource provider not found; error: Placement Client Error (4xx): {"errors": [{"status": 404, "title": "Not Found", "detail": "The resource could not be found.\n\n No resource provider with uuid 57b71c14-f63f-4e96-b4d9-bf6a47c7d5f6 found for delete ", "request_id": "req-d0f37d19-fdee-4dcc-94c0-d1c1d1a99534"}]}
2026-04-27 02:37:22.301 10 INFO neutron.services.segments.plugin [-] Segment 57b71c14-f63f-4e96-b4d9-bf6a47c7d5f6 resource provider aggregate not found
2026-04-27 02:37:22.315 10 INFO neutron.services.segments.plugin [-] Segment 57b71c14-f63f-4e96-b4d9-bf6a47c7d5f6 resource provider not found; error: Placement Client Error (4xx): {"errors": [{"status": 404, "title": "Not Found", "detail": "The resource could not be found.\n\n No resource provider with uuid 57b71c14-f63f-4e96-b4d9-bf6a47c7d5f6 found for delete ", "request_id": "req-daf81b65-c6d7-4e98-9126-b234812a5ca3"}]}
2026-04-27 02:37:22.323 10 INFO neutron.services.segments.plugin [-] Segment 2715ed33-3e75-44d9-9ef6-c9f6a0122410 resource provider aggregate not found
2026-04-27 02:37:22.328 10 INFO neutron.services.segments.plugin [-] Segment 2715ed33-3e75-44d9-9ef6-c9f6a0122410 resource provider aggregate not found
2026-04-27 02:37:22.346 10 INFO neutron.services.segments.plugin [-] Segment 2715ed33-3e75-44d9-9ef6-c9f6a0122410 resource provider not found; error: Placement Client Error (4xx): {"errors": [{"status": 404, "title": "Not Found", "detail": "The resource could not be found.\n\n No resource provider with uuid 2715ed33-3e75-44d9-9ef6-c9f6a0122410 found for delete ", "request_id": "req-13bf8263-58b4-4003-b669-dc5b71274441"}]}
2026-04-27 02:37:22.365 10 INFO neutron.services.segments.plugin [-] Segment 2715ed33-3e75-44d9-9ef6-c9f6a0122410 resource provider not found; error: Placement Client Error (4xx): {"errors": [{"status": 404, "title": "Not Found", "detail": "The resource could not be found.\n\n No resource provider with uuid 2715ed33-3e75-44d9-9ef6-c9f6a0122410 found for delete ", "request_id": "req-0d2d8fcf-a308-413b-bd21-ed4ffab623a8"}]}
2026-04-27 02:37:22.380 10 INFO neutron.services.segments.plugin [-] Segment a36dfd1d-e8e0-4408-adc3-d27616afa68c resource provider aggregate not found
2026-04-27 02:37:22.388 10 INFO neutron.services.segments.plugin [-] Segment a36dfd1d-e8e0-4408-adc3-d27616afa68c resource provider aggregate not found
2026-04-27 02:37:22.395 10 INFO neutron.services.segments.plugin [-] Segment a36dfd1d-e8e0-4408-adc3-d27616afa68c resource provider not found; error: Placement Client Error (4xx): {"errors": [{"status": 404, "title": "Not Found", "detail": "The resource could not be found.\n\n No resource provider with uuid a36dfd1d-e8e0-4408-adc3-d27616afa68c found for delete ", "request_id": "req-81b1f9c9-5c6e-45b7-9853-474d9365972a"}]}
2026-04-27 02:37:22.402 10 INFO neutron.services.segments.plugin [-] Segment a36dfd1d-e8e0-4408-adc3-d27616afa68c resource provider not found; error: Placement Client Error (4xx): {"errors": [{"status": 404, "title": "Not Found", "detail": "The resource could not be found.\n\n No resource provider with uuid a36dfd1d-e8e0-4408-adc3-d27616afa68c found for delete ", "request_id": "req-ed97525e-17aa-40a9-ae18-75c442652f57"}]}
2026-04-27 02:37:22.593 10 WARNING neutron.scheduler.dhcp_agent_scheduler [None req-623625bf-7178-4869-a513-75d2540851a0 8fe8be27857f4cc89cc8b123cd0361f2 bcfa9e244b5747a7b2be4680e9fac96c - - default default] No more DHCP agents
2026-04-27 02:37:22.596 10 WARNING neutron.api.rpc.agentnotifiers.dhcp_rpc_agent_api [None req-623625bf-7178-4869-a513-75d2540851a0 8fe8be27857f4cc89cc8b123cd0361f2 bcfa9e244b5747a7b2be4680e9fac96c - - default default] Unable to schedule network 1f7b450a-0a15-4a41-8683-bf5eeb97fa7c: no agents available; will retry on subsequent port and subnet creation events.
2026-04-27 02:37:23.062 10 INFO neutron.db.ovn_revision_numbers_db [None req-623625bf-7178-4869-a513-75d2540851a0 8fe8be27857f4cc89cc8b123cd0361f2 bcfa9e244b5747a7b2be4680e9fac96c - - default default] Successfully bumped revision number for resource e854d923-b271-467d-bca1-d07cefc29f8e (type: ports) to 2
2026-04-27 02:37:23.096 10 INFO neutron.db.ovn_revision_numbers_db [None req-623625bf-7178-4869-a513-75d2540851a0 8fe8be27857f4cc89cc8b123cd0361f2 bcfa9e244b5747a7b2be4680e9fac96c - - default default] Successfully bumped revision number for resource 4a9b0d92-4e7e-4298-8f4a-59553d126e48 (type: subnets) to 0
2026-04-27 02:37:23.112 10 INFO neutron.wsgi [None req-623625bf-7178-4869-a513-75d2540851a0 8fe8be27857f4cc89cc8b123cd0361f2 bcfa9e244b5747a7b2be4680e9fac96c - - default default] 10.0.0.95 "POST /v2.0/subnets HTTP/1.1" status: 201 len: 831 time: 0.8271134
2026-04-27 02:37:23.123 9 WARNING neutron_lib.context [None req-ca0cd913-8193-47e4-a067-250bbdbecbb2 8fe8be27857f4cc89cc8b123cd0361f2 bcfa9e244b5747a7b2be4680e9fac96c - - default default] Method 'is_advsvc' is deprecated since 2023.2 release (neutron-lib 3.8.0) and will be removed once support for the old RBAC API policies will be removed from Neutron. Please use method 'is_service_role' instead.
2026-04-27 02:37:23.326 9 INFO neutron.wsgi [None req-16422f63-57b1-4c49-97be-b558a20bc552 d2f0ece76a4a4fc18e3a6437eb5e3f2e 04e559e88607455baa9568180cfcced9 - - default default] 10.0.0.95 "GET /v2.0/security-groups?tenant_id=33323f161ae94ad18bc4dae1b7bd9698&name=default HTTP/1.1" status: 200 len: 3000 time: 0.2141633
2026-04-27 02:37:23.431 9 WARNING neutron.scheduler.dhcp_agent_scheduler [None req-ca0cd913-8193-47e4-a067-250bbdbecbb2 8fe8be27857f4cc89cc8b123cd0361f2 bcfa9e244b5747a7b2be4680e9fac96c - - default default] No more DHCP agents
2026-04-27 02:37:23.441 9 WARNING neutron.api.rpc.agentnotifiers.dhcp_rpc_agent_api [None req-ca0cd913-8193-47e4-a067-250bbdbecbb2 8fe8be27857f4cc89cc8b123cd0361f2 bcfa9e244b5747a7b2be4680e9fac96c - - default default] Unable to schedule network 1f7b450a-0a15-4a41-8683-bf5eeb97fa7c: no agents available; will retry on subsequent port and subnet creation events.
2026-04-27 02:37:23.478 9 INFO neutron.db.ovn_revision_numbers_db [None req-ca0cd913-8193-47e4-a067-250bbdbecbb2 8fe8be27857f4cc89cc8b123cd0361f2 bcfa9e244b5747a7b2be4680e9fac96c - - default default] Successfully bumped revision number for resource 731636e4-abad-4e9a-92f9-86f939bd24f9 (type: subnets) to 0
2026-04-27 02:37:23.495 9 INFO neutron.wsgi [None req-ca0cd913-8193-47e4-a067-250bbdbecbb2 8fe8be27857f4cc89cc8b123cd0361f2 bcfa9e244b5747a7b2be4680e9fac96c - - default default] 10.0.0.95 "POST /v2.0/subnets HTTP/1.1" status: 201 len: 904 time: 0.3771107
2026-04-27 02:37:23.506 9 WARNING neutron_lib.context [None req-9cbe0c22-9878-498a-bec5-65263d205609 8fe8be27857f4cc89cc8b123cd0361f2 bcfa9e244b5747a7b2be4680e9fac96c - - default default] Method 'is_advsvc' is deprecated since 2023.2 release (neutron-lib 3.8.0) and will be removed once support for the old RBAC API policies will be removed from Neutron. Please use method 'is_service_role' instead.
2026-04-27 02:37:23.532 10 INFO neutron.wsgi [None req-be1c6a5c-3d32-45db-9992-dee6058a1704 d2f0ece76a4a4fc18e3a6437eb5e3f2e 04e559e88607455baa9568180cfcced9 - - default default] 10.0.0.95 "DELETE /v2.0/security-groups/efd18f31-25ae-4215-90da-b448a36a8c37 HTTP/1.1" status: 204 len: 168 time: 0.1998503
2026-04-27 02:37:23.755 10 INFO neutron.db.ovn_revision_numbers_db [None req-e934c625-dae3-4d7c-b27b-c86b195a8158 d2f0ece76a4a4fc18e3a6437eb5e3f2e 04e559e88607455baa9568180cfcced9 - - default default] Successfully bumped revision number for resource bc271913-6a2f-4798-9dbd-e9945f5e8207 (type: security_groups) to 1
2026-04-27 02:37:23.769 10 INFO neutron.db.ovn_revision_numbers_db [None req-e934c625-dae3-4d7c-b27b-c86b195a8158 d2f0ece76a4a4fc18e3a6437eb5e3f2e 04e559e88607455baa9568180cfcced9 - - default default] Successfully bumped revision number for resource 288e6239-9b60-4b54-a0dd-fc7b3ada67b4 (type: security_group_rules) to 0
2026-04-27 02:37:23.785 10 INFO neutron.db.ovn_revision_numbers_db [None req-e934c625-dae3-4d7c-b27b-c86b195a8158 d2f0ece76a4a4fc18e3a6437eb5e3f2e 04e559e88607455baa9568180cfcced9 - - default default] Successfully bumped revision number for resource 771b9c97-718c-4a52-a956-919ef135b2aa (type: security_group_rules) to 0
2026-04-27 02:37:23.800 10 INFO neutron.db.ovn_revision_numbers_db [None req-e934c625-dae3-4d7c-b27b-c86b195a8158 d2f0ece76a4a4fc18e3a6437eb5e3f2e 04e559e88607455baa9568180cfcced9 - - default default] Successfully bumped revision number for resource 89f2407d-2832-456c-adfd-3b2ee12c9f10 (type: security_group_rules) to 0
2026-04-27 02:37:23.811 10 INFO neutron.db.ovn_revision_numbers_db [None req-e934c625-dae3-4d7c-b27b-c86b195a8158 d2f0ece76a4a4fc18e3a6437eb5e3f2e 04e559e88607455baa9568180cfcced9 - - default default] Successfully bumped revision number for resource f6479a5e-97b8-4f9b-bd87-388ad1268ebf (type: security_group_rules) to 0
2026-04-27 02:37:23.840 10 INFO neutron.wsgi [None req-e934c625-dae3-4d7c-b27b-c86b195a8158 d2f0ece76a4a4fc18e3a6437eb5e3f2e 04e559e88607455baa9568180cfcced9 - - default default] 10.0.0.95 "GET /v2.0/security-groups?tenant_id=6d0757a0ec7443bfa5957279b296d57a&name=default HTTP/1.1" status: 200 len: 3000 time: 0.2006724
2026-04-27 02:37:24.021 9 WARNING neutron.scheduler.dhcp_agent_scheduler [None req-9cbe0c22-9878-498a-bec5-65263d205609 8fe8be27857f4cc89cc8b123cd0361f2 bcfa9e244b5747a7b2be4680e9fac96c - - default default] No more DHCP agents
2026-04-27 02:37:24.042 9 WARNING neutron.api.rpc.agentnotifiers.dhcp_rpc_agent_api [None req-9cbe0c22-9878-498a-bec5-65263d205609 8fe8be27857f4cc89cc8b123cd0361f2 bcfa9e244b5747a7b2be4680e9fac96c - - default default] Unable to schedule network a208acb5-3ade-46b4-af89-4a48fa2d5633: no agents available; will retry on subsequent port and subnet creation events.
2026-04-27 02:37:24.092 10 INFO neutron.wsgi [None req-fc5e3546-52b4-45b4-bf8b-dc9ea104de24 d2f0ece76a4a4fc18e3a6437eb5e3f2e 04e559e88607455baa9568180cfcced9 - - default default] 10.0.0.95 "DELETE /v2.0/security-groups/bc271913-6a2f-4798-9dbd-e9945f5e8207 HTTP/1.1" status: 204 len: 168 time: 0.2443345
2026-04-27 02:37:24.220 9 INFO neutron.db.ovn_revision_numbers_db [None req-9cbe0c22-9878-498a-bec5-65263d205609 8fe8be27857f4cc89cc8b123cd0361f2 bcfa9e244b5747a7b2be4680e9fac96c - - default default] Successfully bumped revision number for resource f1d39557-3292-4557-aa88-73070669c6e9 (type: ports) to 1
2026-04-27 02:37:24.388 10 INFO neutron.db.ovn_revision_numbers_db [None req-bfed62c7-6dba-42f1-ab6b-c76be7cdb8c1 d2f0ece76a4a4fc18e3a6437eb5e3f2e 04e559e88607455baa9568180cfcced9 - - default default] Successfully bumped revision number for resource 2511bb96-2d32-4ae3-8a0c-58cafc7a7083 (type: security_groups) to 1
2026-04-27 02:37:24.402 10 INFO neutron.db.ovn_revision_numbers_db [None req-bfed62c7-6dba-42f1-ab6b-c76be7cdb8c1 d2f0ece76a4a4fc18e3a6437eb5e3f2e 04e559e88607455baa9568180cfcced9 - - default default] Successfully bumped revision number for resource 0213f494-d421-4cf8-9228-d6526d404ced (type: security_group_rules) to 0
2026-04-27 02:37:24.418 10 INFO neutron.db.ovn_revision_numbers_db [None req-bfed62c7-6dba-42f1-ab6b-c76be7cdb8c1 d2f0ece76a4a4fc18e3a6437eb5e3f2e 04e559e88607455baa9568180cfcced9 - - default default] Successfully bumped revision number for resource 62d0454d-ad5d-490d-ba45-faa3366fd9a6 (type: security_group_rules) to 0
2026-04-27 02:37:24.436 10 INFO neutron.db.ovn_revision_numbers_db [None req-bfed62c7-6dba-42f1-ab6b-c76be7cdb8c1 d2f0ece76a4a4fc18e3a6437eb5e3f2e 04e559e88607455baa9568180cfcced9 - - default default] Successfully bumped revision number for resource d3c4974b-71ca-4728-84b7-55175af96e55 (type: security_group_rules) to 0
2026-04-27 02:37:24.456 10 INFO neutron.db.ovn_revision_numbers_db [None req-bfed62c7-6dba-42f1-ab6b-c76be7cdb8c1 d2f0ece76a4a4fc18e3a6437eb5e3f2e 04e559e88607455baa9568180cfcced9 - - default default] Successfully bumped revision number for resource e1abe67a-ffcd-41f0-b916-9aced8065081 (type: security_group_rules) to 0
2026-04-27 02:37:24.485 10 INFO neutron.wsgi [None req-bfed62c7-6dba-42f1-ab6b-c76be7cdb8c1 d2f0ece76a4a4fc18e3a6437eb5e3f2e 04e559e88607455baa9568180cfcced9 - - default default] 10.0.0.95 "GET /v2.0/security-groups?tenant_id=38057490c8b346d68184e60ff2155b5b&name=default HTTP/1.1" status: 200 len: 3000 time: 0.2115269
2026-04-27 02:37:24.503 10 INFO neutron.wsgi [-] 10.0.0.81 "GET / HTTP/1.1" status: 200 len: 247 time: 0.0025368
2026-04-27 02:37:24.505 10 INFO neutron.wsgi [-] 10.0.0.81 "GET / HTTP/1.1" status: 200 len: 247 time: 0.0014009
2026-04-27 02:37:24.736 10 INFO neutron.wsgi [None req-7703683f-372e-407a-b7c6-7cfa974e5639 d2f0ece76a4a4fc18e3a6437eb5e3f2e 04e559e88607455baa9568180cfcced9 - - default default] 10.0.0.95 "DELETE /v2.0/security-groups/2511bb96-2d32-4ae3-8a0c-58cafc7a7083 HTTP/1.1" status: 204 len: 168 time: 0.2434711
2026-04-27 02:37:25.150 10 INFO neutron.plugins.ml2.drivers.ovn.mech_driver.mech_driver [None req-e6346f3f-a6e5-489c-b37e-770d5ff2662c - - - - - -] OVN reports status up for port: f1d39557-3292-4557-aa88-73070669c6e9
2026-04-27 02:37:25.161 10 INFO neutron.plugins.ml2.drivers.ovn.mech_driver.ovsdb.ovsdb_monitor [None req-e3dca3a0-ef18-4abd-b53d-e184e31a1583 - - - - - -] Router 6a1cb3b6-033f-4367-adca-2b8e24c99ca7 is bound to host instance
2026-04-27 02:37:25.190 9 INFO neutron.db.ovn_revision_numbers_db [None req-9cbe0c22-9878-498a-bec5-65263d205609 8fe8be27857f4cc89cc8b123cd0361f2 bcfa9e244b5747a7b2be4680e9fac96c - - default default] Successfully bumped revision number for resource f1d39557-3292-4557-aa88-73070669c6e9 (type: router_ports) to 1
2026-04-27 02:37:25.212 10 INFO neutron.plugins.ml2.plugin [None req-e6346f3f-a6e5-489c-b37e-770d5ff2662c - - - - - -] Attempt 1 to provision port f1d39557-3292-4557-aa88-73070669c6e9
2026-04-27 02:37:25.275 9 INFO neutron.db.ovn_revision_numbers_db [None req-9cbe0c22-9878-498a-bec5-65263d205609 8fe8be27857f4cc89cc8b123cd0361f2 bcfa9e244b5747a7b2be4680e9fac96c - - default default] Successfully bumped revision number for resource 6a1cb3b6-033f-4367-adca-2b8e24c99ca7 (type: routers) to 2
2026-04-27 02:37:25.291 9 INFO neutron.wsgi [None req-9cbe0c22-9878-498a-bec5-65263d205609 8fe8be27857f4cc89cc8b123cd0361f2 bcfa9e244b5747a7b2be4680e9fac96c - - default default] 10.0.0.95 "POST /v2.0/routers HTTP/1.1" status: 201 len: 865 time: 1.7907906
2026-04-27 02:37:25.782 10 INFO neutron.db.ovn_revision_numbers_db [None req-e3dca3a0-ef18-4abd-b53d-e184e31a1583 - - - - - -] Successfully bumped revision number for resource f1d39557-3292-4557-aa88-73070669c6e9 (type: ports) to 1
2026-04-27 02:37:25.983 10 INFO neutron.db.ovn_revision_numbers_db [None req-e3dca3a0-ef18-4abd-b53d-e184e31a1583 - - - - - -] Successfully bumped revision number for resource f1d39557-3292-4557-aa88-73070669c6e9 (type: router_ports) to 3
2026-04-27 02:37:25.991 9 WARNING neutron.scheduler.dhcp_agent_scheduler [None req-07b041a6-ab6a-4254-9ed3-2f8ed03b2cd8 8fe8be27857f4cc89cc8b123cd0361f2 bcfa9e244b5747a7b2be4680e9fac96c - - default default] No more DHCP agents
2026-04-27 02:37:25.994 9 WARNING neutron.api.rpc.agentnotifiers.dhcp_rpc_agent_api [None req-07b041a6-ab6a-4254-9ed3-2f8ed03b2cd8 8fe8be27857f4cc89cc8b123cd0361f2 bcfa9e244b5747a7b2be4680e9fac96c - - default default] Unable to schedule network 039a4ec2-3668-42e7-980b-1ff11f975dee: no agents available; will retry on subsequent port and subnet creation events.
2026-04-27 02:37:26.148 10 INFO neutron.db.ovn_revision_numbers_db [None req-e3dca3a0-ef18-4abd-b53d-e184e31a1583 - - - - - -] Successfully bumped revision number for resource f1d39557-3292-4557-aa88-73070669c6e9 (type: ports) to 2
2026-04-27 02:37:26.169 9 INFO neutron.db.ovn_revision_numbers_db [None req-07b041a6-ab6a-4254-9ed3-2f8ed03b2cd8 8fe8be27857f4cc89cc8b123cd0361f2 bcfa9e244b5747a7b2be4680e9fac96c - - default default] Successfully bumped revision number for resource d1ee085e-24e1-486b-bbb4-ed5508e669fc (type: ports) to 1
2026-04-27 02:37:26.427 10 INFO neutron.db.ovn_revision_numbers_db [None req-e3dca3a0-ef18-4abd-b53d-e184e31a1583 - - - - - -] Successfully bumped revision number for resource f1d39557-3292-4557-aa88-73070669c6e9 (type: ports) to 4
2026-04-27 02:37:26.649 10 INFO neutron.db.ovn_revision_numbers_db [None req-e3dca3a0-ef18-4abd-b53d-e184e31a1583 - - - - - -] Successfully bumped revision number for resource f1d39557-3292-4557-aa88-73070669c6e9 (type: router_ports) to 4
2026-04-27 02:37:26.656 9 INFO neutron.plugins.ml2.drivers.ovn.mech_driver.mech_driver [None req-7d210d58-8cc8-43cb-ab05-3e1a60a4f8f2 - - - - - -] OVN reports status up for port: d1ee085e-24e1-486b-bbb4-ed5508e669fc
2026-04-27 02:37:26.670 9 INFO neutron.plugins.ml2.plugin [None req-7d210d58-8cc8-43cb-ab05-3e1a60a4f8f2 - - - - - -] Attempt 1 to provision port d1ee085e-24e1-486b-bbb4-ed5508e669fc
2026-04-27 02:37:26.695 9 INFO neutron.db.ovn_revision_numbers_db [None req-07b041a6-ab6a-4254-9ed3-2f8ed03b2cd8 8fe8be27857f4cc89cc8b123cd0361f2 bcfa9e244b5747a7b2be4680e9fac96c - - default default] Successfully bumped revision number for resource d1ee085e-24e1-486b-bbb4-ed5508e669fc (type: router_ports) to 1
2026-04-27 02:37:26.906 9 INFO neutron.db.ovn_revision_numbers_db [None req-07b041a6-ab6a-4254-9ed3-2f8ed03b2cd8 8fe8be27857f4cc89cc8b123cd0361f2 bcfa9e244b5747a7b2be4680e9fac96c - - default default] Successfully bumped revision number for resource d1ee085e-24e1-486b-bbb4-ed5508e669fc (type: ports) to 1
2026-04-27 02:37:27.008 9 WARNING neutron.scheduler.dhcp_agent_scheduler [None req-07b041a6-ab6a-4254-9ed3-2f8ed03b2cd8 8fe8be27857f4cc89cc8b123cd0361f2 bcfa9e244b5747a7b2be4680e9fac96c - - default default] No more DHCP agents
2026-04-27 02:37:27.010 9 WARNING neutron.api.rpc.agentnotifiers.dhcp_rpc_agent_api [None req-07b041a6-ab6a-4254-9ed3-2f8ed03b2cd8 8fe8be27857f4cc89cc8b123cd0361f2 bcfa9e244b5747a7b2be4680e9fac96c - - default default] Unable to schedule network 039a4ec2-3668-42e7-980b-1ff11f975dee: no agents available; will retry on subsequent port and subnet creation events.
2026-04-27 02:37:27.035 9 INFO neutron.db.ovn_revision_numbers_db [None req-7d210d58-8cc8-43cb-ab05-3e1a60a4f8f2 - - - - - -] Successfully bumped revision number for resource d1ee085e-24e1-486b-bbb4-ed5508e669fc (type: ports) to 2
2026-04-27 02:37:27.613 9 INFO neutron.db.ovn_revision_numbers_db [None req-7d210d58-8cc8-43cb-ab05-3e1a60a4f8f2 - - - - - -] Successfully bumped revision number for resource d1ee085e-24e1-486b-bbb4-ed5508e669fc (type: router_ports) to 2
2026-04-27 02:37:27.827 9 INFO neutron.db.ovn_revision_numbers_db [None req-07b041a6-ab6a-4254-9ed3-2f8ed03b2cd8 8fe8be27857f4cc89cc8b123cd0361f2 bcfa9e244b5747a7b2be4680e9fac96c - - default default] Successfully bumped revision number for resource d1ee085e-24e1-486b-bbb4-ed5508e669fc (type: router_ports) to 2
2026-04-27 02:37:27.830 9 INFO neutron.wsgi [None req-07b041a6-ab6a-4254-9ed3-2f8ed03b2cd8 8fe8be27857f4cc89cc8b123cd0361f2 bcfa9e244b5747a7b2be4680e9fac96c - - default default] 10.0.0.95 "PUT /v2.0/routers/6a1cb3b6-033f-4367-adca-2b8e24c99ca7/add_router_interface HTTP/1.1" status: 200 len: 503 time: 2.5329275
2026-04-27 02:37:28.230 10 WARNING neutron_lib.context [None req-9cb1c7eb-6c4b-4eb0-8fe0-164d7f922cfe d95d20f2b7164cf7a58d432fb1188eb7 288abeb030914ef2ab5b885e92cfe0ab - - default default] Method 'is_advsvc' is deprecated since 2023.2 release (neutron-lib 3.8.0) and will be removed once support for the old RBAC API policies will be removed from Neutron. Please use method 'is_service_role' instead.
2026-04-27 02:37:28.394 10 INFO neutron.db.ovn_revision_numbers_db [None req-9cb1c7eb-6c4b-4eb0-8fe0-164d7f922cfe d95d20f2b7164cf7a58d432fb1188eb7 288abeb030914ef2ab5b885e92cfe0ab - - default default] Successfully bumped revision number for resource 552be855-6dbe-4eee-af61-b01add1e4fdc (type: security_groups) to 1
2026-04-27 02:37:28.414 10 INFO neutron.db.ovn_revision_numbers_db [None req-9cb1c7eb-6c4b-4eb0-8fe0-164d7f922cfe d95d20f2b7164cf7a58d432fb1188eb7 288abeb030914ef2ab5b885e92cfe0ab - - default default] Successfully bumped revision number for resource 30aaee53-a52e-470f-9f3d-0835249b6f99 (type: security_group_rules) to 0
2026-04-27 02:37:28.434 10 INFO neutron.db.ovn_revision_numbers_db [None req-9cb1c7eb-6c4b-4eb0-8fe0-164d7f922cfe d95d20f2b7164cf7a58d432fb1188eb7 288abeb030914ef2ab5b885e92cfe0ab - - default default] Successfully bumped revision number for resource 4d6b5572-c515-40ac-ae61-dd767c2b6606 (type: security_group_rules) to 0
2026-04-27 02:37:28.447 9 WARNING neutron.scheduler.dhcp_agent_scheduler [None req-e7fe407b-e6a1-40d4-9a1f-3820d05b0556 8fe8be27857f4cc89cc8b123cd0361f2 bcfa9e244b5747a7b2be4680e9fac96c - - default default] No more DHCP agents
2026-04-27 02:37:28.450 9 WARNING neutron.api.rpc.agentnotifiers.dhcp_rpc_agent_api [None req-e7fe407b-e6a1-40d4-9a1f-3820d05b0556 8fe8be27857f4cc89cc8b123cd0361f2 bcfa9e244b5747a7b2be4680e9fac96c - - default default] Unable to schedule network 4e7185f9-1a79-4308-8152-6176fba6af74: no agents available; will retry on subsequent port and subnet creation events.
2026-04-27 02:37:28.457 10 INFO neutron.db.ovn_revision_numbers_db [None req-9cb1c7eb-6c4b-4eb0-8fe0-164d7f922cfe d95d20f2b7164cf7a58d432fb1188eb7 288abeb030914ef2ab5b885e92cfe0ab - - default default] Successfully bumped revision number for resource 989f5a17-7b38-40ba-876a-908acad4a847 (type: security_group_rules) to 0
2026-04-27 02:37:28.475 10 INFO neutron.db.ovn_revision_numbers_db [None req-9cb1c7eb-6c4b-4eb0-8fe0-164d7f922cfe d95d20f2b7164cf7a58d432fb1188eb7 288abeb030914ef2ab5b885e92cfe0ab - - default default] Successfully bumped revision number for resource d9732dec-540b-4eca-9394-6960b2878710 (type: security_group_rules) to 0
2026-04-27 02:37:28.533 10 INFO neutron.db.segments_db [None req-9cb1c7eb-6c4b-4eb0-8fe0-164d7f922cfe d95d20f2b7164cf7a58d432fb1188eb7 288abeb030914ef2ab5b885e92cfe0ab - - default default] Added segment ad3bdffe-4c39-473c-a443-a3b34b404c94 of type geneve for network df230c57-7f00-4f9d-8639-1e1481e25f2a
2026-04-27 02:37:28.626 9 INFO neutron.db.ovn_revision_numbers_db [None req-e7fe407b-e6a1-40d4-9a1f-3820d05b0556 8fe8be27857f4cc89cc8b123cd0361f2 bcfa9e244b5747a7b2be4680e9fac96c - - default default] Successfully bumped revision number for resource 388d24be-6407-46f4-bce5-cbb1faec0f4c (type: ports) to 1
2026-04-27 02:37:28.711 10 INFO neutron.db.ovn_revision_numbers_db [None req-9cb1c7eb-6c4b-4eb0-8fe0-164d7f922cfe d95d20f2b7164cf7a58d432fb1188eb7 288abeb030914ef2ab5b885e92cfe0ab - - default default] Successfully bumped revision number for resource df230c57-7f00-4f9d-8639-1e1481e25f2a (type: networks) to 1
2026-04-27 02:37:28.902 10 WARNING neutron.scheduler.dhcp_agent_scheduler [None req-9cb1c7eb-6c4b-4eb0-8fe0-164d7f922cfe d95d20f2b7164cf7a58d432fb1188eb7 288abeb030914ef2ab5b885e92cfe0ab - - default default] No more DHCP agents
2026-04-27 02:37:28.904 10 WARNING neutron.api.rpc.agentnotifiers.dhcp_rpc_agent_api [None req-9cb1c7eb-6c4b-4eb0-8fe0-164d7f922cfe d95d20f2b7164cf7a58d432fb1188eb7 288abeb030914ef2ab5b885e92cfe0ab - - default default] Unable to schedule network df230c57-7f00-4f9d-8639-1e1481e25f2a: no agents available; will retry on subsequent port and subnet creation events.
2026-04-27 02:37:28.986 10 INFO neutron.db.ovn_revision_numbers_db [None req-9cb1c7eb-6c4b-4eb0-8fe0-164d7f922cfe d95d20f2b7164cf7a58d432fb1188eb7 288abeb030914ef2ab5b885e92cfe0ab - - default default] Successfully bumped revision number for resource e301f323-1f2d-4abc-84dc-d5342e10c525 (type: ports) to 1
2026-04-27 02:37:29.011 10 INFO neutron.wsgi [None req-9cb1c7eb-6c4b-4eb0-8fe0-164d7f922cfe d95d20f2b7164cf7a58d432fb1188eb7 288abeb030914ef2ab5b885e92cfe0ab - - default default] 10.0.0.95 "POST /v2.0/networks HTTP/1.1" status: 201 len: 831 time: 0.9639840
2026-04-27 02:37:29.026 10 WARNING neutron_lib.context [None req-719bce67-628a-4efe-abaf-577ba18d1de7 d95d20f2b7164cf7a58d432fb1188eb7 288abeb030914ef2ab5b885e92cfe0ab - - default default] Method 'is_advsvc' is deprecated since 2023.2 release (neutron-lib 3.8.0) and will be removed once support for the old RBAC API policies will be removed from Neutron. Please use method 'is_service_role' instead.
2026-04-27 02:37:29.217 9 INFO neutron.db.ovn_revision_numbers_db [None req-e7fe407b-e6a1-40d4-9a1f-3820d05b0556 8fe8be27857f4cc89cc8b123cd0361f2 bcfa9e244b5747a7b2be4680e9fac96c - - default default] Successfully bumped revision number for resource 388d24be-6407-46f4-bce5-cbb1faec0f4c (type: router_ports) to 1
2026-04-27 02:37:29.320 10 WARNING neutron.scheduler.dhcp_agent_scheduler [None req-719bce67-628a-4efe-abaf-577ba18d1de7 d95d20f2b7164cf7a58d432fb1188eb7 288abeb030914ef2ab5b885e92cfe0ab - - default default] No more DHCP agents
2026-04-27 02:37:29.322 10 WARNING neutron.api.rpc.agentnotifiers.dhcp_rpc_agent_api [None req-719bce67-628a-4efe-abaf-577ba18d1de7 d95d20f2b7164cf7a58d432fb1188eb7 288abeb030914ef2ab5b885e92cfe0ab - - default default] Unable to schedule network df230c57-7f00-4f9d-8639-1e1481e25f2a: no agents available; will retry on subsequent port and subnet creation events.
2026-04-27 02:37:29.387 9 INFO neutron.db.ovn_revision_numbers_db [None req-e7fe407b-e6a1-40d4-9a1f-3820d05b0556 8fe8be27857f4cc89cc8b123cd0361f2 bcfa9e244b5747a7b2be4680e9fac96c - - default default] Successfully bumped revision number for resource 388d24be-6407-46f4-bce5-cbb1faec0f4c (type: ports) to 1
2026-04-27 02:37:29.459 9 WARNING neutron.scheduler.dhcp_agent_scheduler [None req-e7fe407b-e6a1-40d4-9a1f-3820d05b0556 8fe8be27857f4cc89cc8b123cd0361f2 bcfa9e244b5747a7b2be4680e9fac96c - - default default] No more DHCP agents
2026-04-27 02:37:29.461 9 WARNING neutron.api.rpc.agentnotifiers.dhcp_rpc_agent_api [None req-e7fe407b-e6a1-40d4-9a1f-3820d05b0556 8fe8be27857f4cc89cc8b123cd0361f2 bcfa9e244b5747a7b2be4680e9fac96c - - default default] Unable to schedule network 4e7185f9-1a79-4308-8152-6176fba6af74: no agents available; will retry on subsequent port and subnet creation events.
2026-04-27 02:37:29.807 9 INFO neutron.db.ovn_revision_numbers_db [None req-e7fe407b-e6a1-40d4-9a1f-3820d05b0556 8fe8be27857f4cc89cc8b123cd0361f2 bcfa9e244b5747a7b2be4680e9fac96c - - default default] Successfully bumped revision number for resource 388d24be-6407-46f4-bce5-cbb1faec0f4c (type: router_ports) to 1
2026-04-27 02:37:29.811 9 INFO neutron.wsgi [None req-e7fe407b-e6a1-40d4-9a1f-3820d05b0556 8fe8be27857f4cc89cc8b123cd0361f2 bcfa9e244b5747a7b2be4680e9fac96c - - default default] 10.0.0.95 "PUT /v2.0/routers/6a1cb3b6-033f-4367-adca-2b8e24c99ca7/add_router_interface HTTP/1.1" status: 200 len: 503 time: 1.9741392
2026-04-27 02:37:30.368 10 INFO neutron.db.ovn_revision_numbers_db [None req-719bce67-628a-4efe-abaf-577ba18d1de7 d95d20f2b7164cf7a58d432fb1188eb7 288abeb030914ef2ab5b885e92cfe0ab - - default default] Successfully bumped revision number for resource e301f323-1f2d-4abc-84dc-d5342e10c525 (type: ports) to 2
2026-04-27 02:37:30.442 10 INFO neutron.db.ovn_revision_numbers_db [None req-719bce67-628a-4efe-abaf-577ba18d1de7 d95d20f2b7164cf7a58d432fb1188eb7 288abeb030914ef2ab5b885e92cfe0ab - - default default] Successfully bumped revision number for resource 9186e875-1a38-48f5-ac2b-669d84c21dbf (type: subnets) to 0
2026-04-27 02:37:30.460 10 INFO neutron.wsgi [None req-719bce67-628a-4efe-abaf-577ba18d1de7 d95d20f2b7164cf7a58d432fb1188eb7 288abeb030914ef2ab5b885e92cfe0ab - - default default] 10.0.0.95 "POST /v2.0/subnets HTTP/1.1" status: 201 len: 801 time: 1.4413486
2026-04-27 02:37:30.539 9 INFO neutron.wsgi [None req-22cc55f1-fe86-4619-9959-a93b65f57c2c d95d20f2b7164cf7a58d432fb1188eb7 288abeb030914ef2ab5b885e92cfe0ab - - default default] 10.0.0.95 "PUT /v2.0/subnets/9186e875-1a38-48f5-ac2b-669d84c21dbf/tags HTTP/1.1" status: 200 len: 218 time: 0.0708759
2026-04-27 02:37:30.594 9 INFO neutron.wsgi [None req-97a996e1-b5e0-410c-98a1-3f26f3cdad2e d95d20f2b7164cf7a58d432fb1188eb7 288abeb030914ef2ab5b885e92cfe0ab - - default default] 10.0.0.95 "GET /v2.0/subnets/9186e875-1a38-48f5-ac2b-669d84c21dbf/tags HTTP/1.1" status: 200 len: 218 time: 0.0477953
2026-04-27 02:37:30.653 9 INFO neutron.wsgi [None req-ca9ed1fe-f5e8-4366-946d-1ac6cbd16925 d95d20f2b7164cf7a58d432fb1188eb7 288abeb030914ef2ab5b885e92cfe0ab - - default default] 10.0.0.95 "PUT /v2.0/subnets/9186e875-1a38-48f5-ac2b-669d84c21dbf/tags/green HTTP/1.1" status: 201 len: 201 time: 0.0539403
2026-04-27 02:37:30.698 9 INFO neutron.wsgi [None req-d5d64dcf-6e4b-44d7-b796-da45a143f937 d95d20f2b7164cf7a58d432fb1188eb7 288abeb030914ef2ab5b885e92cfe0ab - - default default] 10.0.0.95 "GET /v2.0/subnets/9186e875-1a38-48f5-ac2b-669d84c21dbf/tags HTTP/1.1" status: 200 len: 227 time: 0.0399776
2026-04-27 02:37:30.744 9 INFO neutron.wsgi [None req-cc8523b7-43df-4451-a1c6-315779a431cb d95d20f2b7164cf7a58d432fb1188eb7 288abeb030914ef2ab5b885e92cfe0ab - - default default] 10.0.0.95 "PUT /v2.0/subnets/9186e875-1a38-48f5-ac2b-669d84c21dbf/tags/red HTTP/1.1" status: 201 len: 201 time: 0.0413103
2026-04-27 02:37:30.792 9 INFO neutron.wsgi [None req-6b369a80-7988-4419-91ca-c9ce4b65d872 d95d20f2b7164cf7a58d432fb1188eb7 288abeb030914ef2ab5b885e92cfe0ab - - default default] 10.0.0.95 "GET /v2.0/subnets/9186e875-1a38-48f5-ac2b-669d84c21dbf/tags HTTP/1.1" status: 200 len: 227 time: 0.0424216
2026-04-27 02:37:30.893 10 INFO neutron.wsgi [None req-93f7b60d-b739-4e51-a6c4-6c79d1080e4f d95d20f2b7164cf7a58d432fb1188eb7 288abeb030914ef2ab5b885e92cfe0ab - - default default] 10.0.0.95 "PUT /v2.0/subnets/9186e875-1a38-48f5-ac2b-669d84c21dbf/tags/black.or.white HTTP/1.1" status: 201 len: 201 time: 0.0936451
2026-04-27 02:37:30.970 10 INFO neutron.wsgi [None req-d1ed93fd-721e-4552-b955-2c851ae8cff1 d95d20f2b7164cf7a58d432fb1188eb7 288abeb030914ef2ab5b885e92cfe0ab - - default default] 10.0.0.95 "GET /v2.0/subnets/9186e875-1a38-48f5-ac2b-669d84c21dbf/tags HTTP/1.1" status: 200 len: 245 time: 0.0704238
2026-04-27 02:37:30.995 10 WARNING neutron.scheduler.dhcp_agent_scheduler [None req-9064b8ba-5c1e-4a21-adc4-ace96188b513 8fe8be27857f4cc89cc8b123cd0361f2 bcfa9e244b5747a7b2be4680e9fac96c - - default default] No more DHCP agents
2026-04-27 02:37:30.997 10 WARNING neutron.api.rpc.agentnotifiers.dhcp_rpc_agent_api [None req-9064b8ba-5c1e-4a21-adc4-ace96188b513 8fe8be27857f4cc89cc8b123cd0361f2 bcfa9e244b5747a7b2be4680e9fac96c - - default default] Unable to schedule network 1f7b450a-0a15-4a41-8683-bf5eeb97fa7c: no agents available; will retry on subsequent port and subnet creation events.
2026-04-27 02:37:31.062 9 INFO neutron.wsgi [None req-1dacb2e4-0dec-4bc5-9a05-1bea21b9a5f9 d95d20f2b7164cf7a58d432fb1188eb7 288abeb030914ef2ab5b885e92cfe0ab - - default default] 10.0.0.95 "PUT /v2.0/subnets/9186e875-1a38-48f5-ac2b-669d84c21dbf/tags HTTP/1.1" status: 200 len: 230 time: 0.0856135
2026-04-27 02:37:31.114 9 INFO neutron.wsgi [None req-4b3f7eee-5d50-4cda-998d-328b55bdd888 d95d20f2b7164cf7a58d432fb1188eb7 288abeb030914ef2ab5b885e92cfe0ab - - default default] 10.0.0.95 "GET /v2.0/subnets/9186e875-1a38-48f5-ac2b-669d84c21dbf/tags HTTP/1.1" status: 200 len: 230 time: 0.0426116
2026-04-27 02:37:31.157 9 INFO neutron.wsgi [None req-d8014f64-c446-44dc-9ee7-7122abbc097f d95d20f2b7164cf7a58d432fb1188eb7 288abeb030914ef2ab5b885e92cfe0ab - - default default] 10.0.0.95 "GET /v2.0/subnets/9186e875-1a38-48f5-ac2b-669d84c21dbf/tags/red HTTP/1.1" status: 204 len: 168 time: 0.0372119
2026-04-27 02:37:31.200 9 INFO neutron.api.v2.resource [None req-77900379-b0af-4111-b6ec-59a767e7237c d95d20f2b7164cf7a58d432fb1188eb7 288abeb030914ef2ab5b885e92cfe0ab - - default default] show failed (client error): The resource could not be found.
2026-04-27 02:37:31.201 9 INFO neutron.wsgi [None req-77900379-b0af-4111-b6ec-59a767e7237c d95d20f2b7164cf7a58d432fb1188eb7 288abeb030914ef2ab5b885e92cfe0ab - - default default] 10.0.0.95 "GET /v2.0/subnets/9186e875-1a38-48f5-ac2b-669d84c21dbf/tags/green HTTP/1.1" status: 404 len: 299 time: 0.0393291
2026-04-27 02:37:31.207 10 INFO neutron.db.ovn_revision_numbers_db [None req-9064b8ba-5c1e-4a21-adc4-ace96188b513 8fe8be27857f4cc89cc8b123cd0361f2 bcfa9e244b5747a7b2be4680e9fac96c - - default default] Successfully bumped revision number for resource 45b207ce-bc98-4441-94f8-06261e3724b9 (type: ports) to 1
2026-04-27 02:37:31.264 9 INFO neutron.wsgi [None req-cacbffde-70a8-4e2a-8cf2-0ab4e2976ca5 d95d20f2b7164cf7a58d432fb1188eb7 288abeb030914ef2ab5b885e92cfe0ab - - default default] 10.0.0.95 "DELETE /v2.0/subnets/9186e875-1a38-48f5-ac2b-669d84c21dbf/tags/red HTTP/1.1" status: 204 len: 168 time: 0.0583696
2026-04-27 02:37:31.309 9 INFO neutron.wsgi [None req-fc827466-aae5-4940-935a-9e32685a2b08 d95d20f2b7164cf7a58d432fb1188eb7 288abeb030914ef2ab5b885e92cfe0ab - - default default] 10.0.0.95 "GET /v2.0/subnets/9186e875-1a38-48f5-ac2b-669d84c21dbf/tags HTTP/1.1" status: 200 len: 223 time: 0.0384643
2026-04-27 02:37:31.356 9 INFO neutron.api.v2.resource [None req-37584051-8f80-4800-bac6-b44362a6e08c d95d20f2b7164cf7a58d432fb1188eb7 288abeb030914ef2ab5b885e92cfe0ab - - default default] delete failed (client error): The resource could not be found.
2026-04-27 02:37:31.358 9 INFO neutron.wsgi [None req-37584051-8f80-4800-bac6-b44362a6e08c d95d20f2b7164cf7a58d432fb1188eb7 288abeb030914ef2ab5b885e92cfe0ab - - default default] 10.0.0.95 "DELETE /v2.0/subnets/9186e875-1a38-48f5-ac2b-669d84c21dbf/tags/green HTTP/1.1" status: 404 len: 299 time: 0.0430882
2026-04-27 02:37:31.425 9 INFO neutron.wsgi [None req-b3a5eae7-21f4-474b-b210-166f51706c03 d95d20f2b7164cf7a58d432fb1188eb7 288abeb030914ef2ab5b885e92cfe0ab - - default default] 10.0.0.95 "DELETE /v2.0/subnets/9186e875-1a38-48f5-ac2b-669d84c21dbf/tags HTTP/1.1" status: 204 len: 168 time: 0.0613832
2026-04-27 02:37:31.470 9 INFO neutron.wsgi [None req-ef839cc4-76d8-4574-a769-37b7acef9c6b d95d20f2b7164cf7a58d432fb1188eb7 288abeb030914ef2ab5b885e92cfe0ab - - default default] 10.0.0.95 "GET /v2.0/subnets/9186e875-1a38-48f5-ac2b-669d84c21dbf/tags HTTP/1.1" status: 200 len: 205 time: 0.0394557
2026-04-27 02:37:31.777 10 INFO neutron.wsgi [None req-d3078f4b-4bd3-4d76-8e08-081114673274 d95d20f2b7164cf7a58d432fb1188eb7 288abeb030914ef2ab5b885e92cfe0ab - - default default] 10.0.0.95 "DELETE /v2.0/subnets/9186e875-1a38-48f5-ac2b-669d84c21dbf HTTP/1.1" status: 204 len: 168 time: 0.3001890
2026-04-27 02:37:31.878 10 INFO neutron.db.ovn_revision_numbers_db [None req-9064b8ba-5c1e-4a21-adc4-ace96188b513 8fe8be27857f4cc89cc8b123cd0361f2 bcfa9e244b5747a7b2be4680e9fac96c - - default default] Successfully bumped revision number for resource 45b207ce-bc98-4441-94f8-06261e3724b9 (type: router_ports) to 1
2026-04-27 02:37:32.055 10 INFO neutron.db.ovn_revision_numbers_db [None req-9064b8ba-5c1e-4a21-adc4-ace96188b513 8fe8be27857f4cc89cc8b123cd0361f2 bcfa9e244b5747a7b2be4680e9fac96c - - default default] Successfully bumped revision number for resource 45b207ce-bc98-4441-94f8-06261e3724b9 (type: ports) to 1
2026-04-27 02:37:32.128 10 WARNING neutron.scheduler.dhcp_agent_scheduler [None req-9064b8ba-5c1e-4a21-adc4-ace96188b513 8fe8be27857f4cc89cc8b123cd0361f2 bcfa9e244b5747a7b2be4680e9fac96c - - default default] No more DHCP agents
2026-04-27 02:37:32.130 10 WARNING neutron.api.rpc.agentnotifiers.dhcp_rpc_agent_api [None req-9064b8ba-5c1e-4a21-adc4-ace96188b513 8fe8be27857f4cc89cc8b123cd0361f2 bcfa9e244b5747a7b2be4680e9fac96c - - default default] Unable to schedule network 1f7b450a-0a15-4a41-8683-bf5eeb97fa7c: no agents available; will retry on subsequent port and subnet creation events.
2026-04-27 02:37:32.194 9 INFO neutron.services.segments.plugin [-] Segment ad3bdffe-4c39-473c-a443-a3b34b404c94 resource provider aggregate not found
2026-04-27 02:37:32.201 9 INFO neutron.services.segments.plugin [-] Segment ad3bdffe-4c39-473c-a443-a3b34b404c94 resource provider aggregate not found
2026-04-27 02:37:32.223 9 INFO neutron.services.segments.plugin [-] Segment ad3bdffe-4c39-473c-a443-a3b34b404c94 resource provider not found; error: Placement Client Error (4xx): {"errors": [{"status": 404, "title": "Not Found", "detail": "The resource could not be found.\n\n No resource provider with uuid ad3bdffe-4c39-473c-a443-a3b34b404c94 found for delete ", "request_id": "req-da2773c3-7f68-473a-af81-d7aee2db86d4"}]}
2026-04-27 02:37:32.224 9 INFO neutron.services.segments.plugin [-] Segment ad3bdffe-4c39-473c-a443-a3b34b404c94 resource provider not found; error: Placement Client Error (4xx): {"errors": [{"status": 404, "title": "Not Found", "detail": "The resource could not be found.\n\n No resource provider with uuid ad3bdffe-4c39-473c-a443-a3b34b404c94 found for delete ", "request_id": "req-e673ac8d-5b32-46f3-89de-7fdbb96e8bc0"}]}
2026-04-27 02:37:32.247 9 INFO neutron.wsgi [None req-872c2f29-cedf-4f49-968a-06a21ae8b7a3 d95d20f2b7164cf7a58d432fb1188eb7 288abeb030914ef2ab5b885e92cfe0ab - - default default] 10.0.0.95 "DELETE /v2.0/networks/df230c57-7f00-4f9d-8639-1e1481e25f2a HTTP/1.1" status: 204 len: 168 time: 0.4649866
2026-04-27 02:37:32.445 10 INFO neutron.db.ovn_revision_numbers_db [None req-9064b8ba-5c1e-4a21-adc4-ace96188b513 8fe8be27857f4cc89cc8b123cd0361f2 bcfa9e244b5747a7b2be4680e9fac96c - - default default] Successfully bumped revision number for resource 45b207ce-bc98-4441-94f8-06261e3724b9 (type: router_ports) to 1
2026-04-27 02:37:32.452 10 INFO neutron.wsgi [None req-9064b8ba-5c1e-4a21-adc4-ace96188b513 8fe8be27857f4cc89cc8b123cd0361f2 bcfa9e244b5747a7b2be4680e9fac96c - - default default] 10.0.0.95 "PUT /v2.0/routers/6a1cb3b6-033f-4367-adca-2b8e24c99ca7/add_router_interface HTTP/1.1" status: 200 len: 503 time: 2.6331773
2026-04-27 02:37:32.527 9 WARNING neutron_lib.context [None req-9b4171f2-9583-4500-91c2-757fb0cf7721 8fe8be27857f4cc89cc8b123cd0361f2 bcfa9e244b5747a7b2be4680e9fac96c - - default default] Method 'is_advsvc' is deprecated since 2023.2 release (neutron-lib 3.8.0) and will be removed once support for the old RBAC API policies will be removed from Neutron. Please use method 'is_service_role' instead.
2026-04-27 02:37:32.662 9 WARNING neutron.plugins.ml2.drivers.ovn.mech_driver.ovsdb.ovn_client [None req-7d210d58-8cc8-43cb-ab05-3e1a60a4f8f2 - - - - - -] No hosting information found for port d1ee085e-24e1-486b-bbb4-ed5508e669fc: RuntimeError: No hosting information found for port d1ee085e-24e1-486b-bbb4-ed5508e669fc
2026-04-27 02:37:32.662 9 INFO neutron.plugins.ml2.drivers.ovn.mech_driver.mech_driver [None req-7d210d58-8cc8-43cb-ab05-3e1a60a4f8f2 - - - - - -] OVN reports status up for port: 388d24be-6407-46f4-bce5-cbb1faec0f4c
2026-04-27 02:37:32.672 9 INFO neutron.plugins.ml2.plugin [None req-7d210d58-8cc8-43cb-ab05-3e1a60a4f8f2 - - - - - -] Attempt 1 to provision port 388d24be-6407-46f4-bce5-cbb1faec0f4c
2026-04-27 02:37:32.688 9 INFO neutron.db.ovn_revision_numbers_db [None req-9b4171f2-9583-4500-91c2-757fb0cf7721 8fe8be27857f4cc89cc8b123cd0361f2 bcfa9e244b5747a7b2be4680e9fac96c - - default default] Successfully bumped revision number for resource b732788a-c82a-4ffc-ab23-abda85612c8e (type: security_groups) to 1
2026-04-27 02:37:32.708 9 INFO neutron.db.ovn_revision_numbers_db [None req-9b4171f2-9583-4500-91c2-757fb0cf7721 8fe8be27857f4cc89cc8b123cd0361f2 bcfa9e244b5747a7b2be4680e9fac96c - - default default] Successfully bumped revision number for resource 0520e7c9-4a45-4cf6-8a5d-68443fcef312 (type: security_group_rules) to 0
2026-04-27 02:37:32.722 9 INFO neutron.db.ovn_revision_numbers_db [None req-9b4171f2-9583-4500-91c2-757fb0cf7721 8fe8be27857f4cc89cc8b123cd0361f2 bcfa9e244b5747a7b2be4680e9fac96c - - default default] Successfully bumped revision number for resource 98c768a5-696b-430b-bdab-5ab002333853 (type: security_group_rules) to 0
2026-04-27 02:37:32.749 9 INFO neutron.wsgi [None req-9b4171f2-9583-4500-91c2-757fb0cf7721 8fe8be27857f4cc89cc8b123cd0361f2 bcfa9e244b5747a7b2be4680e9fac96c - - default default] 10.0.0.95 "POST /v2.0/security-groups HTTP/1.1" status: 201 len: 1765 time: 0.2273781
2026-04-27 02:37:32.761 10 WARNING neutron_lib.context [None req-a144939d-b63d-4160-83e5-6d440b1d7673 8fe8be27857f4cc89cc8b123cd0361f2 bcfa9e244b5747a7b2be4680e9fac96c - - default default] Method 'is_advsvc' is deprecated since 2023.2 release (neutron-lib 3.8.0) and will be removed once support for the old RBAC API policies will be removed from Neutron. Please use method 'is_service_role' instead.
2026-04-27 02:37:32.880 10 INFO neutron.db.ovn_revision_numbers_db [None req-a144939d-b63d-4160-83e5-6d440b1d7673 8fe8be27857f4cc89cc8b123cd0361f2 bcfa9e244b5747a7b2be4680e9fac96c - - default default] Successfully bumped revision number for resource 30ba87cb-b936-4596-8ded-09e4af13bc04 (type: security_group_rules) to 0
2026-04-27 02:37:32.906 10 INFO neutron.wsgi [None req-a144939d-b63d-4160-83e5-6d440b1d7673 8fe8be27857f4cc89cc8b123cd0361f2 bcfa9e244b5747a7b2be4680e9fac96c - - default default] 10.0.0.95 "POST /v2.0/security-group-rules HTTP/1.1" status: 201 len: 764 time: 0.1515234
2026-04-27 02:37:32.923 10 WARNING neutron_lib.context [None req-357405fb-07b6-4753-9f01-974ddfc1cf40 8fe8be27857f4cc89cc8b123cd0361f2 bcfa9e244b5747a7b2be4680e9fac96c - - default default] Method 'is_advsvc' is deprecated since 2023.2 release (neutron-lib 3.8.0) and will be removed once support for the old RBAC API policies will be removed from Neutron. Please use method 'is_service_role' instead.
