2026-04-27 02:35:29.697 9 INFO neutron.wsgi [None req-1cccb9f5-4363-49c5-9963-deea7cb76177 d2f0ece76a4a4fc18e3a6437eb5e3f2e 04e559e88607455baa9568180cfcced9 - - default default] 10.0.0.95 "GET /v2.0/security-groups?tenant_id=dbf14e95c38542baae6800e35b78d087&name=default HTTP/1.1" status: 200 len: 2996 time: 0.4742134
2026-04-27 02:35:29.736 9 INFO neutron.db.ovn_revision_numbers_db [None req-4ecbb30c-6e63-4db4-b586-7d6b5ae9ee52 5c0b45ee84274aad8cd1378887af8c20 64fb5f15e10c41b59af4405e5d2041d9 - - default default] Successfully bumped revision number for resource e31833be-6f77-48ad-b033-e12df20c8a83 (type: router_ports) to 1
2026-04-27 02:35:29.739 9 INFO neutron.wsgi [None req-4ecbb30c-6e63-4db4-b586-7d6b5ae9ee52 5c0b45ee84274aad8cd1378887af8c20 64fb5f15e10c41b59af4405e5d2041d9 - - default default] 10.0.0.95 "PUT /v2.0/routers/4d72286e-d3e5-424e-bee3-59eefbfae671/add_router_interface HTTP/1.1" status: 200 len: 503 time: 1.4012716
2026-04-27 02:35:29.850 9 INFO neutron.wsgi [None req-aca78a40-f5e2-408d-b6ec-b9b8a1ac907d 5c0b45ee84274aad8cd1378887af8c20 64fb5f15e10c41b59af4405e5d2041d9 - - default default] 10.0.0.95 "GET /v2.0/ports/e31833be-6f77-48ad-b033-e12df20c8a83 HTTP/1.1" status: 200 len: 1147 time: 0.1046085
2026-04-27 02:35:29.915 9 INFO neutron.wsgi [None req-f6c7e9be-90be-41fb-b5c7-f21f67b89fa9 5c0b45ee84274aad8cd1378887af8c20 64fb5f15e10c41b59af4405e5d2041d9 - - default default] 10.0.0.95 "GET /v2.0/ports/e31833be-6f77-48ad-b033-e12df20c8a83 HTTP/1.1" status: 200 len: 1147 time: 0.0567486
2026-04-27 02:35:29.927 10 INFO neutron.wsgi [req-36bf0610-6cda-422e-9e82-e2ba97cb392a req-bf1380bd-485e-4a63-898d-c83865ca604d 87865b9db0564c6396c9aa3603685f3b b46907eb62f4475c98952fc005d9a697 - - a195706c00b84a829d1be0d41577f697 a195706c00b84a829d1be0d41577f697] 199.204.45.238 "GET /v2.0/floatingips?fixed_ip_address=10.100.0.9&port_id=28eea268-0866-4f85-9690-73551a804e52 HTTP/1.1" status: 200 len: 217 time: 0.3413944
2026-04-27 02:35:30.002 10 INFO neutron.wsgi [req-36bf0610-6cda-422e-9e82-e2ba97cb392a req-cfaa4d54-a8dc-4c91-9aee-0496f4bd2e55 87865b9db0564c6396c9aa3603685f3b b46907eb62f4475c98952fc005d9a697 - - a195706c00b84a829d1be0d41577f697 a195706c00b84a829d1be0d41577f697] 199.204.45.238 "GET /v2.0/subnets?id=5118589d-d7d7-4574-8979-8091601ef71d HTTP/1.1" status: 200 len: 852 time: 0.0599332
2026-04-27 02:35:30.016 9 INFO neutron.wsgi [None req-37c2e5f1-c884-4c1d-83c9-ee6908865e95 d2f0ece76a4a4fc18e3a6437eb5e3f2e 04e559e88607455baa9568180cfcced9 - - default default] 10.0.0.95 "DELETE /v2.0/security-groups/8674789a-c15d-4ba2-8e42-d4195deee63f HTTP/1.1" status: 204 len: 168 time: 0.3067436
2026-04-27 02:35:30.044 10 INFO neutron.wsgi [req-36bf0610-6cda-422e-9e82-e2ba97cb392a req-908a39cd-dbaa-4038-b1aa-ad72bc3deec5 87865b9db0564c6396c9aa3603685f3b b46907eb62f4475c98952fc005d9a697 - - a195706c00b84a829d1be0d41577f697 a195706c00b84a829d1be0d41577f697] 199.204.45.238 "GET /v2.0/ports?network_id=8c575a3b-164d-488d-ab89-8ae48ed37be8&device_owner=network%3Adhcp HTTP/1.1" status: 200 len: 210 time: 0.0359323
2026-04-27 02:35:30.187 10 INFO neutron.wsgi [req-36bf0610-6cda-422e-9e82-e2ba97cb392a req-33753d5b-68e8-4a1d-b8eb-595e2fe53c56 87865b9db0564c6396c9aa3603685f3b b46907eb62f4475c98952fc005d9a697 - - a195706c00b84a829d1be0d41577f697 a195706c00b84a829d1be0d41577f697] 199.204.45.238 "GET /v2.0/networks/8c575a3b-164d-488d-ab89-8ae48ed37be8?fields=segments HTTP/1.1" status: 200 len: 212 time: 0.1270945
2026-04-27 02:35:30.283 9 INFO neutron.db.ovn_revision_numbers_db [None req-ba4514ce-f239-46c7-af1e-d6b9a7eb2135 d2f0ece76a4a4fc18e3a6437eb5e3f2e 04e559e88607455baa9568180cfcced9 - - default default] Successfully bumped revision number for resource 312e06a5-705b-459f-9824-4e66f13dec57 (type: security_groups) to 1
2026-04-27 02:35:30.300 9 INFO neutron.db.ovn_revision_numbers_db [None req-ba4514ce-f239-46c7-af1e-d6b9a7eb2135 d2f0ece76a4a4fc18e3a6437eb5e3f2e 04e559e88607455baa9568180cfcced9 - - default default] Successfully bumped revision number for resource 05925610-379f-4cbe-957e-8029d6aac0dc (type: security_group_rules) to 0
2026-04-27 02:35:30.312 10 INFO neutron.wsgi [req-36bf0610-6cda-422e-9e82-e2ba97cb392a req-a9203c58-e869-4554-a877-b7b0736321ee 87865b9db0564c6396c9aa3603685f3b b46907eb62f4475c98952fc005d9a697 - - a195706c00b84a829d1be0d41577f697 a195706c00b84a829d1be0d41577f697] 199.204.45.238 "GET /v2.0/networks/8c575a3b-164d-488d-ab89-8ae48ed37be8?fields=provider%3Aphysical_network&fields=provider%3Anetwork_type HTTP/1.1" status: 200 len: 277 time: 0.1047728
2026-04-27 02:35:30.313 10 INFO neutron.db.ovn_revision_numbers_db [None req-3bfa87c7-3d45-4ee9-b26c-02bff4abf7c2 dee5d5b086f24930a92eda909de718c8 addcad97c93345fd9f9adcca167e3777 - - default default] Successfully bumped revision number for resource 59e2ffd6-a1d9-4476-ab49-dbdb6f1436ab (type: routers) to 2
2026-04-27 02:35:30.315 10 INFO neutron.wsgi [None req-3bfa87c7-3d45-4ee9-b26c-02bff4abf7c2 dee5d5b086f24930a92eda909de718c8 addcad97c93345fd9f9adcca167e3777 - - default default] 10.0.0.95 "PUT /v2.0/routers/59e2ffd6-a1d9-4476-ab49-dbdb6f1436ab HTTP/1.1" status: 200 len: 668 time: 0.9306428
2026-04-27 02:35:30.333 9 INFO neutron.db.ovn_revision_numbers_db [None req-ba4514ce-f239-46c7-af1e-d6b9a7eb2135 d2f0ece76a4a4fc18e3a6437eb5e3f2e 04e559e88607455baa9568180cfcced9 - - default default] Successfully bumped revision number for resource 4eceda04-4a38-44d5-8b4b-91cf3017ccbc (type: security_group_rules) to 0
2026-04-27 02:35:30.347 9 INFO neutron.wsgi [None req-9c56886b-4acc-4c28-b4d5-85dfa3cbef18 dee5d5b086f24930a92eda909de718c8 addcad97c93345fd9f9adcca167e3777 - - default default] 10.0.0.95 "GET /v2.0/ports?device_id=59e2ffd6-a1d9-4476-ab49-dbdb6f1436ab HTTP/1.1" status: 200 len: 205 time: 0.0257816
2026-04-27 02:35:30.377 9 INFO neutron.db.ovn_revision_numbers_db [None req-ba4514ce-f239-46c7-af1e-d6b9a7eb2135 d2f0ece76a4a4fc18e3a6437eb5e3f2e 04e559e88607455baa9568180cfcced9 - - default default] Successfully bumped revision number for resource 6b62c28a-b3f3-4129-b404-9527aadc9b26 (type: security_group_rules) to 0
2026-04-27 02:35:30.420 9 INFO neutron.db.ovn_revision_numbers_db [None req-ba4514ce-f239-46c7-af1e-d6b9a7eb2135 d2f0ece76a4a4fc18e3a6437eb5e3f2e 04e559e88607455baa9568180cfcced9 - - default default] Successfully bumped revision number for resource 804fb5e9-458c-458a-8e4f-c6e376cb17b2 (type: security_group_rules) to 0
2026-04-27 02:35:30.468 9 INFO neutron.wsgi [None req-ba4514ce-f239-46c7-af1e-d6b9a7eb2135 d2f0ece76a4a4fc18e3a6437eb5e3f2e 04e559e88607455baa9568180cfcced9 - - default default] 10.0.0.95 "GET /v2.0/security-groups?tenant_id=6d96c50bc2b541e496467928176bf08b&name=default HTTP/1.1" status: 200 len: 2996 time: 0.3272283
2026-04-27 02:35:30.974 9 INFO neutron.wsgi [None req-ae09b080-568e-4bc0-8981-074ce8c84dac dee5d5b086f24930a92eda909de718c8 addcad97c93345fd9f9adcca167e3777 - - default default] 10.0.0.95 "DELETE /v2.0/routers/59e2ffd6-a1d9-4476-ab49-dbdb6f1436ab HTTP/1.1" status: 204 len: 168 time: 0.6213977
2026-04-27 02:35:31.058 10 INFO neutron.wsgi [None req-b4d66e34-f31d-428f-b32a-5287db12e2fe 5c0b45ee84274aad8cd1378887af8c20 64fb5f15e10c41b59af4405e5d2041d9 - - default default] 10.0.0.95 "GET /v2.0/ports/e31833be-6f77-48ad-b033-e12df20c8a83 HTTP/1.1" status: 200 len: 1147 time: 0.1343572
2026-04-27 02:35:31.067 9 INFO neutron.wsgi [None req-da71c3e1-bc56-4a94-a545-5d6411b4c310 dee5d5b086f24930a92eda909de718c8 addcad97c93345fd9f9adcca167e3777 - - default default] 10.0.0.95 "GET /v2.0/routers/3c2029ef-0794-414b-a757-d902e6a09a23 HTTP/1.1" status: 200 len: 677 time: 0.0870223
2026-04-27 02:35:31.294 9 INFO neutron.wsgi [None req-dc9d49e1-9e9d-4359-a3fe-87b8f64872f7 d2f0ece76a4a4fc18e3a6437eb5e3f2e 04e559e88607455baa9568180cfcced9 - - default default] 10.0.0.95 "DELETE /v2.0/security-groups/312e06a5-705b-459f-9824-4e66f13dec57 HTTP/1.1" status: 204 len: 168 time: 0.8204274
2026-04-27 02:35:31.606 9 INFO neutron.db.ovn_revision_numbers_db [None req-b0f6ac51-c6af-4604-8bf2-8c51e5a13db8 dee5d5b086f24930a92eda909de718c8 addcad97c93345fd9f9adcca167e3777 - - default default] Successfully bumped revision number for resource 3c2029ef-0794-414b-a757-d902e6a09a23 (type: routers) to 2
2026-04-27 02:35:31.611 9 INFO neutron.wsgi [None req-b0f6ac51-c6af-4604-8bf2-8c51e5a13db8 dee5d5b086f24930a92eda909de718c8 addcad97c93345fd9f9adcca167e3777 - - default default] 10.0.0.95 "PUT /v2.0/routers/3c2029ef-0794-414b-a757-d902e6a09a23 HTTP/1.1" status: 200 len: 677 time: 0.5371177
2026-04-27 02:35:31.643 9 INFO neutron.wsgi [None req-0ef56324-a625-45ba-be6b-ab7878c8786e dee5d5b086f24930a92eda909de718c8 addcad97c93345fd9f9adcca167e3777 - - default default] 10.0.0.95 "GET /v2.0/ports?device_id=3c2029ef-0794-414b-a757-d902e6a09a23 HTTP/1.1" status: 200 len: 205 time: 0.0257249
2026-04-27 02:35:31.920 9 INFO neutron.wsgi [None req-18aaa1aa-5a3b-4c0a-ae1b-b2c8559ac991 dee5d5b086f24930a92eda909de718c8 addcad97c93345fd9f9adcca167e3777 - - default default] 10.0.0.95 "DELETE /v2.0/routers/3c2029ef-0794-414b-a757-d902e6a09a23 HTTP/1.1" status: 204 len: 168 time: 0.2725096
2026-04-27 02:35:31.968 9 INFO neutron.wsgi [None req-c4b8e903-be0b-40de-8611-c1beea74b415 dee5d5b086f24930a92eda909de718c8 addcad97c93345fd9f9adcca167e3777 - - default default] 10.0.0.95 "GET /v2.0/routers/cdd41c91-4629-4ec2-8bdd-e1a18934770d HTTP/1.1" status: 200 len: 662 time: 0.0419281
2026-04-27 02:35:32.107 10 INFO neutron.wsgi [None req-4ce0cb92-c8c6-41e9-841a-e4ba8bad253a 5c0b45ee84274aad8cd1378887af8c20 64fb5f15e10c41b59af4405e5d2041d9 - - default default] 10.0.0.95 "GET /v2.0/ports/e31833be-6f77-48ad-b033-e12df20c8a83 HTTP/1.1" status: 200 len: 1147 time: 0.0406106
2026-04-27 02:35:32.802 9 INFO neutron.db.ovn_revision_numbers_db [None req-41bd64f2-9fab-410e-9752-0f82582f2949 dee5d5b086f24930a92eda909de718c8 addcad97c93345fd9f9adcca167e3777 - - default default] Successfully bumped revision number for resource cdd41c91-4629-4ec2-8bdd-e1a18934770d (type: routers) to 2
2026-04-27 02:35:32.806 9 INFO neutron.wsgi [None req-41bd64f2-9fab-410e-9752-0f82582f2949 dee5d5b086f24930a92eda909de718c8 addcad97c93345fd9f9adcca167e3777 - - default default] 10.0.0.95 "PUT /v2.0/routers/cdd41c91-4629-4ec2-8bdd-e1a18934770d HTTP/1.1" status: 200 len: 662 time: 0.8337595
2026-04-27 02:35:32.831 9 INFO neutron.wsgi [None req-5fd892d4-345e-45ae-9be1-ec1cc213e846 dee5d5b086f24930a92eda909de718c8 addcad97c93345fd9f9adcca167e3777 - - default default] 10.0.0.95 "GET /v2.0/ports?device_id=cdd41c91-4629-4ec2-8bdd-e1a18934770d HTTP/1.1" status: 200 len: 205 time: 0.0181077
2026-04-27 02:35:33.123 9 INFO neutron.wsgi [None req-2cfb360d-2120-44a2-8093-ab6650dcfeea dee5d5b086f24930a92eda909de718c8 addcad97c93345fd9f9adcca167e3777 - - default default] 10.0.0.95 "DELETE /v2.0/routers/cdd41c91-4629-4ec2-8bdd-e1a18934770d HTTP/1.1" status: 204 len: 168 time: 0.2884150
2026-04-27 02:35:33.156 10 INFO neutron.wsgi [None req-83f0d7c5-c7d0-4d31-994f-4ecef713dac5 5c0b45ee84274aad8cd1378887af8c20 64fb5f15e10c41b59af4405e5d2041d9 - - default default] 10.0.0.95 "GET /v2.0/ports/e31833be-6f77-48ad-b033-e12df20c8a83 HTTP/1.1" status: 200 len: 1147 time: 0.0420492
2026-04-27 02:35:33.185 9 INFO neutron.wsgi [None req-cdc7a740-6838-412b-903a-d30a94b219f7 dee5d5b086f24930a92eda909de718c8 addcad97c93345fd9f9adcca167e3777 - - default default] 10.0.0.95 "GET /v2.0/routers/90819117-56cf-4557-b837-18b806d4b56f HTTP/1.1" status: 200 len: 655 time: 0.0562189
2026-04-27 02:35:33.663 9 INFO neutron.wsgi [None req-a2955a41-83c6-4009-b9af-51e822077df6 dee5d5b086f24930a92eda909de718c8 addcad97c93345fd9f9adcca167e3777 - - default default] 10.0.0.95 "PUT /v2.0/routers/90819117-56cf-4557-b837-18b806d4b56f HTTP/1.1" status: 200 len: 655 time: 0.4740915
2026-04-27 02:35:33.702 9 INFO neutron.wsgi [None req-d6a14b70-6068-47b8-8b82-1bf37a6597fc dee5d5b086f24930a92eda909de718c8 addcad97c93345fd9f9adcca167e3777 - - default default] 10.0.0.95 "GET /v2.0/ports?device_id=90819117-56cf-4557-b837-18b806d4b56f HTTP/1.1" status: 200 len: 205 time: 0.0299063
2026-04-27 02:35:33.703 9 WARNING neutron.plugins.ml2.drivers.ovn.mech_driver.ovsdb.ovn_client [None req-7d210d58-8cc8-43cb-ab05-3e1a60a4f8f2 - - - - - -] No hosting information found for port 3408b40e-dad1-4c42-9e24-f9965c7f368a: RuntimeError: No hosting information found for port 3408b40e-dad1-4c42-9e24-f9965c7f368a
2026-04-27 02:35:33.703 9 INFO neutron.plugins.ml2.drivers.ovn.mech_driver.mech_driver [None req-7d210d58-8cc8-43cb-ab05-3e1a60a4f8f2 - - - - - -] OVN reports status up for port: e31833be-6f77-48ad-b033-e12df20c8a83
2026-04-27 02:35:33.711 9 INFO neutron.plugins.ml2.plugin [None req-7d210d58-8cc8-43cb-ab05-3e1a60a4f8f2 - - - - - -] Attempt 1 to provision port e31833be-6f77-48ad-b033-e12df20c8a83
2026-04-27 02:35:34.012 9 INFO neutron.db.ovn_revision_numbers_db [None req-7d210d58-8cc8-43cb-ab05-3e1a60a4f8f2 - - - - - -] Successfully bumped revision number for resource e31833be-6f77-48ad-b033-e12df20c8a83 (type: ports) to 2
2026-04-27 02:35:34.052 10 INFO neutron.wsgi [None req-4d16c070-fa04-4b32-96e5-151e234b4370 dee5d5b086f24930a92eda909de718c8 addcad97c93345fd9f9adcca167e3777 - - default default] 10.0.0.95 "DELETE /v2.0/routers/90819117-56cf-4557-b837-18b806d4b56f HTTP/1.1" status: 204 len: 168 time: 0.3419776
2026-04-27 02:35:34.138 9 INFO neutron.db.ovn_revision_numbers_db [None req-7d210d58-8cc8-43cb-ab05-3e1a60a4f8f2 - - - - - -] Successfully bumped revision number for resource e31833be-6f77-48ad-b033-e12df20c8a83 (type: router_ports) to 2
2026-04-27 02:35:34.221 9 INFO neutron.wsgi [None req-be1588bf-b833-48a2-9155-af6de5dd5656 5c0b45ee84274aad8cd1378887af8c20 64fb5f15e10c41b59af4405e5d2041d9 - - default default] 10.0.0.95 "GET /v2.0/ports/e31833be-6f77-48ad-b033-e12df20c8a83 HTTP/1.1" status: 200 len: 1149 time: 0.0587087
2026-04-27 02:35:35.371 9 INFO neutron.wsgi [None req-d755eb21-f19b-4578-8998-bcf61cc4d8c4 5c0b45ee84274aad8cd1378887af8c20 64fb5f15e10c41b59af4405e5d2041d9 - - default default] 10.0.0.95 "PUT /v2.0/routers/4d72286e-d3e5-424e-bee3-59eefbfae671/remove_router_interface HTTP/1.1" status: 200 len: 503 time: 1.1410315
2026-04-27 02:35:35.373 10 INFO neutron.db.ovn_revision_numbers_db [None req-b2c2cad2-4ad9-4120-87b5-41f39bedab81 d2f0ece76a4a4fc18e3a6437eb5e3f2e 04e559e88607455baa9568180cfcced9 - - default default] Successfully bumped revision number for resource 1f2e35b2-a1ee-44a2-9199-42c42b6a86bb (type: security_groups) to 1 /var/lib/openstack/lib/python3.10/site-packages/pycadf/identifier.py:71: UserWarning: Invalid uuid: neutron. To ensure interoperability, identifiers should be a valid uuid. warnings.warn(('Invalid uuid: %s. To ensure interoperability, '
2026-04-27 02:35:35.392 10 INFO neutron.db.ovn_revision_numbers_db [None req-b2c2cad2-4ad9-4120-87b5-41f39bedab81 d2f0ece76a4a4fc18e3a6437eb5e3f2e 04e559e88607455baa9568180cfcced9 - - default default] Successfully bumped revision number for resource 13c93cb7-8dcf-4182-b352-4a77dc9fac7f (type: security_group_rules) to 0
2026-04-27 02:35:35.408 10 INFO neutron.db.ovn_revision_numbers_db [None req-b2c2cad2-4ad9-4120-87b5-41f39bedab81 d2f0ece76a4a4fc18e3a6437eb5e3f2e 04e559e88607455baa9568180cfcced9 - - default default] Successfully bumped revision number for resource 5250e793-111b-447e-a3fd-52842a0cadaa (type: security_group_rules) to 0
2026-04-27 02:35:35.426 10 INFO neutron.db.ovn_revision_numbers_db [None req-b2c2cad2-4ad9-4120-87b5-41f39bedab81 d2f0ece76a4a4fc18e3a6437eb5e3f2e 04e559e88607455baa9568180cfcced9 - - default default] Successfully bumped revision number for resource 7bc4c495-a387-499c-8c34-f414fafe91f0 (type: security_group_rules) to 0
2026-04-27 02:35:35.439 10 INFO neutron.db.ovn_revision_numbers_db [None req-b2c2cad2-4ad9-4120-87b5-41f39bedab81 d2f0ece76a4a4fc18e3a6437eb5e3f2e 04e559e88607455baa9568180cfcced9 - - default default] Successfully bumped revision number for resource 8ad68663-0116-45fc-a9f5-81149228f48a (type: security_group_rules) to 0
2026-04-27 02:35:35.455 9 INFO neutron.db.ovn_revision_numbers_db [None req-02582fbb-87fe-4664-920f-a7f4aacdf4c2 d2f0ece76a4a4fc18e3a6437eb5e3f2e 04e559e88607455baa9568180cfcced9 - - default default] Successfully bumped revision number for resource 1538f31f-0fb1-4194-b87f-9a3e7a07652b (type: security_groups) to 1
2026-04-27 02:35:35.468 10 INFO neutron.wsgi [None req-b2c2cad2-4ad9-4120-87b5-41f39bedab81 d2f0ece76a4a4fc18e3a6437eb5e3f2e 04e559e88607455baa9568180cfcced9 - - default default] 10.0.0.95 "GET /v2.0/security-groups?tenant_id=b25c6b727020422d920cfbe4f46c0869&name=default HTTP/1.1" status: 200 len: 2996 time: 0.3785291
2026-04-27 02:35:35.475 9 INFO neutron.wsgi [None req-09f608c9-9371-40b1-9b65-03e7695e597a 5c0b45ee84274aad8cd1378887af8c20 64fb5f15e10c41b59af4405e5d2041d9 - - default default] 10.0.0.95 "GET /v2.0/ports/3408b40e-dad1-4c42-9e24-f9965c7f368a HTTP/1.1" status: 200 len: 1141 time: 0.0989494
2026-04-27 02:35:35.477 9 INFO neutron.db.ovn_revision_numbers_db [None req-02582fbb-87fe-4664-920f-a7f4aacdf4c2 d2f0ece76a4a4fc18e3a6437eb5e3f2e 04e559e88607455baa9568180cfcced9 - - default default] Successfully bumped revision number for resource 4d8d9106-52bb-4cde-b4d4-d6a22c32a46e (type: security_group_rules) to 0
2026-04-27 02:35:35.508 9 INFO neutron.db.ovn_revision_numbers_db [None req-02582fbb-87fe-4664-920f-a7f4aacdf4c2 d2f0ece76a4a4fc18e3a6437eb5e3f2e 04e559e88607455baa9568180cfcced9 - - default default] Successfully bumped revision number for resource 9f22415f-f776-4d32-a615-b749893d9915 (type: security_group_rules) to 0
2026-04-27 02:35:35.536 9 INFO neutron.db.ovn_revision_numbers_db [None req-02582fbb-87fe-4664-920f-a7f4aacdf4c2 d2f0ece76a4a4fc18e3a6437eb5e3f2e 04e559e88607455baa9568180cfcced9 - - default default] Successfully bumped revision number for resource abf7b9a0-aa09-44e9-b79a-6f70f82ce3de (type: security_group_rules) to 0
2026-04-27 02:35:35.561 9 INFO neutron.db.ovn_revision_numbers_db [None req-02582fbb-87fe-4664-920f-a7f4aacdf4c2 d2f0ece76a4a4fc18e3a6437eb5e3f2e 04e559e88607455baa9568180cfcced9 - - default default] Successfully bumped revision number for resource ac7de0b8-7b38-4b10-a744-4aed07ad10e4 (type: security_group_rules) to 0
2026-04-27 02:35:35.597 9 INFO neutron.wsgi [None req-02582fbb-87fe-4664-920f-a7f4aacdf4c2 d2f0ece76a4a4fc18e3a6437eb5e3f2e 04e559e88607455baa9568180cfcced9 - - default default] 10.0.0.95 "GET /v2.0/security-groups?tenant_id=8bc220b58fae411882b56a6b36d56519&name=default HTTP/1.1" status: 200 len: 2996 time: 0.5029471
2026-04-27 02:35:35.703 10 INFO neutron.wsgi [None req-1f14a6e0-8c81-4510-82fc-78e499eeb38a d2f0ece76a4a4fc18e3a6437eb5e3f2e 04e559e88607455baa9568180cfcced9 - - default default] 10.0.0.95 "DELETE /v2.0/security-groups/1f2e35b2-a1ee-44a2-9199-42c42b6a86bb HTTP/1.1" status: 204 len: 168 time: 0.2298665
2026-04-27 02:35:35.959 10 INFO neutron.db.ovn_revision_numbers_db [None req-919dc378-55c3-4a55-9d8e-a5e0ddd8245a d2f0ece76a4a4fc18e3a6437eb5e3f2e 04e559e88607455baa9568180cfcced9 - - default default] Successfully bumped revision number for resource f30b52f1-7e0a-4810-ae6c-2c88a736a311 (type: security_groups) to 1
2026-04-27 02:35:35.973 10 INFO neutron.db.ovn_revision_numbers_db [None req-919dc378-55c3-4a55-9d8e-a5e0ddd8245a d2f0ece76a4a4fc18e3a6437eb5e3f2e 04e559e88607455baa9568180cfcced9 - - default default] Successfully bumped revision number for resource 2184ee72-ed6b-4af4-8859-36cc4a64111c (type: security_group_rules) to 0
2026-04-27 02:35:35.988 9 INFO neutron.wsgi [None req-7ccb5c67-6194-4cd3-94ab-3b103350eeaa d2f0ece76a4a4fc18e3a6437eb5e3f2e 04e559e88607455baa9568180cfcced9 - - default default] 10.0.0.95 "DELETE /v2.0/security-groups/1538f31f-0fb1-4194-b87f-9a3e7a07652b HTTP/1.1" status: 204 len: 168 time: 0.3831904
2026-04-27 02:35:35.988 10 INFO neutron.db.ovn_revision_numbers_db [None req-919dc378-55c3-4a55-9d8e-a5e0ddd8245a d2f0ece76a4a4fc18e3a6437eb5e3f2e 04e559e88607455baa9568180cfcced9 - - default default] Successfully bumped revision number for resource a832928d-86f4-42c1-abf3-a3180eddc1d5 (type: security_group_rules) to 0
2026-04-27 02:35:36.005 10 INFO neutron.db.ovn_revision_numbers_db [None req-919dc378-55c3-4a55-9d8e-a5e0ddd8245a d2f0ece76a4a4fc18e3a6437eb5e3f2e 04e559e88607455baa9568180cfcced9 - - default default] Successfully bumped revision number for resource aa4dd26d-e637-4860-9c35-e6033e6e4eed (type: security_group_rules) to 0
2026-04-27 02:35:36.019 10 INFO neutron.db.ovn_revision_numbers_db [None req-919dc378-55c3-4a55-9d8e-a5e0ddd8245a d2f0ece76a4a4fc18e3a6437eb5e3f2e 04e559e88607455baa9568180cfcced9 - - default default] Successfully bumped revision number for resource f0013f9e-bace-4c4a-a67b-83dd1a58688d (type: security_group_rules) to 0
2026-04-27 02:35:36.045 10 INFO neutron.wsgi [None req-919dc378-55c3-4a55-9d8e-a5e0ddd8245a d2f0ece76a4a4fc18e3a6437eb5e3f2e 04e559e88607455baa9568180cfcced9 - - default default] 10.0.0.95 "GET /v2.0/security-groups?tenant_id=addcad97c93345fd9f9adcca167e3777&name=default HTTP/1.1" status: 200 len: 2996 time: 0.2170045
2026-04-27 02:35:36.266 9 INFO neutron.wsgi [None req-45a31dcb-2084-4497-ae8f-e23797f4a1ec 5c0b45ee84274aad8cd1378887af8c20 64fb5f15e10c41b59af4405e5d2041d9 - - default default] 10.0.0.95 "PUT /v2.0/routers/4d72286e-d3e5-424e-bee3-59eefbfae671/remove_router_interface HTTP/1.1" status: 200 len: 503 time: 0.7863891
2026-04-27 02:35:36.267 10 INFO neutron.wsgi [None req-ab9943e4-7270-4431-bc7a-b9f1c206a2da d2f0ece76a4a4fc18e3a6437eb5e3f2e 04e559e88607455baa9568180cfcced9 - - default default] 10.0.0.95 "DELETE /v2.0/security-groups/f30b52f1-7e0a-4810-ae6c-2c88a736a311 HTTP/1.1" status: 204 len: 168 time: 0.2152846
2026-04-27 02:35:36.307 10 INFO neutron.wsgi [None req-32c28efe-724c-4c13-84db-0c27c4d46c64 5c0b45ee84274aad8cd1378887af8c20 64fb5f15e10c41b59af4405e5d2041d9 - - default default] 10.0.0.95 "GET /v2.0/ports?device_id=4d72286e-d3e5-424e-bee3-59eefbfae671 HTTP/1.1" status: 200 len: 205 time: 0.0341527 /var/lib/openstack/lib/python3.10/site-packages/pycadf/identifier.py:71: UserWarning: Invalid uuid: neutron. To ensure interoperability, identifiers should be a valid uuid. warnings.warn(('Invalid uuid: %s. To ensure interoperability, '
2026-04-27 02:35:36.632 9 INFO neutron.db.ovn_revision_numbers_db [None req-a357278d-3209-4f81-99a3-6eba19807759 d2f0ece76a4a4fc18e3a6437eb5e3f2e 04e559e88607455baa9568180cfcced9 - - default default] Successfully bumped revision number for resource 7f6af707-f6aa-46da-b376-898b2f250ee3 (type: security_groups) to 1
2026-04-27 02:35:36.646 9 INFO neutron.db.ovn_revision_numbers_db [None req-a357278d-3209-4f81-99a3-6eba19807759 d2f0ece76a4a4fc18e3a6437eb5e3f2e 04e559e88607455baa9568180cfcced9 - - default default] Successfully bumped revision number for resource 517934ad-83a6-4aeb-ac48-acfdacea28c2 (type: security_group_rules) to 0
2026-04-27 02:35:36.662 9 INFO neutron.db.ovn_revision_numbers_db [None req-a357278d-3209-4f81-99a3-6eba19807759 d2f0ece76a4a4fc18e3a6437eb5e3f2e 04e559e88607455baa9568180cfcced9 - - default default] Successfully bumped revision number for resource 8a44ac5c-a520-4754-99ba-6e13a033e6ff (type: security_group_rules) to 0
2026-04-27 02:35:36.680 9 INFO neutron.db.ovn_revision_numbers_db [None req-a357278d-3209-4f81-99a3-6eba19807759 d2f0ece76a4a4fc18e3a6437eb5e3f2e 04e559e88607455baa9568180cfcced9 - - default default] Successfully bumped revision number for resource 8d8f111c-0457-4d3d-ad62-69c0e7b90df7 (type: security_group_rules) to 0
2026-04-27 02:35:36.698 9 INFO neutron.db.ovn_revision_numbers_db [None req-a357278d-3209-4f81-99a3-6eba19807759 d2f0ece76a4a4fc18e3a6437eb5e3f2e 04e559e88607455baa9568180cfcced9 - - default default] Successfully bumped revision number for resource 92b5c1bc-17f9-4728-8c54-928d24d21d6e (type: security_group_rules) to 0
2026-04-27 02:35:36.728 9 INFO neutron.wsgi [None req-a357278d-3209-4f81-99a3-6eba19807759 d2f0ece76a4a4fc18e3a6437eb5e3f2e 04e559e88607455baa9568180cfcced9 - - default default] 10.0.0.95 "GET /v2.0/security-groups?tenant_id=afd15dab25904573bfdfcdbfd1f16a5e&name=default HTTP/1.1" status: 200 len: 2996 time: 0.2630768
2026-04-27 02:35:36.863 10 INFO neutron.wsgi [None req-1ccab10b-67df-4aff-968a-4392ad151714 5c0b45ee84274aad8cd1378887af8c20 64fb5f15e10c41b59af4405e5d2041d9 - - default default] 10.0.0.95 "DELETE /v2.0/routers/4d72286e-d3e5-424e-bee3-59eefbfae671 HTTP/1.1" status: 204 len: 168 time: 0.5512893
2026-04-27 02:35:36.991 9 INFO neutron.wsgi [None req-d4c73d55-45a8-46aa-83ee-bb593cc5ad5e d2f0ece76a4a4fc18e3a6437eb5e3f2e 04e559e88607455baa9568180cfcced9 - - default default] 10.0.0.95 "DELETE /v2.0/security-groups/7f6af707-f6aa-46da-b376-898b2f250ee3 HTTP/1.1" status: 204 len: 168 time: 0.2405627
2026-04-27 02:35:37.137 10 INFO neutron.wsgi [None req-5e196d78-916b-4154-8f71-b57510ab0369 5c0b45ee84274aad8cd1378887af8c20 64fb5f15e10c41b59af4405e5d2041d9 - - default default] 10.0.0.95 "DELETE /v2.0/subnets/1aba9015-b476-4be8-a840-db4fda2a3711 HTTP/1.1" status: 204 len: 168 time: 0.2666388
2026-04-27 02:35:37.308 10 INFO neutron.wsgi [None req-fa78e124-38fb-4766-adc8-6660e8123eb5 5c0b45ee84274aad8cd1378887af8c20 64fb5f15e10c41b59af4405e5d2041d9 - - default default] 10.0.0.95 "DELETE /v2.0/subnets/20126cf6-8df6-44bf-93d6-d28d7aa549c6 HTTP/1.1" status: 204 len: 168 time: 0.1654968
2026-04-27 02:35:37.486 9 INFO neutron.wsgi [req-574649a8-2a68-43ba-8be1-304e8e5d1884 req-63a447f9-64c5-4fe9-afd8-d06aa0624bfd 87865b9db0564c6396c9aa3603685f3b b46907eb62f4475c98952fc005d9a697 - - a195706c00b84a829d1be0d41577f697 a195706c00b84a829d1be0d41577f697] 10.0.0.243 "GET /v2.0/ports?device_id=a88f3a41-76d8-4116-a90a-63a1072dc486 HTTP/1.1" status: 200 len: 1409 time: 0.3311424
2026-04-27 02:35:37.546 9 INFO neutron.wsgi [req-574649a8-2a68-43ba-8be1-304e8e5d1884 req-506818f9-feb6-43eb-9795-749a158fad20 87865b9db0564c6396c9aa3603685f3b b46907eb62f4475c98952fc005d9a697 - - a195706c00b84a829d1be0d41577f697 a195706c00b84a829d1be0d41577f697] 10.0.0.243 "GET /v2.0/security-groups?id=d6f695f9-a65f-4d3d-ab8c-a3415d890119&fields=id&fields=name HTTP/1.1" status: 200 len: 312 time: 0.0511045
2026-04-27 02:35:37.678 10 INFO neutron.services.segments.plugin [-] Segment a6b351be-ca8f-4c84-8712-fd0556ccfd35 resource provider aggregate not found
2026-04-27 02:35:37.683 10 INFO neutron.services.segments.plugin [-] Segment a6b351be-ca8f-4c84-8712-fd0556ccfd35 resource provider aggregate not found
2026-04-27 02:35:37.721 10 INFO neutron.services.segments.plugin [-] Segment a6b351be-ca8f-4c84-8712-fd0556ccfd35 resource provider not found; error: Placement Client Error (4xx): {"errors": [{"status": 404, "title": "Not Found", "detail": "The resource could not be found.\n\n No resource provider with uuid a6b351be-ca8f-4c84-8712-fd0556ccfd35 found for delete ", "request_id": "req-bf97d5ee-a730-42a3-b5a6-179e96959f92"}]}
2026-04-27 02:35:37.741 10 INFO neutron.wsgi [None req-eb1882b7-4396-4eac-a548-3189258a08f7 5c0b45ee84274aad8cd1378887af8c20 64fb5f15e10c41b59af4405e5d2041d9 - - default default] 10.0.0.95 "DELETE /v2.0/networks/2c00f6bf-8507-41f7-9ef7-5dd939045ee7 HTTP/1.1" status: 204 len: 168 time: 0.4258099
2026-04-27 02:35:37.773 10 INFO neutron.services.segments.plugin [-] Segment a6b351be-ca8f-4c84-8712-fd0556ccfd35 resource provider not found; error: Placement Client Error (4xx): {"errors": [{"status": 404, "title": "Not Found", "detail": "The resource could not be found.\n\n No resource provider with uuid a6b351be-ca8f-4c84-8712-fd0556ccfd35 found for delete ", "request_id": "req-ab5e6324-070f-4c85-92c2-427852fe1acb"}]}
2026-04-27 02:35:38.157 9 INFO neutron.services.segments.plugin [-] Segment d4408f85-f09d-4e29-8c89-74141585dc0c resource provider aggregate not found
2026-04-27 02:35:38.163 9 INFO neutron.services.segments.plugin [-] Segment d4408f85-f09d-4e29-8c89-74141585dc0c resource provider aggregate not found
2026-04-27 02:35:38.181 9 INFO neutron.services.segments.plugin [-] Segment d4408f85-f09d-4e29-8c89-74141585dc0c resource provider not found; error: Placement Client Error (4xx): {"errors": [{"status": 404, "title": "Not Found", "detail": "The resource could not be found.\n\n No resource provider with uuid d4408f85-f09d-4e29-8c89-74141585dc0c found for delete ", "request_id": "req-bfe4c190-5635-4d84-af77-174e61565954"}]}
2026-04-27 02:35:38.183 9 INFO neutron.services.segments.plugin [-] Segment d4408f85-f09d-4e29-8c89-74141585dc0c resource provider not found; error: Placement Client Error (4xx): {"errors": [{"status": 404, "title": "Not Found", "detail": "The resource could not be found.\n\n No resource provider with uuid d4408f85-f09d-4e29-8c89-74141585dc0c found for delete ", "request_id": "req-b3b568d7-5351-4361-912d-0e466297e6b5"}]}
2026-04-27 02:35:38.214 9 INFO neutron.wsgi [None req-5360a97f-9216-4007-9c48-017eb900fce2 5c0b45ee84274aad8cd1378887af8c20 64fb5f15e10c41b59af4405e5d2041d9 - - default default] 10.0.0.95 "DELETE /v2.0/networks/c7368484-af77-45d2-a51e-50875f2537e3 HTTP/1.1" status: 204 len: 168 time: 0.4662447
2026-04-27 02:35:38.227 9 WARNING neutron_lib.context [None req-abca8c0d-7d25-4e27-9224-25d3cbc29741 5c0b45ee84274aad8cd1378887af8c20 64fb5f15e10c41b59af4405e5d2041d9 - - default default] Method 'is_advsvc' is deprecated since 2023.2 release (neutron-lib 3.8.0) and will be removed once support for the old RBAC API policies will be removed from Neutron. Please use method 'is_service_role' instead.
2026-04-27 02:35:38.237 10 INFO neutron.db.ovn_revision_numbers_db [None req-d77d34be-6b34-4a87-b299-96fe13216df3 d2f0ece76a4a4fc18e3a6437eb5e3f2e 04e559e88607455baa9568180cfcced9 - - default default] Successfully bumped revision number for resource 74f8cd0d-3506-40f9-a1ba-4fd4eeb590c2 (type: security_groups) to 1
2026-04-27 02:35:38.255 10 INFO neutron.db.ovn_revision_numbers_db [None req-d77d34be-6b34-4a87-b299-96fe13216df3 d2f0ece76a4a4fc18e3a6437eb5e3f2e 04e559e88607455baa9568180cfcced9 - - default default] Successfully bumped revision number for resource 4823fdc0-a852-4532-9024-fbc965b28539 (type: security_group_rules) to 0
2026-04-27 02:35:38.270 10 INFO neutron.db.ovn_revision_numbers_db [None req-d77d34be-6b34-4a87-b299-96fe13216df3 d2f0ece76a4a4fc18e3a6437eb5e3f2e 04e559e88607455baa9568180cfcced9 - - default default] Successfully bumped revision number for resource 4a8cc9e4-01b6-4a79-b278-de7a8dc2c617 (type: security_group_rules) to 0
2026-04-27 02:35:38.287 10 INFO neutron.db.ovn_revision_numbers_db [None req-d77d34be-6b34-4a87-b299-96fe13216df3 d2f0ece76a4a4fc18e3a6437eb5e3f2e 04e559e88607455baa9568180cfcced9 - - default default] Successfully bumped revision number for resource 9e520ba9-f7b0-43be-ae5c-f4fb775a4ac3 (type: security_group_rules) to 0
2026-04-27 02:35:38.300 10 INFO neutron.db.ovn_revision_numbers_db [None req-d77d34be-6b34-4a87-b299-96fe13216df3 d2f0ece76a4a4fc18e3a6437eb5e3f2e 04e559e88607455baa9568180cfcced9 - - default default] Successfully bumped revision number for resource e9bff330-e7d3-4183-b76d-137e0c0df90d (type: security_group_rules) to 0
2026-04-27 02:35:38.315 9 INFO neutron.db.segments_db [None req-abca8c0d-7d25-4e27-9224-25d3cbc29741 5c0b45ee84274aad8cd1378887af8c20 64fb5f15e10c41b59af4405e5d2041d9 - - default default] Added segment 7fc69417-b8a0-4542-aef0-2776cb6409f2 of type geneve for network 04f45b14-e9be-46f3-b03a-5863bbe8e13e
2026-04-27 02:35:38.352 10 INFO neutron.db.segments_db [None req-d77d34be-6b34-4a87-b299-96fe13216df3 d2f0ece76a4a4fc18e3a6437eb5e3f2e 04e559e88607455baa9568180cfcced9 - - default default] Added segment d0b8d47d-1812-4b73-872f-d5aed5f35942 of type geneve for network ba193612-38dc-42fb-9ee4-e39f26f37f60
2026-04-27 02:35:38.455 9 INFO neutron.db.ovn_revision_numbers_db [None req-abca8c0d-7d25-4e27-9224-25d3cbc29741 5c0b45ee84274aad8cd1378887af8c20 64fb5f15e10c41b59af4405e5d2041d9 - - default default] Successfully bumped revision number for resource 04f45b14-e9be-46f3-b03a-5863bbe8e13e (type: networks) to 1
2026-04-27 02:35:38.526 10 INFO neutron.db.ovn_revision_numbers_db [None req-d77d34be-6b34-4a87-b299-96fe13216df3 d2f0ece76a4a4fc18e3a6437eb5e3f2e 04e559e88607455baa9568180cfcced9 - - default default] Successfully bumped revision number for resource ba193612-38dc-42fb-9ee4-e39f26f37f60 (type: networks) to 1
2026-04-27 02:35:38.657 9 WARNING neutron.scheduler.dhcp_agent_scheduler [None req-abca8c0d-7d25-4e27-9224-25d3cbc29741 5c0b45ee84274aad8cd1378887af8c20 64fb5f15e10c41b59af4405e5d2041d9 - - default default] No more DHCP agents
2026-04-27 02:35:38.659 9 WARNING neutron.api.rpc.agentnotifiers.dhcp_rpc_agent_api [None req-abca8c0d-7d25-4e27-9224-25d3cbc29741 5c0b45ee84274aad8cd1378887af8c20 64fb5f15e10c41b59af4405e5d2041d9 - - default default] Unable to schedule network 04f45b14-e9be-46f3-b03a-5863bbe8e13e: no agents available; will retry on subsequent port and subnet creation events.
2026-04-27 02:35:38.724 10 WARNING neutron.scheduler.dhcp_agent_scheduler [None req-d77d34be-6b34-4a87-b299-96fe13216df3 d2f0ece76a4a4fc18e3a6437eb5e3f2e 04e559e88607455baa9568180cfcced9 - - default default] No more DHCP agents
2026-04-27 02:35:38.726 10 WARNING neutron.api.rpc.agentnotifiers.dhcp_rpc_agent_api [None req-d77d34be-6b34-4a87-b299-96fe13216df3 d2f0ece76a4a4fc18e3a6437eb5e3f2e 04e559e88607455baa9568180cfcced9 - - default default] Unable to schedule network ba193612-38dc-42fb-9ee4-e39f26f37f60: no agents available; will retry on subsequent port and subnet creation events.
2026-04-27 02:35:38.742 9 INFO neutron.db.ovn_revision_numbers_db [None req-abca8c0d-7d25-4e27-9224-25d3cbc29741 5c0b45ee84274aad8cd1378887af8c20 64fb5f15e10c41b59af4405e5d2041d9 - - default default] Successfully bumped revision number for resource 798c5a8a-4163-4ab1-afc3-89ae4cfb114c (type: ports) to 1
2026-04-27 02:35:38.763 9 INFO neutron.wsgi [None req-abca8c0d-7d25-4e27-9224-25d3cbc29741 5c0b45ee84274aad8cd1378887af8c20 64fb5f15e10c41b59af4405e5d2041d9 - - default default] 10.0.0.95 "POST /v2.0/networks HTTP/1.1" status: 201 len: 833 time: 0.5395267
2026-04-27 02:35:38.774 9 WARNING neutron_lib.context [None req-3f77de39-e781-43b0-aa3a-e8139c3f8ff8 5c0b45ee84274aad8cd1378887af8c20 64fb5f15e10c41b59af4405e5d2041d9 - - default default] Method 'is_advsvc' is deprecated since 2023.2 release (neutron-lib 3.8.0) and will be removed once support for the old RBAC API policies will be removed from Neutron. Please use method 'is_service_role' instead.
2026-04-27 02:35:38.795 9 WARNING neutron.plugins.ml2.drivers.ovn.mech_driver.ovsdb.ovn_client [None req-7d210d58-8cc8-43cb-ab05-3e1a60a4f8f2 - - - - - -] No port found with ID e31833be-6f77-48ad-b033-e12df20c8a83: RuntimeError: No port found with ID e31833be-6f77-48ad-b033-e12df20c8a83
2026-04-27 02:35:38.837 10 INFO neutron.db.ovn_revision_numbers_db [None req-d77d34be-6b34-4a87-b299-96fe13216df3 d2f0ece76a4a4fc18e3a6437eb5e3f2e 04e559e88607455baa9568180cfcced9 - - default default] Successfully bumped revision number for resource 7d0c6d67-70da-4a2f-acc7-3af63fb0748e (type: ports) to 1
2026-04-27 02:35:38.872 10 INFO neutron.wsgi [None req-d77d34be-6b34-4a87-b299-96fe13216df3 d2f0ece76a4a4fc18e3a6437eb5e3f2e 04e559e88607455baa9568180cfcced9 - - default default] 10.0.0.95 "POST /v2.0/networks HTTP/1.1" status: 201 len: 943 time: 0.9631155
2026-04-27 02:35:39.075 10 WARNING neutron.scheduler.dhcp_agent_scheduler [None req-e153d2d9-ade7-47f6-9170-df3a5d93205b d2f0ece76a4a4fc18e3a6437eb5e3f2e 04e559e88607455baa9568180cfcced9 - - default default] No more DHCP agents
2026-04-27 02:35:39.080 10 WARNING neutron.api.rpc.agentnotifiers.dhcp_rpc_agent_api [None req-e153d2d9-ade7-47f6-9170-df3a5d93205b d2f0ece76a4a4fc18e3a6437eb5e3f2e 04e559e88607455baa9568180cfcced9 - - default default] Unable to schedule network ba193612-38dc-42fb-9ee4-e39f26f37f60: no agents available; will retry on subsequent port and subnet creation events.
2026-04-27 02:35:39.089 9 WARNING neutron.scheduler.dhcp_agent_scheduler [None req-3f77de39-e781-43b0-aa3a-e8139c3f8ff8 5c0b45ee84274aad8cd1378887af8c20 64fb5f15e10c41b59af4405e5d2041d9 - - default default] No more DHCP agents
2026-04-27 02:35:39.091 9 WARNING neutron.api.rpc.agentnotifiers.dhcp_rpc_agent_api [None req-3f77de39-e781-43b0-aa3a-e8139c3f8ff8 5c0b45ee84274aad8cd1378887af8c20 64fb5f15e10c41b59af4405e5d2041d9 - - default default] Unable to schedule network 04f45b14-e9be-46f3-b03a-5863bbe8e13e: no agents available; will retry on subsequent port and subnet creation events.
2026-04-27 02:35:39.130 9 INFO neutron.db.ovn_revision_numbers_db [None req-3f77de39-e781-43b0-aa3a-e8139c3f8ff8 5c0b45ee84274aad8cd1378887af8c20 64fb5f15e10c41b59af4405e5d2041d9 - - default default] Successfully bumped revision number for resource 25cdc38f-00f4-47e4-be16-0c5d07ca79cf (type: subnets) to 0
2026-04-27 02:35:39.150 9 INFO neutron.wsgi [None req-3f77de39-e781-43b0-aa3a-e8139c3f8ff8 5c0b45ee84274aad8cd1378887af8c20 64fb5f15e10c41b59af4405e5d2041d9 - - default default] 10.0.0.95 "POST /v2.0/subnets HTTP/1.1" status: 201 len: 821 time: 0.3815989
2026-04-27 02:35:39.163 9 WARNING neutron_lib.context [None req-86e74ffe-dd0d-4e12-891a-55912d461eaf 5c0b45ee84274aad8cd1378887af8c20 64fb5f15e10c41b59af4405e5d2041d9 - - default default] Method 'is_advsvc' is deprecated since 2023.2 release (neutron-lib 3.8.0) and will be removed once support for the old RBAC API policies will be removed from Neutron. Please use method 'is_service_role' instead.
2026-04-27 02:35:39.358 9 INFO neutron.db.ovn_revision_numbers_db [None req-86e74ffe-dd0d-4e12-891a-55912d461eaf 5c0b45ee84274aad8cd1378887af8c20 64fb5f15e10c41b59af4405e5d2041d9 - - default default] Successfully bumped revision number for resource 46e9f0d6-5215-4aee-b1d6-9503cc03f94a (type: routers) to 1
2026-04-27 02:35:39.376 9 INFO neutron.wsgi [None req-86e74ffe-dd0d-4e12-891a-55912d461eaf 5c0b45ee84274aad8cd1378887af8c20 64fb5f15e10c41b59af4405e5d2041d9 - - default default] 10.0.0.95 "POST /v2.0/routers HTTP/1.1" status: 201 len: 691 time: 0.2195103
2026-04-27 02:35:39.387 9 WARNING neutron_lib.context [None req-5ca9a526-a846-471e-a07c-e1cf05ea26c5 5c0b45ee84274aad8cd1378887af8c20 64fb5f15e10c41b59af4405e5d2041d9 - - default default] Method 'is_advsvc' is deprecated since 2023.2 release (neutron-lib 3.8.0) and will be removed once support for the old RBAC API policies will be removed from Neutron. Please use method 'is_service_role' instead.
2026-04-27 02:35:39.503 10 INFO neutron.wsgi [-] 10.0.0.81 "GET / HTTP/1.1" status: 200 len: 247 time: 0.0028369
2026-04-27 02:35:39.506 10 INFO neutron.wsgi [-] 10.0.0.81 "GET / HTTP/1.1" status: 200 len: 247 time: 0.0022030
2026-04-27 02:35:39.685 10 INFO neutron.db.ovn_revision_numbers_db [None req-e153d2d9-ade7-47f6-9170-df3a5d93205b d2f0ece76a4a4fc18e3a6437eb5e3f2e 04e559e88607455baa9568180cfcced9 - - default default] Successfully bumped revision number for resource 7d0c6d67-70da-4a2f-acc7-3af63fb0748e (type: ports) to 2
2026-04-27 02:35:39.726 10 INFO neutron.db.ovn_revision_numbers_db [None req-e153d2d9-ade7-47f6-9170-df3a5d93205b d2f0ece76a4a4fc18e3a6437eb5e3f2e 04e559e88607455baa9568180cfcced9 - - default default] Successfully bumped revision number for resource 09c96ac4-cf31-476d-9e8f-b93420045a42 (type: subnets) to 0
2026-04-27 02:35:39.743 10 INFO neutron.wsgi [None req-e153d2d9-ade7-47f6-9170-df3a5d93205b d2f0ece76a4a4fc18e3a6437eb5e3f2e 04e559e88607455baa9568180cfcced9 - - default default] 10.0.0.95 "POST /v2.0/subnets HTTP/1.1" status: 201 len: 863 time: 0.8648198
2026-04-27 02:35:39.773 9 WARNING neutron.scheduler.dhcp_agent_scheduler [None req-5ca9a526-a846-471e-a07c-e1cf05ea26c5 5c0b45ee84274aad8cd1378887af8c20 64fb5f15e10c41b59af4405e5d2041d9 - - default default] No more DHCP agents
2026-04-27 02:35:39.777 9 WARNING neutron.api.rpc.agentnotifiers.dhcp_rpc_agent_api [None req-5ca9a526-a846-471e-a07c-e1cf05ea26c5 5c0b45ee84274aad8cd1378887af8c20 64fb5f15e10c41b59af4405e5d2041d9 - - default default] Unable to schedule network 04f45b14-e9be-46f3-b03a-5863bbe8e13e: no agents available; will retry on subsequent port and subnet creation events. /var/lib/openstack/lib/python3.10/site-packages/pycadf/identifier.py:71: UserWarning: Invalid uuid: neutron. To ensure interoperability, identifiers should be a valid uuid. warnings.warn(('Invalid uuid: %s. To ensure interoperability, '
2026-04-27 02:35:39.869 10 INFO neutron.plugins.ml2.drivers.ovn.mech_driver.mech_driver [None req-e6346f3f-a6e5-489c-b37e-770d5ff2662c - - - - - -] OVN reports status down for port: 3401f1f6-3e88-46b7-8e07-dc3b8e7db48b
2026-04-27 02:35:39.944 9 INFO neutron.wsgi [req-e1d5b9e8-d367-4264-88bb-5dd33e110d7d req-14140f04-595f-4628-934b-8b03e275e93b 2fe39306c8ce4ff88581767bb8163735 cf0af788e88b4553860f36d93573576e - - default default] 10.0.0.104 "GET /v2.0/ports?device_id=a88f3a41-76d8-4116-a90a-63a1072dc486 HTTP/1.1" status: 200 len: 1170 time: 0.1688132
2026-04-27 02:35:40.093 10 INFO neutron.notifiers.nova [-] Nova event matching ['req-2dc59645-b452-4cfd-bc64-860905f5ae24'] response: {'server_uuid': 'a88f3a41-76d8-4116-a90a-63a1072dc486', 'name': 'network-vif-unplugged', 'status': 'completed', 'tag': '3401f1f6-3e88-46b7-8e07-dc3b8e7db48b', 'code': 200}
2026-04-27 02:35:40.346 9 INFO neutron.db.ovn_revision_numbers_db [None req-5ca9a526-a846-471e-a07c-e1cf05ea26c5 5c0b45ee84274aad8cd1378887af8c20 64fb5f15e10c41b59af4405e5d2041d9 - - default default] Successfully bumped revision number for resource 66346248-cf29-4e8e-96d1-95938a28fc4f (type: ports) to 1
2026-04-27 02:35:40.346 10 INFO neutron.wsgi [req-97dea5ce-7818-41df-b9ce-890d5a9c8aff req-34c49f3d-2d35-4376-8d7b-3f025c7835e3 2fe39306c8ce4ff88581767bb8163735 cf0af788e88b4553860f36d93573576e - - default default] 199.204.45.238 "GET /v2.0/ports?device_id=a88f3a41-76d8-4116-a90a-63a1072dc486 HTTP/1.1" status: 200 len: 1168 time: 0.2198524
2026-04-27 02:35:40.358 9 INFO neutron.wsgi [req-e1d5b9e8-d367-4264-88bb-5dd33e110d7d req-ebe10525-25ae-4e08-9431-db1924d9d1aa 2fe39306c8ce4ff88581767bb8163735 cf0af788e88b4553860f36d93573576e - - default default] 10.0.0.104 "GET /v2.0/security-groups?id=d6f695f9-a65f-4d3d-ab8c-a3415d890119&fields=id&fields=name HTTP/1.1" status: 200 len: 312 time: 0.4094853
2026-04-27 02:35:40.391 9 INFO neutron.wsgi [None req-5ca9a526-a846-471e-a07c-e1cf05ea26c5 5c0b45ee84274aad8cd1378887af8c20 64fb5f15e10c41b59af4405e5d2041d9 - - default default] 10.0.0.95 "POST /v2.0/ports HTTP/1.1" status: 201 len: 1163 time: 1.0095136
2026-04-27 02:35:40.532 10 INFO neutron.db.ovn_revision_numbers_db [None req-e6346f3f-a6e5-489c-b37e-770d5ff2662c - - - - - -] Successfully bumped revision number for resource 3401f1f6-3e88-46b7-8e07-dc3b8e7db48b (type: ports) to 5
2026-04-27 02:35:40.599 10 WARNING neutron.scheduler.dhcp_agent_scheduler [None req-2e675d9d-f0f7-4177-90a4-61d2b5b45d4e d2f0ece76a4a4fc18e3a6437eb5e3f2e 04e559e88607455baa9568180cfcced9 - - default default] No more DHCP agents
2026-04-27 02:35:40.606 10 WARNING neutron.api.rpc.agentnotifiers.dhcp_rpc_agent_api [None req-2e675d9d-f0f7-4177-90a4-61d2b5b45d4e d2f0ece76a4a4fc18e3a6437eb5e3f2e 04e559e88607455baa9568180cfcced9 - - default default] Unable to schedule network a208acb5-3ade-46b4-af89-4a48fa2d5633: no agents available; will retry on subsequent port and subnet creation events.
2026-04-27 02:35:40.860 9 INFO neutron.db.ovn_revision_numbers_db [None req-af9e45bd-939c-4da3-b4f9-0b76bd05da02 5c0b45ee84274aad8cd1378887af8c20 64fb5f15e10c41b59af4405e5d2041d9 - - default default] Successfully bumped revision number for resource 66346248-cf29-4e8e-96d1-95938a28fc4f (type: router_ports) to 2
2026-04-27 02:35:41.029 9 INFO neutron.db.ovn_revision_numbers_db [None req-af9e45bd-939c-4da3-b4f9-0b76bd05da02 5c0b45ee84274aad8cd1378887af8c20 64fb5f15e10c41b59af4405e5d2041d9 - - default default] Successfully bumped revision number for resource 66346248-cf29-4e8e-96d1-95938a28fc4f (type: ports) to 2
2026-04-27 02:35:41.031 10 INFO neutron.plugins.ml2.drivers.ovn.mech_driver.mech_driver [None req-e6346f3f-a6e5-489c-b37e-770d5ff2662c - - - - - -] OVN reports status up for port: 66346248-cf29-4e8e-96d1-95938a28fc4f
2026-04-27 02:35:41.064 10 INFO neutron.plugins.ml2.plugin [None req-e6346f3f-a6e5-489c-b37e-770d5ff2662c - - - - - -] Attempt 1 to provision port 66346248-cf29-4e8e-96d1-95938a28fc4f
2026-04-27 02:35:41.314 10 INFO neutron.db.ovn_revision_numbers_db [None req-2e675d9d-f0f7-4177-90a4-61d2b5b45d4e d2f0ece76a4a4fc18e3a6437eb5e3f2e 04e559e88607455baa9568180cfcced9 - - default default] Successfully bumped revision number for resource aa1a4375-a3eb-4c81-9f35-8aa7843443e5 (type: ports) to 1
2026-04-27 02:35:41.326 10 INFO neutron.db.l3_db [req-97dea5ce-7818-41df-b9ce-890d5a9c8aff req-d4c30f66-eb79-4f29-af1b-8bf6886b24a2 2fe39306c8ce4ff88581767bb8163735 cf0af788e88b4553860f36d93573576e - - default default] Floating IP 68ff9d9e-6709-44a6-be1d-16637cac5873 disassociated. External IP: 10.96.250.201, port: 3401f1f6-3e88-46b7-8e07-dc3b8e7db48b. /var/lib/openstack/lib/python3.10/site-packages/pycadf/identifier.py:71: UserWarning: Invalid uuid: neutron. To ensure interoperability, identifiers should be a valid uuid. warnings.warn(('Invalid uuid: %s. To ensure interoperability, '
2026-04-27 02:35:41.502 9 INFO neutron.wsgi [req-4ddf5506-115e-4742-81b2-5472767902be req-5f7d9974-bcfa-4c2b-a7d0-6528e37455b7 2fe39306c8ce4ff88581767bb8163735 cf0af788e88b4553860f36d93573576e - - default default] 10.0.0.104 "GET /v2.0/ports?device_id=a88f3a41-76d8-4116-a90a-63a1072dc486 HTTP/1.1" status: 200 len: 1168 time: 0.0583513
2026-04-27 02:35:41.560 9 INFO neutron.wsgi [req-4ddf5506-115e-4742-81b2-5472767902be req-003cf336-bd28-4046-aa52-0969b96be9fd 2fe39306c8ce4ff88581767bb8163735 cf0af788e88b4553860f36d93573576e - - default default] 10.0.0.104 "GET /v2.0/security-groups?id=d6f695f9-a65f-4d3d-ab8c-a3415d890119&fields=id&fields=name HTTP/1.1" status: 200 len: 312 time: 0.0507536
2026-04-27 02:35:41.592 9 WARNING neutron_lib.context [None req-d3bece2f-be18-4aee-a054-d3ce21fc5704 31362d1cc1924cf995c064d56cd3d767 2bb8f3724b104a688bcc03a2e7e39163 - - default default] Method 'is_advsvc' is deprecated since 2023.2 release (neutron-lib 3.8.0) and will be removed once support for the old RBAC API policies will be removed from Neutron. Please use method 'is_service_role' instead.
2026-04-27 02:35:41.657 10 INFO neutron.db.ovn_revision_numbers_db [None req-e6346f3f-a6e5-489c-b37e-770d5ff2662c - - - - - -] Successfully bumped revision number for resource 66346248-cf29-4e8e-96d1-95938a28fc4f (type: ports) to 3
2026-04-27 02:35:41.689 10 INFO neutron.wsgi [req-97dea5ce-7818-41df-b9ce-890d5a9c8aff req-d4c30f66-eb79-4f29-af1b-8bf6886b24a2 2fe39306c8ce4ff88581767bb8163735 cf0af788e88b4553860f36d93573576e - - default default] 199.204.45.238 "DELETE /v2.0/ports/3401f1f6-3e88-46b7-8e07-dc3b8e7db48b HTTP/1.1" status: 204 len: 173 time: 1.3369796
2026-04-27 02:35:41.753 9 INFO neutron.db.ovn_revision_numbers_db [None req-d3bece2f-be18-4aee-a054-d3ce21fc5704 31362d1cc1924cf995c064d56cd3d767 2bb8f3724b104a688bcc03a2e7e39163 - - default default] Successfully bumped revision number for resource 2f9b6a3d-b479-4bc4-91eb-9a0fdb216b9d (type: security_groups) to 1
2026-04-27 02:35:41.770 9 INFO neutron.db.ovn_revision_numbers_db [None req-d3bece2f-be18-4aee-a054-d3ce21fc5704 31362d1cc1924cf995c064d56cd3d767 2bb8f3724b104a688bcc03a2e7e39163 - - default default] Successfully bumped revision number for resource 0af41a9c-3223-4ef8-9e0b-7b0887832e08 (type: security_group_rules) to 0
2026-04-27 02:35:41.786 9 INFO neutron.db.ovn_revision_numbers_db [None req-d3bece2f-be18-4aee-a054-d3ce21fc5704 31362d1cc1924cf995c064d56cd3d767 2bb8f3724b104a688bcc03a2e7e39163 - - default default] Successfully bumped revision number for resource 80674252-08a5-4337-9da5-a401dd02d87b (type: security_group_rules) to 0
2026-04-27 02:35:41.801 9 INFO neutron.db.ovn_revision_numbers_db [None req-d3bece2f-be18-4aee-a054-d3ce21fc5704 31362d1cc1924cf995c064d56cd3d767 2bb8f3724b104a688bcc03a2e7e39163 - - default default] Successfully bumped revision number for resource 8613aaef-19cc-4c33-a85a-9b2ff5579545 (type: security_group_rules) to 0
2026-04-27 02:35:41.813 10 INFO neutron.db.ovn_revision_numbers_db [None req-e6346f3f-a6e5-489c-b37e-770d5ff2662c - - - - - -] Successfully bumped revision number for resource 66346248-cf29-4e8e-96d1-95938a28fc4f (type: router_ports) to 3
2026-04-27 02:35:41.819 9 INFO neutron.db.ovn_revision_numbers_db [None req-d3bece2f-be18-4aee-a054-d3ce21fc5704 31362d1cc1924cf995c064d56cd3d767 2bb8f3724b104a688bcc03a2e7e39163 - - default default] Successfully bumped revision number for resource c60b5a7d-56c7-4d3e-889a-8fc94d6efa71 (type: security_group_rules) to 0
2026-04-27 02:35:41.888 9 INFO neutron.db.segments_db [None req-d3bece2f-be18-4aee-a054-d3ce21fc5704 31362d1cc1924cf995c064d56cd3d767 2bb8f3724b104a688bcc03a2e7e39163 - - default default] Added segment 45630511-1a46-475a-ba75-74ee0bc11451 of type geneve for network 12af2db4-a29f-4d3d-bf82-353c31ad62d7
2026-04-27 02:35:42.123 9 INFO neutron.db.ovn_revision_numbers_db [None req-d3bece2f-be18-4aee-a054-d3ce21fc5704 31362d1cc1924cf995c064d56cd3d767 2bb8f3724b104a688bcc03a2e7e39163 - - default default] Successfully bumped revision number for resource 12af2db4-a29f-4d3d-bf82-353c31ad62d7 (type: networks) to 1
2026-04-27 02:35:42.133 10 INFO neutron.notifiers.nova [-] Nova event matching ['req-9ccdb825-1291-4db5-b788-cf3ec89ea1d4'] response: {'server_uuid': 'a88f3a41-76d8-4116-a90a-63a1072dc486', 'name': 'network-vif-plugged', 'status': 'completed', 'tag': '3401f1f6-3e88-46b7-8e07-dc3b8e7db48b', 'code': 200}
2026-04-27 02:35:42.133 10 INFO neutron.notifiers.nova [-] Nova event matching ['req-9ccdb825-1291-4db5-b788-cf3ec89ea1d4'] response: {'server_uuid': 'a88f3a41-76d8-4116-a90a-63a1072dc486', 'name': 'network-vif-deleted', 'tag': '3401f1f6-3e88-46b7-8e07-dc3b8e7db48b', 'status': 'completed', 'code': 200}
2026-04-27 02:35:42.182 9 INFO neutron.plugins.ml2.drivers.ovn.mech_driver.mech_driver [None req-7d210d58-8cc8-43cb-ab05-3e1a60a4f8f2 - - - - - -] OVN reports status up for port: aa1a4375-a3eb-4c81-9f35-8aa7843443e5
