2026-04-27 02:36:49.616 10 INFO neutron.wsgi [None req-c9494b2b-0abf-4353-93a9-44da00f84ba8 9f8856bfd14c4f83b3006187d6f14c19 c292ab04ce6647fc96b913dc3572b967 - - default default] 10.0.0.95 "PUT /v2.0/trunks/d94f0c10-f0f5-42d2-a657-f5f196a76b68/tags/green HTTP/1.1" status: 201 len: 201 time: 0.0403540
2026-04-27 02:36:49.621 9 INFO neutron.wsgi [None req-888f1969-b28a-49c3-8249-db73a65c8442 d6095ece6d5447ffa1795282316c6b77 af1211f127af4220a563b72603617dbe - - default default] 10.0.0.95 "DELETE /v2.0/security-groups/6ddafd4a-f1c2-4176-8118-0598015ef497 HTTP/1.1" status: 204 len: 168 time: 0.1158431
2026-04-27 02:36:49.646 10 INFO neutron.wsgi [None req-e4651d0f-f8d1-43bd-84ab-b4ab12a4e931 9f8856bfd14c4f83b3006187d6f14c19 c292ab04ce6647fc96b913dc3572b967 - - default default] 10.0.0.95 "GET /v2.0/trunks/d94f0c10-f0f5-42d2-a657-f5f196a76b68/tags HTTP/1.1" status: 200 len: 227 time: 0.0241578
2026-04-27 02:36:49.679 10 INFO neutron.wsgi [None req-308a2991-a451-45b7-82bd-a6926c8dcd98 9f8856bfd14c4f83b3006187d6f14c19 c292ab04ce6647fc96b913dc3572b967 - - default default] 10.0.0.95 "PUT /v2.0/trunks/d94f0c10-f0f5-42d2-a657-f5f196a76b68/tags/red HTTP/1.1" status: 201 len: 201 time: 0.0274959
2026-04-27 02:36:49.708 10 INFO neutron.wsgi [None req-95aa9387-c6d1-4731-97f0-acfcfb5b2425 9f8856bfd14c4f83b3006187d6f14c19 c292ab04ce6647fc96b913dc3572b967 - - default default] 10.0.0.95 "GET /v2.0/trunks/d94f0c10-f0f5-42d2-a657-f5f196a76b68/tags HTTP/1.1" status: 200 len: 227 time: 0.0230482
2026-04-27 02:36:49.756 10 INFO neutron.wsgi [None req-b4ccb776-a50e-4fb7-bad5-29e1e1ce9cfa 9f8856bfd14c4f83b3006187d6f14c19 c292ab04ce6647fc96b913dc3572b967 - - default default] 10.0.0.95 "PUT /v2.0/trunks/d94f0c10-f0f5-42d2-a657-f5f196a76b68/tags/black.or.white HTTP/1.1" status: 201 len: 201 time: 0.0434353
2026-04-27 02:36:49.769 9 INFO neutron.wsgi [None req-0a9b7e6e-3d01-4a46-a854-557469398a27 d6095ece6d5447ffa1795282316c6b77 af1211f127af4220a563b72603617dbe - - default default] 10.0.0.95 "DELETE /v2.0/security-groups/285c49e3-4524-4e1f-92ae-2e8595801da0 HTTP/1.1" status: 204 len: 168 time: 0.1418307
2026-04-27 02:36:49.922 9 INFO neutron.wsgi [None req-08897491-ad62-43ac-bfc8-88bad22da947 d6095ece6d5447ffa1795282316c6b77 af1211f127af4220a563b72603617dbe - - default default] 10.0.0.95 "DELETE /v2.0/security-groups/33387046-c345-40cf-828b-7a5487bb292c HTTP/1.1" status: 204 len: 168 time: 0.1477180
2026-04-27 02:36:50.074 9 INFO neutron.wsgi [None req-00f55d33-2a45-4a34-9afa-9bd14ae03b1f d6095ece6d5447ffa1795282316c6b77 af1211f127af4220a563b72603617dbe - - default default] 10.0.0.95 "DELETE /v2.0/security-groups/2b11d359-c2ac-4be5-8535-ba3e19282810 HTTP/1.1" status: 204 len: 168 time: 0.1449521
2026-04-27 02:36:50.170 10 INFO neutron.wsgi [None req-37d45125-fa54-4a46-8312-95c31e5a643c 9f8856bfd14c4f83b3006187d6f14c19 c292ab04ce6647fc96b913dc3572b967 - - default default] 10.0.0.95 "GET /v2.0/trunks/d94f0c10-f0f5-42d2-a657-f5f196a76b68/tags HTTP/1.1" status: 200 len: 245 time: 0.4066901
2026-04-27 02:36:50.225 10 INFO neutron.wsgi [None req-0039d1b4-4a23-472e-8983-89c10ac9b15d 9f8856bfd14c4f83b3006187d6f14c19 c292ab04ce6647fc96b913dc3572b967 - - default default] 10.0.0.95 "PUT /v2.0/trunks/d94f0c10-f0f5-42d2-a657-f5f196a76b68/tags HTTP/1.1" status: 200 len: 230 time: 0.0491605
2026-04-27 02:36:50.254 9 INFO neutron.wsgi [None req-75f38d24-152d-4e6e-a0e4-a68f09b6a078 9f8856bfd14c4f83b3006187d6f14c19 c292ab04ce6647fc96b913dc3572b967 - - default default] 10.0.0.95 "GET /v2.0/trunks/d94f0c10-f0f5-42d2-a657-f5f196a76b68/tags HTTP/1.1" status: 200 len: 230 time: 0.0213454
2026-04-27 02:36:50.278 9 INFO neutron.wsgi [None req-c0ef83d3-94c7-4296-82be-188409a3904f 9f8856bfd14c4f83b3006187d6f14c19 c292ab04ce6647fc96b913dc3572b967 - - default default] 10.0.0.95 "GET /v2.0/trunks/d94f0c10-f0f5-42d2-a657-f5f196a76b68/tags/red HTTP/1.1" status: 204 len: 168 time: 0.0184090
2026-04-27 02:36:50.304 9 INFO neutron.api.v2.resource [None req-43cd5390-d72d-4286-9264-d037cd593d29 9f8856bfd14c4f83b3006187d6f14c19 c292ab04ce6647fc96b913dc3572b967 - - default default] show failed (client error): The resource could not be found.
2026-04-27 02:36:50.307 9 INFO neutron.wsgi [None req-43cd5390-d72d-4286-9264-d037cd593d29 9f8856bfd14c4f83b3006187d6f14c19 c292ab04ce6647fc96b913dc3572b967 - - default default] 10.0.0.95 "GET /v2.0/trunks/d94f0c10-f0f5-42d2-a657-f5f196a76b68/tags/green HTTP/1.1" status: 404 len: 299 time: 0.0207498
2026-04-27 02:36:50.350 9 INFO neutron.wsgi [None req-db5da450-053a-4ef1-a1b1-b0fb323dcc48 9f8856bfd14c4f83b3006187d6f14c19 c292ab04ce6647fc96b913dc3572b967 - - default default] 10.0.0.95 "DELETE /v2.0/trunks/d94f0c10-f0f5-42d2-a657-f5f196a76b68/tags/red HTTP/1.1" status: 204 len: 168 time: 0.0376871
2026-04-27 02:36:50.384 9 INFO neutron.wsgi [None req-a552ce5b-5f9f-41de-a2e8-0efda83064c3 9f8856bfd14c4f83b3006187d6f14c19 c292ab04ce6647fc96b913dc3572b967 - - default default] 10.0.0.95 "GET /v2.0/trunks/d94f0c10-f0f5-42d2-a657-f5f196a76b68/tags HTTP/1.1" status: 200 len: 223 time: 0.0276387
2026-04-27 02:36:50.418 9 INFO neutron.api.v2.resource [None req-ea06d1b5-c98f-496c-91da-d43b36939454 9f8856bfd14c4f83b3006187d6f14c19 c292ab04ce6647fc96b913dc3572b967 - - default default] delete failed (client error): The resource could not be found.
2026-04-27 02:36:50.420 9 INFO neutron.wsgi [None req-ea06d1b5-c98f-496c-91da-d43b36939454 9f8856bfd14c4f83b3006187d6f14c19 c292ab04ce6647fc96b913dc3572b967 - - default default] 10.0.0.95 "DELETE /v2.0/trunks/d94f0c10-f0f5-42d2-a657-f5f196a76b68/tags/green HTTP/1.1" status: 404 len: 299 time: 0.0305336
2026-04-27 02:36:50.467 9 INFO neutron.wsgi [None req-247ec473-4e9f-4c5e-be35-ead3193c2719 9f8856bfd14c4f83b3006187d6f14c19 c292ab04ce6647fc96b913dc3572b967 - - default default] 10.0.0.95 "DELETE /v2.0/trunks/d94f0c10-f0f5-42d2-a657-f5f196a76b68/tags HTTP/1.1" status: 204 len: 168 time: 0.0424306
2026-04-27 02:36:50.494 9 INFO neutron.wsgi [None req-2ac25295-5876-4d2d-9af1-1234dc8ab383 9f8856bfd14c4f83b3006187d6f14c19 c292ab04ce6647fc96b913dc3572b967 - - default default] 10.0.0.95 "GET /v2.0/trunks/d94f0c10-f0f5-42d2-a657-f5f196a76b68/tags HTTP/1.1" status: 200 len: 205 time: 0.0211480
2026-04-27 02:36:50.538 10 INFO neutron.wsgi [None req-cf94b5a0-ac4f-462f-974d-5e883cfd2509 9f8856bfd14c4f83b3006187d6f14c19 c292ab04ce6647fc96b913dc3572b967 - - default default] 10.0.0.95 "GET /v2.0/trunks/d94f0c10-f0f5-42d2-a657-f5f196a76b68 HTTP/1.1" status: 200 len: 603 time: 0.0219719
2026-04-27 02:36:50.684 10 INFO neutron.wsgi [None req-c1101bad-91ac-408a-8af6-479c591662f9 9f8856bfd14c4f83b3006187d6f14c19 c292ab04ce6647fc96b913dc3572b967 - - default default] 10.0.0.95 "GET /v2.0/ports/83b8734e-d8a3-4255-89e7-df8f47dd8293 HTTP/1.1" status: 200 len: 1020 time: 0.1414735
2026-04-27 02:36:50.809 10 INFO neutron.wsgi [None req-7f6dceee-7c53-42c8-9dad-1c9fbb1262f6 9f8856bfd14c4f83b3006187d6f14c19 c292ab04ce6647fc96b913dc3572b967 - - default default] 10.0.0.95 "DELETE /v2.0/trunks/d94f0c10-f0f5-42d2-a657-f5f196a76b68 HTTP/1.1" status: 204 len: 168 time: 0.1195951
2026-04-27 02:36:51.034 10 INFO neutron.wsgi [None req-0f235942-4329-41ca-b680-edc46eea132b 9f8856bfd14c4f83b3006187d6f14c19 c292ab04ce6647fc96b913dc3572b967 - - default default] 10.0.0.95 "DELETE /v2.0/ports/83b8734e-d8a3-4255-89e7-df8f47dd8293 HTTP/1.1" status: 204 len: 168 time: 0.2177691
2026-04-27 02:36:51.290 9 INFO neutron.wsgi [None req-54b374fe-7110-450b-87e5-f2da4bbd5ccb d2f0ece76a4a4fc18e3a6437eb5e3f2e 04e559e88607455baa9568180cfcced9 - - default default] 10.0.0.95 "GET /v2.0/security-groups?tenant_id=af1211f127af4220a563b72603617dbe&name=default HTTP/1.1" status: 200 len: 2996 time: 0.2487762
2026-04-27 02:36:51.569 10 INFO neutron.services.segments.plugin [-] Segment f44dbaaf-fc65-4379-9815-39b04c1bd537 resource provider aggregate not found
2026-04-27 02:36:51.573 10 INFO neutron.services.segments.plugin [-] Segment f44dbaaf-fc65-4379-9815-39b04c1bd537 resource provider aggregate not found
2026-04-27 02:36:51.590 10 INFO neutron.services.segments.plugin [-] Segment f44dbaaf-fc65-4379-9815-39b04c1bd537 resource provider not found; error: Placement Client Error (4xx): {"errors": [{"status": 404, "title": "Not Found", "detail": "The resource could not be found.\n\n No resource provider with uuid f44dbaaf-fc65-4379-9815-39b04c1bd537 found for delete ", "request_id": "req-c0d611a6-92a2-4a50-aba7-fd23a0a052d0"}]}
2026-04-27 02:36:51.591 10 INFO neutron.services.segments.plugin [-] Segment f44dbaaf-fc65-4379-9815-39b04c1bd537 resource provider not found; error: Placement Client Error (4xx): {"errors": [{"status": 404, "title": "Not Found", "detail": "The resource could not be found.\n\n No resource provider with uuid f44dbaaf-fc65-4379-9815-39b04c1bd537 found for delete ", "request_id": "req-1ae1ce70-aa0f-4e1a-bd12-f6b9f41eae84"}]}
2026-04-27 02:36:51.610 9 INFO neutron.wsgi [None req-2cd43772-68d6-435b-b9b6-858cb501e0f5 d2f0ece76a4a4fc18e3a6437eb5e3f2e 04e559e88607455baa9568180cfcced9 - - default default] 10.0.0.95 "DELETE /v2.0/security-groups/ef592c89-31bc-42f0-99b5-20d7b0d9fca4 HTTP/1.1" status: 204 len: 168 time: 0.3147945
2026-04-27 02:36:51.619 10 INFO neutron.wsgi [None req-1128c926-fa34-4c23-a8a1-a0eb66870ce4 9f8856bfd14c4f83b3006187d6f14c19 c292ab04ce6647fc96b913dc3572b967 - - default default] 10.0.0.95 "DELETE /v2.0/networks/15018691-c6c0-4744-9b5c-bb3c765e212a HTTP/1.1" status: 204 len: 168 time: 0.5787909
2026-04-27 02:36:51.718 9 INFO neutron.wsgi [req-c4926564-de6b-4b22-aca3-5bbdfc42c43e req-53b36c21-28f5-4834-9f91-5d9aa47c0ec4 df9377a9e3b54a99918b220d76b9d5ea 80d41cf5f6844d13b49fa80a06bf80a0 - - default default] 10.0.0.104 "GET /v2.0/ports?device_id=5cc6d56f-1461-4bc6-9b58-76243e1a6ece HTTP/1.1" status: 200 len: 1210 time: 0.1052496
2026-04-27 02:36:51.784 9 INFO neutron.wsgi [req-c4926564-de6b-4b22-aca3-5bbdfc42c43e req-956a3148-ebfb-4a7b-98aa-2e9271626abd df9377a9e3b54a99918b220d76b9d5ea 80d41cf5f6844d13b49fa80a06bf80a0 - - default default] 10.0.0.104 "GET /v2.0/security-groups?id=67ab4f61-bdaf-44bd-943c-535103d60ff0&id=1d83175f-1e8e-435a-9a83-45eea7f91856&fields=id&fields=name HTTP/1.1" status: 200 len: 406 time: 0.0533457
2026-04-27 02:36:51.869 9 INFO neutron.db.ovn_revision_numbers_db [None req-a08a0251-aff3-4fe0-b163-5ec9dbfb0c06 d2f0ece76a4a4fc18e3a6437eb5e3f2e 04e559e88607455baa9568180cfcced9 - - default default] Successfully bumped revision number for resource fb15e17e-93c6-4a24-901d-0bebea8a0063 (type: security_groups) to 1
2026-04-27 02:36:51.883 9 INFO neutron.db.ovn_revision_numbers_db [None req-a08a0251-aff3-4fe0-b163-5ec9dbfb0c06 d2f0ece76a4a4fc18e3a6437eb5e3f2e 04e559e88607455baa9568180cfcced9 - - default default] Successfully bumped revision number for resource cd79d1fa-81cb-4796-8aea-e067cc7825b6 (type: security_group_rules) to 0
2026-04-27 02:36:51.898 9 INFO neutron.db.ovn_revision_numbers_db [None req-a08a0251-aff3-4fe0-b163-5ec9dbfb0c06 d2f0ece76a4a4fc18e3a6437eb5e3f2e 04e559e88607455baa9568180cfcced9 - - default default] Successfully bumped revision number for resource dc124d32-dc62-4fa2-973b-be16e2f08599 (type: security_group_rules) to 0
2026-04-27 02:36:51.912 9 INFO neutron.db.ovn_revision_numbers_db [None req-a08a0251-aff3-4fe0-b163-5ec9dbfb0c06 d2f0ece76a4a4fc18e3a6437eb5e3f2e 04e559e88607455baa9568180cfcced9 - - default default] Successfully bumped revision number for resource f2feb297-9457-4fd3-b394-fa1b5bd430e5 (type: security_group_rules) to 0
2026-04-27 02:36:51.929 9 INFO neutron.db.ovn_revision_numbers_db [None req-a08a0251-aff3-4fe0-b163-5ec9dbfb0c06 d2f0ece76a4a4fc18e3a6437eb5e3f2e 04e559e88607455baa9568180cfcced9 - - default default] Successfully bumped revision number for resource f4d323ed-6a1b-4a3a-bded-175477c1ba65 (type: security_group_rules) to 0
2026-04-27 02:36:51.955 9 INFO neutron.wsgi [None req-a08a0251-aff3-4fe0-b163-5ec9dbfb0c06 d2f0ece76a4a4fc18e3a6437eb5e3f2e 04e559e88607455baa9568180cfcced9 - - default default] 10.0.0.95 "GET /v2.0/security-groups?tenant_id=f90c3744b63a44d798d887cfa37d0942&name=default HTTP/1.1" status: 200 len: 3000 time: 0.2311482
2026-04-27 02:36:52.040 10 INFO neutron.wsgi [None req-25ebb098-5652-4054-a38e-1ccd96ed3c38 4d2eccf50a954947aeac9ecec4128a5c a721b84d3ee24f1ba78b7c1f4c2fac35 - - default default] 10.0.0.95 "GET /v2.0/ports?device_id=5cc6d56f-1461-4bc6-9b58-76243e1a6ece HTTP/1.1" status: 200 len: 1443 time: 0.2184737
2026-04-27 02:36:52.124 10 INFO neutron.wsgi [None req-d1de739e-417b-4d04-8229-ff422033e85e df9377a9e3b54a99918b220d76b9d5ea 80d41cf5f6844d13b49fa80a06bf80a0 - - default default] 10.0.0.95 "GET /v2.0/floatingips?floating_network_id=a208acb5-3ade-46b4-af89-4a48fa2d5633&port_id=937f5ab1-dd9c-4f2c-9386-0e73a240d776 HTTP/1.1" status: 200 len: 1054 time: 0.0760303
2026-04-27 02:36:52.199 9 INFO neutron.wsgi [None req-6bfe2bfa-1ed3-4518-bcd8-13c789de813e d2f0ece76a4a4fc18e3a6437eb5e3f2e 04e559e88607455baa9568180cfcced9 - - default default] 10.0.0.95 "DELETE /v2.0/security-groups/fb15e17e-93c6-4a24-901d-0bebea8a0063 HTTP/1.1" status: 204 len: 168 time: 0.2377245
2026-04-27 02:36:52.408 10 INFO neutron.wsgi [req-2f7ae33c-71a2-40c1-8ecf-1f54ce00d1e9 req-5ea0a796-056d-4455-8674-3b9d9c531737 87865b9db0564c6396c9aa3603685f3b b46907eb62f4475c98952fc005d9a697 - - a195706c00b84a829d1be0d41577f697 a195706c00b84a829d1be0d41577f697] 10.0.0.243 "GET /v2.0/ports?device_id=5cc6d56f-1461-4bc6-9b58-76243e1a6ece HTTP/1.1" status: 200 len: 1448 time: 0.0460730
2026-04-27 02:36:52.462 10 INFO neutron.wsgi [req-2f7ae33c-71a2-40c1-8ecf-1f54ce00d1e9 req-63f360ad-2463-4d43-af65-367ca3fcaa9f 87865b9db0564c6396c9aa3603685f3b b46907eb62f4475c98952fc005d9a697 - - a195706c00b84a829d1be0d41577f697 a195706c00b84a829d1be0d41577f697] 10.0.0.243 "GET /v2.0/security-groups?id=67ab4f61-bdaf-44bd-943c-535103d60ff0&id=1d83175f-1e8e-435a-9a83-45eea7f91856&fields=id&fields=name HTTP/1.1" status: 200 len: 406 time: 0.0452571
2026-04-27 02:36:52.521 10 INFO neutron.wsgi [None req-a77bc546-66ab-4108-be50-21195f289ded d2f0ece76a4a4fc18e3a6437eb5e3f2e 04e559e88607455baa9568180cfcced9 - - default default] 10.0.0.95 "GET /v2.0/security-groups?tenant_id=c292ab04ce6647fc96b913dc3572b967&name=default HTTP/1.1" status: 200 len: 3000 time: 0.2436357
2026-04-27 02:36:52.537 10 INFO neutron.db.ovn_revision_numbers_db [None req-70f5eb3a-0e3e-4188-80b4-a779251652ba d2f0ece76a4a4fc18e3a6437eb5e3f2e 04e559e88607455baa9568180cfcced9 - - default default] Successfully bumped revision number for resource d1d6f4ca-8d71-4c03-ae28-2e62ef736f0e (type: security_groups) to 1
2026-04-27 02:36:52.552 10 INFO neutron.db.ovn_revision_numbers_db [None req-70f5eb3a-0e3e-4188-80b4-a779251652ba d2f0ece76a4a4fc18e3a6437eb5e3f2e 04e559e88607455baa9568180cfcced9 - - default default] Successfully bumped revision number for resource 38963e91-6621-42a9-b3a7-b390c7241dd2 (type: security_group_rules) to 0
2026-04-27 02:36:52.565 10 INFO neutron.db.ovn_revision_numbers_db [None req-70f5eb3a-0e3e-4188-80b4-a779251652ba d2f0ece76a4a4fc18e3a6437eb5e3f2e 04e559e88607455baa9568180cfcced9 - - default default] Successfully bumped revision number for resource 449042d8-94b4-4a7c-9757-4a730599b6d4 (type: security_group_rules) to 0
2026-04-27 02:36:52.580 10 INFO neutron.db.ovn_revision_numbers_db [None req-70f5eb3a-0e3e-4188-80b4-a779251652ba d2f0ece76a4a4fc18e3a6437eb5e3f2e 04e559e88607455baa9568180cfcced9 - - default default] Successfully bumped revision number for resource bbe71e59-bea7-4c08-9531-77c08f8f3be3 (type: security_group_rules) to 0
2026-04-27 02:36:52.600 10 INFO neutron.db.ovn_revision_numbers_db [None req-70f5eb3a-0e3e-4188-80b4-a779251652ba d2f0ece76a4a4fc18e3a6437eb5e3f2e 04e559e88607455baa9568180cfcced9 - - default default] Successfully bumped revision number for resource e04064da-d2da-4dce-8277-cfc1b75a0f90 (type: security_group_rules) to 0
2026-04-27 02:36:52.627 10 INFO neutron.wsgi [None req-70f5eb3a-0e3e-4188-80b4-a779251652ba d2f0ece76a4a4fc18e3a6437eb5e3f2e 04e559e88607455baa9568180cfcced9 - - default default] 10.0.0.95 "GET /v2.0/security-groups?tenant_id=7487e717b8324ae3a56f1f022bf725f9&name=default HTTP/1.1" status: 200 len: 3000 time: 0.2501502
2026-04-27 02:36:52.732 9 INFO neutron.wsgi [None req-62e170b7-3ba7-45b9-9094-ca54d99a82a6 d2f0ece76a4a4fc18e3a6437eb5e3f2e 04e559e88607455baa9568180cfcced9 - - default default] 10.0.0.95 "DELETE /v2.0/security-groups/be8b93b4-cfcf-48dd-b8d5-044c9702c11c HTTP/1.1" status: 204 len: 168 time: 0.2040479
2026-04-27 02:36:52.842 10 INFO neutron.wsgi [None req-25d02259-0601-4169-a0dd-97d2e428ec05 d2f0ece76a4a4fc18e3a6437eb5e3f2e 04e559e88607455baa9568180cfcced9 - - default default] 10.0.0.95 "DELETE /v2.0/security-groups/d1d6f4ca-8d71-4c03-ae28-2e62ef736f0e HTTP/1.1" status: 204 len: 168 time: 0.2105091
2026-04-27 02:36:52.967 9 INFO neutron.db.ovn_revision_numbers_db [None req-ee5b96e9-a841-4673-b03d-4c1611bcb451 d2f0ece76a4a4fc18e3a6437eb5e3f2e 04e559e88607455baa9568180cfcced9 - - default default] Successfully bumped revision number for resource 79c4692b-1af8-4865-931e-9bd6c51d892d (type: security_groups) to 1
2026-04-27 02:36:52.983 9 INFO neutron.db.ovn_revision_numbers_db [None req-ee5b96e9-a841-4673-b03d-4c1611bcb451 d2f0ece76a4a4fc18e3a6437eb5e3f2e 04e559e88607455baa9568180cfcced9 - - default default] Successfully bumped revision number for resource 692b98e7-cf04-4b1d-837d-6db93b8b1042 (type: security_group_rules) to 0
2026-04-27 02:36:52.999 9 INFO neutron.db.ovn_revision_numbers_db [None req-ee5b96e9-a841-4673-b03d-4c1611bcb451 d2f0ece76a4a4fc18e3a6437eb5e3f2e 04e559e88607455baa9568180cfcced9 - - default default] Successfully bumped revision number for resource 765e2055-d084-4f50-87d9-0b872d43c73c (type: security_group_rules) to 0
2026-04-27 02:36:53.025 9 INFO neutron.db.ovn_revision_numbers_db [None req-ee5b96e9-a841-4673-b03d-4c1611bcb451 d2f0ece76a4a4fc18e3a6437eb5e3f2e 04e559e88607455baa9568180cfcced9 - - default default] Successfully bumped revision number for resource a89728f3-4351-48c8-832f-5105e760aa41 (type: security_group_rules) to 0
2026-04-27 02:36:53.055 9 INFO neutron.db.ovn_revision_numbers_db [None req-ee5b96e9-a841-4673-b03d-4c1611bcb451 d2f0ece76a4a4fc18e3a6437eb5e3f2e 04e559e88607455baa9568180cfcced9 - - default default] Successfully bumped revision number for resource ee6568e5-a13d-4df3-88df-c07d50bd7c6c (type: security_group_rules) to 0
2026-04-27 02:36:53.083 9 INFO neutron.wsgi [None req-ee5b96e9-a841-4673-b03d-4c1611bcb451 d2f0ece76a4a4fc18e3a6437eb5e3f2e 04e559e88607455baa9568180cfcced9 - - default default] 10.0.0.95 "GET /v2.0/security-groups?tenant_id=2cdf42eddc1c47bfbd396fbcda34f093&name=default HTTP/1.1" status: 200 len: 3000 time: 0.2432621
2026-04-27 02:36:53.326 9 INFO neutron.wsgi [None req-c31a783f-62fd-4996-9c1f-255b61aca5a5 d2f0ece76a4a4fc18e3a6437eb5e3f2e 04e559e88607455baa9568180cfcced9 - - default default] 10.0.0.95 "DELETE /v2.0/security-groups/79c4692b-1af8-4865-931e-9bd6c51d892d HTTP/1.1" status: 204 len: 168 time: 0.2374222
2026-04-27 02:36:54.505 10 INFO neutron.wsgi [-] 10.0.0.81 "GET / HTTP/1.1" status: 200 len: 247 time: 0.0045028
2026-04-27 02:36:54.508 10 INFO neutron.wsgi [-] 10.0.0.81 "GET / HTTP/1.1" status: 200 len: 247 time: 0.0016294
2026-04-27 02:36:54.535 9 INFO neutron.wsgi [req-6db441e4-ad0a-4d41-8fee-93dddedabdf3 req-5d143a2a-020d-4cea-b41a-b33e0dc3f292 df9377a9e3b54a99918b220d76b9d5ea 80d41cf5f6844d13b49fa80a06bf80a0 - - default default] 10.0.0.104 "GET /v2.0/ports?device_id=5cc6d56f-1461-4bc6-9b58-76243e1a6ece HTTP/1.1" status: 200 len: 1210 time: 0.0515122
2026-04-27 02:36:54.561 10 INFO neutron.plugins.ml2.drivers.ovn.mech_driver.mech_driver [None req-e6346f3f-a6e5-489c-b37e-770d5ff2662c - - - - - -] OVN reports status down for port: 937f5ab1-dd9c-4f2c-9386-0e73a240d776
2026-04-27 02:36:54.622 9 INFO neutron.wsgi [req-6db441e4-ad0a-4d41-8fee-93dddedabdf3 req-dfa4a62e-64ad-42a9-86ab-49b5d0df561f df9377a9e3b54a99918b220d76b9d5ea 80d41cf5f6844d13b49fa80a06bf80a0 - - default default] 10.0.0.104 "GET /v2.0/security-groups?id=67ab4f61-bdaf-44bd-943c-535103d60ff0&id=1d83175f-1e8e-435a-9a83-45eea7f91856&fields=id&fields=name HTTP/1.1" status: 200 len: 406 time: 0.0795326
2026-04-27 02:36:54.770 10 INFO neutron.notifiers.nova [-] Nova event matching ['req-8d233a8e-cbcb-4a27-8701-4b4588950384'] response: {'server_uuid': '5cc6d56f-1461-4bc6-9b58-76243e1a6ece', 'name': 'network-vif-unplugged', 'status': 'completed', 'tag': '937f5ab1-dd9c-4f2c-9386-0e73a240d776', 'code': 200}
2026-04-27 02:36:55.000 10 INFO neutron.wsgi [req-dc72b3e2-bcf6-49c1-a9a2-fdced642faf3 req-2d8c6608-3b28-467e-b1e2-a9018d3c46fc df9377a9e3b54a99918b220d76b9d5ea 80d41cf5f6844d13b49fa80a06bf80a0 - - default default] 199.204.45.238 "GET /v2.0/ports?device_id=5cc6d56f-1461-4bc6-9b58-76243e1a6ece HTTP/1.1" status: 200 len: 1208 time: 0.1513810
2026-04-27 02:36:55.026 10 INFO neutron.db.ovn_revision_numbers_db [None req-e6346f3f-a6e5-489c-b37e-770d5ff2662c - - - - - -] Successfully bumped revision number for resource 937f5ab1-dd9c-4f2c-9386-0e73a240d776 (type: ports) to 5
2026-04-27 02:36:55.410 10 INFO neutron.db.l3_db [req-dc72b3e2-bcf6-49c1-a9a2-fdced642faf3 req-9ed2b8fe-6180-4b8b-9c11-a047df3f3674 df9377a9e3b54a99918b220d76b9d5ea 80d41cf5f6844d13b49fa80a06bf80a0 - - default default] Floating IP 4f1fa860-a321-4a52-aef3-ddecf1d401df disassociated. External IP: 10.96.250.211, port: 937f5ab1-dd9c-4f2c-9386-0e73a240d776.
2026-04-27 02:36:55.656 10 INFO neutron.wsgi [req-dc72b3e2-bcf6-49c1-a9a2-fdced642faf3 req-9ed2b8fe-6180-4b8b-9c11-a047df3f3674 df9377a9e3b54a99918b220d76b9d5ea 80d41cf5f6844d13b49fa80a06bf80a0 - - default default] 199.204.45.238 "DELETE /v2.0/ports/937f5ab1-dd9c-4f2c-9386-0e73a240d776 HTTP/1.1" status: 204 len: 173 time: 0.6489010
2026-04-27 02:36:55.729 9 INFO neutron.wsgi [req-53340a12-0f8f-41f5-b14f-b50e37791199 req-74e0a583-152d-4da2-8b03-3a64f63f8ad2 df9377a9e3b54a99918b220d76b9d5ea 80d41cf5f6844d13b49fa80a06bf80a0 - - default default] 10.0.0.104 "GET /v2.0/ports?device_id=5cc6d56f-1461-4bc6-9b58-76243e1a6ece HTTP/1.1" status: 200 len: 210 time: 0.0300477 /var/lib/openstack/lib/python3.10/site-packages/pycadf/identifier.py:71: UserWarning: Invalid uuid: neutron. To ensure interoperability, identifiers should be a valid uuid. warnings.warn(('Invalid uuid: %s. To ensure interoperability, '
2026-04-27 02:36:56.506 10 WARNING neutron_lib.context [None req-89888e25-bf28-4725-9f7f-8d6c9322dc16 42ab9b656a7e4efea8aa5ac87a3adf38 8d61edc23fbe482cbad0c34b0d9a809f - - default default] Method 'is_advsvc' is deprecated since 2023.2 release (neutron-lib 3.8.0) and will be removed once support for the old RBAC API policies will be removed from Neutron. Please use method 'is_service_role' instead.
2026-04-27 02:36:56.661 10 INFO neutron.db.ovn_revision_numbers_db [None req-89888e25-bf28-4725-9f7f-8d6c9322dc16 42ab9b656a7e4efea8aa5ac87a3adf38 8d61edc23fbe482cbad0c34b0d9a809f - - default default] Successfully bumped revision number for resource ea21d244-4b81-49a4-932a-4e9dc1a9141e (type: security_groups) to 1
2026-04-27 02:36:56.681 10 INFO neutron.db.ovn_revision_numbers_db [None req-89888e25-bf28-4725-9f7f-8d6c9322dc16 42ab9b656a7e4efea8aa5ac87a3adf38 8d61edc23fbe482cbad0c34b0d9a809f - - default default] Successfully bumped revision number for resource 265fa0fa-abb4-4a03-9b02-597969e41c8a (type: security_group_rules) to 0
2026-04-27 02:36:56.696 10 INFO neutron.db.ovn_revision_numbers_db [None req-89888e25-bf28-4725-9f7f-8d6c9322dc16 42ab9b656a7e4efea8aa5ac87a3adf38 8d61edc23fbe482cbad0c34b0d9a809f - - default default] Successfully bumped revision number for resource 4d014d7e-81c5-42b8-a8db-81d10848232b (type: security_group_rules) to 0
2026-04-27 02:36:56.711 10 INFO neutron.db.ovn_revision_numbers_db [None req-89888e25-bf28-4725-9f7f-8d6c9322dc16 42ab9b656a7e4efea8aa5ac87a3adf38 8d61edc23fbe482cbad0c34b0d9a809f - - default default] Successfully bumped revision number for resource 57b89e4d-29de-49bd-bf60-69366360b16f (type: security_group_rules) to 0
2026-04-27 02:36:56.726 10 INFO neutron.db.ovn_revision_numbers_db [None req-89888e25-bf28-4725-9f7f-8d6c9322dc16 42ab9b656a7e4efea8aa5ac87a3adf38 8d61edc23fbe482cbad0c34b0d9a809f - - default default] Successfully bumped revision number for resource 8e5fe425-8ed7-4d0a-852f-c9297e7da605 (type: security_group_rules) to 0
2026-04-27 02:36:56.787 10 INFO neutron.db.segments_db [None req-89888e25-bf28-4725-9f7f-8d6c9322dc16 42ab9b656a7e4efea8aa5ac87a3adf38 8d61edc23fbe482cbad0c34b0d9a809f - - default default] Added segment 79c4ba5b-e0c7-4647-bfd6-1529d0873906 of type geneve for network c43a8242-7899-4245-b101-af440cc9fe72
2026-04-27 02:36:56.813 10 INFO neutron.notifiers.nova [-] Nova event matching ['req-17b6563f-005e-4aed-9048-e71625505fdc'] response: {'server_uuid': '5cc6d56f-1461-4bc6-9b58-76243e1a6ece', 'name': 'network-vif-plugged', 'status': 'completed', 'tag': '937f5ab1-dd9c-4f2c-9386-0e73a240d776', 'code': 200}
2026-04-27 02:36:56.813 10 INFO neutron.notifiers.nova [-] Nova event matching ['req-17b6563f-005e-4aed-9048-e71625505fdc'] response: {'server_uuid': '5cc6d56f-1461-4bc6-9b58-76243e1a6ece', 'name': 'network-vif-deleted', 'tag': '937f5ab1-dd9c-4f2c-9386-0e73a240d776', 'status': 'completed', 'code': 200}
2026-04-27 02:36:56.951 10 INFO neutron.db.ovn_revision_numbers_db [None req-89888e25-bf28-4725-9f7f-8d6c9322dc16 42ab9b656a7e4efea8aa5ac87a3adf38 8d61edc23fbe482cbad0c34b0d9a809f - - default default] Successfully bumped revision number for resource c43a8242-7899-4245-b101-af440cc9fe72 (type: networks) to 1
2026-04-27 02:36:57.025 9 INFO neutron.wsgi [None req-4c5876d3-0189-4568-9589-2239959fae6d df9377a9e3b54a99918b220d76b9d5ea 80d41cf5f6844d13b49fa80a06bf80a0 - - default default] 10.0.0.95 "DELETE /v2.0/security-groups/67ab4f61-bdaf-44bd-943c-535103d60ff0 HTTP/1.1" status: 204 len: 168 time: 0.1365321
2026-04-27 02:36:57.042 9 INFO neutron.api.v2.resource [None req-50047d18-c119-423f-a941-9d288de0fea4 df9377a9e3b54a99918b220d76b9d5ea 80d41cf5f6844d13b49fa80a06bf80a0 - - default default] show failed (client error): The resource could not be found.
2026-04-27 02:36:57.044 9 INFO neutron.wsgi [None req-50047d18-c119-423f-a941-9d288de0fea4 df9377a9e3b54a99918b220d76b9d5ea 80d41cf5f6844d13b49fa80a06bf80a0 - - default default] 10.0.0.95 "GET /v2.0/security-groups/67ab4f61-bdaf-44bd-943c-535103d60ff0 HTTP/1.1" status: 404 len: 347 time: 0.0107651
2026-04-27 02:36:57.139 10 WARNING neutron.scheduler.dhcp_agent_scheduler [None req-89888e25-bf28-4725-9f7f-8d6c9322dc16 42ab9b656a7e4efea8aa5ac87a3adf38 8d61edc23fbe482cbad0c34b0d9a809f - - default default] No more DHCP agents
2026-04-27 02:36:57.141 10 WARNING neutron.api.rpc.agentnotifiers.dhcp_rpc_agent_api [None req-89888e25-bf28-4725-9f7f-8d6c9322dc16 42ab9b656a7e4efea8aa5ac87a3adf38 8d61edc23fbe482cbad0c34b0d9a809f - - default default] Unable to schedule network c43a8242-7899-4245-b101-af440cc9fe72: no agents available; will retry on subsequent port and subnet creation events.
2026-04-27 02:36:57.391 9 INFO neutron.wsgi [None req-ce16a5eb-4c4d-40e6-bf45-d4e9172c5557 df9377a9e3b54a99918b220d76b9d5ea 80d41cf5f6844d13b49fa80a06bf80a0 - - default default] 10.0.0.95 "DELETE /v2.0/floatingips/4f1fa860-a321-4a52-aef3-ddecf1d401df HTTP/1.1" status: 204 len: 168 time: 0.3423402
2026-04-27 02:36:57.538 9 INFO neutron.wsgi [None req-08b4fc6f-4372-4a93-8c46-45aab46cff40 df9377a9e3b54a99918b220d76b9d5ea 80d41cf5f6844d13b49fa80a06bf80a0 - - default default] 10.0.0.95 "DELETE /v2.0/security-groups/1d83175f-1e8e-435a-9a83-45eea7f91856 HTTP/1.1" status: 204 len: 168 time: 0.1424685
2026-04-27 02:36:57.540 10 INFO neutron.db.ovn_revision_numbers_db [None req-89888e25-bf28-4725-9f7f-8d6c9322dc16 42ab9b656a7e4efea8aa5ac87a3adf38 8d61edc23fbe482cbad0c34b0d9a809f - - default default] Successfully bumped revision number for resource 80acaed3-016f-48f8-8114-6f1bcdef1054 (type: ports) to 1
2026-04-27 02:36:57.569 10 INFO neutron.wsgi [None req-89888e25-bf28-4725-9f7f-8d6c9322dc16 42ab9b656a7e4efea8aa5ac87a3adf38 8d61edc23fbe482cbad0c34b0d9a809f - - default default] 10.0.0.95 "POST /v2.0/networks HTTP/1.1" status: 201 len: 831 time: 1.2553086
2026-04-27 02:36:57.635 9 INFO neutron.wsgi [None req-39efc693-113f-48eb-aac1-293731d0a688 42ab9b656a7e4efea8aa5ac87a3adf38 8d61edc23fbe482cbad0c34b0d9a809f - - default default] 10.0.0.95 "PUT /v2.0/networks/c43a8242-7899-4245-b101-af440cc9fe72/tags HTTP/1.1" status: 200 len: 218 time: 0.0581441
2026-04-27 02:36:57.686 9 INFO neutron.wsgi [None req-a5c07142-dad5-4e29-8946-44fbb481ad0a 42ab9b656a7e4efea8aa5ac87a3adf38 8d61edc23fbe482cbad0c34b0d9a809f - - default default] 10.0.0.95 "GET /v2.0/networks/c43a8242-7899-4245-b101-af440cc9fe72/tags HTTP/1.1" status: 200 len: 218 time: 0.0444987
2026-04-27 02:36:57.762 9 INFO neutron.wsgi [None req-c363d9e0-76d0-4dac-839b-ab2b651baebf 42ab9b656a7e4efea8aa5ac87a3adf38 8d61edc23fbe482cbad0c34b0d9a809f - - default default] 10.0.0.95 "PUT /v2.0/networks/c43a8242-7899-4245-b101-af440cc9fe72/tags/green HTTP/1.1" status: 201 len: 201 time: 0.0712616
2026-04-27 02:36:57.813 9 INFO neutron.wsgi [None req-e0519558-e293-48b4-9b05-28c8a530f721 42ab9b656a7e4efea8aa5ac87a3adf38 8d61edc23fbe482cbad0c34b0d9a809f - - default default] 10.0.0.95 "GET /v2.0/networks/c43a8242-7899-4245-b101-af440cc9fe72/tags HTTP/1.1" status: 200 len: 227 time: 0.0458937
2026-04-27 02:36:57.868 9 INFO neutron.wsgi [None req-96c108ef-09f0-457b-a798-defd9fae699e 42ab9b656a7e4efea8aa5ac87a3adf38 8d61edc23fbe482cbad0c34b0d9a809f - - default default] 10.0.0.95 "PUT /v2.0/networks/c43a8242-7899-4245-b101-af440cc9fe72/tags/red HTTP/1.1" status: 201 len: 201 time: 0.0506473
2026-04-27 02:36:57.926 9 INFO neutron.wsgi [None req-63c6c17a-fab4-48fb-b6a6-df51498f526e 42ab9b656a7e4efea8aa5ac87a3adf38 8d61edc23fbe482cbad0c34b0d9a809f - - default default] 10.0.0.95 "GET /v2.0/networks/c43a8242-7899-4245-b101-af440cc9fe72/tags HTTP/1.1" status: 200 len: 227 time: 0.0505660
2026-04-27 02:36:57.992 9 INFO neutron.wsgi [None req-72f125bd-8136-4134-aa96-7d5c98c4c965 42ab9b656a7e4efea8aa5ac87a3adf38 8d61edc23fbe482cbad0c34b0d9a809f - - default default] 10.0.0.95 "PUT /v2.0/networks/c43a8242-7899-4245-b101-af440cc9fe72/tags/black.or.white HTTP/1.1" status: 201 len: 201 time: 0.0602794
2026-04-27 02:36:58.057 9 INFO neutron.wsgi [None req-04ae1d69-7701-47e0-a20d-773bba58dc6d 42ab9b656a7e4efea8aa5ac87a3adf38 8d61edc23fbe482cbad0c34b0d9a809f - - default default] 10.0.0.95 "GET /v2.0/networks/c43a8242-7899-4245-b101-af440cc9fe72/tags HTTP/1.1" status: 200 len: 245 time: 0.0586967
2026-04-27 02:36:58.127 9 INFO neutron.wsgi [None req-13a82042-be08-4a57-9f18-9855449c1283 42ab9b656a7e4efea8aa5ac87a3adf38 8d61edc23fbe482cbad0c34b0d9a809f - - default default] 10.0.0.95 "PUT /v2.0/networks/c43a8242-7899-4245-b101-af440cc9fe72/tags HTTP/1.1" status: 200 len: 230 time: 0.0610912
2026-04-27 02:36:58.183 9 INFO neutron.wsgi [None req-4cb11aaf-023c-4b3f-a7d2-72a24a8ed7bc 42ab9b656a7e4efea8aa5ac87a3adf38 8d61edc23fbe482cbad0c34b0d9a809f - - default default] 10.0.0.95 "GET /v2.0/networks/c43a8242-7899-4245-b101-af440cc9fe72/tags HTTP/1.1" status: 200 len: 230 time: 0.0488937
2026-04-27 02:36:58.248 9 INFO neutron.wsgi [None req-63ea6b1c-9236-42f3-8e36-6e666efbc852 42ab9b656a7e4efea8aa5ac87a3adf38 8d61edc23fbe482cbad0c34b0d9a809f - - default default] 10.0.0.95 "GET /v2.0/networks/c43a8242-7899-4245-b101-af440cc9fe72/tags/red HTTP/1.1" status: 204 len: 168 time: 0.0575614
2026-04-27 02:36:58.298 9 INFO neutron.api.v2.resource [None req-a099575a-4345-4c83-9711-900d18037fa2 42ab9b656a7e4efea8aa5ac87a3adf38 8d61edc23fbe482cbad0c34b0d9a809f - - default default] show failed (client error): The resource could not be found.
2026-04-27 02:36:58.299 9 INFO neutron.wsgi [None req-a099575a-4345-4c83-9711-900d18037fa2 42ab9b656a7e4efea8aa5ac87a3adf38 8d61edc23fbe482cbad0c34b0d9a809f - - default default] 10.0.0.95 "GET /v2.0/networks/c43a8242-7899-4245-b101-af440cc9fe72/tags/green HTTP/1.1" status: 404 len: 299 time: 0.0449047
2026-04-27 02:36:58.405 10 INFO neutron.wsgi [None req-d46e10d8-58df-4324-8a76-4228fd3ac893 42ab9b656a7e4efea8aa5ac87a3adf38 8d61edc23fbe482cbad0c34b0d9a809f - - default default] 10.0.0.95 "DELETE /v2.0/networks/c43a8242-7899-4245-b101-af440cc9fe72/tags/red HTTP/1.1" status: 204 len: 168 time: 0.1006081
2026-04-27 02:36:58.465 9 INFO neutron.wsgi [None req-70b77055-6e37-4324-b469-554afdf65225 42ab9b656a7e4efea8aa5ac87a3adf38 8d61edc23fbe482cbad0c34b0d9a809f - - default default] 10.0.0.95 "GET /v2.0/networks/c43a8242-7899-4245-b101-af440cc9fe72/tags HTTP/1.1" status: 200 len: 223 time: 0.0528769
2026-04-27 02:36:58.549 10 INFO neutron.api.v2.resource [None req-6257056d-794d-43c5-9a7e-d5bfdd1a775b 42ab9b656a7e4efea8aa5ac87a3adf38 8d61edc23fbe482cbad0c34b0d9a809f - - default default] delete failed (client error): The resource could not be found.
2026-04-27 02:36:58.550 10 INFO neutron.wsgi [None req-6257056d-794d-43c5-9a7e-d5bfdd1a775b 42ab9b656a7e4efea8aa5ac87a3adf38 8d61edc23fbe482cbad0c34b0d9a809f - - default default] 10.0.0.95 "DELETE /v2.0/networks/c43a8242-7899-4245-b101-af440cc9fe72/tags/green HTTP/1.1" status: 404 len: 299 time: 0.0812092
2026-04-27 02:36:58.631 10 INFO neutron.wsgi [None req-fd0d23cc-1c41-4c1b-80fa-15f15c0c23af 42ab9b656a7e4efea8aa5ac87a3adf38 8d61edc23fbe482cbad0c34b0d9a809f - - default default] 10.0.0.95 "DELETE /v2.0/networks/c43a8242-7899-4245-b101-af440cc9fe72/tags HTTP/1.1" status: 204 len: 168 time: 0.0755439
2026-04-27 02:36:58.689 9 INFO neutron.wsgi [None req-5647f3e5-d1d1-4865-af31-fa86bf740337 42ab9b656a7e4efea8aa5ac87a3adf38 8d61edc23fbe482cbad0c34b0d9a809f - - default default] 10.0.0.95 "GET /v2.0/networks/c43a8242-7899-4245-b101-af440cc9fe72/tags HTTP/1.1" status: 200 len: 205 time: 0.0514104
2026-04-27 02:36:58.829 10 INFO neutron.wsgi [None req-b626b25e-7992-4b91-b98b-440598c9ba18 d2f0ece76a4a4fc18e3a6437eb5e3f2e 04e559e88607455baa9568180cfcced9 - - default default] 10.0.0.95 "PUT /v2.0/routers/ce7cfe99-4706-4350-923b-01593d14c6c0/remove_router_interface HTTP/1.1" status: 200 len: 503 time: 1.2448561 /var/lib/openstack/lib/python3.10/site-packages/pycadf/identifier.py:71: UserWarning: Invalid uuid: neutron. To ensure interoperability, identifiers should be a valid uuid. warnings.warn(('Invalid uuid: %s. To ensure interoperability, '
2026-04-27 02:36:59.090 9 INFO neutron.services.segments.plugin [-] Segment 79c4ba5b-e0c7-4647-bfd6-1529d0873906 resource provider aggregate not found
2026-04-27 02:36:59.097 9 INFO neutron.services.segments.plugin [-] Segment 79c4ba5b-e0c7-4647-bfd6-1529d0873906 resource provider aggregate not found
2026-04-27 02:36:59.114 9 INFO neutron.services.segments.plugin [-] Segment 79c4ba5b-e0c7-4647-bfd6-1529d0873906 resource provider not found; error: Placement Client Error (4xx): {"errors": [{"status": 404, "title": "Not Found", "detail": "The resource could not be found.\n\n No resource provider with uuid 79c4ba5b-e0c7-4647-bfd6-1529d0873906 found for delete ", "request_id": "req-c56692e7-2afc-4a6b-948e-a8378fc0e0aa"}]}
2026-04-27 02:36:59.117 9 INFO neutron.services.segments.plugin [-] Segment 79c4ba5b-e0c7-4647-bfd6-1529d0873906 resource provider not found; error: Placement Client Error (4xx): {"errors": [{"status": 404, "title": "Not Found", "detail": "The resource could not be found.\n\n No resource provider with uuid 79c4ba5b-e0c7-4647-bfd6-1529d0873906 found for delete ", "request_id": "req-6278cff1-02d8-4c30-bb71-f5c67e30b433"}]}
2026-04-27 02:36:59.144 9 INFO neutron.wsgi [None req-78dc06e8-2bfa-47ee-8896-2d4f2b658522 42ab9b656a7e4efea8aa5ac87a3adf38 8d61edc23fbe482cbad0c34b0d9a809f - - default default] 10.0.0.95 "DELETE /v2.0/networks/c43a8242-7899-4245-b101-af440cc9fe72 HTTP/1.1" status: 204 len: 168 time: 0.4489505
2026-04-27 02:37:00.083 9 INFO neutron.db.ovn_revision_numbers_db [None req-13c6114b-098b-475c-a4f1-e4107321ed50 d2f0ece76a4a4fc18e3a6437eb5e3f2e 04e559e88607455baa9568180cfcced9 - - default default] Successfully bumped revision number for resource e5da59bc-bf68-4e80-8821-0819faa858bb (type: security_groups) to 1
2026-04-27 02:37:00.084 10 INFO neutron.wsgi [None req-1ec8ed3e-7bb2-46be-907b-521082650389 d2f0ece76a4a4fc18e3a6437eb5e3f2e 04e559e88607455baa9568180cfcced9 - - default default] 10.0.0.95 "DELETE /v2.0/routers/ce7cfe99-4706-4350-923b-01593d14c6c0 HTTP/1.1" status: 204 len: 168 time: 1.2497175
2026-04-27 02:37:00.115 9 INFO neutron.db.ovn_revision_numbers_db [None req-13c6114b-098b-475c-a4f1-e4107321ed50 d2f0ece76a4a4fc18e3a6437eb5e3f2e 04e559e88607455baa9568180cfcced9 - - default default] Successfully bumped revision number for resource 2393632b-394e-4730-bd46-645b35e196f4 (type: security_group_rules) to 0
2026-04-27 02:37:00.138 9 INFO neutron.db.ovn_revision_numbers_db [None req-13c6114b-098b-475c-a4f1-e4107321ed50 d2f0ece76a4a4fc18e3a6437eb5e3f2e 04e559e88607455baa9568180cfcced9 - - default default] Successfully bumped revision number for resource 3d55355f-6bfa-4f48-8073-113164a2dfa1 (type: security_group_rules) to 0
2026-04-27 02:37:00.151 9 INFO neutron.db.ovn_revision_numbers_db [None req-13c6114b-098b-475c-a4f1-e4107321ed50 d2f0ece76a4a4fc18e3a6437eb5e3f2e 04e559e88607455baa9568180cfcced9 - - default default] Successfully bumped revision number for resource 53ef557a-eb04-4528-8dc6-fd221bff979a (type: security_group_rules) to 0
2026-04-27 02:37:00.166 9 INFO neutron.db.ovn_revision_numbers_db [None req-13c6114b-098b-475c-a4f1-e4107321ed50 d2f0ece76a4a4fc18e3a6437eb5e3f2e 04e559e88607455baa9568180cfcced9 - - default default] Successfully bumped revision number for resource 57f7f422-8efa-4818-b310-3ca74b71d111 (type: security_group_rules) to 0
2026-04-27 02:37:00.191 9 INFO neutron.wsgi [None req-13c6114b-098b-475c-a4f1-e4107321ed50 d2f0ece76a4a4fc18e3a6437eb5e3f2e 04e559e88607455baa9568180cfcced9 - - default default] 10.0.0.95 "GET /v2.0/security-groups?tenant_id=9ac7cceffe844021a4e543463e7822ba&name=default HTTP/1.1" status: 200 len: 3000 time: 0.3400640
2026-04-27 02:37:00.345 10 INFO neutron.wsgi [None req-712fbbe3-0313-4199-bb9a-74ce361e6120 d2f0ece76a4a4fc18e3a6437eb5e3f2e 04e559e88607455baa9568180cfcced9 - - default default] 10.0.0.95 "DELETE /v2.0/subnets/c1e9683e-6dc7-4923-a642-2645469e4d7a HTTP/1.1" status: 204 len: 168 time: 0.2561519
2026-04-27 02:37:00.394 9 INFO neutron.wsgi [None req-f5277268-18b4-47f2-a1e8-f848068cf46e d2f0ece76a4a4fc18e3a6437eb5e3f2e 04e559e88607455baa9568180cfcced9 - - default default] 10.0.0.95 "DELETE /v2.0/security-groups/e5da59bc-bf68-4e80-8821-0819faa858bb HTTP/1.1" status: 204 len: 168 time: 0.1965041
2026-04-27 02:37:00.539 9 INFO neutron.wsgi [None req-e9c3d2f0-075e-4426-9757-a50abf65d389 d2f0ece76a4a4fc18e3a6437eb5e3f2e 04e559e88607455baa9568180cfcced9 - - default default] 10.0.0.95 "GET /v2.0/security-groups?tenant_id=8d61edc23fbe482cbad0c34b0d9a809f&name=default HTTP/1.1" status: 200 len: 3000 time: 0.0396445
2026-04-27 02:37:00.714 10 INFO neutron.services.segments.plugin [-] Segment 1e3de6a2-a99c-4376-abea-0c7a97600c86 resource provider aggregate not found
2026-04-27 02:37:00.719 10 INFO neutron.services.segments.plugin [-] Segment 1e3de6a2-a99c-4376-abea-0c7a97600c86 resource provider aggregate not found
2026-04-27 02:37:00.734 10 INFO neutron.services.segments.plugin [-] Segment 1e3de6a2-a99c-4376-abea-0c7a97600c86 resource provider not found; error: Placement Client Error (4xx): {"errors": [{"status": 404, "title": "Not Found", "detail": "The resource could not be found.\n\n No resource provider with uuid 1e3de6a2-a99c-4376-abea-0c7a97600c86 found for delete ", "request_id": "req-f8cb9cf8-87e0-43f5-a3ab-7b7b82754fe8"}]}
2026-04-27 02:37:00.735 10 INFO neutron.services.segments.plugin [-] Segment 1e3de6a2-a99c-4376-abea-0c7a97600c86 resource provider not found; error: Placement Client Error (4xx): {"errors": [{"status": 404, "title": "Not Found", "detail": "The resource could not be found.\n\n No resource provider with uuid 1e3de6a2-a99c-4376-abea-0c7a97600c86 found for delete ", "request_id": "req-02baa706-94a2-4224-8758-e6de146ddb4c"}]}
2026-04-27 02:37:00.756 9 INFO neutron.wsgi [None req-78ace66a-d6a4-4468-b962-8615aa59423b d2f0ece76a4a4fc18e3a6437eb5e3f2e 04e559e88607455baa9568180cfcced9 - - default default] 10.0.0.95 "DELETE /v2.0/security-groups/ea21d244-4b81-49a4-932a-4e9dc1a9141e HTTP/1.1" status: 204 len: 168 time: 0.2111866
2026-04-27 02:37:00.756 10 INFO neutron.wsgi [None req-bd100bc1-2cc8-459b-aded-9973b75c45d3 d2f0ece76a4a4fc18e3a6437eb5e3f2e 04e559e88607455baa9568180cfcced9 - - default default] 10.0.0.95 "DELETE /v2.0/networks/6eedbb0c-a8d2-43bb-9319-e601c1cb4ed3 HTTP/1.1" status: 204 len: 168 time: 0.4058180
2026-04-27 02:37:02.155 9 INFO neutron.wsgi [None req-06fe0614-34cc-490c-ba29-ba398d5c3af3 d2f0ece76a4a4fc18e3a6437eb5e3f2e 04e559e88607455baa9568180cfcced9 - - default default] 10.0.0.95 "PUT /v2.0/routers/41e6441e-d0b3-4d2c-9a71-94ba3cbae975/remove_router_interface HTTP/1.1" status: 200 len: 503 time: 1.3931501 /var/lib/openstack/lib/python3.10/site-packages/pycadf/identifier.py:71: UserWarning: Invalid uuid: neutron. To ensure interoperability, identifiers should be a valid uuid. warnings.warn(('Invalid uuid: %s. To ensure interoperability, '
2026-04-27 02:37:03.416 9 INFO neutron.wsgi [None req-ef40dc0c-0087-49a5-9fa5-82ee9b79b6ac d2f0ece76a4a4fc18e3a6437eb5e3f2e 04e559e88607455baa9568180cfcced9 - - default default] 10.0.0.95 "DELETE /v2.0/routers/41e6441e-d0b3-4d2c-9a71-94ba3cbae975 HTTP/1.1" status: 204 len: 168 time: 1.2564566
2026-04-27 02:37:03.641 9 INFO neutron.wsgi [None req-0ce46aa9-2f89-4cbf-b006-2aa17d3939b6 d2f0ece76a4a4fc18e3a6437eb5e3f2e 04e559e88607455baa9568180cfcced9 - - default default] 10.0.0.95 "DELETE /v2.0/subnets/22accdfa-549c-4cac-a4b7-ad91fa8ebc6f HTTP/1.1" status: 204 len: 168 time: 0.2188621
2026-04-27 02:37:04.017 9 INFO neutron.services.segments.plugin [-] Segment 4ffd07f4-10d7-4e0c-80aa-095d91cf6e17 resource provider aggregate not found
2026-04-27 02:37:04.023 9 INFO neutron.services.segments.plugin [-] Segment 4ffd07f4-10d7-4e0c-80aa-095d91cf6e17 resource provider aggregate not found
2026-04-27 02:37:04.037 9 INFO neutron.services.segments.plugin [-] Segment 4ffd07f4-10d7-4e0c-80aa-095d91cf6e17 resource provider not found; error: Placement Client Error (4xx): {"errors": [{"status": 404, "title": "Not Found", "detail": "The resource could not be found.\n\n No resource provider with uuid 4ffd07f4-10d7-4e0c-80aa-095d91cf6e17 found for delete ", "request_id": "req-43e793e8-a420-42d6-91e2-888fd828dec5"}]}
2026-04-27 02:37:04.042 9 INFO neutron.services.segments.plugin [-] Segment 4ffd07f4-10d7-4e0c-80aa-095d91cf6e17 resource provider not found; error: Placement Client Error (4xx): {"errors": [{"status": 404, "title": "Not Found", "detail": "The resource could not be found.\n\n No resource provider with uuid 4ffd07f4-10d7-4e0c-80aa-095d91cf6e17 found for delete ", "request_id": "req-a86ae8ed-90ce-4603-9c96-0d8fa81da190"}]}
2026-04-27 02:37:04.070 9 INFO neutron.wsgi [None req-b77848bc-6151-4699-90e7-ea5983602657 d2f0ece76a4a4fc18e3a6437eb5e3f2e 04e559e88607455baa9568180cfcced9 - - default default] 10.0.0.95 "DELETE /v2.0/networks/a37b286b-1de6-4d3d-9ea3-602c1e1f3a9f HTTP/1.1" status: 204 len: 168 time: 0.4235332
2026-04-27 02:37:04.224 9 INFO neutron.wsgi [None req-dfd118bc-d3d8-4090-88d7-d34ae7a8cd13 97457abcf25941f2bf8038f6e82bab12 47eacd0b0a7b4bec870b51bd9d2b0cf4 - - default default] 10.0.0.95 "POST /v2.0/qos/policies HTTP/1.1" status: 201 len: 558 time: 0.2531381
2026-04-27 02:37:04.259 9 INFO neutron.wsgi [None req-58b383c0-613e-4412-8886-fd4ad4b20e63 97457abcf25941f2bf8038f6e82bab12 47eacd0b0a7b4bec870b51bd9d2b0cf4 - - default default] 10.0.0.95 "PUT /v2.0/policies/4491ccad-d463-4cf2-bf10-c7aff5fe7db3/tags HTTP/1.1" status: 200 len: 218 time: 0.0285227
2026-04-27 02:37:04.283 9 INFO neutron.wsgi [None req-492cc3d7-556c-439d-ae9c-34e8b9137055 97457abcf25941f2bf8038f6e82bab12 47eacd0b0a7b4bec870b51bd9d2b0cf4 - - default default] 10.0.0.95 "GET /v2.0/policies/4491ccad-d463-4cf2-bf10-c7aff5fe7db3/tags HTTP/1.1" status: 200 len: 218 time: 0.0192630
2026-04-27 02:37:04.315 9 INFO neutron.wsgi [None req-a8bc6fc6-f70d-45ca-acb7-68473b8e5f9f 97457abcf25941f2bf8038f6e82bab12 47eacd0b0a7b4bec870b51bd9d2b0cf4 - - default default] 10.0.0.95 "PUT /v2.0/policies/4491ccad-d463-4cf2-bf10-c7aff5fe7db3/tags/green HTTP/1.1" status: 201 len: 201 time: 0.0269175
2026-04-27 02:37:04.336 9 INFO neutron.wsgi [None req-71fa9ebd-b7ad-4df9-bccd-74619f1bf122 97457abcf25941f2bf8038f6e82bab12 47eacd0b0a7b4bec870b51bd9d2b0cf4 - - default default] 10.0.0.95 "GET /v2.0/policies/4491ccad-d463-4cf2-bf10-c7aff5fe7db3/tags HTTP/1.1" status: 200 len: 227 time: 0.0172164
2026-04-27 02:37:04.384 9 INFO neutron.wsgi [None req-8a46e89b-ea2a-43ef-852c-10bc1dccf585 97457abcf25941f2bf8038f6e82bab12 47eacd0b0a7b4bec870b51bd9d2b0cf4 - - default default] 10.0.0.95 "PUT /v2.0/policies/4491ccad-d463-4cf2-bf10-c7aff5fe7db3/tags/red HTTP/1.1" status: 201 len: 201 time: 0.0428803
2026-04-27 02:37:04.422 9 INFO neutron.wsgi [None req-2731ce64-56a0-415c-8ccc-a7da3e41eef6 97457abcf25941f2bf8038f6e82bab12 47eacd0b0a7b4bec870b51bd9d2b0cf4 - - default default] 10.0.0.95 "GET /v2.0/policies/4491ccad-d463-4cf2-bf10-c7aff5fe7db3/tags HTTP/1.1" status: 200 len: 227 time: 0.0329683
2026-04-27 02:37:04.455 9 INFO neutron.wsgi [None req-b2bfcced-8170-452b-bdf6-3674b37290cd 97457abcf25941f2bf8038f6e82bab12 47eacd0b0a7b4bec870b51bd9d2b0cf4 - - default default] 10.0.0.95 "PUT /v2.0/policies/4491ccad-d463-4cf2-bf10-c7aff5fe7db3/tags/black.or.white HTTP/1.1" status: 201 len: 201 time: 0.0276942
2026-04-27 02:37:04.478 9 INFO neutron.wsgi [None req-82d069ae-3232-42e2-84e3-5b0c71492302 97457abcf25941f2bf8038f6e82bab12 47eacd0b0a7b4bec870b51bd9d2b0cf4 - - default default] 10.0.0.95 "GET /v2.0/policies/4491ccad-d463-4cf2-bf10-c7aff5fe7db3/tags HTTP/1.1" status: 200 len: 245 time: 0.0173991
2026-04-27 02:37:04.525 10 INFO neutron.wsgi [None req-17fea793-1258-439a-b88d-81bf2fd22e37 d2f0ece76a4a4fc18e3a6437eb5e3f2e 04e559e88607455baa9568180cfcced9 - - default default] 10.0.0.95 "GET /v2.0/security-groups?tenant_id=a721b84d3ee24f1ba78b7c1f4c2fac35&name=default HTTP/1.1" status: 200 len: 2996 time: 0.0505846
2026-04-27 02:37:04.562 9 INFO neutron.wsgi [None req-2ae3e6fd-e148-4cbe-9683-c0a36821385a 97457abcf25941f2bf8038f6e82bab12 47eacd0b0a7b4bec870b51bd9d2b0cf4 - - default default] 10.0.0.95 "PUT /v2.0/policies/4491ccad-d463-4cf2-bf10-c7aff5fe7db3/tags HTTP/1.1" status: 200 len: 230 time: 0.0778093
2026-04-27 02:37:04.591 9 INFO neutron.wsgi [None req-844d36fc-961b-4f66-8546-302bbf568dc5 97457abcf25941f2bf8038f6e82bab12 47eacd0b0a7b4bec870b51bd9d2b0cf4 - - default default] 10.0.0.95 "GET /v2.0/policies/4491ccad-d463-4cf2-bf10-c7aff5fe7db3/tags HTTP/1.1" status: 200 len: 230 time: 0.0239770
2026-04-27 02:37:04.624 9 INFO neutron.wsgi [None req-812e31bc-8f47-4c01-a3ad-7763098b82c0 97457abcf25941f2bf8038f6e82bab12 47eacd0b0a7b4bec870b51bd9d2b0cf4 - - default default] 10.0.0.95 "GET /v2.0/policies/4491ccad-d463-4cf2-bf10-c7aff5fe7db3/tags/red HTTP/1.1" status: 204 len: 168 time: 0.0282023
2026-04-27 02:37:04.652 9 INFO neutron.api.v2.resource [None req-434aee87-1fa4-4f12-90c4-0b03c4a5cafb 97457abcf25941f2bf8038f6e82bab12 47eacd0b0a7b4bec870b51bd9d2b0cf4 - - default default] show failed (client error): The resource could not be found.
2026-04-27 02:37:04.653 9 INFO neutron.wsgi [None req-434aee87-1fa4-4f12-90c4-0b03c4a5cafb 97457abcf25941f2bf8038f6e82bab12 47eacd0b0a7b4bec870b51bd9d2b0cf4 - - default default] 10.0.0.95 "GET /v2.0/policies/4491ccad-d463-4cf2-bf10-c7aff5fe7db3/tags/green HTTP/1.1" status: 404 len: 299 time: 0.0237803
2026-04-27 02:37:04.698 9 INFO neutron.wsgi [None req-46447767-49f4-4b57-b599-327325728893 97457abcf25941f2bf8038f6e82bab12 47eacd0b0a7b4bec870b51bd9d2b0cf4 - - default default] 10.0.0.95 "DELETE /v2.0/policies/4491ccad-d463-4cf2-bf10-c7aff5fe7db3/tags/red HTTP/1.1" status: 204 len: 168 time: 0.0410581
2026-04-27 02:37:04.721 9 INFO neutron.wsgi [None req-c1844251-2435-43c6-8f6f-b383d6074d64 97457abcf25941f2bf8038f6e82bab12 47eacd0b0a7b4bec870b51bd9d2b0cf4 - - default default] 10.0.0.95 "GET /v2.0/policies/4491ccad-d463-4cf2-bf10-c7aff5fe7db3/tags HTTP/1.1" status: 200 len: 223 time: 0.0195525
2026-04-27 02:37:04.748 10 INFO neutron.wsgi [None req-152ccd14-b592-40cc-aa08-fe4d0638946a d2f0ece76a4a4fc18e3a6437eb5e3f2e 04e559e88607455baa9568180cfcced9 - - default default] 10.0.0.95 "DELETE /v2.0/security-groups/bfd27216-f13a-4efa-a046-79dc088232c7 HTTP/1.1" status: 204 len: 168 time: 0.2159576
2026-04-27 02:37:04.751 9 INFO neutron.api.v2.resource [None req-365b84c1-2298-4f0f-b37a-ffbd58334582 97457abcf25941f2bf8038f6e82bab12 47eacd0b0a7b4bec870b51bd9d2b0cf4 - - default default] delete failed (client error): The resource could not be found.
2026-04-27 02:37:04.753 9 INFO neutron.wsgi [None req-365b84c1-2298-4f0f-b37a-ffbd58334582 97457abcf25941f2bf8038f6e82bab12 47eacd0b0a7b4bec870b51bd9d2b0cf4 - - default default] 10.0.0.95 "DELETE /v2.0/policies/4491ccad-d463-4cf2-bf10-c7aff5fe7db3/tags/green HTTP/1.1" status: 404 len: 299 time: 0.0293503
2026-04-27 02:37:04.789 10 INFO neutron.wsgi [None req-73eaf97c-e4bd-4432-9a9a-5409c9f915a5 97457abcf25941f2bf8038f6e82bab12 47eacd0b0a7b4bec870b51bd9d2b0cf4 - - default default] 10.0.0.95 "DELETE /v2.0/policies/4491ccad-d463-4cf2-bf10-c7aff5fe7db3/tags HTTP/1.1" status: 204 len: 168 time: 0.0305357
2026-04-27 02:37:04.811 10 INFO neutron.wsgi [None req-32e9b61a-a76e-4a95-adec-97d70345dc71 97457abcf25941f2bf8038f6e82bab12 47eacd0b0a7b4bec870b51bd9d2b0cf4 - - default default] 10.0.0.95 "GET /v2.0/policies/4491ccad-d463-4cf2-bf10-c7aff5fe7db3/tags HTTP/1.1" status: 200 len: 205 time: 0.0181253
2026-04-27 02:37:04.904 10 INFO neutron.wsgi [None req-a36ef912-7983-4a86-acc1-a7307f77d170 97457abcf25941f2bf8038f6e82bab12 47eacd0b0a7b4bec870b51bd9d2b0cf4 - - default default] 10.0.0.95 "DELETE /v2.0/qos/policies/4491ccad-d463-4cf2-bf10-c7aff5fe7db3 HTTP/1.1" status: 204 len: 168 time: 0.0691850
