2026-04-27 02:36:37.655 10 INFO neutron.db.ovn_revision_numbers_db [None req-f67f1540-ba19-42e2-be1b-12fa72eb3dfd d2f0ece76a4a4fc18e3a6437eb5e3f2e 04e559e88607455baa9568180cfcced9 - - default default] Successfully bumped revision number for resource 3ac3febf-f959-4f12-801d-0e693977d7c0 (type: security_group_rules) to 0
2026-04-27 02:36:37.671 10 INFO neutron.db.ovn_revision_numbers_db [None req-f67f1540-ba19-42e2-be1b-12fa72eb3dfd d2f0ece76a4a4fc18e3a6437eb5e3f2e 04e559e88607455baa9568180cfcced9 - - default default] Successfully bumped revision number for resource 66bd33ff-9122-422d-85dd-3e9db4d3758f (type: security_group_rules) to 0
2026-04-27 02:36:37.687 10 INFO neutron.db.ovn_revision_numbers_db [None req-f67f1540-ba19-42e2-be1b-12fa72eb3dfd d2f0ece76a4a4fc18e3a6437eb5e3f2e 04e559e88607455baa9568180cfcced9 - - default default] Successfully bumped revision number for resource fa6bf5a9-af6e-4d7a-95f5-fdd6bc28422e (type: security_group_rules) to 0
2026-04-27 02:36:37.718 10 INFO neutron.wsgi [None req-f67f1540-ba19-42e2-be1b-12fa72eb3dfd d2f0ece76a4a4fc18e3a6437eb5e3f2e 04e559e88607455baa9568180cfcced9 - - default default] 10.0.0.95 "GET /v2.0/security-groups?tenant_id=90ea9e2f696b4117aab3e059229e3cfb&name=default HTTP/1.1" status: 200 len: 2996 time: 0.3360901
2026-04-27 02:36:37.937 10 INFO neutron.wsgi [None req-fd16a4ac-20e2-4351-b6b7-28f7c815072b d2f0ece76a4a4fc18e3a6437eb5e3f2e 04e559e88607455baa9568180cfcced9 - - default default] 10.0.0.95 "DELETE /v2.0/security-groups/a306fc04-6641-44b1-ab40-ea68574511d6 HTTP/1.1" status: 204 len: 168 time: 0.2137995
2026-04-27 02:36:38.105 10 INFO neutron.wsgi [None req-60fdfd20-02db-4813-b1e5-ba2092a34ec0 d2f0ece76a4a4fc18e3a6437eb5e3f2e 04e559e88607455baa9568180cfcced9 - - default default] 10.0.0.95 "GET /v2.0/security-groups?tenant_id=6e8ee1ffc0684650a0a64579bc73c696&name=default HTTP/1.1" status: 200 len: 2996 time: 0.0499530
2026-04-27 02:36:38.207 9 INFO neutron.wsgi [None req-15638485-cbd1-42ec-a2ae-6bf5ca6441d1 a26d72c1ee0c4862abc81e0d1e9240bc 318f84d9948f4ca9837ba439a7ba0405 - - default default] 10.0.0.95 "DELETE /v2.0/networks/73a8cc57-d98d-4790-a13d-26c2ff995aeb HTTP/1.1" status: 204 len: 168 time: 0.8742988
2026-04-27 02:36:38.328 10 INFO neutron.wsgi [None req-406e5a16-a202-4c34-a144-a0da5477945d d2f0ece76a4a4fc18e3a6437eb5e3f2e 04e559e88607455baa9568180cfcced9 - - default default] 10.0.0.95 "DELETE /v2.0/security-groups/64f8e942-fde7-4114-8e45-4084ce64a4c2 HTTP/1.1" status: 204 len: 168 time: 0.2176597
2026-04-27 02:36:38.582 9 INFO neutron.services.segments.plugin [-] Segment 39746d15-4a39-4ffb-8fef-9676d35fc82c resource provider aggregate not found
2026-04-27 02:36:38.596 9 INFO neutron.services.segments.plugin [-] Segment 39746d15-4a39-4ffb-8fef-9676d35fc82c resource provider aggregate not found
2026-04-27 02:36:38.603 9 INFO neutron.services.segments.plugin [-] Segment 39746d15-4a39-4ffb-8fef-9676d35fc82c resource provider not found; error: Placement Client Error (4xx): {"errors": [{"status": 404, "title": "Not Found", "detail": "The resource could not be found.\n\n No resource provider with uuid 39746d15-4a39-4ffb-8fef-9676d35fc82c found for delete ", "request_id": "req-f7f9dfdd-7061-49eb-8655-c214c2416b79"}]}
2026-04-27 02:36:38.617 9 INFO neutron.services.segments.plugin [-] Segment 39746d15-4a39-4ffb-8fef-9676d35fc82c resource provider not found; error: Placement Client Error (4xx): {"errors": [{"status": 404, "title": "Not Found", "detail": "The resource could not be found.\n\n No resource provider with uuid 39746d15-4a39-4ffb-8fef-9676d35fc82c found for delete ", "request_id": "req-6f5cc9f8-0194-4d90-80c8-871b7585bea8"}]}
2026-04-27 02:36:38.722 9 INFO neutron.wsgi [None req-efca514a-ac8f-4b06-9ca0-057b216d2c37 a26d72c1ee0c4862abc81e0d1e9240bc 318f84d9948f4ca9837ba439a7ba0405 - - default default] 10.0.0.95 "DELETE /v2.0/networks/95e000c2-f32c-4370-a3bf-be3fd458348f HTTP/1.1" status: 204 len: 168 time: 0.5098782
2026-04-27 02:36:39.129 10 INFO neutron.services.segments.plugin [-] Segment 10b48db8-d2dd-403b-94b3-b46493b00a56 resource provider aggregate not found
2026-04-27 02:36:39.135 10 INFO neutron.services.segments.plugin [-] Segment 10b48db8-d2dd-403b-94b3-b46493b00a56 resource provider aggregate not found
2026-04-27 02:36:39.151 10 INFO neutron.services.segments.plugin [-] Segment 10b48db8-d2dd-403b-94b3-b46493b00a56 resource provider not found; error: Placement Client Error (4xx): {"errors": [{"status": 404, "title": "Not Found", "detail": "The resource could not be found.\n\n No resource provider with uuid 10b48db8-d2dd-403b-94b3-b46493b00a56 found for delete ", "request_id": "req-51d4b73a-d13e-4716-ba81-b31bd93c5902"}]}
2026-04-27 02:36:39.153 10 INFO neutron.services.segments.plugin [-] Segment 10b48db8-d2dd-403b-94b3-b46493b00a56 resource provider not found; error: Placement Client Error (4xx): {"errors": [{"status": 404, "title": "Not Found", "detail": "The resource could not be found.\n\n No resource provider with uuid 10b48db8-d2dd-403b-94b3-b46493b00a56 found for delete ", "request_id": "req-fa0cac8f-c81c-4b4b-8092-5e9a8488ed96"}]}
2026-04-27 02:36:39.179 10 INFO neutron.wsgi [None req-7bdb0170-3b9c-43ca-ae76-da121ce426f1 a26d72c1ee0c4862abc81e0d1e9240bc 318f84d9948f4ca9837ba439a7ba0405 - - default default] 10.0.0.95 "DELETE /v2.0/networks/4e0fec80-bada-40eb-b152-4f032883e805 HTTP/1.1" status: 204 len: 168 time: 0.4477284
2026-04-27 02:36:39.505 10 INFO neutron.wsgi [-] 10.0.0.81 "GET / HTTP/1.1" status: 200 len: 247 time: 0.0039232
2026-04-27 02:36:39.509 10 INFO neutron.wsgi [-] 10.0.0.81 "GET / HTTP/1.1" status: 200 len: 247 time: 0.0023351
2026-04-27 02:36:39.658 9 INFO neutron.wsgi [None req-cc09929b-2f79-49b6-a7f2-0ac689c09563 a26d72c1ee0c4862abc81e0d1e9240bc 318f84d9948f4ca9837ba439a7ba0405 - - default default] 10.0.0.95 "DELETE /v2.0/networks/a234150b-3d07-4cc6-88b6-0442ca53caa7 HTTP/1.1" status: 204 len: 168 time: 0.4723413
2026-04-27 02:36:40.086 10 INFO neutron.wsgi [None req-9ab17e5e-0896-4c16-a467-46bfd9b745ca a26d72c1ee0c4862abc81e0d1e9240bc 318f84d9948f4ca9837ba439a7ba0405 - - default default] 10.0.0.95 "DELETE /v2.0/networks/beb51ae6-e039-43ad-bf14-9c7979df3af7 HTTP/1.1" status: 204 len: 168 time: 0.4215708
2026-04-27 02:36:40.628 9 INFO neutron.services.segments.plugin [-] Segment f8376af1-3c16-4bc6-8144-ca881e640a16 resource provider aggregate not found
2026-04-27 02:36:40.640 9 INFO neutron.services.segments.plugin [-] Segment f8376af1-3c16-4bc6-8144-ca881e640a16 resource provider aggregate not found
2026-04-27 02:36:40.648 9 INFO neutron.services.segments.plugin [-] Segment f8376af1-3c16-4bc6-8144-ca881e640a16 resource provider not found; error: Placement Client Error (4xx): {"errors": [{"status": 404, "title": "Not Found", "detail": "The resource could not be found.\n\n No resource provider with uuid f8376af1-3c16-4bc6-8144-ca881e640a16 found for delete ", "request_id": "req-c0d912d6-e85d-4761-8c92-82ddde900aec"}]}
2026-04-27 02:36:40.655 9 INFO neutron.services.segments.plugin [-] Segment f8376af1-3c16-4bc6-8144-ca881e640a16 resource provider not found; error: Placement Client Error (4xx): {"errors": [{"status": 404, "title": "Not Found", "detail": "The resource could not be found.\n\n No resource provider with uuid f8376af1-3c16-4bc6-8144-ca881e640a16 found for delete ", "request_id": "req-86b31580-83d9-44f5-ac89-2d6556758e20"}]}
2026-04-27 02:36:40.662 9 INFO neutron.services.segments.plugin [-] Segment c1660162-5750-4992-8a0a-5668e484c1e3 resource provider aggregate not found
2026-04-27 02:36:40.667 9 INFO neutron.services.segments.plugin [-] Segment c1660162-5750-4992-8a0a-5668e484c1e3 resource provider aggregate not found
2026-04-27 02:36:40.681 9 INFO neutron.services.segments.plugin [-] Segment c1660162-5750-4992-8a0a-5668e484c1e3 resource provider not found; error: Placement Client Error (4xx): {"errors": [{"status": 404, "title": "Not Found", "detail": "The resource could not be found.\n\n No resource provider with uuid c1660162-5750-4992-8a0a-5668e484c1e3 found for delete ", "request_id": "req-519e3283-8956-47b1-8380-7210a791378c"}]}
2026-04-27 02:36:40.684 9 INFO neutron.services.segments.plugin [-] Segment c1660162-5750-4992-8a0a-5668e484c1e3 resource provider not found; error: Placement Client Error (4xx): {"errors": [{"status": 404, "title": "Not Found", "detail": "The resource could not be found.\n\n No resource provider with uuid c1660162-5750-4992-8a0a-5668e484c1e3 found for delete ", "request_id": "req-14550287-721b-43ca-879b-727171eb32ee"}]}
2026-04-27 02:36:41.175 10 INFO neutron.services.segments.plugin [-] Segment 95837171-44dc-4e51-9f9e-e3c953c6fad6 resource provider aggregate not found
2026-04-27 02:36:41.184 10 INFO neutron.services.segments.plugin [-] Segment 95837171-44dc-4e51-9f9e-e3c953c6fad6 resource provider aggregate not found
2026-04-27 02:36:41.199 10 INFO neutron.services.segments.plugin [-] Segment 95837171-44dc-4e51-9f9e-e3c953c6fad6 resource provider not found; error: Placement Client Error (4xx): {"errors": [{"status": 404, "title": "Not Found", "detail": "The resource could not be found.\n\n No resource provider with uuid 95837171-44dc-4e51-9f9e-e3c953c6fad6 found for delete ", "request_id": "req-ed6fb18c-4525-45e2-8437-c1f25f3fbbf5"}]}
2026-04-27 02:36:41.203 10 INFO neutron.services.segments.plugin [-] Segment 95837171-44dc-4e51-9f9e-e3c953c6fad6 resource provider not found; error: Placement Client Error (4xx): {"errors": [{"status": 404, "title": "Not Found", "detail": "The resource could not be found.\n\n No resource provider with uuid 95837171-44dc-4e51-9f9e-e3c953c6fad6 found for delete ", "request_id": "req-ef003455-5e03-4068-b12e-b6967e22e8f2"}]}
2026-04-27 02:36:41.371 10 INFO neutron.db.ovn_revision_numbers_db [None req-9b02e99e-f721-4460-8d27-629dc94cf3cb d2f0ece76a4a4fc18e3a6437eb5e3f2e 04e559e88607455baa9568180cfcced9 - - default default] Successfully bumped revision number for resource 55cc7255-2b61-45ce-a436-4f0c3b0cffc8 (type: security_groups) to 1
2026-04-27 02:36:41.387 10 INFO neutron.db.ovn_revision_numbers_db [None req-9b02e99e-f721-4460-8d27-629dc94cf3cb d2f0ece76a4a4fc18e3a6437eb5e3f2e 04e559e88607455baa9568180cfcced9 - - default default] Successfully bumped revision number for resource 49dbb371-e2bc-479a-8e60-ba1edcf3d14a (type: security_group_rules) to 0
2026-04-27 02:36:41.403 10 INFO neutron.db.ovn_revision_numbers_db [None req-9b02e99e-f721-4460-8d27-629dc94cf3cb d2f0ece76a4a4fc18e3a6437eb5e3f2e 04e559e88607455baa9568180cfcced9 - - default default] Successfully bumped revision number for resource 757ae663-5fcc-4e47-8259-5fbf78a884f6 (type: security_group_rules) to 0
2026-04-27 02:36:41.420 10 INFO neutron.db.ovn_revision_numbers_db [None req-9b02e99e-f721-4460-8d27-629dc94cf3cb d2f0ece76a4a4fc18e3a6437eb5e3f2e 04e559e88607455baa9568180cfcced9 - - default default] Successfully bumped revision number for resource a187cc67-3b16-4268-a981-a4be8b50c4bf (type: security_group_rules) to 0
2026-04-27 02:36:41.438 10 INFO neutron.db.ovn_revision_numbers_db [None req-9b02e99e-f721-4460-8d27-629dc94cf3cb d2f0ece76a4a4fc18e3a6437eb5e3f2e 04e559e88607455baa9568180cfcced9 - - default default] Successfully bumped revision number for resource c6dcce71-ee08-467a-ba25-ac4ea2b53df2 (type: security_group_rules) to 0
2026-04-27 02:36:41.463 10 INFO neutron.wsgi [None req-9b02e99e-f721-4460-8d27-629dc94cf3cb d2f0ece76a4a4fc18e3a6437eb5e3f2e 04e559e88607455baa9568180cfcced9 - - default default] 10.0.0.95 "GET /v2.0/security-groups?tenant_id=5d4af6ef8ce3413b97e225e9ba318be1&name=default HTTP/1.1" status: 200 len: 2996 time: 0.4156697
2026-04-27 02:36:41.684 10 INFO neutron.wsgi [None req-4e75bb86-7788-4c6d-b45a-c572de38e83b d2f0ece76a4a4fc18e3a6437eb5e3f2e 04e559e88607455baa9568180cfcced9 - - default default] 10.0.0.95 "DELETE /v2.0/security-groups/55cc7255-2b61-45ce-a436-4f0c3b0cffc8 HTTP/1.1" status: 204 len: 168 time: 0.2143626
2026-04-27 02:36:41.767 9 WARNING neutron_lib.context [None req-525dd5ae-7270-4006-9f44-14c6d19076fc 000681a4047249edbb12cd1157ee1018 b6d2496144164f838c2fa33ad5f110ed - - default default] Method 'is_advsvc' is deprecated since 2023.2 release (neutron-lib 3.8.0) and will be removed once support for the old RBAC API policies will be removed from Neutron. Please use method 'is_service_role' instead.
2026-04-27 02:36:41.831 10 INFO neutron.wsgi [None req-c02e6eeb-bd8b-46fc-952c-b4fb21023e40 d2f0ece76a4a4fc18e3a6437eb5e3f2e 04e559e88607455baa9568180cfcced9 - - default default] 10.0.0.95 "GET /v2.0/security-groups?tenant_id=318f84d9948f4ca9837ba439a7ba0405&name=default HTTP/1.1" status: 200 len: 2996 time: 0.0393562
2026-04-27 02:36:41.917 9 INFO neutron.db.ovn_revision_numbers_db [None req-525dd5ae-7270-4006-9f44-14c6d19076fc 000681a4047249edbb12cd1157ee1018 b6d2496144164f838c2fa33ad5f110ed - - default default] Successfully bumped revision number for resource cf472e3e-6c2b-46b4-bc42-39a1ce70b5b0 (type: security_groups) to 1
2026-04-27 02:36:41.932 9 INFO neutron.db.ovn_revision_numbers_db [None req-525dd5ae-7270-4006-9f44-14c6d19076fc 000681a4047249edbb12cd1157ee1018 b6d2496144164f838c2fa33ad5f110ed - - default default] Successfully bumped revision number for resource 5151b1e3-d456-402f-989c-ae89d267f089 (type: security_group_rules) to 0
2026-04-27 02:36:41.950 9 INFO neutron.db.ovn_revision_numbers_db [None req-525dd5ae-7270-4006-9f44-14c6d19076fc 000681a4047249edbb12cd1157ee1018 b6d2496144164f838c2fa33ad5f110ed - - default default] Successfully bumped revision number for resource c425bdb6-d24c-470f-9ff3-6facea50721d (type: security_group_rules) to 0
2026-04-27 02:36:41.971 9 INFO neutron.db.ovn_revision_numbers_db [None req-525dd5ae-7270-4006-9f44-14c6d19076fc 000681a4047249edbb12cd1157ee1018 b6d2496144164f838c2fa33ad5f110ed - - default default] Successfully bumped revision number for resource dd903f59-3faa-4220-9129-81f4ee6c1bd0 (type: security_group_rules) to 0
2026-04-27 02:36:41.992 9 INFO neutron.db.ovn_revision_numbers_db [None req-525dd5ae-7270-4006-9f44-14c6d19076fc 000681a4047249edbb12cd1157ee1018 b6d2496144164f838c2fa33ad5f110ed - - default default] Successfully bumped revision number for resource fe71b7fb-be73-4c9b-ab23-26d76257d6ba (type: security_group_rules) to 0
2026-04-27 02:36:42.044 10 INFO neutron.wsgi [None req-0c824779-2b62-4752-9713-6bb1b5963587 d2f0ece76a4a4fc18e3a6437eb5e3f2e 04e559e88607455baa9568180cfcced9 - - default default] 10.0.0.95 "DELETE /v2.0/security-groups/b41ee029-0a41-4651-b5bd-034ff6a017d8 HTTP/1.1" status: 204 len: 168 time: 0.2059598
2026-04-27 02:36:42.105 9 INFO neutron.db.ovn_revision_numbers_db [None req-525dd5ae-7270-4006-9f44-14c6d19076fc 000681a4047249edbb12cd1157ee1018 b6d2496144164f838c2fa33ad5f110ed - - default default] Successfully bumped revision number for resource ae831b1c-960a-48f5-9a79-c308bdf561b8 (type: security_groups) to 1
2026-04-27 02:36:42.122 9 INFO neutron.db.ovn_revision_numbers_db [None req-525dd5ae-7270-4006-9f44-14c6d19076fc 000681a4047249edbb12cd1157ee1018 b6d2496144164f838c2fa33ad5f110ed - - default default] Successfully bumped revision number for resource 61b3d303-c2de-4d53-af61-7169499dcb89 (type: security_group_rules) to 0
2026-04-27 02:36:42.138 9 INFO neutron.db.ovn_revision_numbers_db [None req-525dd5ae-7270-4006-9f44-14c6d19076fc 000681a4047249edbb12cd1157ee1018 b6d2496144164f838c2fa33ad5f110ed - - default default] Successfully bumped revision number for resource f6c98037-bc2f-4062-b737-3c08cc70bb63 (type: security_group_rules) to 0
2026-04-27 02:36:42.163 9 INFO neutron.wsgi [None req-525dd5ae-7270-4006-9f44-14c6d19076fc 000681a4047249edbb12cd1157ee1018 b6d2496144164f838c2fa33ad5f110ed - - default default] 10.0.0.95 "POST /v2.0/security-groups HTTP/1.1" status: 201 len: 1737 time: 0.4481430
2026-04-27 02:36:42.253 9 INFO neutron.wsgi [None req-766b3a20-f21d-4ec4-953f-fe1baa808992 000681a4047249edbb12cd1157ee1018 b6d2496144164f838c2fa33ad5f110ed - - default default] 10.0.0.95 "PUT /v2.0/security-groups/ae831b1c-960a-48f5-9a79-c308bdf561b8/tags HTTP/1.1" status: 200 len: 218 time: 0.0843081
2026-04-27 02:36:42.285 9 INFO neutron.wsgi [None req-7d0cd0e2-59cb-49e1-95c2-f548deef0caa 000681a4047249edbb12cd1157ee1018 b6d2496144164f838c2fa33ad5f110ed - - default default] 10.0.0.95 "GET /v2.0/security-groups/ae831b1c-960a-48f5-9a79-c308bdf561b8/tags HTTP/1.1" status: 200 len: 218 time: 0.0269027
2026-04-27 02:36:42.329 9 INFO neutron.wsgi [None req-6ad7236c-e199-44d9-a543-e1c2dc7cecb0 000681a4047249edbb12cd1157ee1018 b6d2496144164f838c2fa33ad5f110ed - - default default] 10.0.0.95 "PUT /v2.0/security-groups/ae831b1c-960a-48f5-9a79-c308bdf561b8/tags/green HTTP/1.1" status: 201 len: 201 time: 0.0394075
2026-04-27 02:36:42.341 10 INFO neutron.db.ovn_revision_numbers_db [None req-ca5b6439-f447-4348-a89b-1077050e59e1 d2f0ece76a4a4fc18e3a6437eb5e3f2e 04e559e88607455baa9568180cfcced9 - - default default] Successfully bumped revision number for resource 8272913f-2ffa-4fe4-b241-f464d0245dba (type: security_groups) to 1
2026-04-27 02:36:42.354 10 INFO neutron.db.ovn_revision_numbers_db [None req-ca5b6439-f447-4348-a89b-1077050e59e1 d2f0ece76a4a4fc18e3a6437eb5e3f2e 04e559e88607455baa9568180cfcced9 - - default default] Successfully bumped revision number for resource 5d8c664c-e52f-4742-8a98-5987a25753d9 (type: security_group_rules) to 0
2026-04-27 02:36:42.358 9 INFO neutron.wsgi [None req-ab57dfe0-a08e-41f0-8b6e-6d6f66c268e1 000681a4047249edbb12cd1157ee1018 b6d2496144164f838c2fa33ad5f110ed - - default default] 10.0.0.95 "GET /v2.0/security-groups/ae831b1c-960a-48f5-9a79-c308bdf561b8/tags HTTP/1.1" status: 200 len: 227 time: 0.0234745
2026-04-27 02:36:42.367 10 INFO neutron.db.ovn_revision_numbers_db [None req-ca5b6439-f447-4348-a89b-1077050e59e1 d2f0ece76a4a4fc18e3a6437eb5e3f2e 04e559e88607455baa9568180cfcced9 - - default default] Successfully bumped revision number for resource a132810f-0334-4f33-8526-96162227900e (type: security_group_rules) to 0
2026-04-27 02:36:42.382 10 INFO neutron.db.ovn_revision_numbers_db [None req-ca5b6439-f447-4348-a89b-1077050e59e1 d2f0ece76a4a4fc18e3a6437eb5e3f2e 04e559e88607455baa9568180cfcced9 - - default default] Successfully bumped revision number for resource d53749f8-3c3a-4c76-ac03-0c62047460ca (type: security_group_rules) to 0
2026-04-27 02:36:42.393 9 INFO neutron.wsgi [None req-df0182c7-81ed-4e65-b757-acfd960ab01c 000681a4047249edbb12cd1157ee1018 b6d2496144164f838c2fa33ad5f110ed - - default default] 10.0.0.95 "PUT /v2.0/security-groups/ae831b1c-960a-48f5-9a79-c308bdf561b8/tags/red HTTP/1.1" status: 201 len: 201 time: 0.0280735
2026-04-27 02:36:42.396 10 INFO neutron.db.ovn_revision_numbers_db [None req-ca5b6439-f447-4348-a89b-1077050e59e1 d2f0ece76a4a4fc18e3a6437eb5e3f2e 04e559e88607455baa9568180cfcced9 - - default default] Successfully bumped revision number for resource fc23badd-7d1b-45dd-9617-68c285b6df45 (type: security_group_rules) to 0
2026-04-27 02:36:42.421 10 INFO neutron.wsgi [None req-ca5b6439-f447-4348-a89b-1077050e59e1 d2f0ece76a4a4fc18e3a6437eb5e3f2e 04e559e88607455baa9568180cfcced9 - - default default] 10.0.0.95 "GET /v2.0/security-groups?tenant_id=9e45bcd432824989a015cbeab0ad0dcf&name=default HTTP/1.1" status: 200 len: 2996 time: 0.2125158
2026-04-27 02:36:42.428 9 INFO neutron.wsgi [None req-989cf7ea-2f66-4eed-b2e0-d3d5a82d32ef 000681a4047249edbb12cd1157ee1018 b6d2496144164f838c2fa33ad5f110ed - - default default] 10.0.0.95 "GET /v2.0/security-groups/ae831b1c-960a-48f5-9a79-c308bdf561b8/tags HTTP/1.1" status: 200 len: 227 time: 0.0293019
2026-04-27 02:36:42.481 10 INFO neutron.wsgi [None req-68a6838c-1f42-416c-afaa-83cc19dc3ab8 000681a4047249edbb12cd1157ee1018 b6d2496144164f838c2fa33ad5f110ed - - default default] 10.0.0.95 "PUT /v2.0/security-groups/ae831b1c-960a-48f5-9a79-c308bdf561b8/tags/black.or.white HTTP/1.1" status: 201 len: 201 time: 0.0478511
2026-04-27 02:36:42.511 10 INFO neutron.wsgi [None req-35d58440-be41-43c8-a651-118bccb14237 000681a4047249edbb12cd1157ee1018 b6d2496144164f838c2fa33ad5f110ed - - default default] 10.0.0.95 "GET /v2.0/security-groups/ae831b1c-960a-48f5-9a79-c308bdf561b8/tags HTTP/1.1" status: 200 len: 245 time: 0.0242329
2026-04-27 02:36:42.576 10 INFO neutron.wsgi [None req-8e5cf6f1-9b9d-4eb1-83c8-10daab2025b6 000681a4047249edbb12cd1157ee1018 b6d2496144164f838c2fa33ad5f110ed - - default default] 10.0.0.95 "PUT /v2.0/security-groups/ae831b1c-960a-48f5-9a79-c308bdf561b8/tags HTTP/1.1" status: 200 len: 230 time: 0.0587811
2026-04-27 02:36:42.609 10 INFO neutron.wsgi [None req-9f2f0611-d661-471b-92eb-8286a061c0ce 000681a4047249edbb12cd1157ee1018 b6d2496144164f838c2fa33ad5f110ed - - default default] 10.0.0.95 "GET /v2.0/security-groups/ae831b1c-960a-48f5-9a79-c308bdf561b8/tags HTTP/1.1" status: 200 len: 230 time: 0.0279999
2026-04-27 02:36:42.647 10 INFO neutron.wsgi [None req-b0ef6652-e06e-4e39-aff3-e18d332f0fe9 000681a4047249edbb12cd1157ee1018 b6d2496144164f838c2fa33ad5f110ed - - default default] 10.0.0.95 "GET /v2.0/security-groups/ae831b1c-960a-48f5-9a79-c308bdf561b8/tags/red HTTP/1.1" status: 204 len: 168 time: 0.0311606
2026-04-27 02:36:42.658 9 INFO neutron.wsgi [None req-869e7b6f-7aa1-44e5-b676-4318f79e2dc3 d2f0ece76a4a4fc18e3a6437eb5e3f2e 04e559e88607455baa9568180cfcced9 - - default default] 10.0.0.95 "DELETE /v2.0/security-groups/8272913f-2ffa-4fe4-b241-f464d0245dba HTTP/1.1" status: 204 len: 168 time: 0.2311740
2026-04-27 02:36:42.670 10 INFO neutron.api.v2.resource [None req-8da06138-6cdc-4d6b-9813-44970fcc6cbd 000681a4047249edbb12cd1157ee1018 b6d2496144164f838c2fa33ad5f110ed - - default default] show failed (client error): The resource could not be found.
2026-04-27 02:36:42.671 10 INFO neutron.wsgi [None req-8da06138-6cdc-4d6b-9813-44970fcc6cbd 000681a4047249edbb12cd1157ee1018 b6d2496144164f838c2fa33ad5f110ed - - default default] 10.0.0.95 "GET /v2.0/security-groups/ae831b1c-960a-48f5-9a79-c308bdf561b8/tags/green HTTP/1.1" status: 404 len: 299 time: 0.0205324
2026-04-27 02:36:42.710 10 INFO neutron.wsgi [None req-985b7421-5b3b-46d4-a720-414d7117d31d 000681a4047249edbb12cd1157ee1018 b6d2496144164f838c2fa33ad5f110ed - - default default] 10.0.0.95 "DELETE /v2.0/security-groups/ae831b1c-960a-48f5-9a79-c308bdf561b8/tags/red HTTP/1.1" status: 204 len: 168 time: 0.0337415
2026-04-27 02:36:42.734 10 INFO neutron.wsgi [None req-93e14978-4355-4666-bc9c-4ceb2d1fff02 000681a4047249edbb12cd1157ee1018 b6d2496144164f838c2fa33ad5f110ed - - default default] 10.0.0.95 "GET /v2.0/security-groups/ae831b1c-960a-48f5-9a79-c308bdf561b8/tags HTTP/1.1" status: 200 len: 223 time: 0.0199564
2026-04-27 02:36:42.762 10 INFO neutron.api.v2.resource [None req-af3abe4c-aec6-4eb9-82c9-b682e742f359 000681a4047249edbb12cd1157ee1018 b6d2496144164f838c2fa33ad5f110ed - - default default] delete failed (client error): The resource could not be found.
2026-04-27 02:36:42.763 10 INFO neutron.wsgi [None req-af3abe4c-aec6-4eb9-82c9-b682e742f359 000681a4047249edbb12cd1157ee1018 b6d2496144164f838c2fa33ad5f110ed - - default default] 10.0.0.95 "DELETE /v2.0/security-groups/ae831b1c-960a-48f5-9a79-c308bdf561b8/tags/green HTTP/1.1" status: 404 len: 299 time: 0.0241141
2026-04-27 02:36:42.808 10 INFO neutron.wsgi [None req-1e7833e5-066d-47a2-a425-48dc2728c8ec 000681a4047249edbb12cd1157ee1018 b6d2496144164f838c2fa33ad5f110ed - - default default] 10.0.0.95 "DELETE /v2.0/security-groups/ae831b1c-960a-48f5-9a79-c308bdf561b8/tags HTTP/1.1" status: 204 len: 168 time: 0.0401113
2026-04-27 02:36:42.850 10 INFO neutron.wsgi [None req-4a009fd7-a97e-45b9-9dea-28f48128eccb 000681a4047249edbb12cd1157ee1018 b6d2496144164f838c2fa33ad5f110ed - - default default] 10.0.0.95 "GET /v2.0/security-groups/ae831b1c-960a-48f5-9a79-c308bdf561b8/tags HTTP/1.1" status: 200 len: 205 time: 0.0360496
2026-04-27 02:36:43.048 10 INFO neutron.wsgi [None req-2c450dd4-2914-4ece-99d4-bacf629b6ef0 000681a4047249edbb12cd1157ee1018 b6d2496144164f838c2fa33ad5f110ed - - default default] 10.0.0.95 "DELETE /v2.0/security-groups/ae831b1c-960a-48f5-9a79-c308bdf561b8 HTTP/1.1" status: 204 len: 168 time: 0.1885149
2026-04-27 02:36:44.041 9 INFO neutron.db.ovn_revision_numbers_db [None req-0cf8ae51-012d-41e9-ae1b-ed85c5ef81bd d2f0ece76a4a4fc18e3a6437eb5e3f2e 04e559e88607455baa9568180cfcced9 - - default default] Successfully bumped revision number for resource f8f2d9ea-d3fb-4bd4-bbcd-3284e2abe902 (type: security_groups) to 1
2026-04-27 02:36:44.056 9 INFO neutron.db.ovn_revision_numbers_db [None req-0cf8ae51-012d-41e9-ae1b-ed85c5ef81bd d2f0ece76a4a4fc18e3a6437eb5e3f2e 04e559e88607455baa9568180cfcced9 - - default default] Successfully bumped revision number for resource 30354809-4d2a-4f29-af83-0e23256e570f (type: security_group_rules) to 0
2026-04-27 02:36:44.072 9 INFO neutron.db.ovn_revision_numbers_db [None req-0cf8ae51-012d-41e9-ae1b-ed85c5ef81bd d2f0ece76a4a4fc18e3a6437eb5e3f2e 04e559e88607455baa9568180cfcced9 - - default default] Successfully bumped revision number for resource 61bb8f55-b11f-41c4-9d56-ad4fe981ef1d (type: security_group_rules) to 0
2026-04-27 02:36:44.091 9 INFO neutron.db.ovn_revision_numbers_db [None req-0cf8ae51-012d-41e9-ae1b-ed85c5ef81bd d2f0ece76a4a4fc18e3a6437eb5e3f2e 04e559e88607455baa9568180cfcced9 - - default default] Successfully bumped revision number for resource cc4fc4bc-6c9f-4e12-a760-fa932366dc6d (type: security_group_rules) to 0
2026-04-27 02:36:44.120 9 INFO neutron.db.ovn_revision_numbers_db [None req-0cf8ae51-012d-41e9-ae1b-ed85c5ef81bd d2f0ece76a4a4fc18e3a6437eb5e3f2e 04e559e88607455baa9568180cfcced9 - - default default] Successfully bumped revision number for resource fac72a8c-894c-4100-9cd0-6e4e47c0982d (type: security_group_rules) to 0
2026-04-27 02:36:44.150 9 INFO neutron.wsgi [None req-0cf8ae51-012d-41e9-ae1b-ed85c5ef81bd d2f0ece76a4a4fc18e3a6437eb5e3f2e 04e559e88607455baa9568180cfcced9 - - default default] 10.0.0.95 "GET /v2.0/security-groups?tenant_id=ce08a675279b485d9ec9c45301ace43a&name=default HTTP/1.1" status: 200 len: 2996 time: 0.3900008
2026-04-27 02:36:44.368 9 INFO neutron.wsgi [None req-779ee3fc-d742-41c7-8559-21516b75ae46 d2f0ece76a4a4fc18e3a6437eb5e3f2e 04e559e88607455baa9568180cfcced9 - - default default] 10.0.0.95 "DELETE /v2.0/security-groups/f8f2d9ea-d3fb-4bd4-bbcd-3284e2abe902 HTTP/1.1" status: 204 len: 168 time: 0.2134528
2026-04-27 02:36:44.563 9 INFO neutron.wsgi [None req-0d5292f2-6eb1-4b42-8ecd-6026100d4fa8 d2f0ece76a4a4fc18e3a6437eb5e3f2e 04e559e88607455baa9568180cfcced9 - - default default] 10.0.0.95 "GET /v2.0/security-groups?tenant_id=b6d2496144164f838c2fa33ad5f110ed&name=default HTTP/1.1" status: 200 len: 2996 time: 0.0409098
2026-04-27 02:36:44.769 9 INFO neutron.wsgi [None req-0076fe8e-e730-495e-bdbf-b25aa5bb02b2 d2f0ece76a4a4fc18e3a6437eb5e3f2e 04e559e88607455baa9568180cfcced9 - - default default] 10.0.0.95 "DELETE /v2.0/security-groups/cf472e3e-6c2b-46b4-bc42-39a1ce70b5b0 HTTP/1.1" status: 204 len: 168 time: 0.2009814
2026-04-27 02:36:45.613 10 INFO neutron.wsgi [None req-bc8bde25-f901-42a0-a92b-edfbea8b570d d2f0ece76a4a4fc18e3a6437eb5e3f2e 04e559e88607455baa9568180cfcced9 - - default default] 10.0.0.92 "GET /v2.0/routers HTTP/1.1" status: 200 len: 1530 time: 0.4127362
2026-04-27 02:36:45.642 10 INFO neutron.wsgi [None req-bea6e3fd-7fb6-489c-95b1-b721d41fd32c d2f0ece76a4a4fc18e3a6437eb5e3f2e 04e559e88607455baa9568180cfcced9 - - default default] 10.0.0.92 "GET /v2.0/agents?binary=ovn-controller HTTP/1.1" status: 200 len: 591 time: 0.0285621
2026-04-27 02:36:45.706 10 INFO neutron.wsgi [None req-5a78540d-dfed-4897-93c3-4de1dd660cf7 d2f0ece76a4a4fc18e3a6437eb5e3f2e 04e559e88607455baa9568180cfcced9 - - default default] 10.0.0.92 "GET /v2.0/subnets HTTP/1.1" status: 200 len: 2744 time: 0.0626841
2026-04-27 02:36:45.802 10 INFO neutron.wsgi [None req-bae6ac84-691a-4ca8-84c9-85adf0a86d42 d2f0ece76a4a4fc18e3a6437eb5e3f2e 04e559e88607455baa9568180cfcced9 - - default default] 10.0.0.92 "GET /v2.0/floatingips HTTP/1.1" status: 200 len: 1035 time: 0.0930154
2026-04-27 02:36:45.899 10 INFO neutron.wsgi [None req-54199d0b-8d4b-4c4a-9cc8-311aebe4e30b d2f0ece76a4a4fc18e3a6437eb5e3f2e 04e559e88607455baa9568180cfcced9 - - default default] 10.0.0.92 "GET /v2.0/ports HTTP/1.1" status: 200 len: 14033 time: 0.0950687
2026-04-27 02:36:45.935 10 INFO neutron.wsgi [None req-69ceccab-f0bb-48ef-96e9-9fc578e9eec3 d2f0ece76a4a4fc18e3a6437eb5e3f2e 04e559e88607455baa9568180cfcced9 - - default default] 10.0.0.92 "GET /v2.0/network-ip-availabilities HTTP/1.1" status: 200 len: 2222 time: 0.0209627
2026-04-27 02:36:45.987 10 INFO neutron.wsgi [None req-c7e0a3ea-1c75-4c32-be5c-75eb2745b152 d2f0ece76a4a4fc18e3a6437eb5e3f2e 04e559e88607455baa9568180cfcced9 - - default default] 10.0.0.92 "GET /v2.0/subnets HTTP/1.1" status: 200 len: 2744 time: 0.0506403
2026-04-27 02:36:46.001 10 INFO neutron.wsgi [None req-c14333e1-356d-4615-abf7-3dd9b637e3af d2f0ece76a4a4fc18e3a6437eb5e3f2e 04e559e88607455baa9568180cfcced9 - - default default] 10.0.0.92 "GET /v2.0/subnetpools HTTP/1.1" status: 200 len: 193 time: 0.0131946
2026-04-27 02:36:46.082 10 INFO neutron.wsgi [None req-80cf0af4-71d8-4906-9e66-9d904bae2442 d2f0ece76a4a4fc18e3a6437eb5e3f2e 04e559e88607455baa9568180cfcced9 - - default default] 10.0.0.92 "GET /v2.0/security-groups HTTP/1.1" status: 200 len: 30199 time: 0.0802445
2026-04-27 02:36:46.105 10 INFO neutron.wsgi [None req-b95ab1f5-f64d-4a22-9bbf-77bce2e0fedf d2f0ece76a4a4fc18e3a6437eb5e3f2e 04e559e88607455baa9568180cfcced9 - - default default] 10.0.0.92 "GET /v2.0/agents HTTP/1.1" status: 200 len: 997 time: 0.0162990
2026-04-27 02:36:46.226 10 INFO neutron.wsgi [None req-039298b1-2595-471c-8718-667f51acbde3 d2f0ece76a4a4fc18e3a6437eb5e3f2e 04e559e88607455baa9568180cfcced9 - - default default] 10.0.0.92 "GET /v2.0/networks HTTP/1.1" status: 200 len: 3863 time: 0.1201401
2026-04-27 02:36:47.426 10 WARNING neutron_lib.context [None req-71d2d447-6f0a-4c60-acd9-9e91a7608902 d6095ece6d5447ffa1795282316c6b77 af1211f127af4220a563b72603617dbe - - default default] Method 'is_advsvc' is deprecated since 2023.2 release (neutron-lib 3.8.0) and will be removed once support for the old RBAC API policies will be removed from Neutron. Please use method 'is_service_role' instead.
2026-04-27 02:36:47.562 10 INFO neutron.db.ovn_revision_numbers_db [None req-71d2d447-6f0a-4c60-acd9-9e91a7608902 d6095ece6d5447ffa1795282316c6b77 af1211f127af4220a563b72603617dbe - - default default] Successfully bumped revision number for resource ef592c89-31bc-42f0-99b5-20d7b0d9fca4 (type: security_groups) to 1
2026-04-27 02:36:47.578 10 INFO neutron.db.ovn_revision_numbers_db [None req-71d2d447-6f0a-4c60-acd9-9e91a7608902 d6095ece6d5447ffa1795282316c6b77 af1211f127af4220a563b72603617dbe - - default default] Successfully bumped revision number for resource 337648ae-2176-4e5e-b0ae-f07d65d9c501 (type: security_group_rules) to 0
2026-04-27 02:36:47.594 10 INFO neutron.db.ovn_revision_numbers_db [None req-71d2d447-6f0a-4c60-acd9-9e91a7608902 d6095ece6d5447ffa1795282316c6b77 af1211f127af4220a563b72603617dbe - - default default] Successfully bumped revision number for resource 3845918e-bc2b-4cfd-815c-64d61fc29506 (type: security_group_rules) to 0
2026-04-27 02:36:47.615 10 INFO neutron.db.ovn_revision_numbers_db [None req-71d2d447-6f0a-4c60-acd9-9e91a7608902 d6095ece6d5447ffa1795282316c6b77 af1211f127af4220a563b72603617dbe - - default default] Successfully bumped revision number for resource 96cd9ed2-9bdc-48e4-85fe-bddc1f85fdc2 (type: security_group_rules) to 0
2026-04-27 02:36:47.636 10 INFO neutron.db.ovn_revision_numbers_db [None req-71d2d447-6f0a-4c60-acd9-9e91a7608902 d6095ece6d5447ffa1795282316c6b77 af1211f127af4220a563b72603617dbe - - default default] Successfully bumped revision number for resource d3ba561c-55fb-430f-a6f6-30f2b3c2b0ee (type: security_group_rules) to 0
2026-04-27 02:36:47.741 10 INFO neutron.db.ovn_revision_numbers_db [None req-71d2d447-6f0a-4c60-acd9-9e91a7608902 d6095ece6d5447ffa1795282316c6b77 af1211f127af4220a563b72603617dbe - - default default] Successfully bumped revision number for resource c3fdcbc8-b026-458d-8c5d-f8f016a02dca (type: security_groups) to 1
2026-04-27 02:36:47.758 10 INFO neutron.db.ovn_revision_numbers_db [None req-71d2d447-6f0a-4c60-acd9-9e91a7608902 d6095ece6d5447ffa1795282316c6b77 af1211f127af4220a563b72603617dbe - - default default] Successfully bumped revision number for resource 358f0f12-c231-43f5-afb3-052688614dc1 (type: security_group_rules) to 0
2026-04-27 02:36:47.779 10 INFO neutron.db.ovn_revision_numbers_db [None req-71d2d447-6f0a-4c60-acd9-9e91a7608902 d6095ece6d5447ffa1795282316c6b77 af1211f127af4220a563b72603617dbe - - default default] Successfully bumped revision number for resource ca4db18e-c7e7-4a67-b542-7f59a1717cd3 (type: security_group_rules) to 0
2026-04-27 02:36:47.807 10 INFO neutron.wsgi [None req-71d2d447-6f0a-4c60-acd9-9e91a7608902 d6095ece6d5447ffa1795282316c6b77 af1211f127af4220a563b72603617dbe - - default default] 10.0.0.95 "POST /v2.0/security-groups HTTP/1.1" status: 201 len: 1737 time: 0.6340151
2026-04-27 02:36:47.817 10 WARNING neutron_lib.context [None req-6e55ba84-1f7a-4d97-b7c4-74a685e8b09c d6095ece6d5447ffa1795282316c6b77 af1211f127af4220a563b72603617dbe - - default default] Method 'is_advsvc' is deprecated since 2023.2 release (neutron-lib 3.8.0) and will be removed once support for the old RBAC API policies will be removed from Neutron. Please use method 'is_service_role' instead.
2026-04-27 02:36:47.939 10 INFO neutron.db.ovn_revision_numbers_db [None req-6e55ba84-1f7a-4d97-b7c4-74a685e8b09c d6095ece6d5447ffa1795282316c6b77 af1211f127af4220a563b72603617dbe - - default default] Successfully bumped revision number for resource 6ddafd4a-f1c2-4176-8118-0598015ef497 (type: security_groups) to 1
2026-04-27 02:36:47.955 10 INFO neutron.db.ovn_revision_numbers_db [None req-6e55ba84-1f7a-4d97-b7c4-74a685e8b09c d6095ece6d5447ffa1795282316c6b77 af1211f127af4220a563b72603617dbe - - default default] Successfully bumped revision number for resource 751e86d8-dd8b-4ea2-9de6-0fe89e57dbe1 (type: security_group_rules) to 0
2026-04-27 02:36:47.972 10 INFO neutron.db.ovn_revision_numbers_db [None req-6e55ba84-1f7a-4d97-b7c4-74a685e8b09c d6095ece6d5447ffa1795282316c6b77 af1211f127af4220a563b72603617dbe - - default default] Successfully bumped revision number for resource 781fdae2-c75e-442b-a203-0e438afb3afa (type: security_group_rules) to 0
2026-04-27 02:36:47.993 10 INFO neutron.wsgi [None req-6e55ba84-1f7a-4d97-b7c4-74a685e8b09c d6095ece6d5447ffa1795282316c6b77 af1211f127af4220a563b72603617dbe - - default default] 10.0.0.95 "POST /v2.0/security-groups HTTP/1.1" status: 201 len: 1737 time: 0.1801677
2026-04-27 02:36:48.004 10 WARNING neutron_lib.context [None req-388c5927-b5db-40b8-aa2b-37f8da84306d d6095ece6d5447ffa1795282316c6b77 af1211f127af4220a563b72603617dbe - - default default] Method 'is_advsvc' is deprecated since 2023.2 release (neutron-lib 3.8.0) and will be removed once support for the old RBAC API policies will be removed from Neutron. Please use method 'is_service_role' instead.
2026-04-27 02:36:48.016 9 WARNING neutron_lib.context [None req-db9c36cd-6d24-4672-a940-4729aeae03db 9f8856bfd14c4f83b3006187d6f14c19 c292ab04ce6647fc96b913dc3572b967 - - default default] Method 'is_advsvc' is deprecated since 2023.2 release (neutron-lib 3.8.0) and will be removed once support for the old RBAC API policies will be removed from Neutron. Please use method 'is_service_role' instead.
2026-04-27 02:36:48.119 10 INFO neutron.db.ovn_revision_numbers_db [None req-388c5927-b5db-40b8-aa2b-37f8da84306d d6095ece6d5447ffa1795282316c6b77 af1211f127af4220a563b72603617dbe - - default default] Successfully bumped revision number for resource 285c49e3-4524-4e1f-92ae-2e8595801da0 (type: security_groups) to 1
2026-04-27 02:36:48.143 10 INFO neutron.db.ovn_revision_numbers_db [None req-388c5927-b5db-40b8-aa2b-37f8da84306d d6095ece6d5447ffa1795282316c6b77 af1211f127af4220a563b72603617dbe - - default default] Successfully bumped revision number for resource 763c8b3f-4607-4085-897d-623d0f0b1af9 (type: security_group_rules) to 0
2026-04-27 02:36:48.159 10 INFO neutron.db.ovn_revision_numbers_db [None req-388c5927-b5db-40b8-aa2b-37f8da84306d d6095ece6d5447ffa1795282316c6b77 af1211f127af4220a563b72603617dbe - - default default] Successfully bumped revision number for resource c08e99e0-2fc7-44c6-985a-7e1dffba2555 (type: security_group_rules) to 0
2026-04-27 02:36:48.162 9 INFO neutron.db.ovn_revision_numbers_db [None req-db9c36cd-6d24-4672-a940-4729aeae03db 9f8856bfd14c4f83b3006187d6f14c19 c292ab04ce6647fc96b913dc3572b967 - - default default] Successfully bumped revision number for resource be8b93b4-cfcf-48dd-b8d5-044c9702c11c (type: security_groups) to 1
2026-04-27 02:36:48.178 9 INFO neutron.db.ovn_revision_numbers_db [None req-db9c36cd-6d24-4672-a940-4729aeae03db 9f8856bfd14c4f83b3006187d6f14c19 c292ab04ce6647fc96b913dc3572b967 - - default default] Successfully bumped revision number for resource 8e59e869-a305-4a5b-a8e3-46cdd34a91e6 (type: security_group_rules) to 0
2026-04-27 02:36:48.185 10 INFO neutron.wsgi [None req-388c5927-b5db-40b8-aa2b-37f8da84306d d6095ece6d5447ffa1795282316c6b77 af1211f127af4220a563b72603617dbe - - default default] 10.0.0.95 "POST /v2.0/security-groups HTTP/1.1" status: 201 len: 1738 time: 0.1858752
2026-04-27 02:36:48.197 9 WARNING neutron_lib.context [None req-dbc4b2d2-575d-410b-8b75-652da538f865 d6095ece6d5447ffa1795282316c6b77 af1211f127af4220a563b72603617dbe - - default default] Method 'is_advsvc' is deprecated since 2023.2 release (neutron-lib 3.8.0) and will be removed once support for the old RBAC API policies will be removed from Neutron. Please use method 'is_service_role' instead.
2026-04-27 02:36:48.202 9 INFO neutron.db.ovn_revision_numbers_db [None req-db9c36cd-6d24-4672-a940-4729aeae03db 9f8856bfd14c4f83b3006187d6f14c19 c292ab04ce6647fc96b913dc3572b967 - - default default] Successfully bumped revision number for resource 905380cc-d90b-40d4-bae4-2cca2a4e4dbf (type: security_group_rules) to 0
2026-04-27 02:36:48.219 9 INFO neutron.db.ovn_revision_numbers_db [None req-db9c36cd-6d24-4672-a940-4729aeae03db 9f8856bfd14c4f83b3006187d6f14c19 c292ab04ce6647fc96b913dc3572b967 - - default default] Successfully bumped revision number for resource bbeab4e7-9d55-414d-b5d8-d262e71998a0 (type: security_group_rules) to 0
2026-04-27 02:36:48.240 9 INFO neutron.db.ovn_revision_numbers_db [None req-db9c36cd-6d24-4672-a940-4729aeae03db 9f8856bfd14c4f83b3006187d6f14c19 c292ab04ce6647fc96b913dc3572b967 - - default default] Successfully bumped revision number for resource f38fe897-8927-47c2-ae7c-5eb6e36c32db (type: security_group_rules) to 0
2026-04-27 02:36:48.299 9 INFO neutron.db.segments_db [None req-db9c36cd-6d24-4672-a940-4729aeae03db 9f8856bfd14c4f83b3006187d6f14c19 c292ab04ce6647fc96b913dc3572b967 - - default default] Added segment f44dbaaf-fc65-4379-9815-39b04c1bd537 of type geneve for network 15018691-c6c0-4744-9b5c-bb3c765e212a
2026-04-27 02:36:48.347 9 INFO neutron.db.ovn_revision_numbers_db [None req-dbc4b2d2-575d-410b-8b75-652da538f865 d6095ece6d5447ffa1795282316c6b77 af1211f127af4220a563b72603617dbe - - default default] Successfully bumped revision number for resource 33387046-c345-40cf-828b-7a5487bb292c (type: security_groups) to 1
2026-04-27 02:36:48.375 9 INFO neutron.db.ovn_revision_numbers_db [None req-dbc4b2d2-575d-410b-8b75-652da538f865 d6095ece6d5447ffa1795282316c6b77 af1211f127af4220a563b72603617dbe - - default default] Successfully bumped revision number for resource 40e1ee10-df90-41b8-a143-a0e9966ae67a (type: security_group_rules) to 0
2026-04-27 02:36:48.396 9 INFO neutron.db.ovn_revision_numbers_db [None req-dbc4b2d2-575d-410b-8b75-652da538f865 d6095ece6d5447ffa1795282316c6b77 af1211f127af4220a563b72603617dbe - - default default] Successfully bumped revision number for resource e63348bb-3c70-4b52-91f9-65ee80e1652f (type: security_group_rules) to 0
2026-04-27 02:36:48.438 9 INFO neutron.wsgi [None req-dbc4b2d2-575d-410b-8b75-652da538f865 d6095ece6d5447ffa1795282316c6b77 af1211f127af4220a563b72603617dbe - - default default] 10.0.0.95 "POST /v2.0/security-groups HTTP/1.1" status: 201 len: 1739 time: 0.2475593
2026-04-27 02:36:48.451 10 WARNING neutron_lib.context [None req-50453a46-d5a3-45ec-a8c2-b88e190c0a43 d6095ece6d5447ffa1795282316c6b77 af1211f127af4220a563b72603617dbe - - default default] Method 'is_advsvc' is deprecated since 2023.2 release (neutron-lib 3.8.0) and will be removed once support for the old RBAC API policies will be removed from Neutron. Please use method 'is_service_role' instead.
2026-04-27 02:36:48.491 9 INFO neutron.db.ovn_revision_numbers_db [None req-db9c36cd-6d24-4672-a940-4729aeae03db 9f8856bfd14c4f83b3006187d6f14c19 c292ab04ce6647fc96b913dc3572b967 - - default default] Successfully bumped revision number for resource 15018691-c6c0-4744-9b5c-bb3c765e212a (type: networks) to 1
2026-04-27 02:36:48.604 10 INFO neutron.db.ovn_revision_numbers_db [None req-50453a46-d5a3-45ec-a8c2-b88e190c0a43 d6095ece6d5447ffa1795282316c6b77 af1211f127af4220a563b72603617dbe - - default default] Successfully bumped revision number for resource 2b11d359-c2ac-4be5-8535-ba3e19282810 (type: security_groups) to 1
2026-04-27 02:36:48.620 10 INFO neutron.db.ovn_revision_numbers_db [None req-50453a46-d5a3-45ec-a8c2-b88e190c0a43 d6095ece6d5447ffa1795282316c6b77 af1211f127af4220a563b72603617dbe - - default default] Successfully bumped revision number for resource a3c82622-722f-48c8-a03b-90bc642b9158 (type: security_group_rules) to 0
2026-04-27 02:36:48.635 10 INFO neutron.db.ovn_revision_numbers_db [None req-50453a46-d5a3-45ec-a8c2-b88e190c0a43 d6095ece6d5447ffa1795282316c6b77 af1211f127af4220a563b72603617dbe - - default default] Successfully bumped revision number for resource b6964859-3142-402f-88c0-38bffcda2407 (type: security_group_rules) to 0
2026-04-27 02:36:48.655 10 INFO neutron.wsgi [None req-50453a46-d5a3-45ec-a8c2-b88e190c0a43 d6095ece6d5447ffa1795282316c6b77 af1211f127af4220a563b72603617dbe - - default default] 10.0.0.95 "POST /v2.0/security-groups HTTP/1.1" status: 201 len: 1739 time: 0.2096260
2026-04-27 02:36:48.691 9 WARNING neutron.scheduler.dhcp_agent_scheduler [None req-db9c36cd-6d24-4672-a940-4729aeae03db 9f8856bfd14c4f83b3006187d6f14c19 c292ab04ce6647fc96b913dc3572b967 - - default default] No more DHCP agents
2026-04-27 02:36:48.694 9 WARNING neutron.api.rpc.agentnotifiers.dhcp_rpc_agent_api [None req-db9c36cd-6d24-4672-a940-4729aeae03db 9f8856bfd14c4f83b3006187d6f14c19 c292ab04ce6647fc96b913dc3572b967 - - default default] Unable to schedule network 15018691-c6c0-4744-9b5c-bb3c765e212a: no agents available; will retry on subsequent port and subnet creation events.
2026-04-27 02:36:48.699 10 INFO neutron.wsgi [None req-1869d36a-8ef3-4075-a100-e47f958b7645 d6095ece6d5447ffa1795282316c6b77 af1211f127af4220a563b72603617dbe - - default default] 10.0.0.95 "PUT /v2.0/security-groups/c3fdcbc8-b026-458d-8c5d-f8f016a02dca/tags HTTP/1.1" status: 200 len: 210 time: 0.0366225
2026-04-27 02:36:48.742 10 INFO neutron.wsgi [None req-a6484ffd-a58d-4d37-a71b-3312fb4a0c10 d6095ece6d5447ffa1795282316c6b77 af1211f127af4220a563b72603617dbe - - default default] 10.0.0.95 "PUT /v2.0/security-groups/6ddafd4a-f1c2-4176-8118-0598015ef497/tags HTTP/1.1" status: 200 len: 218 time: 0.0372815
2026-04-27 02:36:48.785 9 INFO neutron.db.ovn_revision_numbers_db [None req-db9c36cd-6d24-4672-a940-4729aeae03db 9f8856bfd14c4f83b3006187d6f14c19 c292ab04ce6647fc96b913dc3572b967 - - default default] Successfully bumped revision number for resource 182a0ab5-d610-4e3f-b7ce-018d09f2a729 (type: ports) to 1
2026-04-27 02:36:48.799 10 INFO neutron.wsgi [None req-c50e0fad-c0e9-4234-afcd-6ecfddadbfbb d6095ece6d5447ffa1795282316c6b77 af1211f127af4220a563b72603617dbe - - default default] 10.0.0.95 "PUT /v2.0/security-groups/285c49e3-4524-4e1f-92ae-2e8595801da0/tags HTTP/1.1" status: 200 len: 227 time: 0.0451210
2026-04-27 02:36:48.811 9 INFO neutron.wsgi [None req-db9c36cd-6d24-4672-a940-4729aeae03db 9f8856bfd14c4f83b3006187d6f14c19 c292ab04ce6647fc96b913dc3572b967 - - default default] 10.0.0.95 "POST /v2.0/networks HTTP/1.1" status: 201 len: 831 time: 0.8525050
2026-04-27 02:36:48.821 9 WARNING neutron_lib.context [None req-88eb1f87-4aed-452d-8303-079f1119c3d2 9f8856bfd14c4f83b3006187d6f14c19 c292ab04ce6647fc96b913dc3572b967 - - default default] Method 'is_advsvc' is deprecated since 2023.2 release (neutron-lib 3.8.0) and will be removed once support for the old RBAC API policies will be removed from Neutron. Please use method 'is_service_role' instead.
2026-04-27 02:36:48.848 10 INFO neutron.wsgi [None req-9170886e-ceaf-44be-9c84-2037209b9dcf d6095ece6d5447ffa1795282316c6b77 af1211f127af4220a563b72603617dbe - - default default] 10.0.0.95 "PUT /v2.0/security-groups/33387046-c345-40cf-828b-7a5487bb292c/tags HTTP/1.1" status: 200 len: 212 time: 0.0425112
2026-04-27 02:36:48.928 10 INFO neutron.wsgi [None req-7641a859-aaa3-40bd-8f0e-b95cfbf3741d d6095ece6d5447ffa1795282316c6b77 af1211f127af4220a563b72603617dbe - - default default] 10.0.0.95 "GET /v2.0/security-groups?tags=red HTTP/1.1" status: 200 len: 4814 time: 0.0738013
2026-04-27 02:36:48.985 10 INFO neutron.wsgi [None req-5f14fe16-2b57-40bb-b2fe-ada215c48643 d6095ece6d5447ffa1795282316c6b77 af1211f127af4220a563b72603617dbe - - default default] 10.0.0.95 "GET /v2.0/security-groups?tags=red%2Cblue HTTP/1.1" status: 200 len: 3290 time: 0.0509887
2026-04-27 02:36:49.048 10 INFO neutron.wsgi [None req-0ba2c4f3-c8d4-49df-9ac9-1693d14d60d0 d6095ece6d5447ffa1795282316c6b77 af1211f127af4220a563b72603617dbe - - default default] 10.0.0.95 "GET /v2.0/security-groups?tags-any=blue HTTP/1.1" status: 200 len: 3290 time: 0.0580950
2026-04-27 02:36:49.092 9 WARNING neutron.scheduler.dhcp_agent_scheduler [None req-88eb1f87-4aed-452d-8303-079f1119c3d2 9f8856bfd14c4f83b3006187d6f14c19 c292ab04ce6647fc96b913dc3572b967 - - default default] No more DHCP agents
2026-04-27 02:36:49.094 9 WARNING neutron.api.rpc.agentnotifiers.dhcp_rpc_agent_api [None req-88eb1f87-4aed-452d-8303-079f1119c3d2 9f8856bfd14c4f83b3006187d6f14c19 c292ab04ce6647fc96b913dc3572b967 - - default default] Unable to schedule network 15018691-c6c0-4744-9b5c-bb3c765e212a: no agents available; will retry on subsequent port and subnet creation events.
2026-04-27 02:36:49.102 10 INFO neutron.wsgi [None req-a698a23f-2fc4-4651-b736-1f9a3278df5b d6095ece6d5447ffa1795282316c6b77 af1211f127af4220a563b72603617dbe - - default default] 10.0.0.95 "GET /v2.0/security-groups?tags-any=red%2Cblue HTTP/1.1" status: 200 len: 4814 time: 0.0481927
2026-04-27 02:36:49.171 10 INFO neutron.wsgi [None req-df7fba99-c1b3-412c-8eaf-10c5bd658bd9 d6095ece6d5447ffa1795282316c6b77 af1211f127af4220a563b72603617dbe - - default default] 10.0.0.95 "GET /v2.0/security-groups?not-tags=red HTTP/1.1" status: 200 len: 6045 time: 0.0636904
2026-04-27 02:36:49.193 9 INFO neutron.db.ovn_revision_numbers_db [None req-88eb1f87-4aed-452d-8303-079f1119c3d2 9f8856bfd14c4f83b3006187d6f14c19 c292ab04ce6647fc96b913dc3572b967 - - default default] Successfully bumped revision number for resource 83b8734e-d8a3-4255-89e7-df8f47dd8293 (type: ports) to 1
2026-04-27 02:36:49.222 9 INFO neutron.wsgi [None req-88eb1f87-4aed-452d-8303-079f1119c3d2 9f8856bfd14c4f83b3006187d6f14c19 c292ab04ce6647fc96b913dc3572b967 - - default default] 10.0.0.95 "POST /v2.0/ports HTTP/1.1" status: 201 len: 942 time: 0.4063349 /var/lib/openstack/lib/python3.10/site-packages/pycadf/identifier.py:71: UserWarning: Invalid uuid: neutron. To ensure interoperability, identifiers should be a valid uuid. warnings.warn(('Invalid uuid: %s. To ensure interoperability, '
2026-04-27 02:36:49.233 9 WARNING neutron_lib.context [None req-62f2c982-f2f5-4bb6-8292-31c62dfb16a5 9f8856bfd14c4f83b3006187d6f14c19 c292ab04ce6647fc96b913dc3572b967 - - default default] Method 'is_advsvc' is deprecated since 2023.2 release (neutron-lib 3.8.0) and will be removed once support for the old RBAC API policies will be removed from Neutron. Please use method 'is_service_role' instead.
2026-04-27 02:36:49.244 10 INFO neutron.wsgi [None req-ac779b72-4093-43ca-98fc-49639e87f3ab d6095ece6d5447ffa1795282316c6b77 af1211f127af4220a563b72603617dbe - - default default] 10.0.0.95 "GET /v2.0/security-groups?not-tags=red%2Cblue HTTP/1.1" status: 200 len: 7569 time: 0.0683112
2026-04-27 02:36:49.314 9 INFO neutron.wsgi [None req-c3768c88-b9cc-459a-8556-34adfa25d3b1 d6095ece6d5447ffa1795282316c6b77 af1211f127af4220a563b72603617dbe - - default default] 10.0.0.95 "GET /v2.0/security-groups?not-tags-any=blue HTTP/1.1" status: 200 len: 7569 time: 0.0642476
2026-04-27 02:36:49.371 10 INFO neutron.wsgi [None req-3608732b-c352-4653-a27d-7079c5510a50 d6095ece6d5447ffa1795282316c6b77 af1211f127af4220a563b72603617dbe - - default default] 10.0.0.95 "GET /v2.0/security-groups?not-tags-any=red%2Cblue HTTP/1.1" status: 200 len: 6045 time: 0.0513701
2026-04-27 02:36:49.478 9 INFO neutron.wsgi [None req-62f2c982-f2f5-4bb6-8292-31c62dfb16a5 9f8856bfd14c4f83b3006187d6f14c19 c292ab04ce6647fc96b913dc3572b967 - - default default] 10.0.0.95 "POST /v2.0/trunks HTTP/1.1" status: 201 len: 608 time: 0.2511771
2026-04-27 02:36:49.500 10 INFO neutron.wsgi [None req-16afc47f-a970-4364-a16d-50b07b2f7560 d6095ece6d5447ffa1795282316c6b77 af1211f127af4220a563b72603617dbe - - default default] 10.0.0.95 "DELETE /v2.0/security-groups/c3fdcbc8-b026-458d-8c5d-f8f016a02dca HTTP/1.1" status: 204 len: 168 time: 0.1217315
2026-04-27 02:36:49.530 9 INFO neutron.wsgi [None req-94589933-f13d-4232-acb1-a14286329813 9f8856bfd14c4f83b3006187d6f14c19 c292ab04ce6647fc96b913dc3572b967 - - default default] 10.0.0.95 "PUT /v2.0/trunks/d94f0c10-f0f5-42d2-a657-f5f196a76b68/tags HTTP/1.1" status: 200 len: 218 time: 0.0446901
2026-04-27 02:36:49.570 10 INFO neutron.wsgi [None req-ec565ebf-9871-4358-b148-13222b79ff57 9f8856bfd14c4f83b3006187d6f14c19 c292ab04ce6647fc96b913dc3572b967 - - default default] 10.0.0.95 "GET /v2.0/trunks/d94f0c10-f0f5-42d2-a657-f5f196a76b68/tags HTTP/1.1" status: 200 len: 218 time: 0.0344841
