2026-04-27 02:39:13.796 10 INFO neutron.wsgi [req-6dfa1178-d18f-4e59-b2d7-19ba4dc19be4 req-ed1817e6-9fd7-48a4-a639-6958473249cf 87865b9db0564c6396c9aa3603685f3b b46907eb62f4475c98952fc005d9a697 - - a195706c00b84a829d1be0d41577f697 a195706c00b84a829d1be0d41577f697] 199.204.45.238 "GET /v2.0/ports?tenant_id=04e559e88607455baa9568180cfcced9&device_id=e1630bea-e71b-4beb-9a6c-6765c8df2ded HTTP/1.1" status: 200 len: 2723 time: 0.0585351
2026-04-27 02:39:13.883 10 INFO neutron.wsgi [req-6dfa1178-d18f-4e59-b2d7-19ba4dc19be4 req-be69f231-5713-49ab-87cd-860394ed4755 87865b9db0564c6396c9aa3603685f3b b46907eb62f4475c98952fc005d9a697 - - a195706c00b84a829d1be0d41577f697 a195706c00b84a829d1be0d41577f697] 199.204.45.238 "GET /v2.0/networks?id=039a4ec2-3668-42e7-980b-1ff11f975dee HTTP/1.1" status: 200 len: 1005 time: 0.0787301
2026-04-27 02:39:13.928 10 INFO neutron.wsgi [req-6dfa1178-d18f-4e59-b2d7-19ba4dc19be4 req-b1850bcf-0351-41e1-a08a-013577d45763 87865b9db0564c6396c9aa3603685f3b b46907eb62f4475c98952fc005d9a697 - - a195706c00b84a829d1be0d41577f697 a195706c00b84a829d1be0d41577f697] 199.204.45.238 "GET /v2.0/floatingips?fixed_ip_address=10.1.1.126&port_id=f031a285-8c53-4d2e-bf88-ef46ccd56236 HTTP/1.1" status: 200 len: 217 time: 0.0346353
2026-04-27 02:39:13.976 10 INFO neutron.wsgi [req-6dfa1178-d18f-4e59-b2d7-19ba4dc19be4 req-b4851230-6366-4e12-96c5-7356da61f26d 87865b9db0564c6396c9aa3603685f3b b46907eb62f4475c98952fc005d9a697 - - a195706c00b84a829d1be0d41577f697 a195706c00b84a829d1be0d41577f697] 199.204.45.238 "GET /v2.0/subnets?id=5539d309-7e3c-474c-91c7-4b675469bb77 HTTP/1.1" status: 200 len: 853 time: 0.0417662
2026-04-27 02:39:14.009 10 INFO neutron.wsgi [req-6dfa1178-d18f-4e59-b2d7-19ba4dc19be4 req-3d6a1c97-7486-4397-958a-b2ee5622aaf9 87865b9db0564c6396c9aa3603685f3b b46907eb62f4475c98952fc005d9a697 - - a195706c00b84a829d1be0d41577f697 a195706c00b84a829d1be0d41577f697] 199.204.45.238 "GET /v2.0/ports?network_id=039a4ec2-3668-42e7-980b-1ff11f975dee&device_owner=network%3Adhcp HTTP/1.1" status: 200 len: 210 time: 0.0253081
2026-04-27 02:39:14.086 10 INFO neutron.wsgi [req-6dfa1178-d18f-4e59-b2d7-19ba4dc19be4 req-35401ce8-4753-47c0-99e5-60d7666c4135 87865b9db0564c6396c9aa3603685f3b b46907eb62f4475c98952fc005d9a697 - - a195706c00b84a829d1be0d41577f697 a195706c00b84a829d1be0d41577f697] 199.204.45.238 "GET /v2.0/networks/039a4ec2-3668-42e7-980b-1ff11f975dee?fields=segments HTTP/1.1" status: 200 len: 212 time: 0.0687792
2026-04-27 02:39:14.178 10 INFO neutron.wsgi [req-6dfa1178-d18f-4e59-b2d7-19ba4dc19be4 req-e8ba0a43-f06f-494b-9c03-3550e66785ef 87865b9db0564c6396c9aa3603685f3b b46907eb62f4475c98952fc005d9a697 - - a195706c00b84a829d1be0d41577f697 a195706c00b84a829d1be0d41577f697] 199.204.45.238 "GET /v2.0/networks/039a4ec2-3668-42e7-980b-1ff11f975dee?fields=provider%3Aphysical_network&fields=provider%3Anetwork_type HTTP/1.1" status: 200 len: 277 time: 0.0854065
2026-04-27 02:39:21.924 10 WARNING neutron_lib.context [None req-39259011-b7e7-48a7-80b0-ea110dccfe16 8fe8be27857f4cc89cc8b123cd0361f2 bcfa9e244b5747a7b2be4680e9fac96c - - default default] Method 'is_advsvc' is deprecated since 2023.2 release (neutron-lib 3.8.0) and will be removed once support for the old RBAC API policies will be removed from Neutron. Please use method 'is_service_role' instead.
2026-04-27 02:39:22.191 10 WARNING neutron.scheduler.dhcp_agent_scheduler [None req-39259011-b7e7-48a7-80b0-ea110dccfe16 8fe8be27857f4cc89cc8b123cd0361f2 bcfa9e244b5747a7b2be4680e9fac96c - - default default] No more DHCP agents
2026-04-27 02:39:22.194 10 WARNING neutron.api.rpc.agentnotifiers.dhcp_rpc_agent_api [None req-39259011-b7e7-48a7-80b0-ea110dccfe16 8fe8be27857f4cc89cc8b123cd0361f2 bcfa9e244b5747a7b2be4680e9fac96c - - default default] Unable to schedule network a208acb5-3ade-46b4-af89-4a48fa2d5633: no agents available; will retry on subsequent port and subnet creation events.
2026-04-27 02:39:22.638 10 INFO neutron.db.l3_db [None req-39259011-b7e7-48a7-80b0-ea110dccfe16 8fe8be27857f4cc89cc8b123cd0361f2 bcfa9e244b5747a7b2be4680e9fac96c - - default default] Floating IP 2b6fe992-38d7-4fda-960a-004ecba9d202 associated. External IP: 10.96.250.218, port: 8a9b2dcb-b704-4ba6-8613-913f69432458.
2026-04-27 02:39:22.862 10 INFO neutron.db.ovn_revision_numbers_db [None req-39259011-b7e7-48a7-80b0-ea110dccfe16 8fe8be27857f4cc89cc8b123cd0361f2 bcfa9e244b5747a7b2be4680e9fac96c - - default default] Successfully bumped revision number for resource 2b6fe992-38d7-4fda-960a-004ecba9d202 (type: floatingips) to 0
2026-04-27 02:39:23.008 10 INFO neutron.db.ovn_revision_numbers_db [None req-39259011-b7e7-48a7-80b0-ea110dccfe16 8fe8be27857f4cc89cc8b123cd0361f2 bcfa9e244b5747a7b2be4680e9fac96c - - default default] Successfully bumped revision number for resource 2b6fe992-38d7-4fda-960a-004ecba9d202 (type: floatingips) to 1
2026-04-27 02:39:23.067 10 INFO neutron.wsgi [None req-39259011-b7e7-48a7-80b0-ea110dccfe16 8fe8be27857f4cc89cc8b123cd0361f2 bcfa9e244b5747a7b2be4680e9fac96c - - default default] 10.0.0.95 "POST /v2.0/floatingips HTTP/1.1" status: 201 len: 1097 time: 1.1520147
2026-04-27 02:39:24.503 10 INFO neutron.wsgi [-] 10.0.0.81 "GET / HTTP/1.1" status: 200 len: 247 time: 0.0022092
2026-04-27 02:39:24.506 9 INFO neutron.wsgi [-] 10.0.0.81 "GET / HTTP/1.1" status: 200 len: 247 time: 0.0040836
2026-04-27 02:39:26.448 10 INFO neutron.wsgi [None req-85d708b3-0e25-4305-8691-a76da0a14185 d2f0ece76a4a4fc18e3a6437eb5e3f2e 04e559e88607455baa9568180cfcced9 - - default default] 199.204.45.238 "GET /v2.0/extensions/security-group HTTP/1.1" status: 200 len: 369 time: 0.0139890
2026-04-27 02:39:26.462 10 INFO neutron.wsgi [None req-c74599d9-1b3a-4352-8968-9cb0fc471e64 d2f0ece76a4a4fc18e3a6437eb5e3f2e 04e559e88607455baa9568180cfcced9 - - default default] 199.204.45.238 "GET /v2.0/extensions/dns-integration HTTP/1.1" status: 200 len: 371 time: 0.0056493
2026-04-27 02:39:26.472 10 INFO neutron.wsgi [None req-2313577e-fd20-40de-a9cf-28cfb95ceb99 d2f0ece76a4a4fc18e3a6437eb5e3f2e 04e559e88607455baa9568180cfcced9 - - default default] 199.204.45.238 "GET /v2.0/extensions/qos HTTP/1.1" status: 200 len: 365 time: 0.0048678
2026-04-27 02:39:26.486 10 INFO neutron.wsgi [None req-06e29a3d-2b7e-4205-91a1-8b409916e61d d2f0ece76a4a4fc18e3a6437eb5e3f2e 04e559e88607455baa9568180cfcced9 - - default default] 199.204.45.238 "GET /v2.0/extensions/allowed-address-pairs HTTP/1.1" status: 200 len: 383 time: 0.0040474
2026-04-27 02:39:26.512 10 INFO neutron.api.v2.resource [None req-06f321d4-9bcd-4d8e-a6f8-790aab126de1 d2f0ece76a4a4fc18e3a6437eb5e3f2e 04e559e88607455baa9568180cfcced9 - - default default] show failed (client error): The resource could not be found.
2026-04-27 02:39:26.514 10 INFO neutron.wsgi [None req-06f321d4-9bcd-4d8e-a6f8-790aab126de1 d2f0ece76a4a4fc18e3a6437eb5e3f2e 04e559e88607455baa9568180cfcced9 - - default default] 199.204.45.238 "GET /v2.0/security-groups/lb-611bb058-43e5-4a40-92a0-e4d394b0cf7b HTTP/1.1" status: 404 len: 355 time: 0.0179026
2026-04-27 02:39:26.519 10 INFO neutron.db.ovn_revision_numbers_db [None req-e3dca3a0-ef18-4abd-b53d-e184e31a1583 - - - - - -] Successfully bumped revision number for resource 8a9b2dcb-b704-4ba6-8613-913f69432458 (type: ports) to 4
2026-04-27 02:39:26.573 10 INFO neutron.wsgi [None req-f3b6c09b-bfe6-448d-b221-e9b422c5598d d2f0ece76a4a4fc18e3a6437eb5e3f2e 04e559e88607455baa9568180cfcced9 - - default default] 199.204.45.238 "GET /v2.0/security-groups?name=lb-611bb058-43e5-4a40-92a0-e4d394b0cf7b HTTP/1.1" status: 200 len: 1777 time: 0.0533724
2026-04-27 02:39:26.622 10 INFO neutron.wsgi [None req-d98b2efd-2f91-4e9c-9e57-5ed4577a5e84 d2f0ece76a4a4fc18e3a6437eb5e3f2e 04e559e88607455baa9568180cfcced9 - - default default] 199.204.45.238 "GET /v2.0/security-group-rules?security_group_id=e514f014-8f3c-4489-8341-f0f8ac04b7a8 HTTP/1.1" status: 200 len: 1318 time: 0.0396256
2026-04-27 02:39:26.775 10 INFO neutron.db.ovn_revision_numbers_db [None req-742720a1-9bd3-49e6-88f8-24db377122e1 d2f0ece76a4a4fc18e3a6437eb5e3f2e 04e559e88607455baa9568180cfcced9 - - default default] Successfully bumped revision number for resource e8b015d6-6c1d-4df8-84e5-c6c9306526bf (type: security_group_rules) to 0
2026-04-27 02:39:26.802 10 INFO neutron.wsgi [None req-742720a1-9bd3-49e6-88f8-24db377122e1 d2f0ece76a4a4fc18e3a6437eb5e3f2e 04e559e88607455baa9568180cfcced9 - - default default] 199.204.45.238 "POST /v2.0/security-group-rules HTTP/1.1" status: 201 len: 769 time: 0.1699474
2026-04-27 02:39:26.967 10 INFO neutron.db.ovn_revision_numbers_db [None req-030561e1-16c0-4cb7-a03f-8544958ddc91 d2f0ece76a4a4fc18e3a6437eb5e3f2e 04e559e88607455baa9568180cfcced9 - - default default] Successfully bumped revision number for resource b61ce62a-b5f4-4584-aed6-d1a01f028869 (type: security_group_rules) to 0
2026-04-27 02:39:26.996 10 INFO neutron.wsgi [None req-030561e1-16c0-4cb7-a03f-8544958ddc91 d2f0ece76a4a4fc18e3a6437eb5e3f2e 04e559e88607455baa9568180cfcced9 - - default default] 199.204.45.238 "POST /v2.0/security-group-rules HTTP/1.1" status: 201 len: 773 time: 0.1845045
2026-04-27 02:39:32.310 10 INFO neutron.wsgi [req-5cea1ab0-7d1a-4704-a82b-adf37eaf9592 req-b1c22937-7f17-4cd3-9c55-72a616790ffe 87865b9db0564c6396c9aa3603685f3b b46907eb62f4475c98952fc005d9a697 - - a195706c00b84a829d1be0d41577f697 a195706c00b84a829d1be0d41577f697] 199.204.45.238 "GET /v2.0/ports?device_id=14332d30-3d9f-4682-a8b7-32100fd89d02&fields=binding%3Ahost_id&fields=binding%3Avif_type HTTP/1.1" status: 200 len: 265 time: 0.0572658
2026-04-27 02:39:32.393 10 INFO neutron.wsgi [req-5cea1ab0-7d1a-4704-a82b-adf37eaf9592 req-c65f152a-5cb0-4851-8daf-7f53a05190c3 87865b9db0564c6396c9aa3603685f3b b46907eb62f4475c98952fc005d9a697 - - a195706c00b84a829d1be0d41577f697 a195706c00b84a829d1be0d41577f697] 199.204.45.238 "GET /v2.0/ports?tenant_id=bcfa9e244b5747a7b2be4680e9fac96c&device_id=14332d30-3d9f-4682-a8b7-32100fd89d02 HTTP/1.1" status: 200 len: 1642 time: 0.0523536
2026-04-27 02:39:32.500 10 INFO neutron.wsgi [req-5cea1ab0-7d1a-4704-a82b-adf37eaf9592 req-d009cabc-3a04-445a-a17d-433d36ac0cb6 87865b9db0564c6396c9aa3603685f3b b46907eb62f4475c98952fc005d9a697 - - a195706c00b84a829d1be0d41577f697 a195706c00b84a829d1be0d41577f697] 199.204.45.238 "GET /v2.0/networks?id=1f7b450a-0a15-4a41-8683-bf5eeb97fa7c HTTP/1.1" status: 200 len: 1003 time: 0.0844741
2026-04-27 02:39:32.557 10 INFO neutron.wsgi [req-5cea1ab0-7d1a-4704-a82b-adf37eaf9592 req-2382e286-dab5-47c5-b930-90385877f19c 87865b9db0564c6396c9aa3603685f3b b46907eb62f4475c98952fc005d9a697 - - a195706c00b84a829d1be0d41577f697 a195706c00b84a829d1be0d41577f697] 199.204.45.238 "GET /v2.0/floatingips?fixed_ip_address=10.2.2.240&port_id=f12c33f6-adbb-4aeb-a859-8a390049353b HTTP/1.1" status: 200 len: 1059 time: 0.0510783
2026-04-27 02:39:32.591 10 INFO neutron.wsgi [req-5cea1ab0-7d1a-4704-a82b-adf37eaf9592 req-54d5c7fe-dfdc-493c-84b5-a2709bd82781 87865b9db0564c6396c9aa3603685f3b b46907eb62f4475c98952fc005d9a697 - - a195706c00b84a829d1be0d41577f697 a195706c00b84a829d1be0d41577f697] 199.204.45.238 "GET /v2.0/floatingips?fixed_ip_address=fd77%3A1457%3A4cf0%3A26a8%3A%3A1fe&port_id=f12c33f6-adbb-4aeb-a859-8a390049353b HTTP/1.1" status: 200 len: 217 time: 0.0261865
2026-04-27 02:39:32.646 10 INFO neutron.wsgi [req-5cea1ab0-7d1a-4704-a82b-adf37eaf9592 req-bb64e0b1-8cfb-4e32-ab42-6665e54a2723 87865b9db0564c6396c9aa3603685f3b b46907eb62f4475c98952fc005d9a697 - - a195706c00b84a829d1be0d41577f697 a195706c00b84a829d1be0d41577f697] 199.204.45.238 "GET /v2.0/subnets?id=4a9b0d92-4e7e-4298-8f4a-59553d126e48&id=731636e4-abad-4e9a-92f9-86f939bd24f9 HTTP/1.1" status: 200 len: 1566 time: 0.0488069
2026-04-27 02:39:32.686 10 INFO neutron.wsgi [req-5cea1ab0-7d1a-4704-a82b-adf37eaf9592 req-e9dac3e8-5f7e-43df-a720-a32e9f64342d 87865b9db0564c6396c9aa3603685f3b b46907eb62f4475c98952fc005d9a697 - - a195706c00b84a829d1be0d41577f697 a195706c00b84a829d1be0d41577f697] 199.204.45.238 "GET /v2.0/ports?network_id=1f7b450a-0a15-4a41-8683-bf5eeb97fa7c&device_owner=network%3Adhcp HTTP/1.1" status: 200 len: 210 time: 0.0296512
2026-04-27 02:39:32.722 10 INFO neutron.wsgi [req-5cea1ab0-7d1a-4704-a82b-adf37eaf9592 req-e11e4caf-15f0-401d-9df3-cebdc0d5c561 87865b9db0564c6396c9aa3603685f3b b46907eb62f4475c98952fc005d9a697 - - a195706c00b84a829d1be0d41577f697 a195706c00b84a829d1be0d41577f697] 199.204.45.238 "GET /v2.0/ports?network_id=1f7b450a-0a15-4a41-8683-bf5eeb97fa7c&device_owner=network%3Adhcp HTTP/1.1" status: 200 len: 210 time: 0.0295992
2026-04-27 02:39:32.791 10 INFO neutron.wsgi [req-5cea1ab0-7d1a-4704-a82b-adf37eaf9592 req-a4be4d18-1cfe-4581-bce7-46735bd111c4 87865b9db0564c6396c9aa3603685f3b b46907eb62f4475c98952fc005d9a697 - - a195706c00b84a829d1be0d41577f697 a195706c00b84a829d1be0d41577f697] 199.204.45.238 "GET /v2.0/networks/1f7b450a-0a15-4a41-8683-bf5eeb97fa7c?fields=segments HTTP/1.1" status: 200 len: 212 time: 0.0629311
2026-04-27 02:39:32.869 10 INFO neutron.wsgi [req-5cea1ab0-7d1a-4704-a82b-adf37eaf9592 req-8de4348c-17a1-4758-beee-6aeb8c695844 87865b9db0564c6396c9aa3603685f3b b46907eb62f4475c98952fc005d9a697 - - a195706c00b84a829d1be0d41577f697 a195706c00b84a829d1be0d41577f697] 199.204.45.238 "GET /v2.0/networks/1f7b450a-0a15-4a41-8683-bf5eeb97fa7c?fields=provider%3Aphysical_network&fields=provider%3Anetwork_type HTTP/1.1" status: 200 len: 277 time: 0.0719812 /var/lib/openstack/lib/python3.10/site-packages/pycadf/identifier.py:71: UserWarning: Invalid uuid: neutron. To ensure interoperability, identifiers should be a valid uuid. warnings.warn(('Invalid uuid: %s. To ensure interoperability, '
2026-04-27 02:39:35.114 9 INFO neutron.wsgi [None req-5963a25d-3003-40bc-ad4e-794dc3de68b7 d2f0ece76a4a4fc18e3a6437eb5e3f2e 04e559e88607455baa9568180cfcced9 - - default default] 10.0.0.139 "GET /v2.0/extensions/security-group HTTP/1.1" status: 200 len: 369 time: 0.0659041
2026-04-27 02:39:35.130 9 INFO neutron.wsgi [None req-16472e60-20de-40ce-9c2b-9373991b61be d2f0ece76a4a4fc18e3a6437eb5e3f2e 04e559e88607455baa9568180cfcced9 - - default default] 10.0.0.139 "GET /v2.0/extensions/dns-integration HTTP/1.1" status: 200 len: 371 time: 0.0078149
2026-04-27 02:39:35.140 9 INFO neutron.wsgi [None req-448b7615-5b1a-46b1-9bf4-f59aeb9499ec d2f0ece76a4a4fc18e3a6437eb5e3f2e 04e559e88607455baa9568180cfcced9 - - default default] 10.0.0.139 "GET /v2.0/extensions/qos HTTP/1.1" status: 200 len: 365 time: 0.0035589
2026-04-27 02:39:35.154 9 INFO neutron.wsgi [None req-34152bf9-9e2c-47cc-ba43-899b9df1b3d8 d2f0ece76a4a4fc18e3a6437eb5e3f2e 04e559e88607455baa9568180cfcced9 - - default default] 10.0.0.139 "GET /v2.0/extensions/allowed-address-pairs HTTP/1.1" status: 200 len: 383 time: 0.0064886
2026-04-27 02:39:35.706 10 INFO neutron.wsgi [-] 10.0.0.139 "GET / HTTP/1.1" status: 200 len: 284 time: 0.0021210
2026-04-27 02:39:35.759 9 INFO neutron.wsgi [None req-f1487d36-bd2a-443c-80f7-c7f3803b2900 8fe8be27857f4cc89cc8b123cd0361f2 bcfa9e244b5747a7b2be4680e9fac96c - - default default] 10.0.0.139 "GET /v2.0/subnets/5afe4681-7473-4f92-b401-f9537480d154 HTTP/1.1" status: 200 len: 830 time: 0.0391901
2026-04-27 02:39:38.041 9 INFO neutron.wsgi [None req-0f2762aa-b0e7-4623-bc39-2aceeabbd965 d2f0ece76a4a4fc18e3a6437eb5e3f2e 04e559e88607455baa9568180cfcced9 - - default default] 199.204.45.238 "GET /v2.0/extensions/security-group HTTP/1.1" status: 200 len: 369 time: 0.0466645
2026-04-27 02:39:38.058 9 INFO neutron.wsgi [None req-92d4c1bc-54fb-4ecb-a4a4-8e2fdc52977d d2f0ece76a4a4fc18e3a6437eb5e3f2e 04e559e88607455baa9568180cfcced9 - - default default] 199.204.45.238 "GET /v2.0/extensions/dns-integration HTTP/1.1" status: 200 len: 371 time: 0.0080907
2026-04-27 02:39:38.064 9 INFO neutron.wsgi [None req-eaedc803-b7ea-4357-872f-3d1cce7ec06d d2f0ece76a4a4fc18e3a6437eb5e3f2e 04e559e88607455baa9568180cfcced9 - - default default] 199.204.45.238 "GET /v2.0/extensions/qos HTTP/1.1" status: 200 len: 365 time: 0.0033624
2026-04-27 02:39:38.073 9 INFO neutron.wsgi [None req-53061495-14af-431f-9db1-d82ef701e446 d2f0ece76a4a4fc18e3a6437eb5e3f2e 04e559e88607455baa9568180cfcced9 - - default default] 199.204.45.238 "GET /v2.0/extensions/allowed-address-pairs HTTP/1.1" status: 200 len: 383 time: 0.0052764
2026-04-27 02:39:38.367 9 INFO neutron.wsgi [None req-56c2f195-4574-434c-86e2-58cd52a6a790 d2f0ece76a4a4fc18e3a6437eb5e3f2e 04e559e88607455baa9568180cfcced9 - - default default] 199.204.45.238 "GET /v2.0/subnets/5afe4681-7473-4f92-b401-f9537480d154 HTTP/1.1" status: 200 len: 848 time: 0.0380032
2026-04-27 02:39:38.425 9 INFO neutron.wsgi [None req-f952da22-df24-467f-a321-5873c1ac6714 d2f0ece76a4a4fc18e3a6437eb5e3f2e 04e559e88607455baa9568180cfcced9 - - default default] 199.204.45.238 "GET /v2.0/ports?device_id=e1630bea-e71b-4beb-9a6c-6765c8df2ded HTTP/1.1" status: 200 len: 2723 time: 0.0528624
2026-04-27 02:39:38.588 9 INFO neutron.wsgi [None req-c88e855d-4a67-4011-a2bb-300c12803021 d2f0ece76a4a4fc18e3a6437eb5e3f2e 04e559e88607455baa9568180cfcced9 - - default default] 199.204.45.238 "GET /v2.0/extensions/security-group HTTP/1.1" status: 200 len: 369 time: 0.0083914
2026-04-27 02:39:38.601 9 INFO neutron.wsgi [None req-8cb8190f-c07d-4779-8cf2-987f7c722eaf d2f0ece76a4a4fc18e3a6437eb5e3f2e 04e559e88607455baa9568180cfcced9 - - default default] 199.204.45.238 "GET /v2.0/extensions/dns-integration HTTP/1.1" status: 200 len: 371 time: 0.0072670
2026-04-27 02:39:38.610 9 INFO neutron.wsgi [None req-9a89d9a9-36c4-4d73-8bfb-89be7e6eb641 d2f0ece76a4a4fc18e3a6437eb5e3f2e 04e559e88607455baa9568180cfcced9 - - default default] 199.204.45.238 "GET /v2.0/extensions/qos HTTP/1.1" status: 200 len: 365 time: 0.0056500
2026-04-27 02:39:38.617 9 INFO neutron.wsgi [None req-153fa0f6-1c5c-43b6-8937-a263310a13fe d2f0ece76a4a4fc18e3a6437eb5e3f2e 04e559e88607455baa9568180cfcced9 - - default default] 199.204.45.238 "GET /v2.0/extensions/allowed-address-pairs HTTP/1.1" status: 200 len: 383 time: 0.0033033
2026-04-27 02:39:39.185 10 INFO neutron.wsgi [req-6ce6bae3-8d3a-4f1e-a317-5304d503e517 req-086aba2f-3500-4a68-b153-621835c3721f 87865b9db0564c6396c9aa3603685f3b b46907eb62f4475c98952fc005d9a697 - - a195706c00b84a829d1be0d41577f697 a195706c00b84a829d1be0d41577f697] 199.204.45.238 "GET /v2.0/networks/4e7185f9-1a79-4308-8152-6176fba6af74?fields=segments HTTP/1.1" status: 200 len: 212 time: 0.0661495
2026-04-27 02:39:39.266 10 INFO neutron.wsgi [req-6ce6bae3-8d3a-4f1e-a317-5304d503e517 req-0214a724-8047-449c-b880-a0793c83551d 87865b9db0564c6396c9aa3603685f3b b46907eb62f4475c98952fc005d9a697 - - a195706c00b84a829d1be0d41577f697 a195706c00b84a829d1be0d41577f697] 199.204.45.238 "GET /v2.0/networks/4e7185f9-1a79-4308-8152-6176fba6af74?fields=provider%3Aphysical_network&fields=provider%3Anetwork_type HTTP/1.1" status: 200 len: 277 time: 0.0722349
2026-04-27 02:39:39.355 10 INFO neutron.wsgi [req-6ce6bae3-8d3a-4f1e-a317-5304d503e517 req-b2912716-46c9-403f-94e7-f667c6b86f0b d2f0ece76a4a4fc18e3a6437eb5e3f2e 04e559e88607455baa9568180cfcced9 - - default default] 199.204.45.238 "GET /v2.0/networks?id=4e7185f9-1a79-4308-8152-6176fba6af74 HTTP/1.1" status: 200 len: 1002 time: 0.0681505
2026-04-27 02:39:39.504 9 INFO neutron.wsgi [-] 10.0.0.81 "GET / HTTP/1.1" status: 200 len: 247 time: 0.0036037
2026-04-27 02:39:39.507 9 INFO neutron.wsgi [-] 10.0.0.81 "GET / HTTP/1.1" status: 200 len: 247 time: 0.0015764
2026-04-27 02:39:40.041 10 WARNING neutron.scheduler.dhcp_agent_scheduler [req-6ce6bae3-8d3a-4f1e-a317-5304d503e517 req-b9d80750-b1cc-4ccc-b6d0-aeba56d6872a d2f0ece76a4a4fc18e3a6437eb5e3f2e 04e559e88607455baa9568180cfcced9 - - default default] No more DHCP agents
2026-04-27 02:39:40.043 10 WARNING neutron.api.rpc.agentnotifiers.dhcp_rpc_agent_api [req-6ce6bae3-8d3a-4f1e-a317-5304d503e517 req-b9d80750-b1cc-4ccc-b6d0-aeba56d6872a d2f0ece76a4a4fc18e3a6437eb5e3f2e 04e559e88607455baa9568180cfcced9 - - default default] Unable to schedule network 4e7185f9-1a79-4308-8152-6176fba6af74: no agents available; will retry on subsequent port and subnet creation events.
2026-04-27 02:39:40.244 10 INFO neutron.db.ovn_revision_numbers_db [req-6ce6bae3-8d3a-4f1e-a317-5304d503e517 req-b9d80750-b1cc-4ccc-b6d0-aeba56d6872a d2f0ece76a4a4fc18e3a6437eb5e3f2e 04e559e88607455baa9568180cfcced9 - - default default] Successfully bumped revision number for resource 34accb6f-e898-46f9-90cb-cb3578af64f0 (type: ports) to 1
2026-04-27 02:39:40.275 10 INFO neutron.wsgi [req-6ce6bae3-8d3a-4f1e-a317-5304d503e517 req-b9d80750-b1cc-4ccc-b6d0-aeba56d6872a d2f0ece76a4a4fc18e3a6437eb5e3f2e 04e559e88607455baa9568180cfcced9 - - default default] 199.204.45.238 "POST /v2.0/ports HTTP/1.1" status: 201 len: 1508 time: 0.9113436 /var/lib/openstack/lib/python3.10/site-packages/pycadf/identifier.py:71: UserWarning: Invalid uuid: neutron. To ensure interoperability, identifiers should be a valid uuid. warnings.warn(('Invalid uuid: %s. To ensure interoperability, '
2026-04-27 02:39:40.795 10 INFO neutron.db.ovn_revision_numbers_db [req-6ce6bae3-8d3a-4f1e-a317-5304d503e517 req-7fa9129b-0137-41b0-9903-ace467bade10 87865b9db0564c6396c9aa3603685f3b b46907eb62f4475c98952fc005d9a697 - - a195706c00b84a829d1be0d41577f697 a195706c00b84a829d1be0d41577f697] Successfully bumped revision number for resource 34accb6f-e898-46f9-90cb-cb3578af64f0 (type: ports) to 2
2026-04-27 02:39:41.009 10 INFO neutron.db.ovn_revision_numbers_db [req-6ce6bae3-8d3a-4f1e-a317-5304d503e517 req-7fa9129b-0137-41b0-9903-ace467bade10 87865b9db0564c6396c9aa3603685f3b b46907eb62f4475c98952fc005d9a697 - - a195706c00b84a829d1be0d41577f697 a195706c00b84a829d1be0d41577f697] Successfully bumped revision number for resource 34accb6f-e898-46f9-90cb-cb3578af64f0 (type: ports) to 2
2026-04-27 02:39:41.029 10 INFO neutron.wsgi [req-6ce6bae3-8d3a-4f1e-a317-5304d503e517 req-7fa9129b-0137-41b0-9903-ace467bade10 87865b9db0564c6396c9aa3603685f3b b46907eb62f4475c98952fc005d9a697 - - a195706c00b84a829d1be0d41577f697 a195706c00b84a829d1be0d41577f697] 199.204.45.238 "PUT /v2.0/ports/34accb6f-e898-46f9-90cb-cb3578af64f0 HTTP/1.1" status: 200 len: 1605 time: 0.7444823
2026-04-27 02:39:41.073 10 INFO neutron.notifiers.nova [-] Nova event matching ['req-0a0d8eb7-32a9-4f08-ab85-0a5004baafb5'] response: {'name': 'network-changed', 'server_uuid': 'e1630bea-e71b-4beb-9a6c-6765c8df2ded', 'tag': '34accb6f-e898-46f9-90cb-cb3578af64f0', 'status': 'completed', 'code': 200} /var/lib/openstack/lib/python3.10/site-packages/pycadf/identifier.py:71: UserWarning: Invalid uuid: neutron. To ensure interoperability, identifiers should be a valid uuid. warnings.warn(('Invalid uuid: %s. To ensure interoperability, '
2026-04-27 02:39:41.126 10 INFO neutron.wsgi [req-6ce6bae3-8d3a-4f1e-a317-5304d503e517 req-7404d280-8f5e-4659-8835-f38d774d024f 87865b9db0564c6396c9aa3603685f3b b46907eb62f4475c98952fc005d9a697 - - a195706c00b84a829d1be0d41577f697 a195706c00b84a829d1be0d41577f697] 199.204.45.238 "GET /v2.0/ports?tenant_id=04e559e88607455baa9568180cfcced9&device_id=e1630bea-e71b-4beb-9a6c-6765c8df2ded HTTP/1.1" status: 200 len: 4148 time: 0.0563717
2026-04-27 02:39:41.174 10 INFO neutron.wsgi [req-6ce6bae3-8d3a-4f1e-a317-5304d503e517 req-b5efe478-97f0-433f-bd86-2401f89b3169 87865b9db0564c6396c9aa3603685f3b b46907eb62f4475c98952fc005d9a697 - - a195706c00b84a829d1be0d41577f697 a195706c00b84a829d1be0d41577f697] 199.204.45.238 "GET /v2.0/floatingips?fixed_ip_address=172.24.3.97&port_id=d71f366c-3a94-4dd6-beaa-03be899248fa HTTP/1.1" status: 200 len: 217 time: 0.0424390
2026-04-27 02:39:41.218 10 INFO neutron.wsgi [req-6ce6bae3-8d3a-4f1e-a317-5304d503e517 req-8bb56c48-7bee-4e34-ba64-8aaf6d3ae2fa 87865b9db0564c6396c9aa3603685f3b b46907eb62f4475c98952fc005d9a697 - - a195706c00b84a829d1be0d41577f697 a195706c00b84a829d1be0d41577f697] 199.204.45.238 "GET /v2.0/subnets?id=96f21a32-9e4f-4cf7-86d8-09db46259078 HTTP/1.1" status: 200 len: 829 time: 0.0377257
2026-04-27 02:39:41.257 10 INFO neutron.wsgi [req-6ce6bae3-8d3a-4f1e-a317-5304d503e517 req-d64d67d6-e408-49e5-8bbb-86814516b2d7 87865b9db0564c6396c9aa3603685f3b b46907eb62f4475c98952fc005d9a697 - - a195706c00b84a829d1be0d41577f697 a195706c00b84a829d1be0d41577f697] 199.204.45.238 "GET /v2.0/ports?network_id=8706c3c0-ea38-448b-a9e4-ceeda77c88d7&device_owner=network%3Adhcp HTTP/1.1" status: 200 len: 210 time: 0.0307529
2026-04-27 02:39:41.325 10 INFO neutron.wsgi [req-6ce6bae3-8d3a-4f1e-a317-5304d503e517 req-82f7816d-6cfb-4f6d-8155-c03b13a6e140 87865b9db0564c6396c9aa3603685f3b b46907eb62f4475c98952fc005d9a697 - - a195706c00b84a829d1be0d41577f697 a195706c00b84a829d1be0d41577f697] 199.204.45.238 "GET /v2.0/networks/8706c3c0-ea38-448b-a9e4-ceeda77c88d7?fields=segments HTTP/1.1" status: 200 len: 212 time: 0.0592482
2026-04-27 02:39:41.398 10 INFO neutron.wsgi [req-6ce6bae3-8d3a-4f1e-a317-5304d503e517 req-45e5a7b1-0496-413d-a4ba-dc7a13be98e6 87865b9db0564c6396c9aa3603685f3b b46907eb62f4475c98952fc005d9a697 - - a195706c00b84a829d1be0d41577f697 a195706c00b84a829d1be0d41577f697] 199.204.45.238 "GET /v2.0/networks/8706c3c0-ea38-448b-a9e4-ceeda77c88d7?fields=provider%3Aphysical_network&fields=provider%3Anetwork_type HTTP/1.1" status: 200 len: 277 time: 0.0650020
2026-04-27 02:39:41.434 10 INFO neutron.wsgi [req-6ce6bae3-8d3a-4f1e-a317-5304d503e517 req-525b0430-13ee-495e-811c-4da4bc96ce49 87865b9db0564c6396c9aa3603685f3b b46907eb62f4475c98952fc005d9a697 - - a195706c00b84a829d1be0d41577f697 a195706c00b84a829d1be0d41577f697] 199.204.45.238 "GET /v2.0/floatingips?fixed_ip_address=10.1.1.126&port_id=f031a285-8c53-4d2e-bf88-ef46ccd56236 HTTP/1.1" status: 200 len: 217 time: 0.0295577
2026-04-27 02:39:41.475 10 INFO neutron.wsgi [req-6ce6bae3-8d3a-4f1e-a317-5304d503e517 req-42a0f320-5fa4-424a-87d8-cad1664b51a7 87865b9db0564c6396c9aa3603685f3b b46907eb62f4475c98952fc005d9a697 - - a195706c00b84a829d1be0d41577f697 a195706c00b84a829d1be0d41577f697] 199.204.45.238 "GET /v2.0/subnets?id=5539d309-7e3c-474c-91c7-4b675469bb77 HTTP/1.1" status: 200 len: 853 time: 0.0341296
2026-04-27 02:39:41.506 10 INFO neutron.wsgi [req-6ce6bae3-8d3a-4f1e-a317-5304d503e517 req-f15ab8fe-4e22-460e-805e-29cf8ea8e1b2 87865b9db0564c6396c9aa3603685f3b b46907eb62f4475c98952fc005d9a697 - - a195706c00b84a829d1be0d41577f697 a195706c00b84a829d1be0d41577f697] 199.204.45.238 "GET /v2.0/ports?network_id=039a4ec2-3668-42e7-980b-1ff11f975dee&device_owner=network%3Adhcp HTTP/1.1" status: 200 len: 210 time: 0.0228488
2026-04-27 02:39:41.569 10 INFO neutron.wsgi [req-6ce6bae3-8d3a-4f1e-a317-5304d503e517 req-8b5963d6-a3c7-4553-9713-647c5cb56bdd 87865b9db0564c6396c9aa3603685f3b b46907eb62f4475c98952fc005d9a697 - - a195706c00b84a829d1be0d41577f697 a195706c00b84a829d1be0d41577f697] 199.204.45.238 "GET /v2.0/networks/039a4ec2-3668-42e7-980b-1ff11f975dee?fields=segments HTTP/1.1" status: 200 len: 212 time: 0.0551889
2026-04-27 02:39:41.637 10 INFO neutron.wsgi [req-6ce6bae3-8d3a-4f1e-a317-5304d503e517 req-a37e4fb4-a387-4534-9068-901550ecbdc7 87865b9db0564c6396c9aa3603685f3b b46907eb62f4475c98952fc005d9a697 - - a195706c00b84a829d1be0d41577f697 a195706c00b84a829d1be0d41577f697] 199.204.45.238 "GET /v2.0/networks/039a4ec2-3668-42e7-980b-1ff11f975dee?fields=provider%3Aphysical_network&fields=provider%3Anetwork_type HTTP/1.1" status: 200 len: 277 time: 0.0604458
2026-04-27 02:39:41.667 10 INFO neutron.wsgi [req-6ce6bae3-8d3a-4f1e-a317-5304d503e517 req-55c30b61-09b5-44a4-b211-fb5074e5edac 87865b9db0564c6396c9aa3603685f3b b46907eb62f4475c98952fc005d9a697 - - a195706c00b84a829d1be0d41577f697 a195706c00b84a829d1be0d41577f697] 199.204.45.238 "GET /v2.0/floatingips?fixed_ip_address=10.2.1.241&port_id=34accb6f-e898-46f9-90cb-cb3578af64f0 HTTP/1.1" status: 200 len: 217 time: 0.0226209
2026-04-27 02:39:41.701 10 INFO neutron.wsgi [req-6ce6bae3-8d3a-4f1e-a317-5304d503e517 req-7a52f545-411e-492f-8ec5-1d3ca37b31df 87865b9db0564c6396c9aa3603685f3b b46907eb62f4475c98952fc005d9a697 - - a195706c00b84a829d1be0d41577f697 a195706c00b84a829d1be0d41577f697] 199.204.45.238 "GET /v2.0/floatingips?fixed_ip_address=fd7b%3Af9f7%3Afff%3A4eca%3A%3A2b2&port_id=34accb6f-e898-46f9-90cb-cb3578af64f0 HTTP/1.1" status: 200 len: 217 time: 0.0266485
2026-04-27 02:39:41.744 10 INFO neutron.wsgi [req-6ce6bae3-8d3a-4f1e-a317-5304d503e517 req-39d4ea29-128b-433b-88e8-3cd2259ab531 87865b9db0564c6396c9aa3603685f3b b46907eb62f4475c98952fc005d9a697 - - a195706c00b84a829d1be0d41577f697 a195706c00b84a829d1be0d41577f697] 199.204.45.238 "GET /v2.0/subnets?id=5afe4681-7473-4f92-b401-f9537480d154&id=7778513d-5fcd-4a0d-9e13-07b705d538c7 HTTP/1.1" status: 200 len: 1560 time: 0.0348356
2026-04-27 02:39:41.772 10 INFO neutron.wsgi [req-6ce6bae3-8d3a-4f1e-a317-5304d503e517 req-bc8b66ce-1296-469f-b202-8ff44303d750 87865b9db0564c6396c9aa3603685f3b b46907eb62f4475c98952fc005d9a697 - - a195706c00b84a829d1be0d41577f697 a195706c00b84a829d1be0d41577f697] 199.204.45.238 "GET /v2.0/ports?network_id=4e7185f9-1a79-4308-8152-6176fba6af74&device_owner=network%3Adhcp HTTP/1.1" status: 200 len: 210 time: 0.0211935
2026-04-27 02:39:41.815 10 INFO neutron.wsgi [req-6ce6bae3-8d3a-4f1e-a317-5304d503e517 req-b70df90d-5cda-4ba2-92de-a193d3bf27d7 87865b9db0564c6396c9aa3603685f3b b46907eb62f4475c98952fc005d9a697 - - a195706c00b84a829d1be0d41577f697 a195706c00b84a829d1be0d41577f697] 199.204.45.238 "GET /v2.0/ports?network_id=4e7185f9-1a79-4308-8152-6176fba6af74&device_owner=network%3Adhcp HTTP/1.1" status: 200 len: 210 time: 0.0341563
2026-04-27 02:39:41.886 10 INFO neutron.wsgi [req-6ce6bae3-8d3a-4f1e-a317-5304d503e517 req-efe85245-356f-48db-ae9e-65ee12440236 87865b9db0564c6396c9aa3603685f3b b46907eb62f4475c98952fc005d9a697 - - a195706c00b84a829d1be0d41577f697 a195706c00b84a829d1be0d41577f697] 199.204.45.238 "GET /v2.0/networks/4e7185f9-1a79-4308-8152-6176fba6af74?fields=segments HTTP/1.1" status: 200 len: 212 time: 0.0659778
2026-04-27 02:39:41.959 10 INFO neutron.wsgi [req-6ce6bae3-8d3a-4f1e-a317-5304d503e517 req-4c514480-8b75-45fa-9b54-184e8efb771b 87865b9db0564c6396c9aa3603685f3b b46907eb62f4475c98952fc005d9a697 - - a195706c00b84a829d1be0d41577f697 a195706c00b84a829d1be0d41577f697] 199.204.45.238 "GET /v2.0/networks/4e7185f9-1a79-4308-8152-6176fba6af74?fields=provider%3Aphysical_network&fields=provider%3Anetwork_type HTTP/1.1" status: 200 len: 277 time: 0.0682797
2026-04-27 02:39:42.064 10 INFO neutron.plugins.ml2.drivers.ovn.mech_driver.mech_driver [None req-e6346f3f-a6e5-489c-b37e-770d5ff2662c - - - - - -] OVN reports status up for port: 34accb6f-e898-46f9-90cb-cb3578af64f0
2026-04-27 02:39:42.078 10 INFO neutron.wsgi [req-ac52b7c6-b7be-4f3a-8cdb-d274431c9d77 req-89638ef5-dec3-4983-8087-f8bf97f5e3e4 87865b9db0564c6396c9aa3603685f3b b46907eb62f4475c98952fc005d9a697 - - a195706c00b84a829d1be0d41577f697 a195706c00b84a829d1be0d41577f697] 199.204.45.238 "GET /v2.0/ports?tenant_id=04e559e88607455baa9568180cfcced9&device_id=e1630bea-e71b-4beb-9a6c-6765c8df2ded HTTP/1.1" status: 200 len: 4148 time: 0.0634336
2026-04-27 02:39:42.090 10 INFO neutron.plugins.ml2.plugin [None req-e6346f3f-a6e5-489c-b37e-770d5ff2662c - - - - - -] Attempt 1 to provision port 34accb6f-e898-46f9-90cb-cb3578af64f0
2026-04-27 02:39:42.169 10 INFO neutron.wsgi [req-ac52b7c6-b7be-4f3a-8cdb-d274431c9d77 req-68de3d2a-524e-47f1-83b4-85cef5e8bef6 87865b9db0564c6396c9aa3603685f3b b46907eb62f4475c98952fc005d9a697 - - a195706c00b84a829d1be0d41577f697 a195706c00b84a829d1be0d41577f697] 199.204.45.238 "GET /v2.0/networks?id=4e7185f9-1a79-4308-8152-6176fba6af74 HTTP/1.1" status: 200 len: 1002 time: 0.0855451
2026-04-27 02:39:42.211 10 INFO neutron.wsgi [req-ac52b7c6-b7be-4f3a-8cdb-d274431c9d77 req-404e8881-446f-463d-b96a-3575bb8c61f4 87865b9db0564c6396c9aa3603685f3b b46907eb62f4475c98952fc005d9a697 - - a195706c00b84a829d1be0d41577f697 a195706c00b84a829d1be0d41577f697] 199.204.45.238 "GET /v2.0/floatingips?fixed_ip_address=10.2.1.241&port_id=34accb6f-e898-46f9-90cb-cb3578af64f0 HTTP/1.1" status: 200 len: 217 time: 0.0377839
2026-04-27 02:39:42.246 10 INFO neutron.wsgi [req-ac52b7c6-b7be-4f3a-8cdb-d274431c9d77 req-5d45073c-8cbb-4ae4-9507-dab3c0aeb74b 87865b9db0564c6396c9aa3603685f3b b46907eb62f4475c98952fc005d9a697 - - a195706c00b84a829d1be0d41577f697 a195706c00b84a829d1be0d41577f697] 199.204.45.238 "GET /v2.0/floatingips?fixed_ip_address=fd7b%3Af9f7%3Afff%3A4eca%3A%3A2b2&port_id=34accb6f-e898-46f9-90cb-cb3578af64f0 HTTP/1.1" status: 200 len: 217 time: 0.0251093
2026-04-27 02:39:42.255 9 INFO neutron.wsgi [req-6ce6bae3-8d3a-4f1e-a317-5304d503e517 req-e476b27c-eefe-4cb0-a575-440799d37556 d2f0ece76a4a4fc18e3a6437eb5e3f2e 04e559e88607455baa9568180cfcced9 - - default default] 10.0.0.104 "GET /v2.0/ports/34accb6f-e898-46f9-90cb-cb3578af64f0 HTTP/1.1" status: 200 len: 1633 time: 0.0407090
2026-04-27 02:39:42.304 9 INFO neutron.wsgi [None req-10429baa-0167-42d9-8b05-e5f6e6d9672b d2f0ece76a4a4fc18e3a6437eb5e3f2e 04e559e88607455baa9568180cfcced9 - - default default] 199.204.45.238 "GET /v2.0/ports/34accb6f-e898-46f9-90cb-cb3578af64f0 HTTP/1.1" status: 200 len: 1635 time: 0.0333536
2026-04-27 02:39:42.324 10 INFO neutron.wsgi [req-ac52b7c6-b7be-4f3a-8cdb-d274431c9d77 req-15a29a6f-4bd7-4c82-b356-df8b42040094 87865b9db0564c6396c9aa3603685f3b b46907eb62f4475c98952fc005d9a697 - - a195706c00b84a829d1be0d41577f697 a195706c00b84a829d1be0d41577f697] 199.204.45.238 "GET /v2.0/subnets?id=5afe4681-7473-4f92-b401-f9537480d154&id=7778513d-5fcd-4a0d-9e13-07b705d538c7 HTTP/1.1" status: 200 len: 1560 time: 0.0699022
2026-04-27 02:39:42.347 9 INFO neutron.wsgi [None req-25a2c615-ec08-438e-860c-b3fb743caad7 d2f0ece76a4a4fc18e3a6437eb5e3f2e 04e559e88607455baa9568180cfcced9 - - default default] 199.204.45.238 "GET /v2.0/ports/34accb6f-e898-46f9-90cb-cb3578af64f0 HTTP/1.1" status: 200 len: 1635 time: 0.0362623
2026-04-27 02:39:42.359 10 INFO neutron.wsgi [req-ac52b7c6-b7be-4f3a-8cdb-d274431c9d77 req-c8e92c69-0000-459d-8464-d75ac711ac34 87865b9db0564c6396c9aa3603685f3b b46907eb62f4475c98952fc005d9a697 - - a195706c00b84a829d1be0d41577f697 a195706c00b84a829d1be0d41577f697] 199.204.45.238 "GET /v2.0/ports?network_id=4e7185f9-1a79-4308-8152-6176fba6af74&device_owner=network%3Adhcp HTTP/1.1" status: 200 len: 210 time: 0.0250573
2026-04-27 02:39:42.396 10 INFO neutron.wsgi [req-ac52b7c6-b7be-4f3a-8cdb-d274431c9d77 req-75bfbb97-09a8-4913-8c54-d557f1526b7c 87865b9db0564c6396c9aa3603685f3b b46907eb62f4475c98952fc005d9a697 - - a195706c00b84a829d1be0d41577f697 a195706c00b84a829d1be0d41577f697] 199.204.45.238 "GET /v2.0/ports?network_id=4e7185f9-1a79-4308-8152-6176fba6af74&device_owner=network%3Adhcp HTTP/1.1" status: 200 len: 210 time: 0.0309241
2026-04-27 02:39:42.486 10 INFO neutron.wsgi [req-ac52b7c6-b7be-4f3a-8cdb-d274431c9d77 req-8a498135-b9d1-453a-9f7e-080446996822 87865b9db0564c6396c9aa3603685f3b b46907eb62f4475c98952fc005d9a697 - - a195706c00b84a829d1be0d41577f697 a195706c00b84a829d1be0d41577f697] 199.204.45.238 "GET /v2.0/networks/4e7185f9-1a79-4308-8152-6176fba6af74?fields=segments HTTP/1.1" status: 200 len: 212 time: 0.0790017
2026-04-27 02:39:42.536 10 INFO neutron.db.ovn_revision_numbers_db [None req-e6346f3f-a6e5-489c-b37e-770d5ff2662c - - - - - -] Successfully bumped revision number for resource 34accb6f-e898-46f9-90cb-cb3578af64f0 (type: ports) to 4
2026-04-27 02:39:42.576 10 INFO neutron.wsgi [req-ac52b7c6-b7be-4f3a-8cdb-d274431c9d77 req-a096436e-b991-4522-b70e-43fbef7fc518 87865b9db0564c6396c9aa3603685f3b b46907eb62f4475c98952fc005d9a697 - - a195706c00b84a829d1be0d41577f697 a195706c00b84a829d1be0d41577f697] 199.204.45.238 "GET /v2.0/networks/4e7185f9-1a79-4308-8152-6176fba6af74?fields=provider%3Aphysical_network&fields=provider%3Anetwork_type HTTP/1.1" status: 200 len: 277 time: 0.0762601
2026-04-27 02:39:42.805 9 INFO neutron.db.ovn_revision_numbers_db [None req-f269d7a2-2477-458f-964a-621f67f8b53d d2f0ece76a4a4fc18e3a6437eb5e3f2e 04e559e88607455baa9568180cfcced9 - - default default] Successfully bumped revision number for resource 34accb6f-e898-46f9-90cb-cb3578af64f0 (type: ports) to 5
2026-04-27 02:39:42.820 9 INFO neutron.wsgi [None req-f269d7a2-2477-458f-964a-621f67f8b53d d2f0ece76a4a4fc18e3a6437eb5e3f2e 04e559e88607455baa9568180cfcced9 - - default default] 199.204.45.238 "PUT /v2.0/ports/34accb6f-e898-46f9-90cb-cb3578af64f0 HTTP/1.1" status: 200 len: 1378 time: 0.4656484 /var/lib/openstack/lib/python3.10/site-packages/pycadf/identifier.py:71: UserWarning: Invalid uuid: neutron. To ensure interoperability, identifiers should be a valid uuid. warnings.warn(('Invalid uuid: %s. To ensure interoperability, '
2026-04-27 02:39:42.870 9 INFO neutron.notifiers.nova [-] Nova event matching ['req-d80683f6-0dc4-47ca-9e6e-9a0349ffba19'] response: {'name': 'network-changed', 'server_uuid': 'e1630bea-e71b-4beb-9a6c-6765c8df2ded', 'tag': '34accb6f-e898-46f9-90cb-cb3578af64f0', 'status': 'completed', 'code': 200} /var/lib/openstack/lib/python3.10/site-packages/pycadf/identifier.py:71: UserWarning: Invalid uuid: neutron. To ensure interoperability, identifiers should be a valid uuid. warnings.warn(('Invalid uuid: %s. To ensure interoperability, '
2026-04-27 02:39:42.898 9 INFO neutron.wsgi [None req-768063c1-4187-4c57-8984-fc1f9a6efca5 d2f0ece76a4a4fc18e3a6437eb5e3f2e 04e559e88607455baa9568180cfcced9 - - default default] 199.204.45.238 "GET /v2.0/networks/4e7185f9-1a79-4308-8152-6176fba6af74 HTTP/1.1" status: 200 len: 999 time: 0.0685191
2026-04-27 02:39:42.933 9 INFO neutron.wsgi [None req-c3b0204d-a2e6-4484-889a-f97d1e249c13 d2f0ece76a4a4fc18e3a6437eb5e3f2e 04e559e88607455baa9568180cfcced9 - - default default] 199.204.45.238 "GET /v2.0/subnets/5afe4681-7473-4f92-b401-f9537480d154 HTTP/1.1" status: 200 len: 848 time: 0.0282476
2026-04-27 02:39:42.945 10 INFO neutron.wsgi [req-a026ce3e-fe02-413a-8b16-58669e1da5ff req-dc55c02a-d8af-4108-80ba-b723fc9a8599 87865b9db0564c6396c9aa3603685f3b b46907eb62f4475c98952fc005d9a697 - - a195706c00b84a829d1be0d41577f697 a195706c00b84a829d1be0d41577f697] 199.204.45.238 "GET /v2.0/ports?tenant_id=04e559e88607455baa9568180cfcced9&device_id=e1630bea-e71b-4beb-9a6c-6765c8df2ded HTTP/1.1" status: 200 len: 3921 time: 0.0549850
2026-04-27 02:39:43.021 10 INFO neutron.wsgi [req-a026ce3e-fe02-413a-8b16-58669e1da5ff req-9392ea7a-3d7c-4641-8914-9a09cf889e86 87865b9db0564c6396c9aa3603685f3b b46907eb62f4475c98952fc005d9a697 - - a195706c00b84a829d1be0d41577f697 a195706c00b84a829d1be0d41577f697] 199.204.45.238 "GET /v2.0/networks?id=4e7185f9-1a79-4308-8152-6176fba6af74 HTTP/1.1" status: 200 len: 1002 time: 0.0680242
2026-04-27 02:39:43.043 9 INFO neutron.wsgi [None req-cbe21c2c-58f0-4504-98e2-852955518187 d2f0ece76a4a4fc18e3a6437eb5e3f2e 04e559e88607455baa9568180cfcced9 - - default default] 199.204.45.238 "GET /v2.0/extensions/security-group HTTP/1.1" status: 200 len: 369 time: 0.0055470
2026-04-27 02:39:43.052 9 INFO neutron.wsgi [None req-d992f6ba-594b-4c0a-9161-6ffadf29cb55 d2f0ece76a4a4fc18e3a6437eb5e3f2e 04e559e88607455baa9568180cfcced9 - - default default] 199.204.45.238 "GET /v2.0/extensions/dns-integration HTTP/1.1" status: 200 len: 371 time: 0.0035629
2026-04-27 02:39:43.056 10 INFO neutron.wsgi [req-a026ce3e-fe02-413a-8b16-58669e1da5ff req-16aa0e92-d1c3-4d65-924a-bce3448b01bf 87865b9db0564c6396c9aa3603685f3b b46907eb62f4475c98952fc005d9a697 - - a195706c00b84a829d1be0d41577f697 a195706c00b84a829d1be0d41577f697] 199.204.45.238 "GET /v2.0/floatingips?fixed_ip_address=10.2.1.241&port_id=34accb6f-e898-46f9-90cb-cb3578af64f0 HTTP/1.1" status: 200 len: 217 time: 0.0254693
2026-04-27 02:39:43.059 9 INFO neutron.wsgi [None req-6604e0e2-7042-431f-9ba9-791477829c30 d2f0ece76a4a4fc18e3a6437eb5e3f2e 04e559e88607455baa9568180cfcced9 - - default default] 199.204.45.238 "GET /v2.0/extensions/qos HTTP/1.1" status: 200 len: 365 time: 0.0036397
2026-04-27 02:39:43.067 9 INFO neutron.wsgi [None req-6cbfad6c-2298-4931-912f-50a0e6f01b21 d2f0ece76a4a4fc18e3a6437eb5e3f2e 04e559e88607455baa9568180cfcced9 - - default default] 199.204.45.238 "GET /v2.0/extensions/allowed-address-pairs HTTP/1.1" status: 200 len: 383 time: 0.0042763
2026-04-27 02:39:43.105 10 INFO neutron.wsgi [req-a026ce3e-fe02-413a-8b16-58669e1da5ff req-3b6c1fb0-0b18-4151-9cdf-9757b51e2a48 87865b9db0564c6396c9aa3603685f3b b46907eb62f4475c98952fc005d9a697 - - a195706c00b84a829d1be0d41577f697 a195706c00b84a829d1be0d41577f697] 199.204.45.238 "GET /v2.0/subnets?id=5afe4681-7473-4f92-b401-f9537480d154 HTTP/1.1" status: 200 len: 851 time: 0.0423326
2026-04-27 02:39:43.108 9 INFO neutron.wsgi [None req-cbb2df40-a898-40b4-abcf-b9aa76e02004 d2f0ece76a4a4fc18e3a6437eb5e3f2e 04e559e88607455baa9568180cfcced9 - - default default] 199.204.45.238 "GET /v2.0/subnets/5539d309-7e3c-474c-91c7-4b675469bb77 HTTP/1.1" status: 200 len: 850 time: 0.0361757
2026-04-27 02:39:43.124 10 INFO neutron.notifiers.nova [-] Nova event matching ['req-5a38f505-4936-454a-aa77-52c78f3cb203'] response: {'server_uuid': 'e1630bea-e71b-4beb-9a6c-6765c8df2ded', 'name': 'network-vif-plugged', 'status': 'completed', 'tag': '34accb6f-e898-46f9-90cb-cb3578af64f0', 'code': 200}
2026-04-27 02:39:43.124 10 INFO neutron.notifiers.nova [-] Nova event matching ['req-5a38f505-4936-454a-aa77-52c78f3cb203'] response: {'server_uuid': 'e1630bea-e71b-4beb-9a6c-6765c8df2ded', 'name': 'network-vif-plugged', 'status': 'completed', 'tag': '34accb6f-e898-46f9-90cb-cb3578af64f0', 'code': 200}
2026-04-27 02:39:43.138 10 INFO neutron.wsgi [req-a026ce3e-fe02-413a-8b16-58669e1da5ff req-32faf7f1-eaab-4473-b9c0-63ac93470a3f 87865b9db0564c6396c9aa3603685f3b b46907eb62f4475c98952fc005d9a697 - - a195706c00b84a829d1be0d41577f697 a195706c00b84a829d1be0d41577f697] 199.204.45.238 "GET /v2.0/ports?network_id=4e7185f9-1a79-4308-8152-6176fba6af74&device_owner=network%3Adhcp HTTP/1.1" status: 200 len: 210 time: 0.0255916
2026-04-27 02:39:43.150 9 INFO neutron.wsgi [None req-54d7ea4f-5aba-4dd9-969d-ce4ccb743e3a d2f0ece76a4a4fc18e3a6437eb5e3f2e 04e559e88607455baa9568180cfcced9 - - default default] 199.204.45.238 "GET /v2.0/ports/8a9b2dcb-b704-4ba6-8613-913f69432458 HTTP/1.1" status: 200 len: 1336 time: 0.0347345
2026-04-27 02:39:43.195 9 INFO neutron.wsgi [None req-535a1bfc-2700-4768-8b0c-2872440b879f d2f0ece76a4a4fc18e3a6437eb5e3f2e 04e559e88607455baa9568180cfcced9 - - default default] 199.204.45.238 "GET /v2.0/ports/f031a285-8c53-4d2e-bf88-ef46ccd56236 HTTP/1.1" status: 200 len: 1518 time: 0.0352948
2026-04-27 02:39:43.228 10 INFO neutron.wsgi [req-a026ce3e-fe02-413a-8b16-58669e1da5ff req-70460ccf-dda7-4a76-b823-9a8d9fd24c15 87865b9db0564c6396c9aa3603685f3b b46907eb62f4475c98952fc005d9a697 - - a195706c00b84a829d1be0d41577f697 a195706c00b84a829d1be0d41577f697] 199.204.45.238 "GET /v2.0/networks/4e7185f9-1a79-4308-8152-6176fba6af74?fields=segments HTTP/1.1" status: 200 len: 212 time: 0.0829616
2026-04-27 02:39:43.235 9 INFO neutron.wsgi [None req-71691c4f-a1b3-4268-a2ff-e5d6eed7c01a d2f0ece76a4a4fc18e3a6437eb5e3f2e 04e559e88607455baa9568180cfcced9 - - default default] 199.204.45.238 "GET /v2.0/subnets/5539d309-7e3c-474c-91c7-4b675469bb77 HTTP/1.1" status: 200 len: 850 time: 0.0323958
2026-04-27 02:39:43.297 9 INFO neutron.wsgi [None req-911e66ed-779d-4bfb-b8d5-9f1c3d2aee58 d2f0ece76a4a4fc18e3a6437eb5e3f2e 04e559e88607455baa9568180cfcced9 - - default default] 199.204.45.238 "GET /v2.0/networks/039a4ec2-3668-42e7-980b-1ff11f975dee HTTP/1.1" status: 200 len: 1002 time: 0.0568883
2026-04-27 02:39:43.304 10 INFO neutron.wsgi [req-a026ce3e-fe02-413a-8b16-58669e1da5ff req-f422ea33-bd01-4738-9317-5108ec1d4c04 87865b9db0564c6396c9aa3603685f3b b46907eb62f4475c98952fc005d9a697 - - a195706c00b84a829d1be0d41577f697 a195706c00b84a829d1be0d41577f697] 199.204.45.238 "GET /v2.0/networks/4e7185f9-1a79-4308-8152-6176fba6af74?fields=provider%3Aphysical_network&fields=provider%3Anetwork_type HTTP/1.1" status: 200 len: 277 time: 0.0667636
2026-04-27 02:39:43.337 9 INFO neutron.wsgi [None req-0603c62e-879b-4f6a-8e10-eed5165fb03f d2f0ece76a4a4fc18e3a6437eb5e3f2e 04e559e88607455baa9568180cfcced9 - - default default] 199.204.45.238 "GET /v2.0/ports/8a9b2dcb-b704-4ba6-8613-913f69432458 HTTP/1.1" status: 200 len: 1336 time: 0.0320909
2026-04-27 02:39:43.381 9 INFO neutron.wsgi [None req-7f3d1ba9-a58e-4ae4-992b-2084e29d730b d2f0ece76a4a4fc18e3a6437eb5e3f2e 04e559e88607455baa9568180cfcced9 - - default default] 199.204.45.238 "GET /v2.0/subnets/5539d309-7e3c-474c-91c7-4b675469bb77 HTTP/1.1" status: 200 len: 850 time: 0.0354273
2026-04-27 02:39:45.210 10 INFO neutron.wsgi [None req-f7d0c01f-f512-423f-8d03-a0c6102114c3 d2f0ece76a4a4fc18e3a6437eb5e3f2e 04e559e88607455baa9568180cfcced9 - - default default] 10.0.0.92 "GET /v2.0/networks HTTP/1.1" status: 200 len: 4720 time: 0.1601486
2026-04-27 02:39:45.264 10 INFO neutron.wsgi [None req-711bcbee-b972-45e3-8d45-13fecd8e43bf d2f0ece76a4a4fc18e3a6437eb5e3f2e 04e559e88607455baa9568180cfcced9 - - default default] 10.0.0.92 "GET /v2.0/subnets HTTP/1.1" status: 200 len: 5493 time: 0.0506155
2026-04-27 02:39:45.322 10 INFO neutron.wsgi [None req-dbe86dc2-2b25-437b-8e42-1515d3bc68c1 d2f0ece76a4a4fc18e3a6437eb5e3f2e 04e559e88607455baa9568180cfcced9 - - default default] 10.0.0.92 "GET /v2.0/subnets HTTP/1.1" status: 200 len: 5493 time: 0.0557485
2026-04-27 02:39:45.336 10 INFO neutron.wsgi [None req-8fbe40c5-3811-4f60-88fe-11ccd6e7c04f d2f0ece76a4a4fc18e3a6437eb5e3f2e 04e559e88607455baa9568180cfcced9 - - default default] 10.0.0.92 "GET /v2.0/subnetpools HTTP/1.1" status: 200 len: 193 time: 0.0125427
2026-04-27 02:39:45.390 10 INFO neutron.wsgi [None req-2c3f77d6-27af-4326-885a-048a1ea8afb8 d2f0ece76a4a4fc18e3a6437eb5e3f2e 04e559e88607455baa9568180cfcced9 - - default default] 10.0.0.92 "GET /v2.0/floatingips HTTP/1.1" status: 200 len: 2764 time: 0.0530887
2026-04-27 02:39:45.508 10 INFO neutron.wsgi [None req-06d5a511-4841-4b7b-bd32-706d24867e03 d2f0ece76a4a4fc18e3a6437eb5e3f2e 04e559e88607455baa9568180cfcced9 - - default default] 10.0.0.92 "GET /v2.0/ports HTTP/1.1" status: 200 len: 23415 time: 0.1145792
2026-04-27 02:39:45.540 10 INFO neutron.wsgi [None req-27e38481-5b41-4049-9517-9ab1ea4e47ba d2f0ece76a4a4fc18e3a6437eb5e3f2e 04e559e88607455baa9568180cfcced9 - - default default] 10.0.0.92 "GET /v2.0/agents HTTP/1.1" status: 200 len: 997 time: 0.0168200
2026-04-27 02:39:45.612 10 INFO neutron.wsgi [None req-cae3fdce-fefe-4943-bb36-063f1337c8ba d2f0ece76a4a4fc18e3a6437eb5e3f2e 04e559e88607455baa9568180cfcced9 - - default default] 10.0.0.92 "GET /v2.0/security-groups HTTP/1.1" status: 200 len: 30251 time: 0.0707130
2026-04-27 02:39:45.693 10 INFO neutron.wsgi [None req-fedf2841-7ba4-42c3-a330-c7fa1e2e5d03 d2f0ece76a4a4fc18e3a6437eb5e3f2e 04e559e88607455baa9568180cfcced9 - - default default] 10.0.0.92 "GET /v2.0/routers HTTP/1.1" status: 200 len: 850 time: 0.0712035
2026-04-27 02:39:45.704 10 INFO neutron.wsgi [None req-d49230d8-8f16-496f-8a30-61befb34555e d2f0ece76a4a4fc18e3a6437eb5e3f2e 04e559e88607455baa9568180cfcced9 - - default default] 10.0.0.92 "GET /v2.0/agents?binary=ovn-controller HTTP/1.1" status: 200 len: 591 time: 0.0103416
2026-04-27 02:39:45.722 10 INFO neutron.wsgi [None req-52712201-9e0e-4942-b05a-5118cac57a4d d2f0ece76a4a4fc18e3a6437eb5e3f2e 04e559e88607455baa9568180cfcced9 - - default default] 10.0.0.92 "GET /v2.0/network-ip-availabilities HTTP/1.1" status: 200 len: 3360 time: 0.0168283
2026-04-27 02:39:51.314 9 INFO neutron.wsgi [None req-80c8e903-f380-4175-ba6a-443c11927f33 d2f0ece76a4a4fc18e3a6437eb5e3f2e 04e559e88607455baa9568180cfcced9 - - default default] 10.0.0.139 "GET /v2.0/extensions/security-group HTTP/1.1" status: 200 len: 369 time: 0.0067031
2026-04-27 02:39:51.332 9 INFO neutron.wsgi [None req-e291ad56-112d-4e09-b3a0-3d766d42afc4 d2f0ece76a4a4fc18e3a6437eb5e3f2e 04e559e88607455baa9568180cfcced9 - - default default] 10.0.0.139 "GET /v2.0/extensions/dns-integration HTTP/1.1" status: 200 len: 371 time: 0.0098166
2026-04-27 02:39:51.345 9 INFO neutron.wsgi [None req-8f09dca1-06e4-4207-a1c8-0b3f40c6a4b8 d2f0ece76a4a4fc18e3a6437eb5e3f2e 04e559e88607455baa9568180cfcced9 - - default default] 10.0.0.139 "GET /v2.0/extensions/qos HTTP/1.1" status: 200 len: 365 time: 0.0072105
2026-04-27 02:39:51.359 9 INFO neutron.wsgi [None req-60834507-c9ea-4181-8dc4-5fb8fe4b110c d2f0ece76a4a4fc18e3a6437eb5e3f2e 04e559e88607455baa9568180cfcced9 - - default default] 10.0.0.139 "GET /v2.0/extensions/allowed-address-pairs HTTP/1.1" status: 200 len: 383 time: 0.0087967
2026-04-27 02:39:51.701 9 INFO neutron.wsgi [-] 10.0.0.139 "GET / HTTP/1.1" status: 200 len: 284 time: 0.0033395
2026-04-27 02:39:51.773 9 INFO neutron.wsgi [None req-c8f4d4e2-c933-4671-8262-e2826dfff8e5 8fe8be27857f4cc89cc8b123cd0361f2 bcfa9e244b5747a7b2be4680e9fac96c - - default default] 10.0.0.139 "GET /v2.0/subnets/4a9b0d92-4e7e-4298-8f4a-59553d126e48 HTTP/1.1" status: 200 len: 831 time: 0.0528169
2026-04-27 02:39:52.572 9 INFO neutron.wsgi [None req-e245b357-b8f9-47f6-9510-2b1885e6afbf d2f0ece76a4a4fc18e3a6437eb5e3f2e 04e559e88607455baa9568180cfcced9 - - default default] 199.204.45.238 "GET /v2.0/extensions/security-group HTTP/1.1" status: 200 len: 369 time: 0.0111601
2026-04-27 02:39:52.587 9 INFO neutron.wsgi [None req-3fd9af28-a2bd-4be6-99a1-6d8acd971971 d2f0ece76a4a4fc18e3a6437eb5e3f2e 04e559e88607455baa9568180cfcced9 - - default default] 199.204.45.238 "GET /v2.0/extensions/dns-integration HTTP/1.1" status: 200 len: 371 time: 0.0079651
2026-04-27 02:39:52.595 9 INFO neutron.wsgi [None req-ca6dd325-8d61-4bab-a142-6573d049d0af d2f0ece76a4a4fc18e3a6437eb5e3f2e 04e559e88607455baa9568180cfcced9 - - default default] 199.204.45.238 "GET /v2.0/extensions/qos HTTP/1.1" status: 200 len: 365 time: 0.0045178
2026-04-27 02:39:52.604 9 INFO neutron.wsgi [None req-1503dc75-7279-4227-930d-04eb2cc30d0d d2f0ece76a4a4fc18e3a6437eb5e3f2e 04e559e88607455baa9568180cfcced9 - - default default] 199.204.45.238 "GET /v2.0/extensions/allowed-address-pairs HTTP/1.1" status: 200 len: 383 time: 0.0045497
2026-04-27 02:39:52.643 9 INFO neutron.wsgi [None req-d029d430-5408-4c3b-b2a9-088f300c0555 d2f0ece76a4a4fc18e3a6437eb5e3f2e 04e559e88607455baa9568180cfcced9 - - default default] 199.204.45.238 "GET /v2.0/subnets/5afe4681-7473-4f92-b401-f9537480d154 HTTP/1.1" status: 200 len: 848 time: 0.0349653
