2026-04-27 02:35:15.489 10 INFO neutron.services.segments.plugin [-] Segment 34d0bd6b-9faf-496b-9dcc-917653770a22 resource provider not found; error: Placement Client Error (4xx): {"errors": [{"status": 404, "title": "Not Found", "detail": "The resource could not be found.\n\n No resource provider with uuid 34d0bd6b-9faf-496b-9dcc-917653770a22 found for delete ", "request_id": "req-9a872cba-e632-4aa1-9802-e96e1eda01c2"}]}
2026-04-27 02:35:15.507 9 INFO neutron.wsgi [None req-3cbd5eec-d1ee-43d9-a7e2-9bcbd0738acb 2fe39306c8ce4ff88581767bb8163735 cf0af788e88b4553860f36d93573576e - - default default] 10.0.0.95 "POST /v2.0/security-groups HTTP/1.1" status: 201 len: 1809 time: 0.4123914
2026-04-27 02:35:15.523 10 WARNING neutron_lib.context [None req-02166194-502a-4971-8efa-b1d79bd808c6 2fe39306c8ce4ff88581767bb8163735 cf0af788e88b4553860f36d93573576e - - default default] Method 'is_advsvc' is deprecated since 2023.2 release (neutron-lib 3.8.0) and will be removed once support for the old RBAC API policies will be removed from Neutron. Please use method 'is_service_role' instead.
2026-04-27 02:35:15.527 9 INFO neutron.services.segments.plugin [-] Segment e6e69aa3-3c59-4676-95fa-e48edc6aac6e resource provider aggregate not found
2026-04-27 02:35:15.551 9 INFO neutron.services.segments.plugin [-] Segment e6e69aa3-3c59-4676-95fa-e48edc6aac6e resource provider not found; error: Placement Client Error (4xx): {"errors": [{"status": 404, "title": "Not Found", "detail": "The resource could not be found.\n\n No resource provider with uuid e6e69aa3-3c59-4676-95fa-e48edc6aac6e found for delete ", "request_id": "req-6108e28a-9aa5-4bea-8aa3-9edbb816b96e"}]}
2026-04-27 02:35:15.554 9 INFO neutron.services.segments.plugin [-] Segment e6e69aa3-3c59-4676-95fa-e48edc6aac6e resource provider aggregate not found
2026-04-27 02:35:15.578 9 INFO neutron.services.segments.plugin [-] Segment e6e69aa3-3c59-4676-95fa-e48edc6aac6e resource provider not found; error: Placement Client Error (4xx): {"errors": [{"status": 404, "title": "Not Found", "detail": "The resource could not be found.\n\n No resource provider with uuid e6e69aa3-3c59-4676-95fa-e48edc6aac6e found for delete ", "request_id": "req-46ebc352-63b2-4c52-9187-5c224810a7a9"}]}
2026-04-27 02:35:15.579 10 INFO neutron.wsgi [None req-5125afef-d1bd-4497-bd4b-b3f15336e45a 2028457c412146fcb8bf8aa761c9b2ec 8924ea403f364545bde825a7cd6173a1 - - default default] 10.0.0.95 "DELETE /v2.0/networks/3838f86f-ac9c-40a6-bfc3-6f21cb8e00ce HTTP/1.1" status: 204 len: 168 time: 0.7045007
2026-04-27 02:35:15.596 9 INFO neutron.db.ovn_revision_numbers_db [None req-eb9b1b3e-bddb-45c1-ba19-5f2f0d4c5f0c 0bb34017f26c4bada64243e1a8eed529 2447d6ba14804b89a8aa20ad34c0ca22 - - default default] Successfully bumped revision number for resource bd7f9035-9be1-424c-9b3f-124190664151 (type: security_groups) to 1
2026-04-27 02:35:15.642 9 INFO neutron.db.ovn_revision_numbers_db [None req-eb9b1b3e-bddb-45c1-ba19-5f2f0d4c5f0c 0bb34017f26c4bada64243e1a8eed529 2447d6ba14804b89a8aa20ad34c0ca22 - - default default] Successfully bumped revision number for resource 27eb47bd-7af9-4a41-9aa7-c8d1d8f2b984 (type: security_group_rules) to 0
2026-04-27 02:35:15.687 9 INFO neutron.db.ovn_revision_numbers_db [None req-eb9b1b3e-bddb-45c1-ba19-5f2f0d4c5f0c 0bb34017f26c4bada64243e1a8eed529 2447d6ba14804b89a8aa20ad34c0ca22 - - default default] Successfully bumped revision number for resource a15b51a5-ff38-47b5-bf4e-e2207e8c5884 (type: security_group_rules) to 0
2026-04-27 02:35:15.741 9 INFO neutron.db.ovn_revision_numbers_db [None req-eb9b1b3e-bddb-45c1-ba19-5f2f0d4c5f0c 0bb34017f26c4bada64243e1a8eed529 2447d6ba14804b89a8aa20ad34c0ca22 - - default default] Successfully bumped revision number for resource bf8444f7-4268-43f1-8517-ca7c11a60209 (type: security_group_rules) to 0
2026-04-27 02:35:15.797 9 INFO neutron.db.ovn_revision_numbers_db [None req-eb9b1b3e-bddb-45c1-ba19-5f2f0d4c5f0c 0bb34017f26c4bada64243e1a8eed529 2447d6ba14804b89a8aa20ad34c0ca22 - - default default] Successfully bumped revision number for resource e57f5510-ff92-4fa5-81e6-157a77dc9e56 (type: security_group_rules) to 0
2026-04-27 02:35:15.848 10 INFO neutron.db.ovn_revision_numbers_db [None req-02166194-502a-4971-8efa-b1d79bd808c6 2fe39306c8ce4ff88581767bb8163735 cf0af788e88b4553860f36d93573576e - - default default] Successfully bumped revision number for resource 424215a2-e1cf-43ca-b0a6-72f69da73f63 (type: security_group_rules) to 0
2026-04-27 02:35:15.905 10 INFO neutron.wsgi [None req-02166194-502a-4971-8efa-b1d79bd808c6 2fe39306c8ce4ff88581767bb8163735 cf0af788e88b4553860f36d93573576e - - default default] 10.0.0.95 "POST /v2.0/security-group-rules HTTP/1.1" status: 201 len: 764 time: 0.3927906
2026-04-27 02:35:15.917 10 WARNING neutron_lib.context [None req-ecc52aaa-43f1-4a96-9da6-62b9cfdf6ab6 2fe39306c8ce4ff88581767bb8163735 cf0af788e88b4553860f36d93573576e - - default default] Method 'is_advsvc' is deprecated since 2023.2 release (neutron-lib 3.8.0) and will be removed once support for the old RBAC API policies will be removed from Neutron. Please use method 'is_service_role' instead.
2026-04-27 02:35:15.927 9 INFO neutron.db.segments_db [None req-eb9b1b3e-bddb-45c1-ba19-5f2f0d4c5f0c 0bb34017f26c4bada64243e1a8eed529 2447d6ba14804b89a8aa20ad34c0ca22 - - default default] Added segment ceba5d4d-9ae3-4b60-afe9-a075b46c0105 of type geneve for network 1e665142-210d-4f3b-8382-cdd672f835a1
2026-04-27 02:35:16.050 9 INFO neutron.wsgi [None req-b31bddc9-3d18-4e9d-9600-e7530f19b5b9 74c9862a2ebf43508f97b05652475c13 9d38a592c30a486fb223366bced7ff76 - - default default] 10.0.0.95 "DELETE /v2.0/ports/7ce924a9-5f36-4919-8722-1b1a5a6e9624 HTTP/1.1" status: 204 len: 168 time: 0.5653875
2026-04-27 02:35:16.074 9 INFO neutron.pecan_wsgi.hooks.translation [None req-7ffda2af-74ae-4686-b066-1e4b8f8c3c9b 74c9862a2ebf43508f97b05652475c13 9d38a592c30a486fb223366bced7ff76 - - default default] GET failed (client error): The resource could not be found.
2026-04-27 02:35:16.076 9 INFO neutron.wsgi [None req-7ffda2af-74ae-4686-b066-1e4b8f8c3c9b 74c9862a2ebf43508f97b05652475c13 9d38a592c30a486fb223366bced7ff76 - - default default] 10.0.0.95 "GET /v2.0/ports/7ce924a9-5f36-4919-8722-1b1a5a6e9624 HTTP/1.1" status: 404 len: 333 time: 0.0209584
2026-04-27 02:35:16.190 10 INFO neutron.wsgi [None req-3c508803-0b91-4531-bb18-9f3e35241c30 2028457c412146fcb8bf8aa761c9b2ec 8924ea403f364545bde825a7cd6173a1 - - default default] 10.0.0.95 "DELETE /v2.0/networks/6484cb42-2090-41fc-853c-78d0dff8b866 HTTP/1.1" status: 204 len: 168 time: 0.6009865
2026-04-27 02:35:16.224 10 INFO neutron.db.ovn_revision_numbers_db [None req-ecc52aaa-43f1-4a96-9da6-62b9cfdf6ab6 2fe39306c8ce4ff88581767bb8163735 cf0af788e88b4553860f36d93573576e - - default default] Successfully bumped revision number for resource 956213e3-5578-4132-9c06-a9171504c443 (type: security_group_rules) to 0
2026-04-27 02:35:16.319 10 INFO neutron.wsgi [None req-ecc52aaa-43f1-4a96-9da6-62b9cfdf6ab6 2fe39306c8ce4ff88581767bb8163735 cf0af788e88b4553860f36d93573576e - - default default] 10.0.0.95 "POST /v2.0/security-group-rules HTTP/1.1" status: 201 len: 763 time: 0.4071908
2026-04-27 02:35:16.326 15 INFO neutron.plugins.ml2.drivers.ovn.mech_driver.ovsdb.maintenance [None req-479dee1e-a7ad-4c8f-92fc-3394ca3d504b - - - - - -] Maintenance task: Synchronization finished (took 4.83 seconds)
2026-04-27 02:35:16.334 10 WARNING neutron_lib.context [None req-6f5240ec-07c2-46cb-be6f-5be58bd65bea 2fe39306c8ce4ff88581767bb8163735 cf0af788e88b4553860f36d93573576e - - default default] Method 'is_advsvc' is deprecated since 2023.2 release (neutron-lib 3.8.0) and will be removed once support for the old RBAC API policies will be removed from Neutron. Please use method 'is_service_role' instead.
2026-04-27 02:35:16.602 10 INFO neutron.db.ovn_revision_numbers_db [None req-6f5240ec-07c2-46cb-be6f-5be58bd65bea 2fe39306c8ce4ff88581767bb8163735 cf0af788e88b4553860f36d93573576e - - default default] Successfully bumped revision number for resource ab501a8a-c1eb-4099-9791-d6ded937e41c (type: security_group_rules) to 0
2026-04-27 02:35:16.678 10 INFO neutron.wsgi [None req-6f5240ec-07c2-46cb-be6f-5be58bd65bea 2fe39306c8ce4ff88581767bb8163735 cf0af788e88b4553860f36d93573576e - - default default] 10.0.0.95 "POST /v2.0/security-group-rules HTTP/1.1" status: 201 len: 769 time: 0.3513315
2026-04-27 02:35:16.683 9 INFO neutron.db.ovn_revision_numbers_db [None req-eb9b1b3e-bddb-45c1-ba19-5f2f0d4c5f0c 0bb34017f26c4bada64243e1a8eed529 2447d6ba14804b89a8aa20ad34c0ca22 - - default default] Successfully bumped revision number for resource 1e665142-210d-4f3b-8382-cdd672f835a1 (type: networks) to 1
2026-04-27 02:35:16.696 10 WARNING neutron_lib.context [None req-5d352d8c-e39a-414f-b185-5f5db1b76253 2fe39306c8ce4ff88581767bb8163735 cf0af788e88b4553860f36d93573576e - - default default] Method 'is_advsvc' is deprecated since 2023.2 release (neutron-lib 3.8.0) and will be removed once support for the old RBAC API policies will be removed from Neutron. Please use method 'is_service_role' instead.
2026-04-27 02:35:16.882 10 INFO neutron.wsgi [None req-80cb0dd1-bcfe-48ac-b59f-9a03180f7001 2028457c412146fcb8bf8aa761c9b2ec 8924ea403f364545bde825a7cd6173a1 - - default default] 10.0.0.95 "DELETE /v2.0/networks/db201eaa-59d3-4876-8b09-b9f9d05b79f1 HTTP/1.1" status: 204 len: 168 time: 0.6852050
2026-04-27 02:35:16.948 9 INFO neutron.wsgi [None req-bcbd8d8c-0461-4ec0-9901-cc367c1e05d7 74c9862a2ebf43508f97b05652475c13 9d38a592c30a486fb223366bced7ff76 - - default default] 10.0.0.95 "DELETE /v2.0/subnets/4e3b9294-827c-4d90-9248-b284a21dcbd4 HTTP/1.1" status: 204 len: 168 time: 0.8652992
2026-04-27 02:35:16.971 10 INFO neutron.db.ovn_revision_numbers_db [None req-5d352d8c-e39a-414f-b185-5f5db1b76253 2fe39306c8ce4ff88581767bb8163735 cf0af788e88b4553860f36d93573576e - - default default] Successfully bumped revision number for resource d30e680b-b151-4e07-8cc5-57f10b42f5a7 (type: security_group_rules) to 0
2026-04-27 02:35:17.008 9 WARNING neutron.scheduler.dhcp_agent_scheduler [None req-eb9b1b3e-bddb-45c1-ba19-5f2f0d4c5f0c 0bb34017f26c4bada64243e1a8eed529 2447d6ba14804b89a8aa20ad34c0ca22 - - default default] No more DHCP agents
2026-04-27 02:35:17.012 9 WARNING neutron.api.rpc.agentnotifiers.dhcp_rpc_agent_api [None req-eb9b1b3e-bddb-45c1-ba19-5f2f0d4c5f0c 0bb34017f26c4bada64243e1a8eed529 2447d6ba14804b89a8aa20ad34c0ca22 - - default default] Unable to schedule network 1e665142-210d-4f3b-8382-cdd672f835a1: no agents available; will retry on subsequent port and subnet creation events.
2026-04-27 02:35:17.044 10 INFO neutron.wsgi [None req-5d352d8c-e39a-414f-b185-5f5db1b76253 2fe39306c8ce4ff88581767bb8163735 cf0af788e88b4553860f36d93573576e - - default default] 10.0.0.95 "POST /v2.0/security-group-rules HTTP/1.1" status: 201 len: 768 time: 0.3564260
2026-04-27 02:35:17.053 10 WARNING neutron_lib.context [None req-43ec4913-f157-433d-8bc0-9522d6ff1af3 2fe39306c8ce4ff88581767bb8163735 cf0af788e88b4553860f36d93573576e - - default default] Method 'is_advsvc' is deprecated since 2023.2 release (neutron-lib 3.8.0) and will be removed once support for the old RBAC API policies will be removed from Neutron. Please use method 'is_service_role' instead.
2026-04-27 02:35:17.095 10 INFO neutron.db.securitygroups_db [None req-43ec4913-f157-433d-8bc0-9522d6ff1af3 2fe39306c8ce4ff88581767bb8163735 cf0af788e88b4553860f36d93573576e - - default default] Project cf0af788e88b4553860f36d93573576e added a security group rule with legacy IPv6 ICMP protocol name icmp, ipv6-icmp should be used instead. It was automatically converted.
2026-04-27 02:35:17.164 9 INFO neutron.db.ovn_revision_numbers_db [None req-eb9b1b3e-bddb-45c1-ba19-5f2f0d4c5f0c 0bb34017f26c4bada64243e1a8eed529 2447d6ba14804b89a8aa20ad34c0ca22 - - default default] Successfully bumped revision number for resource b8fdf23e-2078-4152-9e63-ab742428a4fd (type: ports) to 1
2026-04-27 02:35:17.276 9 INFO neutron.wsgi [None req-eb9b1b3e-bddb-45c1-ba19-5f2f0d4c5f0c 0bb34017f26c4bada64243e1a8eed529 2447d6ba14804b89a8aa20ad34c0ca22 - - default default] 10.0.0.95 "POST /v2.0/networks HTTP/1.1" status: 201 len: 842 time: 2.2261536
2026-04-27 02:35:17.314 10 WARNING neutron_lib.context [None req-0b75eb86-5549-427e-be16-fd32e68ebc6d 0bb34017f26c4bada64243e1a8eed529 2447d6ba14804b89a8aa20ad34c0ca22 - - default default] Method 'is_advsvc' is deprecated since 2023.2 release (neutron-lib 3.8.0) and will be removed once support for the old RBAC API policies will be removed from Neutron. Please use method 'is_service_role' instead.
2026-04-27 02:35:17.333 10 INFO neutron.db.ovn_revision_numbers_db [None req-43ec4913-f157-433d-8bc0-9522d6ff1af3 2fe39306c8ce4ff88581767bb8163735 cf0af788e88b4553860f36d93573576e - - default default] Successfully bumped revision number for resource 5b0b4343-2f7b-446e-8a82-ccc5356574c7 (type: security_group_rules) to 0
2026-04-27 02:35:17.394 10 INFO neutron.wsgi [None req-43ec4913-f157-433d-8bc0-9522d6ff1af3 2fe39306c8ce4ff88581767bb8163735 cf0af788e88b4553860f36d93573576e - - default default] 10.0.0.95 "POST /v2.0/security-group-rules HTTP/1.1" status: 201 len: 774 time: 0.3453722
2026-04-27 02:35:17.407 9 WARNING neutron_lib.context [None req-b7856018-b8e3-4076-8ab9-7132638ad20f 2fe39306c8ce4ff88581767bb8163735 cf0af788e88b4553860f36d93573576e - - default default] Method 'is_advsvc' is deprecated since 2023.2 release (neutron-lib 3.8.0) and will be removed once support for the old RBAC API policies will be removed from Neutron. Please use method 'is_service_role' instead.
2026-04-27 02:35:17.461 9 INFO neutron.db.securitygroups_db [None req-b7856018-b8e3-4076-8ab9-7132638ad20f 2fe39306c8ce4ff88581767bb8163735 cf0af788e88b4553860f36d93573576e - - default default] Project cf0af788e88b4553860f36d93573576e added a security group rule with legacy IPv6 ICMP protocol name icmp, ipv6-icmp should be used instead. It was automatically converted.
2026-04-27 02:35:17.518 10 INFO neutron.services.segments.plugin [-] Segment 8eb37c59-8fb4-4959-97f5-0e4e3eb73039 resource provider aggregate not found
2026-04-27 02:35:17.526 10 INFO neutron.services.segments.plugin [-] Segment 8eb37c59-8fb4-4959-97f5-0e4e3eb73039 resource provider aggregate not found
2026-04-27 02:35:17.537 10 INFO neutron.services.segments.plugin [-] Segment 8eb37c59-8fb4-4959-97f5-0e4e3eb73039 resource provider not found; error: Placement Client Error (4xx): {"errors": [{"status": 404, "title": "Not Found", "detail": "The resource could not be found.\n\n No resource provider with uuid 8eb37c59-8fb4-4959-97f5-0e4e3eb73039 found for delete ", "request_id": "req-3dd850e1-bde0-45c7-a65d-40459850a502"}]}
2026-04-27 02:35:17.538 9 INFO neutron.wsgi [None req-d7f6b9ad-1eb6-44a5-8073-114dbfc98f6b 2028457c412146fcb8bf8aa761c9b2ec 8924ea403f364545bde825a7cd6173a1 - - default default] 10.0.0.95 "DELETE /v2.0/networks/ad4b4843-f89b-4963-805d-5566f0aa0c80 HTTP/1.1" status: 204 len: 168 time: 0.6464961
2026-04-27 02:35:17.554 10 INFO neutron.services.segments.plugin [-] Segment 8eb37c59-8fb4-4959-97f5-0e4e3eb73039 resource provider not found; error: Placement Client Error (4xx): {"errors": [{"status": 404, "title": "Not Found", "detail": "The resource could not be found.\n\n No resource provider with uuid 8eb37c59-8fb4-4959-97f5-0e4e3eb73039 found for delete ", "request_id": "req-4461ce7d-f16d-4a1c-ac6b-9ec590f9177b"}]}
2026-04-27 02:35:17.572 9 INFO neutron.services.segments.plugin [-] Segment ba601490-8538-4f11-bac3-99c7644e7358 resource provider aggregate not found
2026-04-27 02:35:17.573 10 INFO neutron.services.segments.plugin [-] Segment ef33afce-5a3f-408b-8b76-325032ccf826 resource provider aggregate not found
2026-04-27 02:35:17.586 10 INFO neutron.services.segments.plugin [-] Segment ef33afce-5a3f-408b-8b76-325032ccf826 resource provider aggregate not found
2026-04-27 02:35:17.592 9 INFO neutron.services.segments.plugin [-] Segment ba601490-8538-4f11-bac3-99c7644e7358 resource provider not found; error: Placement Client Error (4xx): {"errors": [{"status": 404, "title": "Not Found", "detail": "The resource could not be found.\n\n No resource provider with uuid ba601490-8538-4f11-bac3-99c7644e7358 found for delete ", "request_id": "req-43fa14af-75e5-4df1-880f-8825b11e0545"}]}
2026-04-27 02:35:17.593 10 INFO neutron.services.segments.plugin [-] Segment ef33afce-5a3f-408b-8b76-325032ccf826 resource provider not found; error: Placement Client Error (4xx): {"errors": [{"status": 404, "title": "Not Found", "detail": "The resource could not be found.\n\n No resource provider with uuid ef33afce-5a3f-408b-8b76-325032ccf826 found for delete ", "request_id": "req-674b08f7-b0a0-42cf-8939-c6513550e216"}]}
2026-04-27 02:35:17.603 9 INFO neutron.services.segments.plugin [-] Segment ba601490-8538-4f11-bac3-99c7644e7358 resource provider aggregate not found
2026-04-27 02:35:17.618 10 INFO neutron.services.segments.plugin [-] Segment ee5fc1af-0cc1-47d5-8633-aab2ab74fadd resource provider aggregate not found
2026-04-27 02:35:17.618 9 INFO neutron.db.ovn_revision_numbers_db [None req-b7856018-b8e3-4076-8ab9-7132638ad20f 2fe39306c8ce4ff88581767bb8163735 cf0af788e88b4553860f36d93573576e - - default default] Successfully bumped revision number for resource 91832711-9bd2-4c1d-ba9b-ee2a079b3900 (type: security_group_rules) to 0
2026-04-27 02:35:17.623 9 INFO neutron.services.segments.plugin [-] Segment ba601490-8538-4f11-bac3-99c7644e7358 resource provider not found; error: Placement Client Error (4xx): {"errors": [{"status": 404, "title": "Not Found", "detail": "The resource could not be found.\n\n No resource provider with uuid ba601490-8538-4f11-bac3-99c7644e7358 found for delete ", "request_id": "req-875e37e2-4d96-414f-aeda-2807790fc13c"}]}
2026-04-27 02:35:17.624 10 INFO neutron.services.segments.plugin [-] Segment ef33afce-5a3f-408b-8b76-325032ccf826 resource provider not found; error: Placement Client Error (4xx): {"errors": [{"status": 404, "title": "Not Found", "detail": "The resource could not be found.\n\n No resource provider with uuid ef33afce-5a3f-408b-8b76-325032ccf826 found for delete ", "request_id": "req-0ded16ea-46bb-40bc-8a7a-abb37fb11e85"}]}
2026-04-27 02:35:17.639 10 INFO neutron.wsgi [None req-f8c2de41-8839-459d-8fec-b99c5f27d0e6 74c9862a2ebf43508f97b05652475c13 9d38a592c30a486fb223366bced7ff76 - - default default] 10.0.0.95 "DELETE /v2.0/networks/779799ac-9d80-4f28-820e-1b1f6fcfa493 HTTP/1.1" status: 204 len: 168 time: 0.6840556
2026-04-27 02:35:17.646 10 INFO neutron.services.segments.plugin [-] Segment ee5fc1af-0cc1-47d5-8633-aab2ab74fadd resource provider not found; error: Placement Client Error (4xx): {"errors": [{"status": 404, "title": "Not Found", "detail": "The resource could not be found.\n\n No resource provider with uuid ee5fc1af-0cc1-47d5-8633-aab2ab74fadd found for delete ", "request_id": "req-76ef6e5a-319a-41e6-8758-858ec190eb69"}]}
2026-04-27 02:35:17.647 10 INFO neutron.services.segments.plugin [-] Segment ee5fc1af-0cc1-47d5-8633-aab2ab74fadd resource provider aggregate not found
2026-04-27 02:35:17.651 9 WARNING neutron_lib.context [None req-cd4dd318-3586-4d3c-bde7-ce665330fb63 74c9862a2ebf43508f97b05652475c13 9d38a592c30a486fb223366bced7ff76 - - default default] Method 'is_advsvc' is deprecated since 2023.2 release (neutron-lib 3.8.0) and will be removed once support for the old RBAC API policies will be removed from Neutron. Please use method 'is_service_role' instead.
2026-04-27 02:35:17.658 9 INFO neutron.wsgi [None req-b7856018-b8e3-4076-8ab9-7132638ad20f 2fe39306c8ce4ff88581767bb8163735 cf0af788e88b4553860f36d93573576e - - default default] 10.0.0.95 "POST /v2.0/security-group-rules HTTP/1.1" status: 201 len: 773 time: 0.2571509
2026-04-27 02:35:17.671 10 INFO neutron.services.segments.plugin [-] Segment ee5fc1af-0cc1-47d5-8633-aab2ab74fadd resource provider not found; error: Placement Client Error (4xx): {"errors": [{"status": 404, "title": "Not Found", "detail": "The resource could not be found.\n\n No resource provider with uuid ee5fc1af-0cc1-47d5-8633-aab2ab74fadd found for delete ", "request_id": "req-3a701184-7252-4396-9305-b64fd1effb38"}]}
2026-04-27 02:35:17.744 10 WARNING neutron.scheduler.dhcp_agent_scheduler [None req-0b75eb86-5549-427e-be16-fd32e68ebc6d 0bb34017f26c4bada64243e1a8eed529 2447d6ba14804b89a8aa20ad34c0ca22 - - default default] No more DHCP agents
2026-04-27 02:35:17.751 10 WARNING neutron.api.rpc.agentnotifiers.dhcp_rpc_agent_api [None req-0b75eb86-5549-427e-be16-fd32e68ebc6d 0bb34017f26c4bada64243e1a8eed529 2447d6ba14804b89a8aa20ad34c0ca22 - - default default] Unable to schedule network 1e665142-210d-4f3b-8382-cdd672f835a1: no agents available; will retry on subsequent port and subnet creation events.
2026-04-27 02:35:17.930 9 WARNING neutron.scheduler.dhcp_agent_scheduler [None req-cd4dd318-3586-4d3c-bde7-ce665330fb63 74c9862a2ebf43508f97b05652475c13 9d38a592c30a486fb223366bced7ff76 - - default default] No more DHCP agents
2026-04-27 02:35:17.934 9 WARNING neutron.api.rpc.agentnotifiers.dhcp_rpc_agent_api [None req-cd4dd318-3586-4d3c-bde7-ce665330fb63 74c9862a2ebf43508f97b05652475c13 9d38a592c30a486fb223366bced7ff76 - - default default] Unable to schedule network 6172a4db-a5ae-40a7-b0c6-63fc57fc5c61: no agents available; will retry on subsequent port and subnet creation events.
2026-04-27 02:35:18.033 9 INFO neutron.db.ovn_revision_numbers_db [None req-cd4dd318-3586-4d3c-bde7-ce665330fb63 74c9862a2ebf43508f97b05652475c13 9d38a592c30a486fb223366bced7ff76 - - default default] Successfully bumped revision number for resource d7881ca8-5b5a-4a09-a39a-cde587a4b086 (type: ports) to 1
2026-04-27 02:35:18.069 9 INFO neutron.wsgi [None req-cd4dd318-3586-4d3c-bde7-ce665330fb63 74c9862a2ebf43508f97b05652475c13 9d38a592c30a486fb223366bced7ff76 - - default default] 10.0.0.95 "POST /v2.0/ports HTTP/1.1" status: 201 len: 973 time: 0.4232612 /var/lib/openstack/lib/python3.10/site-packages/pycadf/identifier.py:71: UserWarning: Invalid uuid: neutron. To ensure interoperability, identifiers should be a valid uuid. warnings.warn(('Invalid uuid: %s. To ensure interoperability, '
2026-04-27 02:35:18.287 10 INFO neutron.db.ovn_revision_numbers_db [None req-0b75eb86-5549-427e-be16-fd32e68ebc6d 0bb34017f26c4bada64243e1a8eed529 2447d6ba14804b89a8aa20ad34c0ca22 - - default default] Successfully bumped revision number for resource b8fdf23e-2078-4152-9e63-ab742428a4fd (type: ports) to 2
2026-04-27 02:35:18.316 10 INFO neutron.db.ovn_revision_numbers_db [None req-0b75eb86-5549-427e-be16-fd32e68ebc6d 0bb34017f26c4bada64243e1a8eed529 2447d6ba14804b89a8aa20ad34c0ca22 - - default default] Successfully bumped revision number for resource f1dc2e51-371f-497d-895d-9421a5df87dc (type: subnets) to 0
2026-04-27 02:35:18.330 10 INFO neutron.wsgi [None req-0b75eb86-5549-427e-be16-fd32e68ebc6d 0bb34017f26c4bada64243e1a8eed529 2447d6ba14804b89a8aa20ad34c0ca22 - - default default] 10.0.0.95 "POST /v2.0/subnets HTTP/1.1" status: 201 len: 816 time: 1.0211737
2026-04-27 02:35:18.332 9 INFO neutron.plugins.ml2.drivers.ovn.mech_driver.mech_driver [None req-7d210d58-8cc8-43cb-ab05-3e1a60a4f8f2 - - - - - -] OVN reports status down for port: d7881ca8-5b5a-4a09-a39a-cde587a4b086
2026-04-27 02:35:18.348 10 WARNING neutron_lib.context [None req-c084b219-142d-44bc-b6a0-2ad3e72a537a 0bb34017f26c4bada64243e1a8eed529 2447d6ba14804b89a8aa20ad34c0ca22 - - default default] Method 'is_advsvc' is deprecated since 2023.2 release (neutron-lib 3.8.0) and will be removed once support for the old RBAC API policies will be removed from Neutron. Please use method 'is_service_role' instead.
2026-04-27 02:35:18.374 9 INFO neutron.wsgi [None req-6fa64811-b1d6-408f-aec2-49e8ca86ade0 2fe39306c8ce4ff88581767bb8163735 cf0af788e88b4553860f36d93573576e - - default default] 10.0.0.95 "GET /v2.0/networks HTTP/1.1" status: 200 len: 1493 time: 0.3150644
2026-04-27 02:35:18.383 9 INFO neutron.db.ovn_revision_numbers_db [None req-c5a6e7d0-a750-496b-bc40-af66d12b905c 74c9862a2ebf43508f97b05652475c13 9d38a592c30a486fb223366bced7ff76 - - default default] Successfully bumped revision number for resource d7881ca8-5b5a-4a09-a39a-cde587a4b086 (type: ports) to 2
2026-04-27 02:35:18.395 9 INFO neutron.wsgi [None req-c5a6e7d0-a750-496b-bc40-af66d12b905c 74c9862a2ebf43508f97b05652475c13 9d38a592c30a486fb223366bced7ff76 - - default default] 10.0.0.95 "PUT /v2.0/ports/d7881ca8-5b5a-4a09-a39a-cde587a4b086 HTTP/1.1" status: 200 len: 946 time: 0.3196821 /var/lib/openstack/lib/python3.10/site-packages/pycadf/identifier.py:71: UserWarning: Invalid uuid: neutron. To ensure interoperability, identifiers should be a valid uuid. warnings.warn(('Invalid uuid: %s. To ensure interoperability, '
2026-04-27 02:35:18.423 10 INFO neutron.db.segments_db [None req-c084b219-142d-44bc-b6a0-2ad3e72a537a 0bb34017f26c4bada64243e1a8eed529 2447d6ba14804b89a8aa20ad34c0ca22 - - default default] Added segment 193d90da-dffe-446b-8173-834a7244efb7 of type geneve for network a5ef29a1-cd7a-4593-aae4-9e0b49d2c33d
2026-04-27 02:35:18.517 9 INFO neutron.wsgi [req-2a81e617-992a-46b9-9e2c-53788c0f0bf8 req-a6c13f08-0ef9-4ab6-8801-ee434aeb8739 2fe39306c8ce4ff88581767bb8163735 cf0af788e88b4553860f36d93573576e - - default default] 10.0.0.104 "GET /v2.0/security-groups?name=tempest-secgroup-smoke-356301395&fields=id&tenant_id=cf0af788e88b4553860f36d93573576e HTTP/1.1" status: 200 len: 267 time: 0.0656223
2026-04-27 02:35:18.560 10 INFO neutron.db.ovn_revision_numbers_db [None req-c084b219-142d-44bc-b6a0-2ad3e72a537a 0bb34017f26c4bada64243e1a8eed529 2447d6ba14804b89a8aa20ad34c0ca22 - - default default] Successfully bumped revision number for resource a5ef29a1-cd7a-4593-aae4-9e0b49d2c33d (type: networks) to 1
2026-04-27 02:35:18.643 9 INFO neutron.wsgi [req-2a81e617-992a-46b9-9e2c-53788c0f0bf8 req-d4bfa9bd-e5bb-4ba7-aac1-654a6f27ccae 2fe39306c8ce4ff88581767bb8163735 cf0af788e88b4553860f36d93573576e - - default default] 10.0.0.104 "GET /v2.0/networks?id=8c575a3b-164d-488d-ab89-8ae48ed37be8 HTTP/1.1" status: 200 len: 860 time: 0.1133378
2026-04-27 02:35:18.674 9 INFO neutron.wsgi [req-2a81e617-992a-46b9-9e2c-53788c0f0bf8 req-0e068a19-f861-4404-8d78-43740c991201 2fe39306c8ce4ff88581767bb8163735 cf0af788e88b4553860f36d93573576e - - default default] 10.0.0.104 "GET /v2.0/quotas/cf0af788e88b4553860f36d93573576e HTTP/1.1" status: 200 len: 386 time: 0.0151238
2026-04-27 02:35:18.787 10 INFO neutron.db.ovn_revision_numbers_db [None req-007f0d80-c288-4f7f-9555-85fc2e07f7a4 d2f0ece76a4a4fc18e3a6437eb5e3f2e 04e559e88607455baa9568180cfcced9 - - default default] Successfully bumped revision number for resource 5f03ed5b-9eb8-4270-b42e-3b6488e31751 (type: security_groups) to 1
2026-04-27 02:35:18.801 9 INFO neutron.wsgi [None req-8d9f21b2-765b-474c-9f8e-1d530fe9c2af 74c9862a2ebf43508f97b05652475c13 9d38a592c30a486fb223366bced7ff76 - - default default] 10.0.0.95 "DELETE /v2.0/ports/d7881ca8-5b5a-4a09-a39a-cde587a4b086 HTTP/1.1" status: 204 len: 168 time: 0.4010231
2026-04-27 02:35:18.819 10 WARNING neutron.scheduler.dhcp_agent_scheduler [None req-c084b219-142d-44bc-b6a0-2ad3e72a537a 0bb34017f26c4bada64243e1a8eed529 2447d6ba14804b89a8aa20ad34c0ca22 - - default default] No more DHCP agents
2026-04-27 02:35:18.819 10 INFO neutron.db.ovn_revision_numbers_db [None req-007f0d80-c288-4f7f-9555-85fc2e07f7a4 d2f0ece76a4a4fc18e3a6437eb5e3f2e 04e559e88607455baa9568180cfcced9 - - default default] Successfully bumped revision number for resource 48e26a19-2d27-4934-83c5-0d52f422e8db (type: security_group_rules) to 0
2026-04-27 02:35:18.822 10 WARNING neutron.api.rpc.agentnotifiers.dhcp_rpc_agent_api [None req-c084b219-142d-44bc-b6a0-2ad3e72a537a 0bb34017f26c4bada64243e1a8eed529 2447d6ba14804b89a8aa20ad34c0ca22 - - default default] Unable to schedule network a5ef29a1-cd7a-4593-aae4-9e0b49d2c33d: no agents available; will retry on subsequent port and subnet creation events.
2026-04-27 02:35:18.825 9 INFO neutron.wsgi [req-2a81e617-992a-46b9-9e2c-53788c0f0bf8 req-6852d424-b2ce-4784-89a6-0fb0d703e414 2fe39306c8ce4ff88581767bb8163735 cf0af788e88b4553860f36d93573576e - - default default] 10.0.0.104 "GET /v2.0/ports?tenant_id=cf0af788e88b4553860f36d93573576e&fields=id HTTP/1.1" status: 200 len: 348 time: 0.1433163
2026-04-27 02:35:18.847 10 INFO neutron.db.ovn_revision_numbers_db [None req-007f0d80-c288-4f7f-9555-85fc2e07f7a4 d2f0ece76a4a4fc18e3a6437eb5e3f2e 04e559e88607455baa9568180cfcced9 - - default default] Successfully bumped revision number for resource 5383ad01-7402-48ea-b8db-69266b59900d (type: security_group_rules) to 0
2026-04-27 02:35:18.877 10 INFO neutron.db.ovn_revision_numbers_db [None req-007f0d80-c288-4f7f-9555-85fc2e07f7a4 d2f0ece76a4a4fc18e3a6437eb5e3f2e 04e559e88607455baa9568180cfcced9 - - default default] Successfully bumped revision number for resource b2b2160c-aa76-4a33-bf51-603641a02224 (type: security_group_rules) to 0
2026-04-27 02:35:18.911 10 INFO neutron.db.ovn_revision_numbers_db [None req-007f0d80-c288-4f7f-9555-85fc2e07f7a4 d2f0ece76a4a4fc18e3a6437eb5e3f2e 04e559e88607455baa9568180cfcced9 - - default default] Successfully bumped revision number for resource df8aea43-f51b-4bfa-bc99-16e3c5228879 (type: security_group_rules) to 0
2026-04-27 02:35:18.927 9 INFO neutron.wsgi [None req-91e9ab3c-7141-4c85-ad53-bfe9d99e07bb 74c9862a2ebf43508f97b05652475c13 9d38a592c30a486fb223366bced7ff76 - - default default] 10.0.0.95 "GET /v2.0/ports HTTP/1.1" status: 200 len: 1728 time: 0.1188357
2026-04-27 02:35:18.943 10 INFO neutron.wsgi [None req-007f0d80-c288-4f7f-9555-85fc2e07f7a4 d2f0ece76a4a4fc18e3a6437eb5e3f2e 04e559e88607455baa9568180cfcced9 - - default default] 10.0.0.95 "GET /v2.0/security-groups?tenant_id=9490abb6921d4511858603a83482a159&name=default HTTP/1.1" status: 200 len: 2996 time: 0.4933436
2026-04-27 02:35:18.956 9 INFO neutron.pecan_wsgi.hooks.translation [None req-6866755c-77ca-4f88-8a4a-ab694a5bd6a7 74c9862a2ebf43508f97b05652475c13 9d38a592c30a486fb223366bced7ff76 - - default default] GET failed (client error): The resource could not be found.
2026-04-27 02:35:18.957 10 INFO neutron.db.ovn_revision_numbers_db [None req-c084b219-142d-44bc-b6a0-2ad3e72a537a 0bb34017f26c4bada64243e1a8eed529 2447d6ba14804b89a8aa20ad34c0ca22 - - default default] Successfully bumped revision number for resource 4606fa31-2363-4cda-ad30-884523ac39a3 (type: ports) to 1
2026-04-27 02:35:18.958 9 INFO neutron.wsgi [None req-6866755c-77ca-4f88-8a4a-ab694a5bd6a7 74c9862a2ebf43508f97b05652475c13 9d38a592c30a486fb223366bced7ff76 - - default default] 10.0.0.95 "GET /v2.0/ports/d7881ca8-5b5a-4a09-a39a-cde587a4b086 HTTP/1.1" status: 404 len: 333 time: 0.0262280
2026-04-27 02:35:18.963 9 INFO neutron.wsgi [req-2a81e617-992a-46b9-9e2c-53788c0f0bf8 req-566a9110-5723-4446-8ed4-d128e41433cb 87865b9db0564c6396c9aa3603685f3b b46907eb62f4475c98952fc005d9a697 - - a195706c00b84a829d1be0d41577f697 a195706c00b84a829d1be0d41577f697] 10.0.0.104 "GET /v2.0/networks/8c575a3b-164d-488d-ab89-8ae48ed37be8?fields=segments HTTP/1.1" status: 200 len: 212 time: 0.1218758
2026-04-27 02:35:18.986 10 INFO neutron.wsgi [None req-c084b219-142d-44bc-b6a0-2ad3e72a537a 0bb34017f26c4bada64243e1a8eed529 2447d6ba14804b89a8aa20ad34c0ca22 - - default default] 10.0.0.95 "POST /v2.0/networks HTTP/1.1" status: 201 len: 843 time: 0.6473117
2026-04-27 02:35:19.035 9 INFO neutron.wsgi [None req-16e826a6-2e32-4906-b963-9ad165db7767 74c9862a2ebf43508f97b05652475c13 9d38a592c30a486fb223366bced7ff76 - - default default] 10.0.0.95 "GET /v2.0/ports HTTP/1.1" status: 200 len: 1728 time: 0.0712044
2026-04-27 02:35:19.109 9 INFO neutron.wsgi [req-2a81e617-992a-46b9-9e2c-53788c0f0bf8 req-9fda9f4d-2a2a-45b7-a887-98782438c4c5 87865b9db0564c6396c9aa3603685f3b b46907eb62f4475c98952fc005d9a697 - - a195706c00b84a829d1be0d41577f697 a195706c00b84a829d1be0d41577f697] 10.0.0.104 "GET /v2.0/networks/8c575a3b-164d-488d-ab89-8ae48ed37be8?fields=provider%3Aphysical_network&fields=provider%3Anetwork_type HTTP/1.1" status: 200 len: 277 time: 0.1366293
2026-04-27 02:35:19.268 9 INFO neutron.wsgi [req-0c9a36b4-a558-4849-a26b-66aec926c60f req-5d8ea160-c662-40ab-942e-36a7e98cb99c 2fe39306c8ce4ff88581767bb8163735 cf0af788e88b4553860f36d93573576e - - default default] 10.0.0.104 "GET /v2.0/ports?device_id=a88f3a41-76d8-4116-a90a-63a1072dc486 HTTP/1.1" status: 200 len: 210 time: 0.0319009
2026-04-27 02:35:19.279 9 INFO neutron.db.ovn_revision_numbers_db [None req-12e95569-4dfd-4f99-ae88-b266b032981b 0bb34017f26c4bada64243e1a8eed529 2447d6ba14804b89a8aa20ad34c0ca22 - - default default] Successfully bumped revision number for resource a5ef29a1-cd7a-4593-aae4-9e0b49d2c33d (type: networks) to 2
2026-04-27 02:35:19.284 9 INFO neutron.wsgi [None req-12e95569-4dfd-4f99-ae88-b266b032981b 0bb34017f26c4bada64243e1a8eed529 2447d6ba14804b89a8aa20ad34c0ca22 - - default default] 10.0.0.95 "PUT /v2.0/networks/a5ef29a1-cd7a-4593-aae4-9e0b49d2c33d HTTP/1.1" status: 200 len: 792 time: 0.2911417
2026-04-27 02:35:19.296 9 WARNING neutron_lib.context [None req-b9f63bea-e40e-48d9-9720-d90ecd392d52 0bb34017f26c4bada64243e1a8eed529 2447d6ba14804b89a8aa20ad34c0ca22 - - default default] Method 'is_advsvc' is deprecated since 2023.2 release (neutron-lib 3.8.0) and will be removed once support for the old RBAC API policies will be removed from Neutron. Please use method 'is_service_role' instead.
2026-04-27 02:35:19.417 10 INFO neutron.wsgi [None req-da730d6f-79de-47a4-83c4-33b4608eee9b 74c9862a2ebf43508f97b05652475c13 9d38a592c30a486fb223366bced7ff76 - - default default] 10.0.0.95 "GET /v2.0/ports/9f0c833e-7806-4989-8b05-d726525f2179 HTTP/1.1" status: 200 len: 968 time: 0.3753140
2026-04-27 02:35:19.439 10 INFO neutron.pecan_wsgi.hooks.translation [None req-f03b51fb-288a-40b4-892e-3f625a07197a 74c9862a2ebf43508f97b05652475c13 9d38a592c30a486fb223366bced7ff76 - - default default] DELETE failed (client error): The resource could not be found.
2026-04-27 02:35:19.441 10 INFO neutron.wsgi [None req-f03b51fb-288a-40b4-892e-3f625a07197a 74c9862a2ebf43508f97b05652475c13 9d38a592c30a486fb223366bced7ff76 - - default default] 10.0.0.95 "DELETE /v2.0/ports/7ce924a9-5f36-4919-8722-1b1a5a6e9624 HTTP/1.1" status: 404 len: 333 time: 0.0173681
2026-04-27 02:35:19.468 9 INFO neutron.pecan_wsgi.hooks.translation [None req-813c7121-3f0a-4e80-9acc-2aaad6825779 74c9862a2ebf43508f97b05652475c13 9d38a592c30a486fb223366bced7ff76 - - default default] DELETE failed (client error): The resource could not be found.
2026-04-27 02:35:19.471 9 INFO neutron.wsgi [None req-813c7121-3f0a-4e80-9acc-2aaad6825779 74c9862a2ebf43508f97b05652475c13 9d38a592c30a486fb223366bced7ff76 - - default default] 10.0.0.95 "DELETE /v2.0/subnets/4e3b9294-827c-4d90-9248-b284a21dcbd4 HTTP/1.1" status: 404 len: 337 time: 0.0234027
2026-04-27 02:35:19.501 9 INFO neutron.pecan_wsgi.hooks.translation [None req-b9ffea59-607e-47d6-87a7-289503ecf212 74c9862a2ebf43508f97b05652475c13 9d38a592c30a486fb223366bced7ff76 - - default default] DELETE failed (client error): The resource could not be found.
2026-04-27 02:35:19.505 10 INFO neutron.wsgi [None req-5008dc7a-1117-4455-93c4-abf62969cbdb d2f0ece76a4a4fc18e3a6437eb5e3f2e 04e559e88607455baa9568180cfcced9 - - default default] 10.0.0.95 "DELETE /v2.0/security-groups/5f03ed5b-9eb8-4270-b42e-3b6488e31751 HTTP/1.1" status: 204 len: 168 time: 0.5552418
2026-04-27 02:35:19.506 9 INFO neutron.wsgi [None req-b9ffea59-607e-47d6-87a7-289503ecf212 74c9862a2ebf43508f97b05652475c13 9d38a592c30a486fb223366bced7ff76 - - default default] 10.0.0.95 "DELETE /v2.0/subnets/db12e8a5-6db4-4416-b03d-efe92792c362 HTTP/1.1" status: 404 len: 337 time: 0.0255523
2026-04-27 02:35:19.619 9 WARNING neutron.scheduler.dhcp_agent_scheduler [None req-b9f63bea-e40e-48d9-9720-d90ecd392d52 0bb34017f26c4bada64243e1a8eed529 2447d6ba14804b89a8aa20ad34c0ca22 - - default default] No more DHCP agents
2026-04-27 02:35:19.621 9 WARNING neutron.api.rpc.agentnotifiers.dhcp_rpc_agent_api [None req-b9f63bea-e40e-48d9-9720-d90ecd392d52 0bb34017f26c4bada64243e1a8eed529 2447d6ba14804b89a8aa20ad34c0ca22 - - default default] Unable to schedule network a5ef29a1-cd7a-4593-aae4-9e0b49d2c33d: no agents available; will retry on subsequent port and subnet creation events.
2026-04-27 02:35:19.740 10 INFO neutron.wsgi [None req-7a0c8f9b-0bf0-4b3e-88b3-441e5dd1fbaa 74c9862a2ebf43508f97b05652475c13 9d38a592c30a486fb223366bced7ff76 - - default default] 10.0.0.95 "DELETE /v2.0/ports/9f0c833e-7806-4989-8b05-d726525f2179 HTTP/1.1" status: 204 len: 168 time: 0.2291775
2026-04-27 02:35:19.776 9 INFO neutron.db.ovn_revision_numbers_db [None req-db2d9076-20ae-4444-894c-8d7e04a7083c d2f0ece76a4a4fc18e3a6437eb5e3f2e 04e559e88607455baa9568180cfcced9 - - default default] Successfully bumped revision number for resource 0abee83e-7069-49da-86ba-f03a9585e67d (type: security_groups) to 1
2026-04-27 02:35:19.798 9 INFO neutron.db.ovn_revision_numbers_db [None req-db2d9076-20ae-4444-894c-8d7e04a7083c d2f0ece76a4a4fc18e3a6437eb5e3f2e 04e559e88607455baa9568180cfcced9 - - default default] Successfully bumped revision number for resource 6452b507-3eff-4dd3-abd0-dd035c06ac9f (type: security_group_rules) to 0
2026-04-27 02:35:19.815 9 INFO neutron.db.ovn_revision_numbers_db [None req-db2d9076-20ae-4444-894c-8d7e04a7083c d2f0ece76a4a4fc18e3a6437eb5e3f2e 04e559e88607455baa9568180cfcced9 - - default default] Successfully bumped revision number for resource 7d25e0e1-be6d-451e-9444-818382d2d41b (type: security_group_rules) to 0
2026-04-27 02:35:19.846 9 INFO neutron.db.ovn_revision_numbers_db [None req-db2d9076-20ae-4444-894c-8d7e04a7083c d2f0ece76a4a4fc18e3a6437eb5e3f2e 04e559e88607455baa9568180cfcced9 - - default default] Successfully bumped revision number for resource fb6b65e0-bef2-459f-b3a6-c5815bc93050 (type: security_group_rules) to 0
2026-04-27 02:35:19.863 9 INFO neutron.db.ovn_revision_numbers_db [None req-db2d9076-20ae-4444-894c-8d7e04a7083c d2f0ece76a4a4fc18e3a6437eb5e3f2e 04e559e88607455baa9568180cfcced9 - - default default] Successfully bumped revision number for resource fdb64cb8-4014-4c7a-a8cb-692ea137a0db (type: security_group_rules) to 0
2026-04-27 02:35:19.892 9 INFO neutron.wsgi [None req-db2d9076-20ae-4444-894c-8d7e04a7083c d2f0ece76a4a4fc18e3a6437eb5e3f2e 04e559e88607455baa9568180cfcced9 - - default default] 10.0.0.95 "GET /v2.0/security-groups?tenant_id=ee00beeddd2c47f4a76d6e81ace57d81&name=default HTTP/1.1" status: 200 len: 2996 time: 0.2658520
2026-04-27 02:35:20.005 10 INFO neutron.wsgi [req-2a81e617-992a-46b9-9e2c-53788c0f0bf8 req-61977d90-4020-41e7-9abc-1d8671b1c908 2fe39306c8ce4ff88581767bb8163735 cf0af788e88b4553860f36d93573576e - - default default] 199.204.45.238 "GET /v2.0/networks?id=8c575a3b-164d-488d-ab89-8ae48ed37be8 HTTP/1.1" status: 200 len: 860 time: 0.1001906
2026-04-27 02:35:20.085 10 INFO neutron.wsgi [req-2a81e617-992a-46b9-9e2c-53788c0f0bf8 req-c9e89170-4e0d-4124-af88-92180bbcb3db 2fe39306c8ce4ff88581767bb8163735 cf0af788e88b4553860f36d93573576e - - default default] 199.204.45.238 "GET /v2.0/security-groups?fields=id&fields=name&tenant_id=cf0af788e88b4553860f36d93573576e HTTP/1.1" status: 200 len: 471 time: 0.0741346
2026-04-27 02:35:20.089 10 INFO neutron.services.segments.plugin [-] Segment a5851607-6461-4a6a-8b23-7db8c08bffd3 resource provider aggregate not found
2026-04-27 02:35:20.095 10 INFO neutron.services.segments.plugin [-] Segment a5851607-6461-4a6a-8b23-7db8c08bffd3 resource provider aggregate not found
2026-04-27 02:35:20.118 10 INFO neutron.services.segments.plugin [-] Segment a5851607-6461-4a6a-8b23-7db8c08bffd3 resource provider not found; error: Placement Client Error (4xx): {"errors": [{"status": 404, "title": "Not Found", "detail": "The resource could not be found.\n\n No resource provider with uuid a5851607-6461-4a6a-8b23-7db8c08bffd3 found for delete ", "request_id": "req-bb3373d0-d4fd-4af1-8854-0385dbb15c66"}]}
2026-04-27 02:35:20.124 10 WARNING neutron_lib.context [req-2a81e617-992a-46b9-9e2c-53788c0f0bf8 req-dc0c4c90-f960-4ad5-b300-63072375025d 2fe39306c8ce4ff88581767bb8163735 cf0af788e88b4553860f36d93573576e - - default default] Method 'is_advsvc' is deprecated since 2023.2 release (neutron-lib 3.8.0) and will be removed once support for the old RBAC API policies will be removed from Neutron. Please use method 'is_service_role' instead.
2026-04-27 02:35:20.127 10 INFO neutron.services.segments.plugin [-] Segment a5851607-6461-4a6a-8b23-7db8c08bffd3 resource provider not found; error: Placement Client Error (4xx): {"errors": [{"status": 404, "title": "Not Found", "detail": "The resource could not be found.\n\n No resource provider with uuid a5851607-6461-4a6a-8b23-7db8c08bffd3 found for delete ", "request_id": "req-79116deb-f826-4019-8f91-648aa3af4eeb"}]}
2026-04-27 02:35:20.199 9 INFO neutron.db.ovn_revision_numbers_db [None req-b9f63bea-e40e-48d9-9720-d90ecd392d52 0bb34017f26c4bada64243e1a8eed529 2447d6ba14804b89a8aa20ad34c0ca22 - - default default] Successfully bumped revision number for resource 4606fa31-2363-4cda-ad30-884523ac39a3 (type: ports) to 2
2026-04-27 02:35:20.202 10 INFO neutron.wsgi [None req-b0ede9d7-799c-4b47-a548-6d8398124205 74c9862a2ebf43508f97b05652475c13 9d38a592c30a486fb223366bced7ff76 - - default default] 10.0.0.95 "DELETE /v2.0/networks/6172a4db-a5ae-40a7-b0c6-63fc57fc5c61 HTTP/1.1" status: 204 len: 168 time: 0.4563875
2026-04-27 02:35:20.213 9 INFO neutron.wsgi [None req-b932e74e-c829-47ec-b571-d86fccba4a5d d2f0ece76a4a4fc18e3a6437eb5e3f2e 04e559e88607455baa9568180cfcced9 - - default default] 10.0.0.95 "DELETE /v2.0/security-groups/0abee83e-7069-49da-86ba-f03a9585e67d HTTP/1.1" status: 204 len: 168 time: 0.3145316
2026-04-27 02:35:20.241 9 INFO neutron.db.ovn_revision_numbers_db [None req-b9f63bea-e40e-48d9-9720-d90ecd392d52 0bb34017f26c4bada64243e1a8eed529 2447d6ba14804b89a8aa20ad34c0ca22 - - default default] Successfully bumped revision number for resource 08aa5304-29f2-4b8f-8d1b-42d71cb062b4 (type: subnets) to 0
2026-04-27 02:35:20.258 9 INFO neutron.wsgi [None req-b9f63bea-e40e-48d9-9720-d90ecd392d52 0bb34017f26c4bada64243e1a8eed529 2447d6ba14804b89a8aa20ad34c0ca22 - - default default] 10.0.0.95 "POST /v2.0/subnets HTTP/1.1" status: 201 len: 801 time: 0.9680409
2026-04-27 02:35:20.372 9 INFO neutron.wsgi [req-c536c354-dba5-4f82-8518-d16357eedabb req-abe5c1b1-7a4a-4144-8552-825244d62e06 2fe39306c8ce4ff88581767bb8163735 cf0af788e88b4553860f36d93573576e - - default default] 10.0.0.104 "GET /v2.0/ports?device_id=a88f3a41-76d8-4116-a90a-63a1072dc486 HTTP/1.1" status: 200 len: 210 time: 0.0301692
2026-04-27 02:35:20.448 9 INFO neutron.wsgi [None req-cedbf720-4828-49fa-aca4-07884372d44b d2f0ece76a4a4fc18e3a6437eb5e3f2e 04e559e88607455baa9568180cfcced9 - - default default] 10.0.0.95 "GET /v2.0/security-groups?tenant_id=8924ea403f364545bde825a7cd6173a1&name=default HTTP/1.1" status: 200 len: 2996 time: 0.0724924 /var/lib/openstack/lib/python3.10/site-packages/pycadf/identifier.py:71: UserWarning: Invalid uuid: neutron. To ensure interoperability, identifiers should be a valid uuid. warnings.warn(('Invalid uuid: %s. To ensure interoperability, '
2026-04-27 02:35:20.503 10 WARNING neutron.scheduler.dhcp_agent_scheduler [req-2a81e617-992a-46b9-9e2c-53788c0f0bf8 req-dc0c4c90-f960-4ad5-b300-63072375025d 2fe39306c8ce4ff88581767bb8163735 cf0af788e88b4553860f36d93573576e - - default default] No more DHCP agents
2026-04-27 02:35:20.510 10 WARNING neutron.api.rpc.agentnotifiers.dhcp_rpc_agent_api [req-2a81e617-992a-46b9-9e2c-53788c0f0bf8 req-dc0c4c90-f960-4ad5-b300-63072375025d 2fe39306c8ce4ff88581767bb8163735 cf0af788e88b4553860f36d93573576e - - default default] Unable to schedule network 8c575a3b-164d-488d-ab89-8ae48ed37be8: no agents available; will retry on subsequent port and subnet creation events.
2026-04-27 02:35:20.657 9 INFO neutron.db.ovn_revision_numbers_db [None req-af17248f-3dae-4c36-9823-961bf5fd9052 0bb34017f26c4bada64243e1a8eed529 2447d6ba14804b89a8aa20ad34c0ca22 - - default default] Successfully bumped revision number for resource 08aa5304-29f2-4b8f-8d1b-42d71cb062b4 (type: subnets) to 1
2026-04-27 02:35:20.665 9 INFO neutron.wsgi [None req-af17248f-3dae-4c36-9823-961bf5fd9052 0bb34017f26c4bada64243e1a8eed529 2447d6ba14804b89a8aa20ad34c0ca22 - - default default] 10.0.0.95 "PUT /v2.0/subnets/08aa5304-29f2-4b8f-8d1b-42d71cb062b4 HTTP/1.1" status: 200 len: 806 time: 0.4022746
2026-04-27 02:35:20.727 10 INFO neutron.db.ovn_revision_numbers_db [req-2a81e617-992a-46b9-9e2c-53788c0f0bf8 req-dc0c4c90-f960-4ad5-b300-63072375025d 2fe39306c8ce4ff88581767bb8163735 cf0af788e88b4553860f36d93573576e - - default default] Successfully bumped revision number for resource 3401f1f6-3e88-46b7-8e07-dc3b8e7db48b (type: ports) to 1
2026-04-27 02:35:20.747 10 INFO neutron.wsgi [req-2a81e617-992a-46b9-9e2c-53788c0f0bf8 req-dc0c4c90-f960-4ad5-b300-63072375025d 2fe39306c8ce4ff88581767bb8163735 cf0af788e88b4553860f36d93573576e - - default default] 199.204.45.238 "POST /v2.0/ports HTTP/1.1" status: 201 len: 1158 time: 0.6443846 /var/lib/openstack/lib/python3.10/site-packages/pycadf/identifier.py:71: UserWarning: Invalid uuid: neutron. To ensure interoperability, identifiers should be a valid uuid. warnings.warn(('Invalid uuid: %s. To ensure interoperability, '
2026-04-27 02:35:20.783 10 INFO neutron.wsgi [None req-7f52638e-34a7-4dae-8b6a-2025331975e2 d2f0ece76a4a4fc18e3a6437eb5e3f2e 04e559e88607455baa9568180cfcced9 - - default default] 10.0.0.95 "DELETE /v2.0/security-groups/b5346218-520d-4e6d-adae-94c5150000a4 HTTP/1.1" status: 204 len: 168 time: 0.3295426
2026-04-27 02:35:21.044 10 INFO neutron.wsgi [None req-b0ce76cf-8195-45eb-8cd0-1dd77d396cd8 d2f0ece76a4a4fc18e3a6437eb5e3f2e 04e559e88607455baa9568180cfcced9 - - default default] 10.0.0.95 "GET /v2.0/security-groups?tenant_id=9d38a592c30a486fb223366bced7ff76&name=default HTTP/1.1" status: 200 len: 2996 time: 0.2694488
2026-04-27 02:35:21.279 9 INFO neutron.services.segments.plugin [-] Segment 193d90da-dffe-446b-8173-834a7244efb7 resource provider aggregate not found
2026-04-27 02:35:21.285 9 INFO neutron.services.segments.plugin [-] Segment 193d90da-dffe-446b-8173-834a7244efb7 resource provider aggregate not found
2026-04-27 02:35:21.292 9 INFO neutron.services.segments.plugin [-] Segment 193d90da-dffe-446b-8173-834a7244efb7 resource provider not found; error: Placement Client Error (4xx): {"errors": [{"status": 404, "title": "Not Found", "detail": "The resource could not be found.\n\n No resource provider with uuid 193d90da-dffe-446b-8173-834a7244efb7 found for delete ", "request_id": "req-5a926d25-b283-4386-9e1d-ca801b3461da"}]}
2026-04-27 02:35:21.295 9 INFO neutron.services.segments.plugin [-] Segment 193d90da-dffe-446b-8173-834a7244efb7 resource provider not found; error: Placement Client Error (4xx): {"errors": [{"status": 404, "title": "Not Found", "detail": "The resource could not be found.\n\n No resource provider with uuid 193d90da-dffe-446b-8173-834a7244efb7 found for delete ", "request_id": "req-abdcc960-305b-43b9-ad5b-41788042d3e8"}]}
2026-04-27 02:35:21.325 9 INFO neutron.wsgi [None req-da29d4e8-167c-412b-bb62-aed660875f5d 0bb34017f26c4bada64243e1a8eed529 2447d6ba14804b89a8aa20ad34c0ca22 - - default default] 10.0.0.95 "DELETE /v2.0/networks/a5ef29a1-cd7a-4593-aae4-9e0b49d2c33d HTTP/1.1" status: 204 len: 168 time: 0.6543715
2026-04-27 02:35:21.339 10 INFO neutron.wsgi [None req-ab9e95f9-e6d4-4354-b935-226df184e17c d2f0ece76a4a4fc18e3a6437eb5e3f2e 04e559e88607455baa9568180cfcced9 - - default default] 10.0.0.95 "DELETE /v2.0/security-groups/62a9ceb2-87d5-4444-9e05-6bba563ebde5 HTTP/1.1" status: 204 len: 168 time: 0.2866979
2026-04-27 02:35:21.349 9 INFO neutron.pecan_wsgi.hooks.translation [None req-ef6e341d-4f82-4486-8e36-ca5850b9b2af 0bb34017f26c4bada64243e1a8eed529 2447d6ba14804b89a8aa20ad34c0ca22 - - default default] DELETE failed (client error): The resource could not be found.
2026-04-27 02:35:21.352 9 INFO neutron.wsgi [None req-ef6e341d-4f82-4486-8e36-ca5850b9b2af 0bb34017f26c4bada64243e1a8eed529 2447d6ba14804b89a8aa20ad34c0ca22 - - default default] 10.0.0.95 "DELETE /v2.0/networks/a5ef29a1-cd7a-4593-aae4-9e0b49d2c33d HTTP/1.1" status: 404 len: 339 time: 0.0190313
2026-04-27 02:35:21.352 10 INFO neutron.db.ovn_revision_numbers_db [req-2a81e617-992a-46b9-9e2c-53788c0f0bf8 req-217b6a5e-8d80-4db6-90c5-c7fa50e07db8 87865b9db0564c6396c9aa3603685f3b b46907eb62f4475c98952fc005d9a697 - - a195706c00b84a829d1be0d41577f697 a195706c00b84a829d1be0d41577f697] Successfully bumped revision number for resource 3401f1f6-3e88-46b7-8e07-dc3b8e7db48b (type: ports) to 2 /var/lib/openstack/lib/python3.10/site-packages/pycadf/identifier.py:71: UserWarning: Invalid uuid: neutron. To ensure interoperability, identifiers should be a valid uuid. warnings.warn(('Invalid uuid: %s. To ensure interoperability, '
2026-04-27 02:35:21.479 10 INFO neutron.wsgi [None req-1130c5d4-03ad-459c-a2e6-240cafe37c8c 0bb34017f26c4bada64243e1a8eed529 2447d6ba14804b89a8aa20ad34c0ca22 - - default default] 10.0.0.95 "GET /v2.0/networks?router%3Aexternal=True HTTP/1.1" status: 200 len: 845 time: 0.1174448
2026-04-27 02:35:21.492 9 INFO neutron.wsgi [req-43607133-6d3f-4cde-9462-d3336e44b343 req-0d695899-66ab-4a1b-a8a7-aa0e8d7933e1 2fe39306c8ce4ff88581767bb8163735 cf0af788e88b4553860f36d93573576e - - default default] 10.0.0.104 "GET /v2.0/ports?device_id=a88f3a41-76d8-4116-a90a-63a1072dc486 HTTP/1.1" status: 200 len: 1168 time: 0.0427427
2026-04-27 02:35:21.536 9 INFO neutron.wsgi [req-43607133-6d3f-4cde-9462-d3336e44b343 req-8442684e-47d9-466f-a93e-2c280ac68021 2fe39306c8ce4ff88581767bb8163735 cf0af788e88b4553860f36d93573576e - - default default] 10.0.0.104 "GET /v2.0/security-groups?id=d6f695f9-a65f-4d3d-ab8c-a3415d890119&fields=id&fields=name HTTP/1.1" status: 200 len: 312 time: 0.0395770
2026-04-27 02:35:21.545 10 INFO neutron.wsgi [None req-0c587979-21c6-450f-9625-275e46799b70 0bb34017f26c4bada64243e1a8eed529 2447d6ba14804b89a8aa20ad34c0ca22 - - default default] 10.0.0.95 "GET /v2.0/subnets?network_id=a208acb5-3ade-46b4-af89-4a48fa2d5633 HTTP/1.1" status: 200 len: 820 time: 0.0563977
