2026-04-27 02:32:46.791 9 WARNING neutron.api.rpc.agentnotifiers.dhcp_rpc_agent_api [None req-7270e0ad-9bf1-40ed-8bcf-24d575a4c265 0c0facee756a44ec9a936ba0d95f5047 d833d70701474331a90c6ecf2fdece73 - - default default] Unable to schedule network a208acb5-3ade-46b4-af89-4a48fa2d5633: no agents available; will retry on subsequent port and subnet creation events.
2026-04-27 02:32:46.797 9 WARNING neutron_lib.context [req-32e7dc9f-d043-4229-acec-b6fe45babc34 req-e762e27d-8537-4e70-a98b-1c66621d61be 6723adfa31964be88f4b5476afe22f52 6fdb28b640f949df9115cff536ceaa6c - - default default] Method 'is_advsvc' is deprecated since 2023.2 release (neutron-lib 3.8.0) and will be removed once support for the old RBAC API policies will be removed from Neutron. Please use method 'is_service_role' instead.
2026-04-27 02:32:46.902 10 INFO neutron.plugins.ml2.drivers.ovn.mech_driver.mech_driver [None req-e6346f3f-a6e5-489c-b37e-770d5ff2662c - - - - - -] OVN reports status up for port: d7b04f3e-756a-4a60-bff7-7c6b877b5e68
2026-04-27 02:32:46.920 10 INFO neutron.db.ovn_revision_numbers_db [None req-e3dca3a0-ef18-4abd-b53d-e184e31a1583 - - - - - -] Successfully bumped revision number for resource be8605ae-d65e-4645-82c8-f90eaf4c335d (type: ports) to 4
2026-04-27 02:32:46.924 10 INFO neutron.plugins.ml2.plugin [None req-e6346f3f-a6e5-489c-b37e-770d5ff2662c - - - - - -] Attempt 1 to provision port d7b04f3e-756a-4a60-bff7-7c6b877b5e68
2026-04-27 02:32:47.018 9 INFO neutron.db.ovn_revision_numbers_db [None req-5ec502b6-1967-4c96-bd2f-da93c192e5c1 217f99c1227c428eb4b5a2a763d4a364 9f7ae5bb0c8c4f368b71af75ff744dc3 - - default default] Successfully bumped revision number for resource 201bc1bb-c228-4b0b-950c-c09c7647a0f8 (type: floatingips) to 0
2026-04-27 02:32:47.039 9 INFO neutron.wsgi [None req-5ec502b6-1967-4c96-bd2f-da93c192e5c1 217f99c1227c428eb4b5a2a763d4a364 9f7ae5bb0c8c4f368b71af75ff744dc3 - - default default] 10.0.0.95 "POST /v2.0/floatingips HTTP/1.1" status: 201 len: 751 time: 1.0308871
2026-04-27 02:32:47.041 9 INFO neutron.db.ovn_revision_numbers_db [req-32e7dc9f-d043-4229-acec-b6fe45babc34 req-e762e27d-8537-4e70-a98b-1c66621d61be 6723adfa31964be88f4b5476afe22f52 6fdb28b640f949df9115cff536ceaa6c - - default default] Successfully bumped revision number for resource ca9bd5ca-45f7-4009-a1bc-e6f17284cdcb (type: security_groups) to 1
2026-04-27 02:32:47.065 9 INFO neutron.db.ovn_revision_numbers_db [req-32e7dc9f-d043-4229-acec-b6fe45babc34 req-e762e27d-8537-4e70-a98b-1c66621d61be 6723adfa31964be88f4b5476afe22f52 6fdb28b640f949df9115cff536ceaa6c - - default default] Successfully bumped revision number for resource c8834b6c-d135-429b-bdc5-870071b7abb2 (type: security_group_rules) to 0
2026-04-27 02:32:47.084 9 INFO neutron.db.ovn_revision_numbers_db [req-32e7dc9f-d043-4229-acec-b6fe45babc34 req-e762e27d-8537-4e70-a98b-1c66621d61be 6723adfa31964be88f4b5476afe22f52 6fdb28b640f949df9115cff536ceaa6c - - default default] Successfully bumped revision number for resource f5ff1576-0e54-4b05-b849-d531d30af450 (type: security_group_rules) to 0
2026-04-27 02:32:47.108 9 INFO neutron.wsgi [req-32e7dc9f-d043-4229-acec-b6fe45babc34 req-e762e27d-8537-4e70-a98b-1c66621d61be 6723adfa31964be88f4b5476afe22f52 6fdb28b640f949df9115cff536ceaa6c - - default default] 10.0.0.104 "POST /v2.0/security-groups HTTP/1.1" status: 201 len: 1826 time: 0.4097400
2026-04-27 02:32:47.198 9 INFO neutron.db.ovn_revision_numbers_db [None req-7270e0ad-9bf1-40ed-8bcf-24d575a4c265 0c0facee756a44ec9a936ba0d95f5047 d833d70701474331a90c6ecf2fdece73 - - default default] Successfully bumped revision number for resource f5d4215f-fadd-4775-9779-dff4e3a683b2 (type: floatingips) to 0
2026-04-27 02:32:47.210 9 INFO neutron.wsgi [None req-7270e0ad-9bf1-40ed-8bcf-24d575a4c265 0c0facee756a44ec9a936ba0d95f5047 d833d70701474331a90c6ecf2fdece73 - - default default] 10.0.0.95 "POST /v2.0/floatingips HTTP/1.1" status: 201 len: 751 time: 1.0052390
2026-04-27 02:32:47.282 9 INFO neutron.plugins.ml2.drivers.ovn.mech_driver.ovsdb.ovsdb_monitor [-] Router 6191eec1-ee97-4f3c-9f8e-e6f1d7bef42e is bound to host instance
2026-04-27 02:32:47.322 10 INFO neutron.db.ovn_revision_numbers_db [None req-e3dca3a0-ef18-4abd-b53d-e184e31a1583 - - - - - -] Successfully bumped revision number for resource be8605ae-d65e-4645-82c8-f90eaf4c335d (type: router_ports) to 4
2026-04-27 02:32:47.339 10 INFO neutron.db.ovn_revision_numbers_db [None req-a09b71ab-1eed-45b9-8d9c-d086188a9a42 d2f0ece76a4a4fc18e3a6437eb5e3f2e 04e559e88607455baa9568180cfcced9 - - default default] Successfully bumped revision number for resource 59837cfb-58ef-42b2-ab42-cf5bc4dd0a22 (type: router_ports) to 1
2026-04-27 02:32:47.384 10 INFO neutron.plugins.ml2.drivers.ovn.mech_driver.ovsdb.ovsdb_monitor [None req-e3dca3a0-ef18-4abd-b53d-e184e31a1583 - - - - - -] Router 108a9c09-1305-4364-b2fc-11af4355f91f is bound to host instance
2026-04-27 02:32:47.452 10 INFO neutron.db.ovn_revision_numbers_db [None req-a09b71ab-1eed-45b9-8d9c-d086188a9a42 d2f0ece76a4a4fc18e3a6437eb5e3f2e 04e559e88607455baa9568180cfcced9 - - default default] Successfully bumped revision number for resource 6191eec1-ee97-4f3c-9f8e-e6f1d7bef42e (type: routers) to 2
2026-04-27 02:32:47.481 10 INFO neutron.wsgi [None req-a09b71ab-1eed-45b9-8d9c-d086188a9a42 d2f0ece76a4a4fc18e3a6437eb5e3f2e 04e559e88607455baa9568180cfcced9 - - default default] 10.0.0.95 "POST /v2.0/routers HTTP/1.1" status: 201 len: 871 time: 3.2702937
2026-04-27 02:32:47.499 9 INFO neutron.wsgi [req-2879f3cb-5da0-4c61-97dc-967c2653a1cb req-2d55a671-ebaa-41e9-ba00-d41f69a95b19 217f99c1227c428eb4b5a2a763d4a364 9f7ae5bb0c8c4f368b71af75ff744dc3 - - default default] 10.0.0.104 "GET /v2.0/security-groups?name=tempest-securitygroup--1318117183&fields=id&tenant_id=9f7ae5bb0c8c4f368b71af75ff744dc3 HTTP/1.1" status: 200 len: 267 time: 0.0537679
2026-04-27 02:32:47.524 10 INFO neutron.db.ovn_revision_numbers_db [None req-e6346f3f-a6e5-489c-b37e-770d5ff2662c - - - - - -] Successfully bumped revision number for resource d7b04f3e-756a-4a60-bff7-7c6b877b5e68 (type: ports) to 2
2026-04-27 02:32:47.632 9 INFO neutron.wsgi [req-4a1df6f5-2c4d-40cf-9fad-9d9d9eb787a2 req-4c79f784-cdda-44d3-8f07-e34920972686 6723adfa31964be88f4b5476afe22f52 6fdb28b640f949df9115cff536ceaa6c - - default default] 10.0.0.104 "GET /v2.0/security-groups/ca9bd5ca-45f7-4009-a1bc-e6f17284cdcb HTTP/1.1" status: 200 len: 1821 time: 0.1486056
2026-04-27 02:32:47.645 9 INFO neutron.wsgi [req-2879f3cb-5da0-4c61-97dc-967c2653a1cb req-6478eeb6-ee71-47c4-a286-e1673d3b76d1 217f99c1227c428eb4b5a2a763d4a364 9f7ae5bb0c8c4f368b71af75ff744dc3 - - default default] 10.0.0.104 "GET /v2.0/networks?id=f0d483da-e785-465a-ab9a-494db1d9a9ba HTTP/1.1" status: 200 len: 883 time: 0.1352022
2026-04-27 02:32:47.666 9 WARNING neutron_lib.context [req-4a1df6f5-2c4d-40cf-9fad-9d9d9eb787a2 req-dfe0ee72-1338-4546-8939-38e9345666c0 6723adfa31964be88f4b5476afe22f52 6fdb28b640f949df9115cff536ceaa6c - - default default] Method 'is_advsvc' is deprecated since 2023.2 release (neutron-lib 3.8.0) and will be removed once support for the old RBAC API policies will be removed from Neutron. Please use method 'is_service_role' instead.
2026-04-27 02:32:47.690 9 INFO neutron.wsgi [req-2879f3cb-5da0-4c61-97dc-967c2653a1cb req-c545ba32-c32b-405d-9345-2e16d236df8c 217f99c1227c428eb4b5a2a763d4a364 9f7ae5bb0c8c4f368b71af75ff744dc3 - - default default] 10.0.0.104 "GET /v2.0/quotas/9f7ae5bb0c8c4f368b71af75ff744dc3 HTTP/1.1" status: 200 len: 386 time: 0.0334961
2026-04-27 02:32:47.825 10 INFO neutron.db.ovn_revision_numbers_db [None req-e6346f3f-a6e5-489c-b37e-770d5ff2662c - - - - - -] Successfully bumped revision number for resource d7b04f3e-756a-4a60-bff7-7c6b877b5e68 (type: router_ports) to 2
2026-04-27 02:32:48.081 9 INFO neutron.wsgi [req-2879f3cb-5da0-4c61-97dc-967c2653a1cb req-0b62856b-b7a0-47e1-a1ac-9ca7671496e8 217f99c1227c428eb4b5a2a763d4a364 9f7ae5bb0c8c4f368b71af75ff744dc3 - - default default] 10.0.0.104 "GET /v2.0/ports?tenant_id=9f7ae5bb0c8c4f368b71af75ff744dc3&fields=id HTTP/1.1" status: 200 len: 302 time: 0.3819687
2026-04-27 02:32:48.154 9 INFO neutron.db.ovn_revision_numbers_db [req-4a1df6f5-2c4d-40cf-9fad-9d9d9eb787a2 req-dfe0ee72-1338-4546-8939-38e9345666c0 6723adfa31964be88f4b5476afe22f52 6fdb28b640f949df9115cff536ceaa6c - - default default] Successfully bumped revision number for resource 2feb312d-edd2-4479-ab47-7a135a593c03 (type: security_group_rules) to 0
2026-04-27 02:32:48.184 9 INFO neutron.wsgi [req-4a1df6f5-2c4d-40cf-9fad-9d9d9eb787a2 req-dfe0ee72-1338-4546-8939-38e9345666c0 6723adfa31964be88f4b5476afe22f52 6fdb28b640f949df9115cff536ceaa6c - - default default] 10.0.0.104 "POST /v2.0/security-group-rules HTTP/1.1" status: 201 len: 786 time: 0.5437784
2026-04-27 02:32:48.219 10 INFO neutron.db.ovn_revision_numbers_db [None req-e3dca3a0-ef18-4abd-b53d-e184e31a1583 - - - - - -] Successfully bumped revision number for resource 0628025a-25b8-4f64-a452-caf8453ff29e (type: ports) to 1
2026-04-27 02:32:48.221 9 INFO neutron.db.ovn_revision_numbers_db [None req-3a690d44-b926-4676-9cb3-be40f8117221 - - - - - -] Successfully bumped revision number for resource 59837cfb-58ef-42b2-ab42-cf5bc4dd0a22 (type: ports) to 1
2026-04-27 02:32:48.242 10 WARNING neutron.scheduler.dhcp_agent_scheduler [None req-42d2fafc-ea0c-404a-9d53-f6cd3193c265 d2f0ece76a4a4fc18e3a6437eb5e3f2e 04e559e88607455baa9568180cfcced9 - - default default] No more DHCP agents
2026-04-27 02:32:48.246 10 WARNING neutron.api.rpc.agentnotifiers.dhcp_rpc_agent_api [None req-42d2fafc-ea0c-404a-9d53-f6cd3193c265 d2f0ece76a4a4fc18e3a6437eb5e3f2e 04e559e88607455baa9568180cfcced9 - - default default] Unable to schedule network 56ebbca6-353c-48c0-8c1a-56aa6b032f68: no agents available; will retry on subsequent port and subnet creation events.
2026-04-27 02:32:48.327 9 INFO neutron.wsgi [req-748cf71b-afc3-4aaf-afe8-1735eeb2c7ce req-a55d60b8-d0fc-43bf-9edd-a0bf68b746f5 0c0facee756a44ec9a936ba0d95f5047 d833d70701474331a90c6ecf2fdece73 - - default default] 10.0.0.104 "GET /v2.0/security-groups?name=tempest-securitygroup--4372941&fields=id&tenant_id=d833d70701474331a90c6ecf2fdece73 HTTP/1.1" status: 200 len: 267 time: 0.0529089
2026-04-27 02:32:48.419 10 INFO neutron.db.ovn_revision_numbers_db [None req-42d2fafc-ea0c-404a-9d53-f6cd3193c265 d2f0ece76a4a4fc18e3a6437eb5e3f2e 04e559e88607455baa9568180cfcced9 - - default default] Successfully bumped revision number for resource 372a3dce-38c0-4453-bc09-a192337972d9 (type: ports) to 1
2026-04-27 02:32:48.446 9 INFO neutron.wsgi [req-748cf71b-afc3-4aaf-afe8-1735eeb2c7ce req-d14a30ff-d6e1-4df0-b455-9ced8c774549 0c0facee756a44ec9a936ba0d95f5047 d833d70701474331a90c6ecf2fdece73 - - default default] 10.0.0.104 "GET /v2.0/networks?id=8e8199d3-1b94-407c-838c-667122c867aa HTTP/1.1" status: 200 len: 875 time: 0.1066444
2026-04-27 02:32:48.473 9 INFO neutron.wsgi [req-2879f3cb-5da0-4c61-97dc-967c2653a1cb req-1662913c-fd73-43e8-9295-40c7455448b7 87865b9db0564c6396c9aa3603685f3b b46907eb62f4475c98952fc005d9a697 - - a195706c00b84a829d1be0d41577f697 a195706c00b84a829d1be0d41577f697] 10.0.0.104 "GET /v2.0/extensions HTTP/1.1" status: 200 len: 16980 time: 0.0492952
2026-04-27 02:32:48.478 9 INFO neutron.wsgi [req-748cf71b-afc3-4aaf-afe8-1735eeb2c7ce req-16b26255-c94a-46e5-bead-40eb5693e4a3 0c0facee756a44ec9a936ba0d95f5047 d833d70701474331a90c6ecf2fdece73 - - default default] 10.0.0.104 "GET /v2.0/quotas/d833d70701474331a90c6ecf2fdece73 HTTP/1.1" status: 200 len: 386 time: 0.0223215
2026-04-27 02:32:48.536 10 INFO neutron.db.ovn_revision_numbers_db [None req-e3dca3a0-ef18-4abd-b53d-e184e31a1583 - - - - - -] Successfully bumped revision number for resource 0628025a-25b8-4f64-a452-caf8453ff29e (type: router_ports) to 3
2026-04-27 02:32:48.554 9 INFO neutron.db.ovn_revision_numbers_db [None req-3a690d44-b926-4676-9cb3-be40f8117221 - - - - - -] Successfully bumped revision number for resource 59837cfb-58ef-42b2-ab42-cf5bc4dd0a22 (type: router_ports) to 3
2026-04-27 02:32:48.614 9 INFO neutron.wsgi [req-2879f3cb-5da0-4c61-97dc-967c2653a1cb req-278686e6-057e-4935-af6f-115327c2da4e 87865b9db0564c6396c9aa3603685f3b b46907eb62f4475c98952fc005d9a697 - - a195706c00b84a829d1be0d41577f697 a195706c00b84a829d1be0d41577f697] 10.0.0.104 "GET /v2.0/networks/f0d483da-e785-465a-ab9a-494db1d9a9ba?fields=segments HTTP/1.1" status: 200 len: 212 time: 0.1340630
2026-04-27 02:32:48.656 9 INFO neutron.wsgi [req-748cf71b-afc3-4aaf-afe8-1735eeb2c7ce req-48a3b377-1aa6-4e33-b2b7-479578ea6ef3 0c0facee756a44ec9a936ba0d95f5047 d833d70701474331a90c6ecf2fdece73 - - default default] 10.0.0.104 "GET /v2.0/ports?tenant_id=d833d70701474331a90c6ecf2fdece73&fields=id HTTP/1.1" status: 200 len: 302 time: 0.1658630
2026-04-27 02:32:48.708 9 INFO neutron.wsgi [req-2879f3cb-5da0-4c61-97dc-967c2653a1cb req-90bf18b7-d540-4b72-b895-6d0e0946704e 87865b9db0564c6396c9aa3603685f3b b46907eb62f4475c98952fc005d9a697 - - a195706c00b84a829d1be0d41577f697 a195706c00b84a829d1be0d41577f697] 10.0.0.104 "GET /v2.0/networks/f0d483da-e785-465a-ab9a-494db1d9a9ba?fields=provider%3Aphysical_network&fields=provider%3Anetwork_type HTTP/1.1" status: 200 len: 277 time: 0.0845037
2026-04-27 02:32:48.776 9 INFO neutron.db.ovn_revision_numbers_db [None req-3a690d44-b926-4676-9cb3-be40f8117221 - - - - - -] Successfully bumped revision number for resource 59837cfb-58ef-42b2-ab42-cf5bc4dd0a22 (type: ports) to 2
2026-04-27 02:32:48.847 9 WARNING neutron_lib.context [req-cb0c637f-0283-40e7-bba5-14761ee10e06 req-d4a07b8d-2ec0-41a2-bcb1-150c9c0219df 6723adfa31964be88f4b5476afe22f52 6fdb28b640f949df9115cff536ceaa6c - - default default] Method 'is_advsvc' is deprecated since 2023.2 release (neutron-lib 3.8.0) and will be removed once support for the old RBAC API policies will be removed from Neutron. Please use method 'is_service_role' instead.
2026-04-27 02:32:48.891 10 INFO neutron.db.ovn_revision_numbers_db [None req-e3dca3a0-ef18-4abd-b53d-e184e31a1583 - - - - - -] Successfully bumped revision number for resource 0628025a-25b8-4f64-a452-caf8453ff29e (type: ports) to 2
2026-04-27 02:32:49.027 9 INFO neutron.db.ovn_revision_numbers_db [req-cb0c637f-0283-40e7-bba5-14761ee10e06 req-d4a07b8d-2ec0-41a2-bcb1-150c9c0219df 6723adfa31964be88f4b5476afe22f52 6fdb28b640f949df9115cff536ceaa6c - - default default] Successfully bumped revision number for resource 6b61e18e-3246-4543-b123-fb805735eda5 (type: security_groups) to 1
2026-04-27 02:32:49.047 9 INFO neutron.wsgi [req-748cf71b-afc3-4aaf-afe8-1735eeb2c7ce req-bbc9e134-5b1a-4d1b-9a7f-dcc16b02a3d0 87865b9db0564c6396c9aa3603685f3b b46907eb62f4475c98952fc005d9a697 - - a195706c00b84a829d1be0d41577f697 a195706c00b84a829d1be0d41577f697] 10.0.0.104 "GET /v2.0/extensions HTTP/1.1" status: 200 len: 16980 time: 0.0621064
2026-04-27 02:32:49.074 9 INFO neutron.db.ovn_revision_numbers_db [req-cb0c637f-0283-40e7-bba5-14761ee10e06 req-d4a07b8d-2ec0-41a2-bcb1-150c9c0219df 6723adfa31964be88f4b5476afe22f52 6fdb28b640f949df9115cff536ceaa6c - - default default] Successfully bumped revision number for resource 71db64a0-675a-48a3-bde7-0ec631a1b3d6 (type: security_group_rules) to 0
2026-04-27 02:32:49.083 10 INFO neutron.db.ovn_revision_numbers_db [None req-42d2fafc-ea0c-404a-9d53-f6cd3193c265 d2f0ece76a4a4fc18e3a6437eb5e3f2e 04e559e88607455baa9568180cfcced9 - - default default] Successfully bumped revision number for resource 372a3dce-38c0-4453-bc09-a192337972d9 (type: router_ports) to 1
2026-04-27 02:32:49.111 9 INFO neutron.db.ovn_revision_numbers_db [req-cb0c637f-0283-40e7-bba5-14761ee10e06 req-d4a07b8d-2ec0-41a2-bcb1-150c9c0219df 6723adfa31964be88f4b5476afe22f52 6fdb28b640f949df9115cff536ceaa6c - - default default] Successfully bumped revision number for resource 915596c0-dc3b-46d4-89d9-c0facfa2cf12 (type: security_group_rules) to 0
2026-04-27 02:32:49.137 9 INFO neutron.wsgi [req-cb0c637f-0283-40e7-bba5-14761ee10e06 req-d4a07b8d-2ec0-41a2-bcb1-150c9c0219df 6723adfa31964be88f4b5476afe22f52 6fdb28b640f949df9115cff536ceaa6c - - default default] 10.0.0.104 "POST /v2.0/security-groups HTTP/1.1" status: 201 len: 1825 time: 0.2997761
2026-04-27 02:32:49.154 9 INFO neutron.wsgi [req-748cf71b-afc3-4aaf-afe8-1735eeb2c7ce req-d4deed52-f415-4e7c-b98e-8b2099ff9929 87865b9db0564c6396c9aa3603685f3b b46907eb62f4475c98952fc005d9a697 - - a195706c00b84a829d1be0d41577f697 a195706c00b84a829d1be0d41577f697] 10.0.0.104 "GET /v2.0/networks/8e8199d3-1b94-407c-838c-667122c867aa?fields=segments HTTP/1.1" status: 200 len: 212 time: 0.1002576
2026-04-27 02:32:49.158 9 INFO neutron.db.ovn_revision_numbers_db [None req-3a690d44-b926-4676-9cb3-be40f8117221 - - - - - -] Successfully bumped revision number for resource 59837cfb-58ef-42b2-ab42-cf5bc4dd0a22 (type: ports) to 4
2026-04-27 02:32:49.187 10 INFO neutron.db.ovn_revision_numbers_db [None req-e3dca3a0-ef18-4abd-b53d-e184e31a1583 - - - - - -] Successfully bumped revision number for resource 0628025a-25b8-4f64-a452-caf8453ff29e (type: ports) to 4
2026-04-27 02:32:49.227 9 INFO neutron.wsgi [req-b8b3ede3-2d79-4d97-84a7-e8ad43ab63da req-b38ab796-33e7-425b-b74a-1bc85e8e418c 217f99c1227c428eb4b5a2a763d4a364 9f7ae5bb0c8c4f368b71af75ff744dc3 - - default default] 10.0.0.104 "GET /v2.0/ports?device_id=85a718a8-5a51-4c9f-bc35-6ec5deb28bc4 HTTP/1.1" status: 200 len: 210 time: 0.0507083
2026-04-27 02:32:49.272 10 INFO neutron.db.ovn_revision_numbers_db [None req-42d2fafc-ea0c-404a-9d53-f6cd3193c265 d2f0ece76a4a4fc18e3a6437eb5e3f2e 04e559e88607455baa9568180cfcced9 - - default default] Successfully bumped revision number for resource 372a3dce-38c0-4453-bc09-a192337972d9 (type: ports) to 1
2026-04-27 02:32:49.306 9 INFO neutron.wsgi [req-748cf71b-afc3-4aaf-afe8-1735eeb2c7ce req-ce96723b-ffad-4692-bea8-9b6325665cd6 87865b9db0564c6396c9aa3603685f3b b46907eb62f4475c98952fc005d9a697 - - a195706c00b84a829d1be0d41577f697 a195706c00b84a829d1be0d41577f697] 10.0.0.104 "GET /v2.0/networks/8e8199d3-1b94-407c-838c-667122c867aa?fields=provider%3Aphysical_network&fields=provider%3Anetwork_type HTTP/1.1" status: 200 len: 277 time: 0.1451986
2026-04-27 02:32:49.313 9 INFO neutron.wsgi [req-ed8b346a-5a02-402a-b663-625db8367892 req-e8de9689-1daf-4cc4-a77a-cdd1624d8063 6723adfa31964be88f4b5476afe22f52 6fdb28b640f949df9115cff536ceaa6c - - default default] 10.0.0.104 "GET /v2.0/security-groups/6b61e18e-3246-4543-b123-fb805735eda5 HTTP/1.1" status: 200 len: 1820 time: 0.0525637
2026-04-27 02:32:49.330 9 WARNING neutron_lib.context [req-ed8b346a-5a02-402a-b663-625db8367892 req-b630d551-a274-41c9-b5e3-151654b534e9 6723adfa31964be88f4b5476afe22f52 6fdb28b640f949df9115cff536ceaa6c - - default default] Method 'is_advsvc' is deprecated since 2023.2 release (neutron-lib 3.8.0) and will be removed once support for the old RBAC API policies will be removed from Neutron. Please use method 'is_service_role' instead.
2026-04-27 02:32:49.359 10 WARNING neutron.scheduler.dhcp_agent_scheduler [None req-42d2fafc-ea0c-404a-9d53-f6cd3193c265 d2f0ece76a4a4fc18e3a6437eb5e3f2e 04e559e88607455baa9568180cfcced9 - - default default] No more DHCP agents
2026-04-27 02:32:49.361 10 WARNING neutron.api.rpc.agentnotifiers.dhcp_rpc_agent_api [None req-42d2fafc-ea0c-404a-9d53-f6cd3193c265 d2f0ece76a4a4fc18e3a6437eb5e3f2e 04e559e88607455baa9568180cfcced9 - - default default] Unable to schedule network 56ebbca6-353c-48c0-8c1a-56aa6b032f68: no agents available; will retry on subsequent port and subnet creation events.
2026-04-27 02:32:49.440 10 INFO neutron.db.ovn_revision_numbers_db [None req-e3dca3a0-ef18-4abd-b53d-e184e31a1583 - - - - - -] Successfully bumped revision number for resource 0628025a-25b8-4f64-a452-caf8453ff29e (type: router_ports) to 4
2026-04-27 02:32:49.459 9 INFO neutron.db.ovn_revision_numbers_db [None req-3a690d44-b926-4676-9cb3-be40f8117221 - - - - - -] Successfully bumped revision number for resource 59837cfb-58ef-42b2-ab42-cf5bc4dd0a22 (type: router_ports) to 4
2026-04-27 02:32:49.498 9 INFO neutron.db.ovn_revision_numbers_db [req-ed8b346a-5a02-402a-b663-625db8367892 req-b630d551-a274-41c9-b5e3-151654b534e9 6723adfa31964be88f4b5476afe22f52 6fdb28b640f949df9115cff536ceaa6c - - default default] Successfully bumped revision number for resource 3b2f7279-6708-45bb-94df-a11c73acc849 (type: security_group_rules) to 0
2026-04-27 02:32:49.530 9 INFO neutron.wsgi [req-ed8b346a-5a02-402a-b663-625db8367892 req-b630d551-a274-41c9-b5e3-151654b534e9 6723adfa31964be88f4b5476afe22f52 6fdb28b640f949df9115cff536ceaa6c - - default default] 10.0.0.104 "POST /v2.0/security-group-rules HTTP/1.1" status: 201 len: 786 time: 0.2076600
2026-04-27 02:32:49.532 9 INFO neutron.wsgi [req-5317a296-8d07-4a9c-bec0-f99b1a655d2e req-eb1641e8-2b4e-4e4c-9495-1c1289913bc6 0c0facee756a44ec9a936ba0d95f5047 d833d70701474331a90c6ecf2fdece73 - - default default] 10.0.0.104 "GET /v2.0/ports?device_id=5ab7001e-3234-4128-a894-7cb19057f1b0 HTTP/1.1" status: 200 len: 210 time: 0.0238900
2026-04-27 02:32:49.593 9 INFO neutron.wsgi [req-16e056ea-1150-4dc8-90e1-aa13928b586d req-2a02da2b-730f-4952-a39d-a3eda9eb7e3a 6723adfa31964be88f4b5476afe22f52 6fdb28b640f949df9115cff536ceaa6c - - default default] 10.0.0.104 "GET /v2.0/security-groups/6b61e18e-3246-4543-b123-fb805735eda5 HTTP/1.1" status: 200 len: 2413 time: 0.0368998
2026-04-27 02:32:49.605 9 WARNING neutron_lib.context [req-16e056ea-1150-4dc8-90e1-aa13928b586d req-56f0c219-74ab-4ae1-be7c-9df39cf213a2 6723adfa31964be88f4b5476afe22f52 6fdb28b640f949df9115cff536ceaa6c - - default default] Method 'is_advsvc' is deprecated since 2023.2 release (neutron-lib 3.8.0) and will be removed once support for the old RBAC API policies will be removed from Neutron. Please use method 'is_service_role' instead.
2026-04-27 02:32:49.709 9 INFO neutron.db.ovn_revision_numbers_db [req-16e056ea-1150-4dc8-90e1-aa13928b586d req-56f0c219-74ab-4ae1-be7c-9df39cf213a2 6723adfa31964be88f4b5476afe22f52 6fdb28b640f949df9115cff536ceaa6c - - default default] Successfully bumped revision number for resource 72ca5bbd-a1d1-4c6d-98b3-9b255c577c8b (type: security_group_rules) to 0
2026-04-27 02:32:49.734 9 INFO neutron.wsgi [req-16e056ea-1150-4dc8-90e1-aa13928b586d req-56f0c219-74ab-4ae1-be7c-9df39cf213a2 6723adfa31964be88f4b5476afe22f52 6fdb28b640f949df9115cff536ceaa6c - - default default] 10.0.0.104 "POST /v2.0/security-group-rules HTTP/1.1" status: 201 len: 791 time: 0.1343765
2026-04-27 02:32:49.795 9 INFO neutron.wsgi [req-b932fdfb-2b8f-4da5-859b-4085c0d77d06 req-c98fe832-5ace-484a-a50f-25b9f40649bc 6723adfa31964be88f4b5476afe22f52 6fdb28b640f949df9115cff536ceaa6c - - default default] 10.0.0.104 "GET /v2.0/security-groups/6b61e18e-3246-4543-b123-fb805735eda5 HTTP/1.1" status: 200 len: 3011 time: 0.0358694
2026-04-27 02:32:49.837 9 INFO neutron.wsgi [req-88f1b36d-dfe7-4600-a470-24ecdf8823b4 req-c199d690-f8de-4a58-84e5-378679f4910d 6723adfa31964be88f4b5476afe22f52 6fdb28b640f949df9115cff536ceaa6c - - default default] 10.0.0.104 "GET /v2.0/security-group-rules/72ca5bbd-a1d1-4c6d-98b3-9b255c577c8b HTTP/1.1" status: 200 len: 783 time: 0.0190239
2026-04-27 02:32:49.886 9 INFO neutron.plugins.ml2.drivers.ovn.mech_driver.mech_driver [None req-7d210d58-8cc8-43cb-ab05-3e1a60a4f8f2 - - - - - -] OVN reports status up for port: 59837cfb-58ef-42b2-ab42-cf5bc4dd0a22
2026-04-27 02:32:49.892 9 INFO neutron.wsgi [req-88f1b36d-dfe7-4600-a470-24ecdf8823b4 req-c0853818-8203-4b14-96c9-117ae7f7f560 6723adfa31964be88f4b5476afe22f52 6fdb28b640f949df9115cff536ceaa6c - - default default] 10.0.0.104 "GET /v2.0/security-groups/6b61e18e-3246-4543-b123-fb805735eda5 HTTP/1.1" status: 200 len: 3011 time: 0.0479751
2026-04-27 02:32:49.899 9 INFO neutron.plugins.ml2.plugin [None req-7d210d58-8cc8-43cb-ab05-3e1a60a4f8f2 - - - - - -] Attempt 1 to provision port 59837cfb-58ef-42b2-ab42-cf5bc4dd0a22
2026-04-27 02:32:50.030 9 INFO neutron.wsgi [req-88f1b36d-dfe7-4600-a470-24ecdf8823b4 req-409e86dc-c358-4f5a-8268-12d69a158e25 6723adfa31964be88f4b5476afe22f52 6fdb28b640f949df9115cff536ceaa6c - - default default] 10.0.0.104 "DELETE /v2.0/security-group-rules/72ca5bbd-a1d1-4c6d-98b3-9b255c577c8b HTTP/1.1" status: 204 len: 173 time: 0.1301343
2026-04-27 02:32:50.082 9 INFO neutron.wsgi [req-b301a9b8-c927-4bc5-b301-fa51ea7089f0 req-83726df8-e568-4b06-bb5f-0c1fdc89f261 6723adfa31964be88f4b5476afe22f52 6fdb28b640f949df9115cff536ceaa6c - - default default] 10.0.0.104 "GET /v2.0/security-groups/6b61e18e-3246-4543-b123-fb805735eda5 HTTP/1.1" status: 200 len: 2413 time: 0.0269060
2026-04-27 02:32:50.169 10 INFO neutron.db.ovn_revision_numbers_db [None req-42d2fafc-ea0c-404a-9d53-f6cd3193c265 d2f0ece76a4a4fc18e3a6437eb5e3f2e 04e559e88607455baa9568180cfcced9 - - default default] Successfully bumped revision number for resource 372a3dce-38c0-4453-bc09-a192337972d9 (type: router_ports) to 1
2026-04-27 02:32:50.172 10 INFO neutron.wsgi [None req-42d2fafc-ea0c-404a-9d53-f6cd3193c265 d2f0ece76a4a4fc18e3a6437eb5e3f2e 04e559e88607455baa9568180cfcced9 - - default default] 10.0.0.95 "PUT /v2.0/routers/6191eec1-ee97-4f3c-9f8e-e6f1d7bef42e/add_router_interface HTTP/1.1" status: 200 len: 503 time: 2.6815622
2026-04-27 02:32:50.238 9 INFO neutron.wsgi [req-b301a9b8-c927-4bc5-b301-fa51ea7089f0 req-75230479-ee35-4580-b490-6e744565aeb6 6723adfa31964be88f4b5476afe22f52 6fdb28b640f949df9115cff536ceaa6c - - default default] 10.0.0.104 "DELETE /v2.0/security-groups/6b61e18e-3246-4543-b123-fb805735eda5 HTTP/1.1" status: 204 len: 173 time: 0.1505764
2026-04-27 02:32:50.291 9 INFO neutron.wsgi [req-441f3bf8-53e5-4ca0-ac6a-fba9ddf572ec req-5e1cdb19-dcdd-4697-ae01-570f5622690e 6723adfa31964be88f4b5476afe22f52 6fdb28b640f949df9115cff536ceaa6c - - default default] 10.0.0.104 "GET /v2.0/security-groups/ca9bd5ca-45f7-4009-a1bc-e6f17284cdcb HTTP/1.1" status: 200 len: 2414 time: 0.0339320
2026-04-27 02:32:50.396 9 INFO neutron.wsgi [req-d059eec6-5d78-4418-8aa4-5a339e685e2f req-93f8dc84-442c-46dd-b013-e2ac339e8797 217f99c1227c428eb4b5a2a763d4a364 9f7ae5bb0c8c4f368b71af75ff744dc3 - - default default] 10.0.0.104 "GET /v2.0/ports?device_id=85a718a8-5a51-4c9f-bc35-6ec5deb28bc4 HTTP/1.1" status: 200 len: 210 time: 0.0227206
2026-04-27 02:32:50.443 9 INFO neutron.wsgi [req-441f3bf8-53e5-4ca0-ac6a-fba9ddf572ec req-7bf19d7e-99c3-411f-829d-223afee79e07 6723adfa31964be88f4b5476afe22f52 6fdb28b640f949df9115cff536ceaa6c - - default default] 10.0.0.104 "DELETE /v2.0/security-groups/ca9bd5ca-45f7-4009-a1bc-e6f17284cdcb HTTP/1.1" status: 204 len: 173 time: 0.1437414
2026-04-27 02:32:50.725 9 WARNING neutron_lib.context [None req-3317e937-bddb-4fbe-aded-144a65df7aab c8ccced1098440fcbc6ab5310bb57df6 54e4f3eaadb0477490a8f540ecec9def - - default default] Method 'is_advsvc' is deprecated since 2023.2 release (neutron-lib 3.8.0) and will be removed once support for the old RBAC API policies will be removed from Neutron. Please use method 'is_service_role' instead.
2026-04-27 02:32:50.804 10 INFO neutron.wsgi [req-2879f3cb-5da0-4c61-97dc-967c2653a1cb req-ffb7c7b2-18fa-4370-8ced-a4e4a3205b04 217f99c1227c428eb4b5a2a763d4a364 9f7ae5bb0c8c4f368b71af75ff744dc3 - - default default] 199.204.45.238 "GET /v2.0/networks?id=f0d483da-e785-465a-ab9a-494db1d9a9ba HTTP/1.1" status: 200 len: 883 time: 0.4553947
2026-04-27 02:32:50.829 10 INFO neutron.wsgi [req-748cf71b-afc3-4aaf-afe8-1735eeb2c7ce req-d948038a-f126-44ae-85dc-7f0ac123d17f 0c0facee756a44ec9a936ba0d95f5047 d833d70701474331a90c6ecf2fdece73 - - default default] 199.204.45.238 "GET /v2.0/networks?id=8e8199d3-1b94-407c-838c-667122c867aa HTTP/1.1" status: 200 len: 875 time: 0.1245112
2026-04-27 02:32:50.869 9 INFO neutron.wsgi [req-2ef54381-e4cc-4d7d-9e7e-ff52b1f9777c req-23e8128f-15ac-4c00-997a-cff196b3cccf 0c0facee756a44ec9a936ba0d95f5047 d833d70701474331a90c6ecf2fdece73 - - default default] 10.0.0.104 "GET /v2.0/ports?device_id=5ab7001e-3234-4128-a894-7cb19057f1b0 HTTP/1.1" status: 200 len: 210 time: 0.0308833
2026-04-27 02:32:50.897 10 INFO neutron.wsgi [req-748cf71b-afc3-4aaf-afe8-1735eeb2c7ce req-34361762-d846-4dfe-bb00-0e2a6b8d206b 0c0facee756a44ec9a936ba0d95f5047 d833d70701474331a90c6ecf2fdece73 - - default default] 199.204.45.238 "GET /v2.0/security-groups?fields=id&fields=name&tenant_id=d833d70701474331a90c6ecf2fdece73 HTTP/1.1" status: 200 len: 377 time: 0.0601125
2026-04-27 02:32:50.903 10 INFO neutron.wsgi [req-2879f3cb-5da0-4c61-97dc-967c2653a1cb req-143fa0ad-f05b-4089-bda0-0d5fe70ad6c8 217f99c1227c428eb4b5a2a763d4a364 9f7ae5bb0c8c4f368b71af75ff744dc3 - - default default] 199.204.45.238 "GET /v2.0/security-groups?fields=id&fields=name&tenant_id=9f7ae5bb0c8c4f368b71af75ff744dc3 HTTP/1.1" status: 200 len: 380 time: 0.0738163
2026-04-27 02:32:50.910 10 WARNING neutron_lib.context [req-748cf71b-afc3-4aaf-afe8-1735eeb2c7ce req-40550646-d0e0-4969-a5e6-7105f14d413c 0c0facee756a44ec9a936ba0d95f5047 d833d70701474331a90c6ecf2fdece73 - - default default] Method 'is_advsvc' is deprecated since 2023.2 release (neutron-lib 3.8.0) and will be removed once support for the old RBAC API policies will be removed from Neutron. Please use method 'is_service_role' instead.
2026-04-27 02:32:50.916 9 INFO neutron.db.ovn_revision_numbers_db [None req-3317e937-bddb-4fbe-aded-144a65df7aab c8ccced1098440fcbc6ab5310bb57df6 54e4f3eaadb0477490a8f540ecec9def - - default default] Successfully bumped revision number for resource 9a45a1ea-c90c-4e2c-a064-b13e00027650 (type: security_groups) to 1
2026-04-27 02:32:50.935 10 WARNING neutron_lib.context [req-2879f3cb-5da0-4c61-97dc-967c2653a1cb req-c3ff9f03-55aa-425a-b500-45d45b40ed63 217f99c1227c428eb4b5a2a763d4a364 9f7ae5bb0c8c4f368b71af75ff744dc3 - - default default] Method 'is_advsvc' is deprecated since 2023.2 release (neutron-lib 3.8.0) and will be removed once support for the old RBAC API policies will be removed from Neutron. Please use method 'is_service_role' instead.
2026-04-27 02:32:50.960 9 INFO neutron.db.ovn_revision_numbers_db [None req-3317e937-bddb-4fbe-aded-144a65df7aab c8ccced1098440fcbc6ab5310bb57df6 54e4f3eaadb0477490a8f540ecec9def - - default default] Successfully bumped revision number for resource 6d95d4ac-b71f-40a8-8559-56dec7d39eb4 (type: security_group_rules) to 0
2026-04-27 02:32:51.010 9 INFO neutron.db.ovn_revision_numbers_db [None req-3317e937-bddb-4fbe-aded-144a65df7aab c8ccced1098440fcbc6ab5310bb57df6 54e4f3eaadb0477490a8f540ecec9def - - default default] Successfully bumped revision number for resource 75c3eea7-3713-49ec-ba34-8b3fc3ed478a (type: security_group_rules) to 0
2026-04-27 02:32:51.051 9 INFO neutron.wsgi [None req-3317e937-bddb-4fbe-aded-144a65df7aab c8ccced1098440fcbc6ab5310bb57df6 54e4f3eaadb0477490a8f540ecec9def - - default default] 10.0.0.95 "POST /v2.0/security-groups HTTP/1.1" status: 201 len: 1795 time: 0.3313568
2026-04-27 02:32:51.069 9 WARNING neutron_lib.context [None req-3b059326-4b5b-4457-954e-926f2ecb32f3 c8ccced1098440fcbc6ab5310bb57df6 54e4f3eaadb0477490a8f540ecec9def - - default default] Method 'is_advsvc' is deprecated since 2023.2 release (neutron-lib 3.8.0) and will be removed once support for the old RBAC API policies will be removed from Neutron. Please use method 'is_service_role' instead.
2026-04-27 02:32:51.350 9 INFO neutron.db.ovn_revision_numbers_db [None req-3b059326-4b5b-4457-954e-926f2ecb32f3 c8ccced1098440fcbc6ab5310bb57df6 54e4f3eaadb0477490a8f540ecec9def - - default default] Successfully bumped revision number for resource c7d00257-e3c4-446f-a2cd-5c914fa8935f (type: security_group_rules) to 0
2026-04-27 02:32:51.382 9 INFO neutron.wsgi [None req-3b059326-4b5b-4457-954e-926f2ecb32f3 c8ccced1098440fcbc6ab5310bb57df6 54e4f3eaadb0477490a8f540ecec9def - - default default] 10.0.0.95 "POST /v2.0/security-group-rules HTTP/1.1" status: 201 len: 764 time: 0.3208106
2026-04-27 02:32:51.406 10 WARNING neutron_lib.context [None req-ad450a34-ce26-43db-ae02-e7b1286cc521 c8ccced1098440fcbc6ab5310bb57df6 54e4f3eaadb0477490a8f540ecec9def - - default default] Method 'is_advsvc' is deprecated since 2023.2 release (neutron-lib 3.8.0) and will be removed once support for the old RBAC API policies will be removed from Neutron. Please use method 'is_service_role' instead.
2026-04-27 02:32:51.527 10 WARNING neutron.scheduler.dhcp_agent_scheduler [req-748cf71b-afc3-4aaf-afe8-1735eeb2c7ce req-40550646-d0e0-4969-a5e6-7105f14d413c 0c0facee756a44ec9a936ba0d95f5047 d833d70701474331a90c6ecf2fdece73 - - default default] No more DHCP agents
2026-04-27 02:32:51.538 10 WARNING neutron.api.rpc.agentnotifiers.dhcp_rpc_agent_api [req-748cf71b-afc3-4aaf-afe8-1735eeb2c7ce req-40550646-d0e0-4969-a5e6-7105f14d413c 0c0facee756a44ec9a936ba0d95f5047 d833d70701474331a90c6ecf2fdece73 - - default default] Unable to schedule network 8e8199d3-1b94-407c-838c-667122c867aa: no agents available; will retry on subsequent port and subnet creation events.
2026-04-27 02:32:51.577 10 WARNING neutron.scheduler.dhcp_agent_scheduler [req-2879f3cb-5da0-4c61-97dc-967c2653a1cb req-c3ff9f03-55aa-425a-b500-45d45b40ed63 217f99c1227c428eb4b5a2a763d4a364 9f7ae5bb0c8c4f368b71af75ff744dc3 - - default default] No more DHCP agents
2026-04-27 02:32:51.591 10 WARNING neutron.api.rpc.agentnotifiers.dhcp_rpc_agent_api [req-2879f3cb-5da0-4c61-97dc-967c2653a1cb req-c3ff9f03-55aa-425a-b500-45d45b40ed63 217f99c1227c428eb4b5a2a763d4a364 9f7ae5bb0c8c4f368b71af75ff744dc3 - - default default] Unable to schedule network f0d483da-e785-465a-ab9a-494db1d9a9ba: no agents available; will retry on subsequent port and subnet creation events.
2026-04-27 02:32:51.839 10 INFO neutron.db.ovn_revision_numbers_db [None req-ad450a34-ce26-43db-ae02-e7b1286cc521 c8ccced1098440fcbc6ab5310bb57df6 54e4f3eaadb0477490a8f540ecec9def - - default default] Successfully bumped revision number for resource 4eaf7659-8252-4a29-ad29-082435b27a97 (type: security_group_rules) to 0
2026-04-27 02:32:51.917 9 INFO neutron.wsgi [req-6aa60a03-5361-474a-9612-6068df630a37 req-7d4d8124-8616-45d8-8079-7a41da23314f 217f99c1227c428eb4b5a2a763d4a364 9f7ae5bb0c8c4f368b71af75ff744dc3 - - default default] 10.0.0.104 "GET /v2.0/ports?device_id=85a718a8-5a51-4c9f-bc35-6ec5deb28bc4 HTTP/1.1" status: 200 len: 1160 time: 0.0757973
2026-04-27 02:32:52.016 9 INFO neutron.wsgi [req-6aa60a03-5361-474a-9612-6068df630a37 req-63258d56-7118-496c-bf6a-24ecd817aac0 217f99c1227c428eb4b5a2a763d4a364 9f7ae5bb0c8c4f368b71af75ff744dc3 - - default default] 10.0.0.104 "GET /v2.0/security-groups?id=43b20164-1f4e-4db3-8de4-d2dc39507c96&fields=id&fields=name HTTP/1.1" status: 200 len: 313 time: 0.0912509
2026-04-27 02:32:52.023 9 INFO neutron.wsgi [req-de1b108b-bae6-4083-9bf6-31aa0a7bdab4 req-62222a8c-12d7-476a-90d5-b6bce5db0c73 0c0facee756a44ec9a936ba0d95f5047 d833d70701474331a90c6ecf2fdece73 - - default default] 10.0.0.104 "GET /v2.0/ports?device_id=5ab7001e-3234-4128-a894-7cb19057f1b0 HTTP/1.1" status: 200 len: 1156 time: 0.0784357
2026-04-27 02:32:52.122 10 INFO neutron.wsgi [None req-ad450a34-ce26-43db-ae02-e7b1286cc521 c8ccced1098440fcbc6ab5310bb57df6 54e4f3eaadb0477490a8f540ecec9def - - default default] 10.0.0.95 "POST /v2.0/security-group-rules HTTP/1.1" status: 201 len: 769 time: 0.7331276
2026-04-27 02:32:52.123 10 INFO neutron.db.ovn_revision_numbers_db [req-748cf71b-afc3-4aaf-afe8-1735eeb2c7ce req-40550646-d0e0-4969-a5e6-7105f14d413c 0c0facee756a44ec9a936ba0d95f5047 d833d70701474331a90c6ecf2fdece73 - - default default] Successfully bumped revision number for resource df0c2ae7-14de-449c-9096-f25625f5c4b0 (type: ports) to 1 /var/lib/openstack/lib/python3.10/site-packages/pycadf/identifier.py:71: UserWarning: Invalid uuid: neutron. To ensure interoperability, identifiers should be a valid uuid. warnings.warn(('Invalid uuid: %s. To ensure interoperability, '
2026-04-27 02:32:52.135 10 WARNING neutron_lib.context [None req-38cd8983-dc1c-4d09-8533-ec782d0c0249 c8ccced1098440fcbc6ab5310bb57df6 54e4f3eaadb0477490a8f540ecec9def - - default default] Method 'is_advsvc' is deprecated since 2023.2 release (neutron-lib 3.8.0) and will be removed once support for the old RBAC API policies will be removed from Neutron. Please use method 'is_service_role' instead.
2026-04-27 02:32:52.159 10 INFO neutron.db.ovn_revision_numbers_db [req-2879f3cb-5da0-4c61-97dc-967c2653a1cb req-c3ff9f03-55aa-425a-b500-45d45b40ed63 217f99c1227c428eb4b5a2a763d4a364 9f7ae5bb0c8c4f368b71af75ff744dc3 - - default default] Successfully bumped revision number for resource bd06b339-0191-4d1a-9c97-4fda3255e50e (type: ports) to 1
2026-04-27 02:32:52.163 10 INFO neutron.wsgi [req-748cf71b-afc3-4aaf-afe8-1735eeb2c7ce req-40550646-d0e0-4969-a5e6-7105f14d413c 0c0facee756a44ec9a936ba0d95f5047 d833d70701474331a90c6ecf2fdece73 - - default default] 199.204.45.238 "POST /v2.0/ports HTTP/1.1" status: 201 len: 1158 time: 1.2589204
2026-04-27 02:32:52.188 10 INFO neutron.wsgi [req-748cf71b-afc3-4aaf-afe8-1735eeb2c7ce req-d65ede51-5f8c-42ec-a26f-532e8b0b2841 0c0facee756a44ec9a936ba0d95f5047 d833d70701474331a90c6ecf2fdece73 - - default default] 199.204.45.238 "GET /v2.0/extensions HTTP/1.1" status: 200 len: 16980 time: 0.0159166
2026-04-27 02:32:52.198 10 INFO neutron.wsgi [req-2879f3cb-5da0-4c61-97dc-967c2653a1cb req-c3ff9f03-55aa-425a-b500-45d45b40ed63 217f99c1227c428eb4b5a2a763d4a364 9f7ae5bb0c8c4f368b71af75ff744dc3 - - default default] 199.204.45.238 "POST /v2.0/ports HTTP/1.1" status: 201 len: 1162 time: 1.2856207
2026-04-27 02:32:52.341 9 INFO neutron.wsgi [req-de1b108b-bae6-4083-9bf6-31aa0a7bdab4 req-53174801-0967-42ba-98b5-6d562e2bd778 0c0facee756a44ec9a936ba0d95f5047 d833d70701474331a90c6ecf2fdece73 - - default default] 10.0.0.104 "GET /v2.0/security-groups?id=7569715d-a486-4556-a5ec-af37481b5f65&fields=id&fields=name HTTP/1.1" status: 200 len: 310 time: 0.3082433
2026-04-27 02:32:52.458 10 WARNING neutron.scheduler.dhcp_agent_scheduler [None req-38cd8983-dc1c-4d09-8533-ec782d0c0249 c8ccced1098440fcbc6ab5310bb57df6 54e4f3eaadb0477490a8f540ecec9def - - default default] No more DHCP agents
2026-04-27 02:32:52.462 10 WARNING neutron.api.rpc.agentnotifiers.dhcp_rpc_agent_api [None req-38cd8983-dc1c-4d09-8533-ec782d0c0249 c8ccced1098440fcbc6ab5310bb57df6 54e4f3eaadb0477490a8f540ecec9def - - default default] Unable to schedule network a208acb5-3ade-46b4-af89-4a48fa2d5633: no agents available; will retry on subsequent port and subnet creation events.
2026-04-27 02:32:52.618 9 INFO neutron.wsgi [None req-2cffb7b6-8ad2-49be-8608-8ae17e02179c d2f0ece76a4a4fc18e3a6437eb5e3f2e 04e559e88607455baa9568180cfcced9 - - default default] 10.0.0.95 "PUT /v2.0/routers/36c84deb-39d2-4852-82ff-12d19bc3a290/remove_router_interface HTTP/1.1" status: 200 len: 503 time: 2.1652424 /var/lib/openstack/lib/python3.10/site-packages/pycadf/identifier.py:71: UserWarning: Invalid uuid: neutron. To ensure interoperability, identifiers should be a valid uuid. warnings.warn(('Invalid uuid: %s. To ensure interoperability, '
2026-04-27 02:32:53.066 10 INFO neutron.db.ovn_revision_numbers_db [None req-38cd8983-dc1c-4d09-8533-ec782d0c0249 c8ccced1098440fcbc6ab5310bb57df6 54e4f3eaadb0477490a8f540ecec9def - - default default] Successfully bumped revision number for resource 6e59a343-2175-418a-a7a4-14ed86e16cf4 (type: floatingips) to 0
2026-04-27 02:32:53.095 10 INFO neutron.wsgi [None req-38cd8983-dc1c-4d09-8533-ec782d0c0249 c8ccced1098440fcbc6ab5310bb57df6 54e4f3eaadb0477490a8f540ecec9def - - default default] 10.0.0.95 "POST /v2.0/floatingips HTTP/1.1" status: 201 len: 751 time: 0.9658642
2026-04-27 02:32:53.197 10 WARNING neutron.plugins.ml2.drivers.ovn.mech_driver.ovsdb.ovn_client [None req-e6346f3f-a6e5-489c-b37e-770d5ff2662c - - - - - -] No hosting information found for port d7b04f3e-756a-4a60-bff7-7c6b877b5e68: RuntimeError: No hosting information found for port d7b04f3e-756a-4a60-bff7-7c6b877b5e68
2026-04-27 02:32:53.197 10 INFO neutron.plugins.ml2.drivers.ovn.mech_driver.mech_driver [None req-e6346f3f-a6e5-489c-b37e-770d5ff2662c - - - - - -] OVN reports status up for port: 488b33b8-ac1e-4aaa-b879-4215b115644d
2026-04-27 02:32:53.212 10 INFO neutron.plugins.ml2.plugin [None req-e6346f3f-a6e5-489c-b37e-770d5ff2662c - - - - - -] Attempt 1 to provision port 488b33b8-ac1e-4aaa-b879-4215b115644d
2026-04-27 02:32:53.260 9 INFO neutron.wsgi [req-5ecda309-bc2e-423c-83fd-ef0fb8d7f7a1 req-3555c22a-c1ea-4cd5-b981-d9a1d881b813 217f99c1227c428eb4b5a2a763d4a364 9f7ae5bb0c8c4f368b71af75ff744dc3 - - default default] 10.0.0.104 "GET /v2.0/ports?device_id=85a718a8-5a51-4c9f-bc35-6ec5deb28bc4 HTTP/1.1" status: 200 len: 1172 time: 0.1638818
2026-04-27 02:32:53.330 9 INFO neutron.wsgi [req-5ecda309-bc2e-423c-83fd-ef0fb8d7f7a1 req-275cc5bf-2329-43cb-8a76-05f76e215b21 217f99c1227c428eb4b5a2a763d4a364 9f7ae5bb0c8c4f368b71af75ff744dc3 - - default default] 10.0.0.104 "GET /v2.0/security-groups?id=43b20164-1f4e-4db3-8de4-d2dc39507c96&fields=id&fields=name HTTP/1.1" status: 200 len: 313 time: 0.0606837
2026-04-27 02:32:53.351 10 INFO neutron.db.ovn_revision_numbers_db [req-748cf71b-afc3-4aaf-afe8-1735eeb2c7ce req-1471a209-fc63-4bb5-b25b-f564d5dbdc18 87865b9db0564c6396c9aa3603685f3b b46907eb62f4475c98952fc005d9a697 - - a195706c00b84a829d1be0d41577f697 a195706c00b84a829d1be0d41577f697] Successfully bumped revision number for resource df0c2ae7-14de-449c-9096-f25625f5c4b0 (type: ports) to 2
2026-04-27 02:32:53.363 10 INFO neutron.db.ovn_revision_numbers_db [req-2879f3cb-5da0-4c61-97dc-967c2653a1cb req-6557dff8-380d-4b1f-848b-e33683a407d8 87865b9db0564c6396c9aa3603685f3b b46907eb62f4475c98952fc005d9a697 - - a195706c00b84a829d1be0d41577f697 a195706c00b84a829d1be0d41577f697] Successfully bumped revision number for resource bd06b339-0191-4d1a-9c97-4fda3255e50e (type: ports) to 2
2026-04-27 02:32:53.481 9 INFO neutron.wsgi [req-f92fff2b-6037-4d07-b028-7ce7468bf8a3 req-7c3103d9-203b-4ded-9225-2e6dcde1b828 0c0facee756a44ec9a936ba0d95f5047 d833d70701474331a90c6ecf2fdece73 - - default default] 10.0.0.104 "GET /v2.0/ports?device_id=5ab7001e-3234-4128-a894-7cb19057f1b0 HTTP/1.1" status: 200 len: 1168 time: 0.0643420
2026-04-27 02:32:53.570 9 INFO neutron.wsgi [req-9cf0ca84-217e-40d4-85c4-8541c24f7777 req-888b438a-dbfb-4915-be82-2780e7fb1792 c8ccced1098440fcbc6ab5310bb57df6 54e4f3eaadb0477490a8f540ecec9def - - default default] 10.0.0.104 "GET /v2.0/security-groups?name=tempest-securitygroup--1605749059&fields=id&tenant_id=54e4f3eaadb0477490a8f540ecec9def HTTP/1.1" status: 200 len: 267 time: 0.0782831
2026-04-27 02:32:53.573 9 INFO neutron.wsgi [req-f92fff2b-6037-4d07-b028-7ce7468bf8a3 req-161d0ad8-16f5-45f9-b864-e3b3a312f70a 0c0facee756a44ec9a936ba0d95f5047 d833d70701474331a90c6ecf2fdece73 - - default default] 10.0.0.104 "GET /v2.0/security-groups?id=7569715d-a486-4556-a5ec-af37481b5f65&fields=id&fields=name HTTP/1.1" status: 200 len: 310 time: 0.0806017
2026-04-27 02:32:53.724 9 INFO neutron.wsgi [None req-cebd51da-6721-4d24-84a7-c8e048930bda d2f0ece76a4a4fc18e3a6437eb5e3f2e 04e559e88607455baa9568180cfcced9 - - default default] 10.0.0.95 "DELETE /v2.0/routers/36c84deb-39d2-4852-82ff-12d19bc3a290 HTTP/1.1" status: 204 len: 168 time: 1.0942569
2026-04-27 02:32:53.730 9 INFO neutron.wsgi [req-9cf0ca84-217e-40d4-85c4-8541c24f7777 req-beef4de4-179f-42c0-bad9-1165bbd6e918 c8ccced1098440fcbc6ab5310bb57df6 54e4f3eaadb0477490a8f540ecec9def - - default default] 10.0.0.104 "GET /v2.0/networks?id=56ebbca6-353c-48c0-8c1a-56aa6b032f68 HTTP/1.1" status: 200 len: 869 time: 0.1367006
2026-04-27 02:32:53.758 9 INFO neutron.wsgi [req-9cf0ca84-217e-40d4-85c4-8541c24f7777 req-a46f9394-50d2-4cc3-af75-cd1fbecc724a c8ccced1098440fcbc6ab5310bb57df6 54e4f3eaadb0477490a8f540ecec9def - - default default] 10.0.0.104 "GET /v2.0/quotas/54e4f3eaadb0477490a8f540ecec9def HTTP/1.1" status: 200 len: 386 time: 0.0197079
2026-04-27 02:32:53.890 9 INFO neutron.wsgi [req-9cf0ca84-217e-40d4-85c4-8541c24f7777 req-ba0e95d4-ec6a-49e2-b07c-41a9b5ea3590 c8ccced1098440fcbc6ab5310bb57df6 54e4f3eaadb0477490a8f540ecec9def - - default default] 10.0.0.104 "GET /v2.0/ports?tenant_id=54e4f3eaadb0477490a8f540ecec9def&fields=id HTTP/1.1" status: 200 len: 302 time: 0.1253388
2026-04-27 02:32:53.966 10 INFO neutron.db.ovn_revision_numbers_db [None req-e6346f3f-a6e5-489c-b37e-770d5ff2662c - - - - - -] Successfully bumped revision number for resource 488b33b8-ac1e-4aaa-b879-4215b115644d (type: ports) to 2
2026-04-27 02:32:53.974 10 INFO neutron.db.ovn_revision_numbers_db [req-2879f3cb-5da0-4c61-97dc-967c2653a1cb req-6557dff8-380d-4b1f-848b-e33683a407d8 87865b9db0564c6396c9aa3603685f3b b46907eb62f4475c98952fc005d9a697 - - a195706c00b84a829d1be0d41577f697 a195706c00b84a829d1be0d41577f697] Successfully bumped revision number for resource bd06b339-0191-4d1a-9c97-4fda3255e50e (type: ports) to 2
2026-04-27 02:32:53.977 9 INFO neutron.wsgi [req-9cf0ca84-217e-40d4-85c4-8541c24f7777 req-8b43ef8d-e76a-4688-bed6-f9e691694f70 87865b9db0564c6396c9aa3603685f3b b46907eb62f4475c98952fc005d9a697 - - a195706c00b84a829d1be0d41577f697 a195706c00b84a829d1be0d41577f697] 10.0.0.104 "GET /v2.0/networks/56ebbca6-353c-48c0-8c1a-56aa6b032f68?fields=segments HTTP/1.1" status: 200 len: 212 time: 0.0733473
2026-04-27 02:32:53.981 9 INFO neutron.wsgi [None req-97f58577-f8b9-4cf8-847d-93042c65e9ab d2f0ece76a4a4fc18e3a6437eb5e3f2e 04e559e88607455baa9568180cfcced9 - - default default] 10.0.0.95 "DELETE /v2.0/subnets/66b7043e-739b-449d-bcf7-ced005d71dca HTTP/1.1" status: 204 len: 168 time: 0.2492599 /var/lib/openstack/lib/python3.10/site-packages/pycadf/identifier.py:71: UserWarning: Invalid uuid: neutron. To ensure interoperability, identifiers should be a valid uuid. warnings.warn(('Invalid uuid: %s. To ensure interoperability, '
2026-04-27 02:32:54.010 10 INFO neutron.db.ovn_revision_numbers_db [req-748cf71b-afc3-4aaf-afe8-1735eeb2c7ce req-1471a209-fc63-4bb5-b25b-f564d5dbdc18 87865b9db0564c6396c9aa3603685f3b b46907eb62f4475c98952fc005d9a697 - - a195706c00b84a829d1be0d41577f697 a195706c00b84a829d1be0d41577f697] Successfully bumped revision number for resource df0c2ae7-14de-449c-9096-f25625f5c4b0 (type: ports) to 2
2026-04-27 02:32:54.036 10 INFO neutron.wsgi [req-2879f3cb-5da0-4c61-97dc-967c2653a1cb req-6557dff8-380d-4b1f-848b-e33683a407d8 87865b9db0564c6396c9aa3603685f3b b46907eb62f4475c98952fc005d9a697 - - a195706c00b84a829d1be0d41577f697 a195706c00b84a829d1be0d41577f697] 199.204.45.238 "PUT /v2.0/ports/bd06b339-0191-4d1a-9c97-4fda3255e50e HTTP/1.1" status: 200 len: 1380 time: 1.5183992
2026-04-27 02:32:54.041 9 INFO neutron.wsgi [req-9cf0ca84-217e-40d4-85c4-8541c24f7777 req-2e1950d2-3ad6-4edb-b62a-6735dd4773ac 87865b9db0564c6396c9aa3603685f3b b46907eb62f4475c98952fc005d9a697 - - a195706c00b84a829d1be0d41577f697 a195706c00b84a829d1be0d41577f697] 10.0.0.104 "GET /v2.0/networks/56ebbca6-353c-48c0-8c1a-56aa6b032f68?fields=provider%3Aphysical_network&fields=provider%3Anetwork_type HTTP/1.1" status: 200 len: 277 time: 0.0574460
2026-04-27 02:32:54.094 10 INFO neutron.wsgi [req-748cf71b-afc3-4aaf-afe8-1735eeb2c7ce req-1471a209-fc63-4bb5-b25b-f564d5dbdc18 87865b9db0564c6396c9aa3603685f3b b46907eb62f4475c98952fc005d9a697 - - a195706c00b84a829d1be0d41577f697 a195706c00b84a829d1be0d41577f697] 199.204.45.238 "PUT /v2.0/ports/df0c2ae7-14de-449c-9096-f25625f5c4b0 HTTP/1.1" status: 200 len: 1376 time: 1.5773673
2026-04-27 02:32:54.166 10 INFO neutron.db.ovn_revision_numbers_db [None req-e6346f3f-a6e5-489c-b37e-770d5ff2662c - - - - - -] Successfully bumped revision number for resource 488b33b8-ac1e-4aaa-b879-4215b115644d (type: router_ports) to 2
2026-04-27 02:32:54.186 10 INFO neutron.wsgi [req-2879f3cb-5da0-4c61-97dc-967c2653a1cb req-d5513db2-25fd-4652-9b61-2286d8395b74 87865b9db0564c6396c9aa3603685f3b b46907eb62f4475c98952fc005d9a697 - - a195706c00b84a829d1be0d41577f697 a195706c00b84a829d1be0d41577f697] 199.204.45.238 "GET /v2.0/ports?tenant_id=9f7ae5bb0c8c4f368b71af75ff744dc3&device_id=85a718a8-5a51-4c9f-bc35-6ec5deb28bc4 HTTP/1.1" status: 200 len: 1411 time: 0.0898075
2026-04-27 02:32:54.225 10 INFO neutron.wsgi [req-748cf71b-afc3-4aaf-afe8-1735eeb2c7ce req-4a65620a-3baf-489c-b6bd-5e34592e6e8d 87865b9db0564c6396c9aa3603685f3b b46907eb62f4475c98952fc005d9a697 - - a195706c00b84a829d1be0d41577f697 a195706c00b84a829d1be0d41577f697] 199.204.45.238 "GET /v2.0/ports?tenant_id=d833d70701474331a90c6ecf2fdece73&device_id=5ab7001e-3234-4128-a894-7cb19057f1b0 HTTP/1.1" status: 200 len: 1407 time: 0.1019249
2026-04-27 02:32:54.244 10 INFO neutron.wsgi [req-2879f3cb-5da0-4c61-97dc-967c2653a1cb req-2cfae249-b609-479a-bf30-033b92a2b128 87865b9db0564c6396c9aa3603685f3b b46907eb62f4475c98952fc005d9a697 - - a195706c00b84a829d1be0d41577f697 a195706c00b84a829d1be0d41577f697] 199.204.45.238 "GET /v2.0/floatingips?fixed_ip_address=10.100.0.13&port_id=bd06b339-0191-4d1a-9c97-4fda3255e50e HTTP/1.1" status: 200 len: 217 time: 0.0495381
2026-04-27 02:32:54.261 9 INFO neutron.wsgi [req-5512ebed-8a14-408a-b776-deb208f18c74 req-1c4c5d9b-6cfb-4d1a-9253-6e8e2d52087d c8ccced1098440fcbc6ab5310bb57df6 54e4f3eaadb0477490a8f540ecec9def - - default default] 10.0.0.104 "GET /v2.0/ports?device_id=76dec616-7c42-451d-92a2-8d77699c7677 HTTP/1.1" status: 200 len: 210 time: 0.0396419
2026-04-27 02:32:54.283 10 INFO neutron.wsgi [req-748cf71b-afc3-4aaf-afe8-1735eeb2c7ce req-c2703e11-3eb5-4aa8-8842-52137518500d 87865b9db0564c6396c9aa3603685f3b b46907eb62f4475c98952fc005d9a697 - - a195706c00b84a829d1be0d41577f697 a195706c00b84a829d1be0d41577f697] 199.204.45.238 "GET /v2.0/floatingips?fixed_ip_address=10.100.0.7&port_id=df0c2ae7-14de-449c-9096-f25625f5c4b0 HTTP/1.1" status: 200 len: 217 time: 0.0451875
2026-04-27 02:32:54.362 10 INFO neutron.wsgi [req-2879f3cb-5da0-4c61-97dc-967c2653a1cb req-ca0ab55c-b762-41ae-9977-5aab380e56f8 87865b9db0564c6396c9aa3603685f3b b46907eb62f4475c98952fc005d9a697 - - a195706c00b84a829d1be0d41577f697 a195706c00b84a829d1be0d41577f697] 199.204.45.238 "GET /v2.0/subnets?id=78961689-f996-4aae-aca9-ee0c7648d421 HTTP/1.1" status: 200 len: 877 time: 0.1102357
