2026-04-27 02:35:21.557 9 INFO neutron.wsgi [None req-642e9ed4-566a-4c7e-b269-c50efec32859 0bb34017f26c4bada64243e1a8eed529 2447d6ba14804b89a8aa20ad34c0ca22 - - default default] 10.0.0.95 "GET /v2.0/extensions HTTP/1.1" status: 200 len: 16975 time: 0.0061004
2026-04-27 02:35:21.635 9 INFO neutron.wsgi [None req-0ea929c8-9b9e-4b7f-a5c7-d895e9a2a23e 0bb34017f26c4bada64243e1a8eed529 2447d6ba14804b89a8aa20ad34c0ca22 - - default default] 10.0.0.95 "GET /v2.0/networks HTTP/1.1" status: 200 len: 1503 time: 0.0730755
2026-04-27 02:35:21.661 10 INFO neutron.db.ovn_revision_numbers_db [req-2a81e617-992a-46b9-9e2c-53788c0f0bf8 req-217b6a5e-8d80-4db6-90c5-c7fa50e07db8 87865b9db0564c6396c9aa3603685f3b b46907eb62f4475c98952fc005d9a697 - - a195706c00b84a829d1be0d41577f697 a195706c00b84a829d1be0d41577f697] Successfully bumped revision number for resource 3401f1f6-3e88-46b7-8e07-dc3b8e7db48b (type: ports) to 2
2026-04-27 02:35:21.680 10 INFO neutron.wsgi [req-2a81e617-992a-46b9-9e2c-53788c0f0bf8 req-217b6a5e-8d80-4db6-90c5-c7fa50e07db8 87865b9db0564c6396c9aa3603685f3b b46907eb62f4475c98952fc005d9a697 - - a195706c00b84a829d1be0d41577f697 a195706c00b84a829d1be0d41577f697] 199.204.45.238 "PUT /v2.0/ports/3401f1f6-3e88-46b7-8e07-dc3b8e7db48b HTTP/1.1" status: 200 len: 1376 time: 0.9253631
2026-04-27 02:35:21.684 9 INFO neutron.wsgi [None req-ceb6f2b7-eab7-4108-b534-527c07681b5c 0bb34017f26c4bada64243e1a8eed529 2447d6ba14804b89a8aa20ad34c0ca22 - - default default] 10.0.0.95 "GET /v2.0/subnets HTTP/1.1" status: 200 len: 1428 time: 0.0426416 /var/lib/openstack/lib/python3.10/site-packages/pycadf/identifier.py:71: UserWarning: Invalid uuid: neutron. To ensure interoperability, identifiers should be a valid uuid. warnings.warn(('Invalid uuid: %s. To ensure interoperability, '
2026-04-27 02:35:21.743 10 INFO neutron.notifiers.nova [-] Nova event matching ['req-187564d0-72ec-4fe6-9710-7815a5eaeb29'] response: {'name': 'network-changed', 'server_uuid': 'a88f3a41-76d8-4116-a90a-63a1072dc486', 'tag': '3401f1f6-3e88-46b7-8e07-dc3b8e7db48b', 'status': 'completed', 'code': 200}
2026-04-27 02:35:21.778 10 INFO neutron.wsgi [None req-cfa26e38-b104-40e5-929b-e89a24540734 0bb34017f26c4bada64243e1a8eed529 2447d6ba14804b89a8aa20ad34c0ca22 - - default default] 10.0.0.95 "GET /v2.0/networks/1e665142-210d-4f3b-8382-cdd672f835a1 HTTP/1.1" status: 200 len: 862 time: 0.0882151
2026-04-27 02:35:21.783 10 INFO neutron.wsgi [req-2a81e617-992a-46b9-9e2c-53788c0f0bf8 req-8008ae08-1177-4c8d-a439-25c476b3ac3c 87865b9db0564c6396c9aa3603685f3b b46907eb62f4475c98952fc005d9a697 - - a195706c00b84a829d1be0d41577f697 a195706c00b84a829d1be0d41577f697] 199.204.45.238 "GET /v2.0/ports?tenant_id=cf0af788e88b4553860f36d93573576e&device_id=a88f3a41-76d8-4116-a90a-63a1072dc486 HTTP/1.1" status: 200 len: 1407 time: 0.0514054
2026-04-27 02:35:21.823 10 INFO neutron.wsgi [req-2a81e617-992a-46b9-9e2c-53788c0f0bf8 req-708e48fe-0501-457d-9c34-7bb627906aa4 87865b9db0564c6396c9aa3603685f3b b46907eb62f4475c98952fc005d9a697 - - a195706c00b84a829d1be0d41577f697 a195706c00b84a829d1be0d41577f697] 199.204.45.238 "GET /v2.0/floatingips?fixed_ip_address=10.100.0.6&port_id=3401f1f6-3e88-46b7-8e07-dc3b8e7db48b HTTP/1.1" status: 200 len: 217 time: 0.0284402
2026-04-27 02:35:21.836 10 INFO neutron.wsgi [None req-38b8c21b-8eea-493e-b17d-18bfa1fe2b27 0bb34017f26c4bada64243e1a8eed529 2447d6ba14804b89a8aa20ad34c0ca22 - - default default] 10.0.0.95 "GET /v2.0/subnets/f1dc2e51-371f-497d-895d-9421a5df87dc HTTP/1.1" status: 200 len: 811 time: 0.0518553
2026-04-27 02:35:21.861 9 INFO neutron.pecan_wsgi.hooks.translation [None req-8fa9e2b1-ff56-47a1-8660-fdad27d7ac0d 0bb34017f26c4bada64243e1a8eed529 2447d6ba14804b89a8aa20ad34c0ca22 - - default default] DELETE failed (client error): The resource could not be found.
2026-04-27 02:35:21.865 9 INFO neutron.wsgi [None req-8fa9e2b1-ff56-47a1-8660-fdad27d7ac0d 0bb34017f26c4bada64243e1a8eed529 2447d6ba14804b89a8aa20ad34c0ca22 - - default default] 10.0.0.95 "DELETE /v2.0/subnets/08aa5304-29f2-4b8f-8d1b-42d71cb062b4 HTTP/1.1" status: 404 len: 337 time: 0.0219662
2026-04-27 02:35:21.865 10 INFO neutron.wsgi [req-2a81e617-992a-46b9-9e2c-53788c0f0bf8 req-efb11022-ea36-426d-a9d6-d3880be06b26 87865b9db0564c6396c9aa3603685f3b b46907eb62f4475c98952fc005d9a697 - - a195706c00b84a829d1be0d41577f697 a195706c00b84a829d1be0d41577f697] 199.204.45.238 "GET /v2.0/subnets?id=5118589d-d7d7-4574-8979-8091601ef71d HTTP/1.1" status: 200 len: 852 time: 0.0342979
2026-04-27 02:35:21.882 9 INFO neutron.pecan_wsgi.hooks.translation [None req-451912d6-7437-4493-974e-1cdc7fd89da7 0bb34017f26c4bada64243e1a8eed529 2447d6ba14804b89a8aa20ad34c0ca22 - - default default] DELETE failed (client error): The resource could not be found.
2026-04-27 02:35:21.884 9 INFO neutron.wsgi [None req-451912d6-7437-4493-974e-1cdc7fd89da7 0bb34017f26c4bada64243e1a8eed529 2447d6ba14804b89a8aa20ad34c0ca22 - - default default] 10.0.0.95 "DELETE /v2.0/networks/a5ef29a1-cd7a-4593-aae4-9e0b49d2c33d HTTP/1.1" status: 404 len: 339 time: 0.0138068
2026-04-27 02:35:21.897 10 INFO neutron.wsgi [req-2a81e617-992a-46b9-9e2c-53788c0f0bf8 req-6e51e01f-9387-42d3-883d-7481ed11cc8a 87865b9db0564c6396c9aa3603685f3b b46907eb62f4475c98952fc005d9a697 - - a195706c00b84a829d1be0d41577f697 a195706c00b84a829d1be0d41577f697] 199.204.45.238 "GET /v2.0/ports?network_id=8c575a3b-164d-488d-ab89-8ae48ed37be8&device_owner=network%3Adhcp HTTP/1.1" status: 200 len: 210 time: 0.0256360
2026-04-27 02:35:21.968 10 INFO neutron.wsgi [req-2a81e617-992a-46b9-9e2c-53788c0f0bf8 req-6cb0c8cf-fa5f-46f5-ad5a-e6e4222dfe76 87865b9db0564c6396c9aa3603685f3b b46907eb62f4475c98952fc005d9a697 - - a195706c00b84a829d1be0d41577f697 a195706c00b84a829d1be0d41577f697] 199.204.45.238 "GET /v2.0/networks/8c575a3b-164d-488d-ab89-8ae48ed37be8?fields=segments HTTP/1.1" status: 200 len: 212 time: 0.0633755
2026-04-27 02:35:22.043 10 INFO neutron.wsgi [req-2a81e617-992a-46b9-9e2c-53788c0f0bf8 req-8426ffc5-d292-4980-b13d-af283af9cf53 87865b9db0564c6396c9aa3603685f3b b46907eb62f4475c98952fc005d9a697 - - a195706c00b84a829d1be0d41577f697 a195706c00b84a829d1be0d41577f697] 199.204.45.238 "GET /v2.0/networks/8c575a3b-164d-488d-ab89-8ae48ed37be8?fields=provider%3Aphysical_network&fields=provider%3Anetwork_type HTTP/1.1" status: 200 len: 277 time: 0.0678973
2026-04-27 02:35:22.090 9 INFO neutron.wsgi [None req-413630ea-97b8-4be6-8696-8020ba46d347 0bb34017f26c4bada64243e1a8eed529 2447d6ba14804b89a8aa20ad34c0ca22 - - default default] 10.0.0.95 "DELETE /v2.0/subnets/f1dc2e51-371f-497d-895d-9421a5df87dc HTTP/1.1" status: 204 len: 168 time: 0.2018881
2026-04-27 02:35:22.122 10 INFO neutron.wsgi [req-c51ab32d-183c-4d9d-a707-5cd0de9f6be6 req-50c75c26-498e-4953-9c9f-8cd052c2dee7 87865b9db0564c6396c9aa3603685f3b b46907eb62f4475c98952fc005d9a697 - - a195706c00b84a829d1be0d41577f697 a195706c00b84a829d1be0d41577f697] 199.204.45.238 "GET /v2.0/ports?tenant_id=cf0af788e88b4553860f36d93573576e&device_id=a88f3a41-76d8-4116-a90a-63a1072dc486 HTTP/1.1" status: 200 len: 1407 time: 0.0440307
2026-04-27 02:35:22.186 10 INFO neutron.wsgi [req-c51ab32d-183c-4d9d-a707-5cd0de9f6be6 req-14064d18-8c46-4b56-ba6c-e6024a9dc57e 87865b9db0564c6396c9aa3603685f3b b46907eb62f4475c98952fc005d9a697 - - a195706c00b84a829d1be0d41577f697 a195706c00b84a829d1be0d41577f697] 199.204.45.238 "GET /v2.0/networks?id=8c575a3b-164d-488d-ab89-8ae48ed37be8 HTTP/1.1" status: 200 len: 959 time: 0.0576789
2026-04-27 02:35:22.212 10 INFO neutron.wsgi [req-c51ab32d-183c-4d9d-a707-5cd0de9f6be6 req-d43410fc-e066-428e-a60a-0895a578b19e 87865b9db0564c6396c9aa3603685f3b b46907eb62f4475c98952fc005d9a697 - - a195706c00b84a829d1be0d41577f697 a195706c00b84a829d1be0d41577f697] 199.204.45.238 "GET /v2.0/floatingips?fixed_ip_address=10.100.0.6&port_id=3401f1f6-3e88-46b7-8e07-dc3b8e7db48b HTTP/1.1" status: 200 len: 217 time: 0.0202270
2026-04-27 02:35:22.261 10 INFO neutron.wsgi [req-c51ab32d-183c-4d9d-a707-5cd0de9f6be6 req-6578da19-5735-43b6-99fd-9e0374eb47f3 87865b9db0564c6396c9aa3603685f3b b46907eb62f4475c98952fc005d9a697 - - a195706c00b84a829d1be0d41577f697 a195706c00b84a829d1be0d41577f697] 199.204.45.238 "GET /v2.0/subnets?id=5118589d-d7d7-4574-8979-8091601ef71d HTTP/1.1" status: 200 len: 852 time: 0.0421333
2026-04-27 02:35:22.265 10 INFO neutron.plugins.ml2.drivers.ovn.mech_driver.mech_driver [None req-e6346f3f-a6e5-489c-b37e-770d5ff2662c - - - - - -] OVN reports status up for port: 3401f1f6-3e88-46b7-8e07-dc3b8e7db48b
2026-04-27 02:35:22.287 10 INFO neutron.plugins.ml2.plugin [None req-e6346f3f-a6e5-489c-b37e-770d5ff2662c - - - - - -] Attempt 1 to provision port 3401f1f6-3e88-46b7-8e07-dc3b8e7db48b
2026-04-27 02:35:22.289 10 INFO neutron.wsgi [req-c51ab32d-183c-4d9d-a707-5cd0de9f6be6 req-4beebbc3-e43e-4e4e-b147-f315e6a9bebc 87865b9db0564c6396c9aa3603685f3b b46907eb62f4475c98952fc005d9a697 - - a195706c00b84a829d1be0d41577f697 a195706c00b84a829d1be0d41577f697] 199.204.45.238 "GET /v2.0/ports?network_id=8c575a3b-164d-488d-ab89-8ae48ed37be8&device_owner=network%3Adhcp HTTP/1.1" status: 200 len: 210 time: 0.0197377
2026-04-27 02:35:22.366 10 INFO neutron.wsgi [req-c51ab32d-183c-4d9d-a707-5cd0de9f6be6 req-112628f3-f078-4418-ad4e-657eb59d159a 87865b9db0564c6396c9aa3603685f3b b46907eb62f4475c98952fc005d9a697 - - a195706c00b84a829d1be0d41577f697 a195706c00b84a829d1be0d41577f697] 199.204.45.238 "GET /v2.0/networks/8c575a3b-164d-488d-ab89-8ae48ed37be8?fields=segments HTTP/1.1" status: 200 len: 212 time: 0.0680318
2026-04-27 02:35:22.474 10 INFO neutron.wsgi [req-c51ab32d-183c-4d9d-a707-5cd0de9f6be6 req-114a6c16-fe9f-46bd-af01-1f7513c45fa3 87865b9db0564c6396c9aa3603685f3b b46907eb62f4475c98952fc005d9a697 - - a195706c00b84a829d1be0d41577f697 a195706c00b84a829d1be0d41577f697] 199.204.45.238 "GET /v2.0/networks/8c575a3b-164d-488d-ab89-8ae48ed37be8?fields=provider%3Aphysical_network&fields=provider%3Anetwork_type HTTP/1.1" status: 200 len: 277 time: 0.1006014
2026-04-27 02:35:22.620 10 INFO neutron.db.ovn_revision_numbers_db [None req-e6346f3f-a6e5-489c-b37e-770d5ff2662c - - - - - -] Successfully bumped revision number for resource 3401f1f6-3e88-46b7-8e07-dc3b8e7db48b (type: ports) to 4
2026-04-27 02:35:22.765 9 INFO neutron.wsgi [req-2fd30b3b-98cb-45ab-8151-75327e8ccf47 req-196e8354-953d-4cb2-a00a-ff046cc2f187 2fe39306c8ce4ff88581767bb8163735 cf0af788e88b4553860f36d93573576e - - default default] 10.0.0.104 "GET /v2.0/ports?device_id=a88f3a41-76d8-4116-a90a-63a1072dc486 HTTP/1.1" status: 200 len: 1170 time: 0.0390832
2026-04-27 02:35:22.832 9 INFO neutron.wsgi [req-2fd30b3b-98cb-45ab-8151-75327e8ccf47 req-c0c3a332-529f-4508-b271-5cbcd6a26fe3 2fe39306c8ce4ff88581767bb8163735 cf0af788e88b4553860f36d93573576e - - default default] 10.0.0.104 "GET /v2.0/security-groups?id=d6f695f9-a65f-4d3d-ab8c-a3415d890119&fields=id&fields=name HTTP/1.1" status: 200 len: 312 time: 0.0577650
2026-04-27 02:35:22.911 9 INFO neutron.wsgi [None req-fa2a0e65-ef6c-461f-bc71-a189ef3bb436 0bb34017f26c4bada64243e1a8eed529 2447d6ba14804b89a8aa20ad34c0ca22 - - default default] 10.0.0.95 "DELETE /v2.0/networks/1e665142-210d-4f3b-8382-cdd672f835a1 HTTP/1.1" status: 204 len: 168 time: 0.8158336
2026-04-27 02:35:23.317 9 INFO neutron.services.segments.plugin [-] Segment ceba5d4d-9ae3-4b60-afe9-a075b46c0105 resource provider aggregate not found
2026-04-27 02:35:23.324 9 INFO neutron.services.segments.plugin [-] Segment ceba5d4d-9ae3-4b60-afe9-a075b46c0105 resource provider aggregate not found /var/lib/openstack/lib/python3.10/site-packages/pycadf/identifier.py:71: UserWarning: Invalid uuid: neutron. To ensure interoperability, identifiers should be a valid uuid. warnings.warn(('Invalid uuid: %s. To ensure interoperability, '
2026-04-27 02:35:23.332 10 WARNING neutron_lib.context [None req-dc8f4d38-6915-4d27-8f99-fd096ae0df95 5c0b45ee84274aad8cd1378887af8c20 64fb5f15e10c41b59af4405e5d2041d9 - - default default] Method 'is_advsvc' is deprecated since 2023.2 release (neutron-lib 3.8.0) and will be removed once support for the old RBAC API policies will be removed from Neutron. Please use method 'is_service_role' instead.
2026-04-27 02:35:23.340 9 INFO neutron.services.segments.plugin [-] Segment ceba5d4d-9ae3-4b60-afe9-a075b46c0105 resource provider not found; error: Placement Client Error (4xx): {"errors": [{"status": 404, "title": "Not Found", "detail": "The resource could not be found.\n\n No resource provider with uuid ceba5d4d-9ae3-4b60-afe9-a075b46c0105 found for delete ", "request_id": "req-e05eec1d-e7d4-41fc-aa69-2d62ed31f867"}]}
2026-04-27 02:35:23.342 9 INFO neutron.services.segments.plugin [-] Segment ceba5d4d-9ae3-4b60-afe9-a075b46c0105 resource provider not found; error: Placement Client Error (4xx): {"errors": [{"status": 404, "title": "Not Found", "detail": "The resource could not be found.\n\n No resource provider with uuid ceba5d4d-9ae3-4b60-afe9-a075b46c0105 found for delete ", "request_id": "req-6b374e37-8209-4852-a4d4-1598070ff9f9"}]}
2026-04-27 02:35:23.488 10 INFO neutron.db.ovn_revision_numbers_db [None req-dc8f4d38-6915-4d27-8f99-fd096ae0df95 5c0b45ee84274aad8cd1378887af8c20 64fb5f15e10c41b59af4405e5d2041d9 - - default default] Successfully bumped revision number for resource 3200b4e6-229b-4d00-a1a2-55c0da5cfec7 (type: security_groups) to 1
2026-04-27 02:35:23.503 10 INFO neutron.db.ovn_revision_numbers_db [None req-dc8f4d38-6915-4d27-8f99-fd096ae0df95 5c0b45ee84274aad8cd1378887af8c20 64fb5f15e10c41b59af4405e5d2041d9 - - default default] Successfully bumped revision number for resource 132829f7-8cdc-41f6-bdc9-2f49adafc5d7 (type: security_group_rules) to 0
2026-04-27 02:35:23.523 10 INFO neutron.db.ovn_revision_numbers_db [None req-dc8f4d38-6915-4d27-8f99-fd096ae0df95 5c0b45ee84274aad8cd1378887af8c20 64fb5f15e10c41b59af4405e5d2041d9 - - default default] Successfully bumped revision number for resource 4449a8ae-3871-4fa7-9ff5-13c607b3cfe3 (type: security_group_rules) to 0
2026-04-27 02:35:23.541 10 INFO neutron.db.ovn_revision_numbers_db [None req-dc8f4d38-6915-4d27-8f99-fd096ae0df95 5c0b45ee84274aad8cd1378887af8c20 64fb5f15e10c41b59af4405e5d2041d9 - - default default] Successfully bumped revision number for resource 4bded124-e800-4310-ae37-7de550d2e4fe (type: security_group_rules) to 0
2026-04-27 02:35:23.557 10 INFO neutron.db.ovn_revision_numbers_db [None req-dc8f4d38-6915-4d27-8f99-fd096ae0df95 5c0b45ee84274aad8cd1378887af8c20 64fb5f15e10c41b59af4405e5d2041d9 - - default default] Successfully bumped revision number for resource b6ca73f5-961d-44c0-a2a4-72223510d7d9 (type: security_group_rules) to 0
2026-04-27 02:35:23.568 9 INFO neutron.wsgi [None req-79bb8418-cf15-4d5d-9f17-11ee22103d39 d2f0ece76a4a4fc18e3a6437eb5e3f2e 04e559e88607455baa9568180cfcced9 - - default default] 10.0.0.95 "GET /v2.0/security-groups?tenant_id=2447d6ba14804b89a8aa20ad34c0ca22&name=default HTTP/1.1" status: 200 len: 2996 time: 0.0780492
2026-04-27 02:35:23.612 10 INFO neutron.db.segments_db [None req-dc8f4d38-6915-4d27-8f99-fd096ae0df95 5c0b45ee84274aad8cd1378887af8c20 64fb5f15e10c41b59af4405e5d2041d9 - - default default] Added segment d4408f85-f09d-4e29-8c89-74141585dc0c of type geneve for network c7368484-af77-45d2-a51e-50875f2537e3
2026-04-27 02:35:23.750 9 INFO neutron.wsgi [None req-b143f16a-4524-4cef-a202-2dabc6390b51 d2f0ece76a4a4fc18e3a6437eb5e3f2e 04e559e88607455baa9568180cfcced9 - - default default] 10.0.0.95 "DELETE /v2.0/security-groups/bd7f9035-9be1-424c-9b3f-124190664151 HTTP/1.1" status: 204 len: 168 time: 0.1771033
2026-04-27 02:35:23.777 10 INFO neutron.db.ovn_revision_numbers_db [None req-dc8f4d38-6915-4d27-8f99-fd096ae0df95 5c0b45ee84274aad8cd1378887af8c20 64fb5f15e10c41b59af4405e5d2041d9 - - default default] Successfully bumped revision number for resource c7368484-af77-45d2-a51e-50875f2537e3 (type: networks) to 1
2026-04-27 02:35:23.804 10 INFO neutron.notifiers.nova [-] Nova event matching ['req-38d5cffe-4cb1-4428-b9e8-4a9d22a6edf2'] response: {'server_uuid': 'a88f3a41-76d8-4116-a90a-63a1072dc486', 'name': 'network-vif-plugged', 'status': 'completed', 'tag': '3401f1f6-3e88-46b7-8e07-dc3b8e7db48b', 'code': 200}
2026-04-27 02:35:23.805 10 INFO neutron.notifiers.nova [-] Nova event matching ['req-38d5cffe-4cb1-4428-b9e8-4a9d22a6edf2'] response: {'server_uuid': 'a88f3a41-76d8-4116-a90a-63a1072dc486', 'name': 'network-vif-plugged', 'status': 'completed', 'tag': '3401f1f6-3e88-46b7-8e07-dc3b8e7db48b', 'code': 200}
2026-04-27 02:35:23.993 9 INFO neutron.wsgi [req-731e7c1b-e62c-4b63-81a7-bc4ebbdd2abd req-ac0865d6-2cf7-471b-b449-e8141c8ba89e 2fe39306c8ce4ff88581767bb8163735 cf0af788e88b4553860f36d93573576e - - default default] 10.0.0.104 "GET /v2.0/ports?device_id=a88f3a41-76d8-4116-a90a-63a1072dc486 HTTP/1.1" status: 200 len: 1170 time: 0.0868747
2026-04-27 02:35:24.040 10 WARNING neutron.scheduler.dhcp_agent_scheduler [None req-dc8f4d38-6915-4d27-8f99-fd096ae0df95 5c0b45ee84274aad8cd1378887af8c20 64fb5f15e10c41b59af4405e5d2041d9 - - default default] No more DHCP agents
2026-04-27 02:35:24.041 10 WARNING neutron.api.rpc.agentnotifiers.dhcp_rpc_agent_api [None req-dc8f4d38-6915-4d27-8f99-fd096ae0df95 5c0b45ee84274aad8cd1378887af8c20 64fb5f15e10c41b59af4405e5d2041d9 - - default default] Unable to schedule network c7368484-af77-45d2-a51e-50875f2537e3: no agents available; will retry on subsequent port and subnet creation events.
2026-04-27 02:35:24.059 9 INFO neutron.wsgi [req-731e7c1b-e62c-4b63-81a7-bc4ebbdd2abd req-54ccdcac-734d-44fb-a7f2-dbe0df4b20b0 2fe39306c8ce4ff88581767bb8163735 cf0af788e88b4553860f36d93573576e - - default default] 10.0.0.104 "GET /v2.0/security-groups?id=d6f695f9-a65f-4d3d-ab8c-a3415d890119&fields=id&fields=name HTTP/1.1" status: 200 len: 312 time: 0.0587437
2026-04-27 02:35:24.132 10 INFO neutron.db.ovn_revision_numbers_db [None req-dc8f4d38-6915-4d27-8f99-fd096ae0df95 5c0b45ee84274aad8cd1378887af8c20 64fb5f15e10c41b59af4405e5d2041d9 - - default default] Successfully bumped revision number for resource 6cb5fd17-70ca-4120-96b7-c4d73de2bf06 (type: ports) to 1
2026-04-27 02:35:24.157 10 INFO neutron.wsgi [None req-dc8f4d38-6915-4d27-8f99-fd096ae0df95 5c0b45ee84274aad8cd1378887af8c20 64fb5f15e10c41b59af4405e5d2041d9 - - default default] 10.0.0.95 "POST /v2.0/networks HTTP/1.1" status: 201 len: 832 time: 0.9923000
2026-04-27 02:35:24.169 9 WARNING neutron_lib.context [None req-2d74e78a-dae7-4f80-82bb-0eac9c9240c0 5c0b45ee84274aad8cd1378887af8c20 64fb5f15e10c41b59af4405e5d2041d9 - - default default] Method 'is_advsvc' is deprecated since 2023.2 release (neutron-lib 3.8.0) and will be removed once support for the old RBAC API policies will be removed from Neutron. Please use method 'is_service_role' instead.
2026-04-27 02:35:24.276 9 INFO neutron.db.segments_db [None req-2d74e78a-dae7-4f80-82bb-0eac9c9240c0 5c0b45ee84274aad8cd1378887af8c20 64fb5f15e10c41b59af4405e5d2041d9 - - default default] Added segment a6b351be-ca8f-4c84-8712-fd0556ccfd35 of type geneve for network 2c00f6bf-8507-41f7-9ef7-5dd939045ee7
2026-04-27 02:35:24.471 9 INFO neutron.db.ovn_revision_numbers_db [None req-2d74e78a-dae7-4f80-82bb-0eac9c9240c0 5c0b45ee84274aad8cd1378887af8c20 64fb5f15e10c41b59af4405e5d2041d9 - - default default] Successfully bumped revision number for resource 2c00f6bf-8507-41f7-9ef7-5dd939045ee7 (type: networks) to 1
2026-04-27 02:35:24.502 9 INFO neutron.wsgi [-] 10.0.0.81 "GET / HTTP/1.1" status: 200 len: 247 time: 0.0020106
2026-04-27 02:35:24.503 10 INFO neutron.wsgi [-] 10.0.0.81 "GET / HTTP/1.1" status: 200 len: 247 time: 0.0031481
2026-04-27 02:35:24.685 9 WARNING neutron.scheduler.dhcp_agent_scheduler [None req-2d74e78a-dae7-4f80-82bb-0eac9c9240c0 5c0b45ee84274aad8cd1378887af8c20 64fb5f15e10c41b59af4405e5d2041d9 - - default default] No more DHCP agents
2026-04-27 02:35:24.686 9 WARNING neutron.api.rpc.agentnotifiers.dhcp_rpc_agent_api [None req-2d74e78a-dae7-4f80-82bb-0eac9c9240c0 5c0b45ee84274aad8cd1378887af8c20 64fb5f15e10c41b59af4405e5d2041d9 - - default default] Unable to schedule network 2c00f6bf-8507-41f7-9ef7-5dd939045ee7: no agents available; will retry on subsequent port and subnet creation events.
2026-04-27 02:35:24.777 9 INFO neutron.db.ovn_revision_numbers_db [None req-2d74e78a-dae7-4f80-82bb-0eac9c9240c0 5c0b45ee84274aad8cd1378887af8c20 64fb5f15e10c41b59af4405e5d2041d9 - - default default] Successfully bumped revision number for resource 9bcf7347-59ff-486e-a308-7d7e69b223e0 (type: ports) to 1
2026-04-27 02:35:24.819 9 INFO neutron.wsgi [None req-2d74e78a-dae7-4f80-82bb-0eac9c9240c0 5c0b45ee84274aad8cd1378887af8c20 64fb5f15e10c41b59af4405e5d2041d9 - - default default] 10.0.0.95 "POST /v2.0/networks HTTP/1.1" status: 201 len: 833 time: 0.6555789
2026-04-27 02:35:24.840 10 WARNING neutron_lib.context [None req-d54bb060-0e1f-40ed-9295-6928187f4982 5c0b45ee84274aad8cd1378887af8c20 64fb5f15e10c41b59af4405e5d2041d9 - - default default] Method 'is_advsvc' is deprecated since 2023.2 release (neutron-lib 3.8.0) and will be removed once support for the old RBAC API policies will be removed from Neutron. Please use method 'is_service_role' instead.
2026-04-27 02:35:25.095 10 WARNING neutron.scheduler.dhcp_agent_scheduler [None req-d54bb060-0e1f-40ed-9295-6928187f4982 5c0b45ee84274aad8cd1378887af8c20 64fb5f15e10c41b59af4405e5d2041d9 - - default default] No more DHCP agents
2026-04-27 02:35:25.098 10 WARNING neutron.api.rpc.agentnotifiers.dhcp_rpc_agent_api [None req-d54bb060-0e1f-40ed-9295-6928187f4982 5c0b45ee84274aad8cd1378887af8c20 64fb5f15e10c41b59af4405e5d2041d9 - - default default] Unable to schedule network c7368484-af77-45d2-a51e-50875f2537e3: no agents available; will retry on subsequent port and subnet creation events.
2026-04-27 02:35:25.145 10 INFO neutron.db.ovn_revision_numbers_db [None req-d54bb060-0e1f-40ed-9295-6928187f4982 5c0b45ee84274aad8cd1378887af8c20 64fb5f15e10c41b59af4405e5d2041d9 - - default default] Successfully bumped revision number for resource 20126cf6-8df6-44bf-93d6-d28d7aa549c6 (type: subnets) to 0
2026-04-27 02:35:25.180 10 INFO neutron.wsgi [None req-d54bb060-0e1f-40ed-9295-6928187f4982 5c0b45ee84274aad8cd1378887af8c20 64fb5f15e10c41b59af4405e5d2041d9 - - default default] 10.0.0.95 "POST /v2.0/subnets HTTP/1.1" status: 201 len: 821 time: 0.3538611
2026-04-27 02:35:25.198 10 WARNING neutron_lib.context [None req-b3a133c7-eeb1-4d31-9499-d41d41c5ca98 5c0b45ee84274aad8cd1378887af8c20 64fb5f15e10c41b59af4405e5d2041d9 - - default default] Method 'is_advsvc' is deprecated since 2023.2 release (neutron-lib 3.8.0) and will be removed once support for the old RBAC API policies will be removed from Neutron. Please use method 'is_service_role' instead.
2026-04-27 02:35:25.201 9 INFO neutron.wsgi [req-8b08ebe6-c0cc-4f99-a983-02074155eba8 req-2bd41650-81b1-493b-af8d-9083e3d959b9 2fe39306c8ce4ff88581767bb8163735 cf0af788e88b4553860f36d93573576e - - default default] 10.0.0.104 "GET /v2.0/ports?device_id=a88f3a41-76d8-4116-a90a-63a1072dc486 HTTP/1.1" status: 200 len: 1170 time: 0.0518925
2026-04-27 02:35:25.270 9 INFO neutron.wsgi [req-8b08ebe6-c0cc-4f99-a983-02074155eba8 req-83da874b-a4bb-4fb0-8153-e9e015d51e43 2fe39306c8ce4ff88581767bb8163735 cf0af788e88b4553860f36d93573576e - - default default] 10.0.0.104 "GET /v2.0/security-groups?id=d6f695f9-a65f-4d3d-ab8c-a3415d890119&fields=id&fields=name HTTP/1.1" status: 200 len: 312 time: 0.0457346
2026-04-27 02:35:25.389 9 INFO neutron.wsgi [req-0ece2e22-67bf-44f2-9230-b854ecaea852 req-501f75b2-28be-4561-af04-a61761ac13c2 2fe39306c8ce4ff88581767bb8163735 cf0af788e88b4553860f36d93573576e - - default default] 10.0.0.104 "GET /v2.0/ports?device_id=a88f3a41-76d8-4116-a90a-63a1072dc486 HTTP/1.1" status: 200 len: 1170 time: 0.0452056
2026-04-27 02:35:25.436 9 INFO neutron.wsgi [req-0ece2e22-67bf-44f2-9230-b854ecaea852 req-3a2f145a-1006-4828-82e6-dbac7698995a 2fe39306c8ce4ff88581767bb8163735 cf0af788e88b4553860f36d93573576e - - default default] 10.0.0.104 "GET /v2.0/security-groups?id=d6f695f9-a65f-4d3d-ab8c-a3415d890119&fields=id&fields=name HTTP/1.1" status: 200 len: 312 time: 0.0411220
2026-04-27 02:35:25.512 9 INFO neutron.wsgi [None req-464dbb0d-41ce-4d9e-b797-d136a4c94367 8ee03851a76e41159c59e02752df339b d35319637ae0436da70866f6a6942ea7 - - default default] 10.0.0.95 "GET /v2.0/ports?device_id=a88f3a41-76d8-4116-a90a-63a1072dc486 HTTP/1.1" status: 200 len: 1404 time: 0.0460167
2026-04-27 02:35:25.549 10 WARNING neutron.scheduler.dhcp_agent_scheduler [None req-b3a133c7-eeb1-4d31-9499-d41d41c5ca98 5c0b45ee84274aad8cd1378887af8c20 64fb5f15e10c41b59af4405e5d2041d9 - - default default] No more DHCP agents
2026-04-27 02:35:25.555 10 WARNING neutron.api.rpc.agentnotifiers.dhcp_rpc_agent_api [None req-b3a133c7-eeb1-4d31-9499-d41d41c5ca98 5c0b45ee84274aad8cd1378887af8c20 64fb5f15e10c41b59af4405e5d2041d9 - - default default] Unable to schedule network 2c00f6bf-8507-41f7-9ef7-5dd939045ee7: no agents available; will retry on subsequent port and subnet creation events.
2026-04-27 02:35:25.763 9 WARNING neutron_lib.context [None req-7dbbb577-d6b9-4d8e-a8f5-f1c1b923e430 dee5d5b086f24930a92eda909de718c8 addcad97c93345fd9f9adcca167e3777 - - default default] Method 'is_advsvc' is deprecated since 2023.2 release (neutron-lib 3.8.0) and will be removed once support for the old RBAC API policies will be removed from Neutron. Please use method 'is_service_role' instead.
2026-04-27 02:35:25.956 9 INFO neutron.db.ovn_revision_numbers_db [None req-7dbbb577-d6b9-4d8e-a8f5-f1c1b923e430 dee5d5b086f24930a92eda909de718c8 addcad97c93345fd9f9adcca167e3777 - - default default] Successfully bumped revision number for resource b89350fe-4fcb-4b44-81ac-92c7de6aa78c (type: routers) to 1
2026-04-27 02:35:25.974 9 INFO neutron.wsgi [None req-7dbbb577-d6b9-4d8e-a8f5-f1c1b923e430 dee5d5b086f24930a92eda909de718c8 addcad97c93345fd9f9adcca167e3777 - - default default] 10.0.0.95 "POST /v2.0/routers HTTP/1.1" status: 201 len: 654 time: 0.4099789
2026-04-27 02:35:25.986 9 WARNING neutron_lib.context [None req-fd435bff-63c1-4fec-85ce-0e53ab977f56 dee5d5b086f24930a92eda909de718c8 addcad97c93345fd9f9adcca167e3777 - - default default] Method 'is_advsvc' is deprecated since 2023.2 release (neutron-lib 3.8.0) and will be removed once support for the old RBAC API policies will be removed from Neutron. Please use method 'is_service_role' instead.
2026-04-27 02:35:25.992 10 INFO neutron.db.ovn_revision_numbers_db [None req-b3a133c7-eeb1-4d31-9499-d41d41c5ca98 5c0b45ee84274aad8cd1378887af8c20 64fb5f15e10c41b59af4405e5d2041d9 - - default default] Successfully bumped revision number for resource 1aba9015-b476-4be8-a840-db4fda2a3711 (type: subnets) to 0
2026-04-27 02:35:26.014 10 INFO neutron.wsgi [None req-b3a133c7-eeb1-4d31-9499-d41d41c5ca98 5c0b45ee84274aad8cd1378887af8c20 64fb5f15e10c41b59af4405e5d2041d9 - - default default] 10.0.0.95 "POST /v2.0/subnets HTTP/1.1" status: 201 len: 830 time: 0.8260033
2026-04-27 02:35:26.035 9 WARNING neutron_lib.context [None req-facf1d30-ce0d-4e3d-8582-3f1d66c2b5a3 5c0b45ee84274aad8cd1378887af8c20 64fb5f15e10c41b59af4405e5d2041d9 - - default default] Method 'is_advsvc' is deprecated since 2023.2 release (neutron-lib 3.8.0) and will be removed once support for the old RBAC API policies will be removed from Neutron. Please use method 'is_service_role' instead.
2026-04-27 02:35:26.162 9 INFO neutron.db.ovn_revision_numbers_db [None req-fd435bff-63c1-4fec-85ce-0e53ab977f56 dee5d5b086f24930a92eda909de718c8 addcad97c93345fd9f9adcca167e3777 - - default default] Successfully bumped revision number for resource 59e2ffd6-a1d9-4476-ab49-dbdb6f1436ab (type: routers) to 1
2026-04-27 02:35:26.170 10 INFO neutron.db.l3_db [None req-77d07081-8f51-471b-b7df-abc639a90d88 2fe39306c8ce4ff88581767bb8163735 cf0af788e88b4553860f36d93573576e - - default default] Floating IP 68ff9d9e-6709-44a6-be1d-16637cac5873 associated. External IP: 10.96.250.201, port: 3401f1f6-3e88-46b7-8e07-dc3b8e7db48b.
2026-04-27 02:35:26.197 9 INFO neutron.wsgi [None req-fd435bff-63c1-4fec-85ce-0e53ab977f56 dee5d5b086f24930a92eda909de718c8 addcad97c93345fd9f9adcca167e3777 - - default default] 10.0.0.95 "POST /v2.0/routers HTTP/1.1" status: 201 len: 654 time: 0.2172616
2026-04-27 02:35:26.209 10 WARNING neutron_lib.context [None req-cef2e077-0f09-4b62-b135-752cd13796b5 dee5d5b086f24930a92eda909de718c8 addcad97c93345fd9f9adcca167e3777 - - default default] Method 'is_advsvc' is deprecated since 2023.2 release (neutron-lib 3.8.0) and will be removed once support for the old RBAC API policies will be removed from Neutron. Please use method 'is_service_role' instead.
2026-04-27 02:35:26.223 9 INFO neutron.db.ovn_revision_numbers_db [None req-facf1d30-ce0d-4e3d-8582-3f1d66c2b5a3 5c0b45ee84274aad8cd1378887af8c20 64fb5f15e10c41b59af4405e5d2041d9 - - default default] Successfully bumped revision number for resource 4d72286e-d3e5-424e-bee3-59eefbfae671 (type: routers) to 1
2026-04-27 02:35:26.238 9 INFO neutron.wsgi [None req-facf1d30-ce0d-4e3d-8582-3f1d66c2b5a3 5c0b45ee84274aad8cd1378887af8c20 64fb5f15e10c41b59af4405e5d2041d9 - - default default] 10.0.0.95 "POST /v2.0/routers HTTP/1.1" status: 201 len: 691 time: 0.2184403
2026-04-27 02:35:26.403 10 INFO neutron.db.ovn_revision_numbers_db [None req-cef2e077-0f09-4b62-b135-752cd13796b5 dee5d5b086f24930a92eda909de718c8 addcad97c93345fd9f9adcca167e3777 - - default default] Successfully bumped revision number for resource 3c2029ef-0794-414b-a757-d902e6a09a23 (type: routers) to 1
2026-04-27 02:35:26.423 10 INFO neutron.wsgi [None req-cef2e077-0f09-4b62-b135-752cd13796b5 dee5d5b086f24930a92eda909de718c8 addcad97c93345fd9f9adcca167e3777 - - default default] 10.0.0.95 "POST /v2.0/routers HTTP/1.1" status: 201 len: 654 time: 0.2208781
2026-04-27 02:35:26.437 10 WARNING neutron_lib.context [None req-a4458bbb-98bb-4121-8089-2f3f39499af5 dee5d5b086f24930a92eda909de718c8 addcad97c93345fd9f9adcca167e3777 - - default default] Method 'is_advsvc' is deprecated since 2023.2 release (neutron-lib 3.8.0) and will be removed once support for the old RBAC API policies will be removed from Neutron. Please use method 'is_service_role' instead.
2026-04-27 02:35:26.498 10 INFO neutron.db.ovn_revision_numbers_db [None req-77d07081-8f51-471b-b7df-abc639a90d88 2fe39306c8ce4ff88581767bb8163735 cf0af788e88b4553860f36d93573576e - - default default] Successfully bumped revision number for resource 68ff9d9e-6709-44a6-be1d-16637cac5873 (type: floatingips) to 4
2026-04-27 02:35:26.628 10 INFO neutron.db.ovn_revision_numbers_db [None req-a4458bbb-98bb-4121-8089-2f3f39499af5 dee5d5b086f24930a92eda909de718c8 addcad97c93345fd9f9adcca167e3777 - - default default] Successfully bumped revision number for resource cdd41c91-4629-4ec2-8bdd-e1a18934770d (type: routers) to 1
2026-04-27 02:35:26.663 10 INFO neutron.wsgi [None req-a4458bbb-98bb-4121-8089-2f3f39499af5 dee5d5b086f24930a92eda909de718c8 addcad97c93345fd9f9adcca167e3777 - - default default] 10.0.0.95 "POST /v2.0/routers HTTP/1.1" status: 201 len: 654 time: 0.2315249
2026-04-27 02:35:26.675 10 WARNING neutron_lib.context [None req-66337ba8-3453-467e-9558-3ea2ebe6f8a9 dee5d5b086f24930a92eda909de718c8 addcad97c93345fd9f9adcca167e3777 - - default default] Method 'is_advsvc' is deprecated since 2023.2 release (neutron-lib 3.8.0) and will be removed once support for the old RBAC API policies will be removed from Neutron. Please use method 'is_service_role' instead.
2026-04-27 02:35:26.694 10 INFO neutron.db.ovn_revision_numbers_db [None req-77d07081-8f51-471b-b7df-abc639a90d88 2fe39306c8ce4ff88581767bb8163735 cf0af788e88b4553860f36d93573576e - - default default] Successfully bumped revision number for resource 68ff9d9e-6709-44a6-be1d-16637cac5873 (type: floatingips) to 5
2026-04-27 02:35:26.732 10 INFO neutron.wsgi [None req-77d07081-8f51-471b-b7df-abc639a90d88 2fe39306c8ce4ff88581767bb8163735 cf0af788e88b4553860f36d93573576e - - default default] 10.0.0.95 "PUT /v2.0/floatingips/68ff9d9e-6709-44a6-be1d-16637cac5873 HTTP/1.1" status: 200 len: 1049 time: 1.2085683
2026-04-27 02:35:26.759 9 WARNING neutron.scheduler.dhcp_agent_scheduler [None req-632667e0-d36a-468a-b8e6-40f5047add64 5c0b45ee84274aad8cd1378887af8c20 64fb5f15e10c41b59af4405e5d2041d9 - - default default] No more DHCP agents
2026-04-27 02:35:26.763 9 WARNING neutron.api.rpc.agentnotifiers.dhcp_rpc_agent_api [None req-632667e0-d36a-468a-b8e6-40f5047add64 5c0b45ee84274aad8cd1378887af8c20 64fb5f15e10c41b59af4405e5d2041d9 - - default default] Unable to schedule network c7368484-af77-45d2-a51e-50875f2537e3: no agents available; will retry on subsequent port and subnet creation events.
2026-04-27 02:35:26.783 10 INFO neutron.notifiers.nova [-] Nova event matching ['req-4dbd6671-87c3-4e87-b067-0506465d6f20'] response: {'name': 'network-changed', 'server_uuid': 'a88f3a41-76d8-4116-a90a-63a1072dc486', 'tag': '3401f1f6-3e88-46b7-8e07-dc3b8e7db48b', 'status': 'completed', 'code': 200}
2026-04-27 02:35:26.802 10 INFO neutron.wsgi [None req-82e5d22a-af52-4669-81aa-c5de1d2a80a3 2fe39306c8ce4ff88581767bb8163735 cf0af788e88b4553860f36d93573576e - - default default] 10.0.0.95 "GET /v2.0/floatingips/68ff9d9e-6709-44a6-be1d-16637cac5873 HTTP/1.1" status: 200 len: 1051 time: 0.0625699
2026-04-27 02:35:26.883 9 INFO neutron.db.ovn_revision_numbers_db [None req-632667e0-d36a-468a-b8e6-40f5047add64 5c0b45ee84274aad8cd1378887af8c20 64fb5f15e10c41b59af4405e5d2041d9 - - default default] Successfully bumped revision number for resource 3408b40e-dad1-4c42-9e24-f9965c7f368a (type: ports) to 1
2026-04-27 02:35:26.885 10 INFO neutron.wsgi [req-c0c44013-035e-44ed-ae84-b6686266e475 req-af8b024f-61ce-45bd-a165-9e42c8d8d2e5 87865b9db0564c6396c9aa3603685f3b b46907eb62f4475c98952fc005d9a697 - - a195706c00b84a829d1be0d41577f697 a195706c00b84a829d1be0d41577f697] 199.204.45.238 "GET /v2.0/ports?tenant_id=cf0af788e88b4553860f36d93573576e&device_id=a88f3a41-76d8-4116-a90a-63a1072dc486 HTTP/1.1" status: 200 len: 1409 time: 0.0552669
2026-04-27 02:35:26.886 10 INFO neutron.db.ovn_revision_numbers_db [None req-66337ba8-3453-467e-9558-3ea2ebe6f8a9 dee5d5b086f24930a92eda909de718c8 addcad97c93345fd9f9adcca167e3777 - - default default] Successfully bumped revision number for resource 90819117-56cf-4557-b837-18b806d4b56f (type: routers) to 1
2026-04-27 02:35:26.912 10 INFO neutron.wsgi [None req-66337ba8-3453-467e-9558-3ea2ebe6f8a9 dee5d5b086f24930a92eda909de718c8 addcad97c93345fd9f9adcca167e3777 - - default default] 10.0.0.95 "POST /v2.0/routers HTTP/1.1" status: 201 len: 654 time: 0.2429054 /var/lib/openstack/lib/python3.10/site-packages/pycadf/identifier.py:71: UserWarning: Invalid uuid: neutron. To ensure interoperability, identifiers should be a valid uuid. warnings.warn(('Invalid uuid: %s. To ensure interoperability, '
2026-04-27 02:35:26.968 10 INFO neutron.wsgi [req-c0c44013-035e-44ed-ae84-b6686266e475 req-89bb6c71-04ad-4716-b093-7d2d34dc5c16 87865b9db0564c6396c9aa3603685f3b b46907eb62f4475c98952fc005d9a697 - - a195706c00b84a829d1be0d41577f697 a195706c00b84a829d1be0d41577f697] 199.204.45.238 "GET /v2.0/networks?id=8c575a3b-164d-488d-ab89-8ae48ed37be8 HTTP/1.1" status: 200 len: 959 time: 0.0737457
2026-04-27 02:35:27.025 9 INFO neutron.wsgi [None req-dbd1c843-2fd8-4b61-ac45-48f986638286 dee5d5b086f24930a92eda909de718c8 addcad97c93345fd9f9adcca167e3777 - - default default] 10.0.0.95 "PUT /v2.0/routers/b89350fe-4fcb-4b44-81ac-92c7de6aa78c/tags HTTP/1.1" status: 200 len: 210 time: 0.1067097
2026-04-27 02:35:27.028 10 INFO neutron.wsgi [req-c0c44013-035e-44ed-ae84-b6686266e475 req-ba6e8b96-eff2-448d-b6fe-b0e06df0b463 87865b9db0564c6396c9aa3603685f3b b46907eb62f4475c98952fc005d9a697 - - a195706c00b84a829d1be0d41577f697 a195706c00b84a829d1be0d41577f697] 199.204.45.238 "GET /v2.0/floatingips?fixed_ip_address=10.100.0.6&port_id=3401f1f6-3e88-46b7-8e07-dc3b8e7db48b HTTP/1.1" status: 200 len: 1059 time: 0.0498729
2026-04-27 02:35:27.101 10 INFO neutron.wsgi [req-c0c44013-035e-44ed-ae84-b6686266e475 req-3f817cee-6163-400d-ae12-d9f4d285518d 87865b9db0564c6396c9aa3603685f3b b46907eb62f4475c98952fc005d9a697 - - a195706c00b84a829d1be0d41577f697 a195706c00b84a829d1be0d41577f697] 199.204.45.238 "GET /v2.0/subnets?id=5118589d-d7d7-4574-8979-8091601ef71d HTTP/1.1" status: 200 len: 852 time: 0.0650873
2026-04-27 02:35:27.109 10 INFO neutron.wsgi [None req-fdedd8f5-7880-4cdb-a7a3-ca19d50f33ab dee5d5b086f24930a92eda909de718c8 addcad97c93345fd9f9adcca167e3777 - - default default] 10.0.0.95 "PUT /v2.0/routers/59e2ffd6-a1d9-4476-ab49-dbdb6f1436ab/tags HTTP/1.1" status: 200 len: 218 time: 0.0787382
2026-04-27 02:35:27.133 10 INFO neutron.wsgi [req-c0c44013-035e-44ed-ae84-b6686266e475 req-c15fbf75-31c7-4ed7-b019-1df03f0bb3ea 87865b9db0564c6396c9aa3603685f3b b46907eb62f4475c98952fc005d9a697 - - a195706c00b84a829d1be0d41577f697 a195706c00b84a829d1be0d41577f697] 199.204.45.238 "GET /v2.0/ports?network_id=8c575a3b-164d-488d-ab89-8ae48ed37be8&device_owner=network%3Adhcp HTTP/1.1" status: 200 len: 210 time: 0.0218928
2026-04-27 02:35:27.195 9 INFO neutron.wsgi [None req-ff73ebe0-20c8-411e-9f71-d997ab1b1b56 dee5d5b086f24930a92eda909de718c8 addcad97c93345fd9f9adcca167e3777 - - default default] 10.0.0.95 "PUT /v2.0/routers/3c2029ef-0794-414b-a757-d902e6a09a23/tags HTTP/1.1" status: 200 len: 227 time: 0.0810466
2026-04-27 02:35:27.244 10 INFO neutron.wsgi [req-c0c44013-035e-44ed-ae84-b6686266e475 req-7086302d-0ad6-41f8-9bb0-efe9375adf63 87865b9db0564c6396c9aa3603685f3b b46907eb62f4475c98952fc005d9a697 - - a195706c00b84a829d1be0d41577f697 a195706c00b84a829d1be0d41577f697] 199.204.45.238 "GET /v2.0/networks/8c575a3b-164d-488d-ab89-8ae48ed37be8?fields=segments HTTP/1.1" status: 200 len: 212 time: 0.1011667
2026-04-27 02:35:27.292 10 INFO neutron.wsgi [None req-b4b28dd6-6445-4c9c-a0bb-6cd0b97640d3 dee5d5b086f24930a92eda909de718c8 addcad97c93345fd9f9adcca167e3777 - - default default] 10.0.0.95 "PUT /v2.0/routers/cdd41c91-4629-4ec2-8bdd-e1a18934770d/tags HTTP/1.1" status: 200 len: 212 time: 0.0901449
2026-04-27 02:35:27.396 10 INFO neutron.wsgi [None req-3fe4d076-1036-4a1d-b431-a67475e82eab dee5d5b086f24930a92eda909de718c8 addcad97c93345fd9f9adcca167e3777 - - default default] 10.0.0.95 "GET /v2.0/routers?tags=red HTTP/1.1" status: 200 len: 1601 time: 0.0948153
2026-04-27 02:35:27.403 10 INFO neutron.wsgi [req-c0c44013-035e-44ed-ae84-b6686266e475 req-73ad8f76-eac8-44f8-877b-867f3518c4a9 87865b9db0564c6396c9aa3603685f3b b46907eb62f4475c98952fc005d9a697 - - a195706c00b84a829d1be0d41577f697 a195706c00b84a829d1be0d41577f697] 199.204.45.238 "GET /v2.0/networks/8c575a3b-164d-488d-ab89-8ae48ed37be8?fields=provider%3Aphysical_network&fields=provider%3Anetwork_type HTTP/1.1" status: 200 len: 277 time: 0.1384063
2026-04-27 02:35:27.436 9 INFO neutron.plugins.ml2.drivers.ovn.mech_driver.mech_driver [None req-7d210d58-8cc8-43cb-ab05-3e1a60a4f8f2 - - - - - -] OVN reports status up for port: 3408b40e-dad1-4c42-9e24-f9965c7f368a
2026-04-27 02:35:27.443 9 INFO neutron.plugins.ml2.plugin [None req-7d210d58-8cc8-43cb-ab05-3e1a60a4f8f2 - - - - - -] Attempt 1 to provision port 3408b40e-dad1-4c42-9e24-f9965c7f368a
2026-04-27 02:35:27.465 9 INFO neutron.db.ovn_revision_numbers_db [None req-632667e0-d36a-468a-b8e6-40f5047add64 5c0b45ee84274aad8cd1378887af8c20 64fb5f15e10c41b59af4405e5d2041d9 - - default default] Successfully bumped revision number for resource 3408b40e-dad1-4c42-9e24-f9965c7f368a (type: router_ports) to 1
2026-04-27 02:35:27.488 10 INFO neutron.wsgi [None req-e1785b81-d81f-4767-b7eb-1b6dc04e0f50 dee5d5b086f24930a92eda909de718c8 addcad97c93345fd9f9adcca167e3777 - - default default] 10.0.0.95 "GET /v2.0/routers?tags=red%2Cblue HTTP/1.1" status: 200 len: 1144 time: 0.0835381
2026-04-27 02:35:27.593 10 INFO neutron.wsgi [None req-ec992ade-7584-44e1-bb1f-a90918b1ce35 dee5d5b086f24930a92eda909de718c8 addcad97c93345fd9f9adcca167e3777 - - default default] 10.0.0.95 "GET /v2.0/routers?tags-any=blue HTTP/1.1" status: 200 len: 1144 time: 0.0987096
2026-04-27 02:35:27.616 9 INFO neutron.db.ovn_revision_numbers_db [None req-632667e0-d36a-468a-b8e6-40f5047add64 5c0b45ee84274aad8cd1378887af8c20 64fb5f15e10c41b59af4405e5d2041d9 - - default default] Successfully bumped revision number for resource 3408b40e-dad1-4c42-9e24-f9965c7f368a (type: ports) to 1
2026-04-27 02:35:27.663 10 INFO neutron.wsgi [None req-a76283f9-96ee-46ea-832d-725a1ecbadec dee5d5b086f24930a92eda909de718c8 addcad97c93345fd9f9adcca167e3777 - - default default] 10.0.0.95 "GET /v2.0/routers?tags-any=red%2Cblue HTTP/1.1" status: 200 len: 1601 time: 0.0611131
2026-04-27 02:35:27.759 10 INFO neutron.wsgi [None req-eaa8ae55-d2b0-4a9a-814b-394b790cc425 dee5d5b086f24930a92eda909de718c8 addcad97c93345fd9f9adcca167e3777 - - default default] 10.0.0.95 "GET /v2.0/routers?not-tags=red HTTP/1.1" status: 200 len: 1116 time: 0.0904405
2026-04-27 02:35:27.848 10 INFO neutron.wsgi [None req-40397bad-a496-4f8f-a676-f2e23a373a5a dee5d5b086f24930a92eda909de718c8 addcad97c93345fd9f9adcca167e3777 - - default default] 10.0.0.95 "GET /v2.0/routers?not-tags=red%2Cblue HTTP/1.1" status: 200 len: 1573 time: 0.0834343
2026-04-27 02:35:28.079 9 WARNING neutron.scheduler.dhcp_agent_scheduler [None req-632667e0-d36a-468a-b8e6-40f5047add64 5c0b45ee84274aad8cd1378887af8c20 64fb5f15e10c41b59af4405e5d2041d9 - - default default] No more DHCP agents
2026-04-27 02:35:28.080 9 WARNING neutron.api.rpc.agentnotifiers.dhcp_rpc_agent_api [None req-632667e0-d36a-468a-b8e6-40f5047add64 5c0b45ee84274aad8cd1378887af8c20 64fb5f15e10c41b59af4405e5d2041d9 - - default default] Unable to schedule network c7368484-af77-45d2-a51e-50875f2537e3: no agents available; will retry on subsequent port and subnet creation events.
2026-04-27 02:35:28.162 9 INFO neutron.db.ovn_revision_numbers_db [None req-7d210d58-8cc8-43cb-ab05-3e1a60a4f8f2 - - - - - -] Successfully bumped revision number for resource 3408b40e-dad1-4c42-9e24-f9965c7f368a (type: ports) to 2
2026-04-27 02:35:28.248 9 INFO neutron.db.ovn_revision_numbers_db [None req-632667e0-d36a-468a-b8e6-40f5047add64 5c0b45ee84274aad8cd1378887af8c20 64fb5f15e10c41b59af4405e5d2041d9 - - default default] Successfully bumped revision number for resource 3408b40e-dad1-4c42-9e24-f9965c7f368a (type: router_ports) to 2
2026-04-27 02:35:28.250 9 INFO neutron.wsgi [None req-632667e0-d36a-468a-b8e6-40f5047add64 5c0b45ee84274aad8cd1378887af8c20 64fb5f15e10c41b59af4405e5d2041d9 - - default default] 10.0.0.95 "PUT /v2.0/routers/4d72286e-d3e5-424e-bee3-59eefbfae671/add_router_interface HTTP/1.1" status: 200 len: 503 time: 2.0052607
2026-04-27 02:35:28.332 9 INFO neutron.wsgi [None req-75f266bb-21a9-4dc5-95e2-e64158d7001b 5c0b45ee84274aad8cd1378887af8c20 64fb5f15e10c41b59af4405e5d2041d9 - - default default] 10.0.0.95 "GET /v2.0/ports/3408b40e-dad1-4c42-9e24-f9965c7f368a HTTP/1.1" status: 200 len: 1141 time: 0.0760093
2026-04-27 02:35:28.332 10 INFO neutron.wsgi [None req-b53b54a4-c9f7-4e4d-9183-c9eea6e4caad dee5d5b086f24930a92eda909de718c8 addcad97c93345fd9f9adcca167e3777 - - default default] 10.0.0.95 "GET /v2.0/routers?not-tags-any=blue HTTP/1.1" status: 200 len: 1573 time: 0.4751368
2026-04-27 02:35:28.404 10 INFO neutron.wsgi [None req-cd9dc408-33b6-4f24-862f-c2de13185f7c dee5d5b086f24930a92eda909de718c8 addcad97c93345fd9f9adcca167e3777 - - default default] 10.0.0.95 "GET /v2.0/routers?not-tags-any=red%2Cblue HTTP/1.1" status: 200 len: 1116 time: 0.0662162
2026-04-27 02:35:28.461 10 INFO neutron.wsgi [None req-a5ad1450-ffb4-4580-a13c-cf232a68be61 dee5d5b086f24930a92eda909de718c8 addcad97c93345fd9f9adcca167e3777 - - default default] 10.0.0.95 "GET /v2.0/routers/b89350fe-4fcb-4b44-81ac-92c7de6aa78c HTTP/1.1" status: 200 len: 660 time: 0.0493898
2026-04-27 02:35:28.776 9 WARNING neutron.scheduler.dhcp_agent_scheduler [None req-4ecbb30c-6e63-4db4-b586-7d6b5ae9ee52 5c0b45ee84274aad8cd1378887af8c20 64fb5f15e10c41b59af4405e5d2041d9 - - default default] No more DHCP agents
2026-04-27 02:35:28.779 9 WARNING neutron.api.rpc.agentnotifiers.dhcp_rpc_agent_api [None req-4ecbb30c-6e63-4db4-b586-7d6b5ae9ee52 5c0b45ee84274aad8cd1378887af8c20 64fb5f15e10c41b59af4405e5d2041d9 - - default default] Unable to schedule network 2c00f6bf-8507-41f7-9ef7-5dd939045ee7: no agents available; will retry on subsequent port and subnet creation events.
2026-04-27 02:35:28.901 9 INFO neutron.db.ovn_revision_numbers_db [None req-4ecbb30c-6e63-4db4-b586-7d6b5ae9ee52 5c0b45ee84274aad8cd1378887af8c20 64fb5f15e10c41b59af4405e5d2041d9 - - default default] Successfully bumped revision number for resource e31833be-6f77-48ad-b033-e12df20c8a83 (type: ports) to 1
2026-04-27 02:35:28.947 10 INFO neutron.db.ovn_revision_numbers_db [None req-3cd948cc-dd3f-4e90-95ca-ce79c08ec183 dee5d5b086f24930a92eda909de718c8 addcad97c93345fd9f9adcca167e3777 - - default default] Successfully bumped revision number for resource b89350fe-4fcb-4b44-81ac-92c7de6aa78c (type: routers) to 2
2026-04-27 02:35:28.951 10 INFO neutron.wsgi [None req-3cd948cc-dd3f-4e90-95ca-ce79c08ec183 dee5d5b086f24930a92eda909de718c8 addcad97c93345fd9f9adcca167e3777 - - default default] 10.0.0.95 "PUT /v2.0/routers/b89350fe-4fcb-4b44-81ac-92c7de6aa78c HTTP/1.1" status: 200 len: 660 time: 0.4843285
2026-04-27 02:35:28.989 9 INFO neutron.wsgi [None req-dfa1d416-4f4f-4112-8f18-f2aaf1e9ff48 dee5d5b086f24930a92eda909de718c8 addcad97c93345fd9f9adcca167e3777 - - default default] 10.0.0.95 "GET /v2.0/ports?device_id=b89350fe-4fcb-4b44-81ac-92c7de6aa78c HTTP/1.1" status: 200 len: 205 time: 0.0332599
2026-04-27 02:35:29.288 10 INFO neutron.wsgi [req-36bf0610-6cda-422e-9e82-e2ba97cb392a req-24ea4a69-5e3d-42c6-8b74-29bc61784ee7 87865b9db0564c6396c9aa3603685f3b b46907eb62f4475c98952fc005d9a697 - - a195706c00b84a829d1be0d41577f697 a195706c00b84a829d1be0d41577f697] 199.204.45.238 "GET /v2.0/ports?device_id=77223e6d-3229-4d01-85d2-ae3107ec52be&fields=binding%3Ahost_id&fields=binding%3Avif_type HTTP/1.1" status: 200 len: 265 time: 0.0634580
2026-04-27 02:35:29.309 10 INFO neutron.wsgi [None req-453b5ef3-6377-49d5-b095-b2fe051a5ba7 dee5d5b086f24930a92eda909de718c8 addcad97c93345fd9f9adcca167e3777 - - default default] 10.0.0.95 "DELETE /v2.0/routers/b89350fe-4fcb-4b44-81ac-92c7de6aa78c HTTP/1.1" status: 204 len: 168 time: 0.3129299
2026-04-27 02:35:29.363 9 INFO neutron.db.ovn_revision_numbers_db [None req-4ecbb30c-6e63-4db4-b586-7d6b5ae9ee52 5c0b45ee84274aad8cd1378887af8c20 64fb5f15e10c41b59af4405e5d2041d9 - - default default] Successfully bumped revision number for resource e31833be-6f77-48ad-b033-e12df20c8a83 (type: router_ports) to 1
2026-04-27 02:35:29.378 10 INFO neutron.wsgi [None req-2f63c046-788a-4306-923f-759d48aed848 dee5d5b086f24930a92eda909de718c8 addcad97c93345fd9f9adcca167e3777 - - default default] 10.0.0.95 "GET /v2.0/routers/59e2ffd6-a1d9-4476-ab49-dbdb6f1436ab HTTP/1.1" status: 200 len: 668 time: 0.0646758
2026-04-27 02:35:29.401 10 INFO neutron.wsgi [req-36bf0610-6cda-422e-9e82-e2ba97cb392a req-b8ee0133-8d61-4a9f-af00-b4c90f15feb4 87865b9db0564c6396c9aa3603685f3b b46907eb62f4475c98952fc005d9a697 - - a195706c00b84a829d1be0d41577f697 a195706c00b84a829d1be0d41577f697] 199.204.45.238 "GET /v2.0/ports?tenant_id=cf0af788e88b4553860f36d93573576e&device_id=77223e6d-3229-4d01-85d2-ae3107ec52be HTTP/1.1" status: 200 len: 1409 time: 0.0602114
2026-04-27 02:35:29.478 9 INFO neutron.db.ovn_revision_numbers_db [None req-4ecbb30c-6e63-4db4-b586-7d6b5ae9ee52 5c0b45ee84274aad8cd1378887af8c20 64fb5f15e10c41b59af4405e5d2041d9 - - default default] Successfully bumped revision number for resource e31833be-6f77-48ad-b033-e12df20c8a83 (type: ports) to 1
2026-04-27 02:35:29.555 9 WARNING neutron.scheduler.dhcp_agent_scheduler [None req-4ecbb30c-6e63-4db4-b586-7d6b5ae9ee52 5c0b45ee84274aad8cd1378887af8c20 64fb5f15e10c41b59af4405e5d2041d9 - - default default] No more DHCP agents
2026-04-27 02:35:29.556 9 WARNING neutron.api.rpc.agentnotifiers.dhcp_rpc_agent_api [None req-4ecbb30c-6e63-4db4-b586-7d6b5ae9ee52 5c0b45ee84274aad8cd1378887af8c20 64fb5f15e10c41b59af4405e5d2041d9 - - default default] Unable to schedule network 2c00f6bf-8507-41f7-9ef7-5dd939045ee7: no agents available; will retry on subsequent port and subnet creation events.
2026-04-27 02:35:29.559 9 INFO neutron.db.ovn_revision_numbers_db [None req-1cccb9f5-4363-49c5-9963-deea7cb76177 d2f0ece76a4a4fc18e3a6437eb5e3f2e 04e559e88607455baa9568180cfcced9 - - default default] Successfully bumped revision number for resource 8674789a-c15d-4ba2-8e42-d4195deee63f (type: security_groups) to 1
2026-04-27 02:35:29.576 10 INFO neutron.wsgi [req-36bf0610-6cda-422e-9e82-e2ba97cb392a req-66530002-3e15-4b47-b11d-8a6ddfcc7b0d 87865b9db0564c6396c9aa3603685f3b b46907eb62f4475c98952fc005d9a697 - - a195706c00b84a829d1be0d41577f697 a195706c00b84a829d1be0d41577f697] 199.204.45.238 "GET /v2.0/networks?id=8c575a3b-164d-488d-ab89-8ae48ed37be8 HTTP/1.1" status: 200 len: 959 time: 0.1489820
2026-04-27 02:35:29.588 9 INFO neutron.db.ovn_revision_numbers_db [None req-1cccb9f5-4363-49c5-9963-deea7cb76177 d2f0ece76a4a4fc18e3a6437eb5e3f2e 04e559e88607455baa9568180cfcced9 - - default default] Successfully bumped revision number for resource 0091712b-86c6-4b1f-a953-6c1882588128 (type: security_group_rules) to 0
2026-04-27 02:35:29.620 9 INFO neutron.db.ovn_revision_numbers_db [None req-1cccb9f5-4363-49c5-9963-deea7cb76177 d2f0ece76a4a4fc18e3a6437eb5e3f2e 04e559e88607455baa9568180cfcced9 - - default default] Successfully bumped revision number for resource 2794615a-4794-4bb2-becf-bf7d3defec32 (type: security_group_rules) to 0
2026-04-27 02:35:29.649 9 INFO neutron.db.ovn_revision_numbers_db [None req-1cccb9f5-4363-49c5-9963-deea7cb76177 d2f0ece76a4a4fc18e3a6437eb5e3f2e 04e559e88607455baa9568180cfcced9 - - default default] Successfully bumped revision number for resource 3e7e10e8-4951-4eb0-ad2f-e0b26e587f4e (type: security_group_rules) to 0
2026-04-27 02:35:29.671 9 INFO neutron.db.ovn_revision_numbers_db [None req-1cccb9f5-4363-49c5-9963-deea7cb76177 d2f0ece76a4a4fc18e3a6437eb5e3f2e 04e559e88607455baa9568180cfcced9 - - default default] Successfully bumped revision number for resource 5ebfab71-ca31-4269-8039-54e7d3cd3a35 (type: security_group_rules) to 0
