May 19 23:23:06.109282 np0000175103 devstack@neutron-api.service[103119]: DEBUG ovsdbapp.backend.ovs_idl.event [None req-d242c5a5-fdb0-461f-a6be-8bde6f87eca2 None None] Matched CREATE: ChassisBandwidthConfigEvent(events=('create', 'update'), table='Chassis', conditions=None, old_conditions=None), priority=20 to row=Chassis(uuid=789f98fd-117a-438c-ac6d-0dc5b7f9d85b, encaps=[4713fbc2-774c-4875-a056-01b984ec6d40], external_ids={}, hostname='np0000175103', name='05d66337-c9a8-431e-a67d-d55ce3f51fe5', nb_cfg=0, other_config={'ct-commit-nat-v2': 'true', 'ct-commit-to-zone': 'true', 'ct-next-zone': 'true', 'ct-no-masked-label': 'true', 'ct-state-save': 'true', 'datapath-type': 'system', 'fdb-timestamp': 'true', 'iface-types': 'afxdp,afxdp-nonpmd,bareudp,erspan,geneve,gre,gtpu,internal,ip6erspan,ip6gre,lisp,patch,srv6,stt,system,tap,vxlan', 'is-interconn': 'false', 'ls-dpg-column': 'true', 'mac-binding-timestamp': 'true', 'ovn-bridge-mappings': 'public:br-ex', 'ovn-chassis-mac-mappings': '', 'ovn-cms-options': 'enable-chassis-as-gw', 'ovn-ct-lb-related': 'true', 'ovn-enable-lflow-cache': 'true', 'ovn-limit-lflow-cache': '', 'ovn-memlimit-lflow-cache-kb': '', 'ovn-monitor-all': 'false', 'ovn-trim-limit-lflow-cache': '', 'ovn-trim-timeout-ms': '', 'ovn-trim-wmark-perc-lflow-cache': '', 'port-up-notif': 'true'}, transport_zones=[], vtep_logical_switches=[]) old= {{(pid=103119) matches /opt/stack/data/venv/lib/python3.12/site-packages/ovsdbapp/backend/ovs_idl/event.py:55}}
May 19 23:23:06.109989 np0000175103 devstack@neutron-api.service[103119]: DEBUG neutron.plugins.ml2.drivers.ovn.mech_driver.ovsdb.ovsdb_monitor [None req-d242c5a5-fdb0-461f-a6be-8bde6f87eca2 None None] ChassisOVNAgentWriteEvent : Matched Chassis_Private, create, None None {{(pid=103119) matches /opt/stack/neutron/neutron/plugins/ml2/drivers/ovn/mech_driver/ovsdb/ovsdb_monitor.py:64}}
May 19 23:23:06.110142 np0000175103 devstack@neutron-api.service[103119]: DEBUG neutron.plugins.ml2.drivers.ovn.mech_driver.ovsdb.ovsdb_monitor [None req-d242c5a5-fdb0-461f-a6be-8bde6f87eca2 None None] ChassisAgentWriteEvent : Matched Chassis_Private, create, None None {{(pid=103119) matches /opt/stack/neutron/neutron/plugins/ml2/drivers/ovn/mech_driver/ovsdb/ovsdb_monitor.py:64}}
May 19 23:23:06.111699 np0000175103 devstack@neutron-api.service[103119]: INFO neutron.plugins.ml2.drivers.ovn.mech_driver.mech_driver [None req-d242c5a5-fdb0-461f-a6be-8bde6f87eca2 None None] WorkerService process has finished the post initialization
May 19 23:23:06.113723 np0000175103 devstack@neutron-api.service[103119]: INFO neutron.plugins.ml2.drivers.ovn.mech_driver.ovsdb.extensions.qos [-] Starting OVNClientQosExtension
May 19 23:23:06.113723 np0000175103 devstack@neutron-api.service[103119]: INFO neutron.plugins.ml2.drivers.ovn.mech_driver.ovsdb.extensions.placement [-] Starting OVNClientPlacementExtension
May 19 23:23:06.115751 np0000175103 devstack@neutron-api.service[103119]: WSGI app 0 (mountpoint='') ready in 7 seconds on interpreter 0x72ed002a3668 pid: 103119 (default app)
May 19 23:23:06.133904 np0000175103 devstack@neutron-api.service[103120]: DEBUG neutron.common.ovn.hash_ring_manager [None req-237b8de5-2d6f-4c49-96bd-a38bc3e84f68 None None] Allow caching, nodes 4>=4 {{(pid=103120) _wait_startup_before_caching /opt/stack/neutron/neutron/common/ovn/hash_ring_manager.py:65}}
May 19 23:23:06.134028 np0000175103 devstack@neutron-api.service[103121]: DEBUG neutron.common.ovn.hash_ring_manager [None req-d9c32bd6-871b-4fbc-87aa-d7eefc149703 None None] Allow caching, nodes 4>=4 {{(pid=103121) _wait_startup_before_caching /opt/stack/neutron/neutron/common/ovn/hash_ring_manager.py:65}}
May 19 23:23:06.137172 np0000175103 devstack@neutron-api.service[103120]: DEBUG neutron.common.ovn.hash_ring_manager [None req-237b8de5-2d6f-4c49-96bd-a38bc3e84f68 None None] Hash Ring loaded. 4 active nodes. 0 offline nodes {{(pid=103120) _load_hash_ring /opt/stack/neutron/neutron/common/ovn/hash_ring_manager.py:102}}
May 19 23:23:06.137378 np0000175103 devstack@neutron-api.service[103120]: DEBUG neutron.plugins.ml2.drivers.ovn.mech_driver.ovsdb.ovsdb_monitor [None req-237b8de5-2d6f-4c49-96bd-a38bc3e84f68 None None] ChassisOVNAgentWriteEvent : Matched Chassis_Private, create, None None {{(pid=103120) matches /opt/stack/neutron/neutron/plugins/ml2/drivers/ovn/mech_driver/ovsdb/ovsdb_monitor.py:64}}
May 19 23:23:06.137456 np0000175103 devstack@neutron-api.service[103120]: DEBUG neutron.plugins.ml2.drivers.ovn.mech_driver.ovsdb.ovsdb_monitor [None req-237b8de5-2d6f-4c49-96bd-a38bc3e84f68 None None] ChassisAgentWriteEvent : Matched Chassis_Private, create, None None {{(pid=103120) matches /opt/stack/neutron/neutron/plugins/ml2/drivers/ovn/mech_driver/ovsdb/ovsdb_monitor.py:64}}
May 19 23:23:06.137787 np0000175103 devstack@neutron-api.service[103120]: DEBUG neutron.plugins.ml2.drivers.ovn.mech_driver.ovsdb.ovsdb_monitor [None req-237b8de5-2d6f-4c49-96bd-a38bc3e84f68 None None] Hash Ring: Node cae72ed3c0df5bfbacbd705732597a01 (host: np0000175103) handling event "create" for row 4713fbc2-774c-4875-a056-01b984ec6d40 (table: Encap) {{(pid=103120) notify /opt/stack/neutron/neutron/plugins/ml2/drivers/ovn/mech_driver/ovsdb/ovsdb_monitor.py:942}}
May 19 23:23:06.138702 np0000175103 devstack@neutron-api.service[103121]: DEBUG neutron.common.ovn.hash_ring_manager [None req-d9c32bd6-871b-4fbc-87aa-d7eefc149703 None None] Hash Ring loaded. 4 active nodes. 0 offline nodes {{(pid=103121) _load_hash_ring /opt/stack/neutron/neutron/common/ovn/hash_ring_manager.py:102}}
May 19 23:23:06.138702 np0000175103 devstack@neutron-api.service[103121]: DEBUG neutron.plugins.ml2.drivers.ovn.mech_driver.ovsdb.ovsdb_monitor [None req-d9c32bd6-871b-4fbc-87aa-d7eefc149703 None None] ChassisOVNAgentWriteEvent : Matched Chassis_Private, create, None None {{(pid=103121) matches /opt/stack/neutron/neutron/plugins/ml2/drivers/ovn/mech_driver/ovsdb/ovsdb_monitor.py:64}}
May 19 23:23:06.138702 np0000175103 devstack@neutron-api.service[103121]: DEBUG neutron.plugins.ml2.drivers.ovn.mech_driver.ovsdb.ovsdb_monitor [None req-d9c32bd6-871b-4fbc-87aa-d7eefc149703 None None] ChassisAgentWriteEvent : Matched Chassis_Private, create, None None {{(pid=103121) matches /opt/stack/neutron/neutron/plugins/ml2/drivers/ovn/mech_driver/ovsdb/ovsdb_monitor.py:64}}
May 19 23:23:06.138925 np0000175103 devstack@neutron-api.service[103121]: DEBUG neutron.plugins.ml2.drivers.ovn.mech_driver.ovsdb.ovsdb_monitor [None req-d9c32bd6-871b-4fbc-87aa-d7eefc149703 None None] Hash Ring: Node 2a0a09f872e35c5591f063d43f945a65 (host: np0000175103) handling event "create" for row 163a27b3-a484-4345-b143-1a6fd00146d1 (table: Chassis_Private) {{(pid=103121) notify /opt/stack/neutron/neutron/plugins/ml2/drivers/ovn/mech_driver/ovsdb/ovsdb_monitor.py:942}}
May 19 23:23:06.140207 np0000175103 devstack@neutron-api.service[103120]: INFO neutron.plugins.ml2.drivers.ovn.mech_driver.mech_driver [None req-237b8de5-2d6f-4c49-96bd-a38bc3e84f68 None None] WorkerService process has finished the post initialization
May 19 23:23:06.141397 np0000175103 devstack@neutron-api.service[103121]: INFO neutron.plugins.ml2.drivers.ovn.mech_driver.mech_driver [None req-d9c32bd6-871b-4fbc-87aa-d7eefc149703 None None] WorkerService process has finished the post initialization
May 19 23:23:06.141492 np0000175103 devstack@neutron-api.service[103120]: WSGI app 0 (mountpoint='') ready in 7 seconds on interpreter 0x72ed002a3668 pid: 103120 (default app)
May 19 23:23:06.143134 np0000175103 devstack@neutron-api.service[103121]: WSGI app 0 (mountpoint='') ready in 7 seconds on interpreter 0x72ed002a3668 pid: 103121 (default app)
May 19 23:23:08.235935 np0000175103 devstack@neutron-api.service[103120]: DEBUG neutron.plugins.ml2.drivers.ovn.mech_driver.ovsdb.ovsdb_monitor [-] Hash Ring: Node cae72ed3c0df5bfbacbd705732597a01 (host: np0000175103) handling event "update" for row 817d03b8-71c2-4599-b38f-9ca4ff6c4e94 (table: Connection) {{(pid=103120) notify /opt/stack/neutron/neutron/plugins/ml2/drivers/ovn/mech_driver/ovsdb/ovsdb_monitor.py:942}}
May 19 23:23:08.239566 np0000175103 devstack@neutron-api.service[103122]: DEBUG neutron.common.ovn.hash_ring_manager [-] Allow caching, nodes 4>=4 {{(pid=103122) _wait_startup_before_caching /opt/stack/neutron/neutron/common/ovn/hash_ring_manager.py:65}}
May 19 23:23:08.239870 np0000175103 devstack@neutron-api.service[103122]: DEBUG neutron.plugins.ml2.drivers.ovn.mech_driver.ovsdb.ovsdb_monitor [-] Hash Ring: Node 7fec70fa035d531bb3797acf976f9302 (host: np0000175103) handling event "update" for row 817d03b8-71c2-4599-b38f-9ca4ff6c4e94 (table: Connection) {{(pid=103122) notify /opt/stack/neutron/neutron/plugins/ml2/drivers/ovn/mech_driver/ovsdb/ovsdb_monitor.py:942}}
May 19 23:23:12.293329 np0000175103 devstack@neutron-api.service[103122]: DEBUG neutron.api.wsgi [None req-bea721ca-2886-4773-95a4-0db1d10f7051 admin admin] Missing Content-Type {{(pid=103122) get_content_type /opt/stack/neutron/neutron/api/wsgi.py:80}}
May 19 23:23:12.294220 np0000175103 devstack@neutron-api.service[103122]: DEBUG neutron.api.wsgi [None req-bea721ca-2886-4773-95a4-0db1d10f7051 admin admin] https://162.253.55.84/networking/v2.0/extensions returned with HTTP 200 {{(pid=103122) __call__ /opt/stack/neutron/neutron/api/wsgi.py:540}}
May 19 23:23:12.294302 np0000175103 devstack@neutron-api.service[103122]: [pid: 103122|app: 0|req: 2/2] 162.253.55.84 () {64 vars in 1316 bytes} [Tue May 19 23:23:12 2026] GET /networking/v2.0/extensions => generated 15209 bytes in 267 msecs (HTTP/1.1 200) 4 headers in 159 bytes (1 switches on core 0)
May 19 23:23:12.698003 np0000175103 devstack@neutron-api.service[103119]: DEBUG neutron.api.v2.base [None req-263b3667-c953-4b66-ad0f-280e3390bc2b admin admin] Request body: {'subnetpool': {'shared': True, 'is_default': True, 'default_prefixlen': 26, 'name': 'shared-default-subnetpool-v4', 'prefixes': ['10.1.0.0/20']}} {{(pid=103119) prepare_request_body /opt/stack/neutron/neutron/api/v2/base.py:727}}
May 19 23:23:12.912199 np0000175103 devstack@neutron-api.service[103119]: DEBUG neutron.policy [None req-263b3667-c953-4b66-ad0f-280e3390bc2b admin admin] Loaded default policies from ['neutron'] under neutron.policies entry points {{(pid=103119) register_rules /opt/stack/neutron/neutron/policy.py:65}}
May 19 23:23:13.066681 np0000175103 devstack@neutron-api.service[103119]: DEBUG neutron_lib.callbacks.manager [None req-263b3667-c953-4b66-ad0f-280e3390bc2b admin admin] Publish callbacks ['neutron.objects.securitygroup.RbacNeutronDbObjectMixin.validate_rbac_policy_change-2554888060289', 'neutron.objects.address_group.RbacNeutronDbObjectMixin.validate_rbac_policy_change-2554887947615', 'neutron.objects.network.RbacNeutronDbObjectMixin.validate_rbac_policy_change-2554888089375', 'neutron.objects.qos.policy.RbacNeutronDbObjectMixin.validate_rbac_policy_change-2554888112578', 'neutron.objects.subnetpool.RbacNeutronDbObjectMixin.validate_rbac_policy_change-2554888121381', 'neutron.objects.address_scope.RbacNeutronDbObjectMixin.validate_rbac_policy_change-2554888111152', 'neutron.plugins.ml2.plugin.External_net_db_mixin._process_ext_policy_create-4064208', 'neutron.plugins.ml2.plugin.NeutronDbPluginV2.validate_network_rbac_policy_change-3992688'] for rbac-policy (None), before_create {{(pid=103119) _notify_loop /opt/stack/data/venv/lib/python3.12/site-packages/neutron_lib/callbacks/manager.py:184}}
May 19 23:23:13.117515 np0000175103 devstack@neutron-api.service[103119]: DEBUG neutron_lib.callbacks.manager [None req-263b3667-c953-4b66-ad0f-280e3390bc2b admin admin] Publish callbacks [] for subnetpool (None), before_response {{(pid=103119) _notify_loop /opt/stack/data/venv/lib/python3.12/site-packages/neutron_lib/callbacks/manager.py:184}}
May 19 23:23:13.118277 np0000175103 devstack@neutron-api.service[103119]: [pid: 103119|app: 0|req: 1/3] 162.253.55.84 () {68 vars in 1360 bytes} [Tue May 19 23:23:12 2026] POST /networking/v2.0/subnetpools => generated 533 bytes in 527 msecs (HTTP/1.1 201) 4 headers in 162 bytes (1 switches on core 0)
May 19 23:23:13.443850 np0000175103 devstack@neutron-api.service[103120]: DEBUG neutron.api.v2.base [None req-6302834a-9d58-4455-b46e-3854b0ecc5b4 admin admin] Request body: {'subnetpool': {'shared': True, 'is_default': True, 'default_prefixlen': 64, 'name': 'shared-default-subnetpool-v6', 'prefixes': ['fdbd:53a3:66f1::/56']}} {{(pid=103120) prepare_request_body /opt/stack/neutron/neutron/api/v2/base.py:727}}
May 19 23:23:13.633764 np0000175103 devstack@neutron-api.service[103120]: DEBUG neutron.policy [None req-6302834a-9d58-4455-b46e-3854b0ecc5b4 admin admin] Loaded default policies from ['neutron'] under neutron.policies entry points {{(pid=103120) register_rules /opt/stack/neutron/neutron/policy.py:65}}
May 19 23:23:13.788976 np0000175103 devstack@neutron-api.service[103120]: DEBUG neutron_lib.callbacks.manager [None req-6302834a-9d58-4455-b46e-3854b0ecc5b4 admin admin] Publish callbacks ['neutron.objects.securitygroup.RbacNeutronDbObjectMixin.validate_rbac_policy_change-2554888139232', 'neutron.objects.address_group.RbacNeutronDbObjectMixin.validate_rbac_policy_change-2554888100205', 'neutron.objects.network.RbacNeutronDbObjectMixin.validate_rbac_policy_change-2554888110448', 'neutron.objects.qos.policy.RbacNeutronDbObjectMixin.validate_rbac_policy_change-2554888115319', 'neutron.objects.subnetpool.RbacNeutronDbObjectMixin.validate_rbac_policy_change-2554888070250', 'neutron.objects.address_scope.RbacNeutronDbObjectMixin.validate_rbac_policy_change-2554888069823', 'neutron.plugins.ml2.plugin.External_net_db_mixin._process_ext_policy_create-2595605', 'neutron.plugins.ml2.plugin.NeutronDbPluginV2.validate_network_rbac_policy_change-2609959'] for rbac-policy (None), before_create {{(pid=103120) _notify_loop /opt/stack/data/venv/lib/python3.12/site-packages/neutron_lib/callbacks/manager.py:184}}
May 19 23:23:13.842739 np0000175103 devstack@neutron-api.service[103120]: DEBUG neutron_lib.callbacks.manager [None req-6302834a-9d58-4455-b46e-3854b0ecc5b4 admin admin] Publish callbacks [] for subnetpool (None), before_response {{(pid=103120) _notify_loop /opt/stack/data/venv/lib/python3.12/site-packages/neutron_lib/callbacks/manager.py:184}}
May 19 23:23:13.843786 np0000175103 devstack@neutron-api.service[103120]: [pid: 103120|app: 0|req: 1/4] 162.253.55.84 () {68 vars in 1360 bytes} [Tue May 19 23:23:13 2026] POST /networking/v2.0/subnetpools => generated 543 bytes in 506 msecs (HTTP/1.1 201) 4 headers in 162 bytes (1 switches on core 0)
May 19 23:23:14.267375 np0000175103 devstack@neutron-api.service[103121]: DEBUG neutron.api.v2.base [None req-d6b3c7f2-364e-4d9e-9616-17de8cf62a3b admin admin] Request body: {'network': {'name': 'private', 'admin_state_up': True}} {{(pid=103121) prepare_request_body /opt/stack/neutron/neutron/api/v2/base.py:727}}
May 19 23:23:14.344938 np0000175103 devstack@neutron-api.service[103121]: DEBUG neutron.pecan_wsgi.hooks.quota_enforcement [None req-d6b3c7f2-364e-4d9e-9616-17de8cf62a3b admin admin] Made reservation on behalf of 7cef6a08d98d475dab99b0020426df8d for: {'network': 1} {{(pid=103121) before /opt/stack/neutron/neutron/pecan_wsgi/hooks/quota_enforcement.py:66}}
May 19 23:23:14.527723 np0000175103 devstack@neutron-api.service[103121]: DEBUG neutron.policy [None req-d6b3c7f2-364e-4d9e-9616-17de8cf62a3b admin admin] Loaded default policies from ['neutron'] under neutron.policies entry points {{(pid=103121) register_rules /opt/stack/neutron/neutron/policy.py:65}}
May 19 23:23:14.634396 np0000175103 devstack@neutron-api.service[103121]: DEBUG neutron_lib.callbacks.manager [None req-d6b3c7f2-364e-4d9e-9616-17de8cf62a3b admin admin] Publish callbacks ['neutron.plugins.ml2.plugin.SecurityGroupDbMixin._ensure_default_security_group_handler-2708813'] for network (None), before_create {{(pid=103121) _notify_loop /opt/stack/data/venv/lib/python3.12/site-packages/neutron_lib/callbacks/manager.py:184}}
May 19 23:23:14.710838 np0000175103 devstack@neutron-api.service[103121]: DEBUG neutron_lib.callbacks.manager [None req-d6b3c7f2-364e-4d9e-9616-17de8cf62a3b admin admin] Publish callbacks [] for security_group (None), before_create {{(pid=103121) _notify_loop /opt/stack/data/venv/lib/python3.12/site-packages/neutron_lib/callbacks/manager.py:184}}
May 19 23:23:14.807532 np0000175103 devstack@neutron-api.service[103121]: DEBUG neutron_lib.callbacks.manager [None req-d6b3c7f2-364e-4d9e-9616-17de8cf62a3b admin admin] Publish callbacks ['neutron.plugins.ml2.drivers.ovn.mech_driver.mech_driver.OVNMechanismDriver._create_security_group_precommit-1916909'] for security_group (d80597fe-d6ce-440a-8413-9e717becd75b), precommit_create {{(pid=103121) _notify_loop /opt/stack/data/venv/lib/python3.12/site-packages/neutron_lib/callbacks/manager.py:184}}
May 19 23:23:14.807720 np0000175103 devstack@neutron-api.service[103121]: DEBUG neutron.db.ovn_revision_numbers_db [None req-d6b3c7f2-364e-4d9e-9616-17de8cf62a3b admin admin] create_initial_revision uuid=d80597fe-d6ce-440a-8413-9e717becd75b, type=security_groups, rev=-1 {{(pid=103121) create_initial_revision /opt/stack/neutron/neutron/db/ovn_revision_numbers_db.py:98}}
May 19 23:23:14.811823 np0000175103 devstack@neutron-api.service[103121]: DEBUG neutron.db.ovn_revision_numbers_db [None req-d6b3c7f2-364e-4d9e-9616-17de8cf62a3b admin admin] create_initial_revision uuid=30c80be1-b85f-4d0a-97eb-0fb7db988360, type=security_group_rules, rev=-1 {{(pid=103121) create_initial_revision /opt/stack/neutron/neutron/db/ovn_revision_numbers_db.py:98}}
May 19 23:23:14.812451 np0000175103 devstack@neutron-api.service[103121]: DEBUG neutron.db.ovn_revision_numbers_db [None req-d6b3c7f2-364e-4d9e-9616-17de8cf62a3b admin admin] create_initial_revision uuid=858ac9bb-943d-4dae-97eb-78325721b2aa, type=security_group_rules, rev=-1 {{(pid=103121) create_initial_revision /opt/stack/neutron/neutron/db/ovn_revision_numbers_db.py:98}}
May 19 23:23:14.814020 np0000175103 devstack@neutron-api.service[103121]: DEBUG neutron.db.ovn_revision_numbers_db [None req-d6b3c7f2-364e-4d9e-9616-17de8cf62a3b admin admin] create_initial_revision uuid=af693359-86eb-4ebe-9c2b-23ea8e90b741, type=security_group_rules, rev=-1 {{(pid=103121) create_initial_revision /opt/stack/neutron/neutron/db/ovn_revision_numbers_db.py:98}}
May 19 23:23:14.814833 np0000175103 devstack@neutron-api.service[103121]: DEBUG neutron.db.ovn_revision_numbers_db [None req-d6b3c7f2-364e-4d9e-9616-17de8cf62a3b admin admin] create_initial_revision uuid=c8ac6201-df25-41ff-aa8a-6beba2ecbf8b, type=security_group_rules, rev=-1 {{(pid=103121) create_initial_revision /opt/stack/neutron/neutron/db/ovn_revision_numbers_db.py:98}}
May 19 23:23:14.928036 np0000175103 devstack@neutron-api.service[103121]: DEBUG neutron_lib.callbacks.manager [None req-d6b3c7f2-364e-4d9e-9616-17de8cf62a3b admin admin] Publish callbacks ['neutron.plugins.ml2.drivers.ovn.mech_driver.mech_driver.OVNMechanismDriver._create_security_group-1916823', 'neutron.plugins.ml2.ovo_rpc._ObjectChangeHandler.handle_event-15577807'] for security_group (d80597fe-d6ce-440a-8413-9e717becd75b), after_create {{(pid=103121) _notify_loop /opt/stack/data/venv/lib/python3.12/site-packages/neutron_lib/callbacks/manager.py:184}}
May 19 23:23:14.928338 np0000175103 devstack@neutron-api.service[103121]: INFO neutron.plugins.ml2.drivers.ovn.mech_driver.ovsdb.extensions.qos [None req-d6b3c7f2-364e-4d9e-9616-17de8cf62a3b admin admin] Starting OVNClientQosExtension
May 19 23:23:14.928615 np0000175103 devstack@neutron-api.service[103121]: INFO neutron.plugins.ml2.drivers.ovn.mech_driver.ovsdb.extensions.placement [None req-d6b3c7f2-364e-4d9e-9616-17de8cf62a3b admin admin] Starting OVNClientPlacementExtension
May 19 23:23:14.930146 np0000175103 devstack@neutron-api.service[103121]: DEBUG ovsdbapp.backend.ovs_idl.transaction [-] Running txn n=1 command(idx=0): PgAddCommand(_result=None, name=pg_d80597fe_d6ce_440a_8413_9e717becd75b, may_exist=False, columns={'acls': [], 'external_ids': {'neutron:security_group_id': 'd80597fe-d6ce-440a-8413-9e717becd75b'}}) {{(pid=103121) do_commit /opt/stack/data/venv/lib/python3.12/site-packages/ovsdbapp/backend/ovs_idl/transaction.py:89}}
May 19 23:23:14.931908 np0000175103 devstack@neutron-api.service[103121]: DEBUG ovsdbapp.backend.ovs_idl.transaction [-] Running txn n=1 command(idx=1): PgAclAddCommand(_result=None, entity=pg_d80597fe_d6ce_440a_8413_9e717becd75b, direction=from-lport, priority=1002, match=inport == @pg_d80597fe_d6ce_440a_8413_9e717becd75b && ip4, action=allow-related, log=False, may_exist=True, severity=[], name=[], meter=[], external_ids={'neutron:security_group_rule_id': '30c80be1-b85f-4d0a-97eb-0fb7db988360'}) {{(pid=103121) do_commit /opt/stack/data/venv/lib/python3.12/site-packages/ovsdbapp/backend/ovs_idl/transaction.py:89}}
May 19 23:23:14.932296 np0000175103 devstack@neutron-api.service[103121]: DEBUG ovsdbapp.backend.ovs_idl.transaction [-] Running txn n=1 command(idx=2): PgAclAddCommand(_result=None, entity=pg_d80597fe_d6ce_440a_8413_9e717becd75b, direction=from-lport, priority=1002, match=inport == @pg_d80597fe_d6ce_440a_8413_9e717becd75b && ip6, action=allow-related, log=False, may_exist=True, severity=[], name=[], meter=[], external_ids={'neutron:security_group_rule_id': '858ac9bb-943d-4dae-97eb-78325721b2aa'}) {{(pid=103121) do_commit /opt/stack/data/venv/lib/python3.12/site-packages/ovsdbapp/backend/ovs_idl/transaction.py:89}}
May 19 23:23:14.932817 np0000175103 devstack@neutron-api.service[103121]: DEBUG ovsdbapp.backend.ovs_idl.transaction [-] Running txn n=1 command(idx=3): PgAclAddCommand(_result=None, entity=pg_d80597fe_d6ce_440a_8413_9e717becd75b, direction=to-lport, priority=1002, match=outport == @pg_d80597fe_d6ce_440a_8413_9e717becd75b && ip4 && ip4.src == $pg_d80597fe_d6ce_440a_8413_9e717becd75b_ip4, action=allow-related, log=False, may_exist=True, severity=[], name=[], meter=[], external_ids={'neutron:security_group_rule_id': 'af693359-86eb-4ebe-9c2b-23ea8e90b741'}) {{(pid=103121) do_commit /opt/stack/data/venv/lib/python3.12/site-packages/ovsdbapp/backend/ovs_idl/transaction.py:89}}
May 19 23:23:14.933132 np0000175103 devstack@neutron-api.service[103121]: DEBUG ovsdbapp.backend.ovs_idl.transaction [-] Running txn n=1 command(idx=4): PgAclAddCommand(_result=None, entity=pg_d80597fe_d6ce_440a_8413_9e717becd75b, direction=to-lport, priority=1002, match=outport == @pg_d80597fe_d6ce_440a_8413_9e717becd75b && ip6 && ip6.src == $pg_d80597fe_d6ce_440a_8413_9e717becd75b_ip6, action=allow-related, log=False, may_exist=True, severity=[], name=[], meter=[], external_ids={'neutron:security_group_rule_id': 'c8ac6201-df25-41ff-aa8a-6beba2ecbf8b'}) {{(pid=103121) do_commit /opt/stack/data/venv/lib/python3.12/site-packages/ovsdbapp/backend/ovs_idl/transaction.py:89}}
May 19 23:23:14.939279 np0000175103 devstack@neutron-api.service[103121]: DEBUG neutron.plugins.ml2.drivers.ovn.mech_driver.ovsdb.ovsdb_monitor [-] Hash Ring: Node 2a0a09f872e35c5591f063d43f945a65 (host: np0000175103) handling event "create" for row 426d798e-0882-490f-942a-22c2cd91d0ca (table: ACL) {{(pid=103121) notify /opt/stack/neutron/neutron/plugins/ml2/drivers/ovn/mech_driver/ovsdb/ovsdb_monitor.py:942}}
May 19 23:23:14.939598 np0000175103 devstack@neutron-api.service[103121]: DEBUG neutron.plugins.ml2.drivers.ovn.mech_driver.ovsdb.ovsdb_monitor [-] Hash Ring: Node 2a0a09f872e35c5591f063d43f945a65 (host: np0000175103) handling event "create" for row f16e67f9-d969-4e73-930f-ca5a79e96b6b (table: ACL) {{(pid=103121) notify /opt/stack/neutron/neutron/plugins/ml2/drivers/ovn/mech_driver/ovsdb/ovsdb_monitor.py:942}}
May 19 23:23:14.941130 np0000175103 devstack@neutron-api.service[103119]: DEBUG neutron.plugins.ml2.drivers.ovn.mech_driver.ovsdb.ovsdb_monitor [-] Hash Ring: Node c371642498255863b975cf58040d17a7 (host: np0000175103) handling event "create" for row 5dac8f8e-87b0-4759-8702-d30aab509091 (table: Port_Group) {{(pid=103119) notify /opt/stack/neutron/neutron/plugins/ml2/drivers/ovn/mech_driver/ovsdb/ovsdb_monitor.py:942}}
May 19 23:23:14.944207 np0000175103 devstack@neutron-api.service[103122]: DEBUG neutron.plugins.ml2.drivers.ovn.mech_driver.ovsdb.ovsdb_monitor [-] Hash Ring: Node 7fec70fa035d531bb3797acf976f9302 (host: np0000175103) handling event "create" for row 426d798e-0882-490f-942a-22c2cd91d0ca (table: ACL) {{(pid=103122) notify /opt/stack/neutron/neutron/plugins/ml2/drivers/ovn/mech_driver/ovsdb/ovsdb_monitor.py:942}}
May 19 23:23:14.944514 np0000175103 devstack@neutron-api.service[103122]: DEBUG neutron.plugins.ml2.drivers.ovn.mech_driver.ovsdb.ovsdb_monitor [-] Hash Ring: Node 7fec70fa035d531bb3797acf976f9302 (host: np0000175103) handling event "create" for row 44c05be9-85f7-43dc-b508-88e211358ae3 (table: ACL) {{(pid=103122) notify /opt/stack/neutron/neutron/plugins/ml2/drivers/ovn/mech_driver/ovsdb/ovsdb_monitor.py:942}}
May 19 23:23:14.944789 np0000175103 devstack@neutron-api.service[103122]: DEBUG neutron.plugins.ml2.drivers.ovn.mech_driver.ovsdb.ovsdb_monitor [-] Hash Ring: Node 7fec70fa035d531bb3797acf976f9302 (host: np0000175103) handling event "create" for row 75689487-fee4-45f4-964b-37d95a6551b9 (table: ACL) {{(pid=103122) notify /opt/stack/neutron/neutron/plugins/ml2/drivers/ovn/mech_driver/ovsdb/ovsdb_monitor.py:942}}
May 19 23:23:14.945105 np0000175103 devstack@neutron-api.service[103122]: DEBUG neutron.plugins.ml2.drivers.ovn.mech_driver.ovsdb.ovsdb_monitor [-] Hash Ring: Node 7fec70fa035d531bb3797acf976f9302 (host: np0000175103) handling event "create" for row f16e67f9-d969-4e73-930f-ca5a79e96b6b (table: ACL) {{(pid=103122) notify /opt/stack/neutron/neutron/plugins/ml2/drivers/ovn/mech_driver/ovsdb/ovsdb_monitor.py:942}}
May 19 23:23:14.945236 np0000175103 devstack@neutron-api.service[103120]: DEBUG neutron.plugins.ml2.drivers.ovn.mech_driver.ovsdb.ovsdb_monitor [-] Hash Ring: Node cae72ed3c0df5bfbacbd705732597a01 (host: np0000175103) handling event "create" for row 44c05be9-85f7-43dc-b508-88e211358ae3 (table: ACL) {{(pid=103120) notify /opt/stack/neutron/neutron/plugins/ml2/drivers/ovn/mech_driver/ovsdb/ovsdb_monitor.py:942}}
May 19 23:23:14.945490 np0000175103 devstack@neutron-api.service[103122]: DEBUG neutron.plugins.ml2.drivers.ovn.mech_driver.ovsdb.ovsdb_monitor [-] Hash Ring: Node 7fec70fa035d531bb3797acf976f9302 (host: np0000175103) handling event "create" for row 5dac8f8e-87b0-4759-8702-d30aab509091 (table: Port_Group) {{(pid=103122) notify /opt/stack/neutron/neutron/plugins/ml2/drivers/ovn/mech_driver/ovsdb/ovsdb_monitor.py:942}}
May 19 23:23:14.945532 np0000175103 devstack@neutron-api.service[103120]: DEBUG neutron.plugins.ml2.drivers.ovn.mech_driver.ovsdb.ovsdb_monitor [-] Hash Ring: Node cae72ed3c0df5bfbacbd705732597a01 (host: np0000175103) handling event "create" for row 75689487-fee4-45f4-964b-37d95a6551b9 (table: ACL) {{(pid=103120) notify /opt/stack/neutron/neutron/plugins/ml2/drivers/ovn/mech_driver/ovsdb/ovsdb_monitor.py:942}}
May 19 23:23:15.029437 np0000175103 devstack@neutron-api.service[103121]: INFO neutron.db.ovn_revision_numbers_db [None req-d6b3c7f2-364e-4d9e-9616-17de8cf62a3b admin admin] Successfully bumped revision number for resource d80597fe-d6ce-440a-8413-9e717becd75b (type: security_groups) to 1
May 19 23:23:15.107072 np0000175103 devstack@neutron-api.service[103121]: INFO neutron.db.ovn_revision_numbers_db [None req-d6b3c7f2-364e-4d9e-9616-17de8cf62a3b admin admin] Successfully bumped revision number for resource 30c80be1-b85f-4d0a-97eb-0fb7db988360 (type: security_group_rules) to 0
May 19 23:23:15.144888 np0000175103 devstack@neutron-api.service[103121]: INFO neutron.db.ovn_revision_numbers_db [None req-d6b3c7f2-364e-4d9e-9616-17de8cf62a3b admin admin] Successfully bumped revision number for resource 858ac9bb-943d-4dae-97eb-78325721b2aa (type: security_group_rules) to 0
May 19 23:23:15.170657 np0000175103 devstack@neutron-api.service[103121]: INFO neutron.db.ovn_revision_numbers_db [None req-d6b3c7f2-364e-4d9e-9616-17de8cf62a3b admin admin] Successfully bumped revision number for resource af693359-86eb-4ebe-9c2b-23ea8e90b741 (type: security_group_rules) to 0
May 19 23:23:15.216417 np0000175103 devstack@neutron-api.service[103121]: INFO neutron.db.ovn_revision_numbers_db [None req-d6b3c7f2-364e-4d9e-9616-17de8cf62a3b admin admin] Successfully bumped revision number for resource c8ac6201-df25-41ff-aa8a-6beba2ecbf8b (type: security_group_rules) to 0
May 19 23:23:15.245217 np0000175103 devstack@neutron-api.service[103121]: DEBUG neutron.api.rpc.handlers.resources_rpc [None req-d6b3c7f2-364e-4d9e-9616-17de8cf62a3b admin admin] Pushing event updated for resources: {'SecurityGroup': ['ID=d80597fe-d6ce-440a-8413-9e717becd75b,revision_number=1']} {{(pid=103121) push /opt/stack/neutron/neutron/api/rpc/handlers/resources_rpc.py:237}}
May 19 23:23:15.254929 np0000175103 devstack@neutron-api.service[103121]: DEBUG ovsdbapp.backend.ovs_idl.transaction [-] Running txn n=1 command(idx=0): CheckLivenessCommand(_result=None) {{(pid=103121) do_commit /opt/stack/data/venv/lib/python3.12/site-packages/ovsdbapp/backend/ovs_idl/transaction.py:89}}
May 19 23:23:15.258681 np0000175103 devstack@neutron-api.service[103122]: DEBUG neutron.plugins.ml2.drivers.ovn.mech_driver.ovsdb.ovsdb_monitor [-] Hash Ring: Node 7fec70fa035d531bb3797acf976f9302 (host: np0000175103) handling event "update" for row b21e1b4a-e192-45e2-a196-97aabf3f9bf8 (table: NB_Global) {{(pid=103122) notify /opt/stack/neutron/neutron/plugins/ml2/drivers/ovn/mech_driver/ovsdb/ovsdb_monitor.py:942}}
May 19 23:23:15.259629 np0000175103 devstack@neutron-api.service[103122]: DEBUG neutron.plugins.ml2.drivers.ovn.mech_driver.ovsdb.ovsdb_monitor [-] Hash Ring: Node 7fec70fa035d531bb3797acf976f9302 (host: np0000175103) handling event "update" for row b21e1b4a-e192-45e2-a196-97aabf3f9bf8 (table: NB_Global) {{(pid=103122) notify /opt/stack/neutron/neutron/plugins/ml2/drivers/ovn/mech_driver/ovsdb/ovsdb_monitor.py:942}}
May 19 23:23:15.260737 np0000175103 devstack@neutron-api.service[103122]: DEBUG neutron.plugins.ml2.drivers.ovn.mech_driver.ovsdb.ovsdb_monitor [-] Hash Ring: Node 7fec70fa035d531bb3797acf976f9302 (host: np0000175103) handling event "update" for row b21e1b4a-e192-45e2-a196-97aabf3f9bf8 (table: NB_Global) {{(pid=103122) notify /opt/stack/neutron/neutron/plugins/ml2/drivers/ovn/mech_driver/ovsdb/ovsdb_monitor.py:942}}
May 19 23:23:15.261280 np0000175103 devstack@neutron-api.service[103120]: DEBUG neutron.plugins.ml2.drivers.ovn.mech_driver.ovsdb.ovsdb_monitor [-] Hash Ring: Node cae72ed3c0df5bfbacbd705732597a01 (host: np0000175103) handling event "update" for row b21e1b4a-e192-45e2-a196-97aabf3f9bf8 (table: NB_Global) {{(pid=103120) notify /opt/stack/neutron/neutron/plugins/ml2/drivers/ovn/mech_driver/ovsdb/ovsdb_monitor.py:942}}
May 19 23:23:15.261762 np0000175103 devstack@neutron-api.service[103122]: DEBUG neutron.plugins.ml2.drivers.ovn.mech_driver.ovsdb.ovsdb_monitor [-] Hash Ring: Node 7fec70fa035d531bb3797acf976f9302 (host: np0000175103) handling event "update" for row b21e1b4a-e192-45e2-a196-97aabf3f9bf8 (table: NB_Global) {{(pid=103122) notify /opt/stack/neutron/neutron/plugins/ml2/drivers/ovn/mech_driver/ovsdb/ovsdb_monitor.py:942}}
May 19 23:23:15.262354 np0000175103 devstack@neutron-api.service[103120]: DEBUG neutron.plugins.ml2.drivers.ovn.mech_driver.ovsdb.ovsdb_monitor [-] ChassisAgentWriteEvent : Matched Chassis_Private, update, None None {{(pid=103120) matches /opt/stack/neutron/neutron/plugins/ml2/drivers/ovn/mech_driver/ovsdb/ovsdb_monitor.py:64}}
May 19 23:23:15.262741 np0000175103 devstack@neutron-api.service[103119]: DEBUG neutron.plugins.ml2.drivers.ovn.mech_driver.ovsdb.ovsdb_monitor [-] ChassisAgentWriteEvent : Matched Chassis_Private, update, None None {{(pid=103119) matches /opt/stack/neutron/neutron/plugins/ml2/drivers/ovn/mech_driver/ovsdb/ovsdb_monitor.py:64}}
May 19 23:23:15.263243 np0000175103 devstack@neutron-api.service[103122]: DEBUG neutron.plugins.ml2.drivers.ovn.mech_driver.ovsdb.ovsdb_monitor [-] ChassisAgentWriteEvent : Matched Chassis_Private, update, None None {{(pid=103122) matches /opt/stack/neutron/neutron/plugins/ml2/drivers/ovn/mech_driver/ovsdb/ovsdb_monitor.py:64}}
May 19 23:23:15.264405 np0000175103 devstack@neutron-api.service[103120]: DEBUG neutron.plugins.ml2.drivers.ovn.mech_driver.ovsdb.ovsdb_monitor [-] Hash Ring: Node cae72ed3c0df5bfbacbd705732597a01 (host: np0000175103) handling event "update" for row b21e1b4a-e192-45e2-a196-97aabf3f9bf8 (table: NB_Global) {{(pid=103120) notify /opt/stack/neutron/neutron/plugins/ml2/drivers/ovn/mech_driver/ovsdb/ovsdb_monitor.py:942}}
May 19 23:23:15.264558 np0000175103 devstack@neutron-api.service[103120]: DEBUG neutron.plugins.ml2.drivers.ovn.mech_driver.ovsdb.ovsdb_monitor [-] Hash Ring: Node cae72ed3c0df5bfbacbd705732597a01 (host: np0000175103) handling event "update" for row b21e1b4a-e192-45e2-a196-97aabf3f9bf8 (table: NB_Global) {{(pid=103120) notify /opt/stack/neutron/neutron/plugins/ml2/drivers/ovn/mech_driver/ovsdb/ovsdb_monitor.py:942}}
May 19 23:23:15.265088 np0000175103 devstack@neutron-api.service[103120]: DEBUG neutron.plugins.ml2.drivers.ovn.mech_driver.ovsdb.ovsdb_monitor [-] Hash Ring: Node cae72ed3c0df5bfbacbd705732597a01 (host: np0000175103) handling event "update" for row b21e1b4a-e192-45e2-a196-97aabf3f9bf8 (table: NB_Global) {{(pid=103120) notify /opt/stack/neutron/neutron/plugins/ml2/drivers/ovn/mech_driver/ovsdb/ovsdb_monitor.py:942}}
May 19 23:23:15.265971 np0000175103 devstack@neutron-api.service[103121]: DEBUG neutron.api.rpc.callbacks.version_manager [None req-d6b3c7f2-364e-4d9e-9616-17de8cf62a3b admin admin] Tracked resource versions report:
May 19 23:23:15.265971 np0000175103 devstack@neutron-api.service[103121]: pushed versions:
May 19 23:23:15.265971 np0000175103 devstack@neutron-api.service[103121]: { 'AddressGroup': {'1.2'},
May 19 23:23:15.265971 np0000175103 devstack@neutron-api.service[103121]: 'Agent': {'1.1'},
May 19 23:23:15.265971 np0000175103 devstack@neutron-api.service[103121]: 'ConntrackHelper': {'1.0'},
May 19 23:23:15.265971 np0000175103 devstack@neutron-api.service[103121]: 'LocalIPAssociation': {'1.0'},
May 19 23:23:15.265971 np0000175103 devstack@neutron-api.service[103121]: 'Log': {'1.0'},
May 19 23:23:15.265971 np0000175103 devstack@neutron-api.service[103121]: 'NDPProxy': {'1.0'},
May 19 23:23:15.265971 np0000175103 devstack@neutron-api.service[103121]: 'Network': {'1.2'},
May 19 23:23:15.265971 np0000175103 devstack@neutron-api.service[103121]: 'Port': {'1.10'},
May 19 23:23:15.265971 np0000175103 devstack@neutron-api.service[103121]: 'PortForwarding': {'1.3'},
May 19 23:23:15.265971 np0000175103 devstack@neutron-api.service[103121]: 'QosPolicy': {'1.10'},
May 19 23:23:15.265971 np0000175103 devstack@neutron-api.service[103121]: 'SecurityGroup': {'1.6'},
May 19 23:23:15.265971 np0000175103 devstack@neutron-api.service[103121]: 'SecurityGroupRule': {'1.3'},
May 19 23:23:15.265971 np0000175103 devstack@neutron-api.service[103121]: 'SubPort': {'1.0'},
May 19 23:23:15.265971 np0000175103 devstack@neutron-api.service[103121]: 'Subnet': {'1.2'},
May 19 23:23:15.265971 np0000175103 devstack@neutron-api.service[103121]: 'Trunk': {'1.1'}}
May 19 23:23:15.265971 np0000175103 devstack@neutron-api.service[103121]: consumer versions:
May 19 23:23:15.265971 np0000175103 devstack@neutron-api.service[103121]: {}
May 19 23:23:15.265971 np0000175103 devstack@neutron-api.service[103121]: {{(pid=103121) report /opt/stack/neutron/neutron/api/rpc/callbacks/version_manager.py:183}}
May 19 23:23:15.268609 np0000175103 devstack@neutron-api.service[103122]: DEBUG neutron.common.ovn.hash_ring_manager [-] Allow caching, nodes 4>=4 {{(pid=103122) _wait_startup_before_caching /opt/stack/neutron/neutron/common/ovn/hash_ring_manager.py:65}}
May 19 23:23:15.268914 np0000175103 devstack@neutron-api.service[103122]: DEBUG neutron.plugins.ml2.drivers.ovn.mech_driver.ovsdb.ovsdb_monitor [-] Hash Ring: Node 7fec70fa035d531bb3797acf976f9302 (host: np0000175103) handling event "update" for row 163a27b3-a484-4345-b143-1a6fd00146d1 (table: Chassis_Private) {{(pid=103122) notify /opt/stack/neutron/neutron/plugins/ml2/drivers/ovn/mech_driver/ovsdb/ovsdb_monitor.py:942}}
May 19 23:23:15.271635 np0000175103 devstack@neutron-api.service[103122]: DEBUG neutron.plugins.ml2.drivers.ovn.mech_driver.ovsdb.ovsdb_monitor [-] ChassisOVNAgentWriteEvent : Matched Chassis_Private, update, None None {{(pid=103122) matches /opt/stack/neutron/neutron/plugins/ml2/drivers/ovn/mech_driver/ovsdb/ovsdb_monitor.py:64}}
May 19 23:23:15.272004 np0000175103 devstack@neutron-api.service[103122]: DEBUG neutron.plugins.ml2.drivers.ovn.mech_driver.ovsdb.ovsdb_monitor [-] Hash Ring: Node 7fec70fa035d531bb3797acf976f9302 (host: np0000175103) handling event "update" for row 163a27b3-a484-4345-b143-1a6fd00146d1 (table: Chassis_Private) {{(pid=103122) notify /opt/stack/neutron/neutron/plugins/ml2/drivers/ovn/mech_driver/ovsdb/ovsdb_monitor.py:942}}
May 19 23:23:15.272139 np0000175103 devstack@neutron-api.service[103121]: DEBUG neutron.plugins.ml2.drivers.ovn.mech_driver.ovsdb.ovsdb_monitor [-] ChassisAgentWriteEvent : Matched Chassis_Private, update, None None {{(pid=103121) matches /opt/stack/neutron/neutron/plugins/ml2/drivers/ovn/mech_driver/ovsdb/ovsdb_monitor.py:64}}
May 19 23:23:15.272336 np0000175103 devstack@neutron-api.service[103120]: DEBUG neutron.plugins.ml2.drivers.ovn.mech_driver.ovsdb.ovsdb_monitor [-] ChassisOVNAgentWriteEvent : Matched Chassis_Private, update, None None {{(pid=103120) matches /opt/stack/neutron/neutron/plugins/ml2/drivers/ovn/mech_driver/ovsdb/ovsdb_monitor.py:64}}
May 19 23:23:15.272368 np0000175103 devstack@neutron-api.service[103119]: DEBUG neutron.plugins.ml2.drivers.ovn.mech_driver.ovsdb.ovsdb_monitor [-] ChassisOVNAgentWriteEvent : Matched Chassis_Private, update, None None {{(pid=103119) matches /opt/stack/neutron/neutron/plugins/ml2/drivers/ovn/mech_driver/ovsdb/ovsdb_monitor.py:64}}
May 19 23:23:15.272448 np0000175103 devstack@neutron-api.service[103121]: DEBUG neutron.plugins.ml2.drivers.ovn.mech_driver.ovsdb.ovsdb_monitor [-] Hash Ring: Node 2a0a09f872e35c5591f063d43f945a65 (host: np0000175103) handling event "update" for row 163a27b3-a484-4345-b143-1a6fd00146d1 (table: Chassis_Private) {{(pid=103121) notify /opt/stack/neutron/neutron/plugins/ml2/drivers/ovn/mech_driver/ovsdb/ovsdb_monitor.py:942}}
May 19 23:23:15.273791 np0000175103 devstack@neutron-api.service[103121]: DEBUG neutron.plugins.ml2.drivers.ovn.mech_driver.ovsdb.ovsdb_monitor [-] ChassisOVNAgentWriteEvent : Matched Chassis_Private, update, None None {{(pid=103121) matches /opt/stack/neutron/neutron/plugins/ml2/drivers/ovn/mech_driver/ovsdb/ovsdb_monitor.py:64}}
May 19 23:23:15.274059 np0000175103 devstack@neutron-api.service[103121]: DEBUG neutron.plugins.ml2.drivers.ovn.mech_driver.ovsdb.ovsdb_monitor [-] Hash Ring: Node 2a0a09f872e35c5591f063d43f945a65 (host: np0000175103) handling event "update" for row 163a27b3-a484-4345-b143-1a6fd00146d1 (table: Chassis_Private) {{(pid=103121) notify /opt/stack/neutron/neutron/plugins/ml2/drivers/ovn/mech_driver/ovsdb/ovsdb_monitor.py:942}}
May 19 23:23:15.325238 np0000175103 devstack@neutron-api.service[103121]: DEBUG neutron.plugins.ml2.drivers.helpers [None req-d6b3c7f2-364e-4d9e-9616-17de8cf62a3b admin admin] geneve segment allocate from pool success with {'geneve_vni': 61428} {{(pid=103121) allocate_partially_specified_segment /opt/stack/neutron/neutron/plugins/ml2/drivers/helpers.py:142}}
May 19 23:23:15.337286 np0000175103 devstack@neutron-api.service[103121]: DEBUG neutron_lib.callbacks.manager [None req-d6b3c7f2-364e-4d9e-9616-17de8cf62a3b admin admin] Publish callbacks ['neutron.services.segments.db._add_segment_host_mapping_for_segment-7897632668826', 'neutron.plugins.ml2.plugin.Ml2Plugin._handle_segment_change-2440065'] for segment (6d6bd6c4-3281-4c0c-979e-b224f2d5aaae), precommit_create {{(pid=103121) _notify_loop /opt/stack/data/venv/lib/python3.12/site-packages/neutron_lib/callbacks/manager.py:184}}
May 19 23:23:15.337586 np0000175103 devstack@neutron-api.service[103121]: INFO neutron.db.segments_db [None req-d6b3c7f2-364e-4d9e-9616-17de8cf62a3b admin admin] Added segment 6d6bd6c4-3281-4c0c-979e-b224f2d5aaae of type geneve for network 3579014c-ee18-4960-b2eb-290bb39e8088
May 19 23:23:15.384643 np0000175103 devstack@neutron-api.service[103121]: DEBUG neutron_lib.callbacks.manager [None req-d6b3c7f2-364e-4d9e-9616-17de8cf62a3b admin admin] Publish callbacks ['neutron.services.auto_allocate.db._ensure_external_network_default_value_callback-7897631316792'] for network (3579014c-ee18-4960-b2eb-290bb39e8088), precommit_create {{(pid=103121) _notify_loop /opt/stack/data/venv/lib/python3.12/site-packages/neutron_lib/callbacks/manager.py:184}}
May 19 23:23:15.403593 np0000175103 devstack@neutron-api.service[103121]: DEBUG neutron.plugins.ml2.drivers.ovn.mech_driver.mech_driver [None req-d6b3c7f2-364e-4d9e-9616-17de8cf62a3b admin admin] Validating network segment with type geneve, segmentation ID 61428, physical network None {{(pid=103121) _validate_network_segments /opt/stack/neutron/neutron/plugins/ml2/drivers/ovn/mech_driver/mech_driver.py:641}}
May 19 23:23:15.403744 np0000175103 devstack@neutron-api.service[103121]: DEBUG neutron.db.ovn_revision_numbers_db [None req-d6b3c7f2-364e-4d9e-9616-17de8cf62a3b admin admin] create_initial_revision uuid=3579014c-ee18-4960-b2eb-290bb39e8088, type=networks, rev=-1 {{(pid=103121) create_initial_revision /opt/stack/neutron/neutron/db/ovn_revision_numbers_db.py:98}}
May 19 23:23:15.484479 np0000175103 devstack@neutron-api.service[103121]: DEBUG neutron_lib.callbacks.manager [None req-d6b3c7f2-364e-4d9e-9616-17de8cf62a3b admin admin] Publish callbacks ['neutron.plugins.ml2.ovo_rpc._ObjectChangeHandler.handle_event-15577804'] for network (3579014c-ee18-4960-b2eb-290bb39e8088), after_create {{(pid=103121) _notify_loop /opt/stack/data/venv/lib/python3.12/site-packages/neutron_lib/callbacks/manager.py:184}}
May 19 23:23:15.529989 np0000175103 devstack@neutron-api.service[103121]: DEBUG neutron.api.rpc.handlers.resources_rpc [None req-d6b3c7f2-364e-4d9e-9616-17de8cf62a3b admin admin] Pushing event updated for resources: {'Network': ['ID=3579014c-ee18-4960-b2eb-290bb39e8088,revision_number=1']} {{(pid=103121) push /opt/stack/neutron/neutron/api/rpc/handlers/resources_rpc.py:237}}
May 19 23:23:15.539144 np0000175103 devstack@neutron-api.service[103121]: DEBUG ovsdbapp.backend.ovs_idl.transaction [-] Running txn n=1 command(idx=0): AddNetworkCommand(_result=None, network_uuid=3579014c-ee18-4960-b2eb-290bb39e8088, may_exist=True, columns={'external_ids': {'neutron:network_name': 'private', 'neutron:mtu': '1372', 'neutron:revision_number': '1', 'neutron:availability_zone_hints': '', 'neutron:provnet-network-type': 'geneve'}, 'other_config': {'mcast_snoop': 'false', 'mcast_flood_unregistered': 'false', 'vlan-passthru': 'false'}}) {{(pid=103121) do_commit /opt/stack/data/venv/lib/python3.12/site-packages/ovsdbapp/backend/ovs_idl/transaction.py:89}}
May 19 23:23:15.540073 np0000175103 devstack@neutron-api.service[103121]: DEBUG neutron.common.ovn.utils [-] OVS persist_uuid supported=True {{(pid=103121) ovs_persist_uuid_supported /opt/stack/neutron/neutron/common/ovn/utils.py:1537}}
May 19 23:23:15.543908 np0000175103 devstack@neutron-api.service[103122]: DEBUG neutron.plugins.ml2.drivers.ovn.mech_driver.ovsdb.ovsdb_monitor [-] Hash Ring: Node 7fec70fa035d531bb3797acf976f9302 (host: np0000175103) handling event "create" for row 3579014c-ee18-4960-b2eb-290bb39e8088 (table: Logical_Switch) {{(pid=103122) notify /opt/stack/neutron/neutron/plugins/ml2/drivers/ovn/mech_driver/ovsdb/ovsdb_monitor.py:942}}
May 19 23:23:15.552776 np0000175103 devstack@neutron-api.service[103122]: DEBUG neutron.plugins.ml2.drivers.ovn.mech_driver.ovsdb.ovsdb_monitor [-] Hash Ring: Node 7fec70fa035d531bb3797acf976f9302 (host: np0000175103) handling event "create" for row 7ff310ee-50cd-4b36-aefe-01e1d48b58e1 (table: Datapath_Binding) {{(pid=103122) notify /opt/stack/neutron/neutron/plugins/ml2/drivers/ovn/mech_driver/ovsdb/ovsdb_monitor.py:942}}
May 19 23:23:15.554244 np0000175103 devstack@neutron-api.service[103119]: DEBUG neutron.plugins.ml2.drivers.ovn.mech_driver.ovsdb.ovsdb_monitor [-] Hash Ring: Node c371642498255863b975cf58040d17a7 (host: np0000175103) handling event "create" for row 7ff310ee-50cd-4b36-aefe-01e1d48b58e1 (table: Datapath_Binding) {{(pid=103119) notify /opt/stack/neutron/neutron/plugins/ml2/drivers/ovn/mech_driver/ovsdb/ovsdb_monitor.py:942}}
May 19 23:23:15.653139 np0000175103 devstack@neutron-api.service[103121]: INFO neutron.db.ovn_revision_numbers_db [None req-d6b3c7f2-364e-4d9e-9616-17de8cf62a3b admin admin] Successfully bumped revision number for resource 3579014c-ee18-4960-b2eb-290bb39e8088 (type: networks) to 1
May 19 23:23:15.763003 np0000175103 devstack@neutron-api.service[103121]: DEBUG neutron_lib.callbacks.manager [None req-d6b3c7f2-364e-4d9e-9616-17de8cf62a3b admin admin] Publish callbacks ['neutron.plugins.ml2.plugin.SecurityGroupDbMixin._ensure_default_security_group_handler-2708813'] for port (None), before_create {{(pid=103121) _notify_loop /opt/stack/data/venv/lib/python3.12/site-packages/neutron_lib/callbacks/manager.py:184}}
May 19 23:23:16.346715 np0000175103 devstack@neutron-api.service[103121]: DEBUG neutron_lib.callbacks.manager [None req-d6b3c7f2-364e-4d9e-9616-17de8cf62a3b admin admin] Publish callbacks ['neutron.plugins.ml2.drivers.ovn.mech_driver.mech_driver.OVNMechanismDriver._validate_allowed_address_pairs-1916005'] for allowed_address_pair (4fade887-272c-4041-b938-7a53a43fc712), before_create {{(pid=103121) _notify_loop /opt/stack/data/venv/lib/python3.12/site-packages/neutron_lib/callbacks/manager.py:184}}
May 19 23:23:16.347547 np0000175103 devstack@neutron-api.service[103121]: DEBUG neutron_lib.callbacks.manager [None req-d6b3c7f2-364e-4d9e-9616-17de8cf62a3b admin admin] Publish callbacks [] for port (4fade887-272c-4041-b938-7a53a43fc712), precommit_create {{(pid=103121) _notify_loop /opt/stack/data/venv/lib/python3.12/site-packages/neutron_lib/callbacks/manager.py:184}}
May 19 23:23:16.347646 np0000175103 devstack@neutron-api.service[103121]: DEBUG neutron.plugins.ml2.drivers.ovn.mech_driver.mech_driver [None req-d6b3c7f2-364e-4d9e-9616-17de8cf62a3b admin admin] No provisioning block for port 4fade887-272c-4041-b938-7a53a43fc712 since it does not have a host {{(pid=103121) _is_port_provisioning_required /opt/stack/neutron/neutron/plugins/ml2/drivers/ovn/mech_driver/mech_driver.py:894}}
May 19 23:23:16.347882 np0000175103 devstack@neutron-api.service[103121]: DEBUG neutron.db.ovn_revision_numbers_db [None req-d6b3c7f2-364e-4d9e-9616-17de8cf62a3b admin admin] create_initial_revision uuid=4fade887-272c-4041-b938-7a53a43fc712, type=ports, rev=-1 {{(pid=103121) create_initial_revision /opt/stack/neutron/neutron/db/ovn_revision_numbers_db.py:98}}
May 19 23:23:16.778182 np0000175103 devstack@neutron-api.service[103121]: DEBUG neutron_lib.callbacks.manager [None req-d6b3c7f2-364e-4d9e-9616-17de8cf62a3b admin admin] Publish callbacks ['neutron.plugins.ml2.ovo_rpc._ObjectChangeHandler.handle_event-15577892'] for port (4fade887-272c-4041-b938-7a53a43fc712), after_create {{(pid=103121) _notify_loop /opt/stack/data/venv/lib/python3.12/site-packages/neutron_lib/callbacks/manager.py:184}}
May 19 23:23:16.846413 np0000175103 devstack@neutron-api.service[103121]: DEBUG neutron.api.rpc.handlers.resources_rpc [None req-d6b3c7f2-364e-4d9e-9616-17de8cf62a3b admin admin] Pushing event updated for resources: {'Port': ['ID=4fade887-272c-4041-b938-7a53a43fc712,revision_number=1']} {{(pid=103121) push /opt/stack/neutron/neutron/api/rpc/handlers/resources_rpc.py:237}}
May 19 23:23:16.917661 np0000175103 devstack@neutron-api.service[103121]: DEBUG ovsdbapp.backend.ovs_idl.transaction [-] Running txn n=1 command(idx=0): AddLSwitchPortCommand(_result=None, lport=4fade887-272c-4041-b938-7a53a43fc712, lswitch=neutron-3579014c-ee18-4960-b2eb-290bb39e8088, may_exist=True, network_uuid=3579014c-ee18-4960-b2eb-290bb39e8088, columns={'addresses': ['fa:16:3e:9f:03:fa'], 'external_ids': {'neutron:port_name': '', 'neutron:device_id': 'ovnmeta-3579014c-ee18-4960-b2eb-290bb39e8088', 'neutron:project_id': '7cef6a08d98d475dab99b0020426df8d', 'neutron:cidrs': '', 'neutron:device_owner': 'network:distributed', 'neutron:subnet_pool_addr_scope4': '', 'neutron:subnet_pool_addr_scope6': '', 'neutron:network_name': 'neutron-3579014c-ee18-4960-b2eb-290bb39e8088', 'neutron:security_group_ids': '', 'neutron:revision_number': '1', 'neutron:vnic_type': 'normal', 'neutron:port_capabilities': '', 'neutron:mtu': ''}, 'parent_name': [], 'tag': [], 'enabled': True, 'options': {}, 'type': 'localport', 'port_security': [], 'dhcpv4_options': [], 'dhcpv6_options': []}) {{(pid=103121) do_commit /opt/stack/data/venv/lib/python3.12/site-packages/ovsdbapp/backend/ovs_idl/transaction.py:89}}
May 19 23:23:16.918676 np0000175103 devstack@neutron-api.service[103121]: DEBUG ovsdbapp.backend.ovs_idl.transaction [-] Running txn n=1 command(idx=1): QoSDelCommand(_result=None, switch=neutron-3579014c-ee18-4960-b2eb-290bb39e8088, conditions=[('direction', '=', 'to-lport'), ('priority', '=', 2002), ('match', '=', 'outport == "4fade887-272c-4041-b938-7a53a43fc712"')], if_exists=True) {{(pid=103121) do_commit /opt/stack/data/venv/lib/python3.12/site-packages/ovsdbapp/backend/ovs_idl/transaction.py:89}}
