2026-03-01 15:25:00.608 8 INFO neutron.db.ovn_revision_numbers_db [None req-bbb7a402-a3bd-4ee5-aa06-09f577085af2 90884aa49c074b40b7c2a3aaa04f6a3d e690b81fed4047f5823698301db2e933 - - default default] Successfully bumped revision number for resource 3d3134bf-b5a0-4b17-b5e1-05fecc8ca976 (type: security_group_rules) to 0 [pid: 7|app: 0|req: 1437/3098] 10.0.0.45 () {32 vars in 681 bytes} [Sun Mar 1 15:25:00 2026] GET /v2.0/ports?not-tags=red%2Cblue => generated 6008 bytes in 122 msecs (HTTP/1.1 200) 4 headers in 158 bytes (1 switches on core 0) [pid: 8|app: 0|req: 1662/3099] 162.253.55.204 () {34 vars in 747 bytes} [Sun Mar 1 15:25:00 2026] POST /v2.0/security-group-rules => generated 597 bytes in 248 msecs (HTTP/1.1 201) 4 headers in 162 bytes (1 switches on core 0) [pid: 7|app: 0|req: 1438/3100] 10.0.0.45 () {32 vars in 677 bytes} [Sun Mar 1 15:25:00 2026] GET /v2.0/ports?not-tags-any=blue => generated 6008 bytes in 99 msecs (HTTP/1.1 200) 4 headers in 158 bytes (1 switches on core 0) [pid: 8|app: 0|req: 1663/3101] 10.0.0.45 () {32 vars in 689 bytes} [Sun Mar 1 15:25:00 2026] GET /v2.0/ports?not-tags-any=red%2Cblue => generated 5268 bytes in 130 msecs (HTTP/1.1 200) 4 headers in 158 bytes (1 switches on core 0)
2026-03-01 15:25:01.013 7 INFO neutron_taas.services.taas.taas_plugin [None req-dc0ffabf-34dc-4616-9f5a-64ca0cc84dbb a2725f309be9494ea8071e6be9293a46 7c7678416fa44c8aa4fbc77141bcfcb1 - - default default] TaaS: Handle Delete Port: 2cfa9345-abd0-4e0a-b620-7fa04e548343
2026-03-01 15:25:01.017 7 INFO neutron_taas.services.taas.tap_mirror_plugin [None req-dc0ffabf-34dc-4616-9f5a-64ca0cc84dbb a2725f309be9494ea8071e6be9293a46 7c7678416fa44c8aa4fbc77141bcfcb1 - - default default] Tap Mirror: Handle Delete Port: 2cfa9345-abd0-4e0a-b620-7fa04e548343 [pid: 7|app: 0|req: 1439/3102] 10.0.0.45 () {32 vars in 719 bytes} [Sun Mar 1 15:25:00 2026] DELETE /v2.0/ports/2cfa9345-abd0-4e0a-b620-7fa04e548343 => generated 0 bytes in 338 msecs (HTTP/1.1 204) 3 headers in 131 bytes (1 switches on core 0)
2026-03-01 15:25:01.338 8 INFO neutron_taas.services.taas.taas_plugin [None req-61d436c0-94ed-4497-b57a-740a7c684aef a2725f309be9494ea8071e6be9293a46 7c7678416fa44c8aa4fbc77141bcfcb1 - - default default] TaaS: Handle Delete Port: 9a2587ab-b210-4203-b83b-4aaaa67a9fd4
2026-03-01 15:25:01.341 8 INFO neutron_taas.services.taas.tap_mirror_plugin [None req-61d436c0-94ed-4497-b57a-740a7c684aef a2725f309be9494ea8071e6be9293a46 7c7678416fa44c8aa4fbc77141bcfcb1 - - default default] Tap Mirror: Handle Delete Port: 9a2587ab-b210-4203-b83b-4aaaa67a9fd4 [pid: 8|app: 0|req: 1664/3103] 10.0.0.45 () {32 vars in 719 bytes} [Sun Mar 1 15:25:01 2026] DELETE /v2.0/ports/9a2587ab-b210-4203-b83b-4aaaa67a9fd4 => generated 0 bytes in 295 msecs (HTTP/1.1 204) 3 headers in 131 bytes (1 switches on core 0)
2026-03-01 15:25:01.635 7 INFO neutron_taas.services.taas.taas_plugin [None req-bbf53794-ec77-42fa-8e94-8799083664cf a2725f309be9494ea8071e6be9293a46 7c7678416fa44c8aa4fbc77141bcfcb1 - - default default] TaaS: Handle Delete Port: f0415a10-77ce-4d76-9817-921c9f1f020c
2026-03-01 15:25:01.638 7 INFO neutron_taas.services.taas.tap_mirror_plugin [None req-bbf53794-ec77-42fa-8e94-8799083664cf a2725f309be9494ea8071e6be9293a46 7c7678416fa44c8aa4fbc77141bcfcb1 - - default default] Tap Mirror: Handle Delete Port: f0415a10-77ce-4d76-9817-921c9f1f020c [pid: 7|app: 0|req: 1440/3104] 10.0.0.45 () {32 vars in 719 bytes} [Sun Mar 1 15:25:01 2026] DELETE /v2.0/ports/f0415a10-77ce-4d76-9817-921c9f1f020c => generated 0 bytes in 307 msecs (HTTP/1.1 204) 3 headers in 131 bytes (1 switches on core 0)
2026-03-01 15:25:01.944 8 INFO neutron_taas.services.taas.taas_plugin [None req-15e3cb99-39cf-4ab0-9514-9e92f587c13b a2725f309be9494ea8071e6be9293a46 7c7678416fa44c8aa4fbc77141bcfcb1 - - default default] TaaS: Handle Delete Port: 8a9508bb-fefc-401f-9404-5d54c42128b7
2026-03-01 15:25:01.948 8 INFO neutron_taas.services.taas.tap_mirror_plugin [None req-15e3cb99-39cf-4ab0-9514-9e92f587c13b a2725f309be9494ea8071e6be9293a46 7c7678416fa44c8aa4fbc77141bcfcb1 - - default default] Tap Mirror: Handle Delete Port: 8a9508bb-fefc-401f-9404-5d54c42128b7 [pid: 8|app: 0|req: 1665/3105] 10.0.0.45 () {32 vars in 719 bytes} [Sun Mar 1 15:25:01 2026] DELETE /v2.0/ports/8a9508bb-fefc-401f-9404-5d54c42128b7 => generated 0 bytes in 285 msecs (HTTP/1.1 204) 3 headers in 131 bytes (1 switches on core 0)
2026-03-01 15:25:02.240 7 INFO neutron_taas.services.taas.taas_plugin [None req-a29d3229-a09a-4411-a0c9-85e7d88cd38e a2725f309be9494ea8071e6be9293a46 7c7678416fa44c8aa4fbc77141bcfcb1 - - default default] TaaS: Handle Delete Port: e4f3463c-f3f3-49e5-a6ce-991edb759505
2026-03-01 15:25:02.244 7 INFO neutron_taas.services.taas.tap_mirror_plugin [None req-a29d3229-a09a-4411-a0c9-85e7d88cd38e a2725f309be9494ea8071e6be9293a46 7c7678416fa44c8aa4fbc77141bcfcb1 - - default default] Tap Mirror: Handle Delete Port: e4f3463c-f3f3-49e5-a6ce-991edb759505 [pid: 7|app: 0|req: 1441/3106] 10.0.0.45 () {32 vars in 719 bytes} [Sun Mar 1 15:25:02 2026] DELETE /v2.0/ports/e4f3463c-f3f3-49e5-a6ce-991edb759505 => generated 0 bytes in 295 msecs (HTTP/1.1 204) 3 headers in 131 bytes (1 switches on core 0)
2026-03-01 15:25:02.553 8 INFO neutron_taas.services.taas.taas_plugin [None req-85f19469-4594-4684-a2fa-9d5cc1f1071b a2725f309be9494ea8071e6be9293a46 7c7678416fa44c8aa4fbc77141bcfcb1 - - default default] TaaS: Handle Delete Port: 81e0ef08-2372-4ec7-80a7-8a23d6aa9b63
2026-03-01 15:25:02.556 8 INFO neutron_taas.services.taas.tap_mirror_plugin [None req-85f19469-4594-4684-a2fa-9d5cc1f1071b a2725f309be9494ea8071e6be9293a46 7c7678416fa44c8aa4fbc77141bcfcb1 - - default default] Tap Mirror: Handle Delete Port: 81e0ef08-2372-4ec7-80a7-8a23d6aa9b63
2026-03-01 15:25:02.770 8 INFO neutron.services.segments.plugin [-] Segment 42c8cdc9-58a1-4b21-9637-7257f7cdce4a resource provider aggregate not found
2026-03-01 15:25:02.780 8 INFO neutron.services.segments.plugin [-] Segment 42c8cdc9-58a1-4b21-9637-7257f7cdce4a resource provider aggregate not found
2026-03-01 15:25:02.793 8 INFO neutron.services.segments.plugin [-] Segment 42c8cdc9-58a1-4b21-9637-7257f7cdce4a resource provider not found; error: Placement Client Error (4xx): {"errors": [{"status": 404, "title": "Not Found", "detail": "The resource could not be found.\n\n No resource provider with uuid 42c8cdc9-58a1-4b21-9637-7257f7cdce4a found for delete ", "request_id": "req-81181c50-d990-4afd-9eb5-aed7d51fcdf4"}]}
2026-03-01 15:25:02.801 8 INFO neutron.services.segments.plugin [-] Segment 42c8cdc9-58a1-4b21-9637-7257f7cdce4a resource provider not found; error: Placement Client Error (4xx): {"errors": [{"status": 404, "title": "Not Found", "detail": "The resource could not be found.\n\n No resource provider with uuid 42c8cdc9-58a1-4b21-9637-7257f7cdce4a found for delete ", "request_id": "req-a0d540ab-afad-426a-a840-7866e5b4ef4b"}]} [pid: 8|app: 0|req: 1666/3107] 10.0.0.45 () {32 vars in 725 bytes} [Sun Mar 1 15:25:02 2026] DELETE /v2.0/networks/3afde42c-5081-473a-89c7-b65b24fa8cc1 => generated 0 bytes in 431 msecs (HTTP/1.1 204) 3 headers in 131 bytes (1 switches on core 0)
2026-03-01 15:25:02.963 7 INFO neutron_taas.services.taas.taas_plugin [None req-f057aa5d-1b54-45eb-90c0-0ec405d42154 a2725f309be9494ea8071e6be9293a46 7c7678416fa44c8aa4fbc77141bcfcb1 - - default default] TaaS: Handle Delete Port: 509c5897-fbbc-42fc-be4d-25aa888eaa7e
2026-03-01 15:25:02.966 7 INFO neutron_taas.services.taas.tap_mirror_plugin [None req-f057aa5d-1b54-45eb-90c0-0ec405d42154 a2725f309be9494ea8071e6be9293a46 7c7678416fa44c8aa4fbc77141bcfcb1 - - default default] Tap Mirror: Handle Delete Port: 509c5897-fbbc-42fc-be4d-25aa888eaa7e
2026-03-01 15:25:03.168 7 INFO neutron.services.segments.plugin [-] Segment 6b407b63-ac12-40d3-aea2-88a8c577d8f3 resource provider aggregate not found
2026-03-01 15:25:03.176 7 INFO neutron.services.segments.plugin [-] Segment 6b407b63-ac12-40d3-aea2-88a8c577d8f3 resource provider aggregate not found
2026-03-01 15:25:03.191 7 INFO neutron.services.segments.plugin [-] Segment 6b407b63-ac12-40d3-aea2-88a8c577d8f3 resource provider not found; error: Placement Client Error (4xx): {"errors": [{"status": 404, "title": "Not Found", "detail": "The resource could not be found.\n\n No resource provider with uuid 6b407b63-ac12-40d3-aea2-88a8c577d8f3 found for delete ", "request_id": "req-f5b6bc4b-054c-415d-84e5-5ed8ee785326"}]}
2026-03-01 15:25:03.201 7 INFO neutron.services.segments.plugin [-] Segment 6b407b63-ac12-40d3-aea2-88a8c577d8f3 resource provider not found; error: Placement Client Error (4xx): {"errors": [{"status": 404, "title": "Not Found", "detail": "The resource could not be found.\n\n No resource provider with uuid 6b407b63-ac12-40d3-aea2-88a8c577d8f3 found for delete ", "request_id": "req-9dfd1504-797f-4d59-99f0-9a240b4c49b2"}]} [pid: 7|app: 0|req: 1442/3108] 10.0.0.45 () {32 vars in 725 bytes} [Sun Mar 1 15:25:02 2026] DELETE /v2.0/networks/0885decf-31ac-4a50-9504-ab19800ac9f0 => generated 0 bytes in 392 msecs (HTTP/1.1 204) 3 headers in 131 bytes (1 switches on core 0)
2026-03-01 15:25:03.357 8 INFO neutron_taas.services.taas.taas_plugin [None req-e562e15b-796d-4627-b81e-5bc540aed283 a2725f309be9494ea8071e6be9293a46 7c7678416fa44c8aa4fbc77141bcfcb1 - - default default] TaaS: Handle Delete Port: 9a320659-6573-4928-9d66-ac7a2ef8973d
2026-03-01 15:25:03.361 8 INFO neutron_taas.services.taas.tap_mirror_plugin [None req-e562e15b-796d-4627-b81e-5bc540aed283 a2725f309be9494ea8071e6be9293a46 7c7678416fa44c8aa4fbc77141bcfcb1 - - default default] Tap Mirror: Handle Delete Port: 9a320659-6573-4928-9d66-ac7a2ef8973d [pid: 8|app: 0|req: 1667/3109] 10.0.0.45 () {32 vars in 725 bytes} [Sun Mar 1 15:25:03 2026] DELETE /v2.0/networks/b908ebad-d2fd-4a7d-9eb9-77908ce52d40 => generated 0 bytes in 383 msecs (HTTP/1.1 204) 3 headers in 131 bytes (1 switches on core 0)
2026-03-01 15:25:03.747 7 INFO neutron_taas.services.taas.taas_plugin [None req-308b5aa1-95d2-46cd-b662-0e83e90aa12d a2725f309be9494ea8071e6be9293a46 7c7678416fa44c8aa4fbc77141bcfcb1 - - default default] TaaS: Handle Delete Port: c407585a-98c3-446f-b1ae-aa629484a8b2
2026-03-01 15:25:03.749 7 INFO neutron_taas.services.taas.tap_mirror_plugin [None req-308b5aa1-95d2-46cd-b662-0e83e90aa12d a2725f309be9494ea8071e6be9293a46 7c7678416fa44c8aa4fbc77141bcfcb1 - - default default] Tap Mirror: Handle Delete Port: c407585a-98c3-446f-b1ae-aa629484a8b2 [pid: 7|app: 0|req: 1443/3110] 10.0.0.45 () {32 vars in 725 bytes} [Sun Mar 1 15:25:03 2026] DELETE /v2.0/networks/6f0a214b-3fa1-47ab-8be6-764dd3f831a5 => generated 0 bytes in 353 msecs (HTTP/1.1 204) 3 headers in 131 bytes (1 switches on core 0)
2026-03-01 15:25:04.125 8 INFO neutron_taas.services.taas.taas_plugin [None req-066bed27-0a12-4b83-bb0c-fbcfadf9517f a2725f309be9494ea8071e6be9293a46 7c7678416fa44c8aa4fbc77141bcfcb1 - - default default] TaaS: Handle Delete Port: f0c26bbc-8e98-47e6-9ece-6b23c872f2fc
2026-03-01 15:25:04.127 8 INFO neutron_taas.services.taas.tap_mirror_plugin [None req-066bed27-0a12-4b83-bb0c-fbcfadf9517f a2725f309be9494ea8071e6be9293a46 7c7678416fa44c8aa4fbc77141bcfcb1 - - default default] Tap Mirror: Handle Delete Port: f0c26bbc-8e98-47e6-9ece-6b23c872f2fc [pid: 8|app: 0|req: 1668/3111] 10.0.0.45 () {32 vars in 725 bytes} [Sun Mar 1 15:25:03 2026] DELETE /v2.0/networks/8e43dafa-5bf6-49fe-bbf4-4b79e2c2ea93 => generated 0 bytes in 399 msecs (HTTP/1.1 204) 3 headers in 131 bytes (1 switches on core 0)
2026-03-01 15:25:04.815 8 INFO neutron.services.segments.plugin [-] Segment b08f00a2-3ed5-4c86-80a9-c6b9ed9f2ba2 resource provider aggregate not found
2026-03-01 15:25:04.828 8 INFO neutron.services.segments.plugin [-] Segment b08f00a2-3ed5-4c86-80a9-c6b9ed9f2ba2 resource provider aggregate not found
2026-03-01 15:25:04.832 8 INFO neutron.services.segments.plugin [-] Segment b08f00a2-3ed5-4c86-80a9-c6b9ed9f2ba2 resource provider not found; error: Placement Client Error (4xx): {"errors": [{"status": 404, "title": "Not Found", "detail": "The resource could not be found.\n\n No resource provider with uuid b08f00a2-3ed5-4c86-80a9-c6b9ed9f2ba2 found for delete ", "request_id": "req-d9da5c66-6ba8-42b7-92f0-be62d45175a9"}]}
2026-03-01 15:25:04.849 8 INFO neutron.services.segments.plugin [-] Segment 2ef9eaaa-6ee0-4542-be17-599446eb04e3 resource provider aggregate not found
2026-03-01 15:25:04.853 8 INFO neutron.services.segments.plugin [-] Segment b08f00a2-3ed5-4c86-80a9-c6b9ed9f2ba2 resource provider not found; error: Placement Client Error (4xx): {"errors": [{"status": 404, "title": "Not Found", "detail": "The resource could not be found.\n\n No resource provider with uuid b08f00a2-3ed5-4c86-80a9-c6b9ed9f2ba2 found for delete ", "request_id": "req-f90242fc-0ddc-4347-a23a-6adc0cf1f992"}]}
2026-03-01 15:25:04.866 8 INFO neutron.services.segments.plugin [-] Segment 2ef9eaaa-6ee0-4542-be17-599446eb04e3 resource provider not found; error: Placement Client Error (4xx): {"errors": [{"status": 404, "title": "Not Found", "detail": "The resource could not be found.\n\n No resource provider with uuid 2ef9eaaa-6ee0-4542-be17-599446eb04e3 found for delete ", "request_id": "req-4877c3e0-4050-4278-aec3-7a51f3d69074"}]}
2026-03-01 15:25:04.877 8 INFO neutron.services.segments.plugin [-] Segment 2ef9eaaa-6ee0-4542-be17-599446eb04e3 resource provider aggregate not found
2026-03-01 15:25:04.895 8 INFO neutron.services.segments.plugin [-] Segment 2ef9eaaa-6ee0-4542-be17-599446eb04e3 resource provider not found; error: Placement Client Error (4xx): {"errors": [{"status": 404, "title": "Not Found", "detail": "The resource could not be found.\n\n No resource provider with uuid 2ef9eaaa-6ee0-4542-be17-599446eb04e3 found for delete ", "request_id": "req-df840934-a81b-4046-869a-21fb96843453"}]}
2026-03-01 15:25:05.220 7 INFO neutron.services.segments.plugin [-] Segment f17d260a-7c0e-419d-9f59-82fe57267213 resource provider aggregate not found
2026-03-01 15:25:05.230 7 INFO neutron.services.segments.plugin [-] Segment f17d260a-7c0e-419d-9f59-82fe57267213 resource provider aggregate not found
2026-03-01 15:25:05.236 7 INFO neutron.services.segments.plugin [-] Segment f17d260a-7c0e-419d-9f59-82fe57267213 resource provider not found; error: Placement Client Error (4xx): {"errors": [{"status": 404, "title": "Not Found", "detail": "The resource could not be found.\n\n No resource provider with uuid f17d260a-7c0e-419d-9f59-82fe57267213 found for delete ", "request_id": "req-b3b8c006-90c5-4c9e-ad47-d4c786554c83"}]}
2026-03-01 15:25:05.246 7 INFO neutron.services.segments.plugin [-] Segment f17d260a-7c0e-419d-9f59-82fe57267213 resource provider not found; error: Placement Client Error (4xx): {"errors": [{"status": 404, "title": "Not Found", "detail": "The resource could not be found.\n\n No resource provider with uuid f17d260a-7c0e-419d-9f59-82fe57267213 found for delete ", "request_id": "req-cec28039-e4b9-428c-ac66-405eaa714b44"}]}
2026-03-01 15:25:05.532 7 INFO neutron.db.ovn_revision_numbers_db [None req-4b281e7b-569f-4168-ae25-527958f75d98 90884aa49c074b40b7c2a3aaa04f6a3d e690b81fed4047f5823698301db2e933 - - default default] Successfully bumped revision number for resource 0007d578-a85e-4ad8-904d-9ec46535804f (type: security_groups) to 1
2026-03-01 15:25:05.547 7 INFO neutron.db.ovn_revision_numbers_db [None req-4b281e7b-569f-4168-ae25-527958f75d98 90884aa49c074b40b7c2a3aaa04f6a3d e690b81fed4047f5823698301db2e933 - - default default] Successfully bumped revision number for resource 6b85b05f-38bb-4435-929d-a9251abd67c1 (type: security_group_rules) to 0
2026-03-01 15:25:05.560 7 INFO neutron.db.ovn_revision_numbers_db [None req-4b281e7b-569f-4168-ae25-527958f75d98 90884aa49c074b40b7c2a3aaa04f6a3d e690b81fed4047f5823698301db2e933 - - default default] Successfully bumped revision number for resource 88ef652e-efe1-46e1-b90b-9f213339e68c (type: security_group_rules) to 0
2026-03-01 15:25:05.574 7 INFO neutron.db.ovn_revision_numbers_db [None req-4b281e7b-569f-4168-ae25-527958f75d98 90884aa49c074b40b7c2a3aaa04f6a3d e690b81fed4047f5823698301db2e933 - - default default] Successfully bumped revision number for resource 95366bb0-df0a-4408-901a-d15c631decf7 (type: security_group_rules) to 0
2026-03-01 15:25:05.590 7 INFO neutron.db.ovn_revision_numbers_db [None req-4b281e7b-569f-4168-ae25-527958f75d98 90884aa49c074b40b7c2a3aaa04f6a3d e690b81fed4047f5823698301db2e933 - - default default] Successfully bumped revision number for resource ac407ecc-8ff4-4e11-b7af-be1348ac2231 (type: security_group_rules) to 0 [pid: 7|app: 0|req: 1444/3112] 10.0.0.45 () {32 vars in 773 bytes} [Sun Mar 1 15:25:05 2026] GET /v2.0/security-groups?tenant_id=89f5f1d333a1423c985fe2e92969cebc&name=default => generated 2929 bytes in 442 msecs (HTTP/1.1 200) 4 headers in 158 bytes (1 switches on core 0) [pid: 8|app: 0|req: 1669/3113] 10.0.0.45 () {32 vars in 739 bytes} [Sun Mar 1 15:25:05 2026] DELETE /v2.0/security-groups/0007d578-a85e-4ad8-904d-9ec46535804f => generated 0 bytes in 338 msecs (HTTP/1.1 204) 2 headers in 112 bytes (1 switches on core 0) [pid: 7|app: 0|req: 1445/3114] 10.0.0.45 () {32 vars in 773 bytes} [Sun Mar 1 15:25:06 2026] GET /v2.0/security-groups?tenant_id=7c7678416fa44c8aa4fbc77141bcfcb1&name=default => generated 2929 bytes in 35 msecs (HTTP/1.1 200) 4 headers in 158 bytes (1 switches on core 0) [pid: 8|app: 0|req: 1670/3115] 10.0.0.45 () {32 vars in 739 bytes} [Sun Mar 1 15:25:06 2026] DELETE /v2.0/security-groups/5480aba5-3dbb-4e36-a70f-568c83ffef58 => generated 0 bytes in 277 msecs (HTTP/1.1 204) 2 headers in 112 bytes (1 switches on core 0)
2026-03-01 15:25:06.824 7 INFO neutron.db.ovn_revision_numbers_db [None req-68aab74b-f726-45ee-baa2-e68072a6867b 90884aa49c074b40b7c2a3aaa04f6a3d e690b81fed4047f5823698301db2e933 - - default default] Successfully bumped revision number for resource 1ad8d222-7dc5-4b52-bae5-b69ded35beb2 (type: security_groups) to 1
2026-03-01 15:25:06.836 7 INFO neutron.db.ovn_revision_numbers_db [None req-68aab74b-f726-45ee-baa2-e68072a6867b 90884aa49c074b40b7c2a3aaa04f6a3d e690b81fed4047f5823698301db2e933 - - default default] Successfully bumped revision number for resource 15b0b51f-929b-48df-9222-9ef14cd8df85 (type: security_group_rules) to 0
2026-03-01 15:25:06.847 7 INFO neutron.db.ovn_revision_numbers_db [None req-68aab74b-f726-45ee-baa2-e68072a6867b 90884aa49c074b40b7c2a3aaa04f6a3d e690b81fed4047f5823698301db2e933 - - default default] Successfully bumped revision number for resource a5973b1b-bce0-4d6e-9334-e23f0f39e56c (type: security_group_rules) to 0
2026-03-01 15:25:06.859 7 INFO neutron.db.ovn_revision_numbers_db [None req-68aab74b-f726-45ee-baa2-e68072a6867b 90884aa49c074b40b7c2a3aaa04f6a3d e690b81fed4047f5823698301db2e933 - - default default] Successfully bumped revision number for resource ada6d678-0650-4110-8db5-7345c98b5a3c (type: security_group_rules) to 0
2026-03-01 15:25:06.871 7 INFO neutron.db.ovn_revision_numbers_db [None req-68aab74b-f726-45ee-baa2-e68072a6867b 90884aa49c074b40b7c2a3aaa04f6a3d e690b81fed4047f5823698301db2e933 - - default default] Successfully bumped revision number for resource e0a52165-9ac7-4fd6-b00f-38111449b1c8 (type: security_group_rules) to 0 [pid: 7|app: 0|req: 1446/3116] 10.0.0.45 () {32 vars in 773 bytes} [Sun Mar 1 15:25:06 2026] GET /v2.0/security-groups?tenant_id=820d601723ae448fb6bc0aaf8daf3c22&name=default => generated 2929 bytes in 320 msecs (HTTP/1.1 200) 4 headers in 158 bytes (1 switches on core 0) [pid: 8|app: 0|req: 1671/3117] 10.0.0.45 () {32 vars in 739 bytes} [Sun Mar 1 15:25:06 2026] DELETE /v2.0/security-groups/1ad8d222-7dc5-4b52-bae5-b69ded35beb2 => generated 0 bytes in 319 msecs (HTTP/1.1 204) 2 headers in 112 bytes (1 switches on core 0)
2026-03-01 15:25:11.751 7 INFO neutron.db.ovn_revision_numbers_db [None req-0812eedc-7e4c-4283-8a4a-9decc3ff0201 8c69e0a43d3d4cc8b4a77056cba1a4c2 ce8e090f60ca42ef9daf575e1b468869 - - default default] Successfully bumped revision number for resource 0e9cd500-df15-486a-9a4b-a9686bfede86 (type: security_groups) to 1
2026-03-01 15:25:11.800 7 INFO neutron.db.ovn_revision_numbers_db [None req-0812eedc-7e4c-4283-8a4a-9decc3ff0201 8c69e0a43d3d4cc8b4a77056cba1a4c2 ce8e090f60ca42ef9daf575e1b468869 - - default default] Successfully bumped revision number for resource 64202c8a-db8a-40bb-a420-b1c212a6ffc7 (type: security_group_rules) to 0
2026-03-01 15:25:11.835 7 INFO neutron.db.ovn_revision_numbers_db [None req-0812eedc-7e4c-4283-8a4a-9decc3ff0201 8c69e0a43d3d4cc8b4a77056cba1a4c2 ce8e090f60ca42ef9daf575e1b468869 - - default default] Successfully bumped revision number for resource b1cc70d9-944f-4dd8-a0e3-1b3ce94296eb (type: security_group_rules) to 0
2026-03-01 15:25:11.848 7 INFO neutron.db.ovn_revision_numbers_db [None req-0812eedc-7e4c-4283-8a4a-9decc3ff0201 8c69e0a43d3d4cc8b4a77056cba1a4c2 ce8e090f60ca42ef9daf575e1b468869 - - default default] Successfully bumped revision number for resource b74c0718-55d0-4497-b8de-f6c9cd53258c (type: security_group_rules) to 0
2026-03-01 15:25:11.859 7 INFO neutron.db.ovn_revision_numbers_db [None req-0812eedc-7e4c-4283-8a4a-9decc3ff0201 8c69e0a43d3d4cc8b4a77056cba1a4c2 ce8e090f60ca42ef9daf575e1b468869 - - default default] Successfully bumped revision number for resource d47aa2f8-3089-44ab-8c99-e37c03878286 (type: security_group_rules) to 0
2026-03-01 15:25:11.931 7 INFO neutron.db.segments_db [None req-0812eedc-7e4c-4283-8a4a-9decc3ff0201 8c69e0a43d3d4cc8b4a77056cba1a4c2 ce8e090f60ca42ef9daf575e1b468869 - - default default] Added segment 746c8cb7-d450-489d-9bac-6333b37b5e7a of type geneve for network d1d3c5e4-e0f6-41c2-b34c-e9b06232da97
2026-03-01 15:25:12.085 7 INFO neutron.db.ovn_revision_numbers_db [None req-0812eedc-7e4c-4283-8a4a-9decc3ff0201 8c69e0a43d3d4cc8b4a77056cba1a4c2 ce8e090f60ca42ef9daf575e1b468869 - - default default] Successfully bumped revision number for resource d1d3c5e4-e0f6-41c2-b34c-e9b06232da97 (type: networks) to 1
2026-03-01 15:25:12.239 7 WARNING neutron.scheduler.dhcp_agent_scheduler [None req-0812eedc-7e4c-4283-8a4a-9decc3ff0201 8c69e0a43d3d4cc8b4a77056cba1a4c2 ce8e090f60ca42ef9daf575e1b468869 - - default default] No more DHCP agents
2026-03-01 15:25:12.240 7 WARNING neutron.api.rpc.agentnotifiers.dhcp_rpc_agent_api [None req-0812eedc-7e4c-4283-8a4a-9decc3ff0201 8c69e0a43d3d4cc8b4a77056cba1a4c2 ce8e090f60ca42ef9daf575e1b468869 - - default default] Unable to schedule network d1d3c5e4-e0f6-41c2-b34c-e9b06232da97: no agents available; will retry on subsequent port and subnet creation events. [pid: 8|app: 0|req: 1673/3120] 10.0.0.46 () {30 vars in 689 bytes} [Sun Mar 1 15:25:12 2026] GET /v2.0/extensions/security-group => generated 170 bytes in 62 msecs (HTTP/1.1 200) 4 headers in 157 bytes (1 switches on core 0)
2026-03-01 15:25:12.302 7 INFO neutron.plugins.ml2.drivers.ovn.mech_driver.mech_driver [None req-e92a2189-55ab-448d-bf3e-995f32a9ec4c - - - - - -] OVN reports status down for port: 2fe6ea13-b1af-4ab3-920c-45ae3c373294 [pid: 8|app: 0|req: 1674/3121] 10.0.0.46 () {30 vars in 691 bytes} [Sun Mar 1 15:25:12 2026] GET /v2.0/extensions/dns-integration => generated 172 bytes in 6 msecs (HTTP/1.1 200) 4 headers in 157 bytes (1 switches on core 0) [pid: 8|app: 0|req: 1675/3122] 10.0.0.46 () {30 vars in 667 bytes} [Sun Mar 1 15:25:12 2026] GET /v2.0/extensions/qos => generated 166 bytes in 4 msecs (HTTP/1.1 200) 4 headers in 157 bytes (1 switches on core 0) [pid: 8|app: 0|req: 1676/3123] 10.0.0.46 () {30 vars in 703 bytes} [Sun Mar 1 15:25:12 2026] GET /v2.0/extensions/allowed-address-pairs => generated 184 bytes in 4 msecs (HTTP/1.1 200) 4 headers in 157 bytes (1 switches on core 0)
2026-03-01 15:25:12.373 7 INFO neutron.db.ovn_revision_numbers_db [None req-0812eedc-7e4c-4283-8a4a-9decc3ff0201 8c69e0a43d3d4cc8b4a77056cba1a4c2 ce8e090f60ca42ef9daf575e1b468869 - - default default] Successfully bumped revision number for resource 2fe6ea13-b1af-4ab3-920c-45ae3c373294 (type: ports) to 1 [pid: 7|app: 0|req: 1448/3124] 10.0.0.45 () {34 vars in 669 bytes} [Sun Mar 1 15:25:11 2026] POST /v2.0/networks => generated 650 bytes in 1110 msecs (HTTP/1.1 201) 4 headers in 162 bytes (1 switches on core 0)
2026-03-01 15:25:12.614 8 WARNING neutron.scheduler.dhcp_agent_scheduler [None req-9717acf3-0cbc-42f9-af45-17d24f494a5b 8c69e0a43d3d4cc8b4a77056cba1a4c2 ce8e090f60ca42ef9daf575e1b468869 - - default default] No more DHCP agents
2026-03-01 15:25:12.615 8 WARNING neutron.api.rpc.agentnotifiers.dhcp_rpc_agent_api [None req-9717acf3-0cbc-42f9-af45-17d24f494a5b 8c69e0a43d3d4cc8b4a77056cba1a4c2 ce8e090f60ca42ef9daf575e1b468869 - - default default] Unable to schedule network d1d3c5e4-e0f6-41c2-b34c-e9b06232da97: no agents available; will retry on subsequent port and subnet creation events. [pid: 7|app: 0|req: 1449/3125] 10.0.0.46 () {28 vars in 438 bytes} [Sun Mar 1 15:25:12 2026] GET / => generated 151 bytes in 3 msecs (HTTP/1.1 200) 3 headers in 91 bytes (1 switches on core 0) [pid: 7|app: 0|req: 1450/3126] 10.0.0.46 () {30 vars in 727 bytes} [Sun Mar 1 15:25:12 2026] GET /v2.0/subnets/20825675-e2e1-4575-9b5e-9f475869e672 => generated 655 bytes in 32 msecs (HTTP/1.1 200) 4 headers in 157 bytes (1 switches on core 0)
2026-03-01 15:25:13.029 8 INFO neutron.db.ovn_revision_numbers_db [None req-83f1ed41-4c41-490b-b11d-68399e8c1c51 - - - - - -] Successfully bumped revision number for resource 2fe6ea13-b1af-4ab3-920c-45ae3c373294 (type: ports) to 2
2026-03-01 15:25:13.067 8 INFO neutron.db.ovn_revision_numbers_db [None req-83f1ed41-4c41-490b-b11d-68399e8c1c51 - - - - - -] Successfully bumped revision number for resource 2829a526-f3fb-4b21-86b2-70554f4845b6 (type: subnets) to 0 [pid: 8|app: 0|req: 1677/3127] 10.0.0.45 () {34 vars in 668 bytes} [Sun Mar 1 15:25:12 2026] POST /v2.0/subnets => generated 626 bytes in 649 msecs (HTTP/1.1 201) 4 headers in 162 bytes (1 switches on core 0)
2026-03-01 15:25:13.195 7 INFO neutron.db.segments_db [None req-c2389c4a-6216-4b7d-ad71-74d0bfd77310 8c69e0a43d3d4cc8b4a77056cba1a4c2 ce8e090f60ca42ef9daf575e1b468869 - - default default] Added segment 6142dc0a-525c-4bce-8cfe-72a785f818ec of type geneve for network 5df0b197-c6df-45a1-bd6b-4fd9ba0830db
2026-03-01 15:25:13.328 7 INFO neutron.db.ovn_revision_numbers_db [None req-c2389c4a-6216-4b7d-ad71-74d0bfd77310 8c69e0a43d3d4cc8b4a77056cba1a4c2 ce8e090f60ca42ef9daf575e1b468869 - - default default] Successfully bumped revision number for resource 5df0b197-c6df-45a1-bd6b-4fd9ba0830db (type: networks) to 1
2026-03-01 15:25:13.533 7 WARNING neutron.scheduler.dhcp_agent_scheduler [None req-c2389c4a-6216-4b7d-ad71-74d0bfd77310 8c69e0a43d3d4cc8b4a77056cba1a4c2 ce8e090f60ca42ef9daf575e1b468869 - - default default] No more DHCP agents
2026-03-01 15:25:13.536 7 WARNING neutron.api.rpc.agentnotifiers.dhcp_rpc_agent_api [None req-c2389c4a-6216-4b7d-ad71-74d0bfd77310 8c69e0a43d3d4cc8b4a77056cba1a4c2 ce8e090f60ca42ef9daf575e1b468869 - - default default] Unable to schedule network 5df0b197-c6df-45a1-bd6b-4fd9ba0830db: no agents available; will retry on subsequent port and subnet creation events.
2026-03-01 15:25:13.619 7 INFO neutron.plugins.ml2.drivers.ovn.mech_driver.mech_driver [None req-e92a2189-55ab-448d-bf3e-995f32a9ec4c - - - - - -] OVN reports status down for port: 0b6df48e-028c-4b16-ad45-a9a308b34eab
2026-03-01 15:25:13.699 7 INFO neutron.db.ovn_revision_numbers_db [None req-c2389c4a-6216-4b7d-ad71-74d0bfd77310 8c69e0a43d3d4cc8b4a77056cba1a4c2 ce8e090f60ca42ef9daf575e1b468869 - - default default] Successfully bumped revision number for resource 0b6df48e-028c-4b16-ad45-a9a308b34eab (type: ports) to 1 [pid: 7|app: 0|req: 1451/3128] 10.0.0.45 () {34 vars in 669 bytes} [Sun Mar 1 15:25:13 2026] POST /v2.0/networks => generated 650 bytes in 648 msecs (HTTP/1.1 201) 4 headers in 162 bytes (1 switches on core 0) [pid: 7|app: 0|req: 1452/3129] 162.253.55.204 () {30 vars in 703 bytes} [Sun Mar 1 15:25:13 2026] GET /v2.0/extensions/security-group => generated 170 bytes in 9 msecs (HTTP/1.1 200) 4 headers in 157 bytes (1 switches on core 0) [pid: 7|app: 0|req: 1453/3130] 162.253.55.204 () {30 vars in 705 bytes} [Sun Mar 1 15:25:13 2026] GET /v2.0/extensions/dns-integration => generated 172 bytes in 3 msecs (HTTP/1.1 200) 4 headers in 157 bytes (1 switches on core 0) [pid: 7|app: 0|req: 1454/3131] 162.253.55.204 () {30 vars in 681 bytes} [Sun Mar 1 15:25:13 2026] GET /v2.0/extensions/qos => generated 166 bytes in 4 msecs (HTTP/1.1 200) 4 headers in 157 bytes (1 switches on core 0) [pid: 7|app: 0|req: 1455/3132] 162.253.55.204 () {30 vars in 717 bytes} [Sun Mar 1 15:25:13 2026] GET /v2.0/extensions/allowed-address-pairs => generated 184 bytes in 6 msecs (HTTP/1.1 200) 4 headers in 157 bytes (1 switches on core 0)
2026-03-01 15:25:13.932 8 WARNING neutron.scheduler.dhcp_agent_scheduler [None req-e06a68ed-484e-4945-bd8d-58822d8439d1 8c69e0a43d3d4cc8b4a77056cba1a4c2 ce8e090f60ca42ef9daf575e1b468869 - - default default] No more DHCP agents
2026-03-01 15:25:13.934 8 WARNING neutron.api.rpc.agentnotifiers.dhcp_rpc_agent_api [None req-e06a68ed-484e-4945-bd8d-58822d8439d1 8c69e0a43d3d4cc8b4a77056cba1a4c2 ce8e090f60ca42ef9daf575e1b468869 - - default default] Unable to schedule network 5df0b197-c6df-45a1-bd6b-4fd9ba0830db: no agents available; will retry on subsequent port and subnet creation events. [pid: 7|app: 0|req: 1456/3133] 162.253.55.204 () {30 vars in 741 bytes} [Sun Mar 1 15:25:13 2026] GET /v2.0/subnets/20825675-e2e1-4575-9b5e-9f475869e672 => generated 673 bytes in 24 msecs (HTTP/1.1 200) 4 headers in 157 bytes (1 switches on core 0) [pid: 7|app: 0|req: 1457/3134] 162.253.55.204 () {30 vars in 769 bytes} [Sun Mar 1 15:25:13 2026] GET /v2.0/ports?device_id=55ebac3f-0074-4493-b5ce-b85685872f94 => generated 2528 bytes in 36 msecs (HTTP/1.1 200) 4 headers in 158 bytes (1 switches on core 0) [pid: 7|app: 0|req: 1458/3135] 162.253.55.204 () {30 vars in 703 bytes} [Sun Mar 1 15:25:14 2026] GET /v2.0/extensions/security-group => generated 170 bytes in 6 msecs (HTTP/1.1 200) 4 headers in 157 bytes (1 switches on core 0) [pid: 7|app: 0|req: 1459/3136] 162.253.55.204 () {30 vars in 705 bytes} [Sun Mar 1 15:25:14 2026] GET /v2.0/extensions/dns-integration => generated 172 bytes in 3 msecs (HTTP/1.1 200) 4 headers in 157 bytes (1 switches on core 0) [pid: 7|app: 0|req: 1460/3137] 162.253.55.204 () {30 vars in 681 bytes} [Sun Mar 1 15:25:14 2026] GET /v2.0/extensions/qos => generated 166 bytes in 5 msecs (HTTP/1.1 200) 4 headers in 157 bytes (1 switches on core 0) [pid: 7|app: 0|req: 1461/3138] 162.253.55.204 () {30 vars in 717 bytes} [Sun Mar 1 15:25:14 2026] GET /v2.0/extensions/allowed-address-pairs => generated 184 bytes in 5 msecs (HTTP/1.1 200) 4 headers in 157 bytes (1 switches on core 0)
2026-03-01 15:25:14.414 8 INFO neutron.db.ovn_revision_numbers_db [None req-dcbb6c2d-4b72-415e-8f73-f0b9ccd1f2bf - - - - - -] Successfully bumped revision number for resource 0b6df48e-028c-4b16-ad45-a9a308b34eab (type: ports) to 2
2026-03-01 15:25:14.448 8 INFO neutron.db.ovn_revision_numbers_db [None req-dcbb6c2d-4b72-415e-8f73-f0b9ccd1f2bf - - - - - -] Successfully bumped revision number for resource c857853f-a60c-4ce1-a196-f43371dab043 (type: subnets) to 0 [pid: 8|app: 0|req: 1678/3139] 10.0.0.45 () {34 vars in 668 bytes} [Sun Mar 1 15:25:13 2026] POST /v2.0/subnets => generated 629 bytes in 717 msecs (HTTP/1.1 201) 4 headers in 162 bytes (1 switches on core 0)
2026-03-01 15:25:14.472 7 WARNING neutron.scheduler.dhcp_agent_scheduler [None req-130cb959-23d7-4d18-aa62-3a7bf3b5e2e6 90884aa49c074b40b7c2a3aaa04f6a3d e690b81fed4047f5823698301db2e933 - - default default] No more DHCP agents
2026-03-01 15:25:14.474 7 WARNING neutron.api.rpc.agentnotifiers.dhcp_rpc_agent_api [None req-130cb959-23d7-4d18-aa62-3a7bf3b5e2e6 90884aa49c074b40b7c2a3aaa04f6a3d e690b81fed4047f5823698301db2e933 - - default default] Unable to schedule network 45e06088-b30e-46ae-846a-491708bf38e7: no agents available; will retry on subsequent port and subnet creation events.
2026-03-01 15:25:14.553 8 INFO neutron.db.segments_db [None req-ca8e373c-0592-417f-8e44-0c493650cc4a 8c69e0a43d3d4cc8b4a77056cba1a4c2 ce8e090f60ca42ef9daf575e1b468869 - - default default] Added segment 6a5d3660-e0c4-4598-a8e7-9abaa30b5911 of type geneve for network 3765f17d-cb2f-45d5-9249-c4d03bde6329
2026-03-01 15:25:14.602 7 INFO neutron.plugins.ml2.drivers.ovn.mech_driver.mech_driver [None req-e92a2189-55ab-448d-bf3e-995f32a9ec4c - - - - - -] OVN reports status down for port: 0080d128-a4e3-410f-9d79-29550e91ed9a
2026-03-01 15:25:14.677 7 INFO neutron.db.ovn_revision_numbers_db [None req-130cb959-23d7-4d18-aa62-3a7bf3b5e2e6 90884aa49c074b40b7c2a3aaa04f6a3d e690b81fed4047f5823698301db2e933 - - default default] Successfully bumped revision number for resource 0080d128-a4e3-410f-9d79-29550e91ed9a (type: ports) to 1 [pid: 7|app: 0|req: 1462/3140] 162.253.55.204 () {34 vars in 717 bytes} [Sun Mar 1 15:25:14 2026] POST /v2.0/ports => generated 1324 bytes in 555 msecs (HTTP/1.1 201) 4 headers in 163 bytes (1 switches on core 0)
2026-03-01 15:25:14.748 8 INFO neutron.db.ovn_revision_numbers_db [None req-ca8e373c-0592-417f-8e44-0c493650cc4a 8c69e0a43d3d4cc8b4a77056cba1a4c2 ce8e090f60ca42ef9daf575e1b468869 - - default default] Successfully bumped revision number for resource 3765f17d-cb2f-45d5-9249-c4d03bde6329 (type: networks) to 1
2026-03-01 15:25:14.931 8 WARNING neutron.scheduler.dhcp_agent_scheduler [None req-ca8e373c-0592-417f-8e44-0c493650cc4a 8c69e0a43d3d4cc8b4a77056cba1a4c2 ce8e090f60ca42ef9daf575e1b468869 - - default default] No more DHCP agents
2026-03-01 15:25:14.933 8 WARNING neutron.api.rpc.agentnotifiers.dhcp_rpc_agent_api [None req-ca8e373c-0592-417f-8e44-0c493650cc4a 8c69e0a43d3d4cc8b4a77056cba1a4c2 ce8e090f60ca42ef9daf575e1b468869 - - default default] Unable to schedule network 3765f17d-cb2f-45d5-9249-c4d03bde6329: no agents available; will retry on subsequent port and subnet creation events.
2026-03-01 15:25:15.018 7 INFO neutron.plugins.ml2.drivers.ovn.mech_driver.mech_driver [None req-e92a2189-55ab-448d-bf3e-995f32a9ec4c - - - - - -] OVN reports status down for port: 9270fe57-8562-4c38-93be-17a743a22ac3
2026-03-01 15:25:15.080 8 INFO neutron.db.ovn_revision_numbers_db [None req-ca8e373c-0592-417f-8e44-0c493650cc4a 8c69e0a43d3d4cc8b4a77056cba1a4c2 ce8e090f60ca42ef9daf575e1b468869 - - default default] Successfully bumped revision number for resource 9270fe57-8562-4c38-93be-17a743a22ac3 (type: ports) to 1 [pid: 8|app: 0|req: 1679/3141] 10.0.0.45 () {34 vars in 669 bytes} [Sun Mar 1 15:25:14 2026] POST /v2.0/networks => generated 650 bytes in 644 msecs (HTTP/1.1 201) 4 headers in 162 bytes (1 switches on core 0) /var/lib/openstack/lib/python3.12/site-packages/pycadf/identifier.py:70: UserWarning: Invalid uuid: neutron. To ensure interoperability, identifiers should be a valid uuid. warnings.warn(('Invalid uuid: %s. To ensure interoperability, ' [pid: 8|app: 0|req: 1680/3142] 10.0.0.64 () {34 vars in 970 bytes} [Sun Mar 1 15:25:15 2026] GET /v2.0/ports/0080d128-a4e3-410f-9d79-29550e91ed9a => generated 1324 bytes in 35 msecs (HTTP/1.1 200) 4 headers in 158 bytes (1 switches on core 0)
2026-03-01 15:25:15.331 7 WARNING neutron.scheduler.dhcp_agent_scheduler [None req-9fa0b515-0d5c-45b7-b32b-4be9c87974ed 8c69e0a43d3d4cc8b4a77056cba1a4c2 ce8e090f60ca42ef9daf575e1b468869 - - default default] No more DHCP agents
2026-03-01 15:25:15.333 7 WARNING neutron.api.rpc.agentnotifiers.dhcp_rpc_agent_api [None req-9fa0b515-0d5c-45b7-b32b-4be9c87974ed 8c69e0a43d3d4cc8b4a77056cba1a4c2 ce8e090f60ca42ef9daf575e1b468869 - - default default] Unable to schedule network 3765f17d-cb2f-45d5-9249-c4d03bde6329: no agents available; will retry on subsequent port and subnet creation events.
2026-03-01 15:25:15.862 7 INFO neutron.db.ovn_revision_numbers_db [None req-5d734c03-8695-478d-bb55-c1bf1d67fa4b - - - - - -] Successfully bumped revision number for resource 9270fe57-8562-4c38-93be-17a743a22ac3 (type: ports) to 2
2026-03-01 15:25:15.897 7 INFO neutron.db.ovn_revision_numbers_db [None req-5d734c03-8695-478d-bb55-c1bf1d67fa4b - - - - - -] Successfully bumped revision number for resource 8f6b03d9-c1e0-48e2-884b-a15893375994 (type: subnets) to 0 [pid: 7|app: 0|req: 1463/3143] 10.0.0.45 () {34 vars in 668 bytes} [Sun Mar 1 15:25:15 2026] POST /v2.0/subnets => generated 629 bytes in 799 msecs (HTTP/1.1 201) 4 headers in 162 bytes (1 switches on core 0)
2026-03-01 15:25:16.002 8 INFO neutron.db.segments_db [None req-14d7cfa2-923c-4e40-9035-1a6f8648d734 8c69e0a43d3d4cc8b4a77056cba1a4c2 ce8e090f60ca42ef9daf575e1b468869 - - default default] Added segment 3db931fb-f828-4b9d-9755-08f9465cdfea of type geneve for network 14da7b52-f4c9-4fcf-9404-425efcd798da
2026-03-01 15:25:16.136 8 INFO neutron.db.ovn_revision_numbers_db [None req-14d7cfa2-923c-4e40-9035-1a6f8648d734 8c69e0a43d3d4cc8b4a77056cba1a4c2 ce8e090f60ca42ef9daf575e1b468869 - - default default] Successfully bumped revision number for resource 14da7b52-f4c9-4fcf-9404-425efcd798da (type: networks) to 1 [pid: 7|app: 0|req: 1464/3144] 162.253.55.204 () {34 vars in 1262 bytes} [Sun Mar 1 15:25:16 2026] GET /v2.0/ports/0080d128-a4e3-410f-9d79-29550e91ed9a?fields=binding%3Avnic_type&fields=binding%3Aprofile&fields=network_id&fields=resource_request&fields=numa_affinity_policy&fields=device_profile => generated 136 bytes in 29 msecs (HTTP/1.1 200) 4 headers in 157 bytes (1 switches on core 0)
2026-03-01 15:25:16.339 8 WARNING neutron.scheduler.dhcp_agent_scheduler [None req-14d7cfa2-923c-4e40-9035-1a6f8648d734 8c69e0a43d3d4cc8b4a77056cba1a4c2 ce8e090f60ca42ef9daf575e1b468869 - - default default] No more DHCP agents
2026-03-01 15:25:16.340 8 WARNING neutron.api.rpc.agentnotifiers.dhcp_rpc_agent_api [None req-14d7cfa2-923c-4e40-9035-1a6f8648d734 8c69e0a43d3d4cc8b4a77056cba1a4c2 ce8e090f60ca42ef9daf575e1b468869 - - default default] Unable to schedule network 14da7b52-f4c9-4fcf-9404-425efcd798da: no agents available; will retry on subsequent port and subnet creation events. [pid: 7|app: 0|req: 1465/3145] 162.253.55.204 () {34 vars in 1012 bytes} [Sun Mar 1 15:25:16 2026] GET /v2.0/networks/45e06088-b30e-46ae-846a-491708bf38e7?fields=segments => generated 14 bytes in 42 msecs (HTTP/1.1 200) 4 headers in 156 bytes (1 switches on core 0)
2026-03-01 15:25:16.428 7 INFO neutron.plugins.ml2.drivers.ovn.mech_driver.mech_driver [None req-e92a2189-55ab-448d-bf3e-995f32a9ec4c - - - - - -] OVN reports status down for port: 7ac5106e-ad42-481e-9c70-3f4cea93120d
2026-03-01 15:25:16.447 8 INFO neutron.db.ovn_revision_numbers_db [None req-14d7cfa2-923c-4e40-9035-1a6f8648d734 8c69e0a43d3d4cc8b4a77056cba1a4c2 ce8e090f60ca42ef9daf575e1b468869 - - default default] Successfully bumped revision number for resource 7ac5106e-ad42-481e-9c70-3f4cea93120d (type: ports) to 1 [pid: 7|app: 0|req: 1466/3146] 162.253.55.204 () {34 vars in 1112 bytes} [Sun Mar 1 15:25:16 2026] GET /v2.0/networks/45e06088-b30e-46ae-846a-491708bf38e7?fields=provider%3Aphysical_network&fields=provider%3Anetwork_type => generated 79 bytes in 110 msecs (HTTP/1.1 200) 4 headers in 156 bytes (1 switches on core 0) [pid: 8|app: 0|req: 1681/3147] 10.0.0.45 () {34 vars in 669 bytes} [Sun Mar 1 15:25:15 2026] POST /v2.0/networks => generated 650 bytes in 554 msecs (HTTP/1.1 201) 4 headers in 162 bytes (1 switches on core 0)
2026-03-01 15:25:16.706 7 WARNING neutron.scheduler.dhcp_agent_scheduler [None req-5727c145-eb34-4fe5-b893-49e3cef0e3c3 8c69e0a43d3d4cc8b4a77056cba1a4c2 ce8e090f60ca42ef9daf575e1b468869 - - default default] No more DHCP agents
2026-03-01 15:25:16.709 7 WARNING neutron.api.rpc.agentnotifiers.dhcp_rpc_agent_api [None req-5727c145-eb34-4fe5-b893-49e3cef0e3c3 8c69e0a43d3d4cc8b4a77056cba1a4c2 ce8e090f60ca42ef9daf575e1b468869 - - default default] Unable to schedule network 14da7b52-f4c9-4fcf-9404-425efcd798da: no agents available; will retry on subsequent port and subnet creation events. [pid: 8|app: 0|req: 1682/3148] 162.253.55.204 () {34 vars in 975 bytes} [Sun Mar 1 15:25:16 2026] GET /v2.0/ports/0080d128-a4e3-410f-9d79-29550e91ed9a => generated 1324 bytes in 39 msecs (HTTP/1.1 200) 4 headers in 158 bytes (1 switches on core 0) [pid: 8|app: 0|req: 1683/3149] 162.253.55.204 () {34 vars in 986 bytes} [Sun Mar 1 15:25:17 2026] GET /v2.0/networks?id=45e06088-b30e-46ae-846a-491708bf38e7 => generated 842 bytes in 48 msecs (HTTP/1.1 200) 4 headers in 157 bytes (1 switches on core 0)
2026-03-01 15:25:17.155 7 INFO neutron.db.ovn_revision_numbers_db [None req-334ebf5d-a093-45c4-b6b1-350442eb5142 - - - - - -] Successfully bumped revision number for resource 7ac5106e-ad42-481e-9c70-3f4cea93120d (type: ports) to 2
2026-03-01 15:25:17.185 7 INFO neutron.db.ovn_revision_numbers_db [None req-334ebf5d-a093-45c4-b6b1-350442eb5142 - - - - - -] Successfully bumped revision number for resource 26d5b991-eecc-496c-80ab-5954694668fc (type: subnets) to 0 [pid: 7|app: 0|req: 1467/3150] 10.0.0.45 () {34 vars in 668 bytes} [Sun Mar 1 15:25:16 2026] POST /v2.0/subnets => generated 629 bytes in 721 msecs (HTTP/1.1 201) 4 headers in 162 bytes (1 switches on core 0)
2026-03-01 15:25:17.293 7 INFO neutron.db.segments_db [None req-9db601c5-956d-4321-95f1-b8f66806f4b4 8c69e0a43d3d4cc8b4a77056cba1a4c2 ce8e090f60ca42ef9daf575e1b468869 - - default default] Added segment e31ac599-c622-47df-9a79-43681cb6d809 of type geneve for network 03d6bd5a-688a-4f37-b780-baa1ef448299
2026-03-01 15:25:17.432 7 INFO neutron.db.ovn_revision_numbers_db [None req-9db601c5-956d-4321-95f1-b8f66806f4b4 8c69e0a43d3d4cc8b4a77056cba1a4c2 ce8e090f60ca42ef9daf575e1b468869 - - default default] Successfully bumped revision number for resource 03d6bd5a-688a-4f37-b780-baa1ef448299 (type: networks) to 1
2026-03-01 15:25:17.572 8 INFO neutron.db.ovn_revision_numbers_db [req-a986c868-1647-4b75-aba2-ff58b459b1c9 req-01ad76da-039d-49ea-8da2-406aa353e828 f03d38d927c8495faca57f8a778ddb3e 19031536996947e1885494cf731997ea - - f846c8022fa04e10b16a6ecda14417a1 f846c8022fa04e10b16a6ecda14417a1] Successfully bumped revision number for resource 0080d128-a4e3-410f-9d79-29550e91ed9a (type: ports) to 2
2026-03-01 15:25:17.646 7 WARNING neutron.scheduler.dhcp_agent_scheduler [None req-9db601c5-956d-4321-95f1-b8f66806f4b4 8c69e0a43d3d4cc8b4a77056cba1a4c2 ce8e090f60ca42ef9daf575e1b468869 - - default default] No more DHCP agents
2026-03-01 15:25:17.648 7 WARNING neutron.api.rpc.agentnotifiers.dhcp_rpc_agent_api [None req-9db601c5-956d-4321-95f1-b8f66806f4b4 8c69e0a43d3d4cc8b4a77056cba1a4c2 ce8e090f60ca42ef9daf575e1b468869 - - default default] Unable to schedule network 03d6bd5a-688a-4f37-b780-baa1ef448299: no agents available; will retry on subsequent port and subnet creation events.
2026-03-01 15:25:17.724 7 INFO neutron.plugins.ml2.drivers.ovn.mech_driver.mech_driver [None req-e92a2189-55ab-448d-bf3e-995f32a9ec4c - - - - - -] OVN reports status down for port: 0ecde9e1-50d5-4101-b6d9-3c2638dd34ab
2026-03-01 15:25:17.793 7 INFO neutron.db.ovn_revision_numbers_db [None req-9db601c5-956d-4321-95f1-b8f66806f4b4 8c69e0a43d3d4cc8b4a77056cba1a4c2 ce8e090f60ca42ef9daf575e1b468869 - - default default] Successfully bumped revision number for resource 0ecde9e1-50d5-4101-b6d9-3c2638dd34ab (type: ports) to 1
2026-03-01 15:25:17.850 8 INFO neutron.db.ovn_revision_numbers_db [req-a986c868-1647-4b75-aba2-ff58b459b1c9 req-01ad76da-039d-49ea-8da2-406aa353e828 f03d38d927c8495faca57f8a778ddb3e 19031536996947e1885494cf731997ea - - f846c8022fa04e10b16a6ecda14417a1 f846c8022fa04e10b16a6ecda14417a1] Successfully bumped revision number for resource 0080d128-a4e3-410f-9d79-29550e91ed9a (type: ports) to 4 [pid: 8|app: 0|req: 1684/3151] 162.253.55.204 () {38 vars in 1028 bytes} [Sun Mar 1 15:25:17 2026] PUT /v2.0/ports/0080d128-a4e3-410f-9d79-29550e91ed9a => generated 1483 bytes in 796 msecs (HTTP/1.1 200) 4 headers in 158 bytes (1 switches on core 0) [pid: 7|app: 0|req: 1468/3152] 10.0.0.45 () {34 vars in 669 bytes} [Sun Mar 1 15:25:17 2026] POST /v2.0/networks => generated 651 bytes in 669 msecs (HTTP/1.1 201) 4 headers in 162 bytes (1 switches on core 0) /var/lib/openstack/lib/python3.12/site-packages/pycadf/identifier.py:70: UserWarning: Invalid uuid: neutron. To ensure interoperability, identifiers should be a valid uuid. warnings.warn(('Invalid uuid: %s. To ensure interoperability, '
2026-03-01 15:25:17.915 8 INFO neutron.notifiers.nova [-] Nova event matching ['req-81dcd89d-c988-49a2-8cca-ad37d4376816'] response: {'name': 'network-changed', 'server_uuid': '55ebac3f-0074-4493-b5ce-b85685872f94', 'tag': '0080d128-a4e3-410f-9d79-29550e91ed9a', 'status': 'completed', 'code': 200}
2026-03-01 15:25:18.074 8 WARNING neutron.scheduler.dhcp_agent_scheduler [None req-28827b7d-1378-4f79-b7e3-b74de781ef80 8c69e0a43d3d4cc8b4a77056cba1a4c2 ce8e090f60ca42ef9daf575e1b468869 - - default default] No more DHCP agents
2026-03-01 15:25:18.075 8 WARNING neutron.api.rpc.agentnotifiers.dhcp_rpc_agent_api [None req-28827b7d-1378-4f79-b7e3-b74de781ef80 8c69e0a43d3d4cc8b4a77056cba1a4c2 ce8e090f60ca42ef9daf575e1b468869 - - default default] Unable to schedule network 03d6bd5a-688a-4f37-b780-baa1ef448299: no agents available; will retry on subsequent port and subnet creation events. [pid: 7|app: 0|req: 1469/3153] 162.253.55.204 () {34 vars in 1080 bytes} [Sun Mar 1 15:25:18 2026] GET /v2.0/ports?tenant_id=e690b81fed4047f5823698301db2e933&device_id=55ebac3f-0074-4493-b5ce-b85685872f94 => generated 4003 bytes in 80 msecs (HTTP/1.1 200) 4 headers in 158 bytes (1 switches on core 0)
2026-03-01 15:25:18.521 8 INFO neutron.db.ovn_revision_numbers_db [None req-09eb1411-1a1a-44f0-86a2-b00fcfd69df3 - - - - - -] Successfully bumped revision number for resource 0ecde9e1-50d5-4101-b6d9-3c2638dd34ab (type: ports) to 2
