2026-03-01 15:16:40.448 7 INFO neutron.api.v2.resource [None req-585953f4-7cad-4c17-9224-798ccbeba4f0 90884aa49c074b40b7c2a3aaa04f6a3d e690b81fed4047f5823698301db2e933 - - default default] show failed (client error): The resource could not be found. [pid: 7|app: 0|req: 292/582] 162.253.55.204 () {44 vars in 1075 bytes} [Sun Mar 1 15:16:40 2026] GET /v2.0/security-groups/manila-service-security-group?project_id=19031536996947e1885494cf731997ea => generated 139 bytes in 42 msecs (HTTP/1.1 404) 4 headers in 164 bytes (1 switches on core 0) [pid: 8|app: 0|req: 291/583] 162.253.55.204 () {44 vars in 1098 bytes} [Sun Mar 1 15:16:40 2026] GET /v2.0/security-groups?name=manila-service-security-group&project_id=19031536996947e1885494cf731997ea => generated 4072 bytes in 35 msecs (HTTP/1.1 200) 4 headers in 158 bytes (1 switches on core 0) [pid: 7|app: 0|req: 293/584] 162.253.55.204 () {44 vars in 1089 bytes} [Sun Mar 1 15:16:41 2026] GET /v2.0/security-groups/bc2926c8-35d0-4c60-b6d3-bfb61812d156?project_id=19031536996947e1885494cf731997ea => generated 4075 bytes in 64 msecs (HTTP/1.1 200) 4 headers in 158 bytes (1 switches on core 0) [pid: 8|app: 0|req: 292/585] 162.253.55.204 () {44 vars in 1002 bytes} [Sun Mar 1 15:16:41 2026] GET /v2.0/security-groups/bc2926c8-35d0-4c60-b6d3-bfb61812d156 => generated 4075 bytes in 35 msecs (HTTP/1.1 200) 4 headers in 158 bytes (1 switches on core 0) [pid: 7|app: 0|req: 294/586] 162.253.55.204 () {44 vars in 1012 bytes} [Sun Mar 1 15:16:41 2026] GET /v2.0/security-group-rules/72f5f0c2-f58d-466a-88bf-c435d5c068b4 => generated 597 bytes in 18 msecs (HTTP/1.1 200) 4 headers in 157 bytes (1 switches on core 0) [pid: 8|app: 0|req: 293/587] 162.253.55.204 () {44 vars in 1089 bytes} [Sun Mar 1 15:16:42 2026] GET /v2.0/security-groups/bc2926c8-35d0-4c60-b6d3-bfb61812d156?project_id=19031536996947e1885494cf731997ea => generated 4075 bytes in 66 msecs (HTTP/1.1 200) 4 headers in 158 bytes (1 switches on core 0) [pid: 7|app: 0|req: 295/588] 162.253.55.204 () {44 vars in 1002 bytes} [Sun Mar 1 15:16:42 2026] GET /v2.0/security-groups/bc2926c8-35d0-4c60-b6d3-bfb61812d156 => generated 4075 bytes in 41 msecs (HTTP/1.1 200) 4 headers in 158 bytes (1 switches on core 0) [pid: 8|app: 0|req: 294/589] 162.253.55.204 () {44 vars in 1012 bytes} [Sun Mar 1 15:16:42 2026] GET /v2.0/security-group-rules/5f2c9937-8889-4c7f-b62e-b2677c92a61c => generated 599 bytes in 18 msecs (HTTP/1.1 200) 4 headers in 157 bytes (1 switches on core 0) [pid: 7|app: 0|req: 296/590] 162.253.55.204 () {44 vars in 1089 bytes} [Sun Mar 1 15:16:43 2026] GET /v2.0/security-groups/bc2926c8-35d0-4c60-b6d3-bfb61812d156?project_id=19031536996947e1885494cf731997ea => generated 4075 bytes in 64 msecs (HTTP/1.1 200) 4 headers in 158 bytes (1 switches on core 0) [pid: 8|app: 0|req: 295/591] 162.253.55.204 () {44 vars in 1002 bytes} [Sun Mar 1 15:16:43 2026] GET /v2.0/security-groups/bc2926c8-35d0-4c60-b6d3-bfb61812d156 => generated 4075 bytes in 38 msecs (HTTP/1.1 200) 4 headers in 158 bytes (1 switches on core 0) [pid: 7|app: 0|req: 297/592] 162.253.55.204 () {44 vars in 1012 bytes} [Sun Mar 1 15:16:43 2026] GET /v2.0/security-group-rules/def3cd72-f193-4460-96b2-019043e897d0 => generated 601 bytes in 17 msecs (HTTP/1.1 200) 4 headers in 157 bytes (1 switches on core 0) [pid: 8|app: 0|req: 296/593] 162.253.55.204 () {44 vars in 1089 bytes} [Sun Mar 1 15:16:44 2026] GET /v2.0/security-groups/bc2926c8-35d0-4c60-b6d3-bfb61812d156?project_id=19031536996947e1885494cf731997ea => generated 4075 bytes in 64 msecs (HTTP/1.1 200) 4 headers in 158 bytes (1 switches on core 0) [pid: 7|app: 0|req: 298/594] 162.253.55.204 () {44 vars in 1002 bytes} [Sun Mar 1 15:16:44 2026] GET /v2.0/security-groups/bc2926c8-35d0-4c60-b6d3-bfb61812d156 => generated 4075 bytes in 37 msecs (HTTP/1.1 200) 4 headers in 158 bytes (1 switches on core 0) [pid: 8|app: 0|req: 297/595] 162.253.55.204 () {44 vars in 1012 bytes} [Sun Mar 1 15:16:44 2026] GET /v2.0/security-group-rules/980f8452-ebce-4bb1-9346-cb3a64e88381 => generated 602 bytes in 17 msecs (HTTP/1.1 200) 4 headers in 157 bytes (1 switches on core 0) [pid: 7|app: 0|req: 299/596] 162.253.55.204 () {44 vars in 976 bytes} [Sun Mar 1 15:16:52 2026] GET /v2.0/quotas/19031536996947e1885494cf731997ea => generated 291 bytes in 16 msecs (HTTP/1.1 200) 4 headers in 157 bytes (1 switches on core 0) [pid: 8|app: 0|req: 301/603] 10.0.0.156 () {28 vars in 591 bytes} [Sun Mar 1 15:17:30 2026] GET /v2.0/floatingips => generated 19 bytes in 89 msecs (HTTP/1.1 200) 4 headers in 156 bytes (1 switches on core 0) [pid: 7|app: 0|req: 303/604] 10.0.0.156 () {28 vars in 585 bytes} [Sun Mar 1 15:17:30 2026] GET /v2.0/networks => generated 2287 bytes in 69 msecs (HTTP/1.1 200) 4 headers in 158 bytes (1 switches on core 0) [pid: 8|app: 0|req: 302/605] 10.0.0.156 () {28 vars in 579 bytes} [Sun Mar 1 15:17:30 2026] GET /v2.0/ports => generated 5171 bytes in 49 msecs (HTTP/1.1 200) 4 headers in 158 bytes (1 switches on core 0) [pid: 7|app: 0|req: 304/606] 10.0.0.156 () {28 vars in 619 bytes} [Sun Mar 1 15:17:30 2026] GET /v2.0/network-ip-availabilities => generated 1104 bytes in 20 msecs (HTTP/1.1 200) 4 headers in 158 bytes (1 switches on core 0) [pid: 8|app: 0|req: 303/607] 10.0.0.156 () {28 vars in 583 bytes} [Sun Mar 1 15:17:30 2026] GET /v2.0/routers => generated 15 bytes in 17 msecs (HTTP/1.1 200) 4 headers in 156 bytes (1 switches on core 0) [pid: 7|app: 0|req: 305/608] 10.0.0.156 () {28 vars in 624 bytes} [Sun Mar 1 15:17:30 2026] GET /v2.0/agents?binary=ovn-controller => generated 416 bytes in 103 msecs (HTTP/1.1 200) 4 headers in 157 bytes (1 switches on core 0) [pid: 8|app: 0|req: 304/609] 10.0.0.156 () {28 vars in 581 bytes} [Sun Mar 1 15:17:30 2026] GET /v2.0/agents => generated 1214 bytes in 24 msecs (HTTP/1.1 200) 4 headers in 158 bytes (1 switches on core 0) [pid: 7|app: 0|req: 306/610] 10.0.0.156 () {28 vars in 599 bytes} [Sun Mar 1 15:17:30 2026] GET /v2.0/security-groups => generated 17397 bytes in 30 msecs (HTTP/1.1 200) 4 headers in 159 bytes (1 switches on core 0) [pid: 8|app: 0|req: 305/611] 10.0.0.156 () {28 vars in 583 bytes} [Sun Mar 1 15:17:30 2026] GET /v2.0/subnets => generated 1308 bytes in 29 msecs (HTTP/1.1 200) 4 headers in 158 bytes (1 switches on core 0) [pid: 7|app: 0|req: 307/612] 10.0.0.156 () {28 vars in 591 bytes} [Sun Mar 1 15:17:30 2026] GET /v2.0/subnetpools => generated 19 bytes in 12 msecs (HTTP/1.1 200) 4 headers in 156 bytes (1 switches on core 0) [pid: 8|app: 0|req: 306/613] 10.0.0.156 () {28 vars in 583 bytes} [Sun Mar 1 15:17:30 2026] GET /v2.0/subnets => generated 1308 bytes in 25 msecs (HTTP/1.1 200) 4 headers in 158 bytes (1 switches on core 0) [pid: 7|app: 0|req: 308/614] 162.253.55.204 () {44 vars in 950 bytes} [Sun Mar 1 15:17:36 2026] GET /v2.0/networks?name=public => generated 791 bytes in 85 msecs (HTTP/1.1 200) 4 headers in 157 bytes (1 switches on core 0) [pid: 8|app: 0|req: 310/621] 10.0.0.45 () {32 vars in 648 bytes} [Sun Mar 1 15:18:16 2026] GET /v2.0/networks => generated 2287 bytes in 276 msecs (HTTP/1.1 200) 4 headers in 158 bytes (1 switches on core 0) [pid: 7|app: 0|req: 312/622] 10.0.0.45 () {32 vars in 654 bytes} [Sun Mar 1 15:18:17 2026] GET /v2.0/floatingips => generated 19 bytes in 25 msecs (HTTP/1.1 200) 4 headers in 156 bytes (1 switches on core 0) [pid: 8|app: 0|req: 311/623] 10.0.0.45 () {32 vars in 646 bytes} [Sun Mar 1 15:18:17 2026] GET /v2.0/routers => generated 15 bytes in 16 msecs (HTTP/1.1 200) 4 headers in 156 bytes (1 switches on core 0) [pid: 7|app: 0|req: 313/624] 10.0.0.45 () {32 vars in 642 bytes} [Sun Mar 1 15:18:17 2026] GET /v2.0/ports => generated 5171 bytes in 55 msecs (HTTP/1.1 200) 4 headers in 158 bytes (1 switches on core 0) [pid: 8|app: 0|req: 312/625] 10.0.0.45 () {32 vars in 646 bytes} [Sun Mar 1 15:18:17 2026] GET /v2.0/subnets => generated 1308 bytes in 32 msecs (HTTP/1.1 200) 4 headers in 158 bytes (1 switches on core 0) [pid: 7|app: 0|req: 314/626] 10.0.0.45 () {32 vars in 648 bytes} [Sun Mar 1 15:18:17 2026] GET /v2.0/networks => generated 2287 bytes in 51 msecs (HTTP/1.1 200) 4 headers in 158 bytes (1 switches on core 0) [pid: 8|app: 0|req: 313/627] 10.0.0.45 () {32 vars in 662 bytes} [Sun Mar 1 15:18:18 2026] GET /v2.0/security-groups => generated 17397 bytes in 37 msecs (HTTP/1.1 200) 4 headers in 159 bytes (1 switches on core 0) [pid: 7|app: 0|req: 315/628] 10.0.0.45 () {32 vars in 654 bytes} [Sun Mar 1 15:18:18 2026] GET /v2.0/subnetpools => generated 19 bytes in 12 msecs (HTTP/1.1 200) 4 headers in 156 bytes (1 switches on core 0)
2026-03-01 15:18:29.316 8 INFO neutron.db.ovn_revision_numbers_db [None req-185a3790-cfe9-4f6d-aca9-f3d632da59b8 90884aa49c074b40b7c2a3aaa04f6a3d e690b81fed4047f5823698301db2e933 - - default default] Successfully bumped revision number for resource a13e08ea-b776-4089-91e0-4c13129dbc80 (type: security_groups) to 1
2026-03-01 15:18:29.329 8 INFO neutron.db.ovn_revision_numbers_db [None req-185a3790-cfe9-4f6d-aca9-f3d632da59b8 90884aa49c074b40b7c2a3aaa04f6a3d e690b81fed4047f5823698301db2e933 - - default default] Successfully bumped revision number for resource 20b0ef2b-2cf9-4b11-8385-cdd073de7986 (type: security_group_rules) to 0
2026-03-01 15:18:29.346 8 INFO neutron.db.ovn_revision_numbers_db [None req-185a3790-cfe9-4f6d-aca9-f3d632da59b8 90884aa49c074b40b7c2a3aaa04f6a3d e690b81fed4047f5823698301db2e933 - - default default] Successfully bumped revision number for resource 26a2f71d-8ec4-4113-bb20-35b5ad15b144 (type: security_group_rules) to 0
2026-03-01 15:18:29.360 8 INFO neutron.db.ovn_revision_numbers_db [None req-185a3790-cfe9-4f6d-aca9-f3d632da59b8 90884aa49c074b40b7c2a3aaa04f6a3d e690b81fed4047f5823698301db2e933 - - default default] Successfully bumped revision number for resource c865daa1-18b6-4a5b-8c12-33ab101f1a6b (type: security_group_rules) to 0
2026-03-01 15:18:29.374 8 INFO neutron.db.ovn_revision_numbers_db [None req-185a3790-cfe9-4f6d-aca9-f3d632da59b8 90884aa49c074b40b7c2a3aaa04f6a3d e690b81fed4047f5823698301db2e933 - - default default] Successfully bumped revision number for resource f544950f-4c8f-4964-9bfb-cacaf17e363b (type: security_group_rules) to 0
2026-03-01 15:18:29.480 7 INFO neutron.db.ovn_revision_numbers_db [None req-3a349069-78f9-4263-b88b-eda6b54ce639 90884aa49c074b40b7c2a3aaa04f6a3d e690b81fed4047f5823698301db2e933 - - default default] Successfully bumped revision number for resource 3fc7b10b-5e0e-4049-9bfb-0aeba39b3575 (type: security_groups) to 1
2026-03-01 15:18:29.503 7 INFO neutron.db.ovn_revision_numbers_db [None req-3a349069-78f9-4263-b88b-eda6b54ce639 90884aa49c074b40b7c2a3aaa04f6a3d e690b81fed4047f5823698301db2e933 - - default default] Successfully bumped revision number for resource 0b9e3359-e725-47b8-9c0e-13cbb3ba759d (type: security_group_rules) to 0
2026-03-01 15:18:29.532 7 INFO neutron.db.ovn_revision_numbers_db [None req-3a349069-78f9-4263-b88b-eda6b54ce639 90884aa49c074b40b7c2a3aaa04f6a3d e690b81fed4047f5823698301db2e933 - - default default] Successfully bumped revision number for resource 7840395b-ab04-4d7b-866a-38adcd25e58c (type: security_group_rules) to 0
2026-03-01 15:18:29.550 7 INFO neutron.db.ovn_revision_numbers_db [None req-3a349069-78f9-4263-b88b-eda6b54ce639 90884aa49c074b40b7c2a3aaa04f6a3d e690b81fed4047f5823698301db2e933 - - default default] Successfully bumped revision number for resource b630918d-a667-4d9e-9a9d-11f3f57b7be9 (type: security_group_rules) to 0
2026-03-01 15:18:29.571 7 INFO neutron.db.ovn_revision_numbers_db [None req-3a349069-78f9-4263-b88b-eda6b54ce639 90884aa49c074b40b7c2a3aaa04f6a3d e690b81fed4047f5823698301db2e933 - - default default] Successfully bumped revision number for resource dcd6777a-9566-44a3-ab9b-4c05c3e5f1c4 (type: security_group_rules) to 0
2026-03-01 15:18:29.609 8 INFO neutron.db.segments_db [None req-185a3790-cfe9-4f6d-aca9-f3d632da59b8 90884aa49c074b40b7c2a3aaa04f6a3d e690b81fed4047f5823698301db2e933 - - default default] Added segment 6cba9b6e-7ce7-4614-82d5-d8d3c7f85755 of type geneve for network 2006801b-fcce-4ddf-8078-5ceba49ca9d9
2026-03-01 15:18:29.673 7 INFO neutron.db.segments_db [None req-3a349069-78f9-4263-b88b-eda6b54ce639 90884aa49c074b40b7c2a3aaa04f6a3d e690b81fed4047f5823698301db2e933 - - default default] Added segment 15b23a5f-eb26-4790-999a-b527dc71d156 of type geneve for network fe3af62f-ef11-4f1c-bd1f-8bc6565af137
2026-03-01 15:18:29.767 8 INFO neutron.db.ovn_revision_numbers_db [None req-185a3790-cfe9-4f6d-aca9-f3d632da59b8 90884aa49c074b40b7c2a3aaa04f6a3d e690b81fed4047f5823698301db2e933 - - default default] Successfully bumped revision number for resource 2006801b-fcce-4ddf-8078-5ceba49ca9d9 (type: networks) to 1
2026-03-01 15:18:29.844 7 INFO neutron.db.ovn_revision_numbers_db [None req-3a349069-78f9-4263-b88b-eda6b54ce639 90884aa49c074b40b7c2a3aaa04f6a3d e690b81fed4047f5823698301db2e933 - - default default] Successfully bumped revision number for resource fe3af62f-ef11-4f1c-bd1f-8bc6565af137 (type: networks) to 1
2026-03-01 15:18:29.949 8 WARNING neutron.scheduler.dhcp_agent_scheduler [None req-185a3790-cfe9-4f6d-aca9-f3d632da59b8 90884aa49c074b40b7c2a3aaa04f6a3d e690b81fed4047f5823698301db2e933 - - default default] No more DHCP agents
2026-03-01 15:18:29.951 8 WARNING neutron.api.rpc.agentnotifiers.dhcp_rpc_agent_api [None req-185a3790-cfe9-4f6d-aca9-f3d632da59b8 90884aa49c074b40b7c2a3aaa04f6a3d e690b81fed4047f5823698301db2e933 - - default default] Unable to schedule network 2006801b-fcce-4ddf-8078-5ceba49ca9d9: no agents available; will retry on subsequent port and subnet creation events.
2026-03-01 15:18:30.037 7 WARNING neutron.scheduler.dhcp_agent_scheduler [None req-3a349069-78f9-4263-b88b-eda6b54ce639 90884aa49c074b40b7c2a3aaa04f6a3d e690b81fed4047f5823698301db2e933 - - default default] No more DHCP agents
2026-03-01 15:18:30.039 7 WARNING neutron.api.rpc.agentnotifiers.dhcp_rpc_agent_api [None req-3a349069-78f9-4263-b88b-eda6b54ce639 90884aa49c074b40b7c2a3aaa04f6a3d e690b81fed4047f5823698301db2e933 - - default default] Unable to schedule network fe3af62f-ef11-4f1c-bd1f-8bc6565af137: no agents available; will retry on subsequent port and subnet creation events.
2026-03-01 15:18:30.047 7 INFO neutron.plugins.ml2.drivers.ovn.mech_driver.mech_driver [None req-1dc981d2-f2e0-4f49-8dc3-1a589b117316 - - - - - -] OVN reports status down for port: d7264af7-b70b-478e-85f4-34b858f209d9
2026-03-01 15:18:30.071 8 INFO neutron.db.ovn_revision_numbers_db [None req-185a3790-cfe9-4f6d-aca9-f3d632da59b8 90884aa49c074b40b7c2a3aaa04f6a3d e690b81fed4047f5823698301db2e933 - - default default] Successfully bumped revision number for resource d7264af7-b70b-478e-85f4-34b858f209d9 (type: ports) to 1 [pid: 8|app: 0|req: 315/631] 10.0.0.45 () {34 vars in 670 bytes} [Sun Mar 1 15:18:28 2026] POST /v2.0/networks => generated 767 bytes in 1137 msecs (HTTP/1.1 201) 4 headers in 162 bytes (1 switches on core 0)
2026-03-01 15:18:30.182 7 INFO neutron.plugins.ml2.drivers.ovn.mech_driver.mech_driver [None req-1dc981d2-f2e0-4f49-8dc3-1a589b117316 - - - - - -] OVN reports status down for port: 830922af-5d57-49a9-96de-92358ee026aa
2026-03-01 15:18:30.229 7 INFO neutron.db.ovn_revision_numbers_db [None req-3a349069-78f9-4263-b88b-eda6b54ce639 90884aa49c074b40b7c2a3aaa04f6a3d e690b81fed4047f5823698301db2e933 - - default default] Successfully bumped revision number for resource 830922af-5d57-49a9-96de-92358ee026aa (type: ports) to 1 [pid: 7|app: 0|req: 317/632] 10.0.0.45 () {34 vars in 670 bytes} [Sun Mar 1 15:18:29 2026] POST /v2.0/networks => generated 766 bytes in 1082 msecs (HTTP/1.1 201) 4 headers in 162 bytes (1 switches on core 0)
2026-03-01 15:18:30.357 8 INFO neutron.db.ovn_revision_numbers_db [None req-b3dd9bbb-cdbd-48db-8187-0c90830fdbe3 90884aa49c074b40b7c2a3aaa04f6a3d e690b81fed4047f5823698301db2e933 - - default default] Successfully bumped revision number for resource d82ebbf8-7fd7-47ac-b74a-6c1c1abc71ed (type: security_groups) to 1
2026-03-01 15:18:30.368 8 INFO neutron.db.ovn_revision_numbers_db [None req-b3dd9bbb-cdbd-48db-8187-0c90830fdbe3 90884aa49c074b40b7c2a3aaa04f6a3d e690b81fed4047f5823698301db2e933 - - default default] Successfully bumped revision number for resource 1f9cb37d-a2af-47de-881f-fe32ed1dc01a (type: security_group_rules) to 0
2026-03-01 15:18:30.380 8 INFO neutron.db.ovn_revision_numbers_db [None req-b3dd9bbb-cdbd-48db-8187-0c90830fdbe3 90884aa49c074b40b7c2a3aaa04f6a3d e690b81fed4047f5823698301db2e933 - - default default] Successfully bumped revision number for resource 2eeb8d1a-366f-45b9-a238-d1701b5eae81 (type: security_group_rules) to 0
2026-03-01 15:18:30.395 8 INFO neutron.db.ovn_revision_numbers_db [None req-b3dd9bbb-cdbd-48db-8187-0c90830fdbe3 90884aa49c074b40b7c2a3aaa04f6a3d e690b81fed4047f5823698301db2e933 - - default default] Successfully bumped revision number for resource 37a40de4-d4ed-48c8-93ed-02083fe7f4e6 (type: security_group_rules) to 0
2026-03-01 15:18:30.408 8 INFO neutron.db.ovn_revision_numbers_db [None req-b3dd9bbb-cdbd-48db-8187-0c90830fdbe3 90884aa49c074b40b7c2a3aaa04f6a3d e690b81fed4047f5823698301db2e933 - - default default] Successfully bumped revision number for resource 91260abf-24cd-4747-96c7-71bfaa828d3d (type: security_group_rules) to 0
2026-03-01 15:18:30.481 8 INFO neutron.db.segments_db [None req-b3dd9bbb-cdbd-48db-8187-0c90830fdbe3 90884aa49c074b40b7c2a3aaa04f6a3d e690b81fed4047f5823698301db2e933 - - default default] Added segment edd1b9dc-48fd-4f43-accc-59b3ce5fa401 of type geneve for network e3b31bab-7046-49c5-9ee8-7def803f1aa2
2026-03-01 15:18:30.517 7 INFO neutron.db.ovn_revision_numbers_db [None req-d9f6fe4b-7f23-4657-b5ed-4164cf35e214 90884aa49c074b40b7c2a3aaa04f6a3d e690b81fed4047f5823698301db2e933 - - default default] Successfully bumped revision number for resource 98acdac0-ef62-4f3d-9f8a-f2fe9abe911a (type: security_groups) to 1
2026-03-01 15:18:30.532 7 INFO neutron.db.ovn_revision_numbers_db [None req-d9f6fe4b-7f23-4657-b5ed-4164cf35e214 90884aa49c074b40b7c2a3aaa04f6a3d e690b81fed4047f5823698301db2e933 - - default default] Successfully bumped revision number for resource 05c4d46e-8e90-4e9e-a996-08ba41e7e6dd (type: security_group_rules) to 0
2026-03-01 15:18:30.543 7 INFO neutron.db.ovn_revision_numbers_db [None req-d9f6fe4b-7f23-4657-b5ed-4164cf35e214 90884aa49c074b40b7c2a3aaa04f6a3d e690b81fed4047f5823698301db2e933 - - default default] Successfully bumped revision number for resource 32088a39-43a4-497e-aee4-f383871df2d7 (type: security_group_rules) to 0
2026-03-01 15:18:30.555 7 INFO neutron.db.ovn_revision_numbers_db [None req-d9f6fe4b-7f23-4657-b5ed-4164cf35e214 90884aa49c074b40b7c2a3aaa04f6a3d e690b81fed4047f5823698301db2e933 - - default default] Successfully bumped revision number for resource a2248408-18b4-4af1-ac43-4af2368d032c (type: security_group_rules) to 0
2026-03-01 15:18:30.575 7 INFO neutron.db.ovn_revision_numbers_db [None req-d9f6fe4b-7f23-4657-b5ed-4164cf35e214 90884aa49c074b40b7c2a3aaa04f6a3d e690b81fed4047f5823698301db2e933 - - default default] Successfully bumped revision number for resource fe44e90a-150a-43af-9052-6e21e9c9a664 (type: security_group_rules) to 0
2026-03-01 15:18:30.613 8 INFO neutron.db.ovn_revision_numbers_db [None req-b3dd9bbb-cdbd-48db-8187-0c90830fdbe3 90884aa49c074b40b7c2a3aaa04f6a3d e690b81fed4047f5823698301db2e933 - - default default] Successfully bumped revision number for resource e3b31bab-7046-49c5-9ee8-7def803f1aa2 (type: networks) to 1 [pid: 7|app: 0|req: 318/633] 10.0.0.45 () {32 vars in 773 bytes} [Sun Mar 1 15:18:30 2026] GET /v2.0/security-groups?tenant_id=659b8b102dae44d0b7c411316295a889&name=default => generated 2921 bytes in 355 msecs (HTTP/1.1 200) 4 headers in 158 bytes (1 switches on core 0)
2026-03-01 15:18:30.754 8 WARNING neutron.scheduler.dhcp_agent_scheduler [None req-b3dd9bbb-cdbd-48db-8187-0c90830fdbe3 90884aa49c074b40b7c2a3aaa04f6a3d e690b81fed4047f5823698301db2e933 - - default default] No more DHCP agents
2026-03-01 15:18:30.756 8 WARNING neutron.api.rpc.agentnotifiers.dhcp_rpc_agent_api [None req-b3dd9bbb-cdbd-48db-8187-0c90830fdbe3 90884aa49c074b40b7c2a3aaa04f6a3d e690b81fed4047f5823698301db2e933 - - default default] Unable to schedule network e3b31bab-7046-49c5-9ee8-7def803f1aa2: no agents available; will retry on subsequent port and subnet creation events.
2026-03-01 15:18:30.783 7 WARNING neutron.scheduler.dhcp_agent_scheduler [None req-7bfdf832-52fa-48da-bbd8-3063d248a8f1 90884aa49c074b40b7c2a3aaa04f6a3d e690b81fed4047f5823698301db2e933 - - default default] No more DHCP agents
2026-03-01 15:18:30.784 7 WARNING neutron.api.rpc.agentnotifiers.dhcp_rpc_agent_api [None req-7bfdf832-52fa-48da-bbd8-3063d248a8f1 90884aa49c074b40b7c2a3aaa04f6a3d e690b81fed4047f5823698301db2e933 - - default default] Unable to schedule network 2006801b-fcce-4ddf-8078-5ceba49ca9d9: no agents available; will retry on subsequent port and subnet creation events.
2026-03-01 15:18:30.866 7 INFO neutron.plugins.ml2.drivers.ovn.mech_driver.mech_driver [None req-1dc981d2-f2e0-4f49-8dc3-1a589b117316 - - - - - -] OVN reports status down for port: 13b00daf-01e9-47ce-9d1b-7a64ac1d7c55
2026-03-01 15:18:30.882 8 INFO neutron.db.ovn_revision_numbers_db [None req-b3dd9bbb-cdbd-48db-8187-0c90830fdbe3 90884aa49c074b40b7c2a3aaa04f6a3d e690b81fed4047f5823698301db2e933 - - default default] Successfully bumped revision number for resource 13b00daf-01e9-47ce-9d1b-7a64ac1d7c55 (type: ports) to 1 [pid: 8|app: 0|req: 316/634] 10.0.0.45 () {34 vars in 670 bytes} [Sun Mar 1 15:18:30 2026] POST /v2.0/networks => generated 770 bytes in 815 msecs (HTTP/1.1 201) 4 headers in 162 bytes (1 switches on core 0)
2026-03-01 15:18:31.045 8 WARNING neutron.scheduler.dhcp_agent_scheduler [None req-e4366286-6cb3-45e8-a3bf-bed9bdd722c5 90884aa49c074b40b7c2a3aaa04f6a3d e690b81fed4047f5823698301db2e933 - - default default] No more DHCP agents
2026-03-01 15:18:31.046 8 WARNING neutron.api.rpc.agentnotifiers.dhcp_rpc_agent_api [None req-e4366286-6cb3-45e8-a3bf-bed9bdd722c5 90884aa49c074b40b7c2a3aaa04f6a3d e690b81fed4047f5823698301db2e933 - - default default] Unable to schedule network fe3af62f-ef11-4f1c-bd1f-8bc6565af137: no agents available; will retry on subsequent port and subnet creation events.
2026-03-01 15:18:31.363 7 INFO neutron.db.ovn_revision_numbers_db [None req-8d7da7cc-faeb-4368-9346-3822c7df1fee - - - - - -] Successfully bumped revision number for resource d7264af7-b70b-478e-85f4-34b858f209d9 (type: ports) to 2
2026-03-01 15:18:31.401 7 INFO neutron.db.ovn_revision_numbers_db [None req-8d7da7cc-faeb-4368-9346-3822c7df1fee - - - - - -] Successfully bumped revision number for resource 50b60899-7fa4-4c8f-999b-40b8ebb41ae7 (type: subnets) to 0 [pid: 7|app: 0|req: 319/635] 10.0.0.45 () {34 vars in 668 bytes} [Sun Mar 1 15:18:30 2026] POST /v2.0/subnets => generated 692 bytes in 784 msecs (HTTP/1.1 201) 4 headers in 162 bytes (1 switches on core 0)
2026-03-01 15:18:31.546 8 INFO neutron.db.ovn_revision_numbers_db [None req-46427c59-ca79-42bc-be55-3f32cb5db816 - - - - - -] Successfully bumped revision number for resource 830922af-5d57-49a9-96de-92358ee026aa (type: ports) to 2
2026-03-01 15:18:31.598 8 INFO neutron.db.ovn_revision_numbers_db [None req-46427c59-ca79-42bc-be55-3f32cb5db816 - - - - - -] Successfully bumped revision number for resource 62b6e7e2-93f5-4187-98c2-ae6ae66e99e2 (type: subnets) to 0 [pid: 8|app: 0|req: 317/636] 10.0.0.45 () {34 vars in 668 bytes} [Sun Mar 1 15:18:30 2026] POST /v2.0/subnets => generated 691 bytes in 703 msecs (HTTP/1.1 201) 4 headers in 162 bytes (1 switches on core 0) [pid: 8|app: 0|req: 318/637] 10.0.0.156 () {28 vars in 583 bytes} [Sun Mar 1 15:18:31 2026] GET /v2.0/subnets => generated 2671 bytes in 66 msecs (HTTP/1.1 200) 4 headers in 158 bytes (1 switches on core 0) [pid: 7|app: 0|req: 320/638] 10.0.0.45 () {32 vars in 739 bytes} [Sun Mar 1 15:18:31 2026] DELETE /v2.0/security-groups/98acdac0-ef62-4f3d-9f8a-f2fe9abe911a => generated 0 bytes in 515 msecs (HTTP/1.1 204) 2 headers in 112 bytes (1 switches on core 0)
2026-03-01 15:18:31.938 8 WARNING neutron.scheduler.dhcp_agent_scheduler [None req-bc2ecd19-449f-470c-a021-24275c19b6da 90884aa49c074b40b7c2a3aaa04f6a3d e690b81fed4047f5823698301db2e933 - - default default] No more DHCP agents
2026-03-01 15:18:31.939 8 WARNING neutron.api.rpc.agentnotifiers.dhcp_rpc_agent_api [None req-bc2ecd19-449f-470c-a021-24275c19b6da 90884aa49c074b40b7c2a3aaa04f6a3d e690b81fed4047f5823698301db2e933 - - default default] Unable to schedule network e3b31bab-7046-49c5-9ee8-7def803f1aa2: no agents available; will retry on subsequent port and subnet creation events.
2026-03-01 15:18:32.400 8 INFO neutron.db.ovn_revision_numbers_db [None req-e5829901-e170-4ecf-a0f0-b5a6eacc6d47 - - - - - -] Successfully bumped revision number for resource 13b00daf-01e9-47ce-9d1b-7a64ac1d7c55 (type: ports) to 2
2026-03-01 15:18:32.430 8 INFO neutron.db.ovn_revision_numbers_db [None req-e5829901-e170-4ecf-a0f0-b5a6eacc6d47 - - - - - -] Successfully bumped revision number for resource ce9ece84-f944-442b-8686-58913b8ad97a (type: subnets) to 0 [pid: 8|app: 0|req: 319/639] 10.0.0.45 () {34 vars in 668 bytes} [Sun Mar 1 15:18:31 2026] POST /v2.0/subnets => generated 695 bytes in 761 msecs (HTTP/1.1 201) 4 headers in 162 bytes (1 switches on core 0)
2026-03-01 15:18:32.510 7 WARNING neutron.scheduler.dhcp_agent_scheduler [None req-2870a01b-4183-49f0-b6fd-efadeba2cb59 90884aa49c074b40b7c2a3aaa04f6a3d e690b81fed4047f5823698301db2e933 - - default default] No more DHCP agents
2026-03-01 15:18:32.512 7 WARNING neutron.api.rpc.agentnotifiers.dhcp_rpc_agent_api [None req-2870a01b-4183-49f0-b6fd-efadeba2cb59 90884aa49c074b40b7c2a3aaa04f6a3d e690b81fed4047f5823698301db2e933 - - default default] Unable to schedule network 516e271f-7221-48d8-beee-09d5589a649e: no agents available; will retry on subsequent port and subnet creation events.
2026-03-01 15:18:32.614 7 INFO neutron.plugins.ml2.drivers.ovn.mech_driver.mech_driver [None req-1dc981d2-f2e0-4f49-8dc3-1a589b117316 - - - - - -] OVN reports status down for port: 06d990cf-df00-4dd9-bc5c-3839b5375637
2026-03-01 15:18:32.675 7 INFO neutron.db.ovn_revision_numbers_db [None req-2870a01b-4183-49f0-b6fd-efadeba2cb59 90884aa49c074b40b7c2a3aaa04f6a3d e690b81fed4047f5823698301db2e933 - - default default] Successfully bumped revision number for resource 06d990cf-df00-4dd9-bc5c-3839b5375637 (type: ports) to 1
2026-03-01 15:18:33.024 8 WARNING neutron.scheduler.dhcp_agent_scheduler [None req-8788b88a-b7c7-49e2-a56c-f1ba2cc369e0 90884aa49c074b40b7c2a3aaa04f6a3d e690b81fed4047f5823698301db2e933 - - default default] No more DHCP agents
2026-03-01 15:18:33.026 8 WARNING neutron.api.rpc.agentnotifiers.dhcp_rpc_agent_api [None req-8788b88a-b7c7-49e2-a56c-f1ba2cc369e0 90884aa49c074b40b7c2a3aaa04f6a3d e690b81fed4047f5823698301db2e933 - - default default] Unable to schedule network 516e271f-7221-48d8-beee-09d5589a649e: no agents available; will retry on subsequent port and subnet creation events.
2026-03-01 15:18:33.028 7 INFO neutron.plugins.ml2.drivers.ovn.mech_driver.ovsdb.extensions.qos [None req-2870a01b-4183-49f0-b6fd-efadeba2cb59 90884aa49c074b40b7c2a3aaa04f6a3d e690b81fed4047f5823698301db2e933 - - default default] Starting OVNClientQosExtension
2026-03-01 15:18:33.100 7 WARNING oslo_config.cfg [None req-2870a01b-4183-49f0-b6fd-efadeba2cb59 90884aa49c074b40b7c2a3aaa04f6a3d e690b81fed4047f5823698301db2e933 - - default default] Deprecated: Option "ovn_emit_need_to_frag" from group "ovn" is deprecated for removal (The option is useful only on very old Linux kernels (version < 5.2).). Its value may be silently ignored in the future.
2026-03-01 15:18:33.181 7 INFO neutron.plugins.ml2.drivers.ovn.mech_driver.mech_driver [None req-1dc981d2-f2e0-4f49-8dc3-1a589b117316 - - - - - -] OVN reports status down for port: 6cce8cc3-95ba-497a-a29d-bffbf641cad1
2026-03-01 15:18:33.459 7 INFO neutron.plugins.ml2.drivers.ovn.mech_driver.ovsdb.commands [-] Schedule LRP lrp-06d990cf-df00-4dd9-bc5c-3839b5375637 on gateway 6ad361bf-e10e-4e83-b7b7-860d980ddbfe with priority 1
2026-03-01 15:18:33.506 8 INFO neutron.db.ovn_revision_numbers_db [None req-8788b88a-b7c7-49e2-a56c-f1ba2cc369e0 90884aa49c074b40b7c2a3aaa04f6a3d e690b81fed4047f5823698301db2e933 - - default default] Successfully bumped revision number for resource 6cce8cc3-95ba-497a-a29d-bffbf641cad1 (type: ports) to 1
2026-03-01 15:18:33.560 7 INFO neutron.plugins.ml2.drivers.ovn.mech_driver.mech_driver [None req-1dc981d2-f2e0-4f49-8dc3-1a589b117316 - - - - - -] OVN reports status up for port: 06d990cf-df00-4dd9-bc5c-3839b5375637
2026-03-01 15:18:33.606 7 INFO neutron.plugins.ml2.drivers.ovn.mech_driver.ovsdb.ovsdb_monitor [-] Router 94678733-b46f-4f05-98bd-568468a653e5 is bound to host instance
2026-03-01 15:18:33.610 7 INFO neutron.plugins.ml2.plugin [None req-1dc981d2-f2e0-4f49-8dc3-1a589b117316 - - - - - -] Attempt 1 to provision port 06d990cf-df00-4dd9-bc5c-3839b5375637
2026-03-01 15:18:33.671 7 INFO neutron.db.ovn_revision_numbers_db [None req-2870a01b-4183-49f0-b6fd-efadeba2cb59 90884aa49c074b40b7c2a3aaa04f6a3d e690b81fed4047f5823698301db2e933 - - default default] Successfully bumped revision number for resource 06d990cf-df00-4dd9-bc5c-3839b5375637 (type: router_ports) to 1
2026-03-01 15:18:33.826 7 INFO neutron.db.ovn_revision_numbers_db [None req-2870a01b-4183-49f0-b6fd-efadeba2cb59 90884aa49c074b40b7c2a3aaa04f6a3d e690b81fed4047f5823698301db2e933 - - default default] Successfully bumped revision number for resource 94678733-b46f-4f05-98bd-568468a653e5 (type: routers) to 2 [pid: 7|app: 0|req: 321/640] 10.0.0.45 () {34 vars in 668 bytes} [Sun Mar 1 15:18:31 2026] POST /v2.0/routers => generated 970 bytes in 1928 msecs (HTTP/1.1 201) 4 headers in 162 bytes (1 switches on core 0) [pid: 7|app: 0|req: 322/641] 10.0.0.156 () {28 vars in 581 bytes} [Sun Mar 1 15:18:33 2026] GET /v2.0/agents => generated 1214 bytes in 32 msecs (HTTP/1.1 200) 4 headers in 158 bytes (1 switches on core 0)
2026-03-01 15:18:33.903 8 INFO neutron.plugins.ml2.drivers.ovn.mech_driver.ovsdb.extensions.qos [None req-8788b88a-b7c7-49e2-a56c-f1ba2cc369e0 90884aa49c074b40b7c2a3aaa04f6a3d e690b81fed4047f5823698301db2e933 - - default default] Starting OVNClientQosExtension
2026-03-01 15:18:33.995 8 WARNING oslo_config.cfg [None req-8788b88a-b7c7-49e2-a56c-f1ba2cc369e0 90884aa49c074b40b7c2a3aaa04f6a3d e690b81fed4047f5823698301db2e933 - - default default] Deprecated: Option "ovn_emit_need_to_frag" from group "ovn" is deprecated for removal (The option is useful only on very old Linux kernels (version < 5.2).). Its value may be silently ignored in the future.
2026-03-01 15:18:34.264 8 INFO neutron.plugins.ml2.drivers.ovn.mech_driver.ovsdb.commands [-] Schedule LRP lrp-6cce8cc3-95ba-497a-a29d-bffbf641cad1 on gateway 6ad361bf-e10e-4e83-b7b7-860d980ddbfe with priority 1
2026-03-01 15:18:34.388 8 INFO neutron.db.ovn_revision_numbers_db [None req-8788b88a-b7c7-49e2-a56c-f1ba2cc369e0 90884aa49c074b40b7c2a3aaa04f6a3d e690b81fed4047f5823698301db2e933 - - default default] Successfully bumped revision number for resource 6cce8cc3-95ba-497a-a29d-bffbf641cad1 (type: router_ports) to 1
2026-03-01 15:18:34.463 8 INFO neutron.db.ovn_revision_numbers_db [None req-8788b88a-b7c7-49e2-a56c-f1ba2cc369e0 90884aa49c074b40b7c2a3aaa04f6a3d e690b81fed4047f5823698301db2e933 - - default default] Successfully bumped revision number for resource 0dd4b0fa-9dd3-4ccb-a791-d3f05b0d490f (type: routers) to 2 [pid: 8|app: 0|req: 320/642] 10.0.0.45 () {34 vars in 668 bytes} [Sun Mar 1 15:18:32 2026] POST /v2.0/routers => generated 969 bytes in 2039 msecs (HTTP/1.1 201) 4 headers in 162 bytes (1 switches on core 0)
2026-03-01 15:18:34.897 8 INFO neutron.db.ovn_revision_numbers_db [None req-d2d34670-00d8-41d5-a2a4-8881c3a360b8 90884aa49c074b40b7c2a3aaa04f6a3d e690b81fed4047f5823698301db2e933 - - default default] Successfully bumped revision number for resource 002937bd-ae91-43ce-8368-f3f57445d749 (type: security_groups) to 1
2026-03-01 15:18:34.916 8 INFO neutron.db.ovn_revision_numbers_db [None req-d2d34670-00d8-41d5-a2a4-8881c3a360b8 90884aa49c074b40b7c2a3aaa04f6a3d e690b81fed4047f5823698301db2e933 - - default default] Successfully bumped revision number for resource bba5b490-3593-411c-a393-92765a19b761 (type: security_group_rules) to 0
2026-03-01 15:18:34.929 8 INFO neutron.db.ovn_revision_numbers_db [None req-d2d34670-00d8-41d5-a2a4-8881c3a360b8 90884aa49c074b40b7c2a3aaa04f6a3d e690b81fed4047f5823698301db2e933 - - default default] Successfully bumped revision number for resource d5a579ea-18ce-4320-87ea-04b23e46dbfa (type: security_group_rules) to 0
2026-03-01 15:18:34.947 8 INFO neutron.db.ovn_revision_numbers_db [None req-d2d34670-00d8-41d5-a2a4-8881c3a360b8 90884aa49c074b40b7c2a3aaa04f6a3d e690b81fed4047f5823698301db2e933 - - default default] Successfully bumped revision number for resource e9722c28-7f8a-43ba-8a70-69e0b9aedabc (type: security_group_rules) to 0
2026-03-01 15:18:34.964 8 INFO neutron.db.ovn_revision_numbers_db [None req-d2d34670-00d8-41d5-a2a4-8881c3a360b8 90884aa49c074b40b7c2a3aaa04f6a3d e690b81fed4047f5823698301db2e933 - - default default] Successfully bumped revision number for resource fb57616e-c2c3-4bc5-b4f4-f90e79d4f425 (type: security_group_rules) to 0
2026-03-01 15:18:35.033 8 INFO neutron.db.segments_db [None req-d2d34670-00d8-41d5-a2a4-8881c3a360b8 90884aa49c074b40b7c2a3aaa04f6a3d e690b81fed4047f5823698301db2e933 - - default default] Added segment ecfa6796-279b-4ee7-924d-a7459370d93e of type geneve for network 294b219a-f68d-4948-985a-c7f7e1cae5af
2026-03-01 15:18:35.059 7 WARNING neutron.scheduler.dhcp_agent_scheduler [None req-83063302-697b-4dc7-a5c0-f21b6bf7cbb9 90884aa49c074b40b7c2a3aaa04f6a3d e690b81fed4047f5823698301db2e933 - - default default] No more DHCP agents
2026-03-01 15:18:35.061 7 WARNING neutron.api.rpc.agentnotifiers.dhcp_rpc_agent_api [None req-83063302-697b-4dc7-a5c0-f21b6bf7cbb9 90884aa49c074b40b7c2a3aaa04f6a3d e690b81fed4047f5823698301db2e933 - - default default] Unable to schedule network 516e271f-7221-48d8-beee-09d5589a649e: no agents available; will retry on subsequent port and subnet creation events.
2026-03-01 15:18:35.153 8 INFO neutron.db.ovn_revision_numbers_db [None req-d2d34670-00d8-41d5-a2a4-8881c3a360b8 90884aa49c074b40b7c2a3aaa04f6a3d e690b81fed4047f5823698301db2e933 - - default default] Successfully bumped revision number for resource 294b219a-f68d-4948-985a-c7f7e1cae5af (type: networks) to 1
2026-03-01 15:18:35.340 7 INFO neutron.db.ovn_revision_numbers_db [None req-83063302-697b-4dc7-a5c0-f21b6bf7cbb9 90884aa49c074b40b7c2a3aaa04f6a3d e690b81fed4047f5823698301db2e933 - - default default] Successfully bumped revision number for resource 7cceb4ba-c176-4618-b49d-7ea6a8060e66 (type: ports) to 1
2026-03-01 15:18:35.370 8 WARNING neutron.scheduler.dhcp_agent_scheduler [None req-d2d34670-00d8-41d5-a2a4-8881c3a360b8 90884aa49c074b40b7c2a3aaa04f6a3d e690b81fed4047f5823698301db2e933 - - default default] No more DHCP agents
2026-03-01 15:18:35.371 8 WARNING neutron.api.rpc.agentnotifiers.dhcp_rpc_agent_api [None req-d2d34670-00d8-41d5-a2a4-8881c3a360b8 90884aa49c074b40b7c2a3aaa04f6a3d e690b81fed4047f5823698301db2e933 - - default default] Unable to schedule network 294b219a-f68d-4948-985a-c7f7e1cae5af: no agents available; will retry on subsequent port and subnet creation events.
2026-03-01 15:18:35.491 8 INFO neutron.db.ovn_revision_numbers_db [None req-d2d34670-00d8-41d5-a2a4-8881c3a360b8 90884aa49c074b40b7c2a3aaa04f6a3d e690b81fed4047f5823698301db2e933 - - default default] Successfully bumped revision number for resource 0bc46195-2b2f-4ee8-a63d-36e409345d3a (type: ports) to 1 [pid: 8|app: 0|req: 321/643] 10.0.0.45 () {34 vars in 670 bytes} [Sun Mar 1 15:18:34 2026] POST /v2.0/networks => generated 768 bytes in 1051 msecs (HTTP/1.1 201) 4 headers in 162 bytes (1 switches on core 0)
2026-03-01 15:18:35.956 7 INFO neutron.db.ovn_revision_numbers_db [None req-b60b4482-9292-4ca5-a45a-be490bba4223 - - - - - -] Successfully bumped revision number for resource 06d990cf-df00-4dd9-bc5c-3839b5375637 (type: ports) to 4
2026-03-01 15:18:35.965 8 WARNING neutron.scheduler.dhcp_agent_scheduler [None req-8fd86657-f93c-4793-857a-c41d79a121c1 90884aa49c074b40b7c2a3aaa04f6a3d e690b81fed4047f5823698301db2e933 - - default default] No more DHCP agents
2026-03-01 15:18:35.966 8 WARNING neutron.api.rpc.agentnotifiers.dhcp_rpc_agent_api [None req-8fd86657-f93c-4793-857a-c41d79a121c1 90884aa49c074b40b7c2a3aaa04f6a3d e690b81fed4047f5823698301db2e933 - - default default] Unable to schedule network 2006801b-fcce-4ddf-8078-5ceba49ca9d9: no agents available; will retry on subsequent port and subnet creation events.
2026-03-01 15:18:36.144 8 INFO neutron.db.ovn_revision_numbers_db [None req-8fd86657-f93c-4793-857a-c41d79a121c1 90884aa49c074b40b7c2a3aaa04f6a3d e690b81fed4047f5823698301db2e933 - - default default] Successfully bumped revision number for resource e785c0c3-fd35-4bcd-bbba-69017a0135c9 (type: ports) to 1
2026-03-01 15:18:36.315 7 INFO neutron.plugins.ml2.drivers.ovn.mech_driver.mech_driver [None req-1dc981d2-f2e0-4f49-8dc3-1a589b117316 - - - - - -] OVN reports status up for port: 6cce8cc3-95ba-497a-a29d-bffbf641cad1
2026-03-01 15:18:36.344 7 INFO neutron.plugins.ml2.plugin [None req-1dc981d2-f2e0-4f49-8dc3-1a589b117316 - - - - - -] Attempt 1 to provision port 6cce8cc3-95ba-497a-a29d-bffbf641cad1
2026-03-01 15:18:36.724 7 INFO neutron.plugins.ml2.drivers.ovn.mech_driver.ovsdb.commands [-] Schedule LRP lrp-7cceb4ba-c176-4618-b49d-7ea6a8060e66 on gateway 6ad361bf-e10e-4e83-b7b7-860d980ddbfe with priority 1
2026-03-01 15:18:36.912 7 INFO neutron.db.ovn_revision_numbers_db [None req-83063302-697b-4dc7-a5c0-f21b6bf7cbb9 90884aa49c074b40b7c2a3aaa04f6a3d e690b81fed4047f5823698301db2e933 - - default default] Successfully bumped revision number for resource 7cceb4ba-c176-4618-b49d-7ea6a8060e66 (type: router_ports) to 1
2026-03-01 15:18:36.989 8 WARNING neutron.scheduler.dhcp_agent_scheduler [None req-8fd86657-f93c-4793-857a-c41d79a121c1 90884aa49c074b40b7c2a3aaa04f6a3d e690b81fed4047f5823698301db2e933 - - default default] No more DHCP agents
2026-03-01 15:18:36.991 8 WARNING neutron.api.rpc.agentnotifiers.dhcp_rpc_agent_api [None req-8fd86657-f93c-4793-857a-c41d79a121c1 90884aa49c074b40b7c2a3aaa04f6a3d e690b81fed4047f5823698301db2e933 - - default default] Unable to schedule network 2006801b-fcce-4ddf-8078-5ceba49ca9d9: no agents available; will retry on subsequent port and subnet creation events.
2026-03-01 15:18:37.009 7 INFO neutron.db.ovn_revision_numbers_db [None req-b60b4482-9292-4ca5-a45a-be490bba4223 - - - - - -] Successfully bumped revision number for resource 06d990cf-df00-4dd9-bc5c-3839b5375637 (type: ports) to 5
2026-03-01 15:18:37.015 7 INFO neutron.db.ovn_revision_numbers_db [None req-83063302-697b-4dc7-a5c0-f21b6bf7cbb9 90884aa49c074b40b7c2a3aaa04f6a3d e690b81fed4047f5823698301db2e933 - - default default] Successfully bumped revision number for resource 21e13acf-742d-4365-8c26-fa999483afc6 (type: routers) to 2 [pid: 7|app: 0|req: 323/644] 10.0.0.45 () {34 vars in 668 bytes} [Sun Mar 1 15:18:33 2026] POST /v2.0/routers => generated 973 bytes in 3145 msecs (HTTP/1.1 201) 4 headers in 162 bytes (1 switches on core 0) [pid: 7|app: 0|req: 324/645] 10.0.0.156 () {28 vars in 591 bytes} [Sun Mar 1 15:18:37 2026] GET /v2.0/floatingips => generated 19 bytes in 28 msecs (HTTP/1.1 200) 4 headers in 156 bytes (1 switches on core 0)
2026-03-01 15:18:37.121 7 INFO neutron.plugins.ml2.drivers.ovn.mech_driver.ovsdb.ovsdb_monitor [None req-b60b4482-9292-4ca5-a45a-be490bba4223 - - - - - -] Router 0dd4b0fa-9dd3-4ccb-a791-d3f05b0d490f is bound to host instance
2026-03-01 15:18:37.498 8 INFO neutron.db.ovn_revision_numbers_db [None req-8fd86657-f93c-4793-857a-c41d79a121c1 90884aa49c074b40b7c2a3aaa04f6a3d e690b81fed4047f5823698301db2e933 - - default default] Successfully bumped revision number for resource e785c0c3-fd35-4bcd-bbba-69017a0135c9 (type: router_ports) to 1 [pid: 8|app: 0|req: 322/646] 10.0.0.45 () {34 vars in 782 bytes} [Sun Mar 1 15:18:35 2026] PUT /v2.0/routers/94678733-b46f-4f05-98bd-568468a653e5/add_router_interface => generated 309 bytes in 1964 msecs (HTTP/1.1 200) 4 headers in 157 bytes (1 switches on core 0)
2026-03-01 15:18:37.627 8 WARNING neutron.scheduler.dhcp_agent_scheduler [None req-49353659-72e1-428a-8ad6-741e6dbef07a 90884aa49c074b40b7c2a3aaa04f6a3d e690b81fed4047f5823698301db2e933 - - default default] No more DHCP agents
2026-03-01 15:18:37.628 8 WARNING neutron.api.rpc.agentnotifiers.dhcp_rpc_agent_api [None req-49353659-72e1-428a-8ad6-741e6dbef07a 90884aa49c074b40b7c2a3aaa04f6a3d e690b81fed4047f5823698301db2e933 - - default default] Unable to schedule network 294b219a-f68d-4948-985a-c7f7e1cae5af: no agents available; will retry on subsequent port and subnet creation events.
2026-03-01 15:18:38.065 7 WARNING neutron.scheduler.dhcp_agent_scheduler [None req-cd7389c8-ab49-47ba-9777-0ad5ebec1108 90884aa49c074b40b7c2a3aaa04f6a3d e690b81fed4047f5823698301db2e933 - - default default] No more DHCP agents
2026-03-01 15:18:38.074 7 WARNING neutron.api.rpc.agentnotifiers.dhcp_rpc_agent_api [None req-cd7389c8-ab49-47ba-9777-0ad5ebec1108 90884aa49c074b40b7c2a3aaa04f6a3d e690b81fed4047f5823698301db2e933 - - default default] Unable to schedule network fe3af62f-ef11-4f1c-bd1f-8bc6565af137: no agents available; will retry on subsequent port and subnet creation events.
2026-03-01 15:18:38.086 8 INFO neutron.db.ovn_revision_numbers_db [None req-68cab50d-0f83-43a2-81b8-5baced71f7e6 - - - - - -] Successfully bumped revision number for resource 0bc46195-2b2f-4ee8-a63d-36e409345d3a (type: ports) to 2
2026-03-01 15:18:38.114 8 INFO neutron.db.ovn_revision_numbers_db [None req-68cab50d-0f83-43a2-81b8-5baced71f7e6 - - - - - -] Successfully bumped revision number for resource b34ab461-2393-4d38-9ca5-1de5dd03a209 (type: subnets) to 0 [pid: 8|app: 0|req: 323/647] 10.0.0.45 () {34 vars in 668 bytes} [Sun Mar 1 15:18:37 2026] POST /v2.0/subnets => generated 693 bytes in 628 msecs (HTTP/1.1 201) 4 headers in 162 bytes (1 switches on core 0)
2026-03-01 15:18:38.399 7 INFO neutron.db.ovn_revision_numbers_db [None req-cd7389c8-ab49-47ba-9777-0ad5ebec1108 90884aa49c074b40b7c2a3aaa04f6a3d e690b81fed4047f5823698301db2e933 - - default default] Successfully bumped revision number for resource ee68b949-bc0e-4a7b-8dee-821ab087424e (type: ports) to 1
2026-03-01 15:18:38.593 8 WARNING neutron.scheduler.dhcp_agent_scheduler [None req-210ce7e4-a446-4eea-8efd-1e2e6eac2bb6 90884aa49c074b40b7c2a3aaa04f6a3d e690b81fed4047f5823698301db2e933 - - default default] No more DHCP agents
2026-03-01 15:18:38.595 8 WARNING neutron.api.rpc.agentnotifiers.dhcp_rpc_agent_api [None req-210ce7e4-a446-4eea-8efd-1e2e6eac2bb6 90884aa49c074b40b7c2a3aaa04f6a3d e690b81fed4047f5823698301db2e933 - - default default] Unable to schedule network e3b31bab-7046-49c5-9ee8-7def803f1aa2: no agents available; will retry on subsequent port and subnet creation events.
2026-03-01 15:18:38.739 8 INFO neutron.db.ovn_revision_numbers_db [None req-210ce7e4-a446-4eea-8efd-1e2e6eac2bb6 90884aa49c074b40b7c2a3aaa04f6a3d e690b81fed4047f5823698301db2e933 - - default default] Successfully bumped revision number for resource 2318d054-03bc-4fcd-8349-ddaedc15149b (type: ports) to 1
2026-03-01 15:18:38.926 7 INFO neutron.plugins.ml2.drivers.ovn.mech_driver.mech_driver [None req-1dc981d2-f2e0-4f49-8dc3-1a589b117316 - - - - - -] OVN reports status down for port: 7cceb4ba-c176-4618-b49d-7ea6a8060e66
2026-03-01 15:18:38.979 7 INFO neutron.db.ovn_revision_numbers_db [None req-c94bc104-a7eb-4be3-ba4c-a5a4a23b949b - - - - - -] Successfully bumped revision number for resource 6cce8cc3-95ba-497a-a29d-bffbf641cad1 (type: ports) to 4
2026-03-01 15:18:39.094 7 WARNING neutron.plugins.ml2.drivers.ovn.mech_driver.ovsdb.ovn_client [None req-1dc981d2-f2e0-4f49-8dc3-1a589b117316 - - - - - -] Logical_Switch_Port %s host information not removed, the port state is up
2026-03-01 15:18:39.095 7 INFO neutron.plugins.ml2.drivers.ovn.mech_driver.mech_driver [None req-1dc981d2-f2e0-4f49-8dc3-1a589b117316 - - - - - -] OVN reports status down for port: 0bc46195-2b2f-4ee8-a63d-36e409345d3a
2026-03-01 15:18:39.397 8 WARNING neutron.scheduler.dhcp_agent_scheduler [None req-210ce7e4-a446-4eea-8efd-1e2e6eac2bb6 90884aa49c074b40b7c2a3aaa04f6a3d e690b81fed4047f5823698301db2e933 - - default default] No more DHCP agents
2026-03-01 15:18:39.398 8 WARNING neutron.api.rpc.agentnotifiers.dhcp_rpc_agent_api [None req-210ce7e4-a446-4eea-8efd-1e2e6eac2bb6 90884aa49c074b40b7c2a3aaa04f6a3d e690b81fed4047f5823698301db2e933 - - default default] Unable to schedule network e3b31bab-7046-49c5-9ee8-7def803f1aa2: no agents available; will retry on subsequent port and subnet creation events.
2026-03-01 15:18:39.460 7 INFO neutron.plugins.ml2.drivers.ovn.mech_driver.mech_driver [None req-1dc981d2-f2e0-4f49-8dc3-1a589b117316 - - - - - -] OVN reports status down for port: e785c0c3-fd35-4bcd-bbba-69017a0135c9
2026-03-01 15:18:39.682 7 WARNING neutron.plugins.ml2.drivers.ovn.mech_driver.ovsdb.ovn_client [None req-1dc981d2-f2e0-4f49-8dc3-1a589b117316 - - - - - -] Logical_Switch_Port %s host information not removed, the port state is up
2026-03-01 15:18:39.683 7 INFO neutron.plugins.ml2.drivers.ovn.mech_driver.mech_driver [None req-1dc981d2-f2e0-4f49-8dc3-1a589b117316 - - - - - -] OVN reports status up for port: 7cceb4ba-c176-4618-b49d-7ea6a8060e66
2026-03-01 15:18:39.737 7 INFO neutron.plugins.ml2.plugin [None req-1dc981d2-f2e0-4f49-8dc3-1a589b117316 - - - - - -] Attempt 1 to provision port 7cceb4ba-c176-4618-b49d-7ea6a8060e66
2026-03-01 15:18:39.840 8 INFO neutron.db.ovn_revision_numbers_db [None req-210ce7e4-a446-4eea-8efd-1e2e6eac2bb6 90884aa49c074b40b7c2a3aaa04f6a3d e690b81fed4047f5823698301db2e933 - - default default] Successfully bumped revision number for resource 2318d054-03bc-4fcd-8349-ddaedc15149b (type: router_ports) to 1 [pid: 8|app: 0|req: 324/648] 10.0.0.45 () {34 vars in 782 bytes} [Sun Mar 1 15:18:38 2026] PUT /v2.0/routers/21e13acf-742d-4365-8c26-fa999483afc6/add_router_interface => generated 309 bytes in 1713 msecs (HTTP/1.1 200) 4 headers in 157 bytes (1 switches on core 0) [pid: 8|app: 0|req: 325/649] 10.0.0.156 () {28 vars in 579 bytes} [Sun Mar 1 15:18:39 2026] GET /v2.0/ports => generated 15771 bytes in 88 msecs (HTTP/1.1 200) 4 headers in 159 bytes (1 switches on core 0)
2026-03-01 15:18:40.087 7 INFO neutron.db.ovn_revision_numbers_db [None req-c94bc104-a7eb-4be3-ba4c-a5a4a23b949b - - - - - -] Successfully bumped revision number for resource 6cce8cc3-95ba-497a-a29d-bffbf641cad1 (type: ports) to 5
2026-03-01 15:18:40.152 8 INFO neutron.db.ovn_revision_numbers_db [None req-f5b368e7-4991-462b-8daf-daccb1db5fb5 3caee96caee647e0a4f81806e65e0eba 2c62d2db9b3543d3a55d9dc480603780 - - default default] Successfully bumped revision number for resource 60c38cf5-5cca-4f23-9e7c-a30d5e668e21 (type: security_groups) to 1
2026-03-01 15:18:40.168 8 INFO neutron.db.ovn_revision_numbers_db [None req-f5b368e7-4991-462b-8daf-daccb1db5fb5 3caee96caee647e0a4f81806e65e0eba 2c62d2db9b3543d3a55d9dc480603780 - - default default] Successfully bumped revision number for resource 5d1381c6-ec99-4890-b122-811d63eae38e (type: security_group_rules) to 0
2026-03-01 15:18:40.182 8 INFO neutron.db.ovn_revision_numbers_db [None req-f5b368e7-4991-462b-8daf-daccb1db5fb5 3caee96caee647e0a4f81806e65e0eba 2c62d2db9b3543d3a55d9dc480603780 - - default default] Successfully bumped revision number for resource f481be8d-3194-4454-a26d-4f8293073cc1 (type: security_group_rules) to 0 [pid: 8|app: 0|req: 326/650] 10.0.0.45 () {34 vars in 684 bytes} [Sun Mar 1 15:18:39 2026] POST /v2.0/security-groups => generated 1659 bytes in 309 msecs (HTTP/1.1 201) 4 headers in 163 bytes (1 switches on core 0)
2026-03-01 15:18:40.276 7 INFO neutron.plugins.ml2.drivers.ovn.mech_driver.ovsdb.ovsdb_monitor [None req-c94bc104-a7eb-4be3-ba4c-a5a4a23b949b - - - - - -] Router 21e13acf-742d-4365-8c26-fa999483afc6 is bound to host instance
2026-03-01 15:18:40.436 7 WARNING neutron.scheduler.dhcp_agent_scheduler [None req-cd7389c8-ab49-47ba-9777-0ad5ebec1108 90884aa49c074b40b7c2a3aaa04f6a3d e690b81fed4047f5823698301db2e933 - - default default] No more DHCP agents
2026-03-01 15:18:40.439 7 WARNING neutron.api.rpc.agentnotifiers.dhcp_rpc_agent_api [None req-cd7389c8-ab49-47ba-9777-0ad5ebec1108 90884aa49c074b40b7c2a3aaa04f6a3d e690b81fed4047f5823698301db2e933 - - default default] Unable to schedule network fe3af62f-ef11-4f1c-bd1f-8bc6565af137: no agents available; will retry on subsequent port and subnet creation events.
2026-03-01 15:18:40.703 8 WARNING neutron.scheduler.dhcp_agent_scheduler [None req-bb60c46c-bb84-4775-a07f-c3d0ec958819 90884aa49c074b40b7c2a3aaa04f6a3d e690b81fed4047f5823698301db2e933 - - default default] No more DHCP agents
2026-03-01 15:18:40.704 8 WARNING neutron.api.rpc.agentnotifiers.dhcp_rpc_agent_api [None req-bb60c46c-bb84-4775-a07f-c3d0ec958819 90884aa49c074b40b7c2a3aaa04f6a3d e690b81fed4047f5823698301db2e933 - - default default] Unable to schedule network 516e271f-7221-48d8-beee-09d5589a649e: no agents available; will retry on subsequent port and subnet creation events.
2026-03-01 15:18:40.827 8 INFO neutron.db.ovn_revision_numbers_db [None req-bb60c46c-bb84-4775-a07f-c3d0ec958819 90884aa49c074b40b7c2a3aaa04f6a3d e690b81fed4047f5823698301db2e933 - - default default] Successfully bumped revision number for resource a334e559-fa80-4457-a0ac-126bd08e308b (type: ports) to 1
2026-03-01 15:18:41.484 8 INFO neutron.plugins.ml2.drivers.ovn.mech_driver.ovsdb.commands [-] Schedule LRP lrp-a334e559-fa80-4457-a0ac-126bd08e308b on gateway 6ad361bf-e10e-4e83-b7b7-860d980ddbfe with priority 1
