+ COMMAND=start + start + for KEYSTONE_WSGI_SCRIPT in keystone-wsgi-public ++ type -p keystone-wsgi-public + cp -a /var/lib/openstack/bin/keystone-wsgi-public /var/www/cgi-bin/keystone/ + '[' -f /etc/apache2/envvars ']' + source /etc/apache2/envvars ++ unset HOME ++ '[' '' '!=' '' ']' ++ SUFFIX= ++ export APACHE_RUN_USER=www-data ++ APACHE_RUN_USER=www-data ++ export APACHE_RUN_GROUP=www-data ++ APACHE_RUN_GROUP=www-data ++ export APACHE_PID_FILE=/var/run/apache2/apache2.pid ++ APACHE_PID_FILE=/var/run/apache2/apache2.pid ++ export APACHE_RUN_DIR=/var/run/apache2 ++ APACHE_RUN_DIR=/var/run/apache2 ++ export APACHE_LOCK_DIR=/var/lock/apache2 ++ APACHE_LOCK_DIR=/var/lock/apache2 ++ export APACHE_LOG_DIR=/var/log/apache2 ++ APACHE_LOG_DIR=/var/log/apache2 ++ export LANG=C ++ LANG=C ++ export LANG + '[' -f /var/run/apache2/apache2.pid ']' + exec apache2 -DFOREGROUND AH00558: apache2: Could not reliably determine the server's fully qualified domain name, using 10.0.0.14. Set the 'ServerName' directive globally to suppress this message AH00558: apache2: Could not reliably determine the server's fully qualified domain name, using 10.0.0.14. Set the 'ServerName' directive globally to suppress this message
[Thu May 14 03:17:15.496404 2026] [mpm_event:notice] [pid 1:tid 140223354496896] AH00489: Apache/2.4.58 (Ubuntu) mod_wsgi/5.0.0 Python/3.12 configured -- resuming normal operations
[Thu May 14 03:17:15.496611 2026] [core:notice] [pid 1:tid 140223354496896] AH00094: Command line: 'apache2 -D FOREGROUND'
[Thu May 14 03:18:18.959568 2026] [wsgi:error] [pid 10:tid 140222717724352] /var/lib/openstack/lib/python3.12/site-packages/oslo_utils/importutils.py:77: EventletDeprecationWarning:
[Thu May 14 03:18:18.959614 2026] [wsgi:error] [pid 10:tid 140222717724352] Eventlet is deprecated. It is currently being maintained in bugfix mode, and
[Thu May 14 03:18:18.959616 2026] [wsgi:error] [pid 10:tid 140222717724352] we strongly recommend against using it for new projects.
[Thu May 14 03:18:18.959617 2026] [wsgi:error] [pid 10:tid 140222717724352]
[Thu May 14 03:18:18.959618 2026] [wsgi:error] [pid 10:tid 140222717724352] If you are already using Eventlet, we recommend migrating to a different
[Thu May 14 03:18:18.959619 2026] [wsgi:error] [pid 10:tid 140222717724352] framework. For more detail see
[Thu May 14 03:18:18.959620 2026] [wsgi:error] [pid 10:tid 140222717724352] https://eventlet.readthedocs.io/en/latest/asyncio/migration.html
[Thu May 14 03:18:18.959621 2026] [wsgi:error] [pid 10:tid 140222717724352]
[Thu May 14 03:18:18.959622 2026] [wsgi:error] [pid 10:tid 140222717724352] __import__(import_str)
[Thu May 14 03:18:18.964718 2026] [wsgi:error] [pid 11:tid 140222717724352] /var/lib/openstack/lib/python3.12/site-packages/oslo_utils/importutils.py:77: EventletDeprecationWarning:
[Thu May 14 03:18:18.964761 2026] [wsgi:error] [pid 11:tid 140222717724352] Eventlet is deprecated. It is currently being maintained in bugfix mode, and
[Thu May 14 03:18:18.964763 2026] [wsgi:error] [pid 11:tid 140222717724352] we strongly recommend against using it for new projects.
[Thu May 14 03:18:18.964764 2026] [wsgi:error] [pid 11:tid 140222717724352]
[Thu May 14 03:18:18.964765 2026] [wsgi:error] [pid 11:tid 140222717724352] If you are already using Eventlet, we recommend migrating to a different
[Thu May 14 03:18:18.964767 2026] [wsgi:error] [pid 11:tid 140222717724352] framework. For more detail see
[Thu May 14 03:18:18.964768 2026] [wsgi:error] [pid 11:tid 140222717724352] https://eventlet.readthedocs.io/en/latest/asyncio/migration.html
[Thu May 14 03:18:18.964769 2026] [wsgi:error] [pid 11:tid 140222717724352]
[Thu May 14 03:18:18.964770 2026] [wsgi:error] [pid 11:tid 140222717724352] __import__(import_str) 10.0.0.33 - - [14/May/2026:03:18:18 +0000] "GET /v3/ HTTP/1.1" 200 249 10.0.0.33 - - [14/May/2026:03:18:18 +0000] "GET /v3/ HTTP/1.1" 200 249
[Thu May 14 03:18:31.178161 2026] [wsgi:error] [pid 12:tid 140222717724352] /var/lib/openstack/lib/python3.12/site-packages/oslo_utils/importutils.py:77: EventletDeprecationWarning:
[Thu May 14 03:18:31.178201 2026] [wsgi:error] [pid 12:tid 140222717724352] Eventlet is deprecated. It is currently being maintained in bugfix mode, and
[Thu May 14 03:18:31.178203 2026] [wsgi:error] [pid 12:tid 140222717724352] we strongly recommend against using it for new projects.
[Thu May 14 03:18:31.178204 2026] [wsgi:error] [pid 12:tid 140222717724352]
[Thu May 14 03:18:31.178205 2026] [wsgi:error] [pid 12:tid 140222717724352] If you are already using Eventlet, we recommend migrating to a different
[Thu May 14 03:18:31.178206 2026] [wsgi:error] [pid 12:tid 140222717724352] framework. For more detail see
[Thu May 14 03:18:31.178207 2026] [wsgi:error] [pid 12:tid 140222717724352] https://eventlet.readthedocs.io/en/latest/asyncio/migration.html
[Thu May 14 03:18:31.178208 2026] [wsgi:error] [pid 12:tid 140222717724352]
[Thu May 14 03:18:31.178209 2026] [wsgi:error] [pid 12:tid 140222717724352] __import__(import_str) 10.0.0.126 - - [14/May/2026:03:18:30 +0000] "GET / HTTP/1.1" 300 295
[Thu May 14 03:18:36.575331 2026] [wsgi:error] [pid 9:tid 140222717724352] /var/lib/openstack/lib/python3.12/site-packages/oslo_utils/importutils.py:77: EventletDeprecationWarning:
[Thu May 14 03:18:36.575373 2026] [wsgi:error] [pid 9:tid 140222717724352] Eventlet is deprecated. It is currently being maintained in bugfix mode, and
[Thu May 14 03:18:36.575376 2026] [wsgi:error] [pid 9:tid 140222717724352] we strongly recommend against using it for new projects.
[Thu May 14 03:18:36.575377 2026] [wsgi:error] [pid 9:tid 140222717724352]
[Thu May 14 03:18:36.575379 2026] [wsgi:error] [pid 9:tid 140222717724352] If you are already using Eventlet, we recommend migrating to a different
[Thu May 14 03:18:36.575380 2026] [wsgi:error] [pid 9:tid 140222717724352] framework. For more detail see
[Thu May 14 03:18:36.575382 2026] [wsgi:error] [pid 9:tid 140222717724352] https://eventlet.readthedocs.io/en/latest/asyncio/migration.html
[Thu May 14 03:18:36.575384 2026] [wsgi:error] [pid 9:tid 140222717724352]
[Thu May 14 03:18:36.575385 2026] [wsgi:error] [pid 9:tid 140222717724352] __import__(import_str)
[Thu May 14 03:18:41.297729 2026] [wsgi:error] [pid 9:tid 140222717724352] [remote 10.0.0.126:45548] 2026-05-14 03:18:41.293 9 WARNING keystone.identity.core [None req-86501918-2990-41bb-ad71-3f9d4041bb49 - - - - - -] Invalid domain name (atmosphere) found in config file name: keystone.exception.DomainNotFound: Could not find domain: atmosphere.
[Thu May 14 03:18:41.355487 2026] [wsgi:error] [pid 9:tid 140222717724352] [remote 10.0.0.126:45548] 2026-05-14 03:18:41.355 9 WARNING keystone.common.password_hashing [None req-86501918-2990-41bb-ad71-3f9d4041bb49 - - - - - -] Truncating password to algorithm specific maximum length 72 characters.
[Thu May 14 03:18:41.640682 2026] [wsgi:error] [pid 9:tid 140222717724352] [remote 10.0.0.126:45548] 2026-05-14 03:18:41.640 9 WARNING keystone.common.fernet_utils [None req-86501918-2990-41bb-ad71-3f9d4041bb49 - - - - - -] key_repository is world readable: /etc/keystone/fernet-keys/ 10.0.0.126 - - [14/May/2026:03:18:35 +0000] "POST /v3/auth/tokens HTTP/1.1" 201 1360
[Thu May 14 03:18:41.956067 2026] [wsgi:error] [pid 11:tid 140222717724352] [remote 10.0.0.126:45548] 2026-05-14 03:18:41.953 11 WARNING keystone.identity.core [None req-38593f30-429a-420c-b935-81684f327979 - - - - - -] Invalid domain name (atmosphere) found in config file name: keystone.exception.DomainNotFound: Could not find domain: atmosphere. 10.0.0.126 - - [14/May/2026:03:18:41 +0000] "POST /v3/domains HTTP/1.1" 201 261 10.0.0.143 - - [14/May/2026:03:18:53 +0000] "GET / HTTP/1.1" 300 295
[Thu May 14 03:18:53.803312 2026] [wsgi:error] [pid 12:tid 140222717724352] [remote 10.0.0.143:44348] 2026-05-14 03:18:53.802 12 WARNING keystone.common.password_hashing [None req-c10b43f8-d999-4944-9670-58ba09de41d1 - - - - - -] Truncating password to algorithm specific maximum length 72 characters.
[Thu May 14 03:18:54.079657 2026] [wsgi:error] [pid 12:tid 140222717724352] [remote 10.0.0.143:44348] 2026-05-14 03:18:54.079 12 WARNING keystone.common.fernet_utils [None req-c10b43f8-d999-4944-9670-58ba09de41d1 - - - - - -] key_repository is world readable: /etc/keystone/fernet-keys/ 10.0.0.143 - - [14/May/2026:03:18:53 +0000] "POST /v3/auth/tokens HTTP/1.1" 201 1360 10.0.0.143 - - [14/May/2026:03:18:54 +0000] "GET /v3/roles/admin HTTP/1.1" 404 83
[Thu May 14 03:18:54.285663 2026] [wsgi:error] [pid 11:tid 140222717724352] [remote 10.0.0.143:44348] 2026-05-14 03:18:54.285 11 WARNING keystone.common.rbac_enforcer.enforcer [None req-2a168cce-b458-4e8c-8452-27da5c1d3e58 fdd7c4f67aca4a7cbfe07f11cf51585d 87608342914a44bb82d161122250ad55 - - default default] Deprecated policy rules found. Use oslopolicy-policy-generator and oslopolicy-policy-upgrade to detect and resolve deprecated policies in your configuration. 10.0.0.143 - - [14/May/2026:03:18:54 +0000] "GET /v3/roles?name=admin HTTP/1.1" 200 389
[Thu May 14 03:18:54.650677 2026] [wsgi:error] [pid 10:tid 140222717724352] [remote 10.0.0.143:44348] 2026-05-14 03:18:54.650 10 WARNING keystone.common.rbac_enforcer.enforcer [None req-6af17c98-5eaa-452b-8d2c-bd812db0fe21 fdd7c4f67aca4a7cbfe07f11cf51585d 87608342914a44bb82d161122250ad55 - - default default] Deprecated policy rules found. Use oslopolicy-policy-generator and oslopolicy-policy-upgrade to detect and resolve deprecated policies in your configuration. 10.0.0.143 - - [14/May/2026:03:18:54 +0000] "GET /v3/users/admin-RegionOne HTTP/1.1" 404 93
[Thu May 14 03:18:54.781769 2026] [wsgi:error] [pid 12:tid 140222717724352] [remote 10.0.0.143:44348] 2026-05-14 03:18:54.781 12 WARNING keystone.common.rbac_enforcer.enforcer [None req-6903a1b7-c655-496f-abd7-853ea24a9471 fdd7c4f67aca4a7cbfe07f11cf51585d 87608342914a44bb82d161122250ad55 - - default default] Deprecated policy rules found. Use oslopolicy-policy-generator and oslopolicy-policy-upgrade to detect and resolve deprecated policies in your configuration. 10.0.0.143 - - [14/May/2026:03:18:54 +0000] "GET /v3/users?name=admin-RegionOne HTTP/1.1" 200 422
[Thu May 14 03:18:54.975229 2026] [wsgi:error] [pid 9:tid 140222717724352] [remote 10.0.0.143:44348] 2026-05-14 03:18:54.974 9 WARNING keystone.common.rbac_enforcer.enforcer [None req-49d3e522-e7d1-4021-8f0a-26d1932c6e17 fdd7c4f67aca4a7cbfe07f11cf51585d 87608342914a44bb82d161122250ad55 - - default default] Deprecated policy rules found. Use oslopolicy-policy-generator and oslopolicy-policy-upgrade to detect and resolve deprecated policies in your configuration. 10.0.0.143 - - [14/May/2026:03:18:54 +0000] "GET /v3/domains/default HTTP/1.1" 200 224 10.0.0.143 - - [14/May/2026:03:18:54 +0000] "PUT /v3/domains/default/users/fdd7c4f67aca4a7cbfe07f11cf51585d/roles/ff55b997c7334b608d20aeff339de9a2 HTTP/1.1" 204 - 10.0.0.33 - - [14/May/2026:03:19:04 +0000] "GET / HTTP/1.1" 300 281 10.0.0.33 - - [14/May/2026:03:19:06 +0000] "GET /v3 HTTP/1.1" 200 266
[Thu May 14 03:19:06.407414 2026] [wsgi:error] [pid 9:tid 140222717724352] [remote 10.0.0.33:45760] 2026-05-14 03:19:06.407 9 WARNING keystone.common.password_hashing [None req-617b1657-c3a7-4780-8836-2c423d86c6ec - - - - - -] Truncating password to algorithm specific maximum length 72 characters.
[Thu May 14 03:19:06.684745 2026] [wsgi:error] [pid 9:tid 140222717724352] [remote 10.0.0.33:45760] 2026-05-14 03:19:06.684 9 WARNING keystone.common.fernet_utils [None req-617b1657-c3a7-4780-8836-2c423d86c6ec - - - - - -] key_repository is world readable: /etc/keystone/fernet-keys/ 10.0.0.33 - - [14/May/2026:03:19:06 +0000] "POST /v3/auth/tokens HTTP/1.1" 201 1360 10.0.0.33 - - [14/May/2026:03:19:06 +0000] "GET / HTTP/1.1" 300 281 10.0.0.33 - - [14/May/2026:03:19:06 +0000] "GET /v3/domains/atmosphere HTTP/1.1" 404 90 10.0.0.33 - - [14/May/2026:03:19:06 +0000] "GET /v3/domains?name=atmosphere HTTP/1.1" 200 370 10.0.0.33 - - [14/May/2026:03:19:06 +0000] "GET /v3/domains/bf5c0200c0704f43a5af1b9c9fcd8233 HTTP/1.1" 200 247 10.0.0.33 - - [14/May/2026:03:19:07 +0000] "GET /v3 HTTP/1.1" 200 266
[Thu May 14 03:19:07.773705 2026] [wsgi:error] [pid 10:tid 140222717724352] [remote 10.0.0.33:45754] 2026-05-14 03:19:07.773 10 WARNING keystone.common.password_hashing [None req-2972e8ca-3450-4546-bc8e-2399f777bb34 - - - - - -] Truncating password to algorithm specific maximum length 72 characters.
[Thu May 14 03:19:08.048376 2026] [wsgi:error] [pid 10:tid 140222717724352] [remote 10.0.0.33:45754] 2026-05-14 03:19:08.048 10 WARNING keystone.common.fernet_utils [None req-2972e8ca-3450-4546-bc8e-2399f777bb34 - - - - - -] key_repository is world readable: /etc/keystone/fernet-keys/ 10.0.0.33 - - [14/May/2026:03:19:07 +0000] "POST /v3/auth/tokens HTTP/1.1" 201 1360 10.0.0.33 - - [14/May/2026:03:19:08 +0000] "GET / HTTP/1.1" 300 281 10.0.0.33 - - [14/May/2026:03:19:08 +0000] "GET /v3/OS-FEDERATION/identity_providers/atmosphere HTTP/1.1" 404 101 10.0.0.33 - - [14/May/2026:03:19:08 +0000] "GET /v3/OS-FEDERATION/identity_providers HTTP/1.1" 200 156 10.0.0.33 - - [14/May/2026:03:19:08 +0000] "PUT /v3/OS-FEDERATION/identity_providers/atmosphere HTTP/1.1" 201 342 10.0.0.33 - - [14/May/2026:03:19:08 +0000] "GET /v3 HTTP/1.1" 200 266
[Thu May 14 03:19:08.860007 2026] [wsgi:error] [pid 9:tid 140222717724352] [remote 10.0.0.33:45760] 2026-05-14 03:19:08.859 9 WARNING keystone.common.password_hashing [None req-05ae44cf-ff0c-4e7a-8075-ab754162b4fb - - - - - -] Truncating password to algorithm specific maximum length 72 characters.
[Thu May 14 03:19:09.132291 2026] [wsgi:error] [pid 9:tid 140222717724352] [remote 10.0.0.33:45760] 2026-05-14 03:19:09.132 9 WARNING keystone.common.fernet_utils [None req-05ae44cf-ff0c-4e7a-8075-ab754162b4fb - - - - - -] key_repository is world readable: /etc/keystone/fernet-keys/ 10.0.0.33 - - [14/May/2026:03:19:08 +0000] "POST /v3/auth/tokens HTTP/1.1" 201 1360 10.0.0.33 - - [14/May/2026:03:19:09 +0000] "GET / HTTP/1.1" 300 281 10.0.0.33 - - [14/May/2026:03:19:09 +0000] "GET /v3/OS-FEDERATION/mappings/atmosphere-openid HTTP/1.1" 404 98 10.0.0.33 - - [14/May/2026:03:19:09 +0000] "GET /v3/OS-FEDERATION/mappings HTTP/1.1" 200 136 10.0.0.33 - - [14/May/2026:03:19:09 +0000] "PUT /v3/OS-FEDERATION/mappings/atmosphere-openid HTTP/1.1" 201 357 10.0.0.33 - - [14/May/2026:03:19:09 +0000] "GET /v3 HTTP/1.1" 200 266
[Thu May 14 03:19:09.913105 2026] [wsgi:error] [pid 10:tid 140222717724352] [remote 10.0.0.33:45754] 2026-05-14 03:19:09.912 10 WARNING keystone.common.password_hashing [None req-9840ecd4-9b90-46c7-8510-9f85b537a32c - - - - - -] Truncating password to algorithm specific maximum length 72 characters.
[Thu May 14 03:19:10.199490 2026] [wsgi:error] [pid 10:tid 140222717724352] [remote 10.0.0.33:45754] 2026-05-14 03:19:10.199 10 WARNING keystone.common.fernet_utils [None req-9840ecd4-9b90-46c7-8510-9f85b537a32c - - - - - -] key_repository is world readable: /etc/keystone/fernet-keys/ 10.0.0.33 - - [14/May/2026:03:19:09 +0000] "POST /v3/auth/tokens HTTP/1.1" 201 1360 10.0.0.33 - - [14/May/2026:03:19:10 +0000] "GET / HTTP/1.1" 300 281 10.0.0.33 - - [14/May/2026:03:19:10 +0000] "GET /v3/OS-FEDERATION/identity_providers/atmosphere/protocols/openid?idp_id=atmosphere HTTP/1.1" 404 131 10.0.0.33 - - [14/May/2026:03:19:10 +0000] "GET /v3/OS-FEDERATION/identity_providers/atmosphere/protocols HTTP/1.1" 200 168 10.0.0.33 - - [14/May/2026:03:19:10 +0000] "PUT /v3/OS-FEDERATION/identity_providers/atmosphere/protocols/openid HTTP/1.1" 201 224 10.0.0.33 - - [14/May/2026:03:19:18 +0000] "GET /v3/ HTTP/1.1" 200 249 10.0.0.33 - - [14/May/2026:03:19:18 +0000] "GET /v3/ HTTP/1.1" 200 249 10.0.0.33 - - [14/May/2026:03:20:18 +0000] "GET /v3/ HTTP/1.1" 200 249 10.0.0.33 - - [14/May/2026:03:20:18 +0000] "GET /v3/ HTTP/1.1" 200 249 10.0.0.27 - - [14/May/2026:03:20:31 +0000] "GET / HTTP/1.1" 300 295
[Thu May 14 03:20:31.355455 2026] [wsgi:error] [pid 12:tid 140222717724352] [remote 10.0.0.27:55304] 2026-05-14 03:20:31.355 12 WARNING keystone.common.password_hashing [None req-95e51116-e27f-470b-96f2-b5b87ebd3e9c - - - - - -] Truncating password to algorithm specific maximum length 72 characters.
[Thu May 14 03:20:31.637773 2026] [wsgi:error] [pid 12:tid 140222717724352] [remote 10.0.0.27:55304] 2026-05-14 03:20:31.637 12 WARNING keystone.common.fernet_utils [None req-95e51116-e27f-470b-96f2-b5b87ebd3e9c - - - - - -] key_repository is world readable: /etc/keystone/fernet-keys/ 10.0.0.27 - - [14/May/2026:03:20:31 +0000] "POST /v3/auth/tokens HTTP/1.1" 201 1360 10.0.0.27 - - [14/May/2026:03:20:31 +0000] "GET /v3/services HTTP/1.1" 200 355 10.0.0.27 - - [14/May/2026:03:20:35 +0000] "GET / HTTP/1.1" 300 295
[Thu May 14 03:20:35.069216 2026] [wsgi:error] [pid 9:tid 140222717724352] [remote 10.0.0.27:60136] 2026-05-14 03:20:35.069 9 WARNING keystone.common.password_hashing [None req-99c00fb2-9a88-49ff-bb67-c9e5bbceab74 - - - - - -] Truncating password to algorithm specific maximum length 72 characters.
[Thu May 14 03:20:35.352741 2026] [wsgi:error] [pid 9:tid 140222717724352] [remote 10.0.0.27:60136] 2026-05-14 03:20:35.352 9 WARNING keystone.common.fernet_utils [None req-99c00fb2-9a88-49ff-bb67-c9e5bbceab74 - - - - - -] key_repository is world readable: /etc/keystone/fernet-keys/ 10.0.0.27 - - [14/May/2026:03:20:35 +0000] "POST /v3/auth/tokens HTTP/1.1" 201 1360 10.0.0.27 - - [14/May/2026:03:20:35 +0000] "GET /v3/services HTTP/1.1" 200 355 10.0.0.27 - - [14/May/2026:03:20:38 +0000] "GET / HTTP/1.1" 300 295
[Thu May 14 03:20:38.796835 2026] [wsgi:error] [pid 11:tid 140222717724352] [remote 10.0.0.27:60148] 2026-05-14 03:20:38.796 11 WARNING keystone.common.password_hashing [None req-1a80c1bf-a90a-47f3-9e72-a9f7958a989d - - - - - -] Truncating password to algorithm specific maximum length 72 characters.
[Thu May 14 03:20:39.070411 2026] [wsgi:error] [pid 11:tid 140222717724352] [remote 10.0.0.27:60148] 2026-05-14 03:20:39.070 11 WARNING keystone.common.fernet_utils [None req-1a80c1bf-a90a-47f3-9e72-a9f7958a989d - - - - - -] key_repository is world readable: /etc/keystone/fernet-keys/ 10.0.0.27 - - [14/May/2026:03:20:38 +0000] "POST /v3/auth/tokens HTTP/1.1" 201 1360 10.0.0.27 - - [14/May/2026:03:20:39 +0000] "GET /v3/services HTTP/1.1" 200 355 10.0.0.27 - - [14/May/2026:03:20:42 +0000] "GET / HTTP/1.1" 300 295
[Thu May 14 03:20:42.666458 2026] [wsgi:error] [pid 10:tid 140222717724352] [remote 10.0.0.27:60152] 2026-05-14 03:20:42.666 10 WARNING keystone.common.password_hashing [None req-d61e2831-315a-4832-8eb5-6a9e5af63255 - - - - - -] Truncating password to algorithm specific maximum length 72 characters.
[Thu May 14 03:20:42.937728 2026] [wsgi:error] [pid 10:tid 140222717724352] [remote 10.0.0.27:60152] 2026-05-14 03:20:42.937 10 WARNING keystone.common.fernet_utils [None req-d61e2831-315a-4832-8eb5-6a9e5af63255 - - - - - -] key_repository is world readable: /etc/keystone/fernet-keys/ 10.0.0.27 - - [14/May/2026:03:20:42 +0000] "POST /v3/auth/tokens HTTP/1.1" 201 1360 10.0.0.27 - - [14/May/2026:03:20:43 +0000] "POST /v3/services HTTP/1.1" 201 296 10.0.0.202 - - [14/May/2026:03:20:53 +0000] "GET / HTTP/1.1" 300 295
[Thu May 14 03:20:53.525413 2026] [wsgi:error] [pid 12:tid 140222717724352] [remote 10.0.0.202:55378] 2026-05-14 03:20:53.525 12 WARNING keystone.common.password_hashing [None req-cf8b3fd1-bd77-4ad7-b9ee-8ae4545bff44 - - - - - -] Truncating password to algorithm specific maximum length 72 characters. 10.0.0.202 - - [14/May/2026:03:20:53 +0000] "GET / HTTP/1.1" 300 295
[Thu May 14 03:20:53.667676 2026] [wsgi:error] [pid 11:tid 140222717724352] [remote 10.0.0.202:55392] 2026-05-14 03:20:53.667 11 WARNING keystone.common.password_hashing [None req-81c5dbfd-1845-4852-bb40-d600d266a62a - - - - - -] Truncating password to algorithm specific maximum length 72 characters. 10.0.0.202 - - [14/May/2026:03:20:53 +0000] "GET / HTTP/1.1" 300 295
[Thu May 14 03:20:53.801872 2026] [wsgi:error] [pid 10:tid 140222717724352] [remote 10.0.0.202:55404] 2026-05-14 03:20:53.801 10 WARNING keystone.common.password_hashing [None req-c17242b2-84fc-4727-9bde-7fa3db78a05f - - - - - -] Truncating password to algorithm specific maximum length 72 characters.
[Thu May 14 03:20:53.803755 2026] [wsgi:error] [pid 12:tid 140222717724352] [remote 10.0.0.202:55378] 2026-05-14 03:20:53.803 12 WARNING keystone.common.fernet_utils [None req-cf8b3fd1-bd77-4ad7-b9ee-8ae4545bff44 - - - - - -] key_repository is world readable: /etc/keystone/fernet-keys/ 10.0.0.202 - - [14/May/2026:03:20:53 +0000] "POST /v3/auth/tokens HTTP/1.1" 201 1464
[Thu May 14 03:20:53.949724 2026] [wsgi:error] [pid 11:tid 140222717724352] [remote 10.0.0.202:55392] 2026-05-14 03:20:53.949 11 WARNING keystone.common.fernet_utils [None req-81c5dbfd-1845-4852-bb40-d600d266a62a - - - - - -] key_repository is world readable: /etc/keystone/fernet-keys/ 10.0.0.202 - - [14/May/2026:03:20:53 +0000] "GET /v3/services HTTP/1.1" 200 639 10.0.0.202 - - [14/May/2026:03:20:53 +0000] "POST /v3/auth/tokens HTTP/1.1" 201 1464 10.0.0.202 - - [14/May/2026:03:20:54 +0000] "GET /v3/services HTTP/1.1" 200 639
[Thu May 14 03:20:54.076808 2026] [wsgi:error] [pid 10:tid 140222717724352] [remote 10.0.0.202:55404] 2026-05-14 03:20:54.076 10 WARNING keystone.common.fernet_utils [None req-c17242b2-84fc-4727-9bde-7fa3db78a05f - - - - - -] key_repository is world readable: /etc/keystone/fernet-keys/ 10.0.0.202 - - [14/May/2026:03:20:53 +0000] "POST /v3/auth/tokens HTTP/1.1" 201 1464 10.0.0.202 - - [14/May/2026:03:20:54 +0000] "GET /v3/services HTTP/1.1" 200 639 10.0.0.202 - - [14/May/2026:03:20:55 +0000] "GET / HTTP/1.1" 300 295
[Thu May 14 03:20:55.329647 2026] [wsgi:error] [pid 12:tid 140222717724352] [remote 10.0.0.202:35786] 2026-05-14 03:20:55.329 12 WARNING keystone.common.password_hashing [None req-152fe3b2-778b-42d5-9649-d670268cabeb - - - - - -] Truncating password to algorithm specific maximum length 72 characters. 10.0.0.202 - - [14/May/2026:03:20:55 +0000] "GET / HTTP/1.1" 300 295
[Thu May 14 03:20:55.427466 2026] [wsgi:error] [pid 9:tid 140222717724352] [remote 10.0.0.202:35798] 2026-05-14 03:20:55.427 9 WARNING keystone.common.password_hashing [None req-402e6d71-7189-4151-b59f-35bffc814d9f - - - - - -] Truncating password to algorithm specific maximum length 72 characters. 10.0.0.202 - - [14/May/2026:03:20:55 +0000] "GET / HTTP/1.1" 300 295
[Thu May 14 03:20:55.560268 2026] [wsgi:error] [pid 10:tid 140222717724352] [remote 10.0.0.202:35810] 2026-05-14 03:20:55.560 10 WARNING keystone.common.password_hashing [None req-f2b7fa8c-ff05-4952-8f78-0096a17c98c7 - - - - - -] Truncating password to algorithm specific maximum length 72 characters.
[Thu May 14 03:20:55.602944 2026] [wsgi:error] [pid 12:tid 140222717724352] [remote 10.0.0.202:35786] 2026-05-14 03:20:55.602 12 WARNING keystone.common.fernet_utils [None req-152fe3b2-778b-42d5-9649-d670268cabeb - - - - - -] key_repository is world readable: /etc/keystone/fernet-keys/ 10.0.0.202 - - [14/May/2026:03:20:55 +0000] "POST /v3/auth/tokens HTTP/1.1" 201 1464
[Thu May 14 03:20:55.698560 2026] [wsgi:error] [pid 9:tid 140222717724352] [remote 10.0.0.202:35798] 2026-05-14 03:20:55.698 9 WARNING keystone.common.fernet_utils [None req-402e6d71-7189-4151-b59f-35bffc814d9f - - - - - -] key_repository is world readable: /etc/keystone/fernet-keys/ 10.0.0.202 - - [14/May/2026:03:20:55 +0000] "POST /v3/auth/tokens HTTP/1.1" 201 1464 10.0.0.202 - - [14/May/2026:03:20:55 +0000] "GET /v3/endpoints HTTP/1.1" 200 1227 10.0.0.202 - - [14/May/2026:03:20:55 +0000] "GET /v3/services/c7ae756e3df844dd8a2d6ce19a9acf05 HTTP/1.1" 200 233 10.0.0.202 - - [14/May/2026:03:20:55 +0000] "GET /v3/services/c7ae756e3df844dd8a2d6ce19a9acf05 HTTP/1.1" 200 233 10.0.0.202 - - [14/May/2026:03:20:55 +0000] "GET /v3/services/c7ae756e3df844dd8a2d6ce19a9acf05 HTTP/1.1" 200 233 10.0.0.202 - - [14/May/2026:03:20:55 +0000] "GET /v3/endpoints HTTP/1.1" 200 1227
[Thu May 14 03:20:55.845247 2026] [wsgi:error] [pid 10:tid 140222717724352] [remote 10.0.0.202:35810] 2026-05-14 03:20:55.845 10 WARNING keystone.common.fernet_utils [None req-f2b7fa8c-ff05-4952-8f78-0096a17c98c7 - - - - - -] key_repository is world readable: /etc/keystone/fernet-keys/ 10.0.0.202 - - [14/May/2026:03:20:55 +0000] "POST /v3/auth/tokens HTTP/1.1" 201 1464 10.0.0.202 - - [14/May/2026:03:20:55 +0000] "GET /v3/services/c7ae756e3df844dd8a2d6ce19a9acf05 HTTP/1.1" 200 233 10.0.0.202 - - [14/May/2026:03:20:55 +0000] "GET /v3/services/c7ae756e3df844dd8a2d6ce19a9acf05 HTTP/1.1" 200 233 10.0.0.202 - - [14/May/2026:03:20:55 +0000] "GET /v3/services/c7ae756e3df844dd8a2d6ce19a9acf05 HTTP/1.1" 200 233 10.0.0.202 - - [14/May/2026:03:20:55 +0000] "GET /v3/endpoints HTTP/1.1" 200 1227 10.0.0.202 - - [14/May/2026:03:20:55 +0000] "GET /v3/services/c7ae756e3df844dd8a2d6ce19a9acf05 HTTP/1.1" 200 233 10.0.0.202 - - [14/May/2026:03:20:56 +0000] "GET /v3/services/c7ae756e3df844dd8a2d6ce19a9acf05 HTTP/1.1" 200 233 10.0.0.202 - - [14/May/2026:03:20:56 +0000] "GET /v3/services/c7ae756e3df844dd8a2d6ce19a9acf05 HTTP/1.1" 200 233 10.0.0.202 - - [14/May/2026:03:20:57 +0000] "GET / HTTP/1.1" 300 295
[Thu May 14 03:20:57.140077 2026] [wsgi:error] [pid 9:tid 140222717724352] [remote 10.0.0.202:35814] 2026-05-14 03:20:57.139 9 WARNING keystone.common.password_hashing [None req-defea023-e081-4348-b140-47a124f7864e - - - - - -] Truncating password to algorithm specific maximum length 72 characters. 10.0.0.202 - - [14/May/2026:03:20:57 +0000] "GET / HTTP/1.1" 300 295
[Thu May 14 03:20:57.178014 2026] [wsgi:error] [pid 12:tid 140222717724352] [remote 10.0.0.202:35816] 2026-05-14 03:20:57.177 12 WARNING keystone.common.password_hashing [None req-0e44cb16-996d-4770-9a5c-9e8da4735d1c - - - - - -] Truncating password to algorithm specific maximum length 72 characters. 10.0.0.202 - - [14/May/2026:03:20:57 +0000] "GET / HTTP/1.1" 300 295
[Thu May 14 03:20:57.397857 2026] [wsgi:error] [pid 11:tid 140222717724352] [remote 10.0.0.202:35824] 2026-05-14 03:20:57.397 11 WARNING keystone.common.password_hashing [None req-9f37c2ec-a9bc-4482-a54d-31b7b4af42bd - - - - - -] Truncating password to algorithm specific maximum length 72 characters.
[Thu May 14 03:20:57.427619 2026] [wsgi:error] [pid 9:tid 140222717724352] [remote 10.0.0.202:35814] 2026-05-14 03:20:57.427 9 WARNING keystone.common.fernet_utils [None req-defea023-e081-4348-b140-47a124f7864e - - - - - -] key_repository is world readable: /etc/keystone/fernet-keys/ 10.0.0.202 - - [14/May/2026:03:20:57 +0000] "POST /v3/auth/tokens HTTP/1.1" 201 1464
[Thu May 14 03:20:57.449000 2026] [wsgi:error] [pid 12:tid 140222717724352] [remote 10.0.0.202:35816] 2026-05-14 03:20:57.448 12 WARNING keystone.common.fernet_utils [None req-0e44cb16-996d-4770-9a5c-9e8da4735d1c - - - - - -] key_repository is world readable: /etc/keystone/fernet-keys/ 10.0.0.202 - - [14/May/2026:03:20:57 +0000] "POST /v3/auth/tokens HTTP/1.1" 201 1464 10.0.0.202 - - [14/May/2026:03:20:57 +0000] "GET /v3/services/56ac815a2ca549c2b554dc22027d294a HTTP/1.1" 200 296 10.0.0.202 - - [14/May/2026:03:20:57 +0000] "GET /v3/regions/RegionOne HTTP/1.1" 200 173 10.0.0.202 - - [14/May/2026:03:20:57 +0000] "GET /v3/services/56ac815a2ca549c2b554dc22027d294a HTTP/1.1" 200 296 10.0.0.202 - - [14/May/2026:03:20:57 +0000] "GET /v3/regions/RegionOne HTTP/1.1" 200 173
[Thu May 14 03:20:57.667198 2026] [wsgi:error] [pid 11:tid 140222717724352] [remote 10.0.0.202:35824] 2026-05-14 03:20:57.667 11 WARNING keystone.common.fernet_utils [None req-9f37c2ec-a9bc-4482-a54d-31b7b4af42bd - - - - - -] key_repository is world readable: /etc/keystone/fernet-keys/ 10.0.0.202 - - [14/May/2026:03:20:57 +0000] "POST /v3/auth/tokens HTTP/1.1" 201 1464 10.0.0.202 - - [14/May/2026:03:20:57 +0000] "POST /v3/endpoints HTTP/1.1" 201 380 10.0.0.202 - - [14/May/2026:03:20:57 +0000] "POST /v3/endpoints HTTP/1.1" 201 383 10.0.0.202 - - [14/May/2026:03:20:57 +0000] "GET /v3/services/56ac815a2ca549c2b554dc22027d294a HTTP/1.1" 200 296 10.0.0.202 - - [14/May/2026:03:20:57 +0000] "GET /v3/regions/RegionOne HTTP/1.1" 200 173 10.0.0.202 - - [14/May/2026:03:20:57 +0000] "POST /v3/endpoints HTTP/1.1" 201 370 10.0.0.202 - - [14/May/2026:03:20:59 +0000] "GET / HTTP/1.1" 300 295
[Thu May 14 03:20:59.025405 2026] [wsgi:error] [pid 9:tid 140222717724352] [remote 10.0.0.202:35828] 2026-05-14 03:20:59.025 9 WARNING keystone.common.password_hashing [None req-d44011b4-3177-4d32-8b8f-687abdc62ea7 - - - - - -] Truncating password to algorithm specific maximum length 72 characters. 10.0.0.202 - - [14/May/2026:03:20:59 +0000] "GET / HTTP/1.1" 300 295
[Thu May 14 03:20:59.154106 2026] [wsgi:error] [pid 10:tid 140222717724352] [remote 10.0.0.202:35842] 2026-05-14 03:20:59.153 10 WARNING keystone.common.password_hashing [None req-ec86fc74-6260-4378-aef2-780470a8061d - - - - - -] Truncating password to algorithm specific maximum length 72 characters. 10.0.0.202 - - [14/May/2026:03:20:59 +0000] "GET / HTTP/1.1" 300 295
[Thu May 14 03:20:59.177518 2026] [wsgi:error] [pid 11:tid 140222717724352] [remote 10.0.0.202:35848] 2026-05-14 03:20:59.177 11 WARNING keystone.common.password_hashing [None req-60d66e10-330d-4059-aa4d-b58d0e79162d - - - - - -] Truncating password to algorithm specific maximum length 72 characters.
[Thu May 14 03:20:59.300691 2026] [wsgi:error] [pid 9:tid 140222717724352] [remote 10.0.0.202:35828] 2026-05-14 03:20:59.300 9 WARNING keystone.common.fernet_utils [None req-d44011b4-3177-4d32-8b8f-687abdc62ea7 - - - - - -] key_repository is world readable: /etc/keystone/fernet-keys/ 10.0.0.202 - - [14/May/2026:03:20:59 +0000] "POST /v3/auth/tokens HTTP/1.1" 201 1992
[Thu May 14 03:20:59.425377 2026] [wsgi:error] [pid 10:tid 140222717724352] [remote 10.0.0.202:35842] 2026-05-14 03:20:59.425 10 WARNING keystone.common.fernet_utils [None req-ec86fc74-6260-4378-aef2-780470a8061d - - - - - -] key_repository is world readable: /etc/keystone/fernet-keys/ 10.0.0.202 - - [14/May/2026:03:20:59 +0000] "POST /v3/auth/tokens HTTP/1.1" 201 1992 10.0.0.202 - - [14/May/2026:03:20:59 +0000] "GET /v3/endpoints/507ac247b7fd40f3b9e84c4a5510c322 HTTP/1.1" 200 380 10.0.0.202 - - [14/May/2026:03:20:59 +0000] "GET /v3/services/56ac815a2ca549c2b554dc22027d294a HTTP/1.1" 200 296
[Thu May 14 03:20:59.456515 2026] [wsgi:error] [pid 11:tid 140222717724352] [remote 10.0.0.202:35848] 2026-05-14 03:20:59.456 11 WARNING keystone.common.fernet_utils [None req-60d66e10-330d-4059-aa4d-b58d0e79162d - - - - - -] key_repository is world readable: /etc/keystone/fernet-keys/ 10.0.0.202 - - [14/May/2026:03:20:59 +0000] "POST /v3/auth/tokens HTTP/1.1" 201 1992 10.0.0.202 - - [14/May/2026:03:20:59 +0000] "GET /v3/endpoints/9268731008c84d849efa2a6ef2e4c42d HTTP/1.1" 200 370 10.0.0.202 - - [14/May/2026:03:20:59 +0000] "GET /v3/services/56ac815a2ca549c2b554dc22027d294a HTTP/1.1" 200 296 10.0.0.202 - - [14/May/2026:03:20:59 +0000] "GET /v3/endpoints/377af7f884254eab80b170d0611bf63f HTTP/1.1" 200 383 10.0.0.202 - - [14/May/2026:03:20:59 +0000] "GET /v3/services/56ac815a2ca549c2b554dc22027d294a HTTP/1.1" 200 296 10.0.0.88 - - [14/May/2026:03:21:09 +0000] "GET / HTTP/1.1" 300 295
[Thu May 14 03:21:09.665693 2026] [wsgi:error] [pid 9:tid 140222717724352] [remote 10.0.0.88:50826] 2026-05-14 03:21:09.665 9 WARNING keystone.common.password_hashing [None req-52a5d492-f649-496d-98cc-3e18cc433304 - - - - - -] Truncating password to algorithm specific maximum length 72 characters.
[Thu May 14 03:21:09.940558 2026] [wsgi:error] [pid 9:tid 140222717724352] [remote 10.0.0.88:50826] 2026-05-14 03:21:09.940 9 WARNING keystone.common.fernet_utils [None req-52a5d492-f649-496d-98cc-3e18cc433304 - - - - - -] key_repository is world readable: /etc/keystone/fernet-keys/ 10.0.0.88 - - [14/May/2026:03:21:09 +0000] "POST /v3/auth/tokens HTTP/1.1" 201 1992 10.0.0.88 - - [14/May/2026:03:21:10 +0000] "POST /v3/domains HTTP/1.1" 201 284 10.0.0.88 - - [14/May/2026:03:21:11 +0000] "GET / HTTP/1.1" 300 295
[Thu May 14 03:21:11.451931 2026] [wsgi:error] [pid 10:tid 140222717724352] [remote 10.0.0.88:50832] 2026-05-14 03:21:11.451 10 WARNING keystone.common.password_hashing [None req-4d3992ce-68c9-4d7e-acef-5d701eb98e8e - - - - - -] Truncating password to algorithm specific maximum length 72 characters.
[Thu May 14 03:21:11.728039 2026] [wsgi:error] [pid 10:tid 140222717724352] [remote 10.0.0.88:50832] 2026-05-14 03:21:11.727 10 WARNING keystone.common.fernet_utils [None req-4d3992ce-68c9-4d7e-acef-5d701eb98e8e - - - - - -] key_repository is world readable: /etc/keystone/fernet-keys/ 10.0.0.88 - - [14/May/2026:03:21:11 +0000] "POST /v3/auth/tokens HTTP/1.1" 201 1992
[Thu May 14 03:21:11.912729 2026] [wsgi:error] [pid 9:tid 140222717724352] [remote 10.0.0.88:50832] 2026-05-14 03:21:11.900 9 ERROR keystone.server.flask.application [None req-2cadca81-8e85-4177-b04b-986a5436adda fdd7c4f67aca4a7cbfe07f11cf51585d 87608342914a44bb82d161122250ad55 - - default default] Conflict occurred attempting to store project - it is not permitted to have two projects acting as domains with the same name: service.: keystone.exception.Conflict: Conflict occurred attempting to store project - it is not permitted to have two projects acting as domains with the same name: service.
[Thu May 14 03:21:11.912752 2026] [wsgi:error] [pid 9:tid 140222717724352] [remote 10.0.0.88:50832] 2026-05-14 03:21:11.900 9 ERROR keystone.server.flask.application
Traceback (most recent call last):
[Thu May 14 03:21:11.912754 2026] [wsgi:error] [pid 9:tid 140222717724352] [remote 10.0.0.88:50832] 2026-05-14 03:21:11.900 9 ERROR keystone.server.flask.application
File "/var/lib/openstack/lib/python3.12/site-packages/sqlalchemy/engine/base.py", line 1967, in _exec_single_context
[Thu May 14 03:21:11.912756 2026] [wsgi:error] [pid 9:tid 140222717724352] [remote 10.0.0.88:50832] 2026-05-14 03:21:11.900 9 ERROR keystone.server.flask.application self.dialect.do_execute(
[Thu May 14 03:21:11.912757 2026] [wsgi:error] [pid 9:tid 140222717724352] [remote 10.0.0.88:50832] 2026-05-14 03:21:11.900 9 ERROR keystone.server.flask.application
File "/var/lib/openstack/lib/python3.12/site-packages/sqlalchemy/engine/default.py", line 952, in do_execute
[Thu May 14 03:21:11.912759 2026] [wsgi:error] [pid 9:tid 140222717724352] [remote 10.0.0.88:50832] 2026-05-14 03:21:11.900 9 ERROR keystone.server.flask.application cursor.execute(statement, parameters)
[Thu May 14 03:21:11.912760 2026] [wsgi:error] [pid 9:tid 140222717724352] [remote 10.0.0.88:50832] 2026-05-14 03:21:11.900 9 ERROR keystone.server.flask.application
File "/var/lib/openstack/lib/python3.12/site-packages/pymysql/cursors.py", line 157, in execute
[Thu May 14 03:21:11.912762 2026] [wsgi:error] [pid 9:tid 140222717724352] [remote 10.0.0.88:50832] 2026-05-14 03:21:11.900 9 ERROR keystone.server.flask.application result = self._query(query)
[Thu May 14 03:21:11.912763 2026] [wsgi:error] [pid 9:tid 140222717724352] [remote 10.0.0.88:50832] 2026-05-14 03:21:11.900 9 ERROR keystone.server.flask.application ^^^^^^^^^^^^^^^^^^
[Thu May 14 03:21:11.912765 2026] [wsgi:error] [pid 9:tid 140222717724352] [remote 10.0.0.88:50832] 2026-05-14 03:21:11.900 9 ERROR keystone.server.flask.application
File "/var/lib/openstack/lib/python3.12/site-packages/pymysql/cursors.py", line 328, in _query
[Thu May 14 03:21:11.912766 2026] [wsgi:error] [pid 9:tid 140222717724352] [remote 10.0.0.88:50832] 2026-05-14 03:21:11.900 9 ERROR keystone.server.flask.application conn.query(q)
[Thu May 14 03:21:11.912767 2026] [wsgi:error] [pid 9:tid 140222717724352] [remote 10.0.0.88:50832] 2026-05-14 03:21:11.900 9 ERROR keystone.server.flask.application
File "/var/lib/openstack/lib/python3.12/site-packages/pymysql/connections.py", line 575, in query
[Thu May 14 03:21:11.912769 2026] [wsgi:error] [pid 9:tid 140222717724352] [remote 10.0.0.88:50832] 2026-05-14 03:21:11.900 9 ERROR keystone.server.flask.application self._affected_rows = self._read_query_result(unbuffered=unbuffered)
[Thu May 14 03:21:11.912770 2026] [wsgi:error] [pid 9:tid 140222717724352] [remote 10.0.0.88:50832] 2026-05-14 03:21:11.900 9 ERROR keystone.server.flask.application ^^^^^^^^^^^^^^^^^^^^^^^^^^^^^^^^^^^^^^^^^^^^^^
[Thu May 14 03:21:11.912772 2026] [wsgi:error] [pid 9:tid 140222717724352] [remote 10.0.0.88:50832] 2026-05-14 03:21:11.900 9 ERROR keystone.server.flask.application
File "/var/lib/openstack/lib/python3.12/site-packages/pymysql/connections.py", line 826, in _read_query_result
[Thu May 14 03:21:11.912773 2026] [wsgi:error] [pid 9:tid 140222717724352] [remote 10.0.0.88:50832] 2026-05-14 03:21:11.900 9 ERROR keystone.server.flask.application result.read()
[Thu May 14 03:21:11.912774 2026] [wsgi:error] [pid 9:tid 140222717724352] [remote 10.0.0.88:50832] 2026-05-14 03:21:11.900 9 ERROR keystone.server.flask.application
File "/var/lib/openstack/lib/python3.12/site-packages/pymysql/connections.py", line 1203, in read
[Thu May 14 03:21:11.912777 2026] [wsgi:error] [pid 9:tid 140222717724352] [remote 10.0.0.88:50832] 2026-05-14 03:21:11.900 9 ERROR keystone.server.flask.application first_packet = self.connection._read_packet()
[Thu May 14 03:21:11.912780 2026] [wsgi:error] [pid 9:tid 140222717724352] [remote 10.0.0.88:50832] 2026-05-14 03:21:11.900 9 ERROR keystone.server.flask.application ^^^^^^^^^^^^^^^^^^^^^^^^^^^^^^
[Thu May 14 03:21:11.912781 2026] [wsgi:error] [pid 9:tid 140222717724352] [remote 10.0.0.88:50832] 2026-05-14 03:21:11.900 9 ERROR keystone.server.flask.application
File "/var/lib/openstack/lib/python3.12/site-packages/pymysql/connections.py", line 782, in _read_packet
[Thu May 14 03:21:11.912783 2026] [wsgi:error] [pid 9:tid 140222717724352] [remote 10.0.0.88:50832] 2026-05-14 03:21:11.900 9 ERROR keystone.server.flask.application packet.raise_for_error()
[Thu May 14 03:21:11.912784 2026] [wsgi:error] [pid 9:tid 140222717724352] [remote 10.0.0.88:50832] 2026-05-14 03:21:11.900 9 ERROR keystone.server.flask.application
File "/var/lib/openstack/lib/python3.12/site-packages/pymysql/protocol.py", line 219, in raise_for_error
[Thu May 14 03:21:11.912786 2026] [wsgi:error] [pid 9:tid 140222717724352] [remote 10.0.0.88:50832] 2026-05-14 03:21:11.900 9 ERROR keystone.server.flask.application err.raise_mysql_exception(self._data)
[Thu May 14 03:21:11.912787 2026] [wsgi:error] [pid 9:tid 140222717724352] [remote 10.0.0.88:50832] 2026-05-14 03:21:11.900 9 ERROR keystone.server.flask.application
File "/var/lib/openstack/lib/python3.12/site-packages/pymysql/err.py", line 150, in raise_mysql_exception
[Thu May 14 03:21:11.912788 2026] [wsgi:error] [pid 9:tid 140222717724352] [remote 10.0.0.88:50832] 2026-05-14 03:21:11.900 9 ERROR keystone.server.flask.application raise errorclass(errno, errval)
[Thu May 14 03:21:11.912790 2026] [wsgi:error] [pid 9:tid 140222717724352] [remote 10.0.0.88:50832] 2026-05-14 03:21:11.900 9 ERROR keystone.server.flask.application pymysql.err.IntegrityError: (1062, "Duplicate entry '<>-service' for key 'project.ixu_project_name_domain_id'")
[Thu May 14 03:21:11.912791 2026] [wsgi:error] [pid 9:tid 140222717724352] [remote 10.0.0.88:50832] 2026-05-14 03:21:11.900 9 ERROR keystone.server.flask.application
[Thu May 14 03:21:11.912793 2026] [wsgi:error] [pid 9:tid 140222717724352] [remote 10.0.0.88:50832] 2026-05-14 03:21:11.900 9 ERROR keystone.server.flask.application The above exception was the direct cause of the following exception:
[Thu May 14 03:21:11.912794 2026] [wsgi:error] [pid 9:tid 140222717724352] [remote 10.0.0.88:50832] 2026-05-14 03:21:11.900 9 ERROR keystone.server.flask.application
[Thu May 14 03:21:11.912795 2026] [wsgi:error] [pid 9:tid 140222717724352] [remote 10.0.0.88:50832] 2026-05-14 03:21:11.900 9 ERROR keystone.server.flask.application
Traceback (most recent call last):
[Thu May 14 03:21:11.912797 2026] [wsgi:error] [pid 9:tid 140222717724352] [remote 10.0.0.88:50832] 2026-05-14 03:21:11.900 9 ERROR keystone.server.flask.application
File "/var/lib/openstack/lib/python3.12/site-packages/keystone/common/sql/core.py", line 575, in wrapper
[Thu May 14 03:21:11.912798 2026] [wsgi:error] [pid 9:tid 140222717724352] [remote 10.0.0.88:50832] 2026-05-14 03:21:11.900 9 ERROR keystone.server.flask.application return method(*args, **kwargs)
[Thu May 14 03:21:11.912799 2026] [wsgi:error] [pid 9:tid 140222717724352] [remote 10.0.0.88:50832] 2026-05-14 03:21:11.900 9 ERROR keystone.server.flask.application ^^^^^^^^^^^^^^^^^^^^^^^
[Thu May 14 03:21:11.912801 2026] [wsgi:error] [pid 9:tid 140222717724352] [remote 10.0.0.88:50832] 2026-05-14 03:21:11.900 9 ERROR keystone.server.flask.application
File "/var/lib/openstack/lib/python3.12/site-packages/keystone/resource/backends/sql.py", line 278, in create_project
[Thu May 14 03:21:11.912803 2026] [wsgi:error] [pid 9:tid 140222717724352] [remote 10.0.0.88:50832] 2026-05-14 03:21:11.900 9 ERROR keystone.server.flask.application with sql.session_for_write() as session:
[Thu May 14 03:21:11.912804 2026] [wsgi:error] [pid 9:tid 140222717724352] [remote 10.0.0.88:50832] 2026-05-14 03:21:11.900 9 ERROR keystone.server.flask.application
File "/usr/lib/python3.12/contextlib.py", line 144, in __exit__
[Thu May 14 03:21:11.912806 2026] [wsgi:error] [pid 9:tid 140222717724352] [remote 10.0.0.88:50832] 2026-05-14 03:21:11.900 9 ERROR keystone.server.flask.application next(self.gen)
[Thu May 14 03:21:11.912807 2026] [wsgi:error] [pid 9:tid 140222717724352] [remote 10.0.0.88:50832] 2026-05-14 03:21:11.900 9 ERROR keystone.server.flask.application
File "/var/lib/openstack/lib/python3.12/site-packages/oslo_db/sqlalchemy/enginefacade.py", line 1175, in _transaction_scope
[Thu May 14 03:21:11.912809 2026] [wsgi:error] [pid 9:tid 140222717724352] [remote 10.0.0.88:50832] 2026-05-14 03:21:11.900 9 ERROR keystone.server.flask.application with current._produce_block(
[Thu May 14 03:21:11.912810 2026] [wsgi:error] [pid 9:tid 140222717724352] [remote 10.0.0.88:50832] 2026-05-14 03:21:11.900 9 ERROR keystone.server.flask.application
File "/usr/lib/python3.12/contextlib.py", line 144, in __exit__
[Thu May 14 03:21:11.912811 2026] [wsgi:error] [pid 9:tid 140222717724352] [remote 10.0.0.88:50832] 2026-05-14 03:21:11.900 9 ERROR keystone.server.flask.application next(self.gen)
[Thu May 14 03:21:11.912823 2026] [wsgi:error] [pid 9:tid 140222717724352] [remote 10.0.0.88:50832] 2026-05-14 03:21:11.900 9 ERROR keystone.server.flask.application
File "/var/lib/openstack/lib/python3.12/site-packages/oslo_db/sqlalchemy/enginefacade.py", line 837, in _session
[Thu May 14 03:21:11.912825 2026] [wsgi:error] [pid 9:tid 140222717724352] [remote 10.0.0.88:50832] 2026-05-14 03:21:11.900 9 ERROR keystone.server.flask.application with excutils.save_and_reraise_exception():
[Thu May 14 03:21:11.912826 2026] [wsgi:error] [pid 9:tid 140222717724352] [remote 10.0.0.88:50832] 2026-05-14 03:21:11.900 9 ERROR keystone.server.flask.application
File "/var/lib/openstack/lib/python3.12/site-packages/oslo_utils/excutils.py", line 271, in __exit__
[Thu May 14 03:21:11.912828 2026] [wsgi:error] [pid 9:tid 140222717724352] [remote 10.0.0.88:50832] 2026-05-14 03:21:11.900 9 ERROR keystone.server.flask.application self.force_reraise()
[Thu May 14 03:21:11.912829 2026] [wsgi:error] [pid 9:tid 140222717724352] [remote 10.0.0.88:50832] 2026-05-14 03:21:11.900 9 ERROR keystone.server.flask.application
File "/var/lib/openstack/lib/python3.12/site-packages/oslo_utils/excutils.py", line 233, in force_reraise
[Thu May 14 03:21:11.912831 2026] [wsgi:error] [pid 9:tid 140222717724352] [remote 10.0.0.88:50832] 2026-05-14 03:21:11.900 9 ERROR keystone.server.flask.application raise self.value
[Thu May 14 03:21:11.912846 2026] [wsgi:error] [pid 9:tid 140222717724352] [remote 10.0.0.88:50832] 2026-05-14 03:21:11.900 9 ERROR keystone.server.flask.application
File "/var/lib/openstack/lib/python3.12/site-packages/oslo_db/sqlalchemy/enginefacade.py", line 835, in _session
[Thu May 14 03:21:11.912848 2026] [wsgi:error] [pid 9:tid 140222717724352] [remote 10.0.0.88:50832] 2026-05-14 03:21:11.900 9 ERROR keystone.server.flask.application self._end_session_transaction(self.session)
[Thu May 14 03:21:11.912849 2026] [wsgi:error] [pid 9:tid 140222717724352] [remote 10.0.0.88:50832] 2026-05-14 03:21:11.900 9 ERROR keystone.server.flask.application
File "/var/lib/openstack/lib/python3.12/site-packages/oslo_db/sqlalchemy/enginefacade.py", line 748, in _end_session_transaction
[Thu May 14 03:21:11.912851 2026] [wsgi:error] [pid 9:tid 140222717724352] [remote 10.0.0.88:50832] 2026-05-14 03:21:11.900 9 ERROR keystone.server.flask.application session.commit()
[Thu May 14 03:21:11.912852 2026] [wsgi:error] [pid 9:tid 140222717724352] [remote 10.0.0.88:50832] 2026-05-14 03:21:11.900 9 ERROR keystone.server.flask.application
File "/var/lib/openstack/lib/python3.12/site-packages/sqlalchemy/orm/session.py", line 2030, in commit
[Thu May 14 03:21:11.912854 2026] [wsgi:error] [pid 9:tid 140222717724352] [remote 10.0.0.88:50832] 2026-05-14 03:21:11.900 9 ERROR keystone.server.flask.application trans.commit(_to_root=True)
[Thu May 14 03:21:11.912856 2026] [wsgi:error] [pid 9:tid 140222717724352] [remote 10.0.0.88:50832] 2026-05-14 03:21:11.900 9 ERROR keystone.server.flask.application File "", line 2, in commit
[Thu May 14 03:21:11.912857 2026] [wsgi:error] [pid 9:tid 140222717724352] [remote 10.0.0.88:50832] 2026-05-14 03:21:11.900 9 ERROR keystone.server.flask.application
File "/var/lib/openstack/lib/python3.12/site-packages/sqlalchemy/orm/state_changes.py", line 137, in _go
[Thu May 14 03:21:11.912859 2026] [wsgi:error] [pid 9:tid 140222717724352] [remote 10.0.0.88:50832] 2026-05-14 03:21:11.900 9 ERROR keystone.server.flask.application ret_value = fn(self, *arg, **kw)
[Thu May 14 03:21:11.912861 2026] [wsgi:error] [pid 9:tid 140222717724352] [remote 10.0.0.88:50832] 2026-05-14 03:21:11.900 9 ERROR keystone.server.flask.application ^^^^^^^^^^^^^^^^^^^^
[Thu May 14 03:21:11.912863 2026] [wsgi:error] [pid 9:tid 140222717724352] [remote 10.0.0.88:50832] 2026-05-14 03:21:11.900 9 ERROR keystone.server.flask.application
File "/var/lib/openstack/lib/python3.12/site-packages/sqlalchemy/orm/session.py", line 1311, in commit
[Thu May 14 03:21:11.912865 2026] [wsgi:error] [pid 9:tid 140222717724352] [remote 10.0.0.88:50832] 2026-05-14 03:21:11.900 9 ERROR keystone.server.flask.application self._prepare_impl()
[Thu May 14 03:21:11.912867 2026] [wsgi:error] [pid 9:tid 140222717724352] [remote 10.0.0.88:50832] 2026-05-14 03:21:11.900 9 ERROR keystone.server.flask.application File "", line 2, in _prepare_impl
[Thu May 14 03:21:11.912868 2026] [wsgi:error] [pid 9:tid 140222717724352] [remote 10.0.0.88:50832] 2026-05-14 03:21:11.900 9 ERROR keystone.server.flask.application
File "/var/lib/openstack/lib/python3.12/site-packages/sqlalchemy/orm/state_changes.py", line 137, in _go
[Thu May 14 03:21:11.912871 2026] [wsgi:error] [pid 9:tid 140222717724352] [remote 10.0.0.88:50832] 2026-05-14 03:21:11.900 9 ERROR keystone.server.flask.application ret_value = fn(self, *arg, **kw)
[Thu May 14 03:21:11.912872 2026] [wsgi:error] [pid 9:tid 140222717724352] [remote 10.0.0.88:50832] 2026-05-14 03:21:11.900 9 ERROR keystone.server.flask.application ^^^^^^^^^^^^^^^^^^^^
[Thu May 14 03:21:11.912874 2026] [wsgi:error] [pid 9:tid 140222717724352] [remote 10.0.0.88:50832] 2026-05-14 03:21:11.900 9 ERROR keystone.server.flask.application
File "/var/lib/openstack/lib/python3.12/site-packages/sqlalchemy/orm/session.py", line 1286, in _prepare_impl
[Thu May 14 03:21:11.912876 2026] [wsgi:error] [pid 9:tid 140222717724352] [remote 10.0.0.88:50832] 2026-05-14 03:21:11.900 9 ERROR keystone.server.flask.application self.session.flush()
[Thu May 14 03:21:11.912878 2026] [wsgi:error] [pid 9:tid 140222717724352] [remote 10.0.0.88:50832] 2026-05-14 03:21:11.900 9 ERROR keystone.server.flask.application
File "/var/lib/openstack/lib/python3.12/site-packages/sqlalchemy/orm/session.py", line 4331, in flush
[Thu May 14 03:21:11.912880 2026] [wsgi:error] [pid 9:tid 140222717724352] [remote 10.0.0.88:50832] 2026-05-14 03:21:11.900 9 ERROR keystone.server.flask.application self._flush(objects)
[Thu May 14 03:21:11.912882 2026] [wsgi:error] [pid 9:tid 140222717724352] [remote 10.0.0.88:50832] 2026-05-14 03:21:11.900 9 ERROR keystone.server.flask.application
File "/var/lib/openstack/lib/python3.12/site-packages/sqlalchemy/orm/session.py", line 4466, in _flush
[Thu May 14 03:21:11.912884 2026] [wsgi:error] [pid 9:tid 140222717724352] [remote 10.0.0.88:50832] 2026-05-14 03:21:11.900 9 ERROR keystone.server.flask.application with util.safe_reraise():
[Thu May 14 03:21:11.912886 2026] [wsgi:error] [pid 9:tid 140222717724352] [remote 10.0.0.88:50832] 2026-05-14 03:21:11.900 9 ERROR keystone.server.flask.application
File "/var/lib/openstack/lib/python3.12/site-packages/sqlalchemy/util/langhelpers.py", line 121, in __exit__
[Thu May 14 03:21:11.912888 2026] [wsgi:error] [pid 9:tid 140222717724352] [remote 10.0.0.88:50832] 2026-05-14 03:21:11.900 9 ERROR keystone.server.flask.application raise exc_value.with_traceback(exc_tb)
[Thu May 14 03:21:11.912889 2026] [wsgi:error] [pid 9:tid 140222717724352] [remote 10.0.0.88:50832] 2026-05-14 03:21:11.900 9 ERROR keystone.server.flask.application
File "/var/lib/openstack/lib/python3.12/site-packages/sqlalchemy/orm/session.py", line 4427, in _flush
[Thu May 14 03:21:11.912891 2026] [wsgi:error] [pid 9:tid 140222717724352] [remote 10.0.0.88:50832] 2026-05-14 03:21:11.900 9 ERROR keystone.server.flask.application flush_context.execute()
[Thu May 14 03:21:11.912893 2026] [wsgi:error] [pid 9:tid 140222717724352] [remote 10.0.0.88:50832] 2026-05-14 03:21:11.900 9 ERROR keystone.server.flask.application
File "/var/lib/openstack/lib/python3.12/site-packages/sqlalchemy/orm/unitofwork.py", line 466, in execute
[Thu May 14 03:21:11.912895 2026] [wsgi:error] [pid 9:tid 140222717724352] [remote 10.0.0.88:50832] 2026-05-14 03:21:11.900 9 ERROR keystone.server.flask.application rec.execute(self)
