2026-07-21 07:58:21.412 7 INFO neutron.api.v2.resource [None req-054dc545-e328-44be-bdc6-9d3c1d2901d2 36adcf4c7f9245d38de089879c96bed8 afc0947cc30b45a78f06df2d3ee82d36 - - default default] show failed (client error): The resource could not be found. [pid: 7|app: 0|req: 1266/2578] 10.0.0.58 () {32 vars in 746 bytes} [Tue Jul 21 07:58:21 2026] GET /v2.0/security-group-rules/8bcc093c-f7ad-480b-88c0-eb52461b812f => generated 155 bytes in 12 msecs (HTTP/1.1 404) 4 headers in 164 bytes (1 switches on core 0) [pid: 8|app: 0|req: 1313/2579] 10.0.0.58 () {32 vars in 749 bytes} [Tue Jul 21 07:58:21 2026] DELETE /v2.0/security-group-rules/a3a5f73f-464b-426a-b427-ff83158ed224 => generated 0 bytes in 100 msecs (HTTP/1.1 204) 2 headers in 112 bytes (1 switches on core 0)
2026-07-21 07:58:21.535 7 INFO neutron.api.v2.resource [None req-ae36b71f-98d5-48d4-b5cd-cd565969e443 36adcf4c7f9245d38de089879c96bed8 afc0947cc30b45a78f06df2d3ee82d36 - - default default] show failed (client error): The resource could not be found. [pid: 7|app: 0|req: 1267/2580] 10.0.0.58 () {32 vars in 746 bytes} [Tue Jul 21 07:58:21 2026] GET /v2.0/security-group-rules/a3a5f73f-464b-426a-b427-ff83158ed224 => generated 155 bytes in 13 msecs (HTTP/1.1 404) 4 headers in 164 bytes (1 switches on core 0) [pid: 8|app: 0|req: 1314/2581] 10.0.0.58 () {32 vars in 749 bytes} [Tue Jul 21 07:58:21 2026] DELETE /v2.0/security-group-rules/f86e7e4d-e3eb-4b04-a80c-c963744423e8 => generated 0 bytes in 110 msecs (HTTP/1.1 204) 2 headers in 112 bytes (1 switches on core 0)
2026-07-21 07:58:21.668 7 INFO neutron.api.v2.resource [None req-9760aea4-12b8-40c6-a16e-d12b456af7b4 36adcf4c7f9245d38de089879c96bed8 afc0947cc30b45a78f06df2d3ee82d36 - - default default] show failed (client error): The resource could not be found. [pid: 7|app: 0|req: 1268/2582] 10.0.0.58 () {32 vars in 746 bytes} [Tue Jul 21 07:58:21 2026] GET /v2.0/security-group-rules/f86e7e4d-e3eb-4b04-a80c-c963744423e8 => generated 155 bytes in 13 msecs (HTTP/1.1 404) 4 headers in 164 bytes (1 switches on core 0) [pid: 8|app: 0|req: 1315/2583] 10.0.0.58 () {32 vars in 749 bytes} [Tue Jul 21 07:58:21 2026] DELETE /v2.0/security-group-rules/9dc88c6c-7812-4469-aceb-070f0011cedf => generated 0 bytes in 108 msecs (HTTP/1.1 204) 2 headers in 112 bytes (1 switches on core 0)
2026-07-21 07:58:21.799 7 INFO neutron.api.v2.resource [None req-5ad8463a-08c3-4af5-8123-d80143ae6d12 36adcf4c7f9245d38de089879c96bed8 afc0947cc30b45a78f06df2d3ee82d36 - - default default] show failed (client error): The resource could not be found. [pid: 7|app: 0|req: 1269/2584] 10.0.0.58 () {32 vars in 746 bytes} [Tue Jul 21 07:58:21 2026] GET /v2.0/security-group-rules/9dc88c6c-7812-4469-aceb-070f0011cedf => generated 155 bytes in 13 msecs (HTTP/1.1 404) 4 headers in 164 bytes (1 switches on core 0) [pid: 8|app: 0|req: 1316/2585] 10.0.0.58 () {32 vars in 749 bytes} [Tue Jul 21 07:58:21 2026] DELETE /v2.0/security-group-rules/b5f8bc9e-c40b-4290-90c6-efd8e4c6f3ab => generated 0 bytes in 119 msecs (HTTP/1.1 204) 2 headers in 112 bytes (1 switches on core 0)
2026-07-21 07:58:21.943 7 INFO neutron.api.v2.resource [None req-8e1e871a-f532-45e0-b293-2a069efaff82 36adcf4c7f9245d38de089879c96bed8 afc0947cc30b45a78f06df2d3ee82d36 - - default default] show failed (client error): The resource could not be found. [pid: 7|app: 0|req: 1270/2586] 10.0.0.58 () {32 vars in 746 bytes} [Tue Jul 21 07:58:21 2026] GET /v2.0/security-group-rules/b5f8bc9e-c40b-4290-90c6-efd8e4c6f3ab => generated 155 bytes in 14 msecs (HTTP/1.1 404) 4 headers in 164 bytes (1 switches on core 0) [pid: 8|app: 0|req: 1317/2587] 10.0.0.58 () {32 vars in 749 bytes} [Tue Jul 21 07:58:21 2026] DELETE /v2.0/security-group-rules/ce7649e3-6748-41e9-b2e5-0b73bbe63ef9 => generated 0 bytes in 110 msecs (HTTP/1.1 204) 2 headers in 112 bytes (1 switches on core 0)
2026-07-21 07:58:22.076 7 INFO neutron.api.v2.resource [None req-87e88d1f-4134-497f-bc01-12bbbd3dd99b 36adcf4c7f9245d38de089879c96bed8 afc0947cc30b45a78f06df2d3ee82d36 - - default default] show failed (client error): The resource could not be found. [pid: 7|app: 0|req: 1271/2588] 10.0.0.58 () {32 vars in 746 bytes} [Tue Jul 21 07:58:22 2026] GET /v2.0/security-group-rules/ce7649e3-6748-41e9-b2e5-0b73bbe63ef9 => generated 155 bytes in 14 msecs (HTTP/1.1 404) 4 headers in 164 bytes (1 switches on core 0) [pid: 8|app: 0|req: 1318/2589] 10.0.0.58 () {32 vars in 749 bytes} [Tue Jul 21 07:58:22 2026] DELETE /v2.0/security-group-rules/d0478fd1-81a3-430b-bf46-eaddb6d314bd => generated 0 bytes in 104 msecs (HTTP/1.1 204) 2 headers in 112 bytes (1 switches on core 0)
2026-07-21 07:58:22.204 7 INFO neutron.api.v2.resource [None req-20092259-2b2f-45c8-9f49-335001c810f1 36adcf4c7f9245d38de089879c96bed8 afc0947cc30b45a78f06df2d3ee82d36 - - default default] show failed (client error): The resource could not be found. [pid: 7|app: 0|req: 1272/2590] 10.0.0.58 () {32 vars in 746 bytes} [Tue Jul 21 07:58:22 2026] GET /v2.0/security-group-rules/d0478fd1-81a3-430b-bf46-eaddb6d314bd => generated 155 bytes in 14 msecs (HTTP/1.1 404) 4 headers in 164 bytes (1 switches on core 0) [pid: 8|app: 0|req: 1319/2591] 10.0.0.58 () {32 vars in 749 bytes} [Tue Jul 21 07:58:22 2026] DELETE /v2.0/security-group-rules/ab9066f0-17fc-4195-84e5-a1edae36dd5f => generated 0 bytes in 108 msecs (HTTP/1.1 204) 2 headers in 112 bytes (1 switches on core 0)
2026-07-21 07:58:22.335 7 INFO neutron.api.v2.resource [None req-6189af20-9315-428e-be33-4f5659b16b8a 36adcf4c7f9245d38de089879c96bed8 afc0947cc30b45a78f06df2d3ee82d36 - - default default] show failed (client error): The resource could not be found. [pid: 7|app: 0|req: 1273/2592] 10.0.0.58 () {32 vars in 746 bytes} [Tue Jul 21 07:58:22 2026] GET /v2.0/security-group-rules/ab9066f0-17fc-4195-84e5-a1edae36dd5f => generated 155 bytes in 14 msecs (HTTP/1.1 404) 4 headers in 164 bytes (1 switches on core 0) [pid: 8|app: 0|req: 1320/2593] 10.0.0.58 () {32 vars in 749 bytes} [Tue Jul 21 07:58:22 2026] DELETE /v2.0/security-group-rules/8ebd03af-bc15-45f7-9c58-6793a5c8342b => generated 0 bytes in 107 msecs (HTTP/1.1 204) 2 headers in 112 bytes (1 switches on core 0)
2026-07-21 07:58:22.464 7 INFO neutron.api.v2.resource [None req-34ff995e-1df4-48fd-8457-be5acaa469bd 36adcf4c7f9245d38de089879c96bed8 afc0947cc30b45a78f06df2d3ee82d36 - - default default] show failed (client error): The resource could not be found. [pid: 7|app: 0|req: 1274/2594] 10.0.0.58 () {32 vars in 746 bytes} [Tue Jul 21 07:58:22 2026] GET /v2.0/security-group-rules/8ebd03af-bc15-45f7-9c58-6793a5c8342b => generated 155 bytes in 13 msecs (HTTP/1.1 404) 4 headers in 164 bytes (1 switches on core 0) [pid: 8|app: 0|req: 1321/2595] 10.0.0.58 () {32 vars in 739 bytes} [Tue Jul 21 07:58:22 2026] DELETE /v2.0/security-groups/d5fb1375-2a6b-4e05-b7e9-6f5e133ea163 => generated 0 bytes in 150 msecs (HTTP/1.1 204) 2 headers in 112 bytes (1 switches on core 0)
2026-07-21 07:58:22.641 7 INFO neutron.api.v2.resource [None req-1032ccad-aab9-47ff-afb8-edbd2ab4287a 36adcf4c7f9245d38de089879c96bed8 afc0947cc30b45a78f06df2d3ee82d36 - - default default] show failed (client error): The resource could not be found. [pid: 7|app: 0|req: 1275/2596] 10.0.0.58 () {32 vars in 736 bytes} [Tue Jul 21 07:58:22 2026] GET /v2.0/security-groups/d5fb1375-2a6b-4e05-b7e9-6f5e133ea163 => generated 146 bytes in 17 msecs (HTTP/1.1 404) 4 headers in 164 bytes (1 switches on core 0)
2026-07-21 07:58:23.019 8 INFO neutron_taas.services.taas.taas_plugin [None req-2c63933b-7475-464c-967b-d2f6b62a7d9f 36adcf4c7f9245d38de089879c96bed8 afc0947cc30b45a78f06df2d3ee82d36 - - default default] TaaS: Handle Delete Port: 83e6f809-26c9-4554-899a-230df1e0177c
2026-07-21 07:58:23.022 8 INFO neutron_taas.services.taas.tap_mirror_plugin [None req-2c63933b-7475-464c-967b-d2f6b62a7d9f 36adcf4c7f9245d38de089879c96bed8 afc0947cc30b45a78f06df2d3ee82d36 - - default default] Tap Mirror: Handle Delete Port: 83e6f809-26c9-4554-899a-230df1e0177c [pid: 8|app: 0|req: 1322/2597] 10.0.0.58 () {34 vars in 788 bytes} [Tue Jul 21 07:58:22 2026] PUT /v2.0/routers/453750c1-a208-4979-a729-779b80f0cf78/remove_router_interface => generated 310 bytes in 813 msecs (HTTP/1.1 200) 4 headers in 157 bytes (1 switches on core 0)
2026-07-21 07:58:23.625 7 INFO neutron.api.v2.resource [None req-728010e3-88ec-44d2-b60c-a756abb2b70a 36adcf4c7f9245d38de089879c96bed8 afc0947cc30b45a78f06df2d3ee82d36 - - default default] remove_router_interface failed (client error): The resource could not be found. [pid: 7|app: 0|req: 1276/2598] 10.0.0.58 () {34 vars in 788 bytes} [Tue Jul 21 07:58:23 2026] PUT /v2.0/routers/453750c1-a208-4979-a729-779b80f0cf78/remove_router_interface => generated 198 bytes in 116 msecs (HTTP/1.1 404) 4 headers in 164 bytes (1 switches on core 0) /var/lib/openstack/lib/python3.12/site-packages/pycadf/identifier.py:70: UserWarning: Invalid uuid: neutron. To ensure interoperability, identifiers should be a valid uuid. warnings.warn(('Invalid uuid: %s. To ensure interoperability, '
2026-07-21 07:58:24.555 8 INFO neutron_taas.services.taas.taas_plugin [None req-59699131-c933-435f-b801-3cfe89a47da2 36adcf4c7f9245d38de089879c96bed8 afc0947cc30b45a78f06df2d3ee82d36 - - default default] TaaS: Handle Delete Port: 964d845f-7777-4fd0-8fcb-852ae029e894
2026-07-21 07:58:24.559 8 INFO neutron_taas.services.taas.tap_mirror_plugin [None req-59699131-c933-435f-b801-3cfe89a47da2 36adcf4c7f9245d38de089879c96bed8 afc0947cc30b45a78f06df2d3ee82d36 - - default default] Tap Mirror: Handle Delete Port: 964d845f-7777-4fd0-8fcb-852ae029e894 [pid: 8|app: 0|req: 1323/2599] 10.0.0.58 () {34 vars in 788 bytes} [Tue Jul 21 07:58:23 2026] PUT /v2.0/routers/453750c1-a208-4979-a729-779b80f0cf78/remove_router_interface => generated 310 bytes in 1416 msecs (HTTP/1.1 200) 4 headers in 157 bytes (1 switches on core 0)
2026-07-21 07:58:25.169 7 INFO neutron.api.v2.resource [None req-56a21dee-c230-4f8f-88a3-54b00fa738cc 36adcf4c7f9245d38de089879c96bed8 afc0947cc30b45a78f06df2d3ee82d36 - - default default] remove_router_interface failed (client error): The resource could not be found. [pid: 7|app: 0|req: 1277/2600] 10.0.0.58 () {34 vars in 788 bytes} [Tue Jul 21 07:58:25 2026] PUT /v2.0/routers/453750c1-a208-4979-a729-779b80f0cf78/remove_router_interface => generated 198 bytes in 111 msecs (HTTP/1.1 404) 4 headers in 164 bytes (1 switches on core 0) /var/lib/openstack/lib/python3.12/site-packages/pycadf/identifier.py:70: UserWarning: Invalid uuid: neutron. To ensure interoperability, identifiers should be a valid uuid. warnings.warn(('Invalid uuid: %s. To ensure interoperability, '
2026-07-21 07:58:25.452 8 INFO neutron_taas.services.taas.taas_plugin [None req-57a3160b-496d-4a77-a62b-36208935faae 36adcf4c7f9245d38de089879c96bed8 afc0947cc30b45a78f06df2d3ee82d36 - - default default] TaaS: Handle Delete Port: a8ff3fac-3567-4b1b-a61a-d7219283e998
2026-07-21 07:58:25.455 8 INFO neutron_taas.services.taas.tap_mirror_plugin [None req-57a3160b-496d-4a77-a62b-36208935faae 36adcf4c7f9245d38de089879c96bed8 afc0947cc30b45a78f06df2d3ee82d36 - - default default] Tap Mirror: Handle Delete Port: a8ff3fac-3567-4b1b-a61a-d7219283e998 [pid: 8|app: 0|req: 1324/2601] 10.0.0.58 () {34 vars in 788 bytes} [Tue Jul 21 07:58:25 2026] PUT /v2.0/routers/453750c1-a208-4979-a729-779b80f0cf78/remove_router_interface => generated 310 bytes in 759 msecs (HTTP/1.1 200) 4 headers in 157 bytes (1 switches on core 0)
2026-07-21 07:58:26.026 7 INFO neutron.api.v2.resource [None req-e454d0fb-678f-4325-a8c1-463605df0862 36adcf4c7f9245d38de089879c96bed8 afc0947cc30b45a78f06df2d3ee82d36 - - default default] remove_router_interface failed (client error): The resource could not be found. [pid: 7|app: 0|req: 1278/2602] 10.0.0.58 () {34 vars in 788 bytes} [Tue Jul 21 07:58:25 2026] PUT /v2.0/routers/453750c1-a208-4979-a729-779b80f0cf78/remove_router_interface => generated 198 bytes in 88 msecs (HTTP/1.1 404) 4 headers in 164 bytes (1 switches on core 0) /var/lib/openstack/lib/python3.12/site-packages/pycadf/identifier.py:70: UserWarning: Invalid uuid: neutron. To ensure interoperability, identifiers should be a valid uuid. warnings.warn(('Invalid uuid: %s. To ensure interoperability, '
2026-07-21 07:58:26.380 8 INFO neutron_taas.services.taas.taas_plugin [None req-a69a097e-537b-40fa-8cc0-7b5d48f49e4c 36adcf4c7f9245d38de089879c96bed8 afc0947cc30b45a78f06df2d3ee82d36 - - default default] TaaS: Handle Delete Port: ab69deda-8b45-422c-83c6-f58c0cd9ba28
2026-07-21 07:58:26.383 8 INFO neutron_taas.services.taas.tap_mirror_plugin [None req-a69a097e-537b-40fa-8cc0-7b5d48f49e4c 36adcf4c7f9245d38de089879c96bed8 afc0947cc30b45a78f06df2d3ee82d36 - - default default] Tap Mirror: Handle Delete Port: ab69deda-8b45-422c-83c6-f58c0cd9ba28 [pid: 8|app: 0|req: 1325/2605] 10.0.0.58 () {32 vars in 723 bytes} [Tue Jul 21 07:58:26 2026] DELETE /v2.0/routers/453750c1-a208-4979-a729-779b80f0cf78 => generated 0 bytes in 752 msecs (HTTP/1.1 204) 2 headers in 112 bytes (1 switches on core 0)
2026-07-21 07:58:26.812 7 INFO neutron.api.v2.resource [None req-69927a4a-df26-43e0-ac6e-09bbfdaf7dd5 36adcf4c7f9245d38de089879c96bed8 afc0947cc30b45a78f06df2d3ee82d36 - - default default] show failed (client error): The resource could not be found. [pid: 7|app: 0|req: 1281/2606] 10.0.0.58 () {32 vars in 720 bytes} [Tue Jul 21 07:58:26 2026] GET /v2.0/routers/453750c1-a208-4979-a729-779b80f0cf78 => generated 135 bytes in 25 msecs (HTTP/1.1 404) 4 headers in 164 bytes (1 switches on core 0) [pid: 8|app: 0|req: 1326/2607] 10.0.0.58 () {32 vars in 723 bytes} [Tue Jul 21 07:58:26 2026] DELETE /v2.0/subnets/671c8a97-1c4c-4b1f-8e7b-c8a478fcd543 => generated 0 bytes in 165 msecs (HTTP/1.1 204) 3 headers in 131 bytes (1 switches on core 0)
2026-07-21 07:58:27.004 7 INFO neutron.pecan_wsgi.hooks.translation [None req-25ac4eca-4552-4ca4-9f1b-d98a03f520b7 36adcf4c7f9245d38de089879c96bed8 afc0947cc30b45a78f06df2d3ee82d36 - - default default] GET failed (client error): The resource could not be found. [pid: 7|app: 0|req: 1282/2608] 10.0.0.58 () {32 vars in 720 bytes} [Tue Jul 21 07:58:26 2026] GET /v2.0/subnets/671c8a97-1c4c-4b1f-8e7b-c8a478fcd543 => generated 136 bytes in 15 msecs (HTTP/1.1 404) 4 headers in 164 bytes (1 switches on core 0) [pid: 8|app: 0|req: 1327/2609] 10.0.0.58 () {32 vars in 723 bytes} [Tue Jul 21 07:58:27 2026] DELETE /v2.0/subnets/a76d2df4-8701-46eb-a605-b95d55b30490 => generated 0 bytes in 165 msecs (HTTP/1.1 204) 3 headers in 131 bytes (1 switches on core 0)
2026-07-21 07:58:27.197 7 INFO neutron.pecan_wsgi.hooks.translation [None req-fa73daa0-70a8-4400-97a0-efd87f88c45d 36adcf4c7f9245d38de089879c96bed8 afc0947cc30b45a78f06df2d3ee82d36 - - default default] GET failed (client error): The resource could not be found. [pid: 7|app: 0|req: 1283/2610] 10.0.0.58 () {32 vars in 720 bytes} [Tue Jul 21 07:58:27 2026] GET /v2.0/subnets/a76d2df4-8701-46eb-a605-b95d55b30490 => generated 136 bytes in 17 msecs (HTTP/1.1 404) 4 headers in 164 bytes (1 switches on core 0)
2026-07-21 07:58:27.341 8 INFO neutron_taas.services.taas.taas_plugin [None req-c0a49c9d-3480-4455-804a-f5af812188de 36adcf4c7f9245d38de089879c96bed8 afc0947cc30b45a78f06df2d3ee82d36 - - default default] TaaS: Handle Delete Port: 5b98d65c-68c8-43d5-8b35-b756c89e0b81
2026-07-21 07:58:27.343 8 INFO neutron_taas.services.taas.tap_mirror_plugin [None req-c0a49c9d-3480-4455-804a-f5af812188de 36adcf4c7f9245d38de089879c96bed8 afc0947cc30b45a78f06df2d3ee82d36 - - default default] Tap Mirror: Handle Delete Port: 5b98d65c-68c8-43d5-8b35-b756c89e0b81 [pid: 8|app: 0|req: 1328/2611] 10.0.0.58 () {32 vars in 725 bytes} [Tue Jul 21 07:58:27 2026] DELETE /v2.0/networks/57a05d5c-57a8-4b39-b815-19b9290edcbe => generated 0 bytes in 400 msecs (HTTP/1.1 204) 3 headers in 131 bytes (1 switches on core 0)
2026-07-21 07:58:27.622 7 INFO neutron.pecan_wsgi.hooks.translation [None req-1b6ee8a2-3e4e-4d1c-8f45-ab253271077d 36adcf4c7f9245d38de089879c96bed8 afc0947cc30b45a78f06df2d3ee82d36 - - default default] GET failed (client error): The resource could not be found. [pid: 7|app: 0|req: 1284/2612] 10.0.0.58 () {32 vars in 722 bytes} [Tue Jul 21 07:58:27 2026] GET /v2.0/networks/57a05d5c-57a8-4b39-b815-19b9290edcbe => generated 138 bytes in 16 msecs (HTTP/1.1 404) 4 headers in 164 bytes (1 switches on core 0)
2026-07-21 07:58:27.641 8 INFO neutron.services.segments.plugin [-] Segment 393c5de4-f006-4125-9a24-2adf4d855ac2 resource provider aggregate not found
2026-07-21 07:58:27.657 8 INFO neutron.services.segments.plugin [-] Segment 393c5de4-f006-4125-9a24-2adf4d855ac2 resource provider aggregate not found
2026-07-21 07:58:27.662 8 INFO neutron.services.segments.plugin [-] Client error retrieving segment 393c5de4-f006-4125-9a24-2adf4d855ac2 resource provider; error: Placement Client Error (4xx): {"errors": [{"status": 404, "title": "Not Found", "detail": "The resource could not be found.\n\n No resource provider with uuid 393c5de4-f006-4125-9a24-2adf4d855ac2 found for delete ", "request_id": "req-a9d55eeb-1295-41ed-bf7e-da0bdd81e21d"}]}
2026-07-21 07:58:27.676 8 INFO neutron.services.segments.plugin [-] Client error retrieving segment 393c5de4-f006-4125-9a24-2adf4d855ac2 resource provider; error: Placement Client Error (4xx): {"errors": [{"status": 404, "title": "Not Found", "detail": "The resource could not be found.\n\n No resource provider with uuid 393c5de4-f006-4125-9a24-2adf4d855ac2 found for delete ", "request_id": "req-3d875c7c-5e56-47d2-9ff6-726846d6b0f8"}]} [pid: 8|app: 0|req: 1329/2613] 10.0.0.58 () {32 vars in 723 bytes} [Tue Jul 21 07:58:27 2026] DELETE /v2.0/subnets/de2546d8-a89d-4c9c-80e5-9132cac94a13 => generated 0 bytes in 176 msecs (HTTP/1.1 204) 3 headers in 131 bytes (1 switches on core 0)
2026-07-21 07:58:27.827 7 INFO neutron.pecan_wsgi.hooks.translation [None req-0fdf310a-c66b-402f-8eaa-2bd128d1dd01 36adcf4c7f9245d38de089879c96bed8 afc0947cc30b45a78f06df2d3ee82d36 - - default default] GET failed (client error): The resource could not be found. [pid: 7|app: 0|req: 1285/2614] 10.0.0.58 () {32 vars in 720 bytes} [Tue Jul 21 07:58:27 2026] GET /v2.0/subnets/de2546d8-a89d-4c9c-80e5-9132cac94a13 => generated 136 bytes in 20 msecs (HTTP/1.1 404) 4 headers in 164 bytes (1 switches on core 0) [pid: 8|app: 0|req: 1330/2615] 10.0.0.58 () {32 vars in 723 bytes} [Tue Jul 21 07:58:27 2026] DELETE /v2.0/subnets/9064f81c-b3bd-4bb3-88e7-e692f6a8f8e5 => generated 0 bytes in 177 msecs (HTTP/1.1 204) 3 headers in 131 bytes (1 switches on core 0)
2026-07-21 07:58:28.028 7 INFO neutron.pecan_wsgi.hooks.translation [None req-c08ac0f2-22e5-4d14-ae3d-d3a4f4a5bfb3 36adcf4c7f9245d38de089879c96bed8 afc0947cc30b45a78f06df2d3ee82d36 - - default default] GET failed (client error): The resource could not be found. [pid: 7|app: 0|req: 1286/2616] 10.0.0.58 () {32 vars in 720 bytes} [Tue Jul 21 07:58:28 2026] GET /v2.0/subnets/9064f81c-b3bd-4bb3-88e7-e692f6a8f8e5 => generated 136 bytes in 15 msecs (HTTP/1.1 404) 4 headers in 164 bytes (1 switches on core 0)
2026-07-21 07:58:28.161 8 INFO neutron_taas.services.taas.taas_plugin [None req-6c14493e-a7cb-49c1-a991-78ed3130f33e 36adcf4c7f9245d38de089879c96bed8 afc0947cc30b45a78f06df2d3ee82d36 - - default default] TaaS: Handle Delete Port: 3aa76050-6a08-4505-b7b7-4dc908bf26f1
2026-07-21 07:58:28.164 8 INFO neutron_taas.services.taas.tap_mirror_plugin [None req-6c14493e-a7cb-49c1-a991-78ed3130f33e 36adcf4c7f9245d38de089879c96bed8 afc0947cc30b45a78f06df2d3ee82d36 - - default default] Tap Mirror: Handle Delete Port: 3aa76050-6a08-4505-b7b7-4dc908bf26f1 [pid: 8|app: 0|req: 1331/2617] 10.0.0.58 () {32 vars in 725 bytes} [Tue Jul 21 07:58:28 2026] DELETE /v2.0/networks/76951de0-a3a2-42f9-8ef3-b147b3565249 => generated 0 bytes in 342 msecs (HTTP/1.1 204) 3 headers in 131 bytes (1 switches on core 0)
2026-07-21 07:58:28.400 7 INFO neutron.pecan_wsgi.hooks.translation [None req-d8ce4a36-fbab-41c1-a41e-1c665b463951 36adcf4c7f9245d38de089879c96bed8 afc0947cc30b45a78f06df2d3ee82d36 - - default default] GET failed (client error): The resource could not be found. [pid: 7|app: 0|req: 1287/2618] 10.0.0.58 () {32 vars in 722 bytes} [Tue Jul 21 07:58:28 2026] GET /v2.0/networks/76951de0-a3a2-42f9-8ef3-b147b3565249 => generated 138 bytes in 18 msecs (HTTP/1.1 404) 4 headers in 164 bytes (1 switches on core 0) [pid: 8|app: 0|req: 1332/2619] 10.0.0.58 () {32 vars in 723 bytes} [Tue Jul 21 07:58:28 2026] DELETE /v2.0/subnets/c3b64f8e-bcb2-4926-ad11-f3d933a13301 => generated 0 bytes in 153 msecs (HTTP/1.1 204) 3 headers in 131 bytes (1 switches on core 0)
2026-07-21 07:58:28.577 7 INFO neutron.pecan_wsgi.hooks.translation [None req-f02cc244-4732-4356-aac8-178ae6cf2594 36adcf4c7f9245d38de089879c96bed8 afc0947cc30b45a78f06df2d3ee82d36 - - default default] GET failed (client error): The resource could not be found. [pid: 7|app: 0|req: 1288/2620] 10.0.0.58 () {32 vars in 720 bytes} [Tue Jul 21 07:58:28 2026] GET /v2.0/subnets/c3b64f8e-bcb2-4926-ad11-f3d933a13301 => generated 136 bytes in 15 msecs (HTTP/1.1 404) 4 headers in 164 bytes (1 switches on core 0) [pid: 8|app: 0|req: 1333/2621] 10.0.0.58 () {32 vars in 723 bytes} [Tue Jul 21 07:58:28 2026] DELETE /v2.0/subnets/a15705a8-3816-4bf4-a6bd-46df5c13c43e => generated 0 bytes in 153 msecs (HTTP/1.1 204) 3 headers in 131 bytes (1 switches on core 0)
2026-07-21 07:58:28.757 7 INFO neutron.pecan_wsgi.hooks.translation [None req-dbc5a476-5351-417d-8cde-a25ab8e8a28e 36adcf4c7f9245d38de089879c96bed8 afc0947cc30b45a78f06df2d3ee82d36 - - default default] GET failed (client error): The resource could not be found. [pid: 7|app: 0|req: 1289/2622] 10.0.0.58 () {32 vars in 720 bytes} [Tue Jul 21 07:58:28 2026] GET /v2.0/subnets/a15705a8-3816-4bf4-a6bd-46df5c13c43e => generated 136 bytes in 18 msecs (HTTP/1.1 404) 4 headers in 164 bytes (1 switches on core 0)
2026-07-21 07:58:28.906 8 INFO neutron_taas.services.taas.taas_plugin [None req-516a3435-a303-4ee3-928b-047aaf21359c 36adcf4c7f9245d38de089879c96bed8 afc0947cc30b45a78f06df2d3ee82d36 - - default default] TaaS: Handle Delete Port: 23013168-c204-4507-ae26-203ddd6e484c
2026-07-21 07:58:28.909 8 INFO neutron_taas.services.taas.tap_mirror_plugin [None req-516a3435-a303-4ee3-928b-047aaf21359c 36adcf4c7f9245d38de089879c96bed8 afc0947cc30b45a78f06df2d3ee82d36 - - default default] Tap Mirror: Handle Delete Port: 23013168-c204-4507-ae26-203ddd6e484c [pid: 8|app: 0|req: 1334/2623] 10.0.0.58 () {32 vars in 725 bytes} [Tue Jul 21 07:58:28 2026] DELETE /v2.0/networks/6aee93c1-8df4-408b-bade-1b2b63ed6bb0 => generated 0 bytes in 365 msecs (HTTP/1.1 204) 3 headers in 131 bytes (1 switches on core 0)
2026-07-21 07:58:29.148 7 INFO neutron.pecan_wsgi.hooks.translation [None req-0aae0e42-46af-44e5-b01f-70defbc7b4d6 36adcf4c7f9245d38de089879c96bed8 afc0947cc30b45a78f06df2d3ee82d36 - - default default] GET failed (client error): The resource could not be found. [pid: 7|app: 0|req: 1290/2624] 10.0.0.58 () {32 vars in 722 bytes} [Tue Jul 21 07:58:29 2026] GET /v2.0/networks/6aee93c1-8df4-408b-bade-1b2b63ed6bb0 => generated 138 bytes in 14 msecs (HTTP/1.1 404) 4 headers in 164 bytes (1 switches on core 0)
2026-07-21 07:58:29.685 8 INFO neutron.services.segments.plugin [-] Segment 32f8b33d-8209-4f97-a16f-2a1785c60b67 resource provider aggregate not found
2026-07-21 07:58:29.701 8 INFO neutron.services.segments.plugin [-] Client error retrieving segment 32f8b33d-8209-4f97-a16f-2a1785c60b67 resource provider; error: Placement Client Error (4xx): {"errors": [{"status": 404, "title": "Not Found", "detail": "The resource could not be found.\n\n No resource provider with uuid 32f8b33d-8209-4f97-a16f-2a1785c60b67 found for delete ", "request_id": "req-06ec1650-a506-48ad-bcdc-d96606fef747"}]}
2026-07-21 07:58:29.706 8 INFO neutron.services.segments.plugin [-] Segment 32f8b33d-8209-4f97-a16f-2a1785c60b67 resource provider aggregate not found
2026-07-21 07:58:29.717 8 INFO neutron.services.segments.plugin [-] Segment a2e1849c-fcc3-4259-ad3a-1b8a0d8a95ef resource provider aggregate not found
2026-07-21 07:58:29.722 8 INFO neutron.services.segments.plugin [-] Client error retrieving segment 32f8b33d-8209-4f97-a16f-2a1785c60b67 resource provider; error: Placement Client Error (4xx): {"errors": [{"status": 404, "title": "Not Found", "detail": "The resource could not be found.\n\n No resource provider with uuid 32f8b33d-8209-4f97-a16f-2a1785c60b67 found for delete ", "request_id": "req-835dfa31-6f6a-4d7c-9ff5-1f3b6a84c117"}]}
2026-07-21 07:58:29.737 8 INFO neutron.services.segments.plugin [-] Client error retrieving segment a2e1849c-fcc3-4259-ad3a-1b8a0d8a95ef resource provider; error: Placement Client Error (4xx): {"errors": [{"status": 404, "title": "Not Found", "detail": "The resource could not be found.\n\n No resource provider with uuid a2e1849c-fcc3-4259-ad3a-1b8a0d8a95ef found for delete ", "request_id": "req-6a7e5f57-3252-4cda-9805-51e773ad4c56"}]}
2026-07-21 07:58:29.737 8 INFO neutron.services.segments.plugin [-] Segment a2e1849c-fcc3-4259-ad3a-1b8a0d8a95ef resource provider aggregate not found
2026-07-21 07:58:29.758 8 INFO neutron.services.segments.plugin [-] Client error retrieving segment a2e1849c-fcc3-4259-ad3a-1b8a0d8a95ef resource provider; error: Placement Client Error (4xx): {"errors": [{"status": 404, "title": "Not Found", "detail": "The resource could not be found.\n\n No resource provider with uuid a2e1849c-fcc3-4259-ad3a-1b8a0d8a95ef found for delete ", "request_id": "req-156ea2c3-10ae-4468-99f3-84077dac99d5"}]}
2026-07-21 07:58:31.124 8 WARNING neutron.db.securitygroups_db [None req-7ca1aa78-2ecd-401b-a122-8bb6a1a76d86 69089283d0d541e189d1e1fcb3351685 0dd71d0c4b33455ab175aca7c86f288e - - default default] project_id key not found in filters, using tenant_id instead. This support has been deprecated and will be removed in a future release. [pid: 8|app: 0|req: 1335/2625] 10.0.0.58 () {32 vars in 773 bytes} [Tue Jul 21 07:58:30 2026] GET /v2.0/security-groups?tenant_id=afc0947cc30b45a78f06df2d3ee82d36&name=default => generated 2929 bytes in 171 msecs (HTTP/1.1 200) 4 headers in 158 bytes (1 switches on core 0) [pid: 7|app: 0|req: 1291/2626] 10.0.0.58 () {32 vars in 739 bytes} [Tue Jul 21 07:58:31 2026] DELETE /v2.0/security-groups/96e9aa61-d4de-4175-8a2b-303ae5e25d53 => generated 0 bytes in 199 msecs (HTTP/1.1 204) 2 headers in 112 bytes (1 switches on core 0)
2026-07-21 07:58:31.460 8 WARNING neutron.db.securitygroups_db [None req-23d08090-e439-4e5d-8770-beb0c34a9e58 69089283d0d541e189d1e1fcb3351685 0dd71d0c4b33455ab175aca7c86f288e - - default default] project_id key not found in filters, using tenant_id instead. This support has been deprecated and will be removed in a future release.
2026-07-21 07:58:31.578 8 INFO neutron.db.ovn_revision_numbers_db [None req-23d08090-e439-4e5d-8770-beb0c34a9e58 69089283d0d541e189d1e1fcb3351685 0dd71d0c4b33455ab175aca7c86f288e - - default default] Successfully bumped revision number for resource 6128f833-0e3e-4070-b81a-b3a63d2d4668 (type: security_groups) to 1
2026-07-21 07:58:31.588 8 INFO neutron.db.ovn_revision_numbers_db [None req-23d08090-e439-4e5d-8770-beb0c34a9e58 69089283d0d541e189d1e1fcb3351685 0dd71d0c4b33455ab175aca7c86f288e - - default default] Successfully bumped revision number for resource 31a31a88-803d-4329-82f8-a99d8f87515c (type: security_group_rules) to 0
2026-07-21 07:58:31.600 8 INFO neutron.db.ovn_revision_numbers_db [None req-23d08090-e439-4e5d-8770-beb0c34a9e58 69089283d0d541e189d1e1fcb3351685 0dd71d0c4b33455ab175aca7c86f288e - - default default] Successfully bumped revision number for resource 8af4c398-de61-49ea-ab1f-5474511bd879 (type: security_group_rules) to 0
2026-07-21 07:58:31.613 8 INFO neutron.db.ovn_revision_numbers_db [None req-23d08090-e439-4e5d-8770-beb0c34a9e58 69089283d0d541e189d1e1fcb3351685 0dd71d0c4b33455ab175aca7c86f288e - - default default] Successfully bumped revision number for resource a2fbe105-8030-4958-801c-3c19bc73500c (type: security_group_rules) to 0
2026-07-21 07:58:31.625 8 INFO neutron.db.ovn_revision_numbers_db [None req-23d08090-e439-4e5d-8770-beb0c34a9e58 69089283d0d541e189d1e1fcb3351685 0dd71d0c4b33455ab175aca7c86f288e - - default default] Successfully bumped revision number for resource fb8ae3cc-e5bb-46cb-9166-a879ce226056 (type: security_group_rules) to 0 [pid: 8|app: 0|req: 1336/2627] 10.0.0.58 () {32 vars in 773 bytes} [Tue Jul 21 07:58:31 2026] GET /v2.0/security-groups?tenant_id=3ac6facacc3a4714a7ab6a48e4163490&name=default => generated 2929 bytes in 210 msecs (HTTP/1.1 200) 4 headers in 158 bytes (1 switches on core 0) [pid: 7|app: 0|req: 1292/2628] 10.0.0.58 () {32 vars in 739 bytes} [Tue Jul 21 07:58:31 2026] DELETE /v2.0/security-groups/6128f833-0e3e-4070-b81a-b3a63d2d4668 => generated 0 bytes in 218 msecs (HTTP/1.1 204) 2 headers in 112 bytes (1 switches on core 0)
2026-07-21 07:58:32.045 8 WARNING neutron.db.securitygroups_db [None req-7b5e2b55-c127-4ea1-b0e0-12209d8bbb82 69089283d0d541e189d1e1fcb3351685 0dd71d0c4b33455ab175aca7c86f288e - - default default] project_id key not found in filters, using tenant_id instead. This support has been deprecated and will be removed in a future release.
2026-07-21 07:58:32.176 8 INFO neutron.db.ovn_revision_numbers_db [None req-7b5e2b55-c127-4ea1-b0e0-12209d8bbb82 69089283d0d541e189d1e1fcb3351685 0dd71d0c4b33455ab175aca7c86f288e - - default default] Successfully bumped revision number for resource a1655e76-214e-409c-a7f7-70c00a721cca (type: security_groups) to 1
2026-07-21 07:58:32.187 8 INFO neutron.db.ovn_revision_numbers_db [None req-7b5e2b55-c127-4ea1-b0e0-12209d8bbb82 69089283d0d541e189d1e1fcb3351685 0dd71d0c4b33455ab175aca7c86f288e - - default default] Successfully bumped revision number for resource 9a4075d8-9e38-45ee-9c24-283c8e1db828 (type: security_group_rules) to 0
2026-07-21 07:58:32.198 8 INFO neutron.db.ovn_revision_numbers_db [None req-7b5e2b55-c127-4ea1-b0e0-12209d8bbb82 69089283d0d541e189d1e1fcb3351685 0dd71d0c4b33455ab175aca7c86f288e - - default default] Successfully bumped revision number for resource c137cb60-3e95-4785-a140-75a8cee788c4 (type: security_group_rules) to 0
2026-07-21 07:58:32.210 8 INFO neutron.db.ovn_revision_numbers_db [None req-7b5e2b55-c127-4ea1-b0e0-12209d8bbb82 69089283d0d541e189d1e1fcb3351685 0dd71d0c4b33455ab175aca7c86f288e - - default default] Successfully bumped revision number for resource c69997d2-e5ea-47cd-a1ed-1f7f35216589 (type: security_group_rules) to 0
2026-07-21 07:58:32.225 8 INFO neutron.db.ovn_revision_numbers_db [None req-7b5e2b55-c127-4ea1-b0e0-12209d8bbb82 69089283d0d541e189d1e1fcb3351685 0dd71d0c4b33455ab175aca7c86f288e - - default default] Successfully bumped revision number for resource e629d8e1-9481-4701-8d2b-a091edfeaf5b (type: security_group_rules) to 0 [pid: 8|app: 0|req: 1337/2629] 10.0.0.58 () {32 vars in 773 bytes} [Tue Jul 21 07:58:32 2026] GET /v2.0/security-groups?tenant_id=eeac63a4b63a4cc2a1e9669b6b2232ff&name=default => generated 2929 bytes in 223 msecs (HTTP/1.1 200) 4 headers in 158 bytes (1 switches on core 0) [pid: 7|app: 0|req: 1293/2630] 10.0.0.58 () {32 vars in 739 bytes} [Tue Jul 21 07:58:32 2026] DELETE /v2.0/security-groups/a1655e76-214e-409c-a7f7-70c00a721cca => generated 0 bytes in 183 msecs (HTTP/1.1 204) 2 headers in 112 bytes (1 switches on core 0)
2026-07-21 07:58:32.590 8 WARNING neutron.db.securitygroups_db [None req-61e6a5eb-c007-4e7c-a2e9-b80f292ab3f1 69089283d0d541e189d1e1fcb3351685 0dd71d0c4b33455ab175aca7c86f288e - - default default] project_id key not found in filters, using tenant_id instead. This support has been deprecated and will be removed in a future release.
2026-07-21 07:58:32.727 8 INFO neutron.db.ovn_revision_numbers_db [None req-61e6a5eb-c007-4e7c-a2e9-b80f292ab3f1 69089283d0d541e189d1e1fcb3351685 0dd71d0c4b33455ab175aca7c86f288e - - default default] Successfully bumped revision number for resource 8a470960-ed3c-493e-8bff-615ed361d3d7 (type: security_groups) to 1
2026-07-21 07:58:32.738 8 INFO neutron.db.ovn_revision_numbers_db [None req-61e6a5eb-c007-4e7c-a2e9-b80f292ab3f1 69089283d0d541e189d1e1fcb3351685 0dd71d0c4b33455ab175aca7c86f288e - - default default] Successfully bumped revision number for resource 171af8b1-86d1-49a9-bc82-efd1792882f3 (type: security_group_rules) to 0
2026-07-21 07:58:32.750 8 INFO neutron.db.ovn_revision_numbers_db [None req-61e6a5eb-c007-4e7c-a2e9-b80f292ab3f1 69089283d0d541e189d1e1fcb3351685 0dd71d0c4b33455ab175aca7c86f288e - - default default] Successfully bumped revision number for resource 34b28f77-29d9-4061-8440-0dcc22aea719 (type: security_group_rules) to 0
2026-07-21 07:58:32.765 8 INFO neutron.db.ovn_revision_numbers_db [None req-61e6a5eb-c007-4e7c-a2e9-b80f292ab3f1 69089283d0d541e189d1e1fcb3351685 0dd71d0c4b33455ab175aca7c86f288e - - default default] Successfully bumped revision number for resource 3c258555-fcb4-4284-a4b3-b10b6ebce9c7 (type: security_group_rules) to 0
2026-07-21 07:58:32.781 8 INFO neutron.db.ovn_revision_numbers_db [None req-61e6a5eb-c007-4e7c-a2e9-b80f292ab3f1 69089283d0d541e189d1e1fcb3351685 0dd71d0c4b33455ab175aca7c86f288e - - default default] Successfully bumped revision number for resource d043e8b2-d65c-4f58-a3e6-432743456318 (type: security_group_rules) to 0 [pid: 8|app: 0|req: 1338/2631] 10.0.0.58 () {32 vars in 773 bytes} [Tue Jul 21 07:58:32 2026] GET /v2.0/security-groups?tenant_id=1a7ffec44b184635b351f55222084721&name=default => generated 2929 bytes in 246 msecs (HTTP/1.1 200) 4 headers in 158 bytes (1 switches on core 0) [pid: 7|app: 0|req: 1294/2632] 10.0.0.58 () {32 vars in 739 bytes} [Tue Jul 21 07:58:32 2026] DELETE /v2.0/security-groups/8a470960-ed3c-493e-8bff-615ed361d3d7 => generated 0 bytes in 186 msecs (HTTP/1.1 204) 2 headers in 112 bytes (1 switches on core 0)
2026-07-21 07:58:33.168 8 WARNING neutron.db.securitygroups_db [None req-f9c6959a-9217-45bc-96fb-21cebfb76b45 69089283d0d541e189d1e1fcb3351685 0dd71d0c4b33455ab175aca7c86f288e - - default default] project_id key not found in filters, using tenant_id instead. This support has been deprecated and will be removed in a future release.
2026-07-21 07:58:33.339 8 INFO neutron.db.ovn_revision_numbers_db [None req-f9c6959a-9217-45bc-96fb-21cebfb76b45 69089283d0d541e189d1e1fcb3351685 0dd71d0c4b33455ab175aca7c86f288e - - default default] Successfully bumped revision number for resource 6769fad6-1296-44ff-9b69-5c000aa952c7 (type: security_groups) to 1
2026-07-21 07:58:33.350 8 INFO neutron.db.ovn_revision_numbers_db [None req-f9c6959a-9217-45bc-96fb-21cebfb76b45 69089283d0d541e189d1e1fcb3351685 0dd71d0c4b33455ab175aca7c86f288e - - default default] Successfully bumped revision number for resource 2af60a74-e089-4478-a611-d152e211e724 (type: security_group_rules) to 0
2026-07-21 07:58:33.365 8 INFO neutron.db.ovn_revision_numbers_db [None req-f9c6959a-9217-45bc-96fb-21cebfb76b45 69089283d0d541e189d1e1fcb3351685 0dd71d0c4b33455ab175aca7c86f288e - - default default] Successfully bumped revision number for resource b94c0675-ac2f-4fe2-a74d-89a9d16d827e (type: security_group_rules) to 0
2026-07-21 07:58:33.379 8 INFO neutron.db.ovn_revision_numbers_db [None req-f9c6959a-9217-45bc-96fb-21cebfb76b45 69089283d0d541e189d1e1fcb3351685 0dd71d0c4b33455ab175aca7c86f288e - - default default] Successfully bumped revision number for resource d480814b-830e-4a6e-a286-140a6867189b (type: security_group_rules) to 0
2026-07-21 07:58:33.396 8 INFO neutron.db.ovn_revision_numbers_db [None req-f9c6959a-9217-45bc-96fb-21cebfb76b45 69089283d0d541e189d1e1fcb3351685 0dd71d0c4b33455ab175aca7c86f288e - - default default] Successfully bumped revision number for resource e81548f4-05f6-45b0-9c1f-c3b6fcc00c01 (type: security_group_rules) to 0 [pid: 8|app: 0|req: 1339/2633] 10.0.0.58 () {32 vars in 773 bytes} [Tue Jul 21 07:58:33 2026] GET /v2.0/security-groups?tenant_id=bbe5355f6f174402a3afde3c0a9a912c&name=default => generated 2929 bytes in 275 msecs (HTTP/1.1 200) 4 headers in 158 bytes (1 switches on core 0) [pid: 7|app: 0|req: 1295/2634] 10.0.0.58 () {32 vars in 739 bytes} [Tue Jul 21 07:58:33 2026] DELETE /v2.0/security-groups/6769fad6-1296-44ff-9b69-5c000aa952c7 => generated 0 bytes in 234 msecs (HTTP/1.1 204) 2 headers in 112 bytes (1 switches on core 0)
2026-07-21 07:58:33.827 8 WARNING neutron.db.securitygroups_db [None req-5fc4545d-a472-41ef-abdd-e03ed5a395cc 69089283d0d541e189d1e1fcb3351685 0dd71d0c4b33455ab175aca7c86f288e - - default default] project_id key not found in filters, using tenant_id instead. This support has been deprecated and will be removed in a future release.
2026-07-21 07:58:33.959 8 INFO neutron.db.ovn_revision_numbers_db [None req-5fc4545d-a472-41ef-abdd-e03ed5a395cc 69089283d0d541e189d1e1fcb3351685 0dd71d0c4b33455ab175aca7c86f288e - - default default] Successfully bumped revision number for resource 5cd4066d-d690-49ed-90a0-8195cdc897c6 (type: security_groups) to 1
2026-07-21 07:58:33.986 8 INFO neutron.db.ovn_revision_numbers_db [None req-5fc4545d-a472-41ef-abdd-e03ed5a395cc 69089283d0d541e189d1e1fcb3351685 0dd71d0c4b33455ab175aca7c86f288e - - default default] Successfully bumped revision number for resource 33902c1d-9232-4bdf-8bb8-2e44b639702f (type: security_group_rules) to 0
2026-07-21 07:58:34.001 8 INFO neutron.db.ovn_revision_numbers_db [None req-5fc4545d-a472-41ef-abdd-e03ed5a395cc 69089283d0d541e189d1e1fcb3351685 0dd71d0c4b33455ab175aca7c86f288e - - default default] Successfully bumped revision number for resource 7aad624d-9398-4dff-a9c0-55f3f9602de2 (type: security_group_rules) to 0
2026-07-21 07:58:34.015 8 INFO neutron.db.ovn_revision_numbers_db [None req-5fc4545d-a472-41ef-abdd-e03ed5a395cc 69089283d0d541e189d1e1fcb3351685 0dd71d0c4b33455ab175aca7c86f288e - - default default] Successfully bumped revision number for resource 896d6d2c-2e6b-4889-9def-29fab77739e4 (type: security_group_rules) to 0
2026-07-21 07:58:34.030 8 INFO neutron.db.ovn_revision_numbers_db [None req-5fc4545d-a472-41ef-abdd-e03ed5a395cc 69089283d0d541e189d1e1fcb3351685 0dd71d0c4b33455ab175aca7c86f288e - - default default] Successfully bumped revision number for resource ee0eba0f-55ed-4e5e-83de-53ea601ba509 (type: security_group_rules) to 0 [pid: 8|app: 0|req: 1340/2635] 10.0.0.58 () {32 vars in 773 bytes} [Tue Jul 21 07:58:33 2026] GET /v2.0/security-groups?tenant_id=584997a8e5064dea81a465401fa62a5a&name=default => generated 2929 bytes in 250 msecs (HTTP/1.1 200) 4 headers in 158 bytes (1 switches on core 0) [pid: 7|app: 0|req: 1296/2636] 10.0.0.58 () {32 vars in 739 bytes} [Tue Jul 21 07:58:34 2026] DELETE /v2.0/security-groups/5cd4066d-d690-49ed-90a0-8195cdc897c6 => generated 0 bytes in 201 msecs (HTTP/1.1 204) 2 headers in 112 bytes (1 switches on core 0)
2026-07-21 07:58:34.427 8 WARNING neutron.db.securitygroups_db [None req-ff927c12-e7df-4467-872d-2a59d384aef8 69089283d0d541e189d1e1fcb3351685 0dd71d0c4b33455ab175aca7c86f288e - - default default] project_id key not found in filters, using tenant_id instead. This support has been deprecated and will be removed in a future release.
2026-07-21 07:58:34.577 8 INFO neutron.db.ovn_revision_numbers_db [None req-ff927c12-e7df-4467-872d-2a59d384aef8 69089283d0d541e189d1e1fcb3351685 0dd71d0c4b33455ab175aca7c86f288e - - default default] Successfully bumped revision number for resource 597c0b52-26a5-4a17-8e55-6189b0ea1a6c (type: security_groups) to 1
2026-07-21 07:58:34.590 8 INFO neutron.db.ovn_revision_numbers_db [None req-ff927c12-e7df-4467-872d-2a59d384aef8 69089283d0d541e189d1e1fcb3351685 0dd71d0c4b33455ab175aca7c86f288e - - default default] Successfully bumped revision number for resource 1538a659-fd19-44e7-9e19-b12ada4b5927 (type: security_group_rules) to 0
2026-07-21 07:58:34.603 8 INFO neutron.db.ovn_revision_numbers_db [None req-ff927c12-e7df-4467-872d-2a59d384aef8 69089283d0d541e189d1e1fcb3351685 0dd71d0c4b33455ab175aca7c86f288e - - default default] Successfully bumped revision number for resource 17df1ba7-e17c-4ac8-8acc-91cad836a952 (type: security_group_rules) to 0
2026-07-21 07:58:34.616 8 INFO neutron.db.ovn_revision_numbers_db [None req-ff927c12-e7df-4467-872d-2a59d384aef8 69089283d0d541e189d1e1fcb3351685 0dd71d0c4b33455ab175aca7c86f288e - - default default] Successfully bumped revision number for resource 851fb51c-0523-433a-99fa-bfca5cd178f0 (type: security_group_rules) to 0
