2026-07-21 07:54:41.687 8 INFO neutron_taas.services.taas.taas_plugin [None req-0e52fb7a-68fc-4a5d-8004-21fd13fb04ae 61887df42cb643e1a9ba8665bfcdd7f9 d8c9cd22b8f84593939aec94ed6072d1 - - default default] TaaS: Handle Delete Port: 74fbbf98-5271-47d4-8af3-542965a8a7c3
2026-07-21 07:54:41.689 8 INFO neutron_taas.services.taas.tap_mirror_plugin [None req-0e52fb7a-68fc-4a5d-8004-21fd13fb04ae 61887df42cb643e1a9ba8665bfcdd7f9 d8c9cd22b8f84593939aec94ed6072d1 - - default default] Tap Mirror: Handle Delete Port: 74fbbf98-5271-47d4-8af3-542965a8a7c3 [pid: 8|app: 0|req: 706/1379] 10.0.0.58 () {32 vars in 725 bytes} [Tue Jul 21 07:54:41 2026] DELETE /v2.0/networks/7ae7668f-cf56-485a-9223-a2413e960ba6 => generated 0 bytes in 388 msecs (HTTP/1.1 204) 3 headers in 131 bytes (1 switches on core 0)
2026-07-21 07:54:41.934 7 WARNING neutron.db.securitygroups_db [None req-7c15a6f6-d6d1-42f5-8b7c-57b862a769e1 69089283d0d541e189d1e1fcb3351685 0dd71d0c4b33455ab175aca7c86f288e - - default default] project_id key not found in filters, using tenant_id instead. This support has been deprecated and will be removed in a future release.
2026-07-21 07:54:42.023 8 INFO neutron.db.segments_db [None req-6059711b-fac1-4d43-b45a-47ec6400468a 61887df42cb643e1a9ba8665bfcdd7f9 d8c9cd22b8f84593939aec94ed6072d1 - - default default] Added segment 844e47fd-1df5-4def-be89-51f38ec642da of type geneve for network 98fb7070-0f48-466b-9e8e-8b1d2a2f2b2d
2026-07-21 07:54:42.073 7 INFO neutron.db.ovn_revision_numbers_db [None req-7c15a6f6-d6d1-42f5-8b7c-57b862a769e1 69089283d0d541e189d1e1fcb3351685 0dd71d0c4b33455ab175aca7c86f288e - - default default] Successfully bumped revision number for resource 685d0e8e-3d14-4825-9764-0029014a2b9d (type: security_groups) to 1
2026-07-21 07:54:42.086 7 INFO neutron.db.ovn_revision_numbers_db [None req-7c15a6f6-d6d1-42f5-8b7c-57b862a769e1 69089283d0d541e189d1e1fcb3351685 0dd71d0c4b33455ab175aca7c86f288e - - default default] Successfully bumped revision number for resource 91b81eff-20a5-4675-81e4-c91aef9d9569 (type: security_group_rules) to 0
2026-07-21 07:54:42.100 7 INFO neutron.db.ovn_revision_numbers_db [None req-7c15a6f6-d6d1-42f5-8b7c-57b862a769e1 69089283d0d541e189d1e1fcb3351685 0dd71d0c4b33455ab175aca7c86f288e - - default default] Successfully bumped revision number for resource 9f975bf0-f96b-49fb-b420-e33b891e5f49 (type: security_group_rules) to 0
2026-07-21 07:54:42.120 7 INFO neutron.db.ovn_revision_numbers_db [None req-7c15a6f6-d6d1-42f5-8b7c-57b862a769e1 69089283d0d541e189d1e1fcb3351685 0dd71d0c4b33455ab175aca7c86f288e - - default default] Successfully bumped revision number for resource a98e5f43-078c-4128-a6a5-259157f0de61 (type: security_group_rules) to 0
2026-07-21 07:54:42.138 7 INFO neutron.db.ovn_revision_numbers_db [None req-7c15a6f6-d6d1-42f5-8b7c-57b862a769e1 69089283d0d541e189d1e1fcb3351685 0dd71d0c4b33455ab175aca7c86f288e - - default default] Successfully bumped revision number for resource d8935a3a-3eb0-4164-9e42-ff75bad9b463 (type: security_group_rules) to 0
2026-07-21 07:54:42.146 8 INFO neutron.db.ovn_revision_numbers_db [None req-6059711b-fac1-4d43-b45a-47ec6400468a 61887df42cb643e1a9ba8665bfcdd7f9 d8c9cd22b8f84593939aec94ed6072d1 - - default default] Successfully bumped revision number for resource 98fb7070-0f48-466b-9e8e-8b1d2a2f2b2d (type: networks) to 1 [pid: 7|app: 0|req: 674/1380] 10.0.0.58 () {32 vars in 773 bytes} [Tue Jul 21 07:54:41 2026] GET /v2.0/security-groups?tenant_id=051917dd718647698d6acb3165b05600&name=default => generated 2925 bytes in 366 msecs (HTTP/1.1 200) 4 headers in 158 bytes (1 switches on core 0)
2026-07-21 07:54:42.216 7 WARNING neutron.db.securitygroups_db [None req-7e040b8e-270c-42af-bdd0-2d022b58fd2e 69089283d0d541e189d1e1fcb3351685 0dd71d0c4b33455ab175aca7c86f288e - - default default] project_id key not found in filters, using tenant_id instead. This support has been deprecated and will be removed in a future release.
2026-07-21 07:54:42.304 8 INFO neutron.services.segments.plugin [-] Segment 46b324e8-d863-4e80-9adc-b2263ef71797 resource provider aggregate not found
2026-07-21 07:54:42.307 8 INFO neutron.services.segments.plugin [-] Segment 46b324e8-d863-4e80-9adc-b2263ef71797 resource provider aggregate not found
2026-07-21 07:54:42.325 8 INFO neutron.services.segments.plugin [-] Client error retrieving segment 46b324e8-d863-4e80-9adc-b2263ef71797 resource provider; error: Placement Client Error (4xx): {"errors": [{"status": 404, "title": "Not Found", "detail": "The resource could not be found.\n\n No resource provider with uuid 46b324e8-d863-4e80-9adc-b2263ef71797 found for delete ", "request_id": "req-3abc996d-fba6-466c-9665-ea07e4bf0901"}]}
2026-07-21 07:54:42.327 8 INFO neutron.services.segments.plugin [-] Client error retrieving segment 46b324e8-d863-4e80-9adc-b2263ef71797 resource provider; error: Placement Client Error (4xx): {"errors": [{"status": 404, "title": "Not Found", "detail": "The resource could not be found.\n\n No resource provider with uuid 46b324e8-d863-4e80-9adc-b2263ef71797 found for delete ", "request_id": "req-c0675cdc-2516-46aa-9f1a-eefc1476f178"}]}
2026-07-21 07:54:42.327 8 WARNING neutron.scheduler.dhcp_agent_scheduler [None req-6059711b-fac1-4d43-b45a-47ec6400468a 61887df42cb643e1a9ba8665bfcdd7f9 d8c9cd22b8f84593939aec94ed6072d1 - - default default] No more DHCP agents
2026-07-21 07:54:42.329 8 WARNING neutron.api.rpc.agentnotifiers.dhcp_rpc_agent_api [None req-6059711b-fac1-4d43-b45a-47ec6400468a 61887df42cb643e1a9ba8665bfcdd7f9 d8c9cd22b8f84593939aec94ed6072d1 - - default default] Unable to schedule network 98fb7070-0f48-466b-9e8e-8b1d2a2f2b2d: no agents available; will retry on subsequent port and subnet creation events.
2026-07-21 07:54:42.342 7 INFO neutron.db.ovn_revision_numbers_db [None req-7e040b8e-270c-42af-bdd0-2d022b58fd2e 69089283d0d541e189d1e1fcb3351685 0dd71d0c4b33455ab175aca7c86f288e - - default default] Successfully bumped revision number for resource 6cad548c-4c26-4c0c-8b95-94948e6b40cd (type: security_groups) to 1
2026-07-21 07:54:42.357 7 INFO neutron.db.ovn_revision_numbers_db [None req-7e040b8e-270c-42af-bdd0-2d022b58fd2e 69089283d0d541e189d1e1fcb3351685 0dd71d0c4b33455ab175aca7c86f288e - - default default] Successfully bumped revision number for resource 40a72d60-3824-4887-8ff7-9c907360b136 (type: security_group_rules) to 0
2026-07-21 07:54:42.380 7 INFO neutron.db.ovn_revision_numbers_db [None req-7e040b8e-270c-42af-bdd0-2d022b58fd2e 69089283d0d541e189d1e1fcb3351685 0dd71d0c4b33455ab175aca7c86f288e - - default default] Successfully bumped revision number for resource 440f7fde-a691-4c7f-9f74-23f2cbfbeed0 (type: security_group_rules) to 0
2026-07-21 07:54:42.401 7 INFO neutron.plugins.ml2.drivers.ovn.mech_driver.mech_driver [None req-a7517fe8-ae7f-40c8-93f9-dcf00478214b - - - - - -] OVN reports status down for port: dec6999b-baa0-4f2b-bd1f-98d0feb52bcf
2026-07-21 07:54:42.403 7 INFO neutron.db.ovn_revision_numbers_db [None req-7e040b8e-270c-42af-bdd0-2d022b58fd2e 69089283d0d541e189d1e1fcb3351685 0dd71d0c4b33455ab175aca7c86f288e - - default default] Successfully bumped revision number for resource 5d7b5c86-fe4f-4938-8fcb-3500d5d770e3 (type: security_group_rules) to 0
2026-07-21 07:54:42.416 8 INFO neutron.db.ovn_revision_numbers_db [None req-6059711b-fac1-4d43-b45a-47ec6400468a 61887df42cb643e1a9ba8665bfcdd7f9 d8c9cd22b8f84593939aec94ed6072d1 - - default default] Successfully bumped revision number for resource dec6999b-baa0-4f2b-bd1f-98d0feb52bcf (type: ports) to 1
2026-07-21 07:54:42.429 7 INFO neutron.db.ovn_revision_numbers_db [None req-7e040b8e-270c-42af-bdd0-2d022b58fd2e 69089283d0d541e189d1e1fcb3351685 0dd71d0c4b33455ab175aca7c86f288e - - default default] Successfully bumped revision number for resource d1b8ec91-70cf-499f-a59a-a96d50ee3ad0 (type: security_group_rules) to 0 [pid: 8|app: 0|req: 707/1381] 10.0.0.58 () {34 vars in 669 bytes} [Tue Jul 21 07:54:41 2026] POST /v2.0/networks => generated 673 bytes in 515 msecs (HTTP/1.1 201) 4 headers in 162 bytes (1 switches on core 0) [pid: 7|app: 0|req: 675/1382] 10.0.0.58 () {32 vars in 773 bytes} [Tue Jul 21 07:54:42 2026] GET /v2.0/security-groups?tenant_id=402e45ecc5f6484ca8ed5414810362a5&name=default => generated 2925 bytes in 322 msecs (HTTP/1.1 200) 4 headers in 158 bytes (1 switches on core 0) [pid: 8|app: 0|req: 708/1383] 10.0.0.58 () {32 vars in 739 bytes} [Tue Jul 21 07:54:42 2026] DELETE /v2.0/security-groups/685d0e8e-3d14-4825-9764-0029014a2b9d => generated 0 bytes in 208 msecs (HTTP/1.1 204) 2 headers in 112 bytes (1 switches on core 0)
2026-07-21 07:54:42.696 7 WARNING neutron.scheduler.dhcp_agent_scheduler [None req-519634f9-886e-4690-b4f8-df7eaa6917d6 61887df42cb643e1a9ba8665bfcdd7f9 d8c9cd22b8f84593939aec94ed6072d1 - - default default] No more DHCP agents
2026-07-21 07:54:42.697 7 WARNING neutron.api.rpc.agentnotifiers.dhcp_rpc_agent_api [None req-519634f9-886e-4690-b4f8-df7eaa6917d6 61887df42cb643e1a9ba8665bfcdd7f9 d8c9cd22b8f84593939aec94ed6072d1 - - default default] Unable to schedule network 98fb7070-0f48-466b-9e8e-8b1d2a2f2b2d: no agents available; will retry on subsequent port and subnet creation events.
2026-07-21 07:54:42.727 7 INFO neutron.db.ovn_revision_numbers_db [None req-519634f9-886e-4690-b4f8-df7eaa6917d6 61887df42cb643e1a9ba8665bfcdd7f9 d8c9cd22b8f84593939aec94ed6072d1 - - default default] Successfully bumped revision number for resource c1148615-ea3f-410b-9178-281524f70267 (type: subnets) to 0 [pid: 7|app: 0|req: 676/1384] 10.0.0.58 () {34 vars in 668 bytes} [Tue Jul 21 07:54:42 2026] POST /v2.0/subnets => generated 646 bytes in 236 msecs (HTTP/1.1 201) 4 headers in 162 bytes (1 switches on core 0) [pid: 8|app: 0|req: 709/1385] 10.0.0.58 () {32 vars in 739 bytes} [Tue Jul 21 07:54:42 2026] DELETE /v2.0/security-groups/6cad548c-4c26-4c0c-8b95-94948e6b40cd => generated 0 bytes in 217 msecs (HTTP/1.1 204) 2 headers in 112 bytes (1 switches on core 0)
2026-07-21 07:54:42.989 7 WARNING neutron.scheduler.dhcp_agent_scheduler [None req-99a0f1c7-275e-4155-91ae-cb305e9225c1 61887df42cb643e1a9ba8665bfcdd7f9 d8c9cd22b8f84593939aec94ed6072d1 - - default default] No more DHCP agents
2026-07-21 07:54:42.990 7 WARNING neutron.api.rpc.agentnotifiers.dhcp_rpc_agent_api [None req-99a0f1c7-275e-4155-91ae-cb305e9225c1 61887df42cb643e1a9ba8665bfcdd7f9 d8c9cd22b8f84593939aec94ed6072d1 - - default default] Unable to schedule network 98fb7070-0f48-466b-9e8e-8b1d2a2f2b2d: no agents available; will retry on subsequent port and subnet creation events.
2026-07-21 07:54:43.093 8 INFO neutron.plugins.ml2.drivers.ovn.mech_driver.mech_driver [None req-e02712da-4d13-4d13-94af-8a5d9ea43618 - - - - - -] OVN reports status down for port: 29c4cc11-4100-4091-840a-7869e1a25a43
2026-07-21 07:54:43.114 7 INFO neutron.db.ovn_revision_numbers_db [None req-99a0f1c7-275e-4155-91ae-cb305e9225c1 61887df42cb643e1a9ba8665bfcdd7f9 d8c9cd22b8f84593939aec94ed6072d1 - - default default] Successfully bumped revision number for resource 29c4cc11-4100-4091-840a-7869e1a25a43 (type: ports) to 1 [pid: 7|app: 0|req: 677/1386] 10.0.0.58 () {34 vars in 664 bytes} [Tue Jul 21 07:54:42 2026] POST /v2.0/ports => generated 927 bytes in 396 msecs (HTTP/1.1 201) 4 headers in 162 bytes (1 switches on core 0)
2026-07-21 07:54:43.265 7 INFO neutron_taas.services.taas.taas_plugin [None req-d7e9f073-ba06-4759-9b63-165d29835906 61887df42cb643e1a9ba8665bfcdd7f9 d8c9cd22b8f84593939aec94ed6072d1 - - default default] TaaS: Handle Delete Port: 29c4cc11-4100-4091-840a-7869e1a25a43
2026-07-21 07:54:43.267 7 INFO neutron_taas.services.taas.tap_mirror_plugin [None req-d7e9f073-ba06-4759-9b63-165d29835906 61887df42cb643e1a9ba8665bfcdd7f9 d8c9cd22b8f84593939aec94ed6072d1 - - default default] Tap Mirror: Handle Delete Port: 29c4cc11-4100-4091-840a-7869e1a25a43 [pid: 7|app: 0|req: 678/1387] 10.0.0.58 () {32 vars in 719 bytes} [Tue Jul 21 07:54:43 2026] DELETE /v2.0/ports/29c4cc11-4100-4091-840a-7869e1a25a43 => generated 0 bytes in 224 msecs (HTTP/1.1 204) 3 headers in 131 bytes (1 switches on core 0)
2026-07-21 07:54:43.393 7 INFO neutron.pecan_wsgi.hooks.translation [None req-3385cc23-9c58-4d05-8187-91289bdf0d06 61887df42cb643e1a9ba8665bfcdd7f9 d8c9cd22b8f84593939aec94ed6072d1 - - default default] GET failed (client error): The resource could not be found. [pid: 7|app: 0|req: 679/1388] 10.0.0.58 () {32 vars in 716 bytes} [Tue Jul 21 07:54:43 2026] GET /v2.0/ports/29c4cc11-4100-4091-840a-7869e1a25a43 => generated 132 bytes in 19 msecs (HTTP/1.1 404) 4 headers in 164 bytes (1 switches on core 0)
2026-07-21 07:54:43.495 8 INFO neutron.db.ovn_revision_numbers_db [None req-562d9468-42d5-4703-b5ae-01ba72559d3a a2af8092c02e40c992e97dab9943bc2b d7ebe177b9384d139d77caf2fca599ca - - default default] Successfully bumped revision number for resource 926ac83c-d07c-4648-9cf8-3f1eb4e21a85 (type: security_groups) to 1
2026-07-21 07:54:43.507 8 INFO neutron.db.ovn_revision_numbers_db [None req-562d9468-42d5-4703-b5ae-01ba72559d3a a2af8092c02e40c992e97dab9943bc2b d7ebe177b9384d139d77caf2fca599ca - - default default] Successfully bumped revision number for resource 19cd22fe-f105-4bb0-9801-1eb46bb47da2 (type: security_group_rules) to 0
2026-07-21 07:54:43.519 8 INFO neutron.db.ovn_revision_numbers_db [None req-562d9468-42d5-4703-b5ae-01ba72559d3a a2af8092c02e40c992e97dab9943bc2b d7ebe177b9384d139d77caf2fca599ca - - default default] Successfully bumped revision number for resource 51ff6ddd-a66a-4725-bdbb-3031b45aa700 (type: security_group_rules) to 0
2026-07-21 07:54:43.535 8 INFO neutron.db.ovn_revision_numbers_db [None req-562d9468-42d5-4703-b5ae-01ba72559d3a a2af8092c02e40c992e97dab9943bc2b d7ebe177b9384d139d77caf2fca599ca - - default default] Successfully bumped revision number for resource 56fbe628-5fec-4b44-9388-70223e3c26d8 (type: security_group_rules) to 0
2026-07-21 07:54:43.548 8 INFO neutron.db.ovn_revision_numbers_db [None req-562d9468-42d5-4703-b5ae-01ba72559d3a a2af8092c02e40c992e97dab9943bc2b d7ebe177b9384d139d77caf2fca599ca - - default default] Successfully bumped revision number for resource 67ed68b6-9a46-4a53-85e9-9dbc0631144a (type: security_group_rules) to 0 [pid: 7|app: 0|req: 680/1389] 10.0.0.58 () {32 vars in 723 bytes} [Tue Jul 21 07:54:43 2026] DELETE /v2.0/subnets/c1148615-ea3f-410b-9178-281524f70267 => generated 0 bytes in 163 msecs (HTTP/1.1 204) 3 headers in 131 bytes (1 switches on core 0)
2026-07-21 07:54:43.621 8 INFO neutron.db.segments_db [None req-562d9468-42d5-4703-b5ae-01ba72559d3a a2af8092c02e40c992e97dab9943bc2b d7ebe177b9384d139d77caf2fca599ca - - default default] Added segment 0c1b76a4-f25c-4912-8bc6-0a57f509dd7f of type geneve for network 6a3c6d4c-bb17-4a5a-8970-c7289a467779
2026-07-21 07:54:43.696 7 INFO neutron_taas.services.taas.taas_plugin [None req-ec45fd3d-fca4-45ed-905b-badf867845e5 61887df42cb643e1a9ba8665bfcdd7f9 d8c9cd22b8f84593939aec94ed6072d1 - - default default] TaaS: Handle Delete Port: dec6999b-baa0-4f2b-bd1f-98d0feb52bcf
2026-07-21 07:54:43.699 7 INFO neutron_taas.services.taas.tap_mirror_plugin [None req-ec45fd3d-fca4-45ed-905b-badf867845e5 61887df42cb643e1a9ba8665bfcdd7f9 d8c9cd22b8f84593939aec94ed6072d1 - - default default] Tap Mirror: Handle Delete Port: dec6999b-baa0-4f2b-bd1f-98d0feb52bcf
2026-07-21 07:54:43.735 8 INFO neutron.db.ovn_revision_numbers_db [None req-562d9468-42d5-4703-b5ae-01ba72559d3a a2af8092c02e40c992e97dab9943bc2b d7ebe177b9384d139d77caf2fca599ca - - default default] Successfully bumped revision number for resource 6a3c6d4c-bb17-4a5a-8970-c7289a467779 (type: networks) to 1
2026-07-21 07:54:43.921 7 INFO neutron.services.segments.plugin [-] Segment 844e47fd-1df5-4def-be89-51f38ec642da resource provider aggregate not found
2026-07-21 07:54:43.929 7 INFO neutron.services.segments.plugin [-] Segment 844e47fd-1df5-4def-be89-51f38ec642da resource provider aggregate not found
2026-07-21 07:54:43.948 7 INFO neutron.services.segments.plugin [-] Client error retrieving segment 844e47fd-1df5-4def-be89-51f38ec642da resource provider; error: Placement Client Error (4xx): {"errors": [{"status": 404, "title": "Not Found", "detail": "The resource could not be found.\n\n No resource provider with uuid 844e47fd-1df5-4def-be89-51f38ec642da found for delete ", "request_id": "req-ece826d6-fbc0-4c7b-bb98-12ca946c4465"}]}
2026-07-21 07:54:43.948 7 INFO neutron.services.segments.plugin [-] Client error retrieving segment 844e47fd-1df5-4def-be89-51f38ec642da resource provider; error: Placement Client Error (4xx): {"errors": [{"status": 404, "title": "Not Found", "detail": "The resource could not be found.\n\n No resource provider with uuid 844e47fd-1df5-4def-be89-51f38ec642da found for delete ", "request_id": "req-07bfdfb4-9113-470e-acaf-d38f6de53b76"}]}
2026-07-21 07:54:43.949 8 WARNING neutron.scheduler.dhcp_agent_scheduler [None req-562d9468-42d5-4703-b5ae-01ba72559d3a a2af8092c02e40c992e97dab9943bc2b d7ebe177b9384d139d77caf2fca599ca - - default default] No more DHCP agents
2026-07-21 07:54:43.955 8 WARNING neutron.api.rpc.agentnotifiers.dhcp_rpc_agent_api [None req-562d9468-42d5-4703-b5ae-01ba72559d3a a2af8092c02e40c992e97dab9943bc2b d7ebe177b9384d139d77caf2fca599ca - - default default] Unable to schedule network 6a3c6d4c-bb17-4a5a-8970-c7289a467779: no agents available; will retry on subsequent port and subnet creation events. [pid: 7|app: 0|req: 681/1390] 10.0.0.58 () {32 vars in 725 bytes} [Tue Jul 21 07:54:43 2026] DELETE /v2.0/networks/98fb7070-0f48-466b-9e8e-8b1d2a2f2b2d => generated 0 bytes in 416 msecs (HTTP/1.1 204) 3 headers in 131 bytes (1 switches on core 0)
2026-07-21 07:54:44.032 8 INFO neutron.db.ovn_revision_numbers_db [None req-562d9468-42d5-4703-b5ae-01ba72559d3a a2af8092c02e40c992e97dab9943bc2b d7ebe177b9384d139d77caf2fca599ca - - default default] Successfully bumped revision number for resource 2f624db1-648e-42ae-9658-ed5a447c0bf7 (type: ports) to 1
2026-07-21 07:54:44.047 7 INFO neutron.plugins.ml2.drivers.ovn.mech_driver.mech_driver [None req-a7517fe8-ae7f-40c8-93f9-dcf00478214b - - - - - -] OVN reports status down for port: 2f624db1-648e-42ae-9658-ed5a447c0bf7 [pid: 8|app: 0|req: 710/1391] 10.0.0.58 () {34 vars in 669 bytes} [Tue Jul 21 07:54:43 2026] POST /v2.0/networks => generated 686 bytes in 945 msecs (HTTP/1.1 201) 4 headers in 162 bytes (1 switches on core 0)
2026-07-21 07:54:44.298 7 WARNING neutron.scheduler.dhcp_agent_scheduler [None req-49adbac3-ddba-4d01-b340-66d094197e1a 61887df42cb643e1a9ba8665bfcdd7f9 d8c9cd22b8f84593939aec94ed6072d1 - - default default] No more DHCP agents
2026-07-21 07:54:44.300 7 WARNING neutron.api.rpc.agentnotifiers.dhcp_rpc_agent_api [None req-49adbac3-ddba-4d01-b340-66d094197e1a 61887df42cb643e1a9ba8665bfcdd7f9 d8c9cd22b8f84593939aec94ed6072d1 - - default default] Unable to schedule network fd121987-4a6e-422b-a40d-7b25d58ae4a0: no agents available; will retry on subsequent port and subnet creation events.
2026-07-21 07:54:44.365 7 INFO neutron.plugins.ml2.drivers.ovn.mech_driver.mech_driver [None req-a7517fe8-ae7f-40c8-93f9-dcf00478214b - - - - - -] OVN reports status down for port: 6aaf8413-74af-45a3-a31e-d9e42aba0194
2026-07-21 07:54:44.435 7 INFO neutron.db.ovn_revision_numbers_db [None req-49adbac3-ddba-4d01-b340-66d094197e1a 61887df42cb643e1a9ba8665bfcdd7f9 d8c9cd22b8f84593939aec94ed6072d1 - - default default] Successfully bumped revision number for resource 6aaf8413-74af-45a3-a31e-d9e42aba0194 (type: ports) to 1 [pid: 7|app: 0|req: 682/1392] 10.0.0.58 () {34 vars in 664 bytes} [Tue Jul 21 07:54:43 2026] POST /v2.0/ports => generated 778 bytes in 482 msecs (HTTP/1.1 201) 4 headers in 162 bytes (1 switches on core 0) /var/lib/openstack/lib/python3.12/site-packages/pycadf/identifier.py:70: UserWarning: Invalid uuid: neutron. To ensure interoperability, identifiers should be a valid uuid. warnings.warn(('Invalid uuid: %s. To ensure interoperability, '
2026-07-21 07:54:44.713 7 WARNING neutron.scheduler.dhcp_agent_scheduler [None req-6f223bbc-7965-4c87-991f-95f75281aeda a2af8092c02e40c992e97dab9943bc2b d7ebe177b9384d139d77caf2fca599ca - - default default] No more DHCP agents
2026-07-21 07:54:44.717 7 WARNING neutron.api.rpc.agentnotifiers.dhcp_rpc_agent_api [None req-6f223bbc-7965-4c87-991f-95f75281aeda a2af8092c02e40c992e97dab9943bc2b d7ebe177b9384d139d77caf2fca599ca - - default default] Unable to schedule network 6a3c6d4c-bb17-4a5a-8970-c7289a467779: no agents available; will retry on subsequent port and subnet creation events.
2026-07-21 07:54:44.729 7 INFO neutron.plugins.ml2.drivers.ovn.mech_driver.mech_driver [None req-a7517fe8-ae7f-40c8-93f9-dcf00478214b - - - - - -] OVN reports status down for port: 6aaf8413-74af-45a3-a31e-d9e42aba0194
2026-07-21 07:54:44.754 8 INFO neutron.db.ovn_revision_numbers_db [None req-93cd7953-ed4f-4b5e-8852-4fb6a92a5d8c 61887df42cb643e1a9ba8665bfcdd7f9 d8c9cd22b8f84593939aec94ed6072d1 - - default default] Successfully bumped revision number for resource 6aaf8413-74af-45a3-a31e-d9e42aba0194 (type: ports) to 2
2026-07-21 07:54:44.777 7 INFO neutron.db.ovn_revision_numbers_db [None req-6f223bbc-7965-4c87-991f-95f75281aeda a2af8092c02e40c992e97dab9943bc2b d7ebe177b9384d139d77caf2fca599ca - - default default] Successfully bumped revision number for resource ef590a17-69e8-4cd7-9048-0d01344c71d9 (type: subnets) to 0 [pid: 7|app: 0|req: 683/1393] 10.0.0.58 () {34 vars in 668 bytes} [Tue Jul 21 07:54:44 2026] POST /v2.0/subnets => generated 673 bytes in 277 msecs (HTTP/1.1 201) 4 headers in 162 bytes (1 switches on core 0) [pid: 8|app: 0|req: 711/1394] 10.0.0.58 () {34 vars in 736 bytes} [Tue Jul 21 07:54:44 2026] PUT /v2.0/ports/6aaf8413-74af-45a3-a31e-d9e42aba0194 => generated 752 bytes in 334 msecs (HTTP/1.1 200) 4 headers in 157 bytes (1 switches on core 0) /var/lib/openstack/lib/python3.12/site-packages/pycadf/identifier.py:70: UserWarning: Invalid uuid: neutron. To ensure interoperability, identifiers should be a valid uuid. warnings.warn(('Invalid uuid: %s. To ensure interoperability, '
2026-07-21 07:54:44.919 8 INFO neutron.db.segments_db [None req-7859091f-20d5-48d7-9dee-38277a4d2e73 a2af8092c02e40c992e97dab9943bc2b d7ebe177b9384d139d77caf2fca599ca - - default default] Added segment a87708fd-6bd5-4bbc-9e29-c8efd3138ef4 of type geneve for network 3d0399b3-ee9e-477d-8970-a4a82852fa61
2026-07-21 07:54:45.042 8 INFO neutron.db.ovn_revision_numbers_db [None req-7859091f-20d5-48d7-9dee-38277a4d2e73 a2af8092c02e40c992e97dab9943bc2b d7ebe177b9384d139d77caf2fca599ca - - default default] Successfully bumped revision number for resource 3d0399b3-ee9e-477d-8970-a4a82852fa61 (type: networks) to 1
2026-07-21 07:54:45.197 7 INFO neutron.db.ovn_revision_numbers_db [None req-f755e182-aaf3-4a0e-ba54-05af71ef478f c7a39f2f9e1d4c5fba123408803abc8d d00944aaf9e646ee9884acb117bba770 - - default default] Successfully bumped revision number for resource 69f0a6a9-b077-4362-8e5e-72e4fd76e103 (type: security_groups) to 1
2026-07-21 07:54:45.212 7 INFO neutron.db.ovn_revision_numbers_db [None req-f755e182-aaf3-4a0e-ba54-05af71ef478f c7a39f2f9e1d4c5fba123408803abc8d d00944aaf9e646ee9884acb117bba770 - - default default] Successfully bumped revision number for resource 21dce65b-1e63-4a36-8068-94cef0a7cdf3 (type: security_group_rules) to 0
2026-07-21 07:54:45.226 7 INFO neutron.db.ovn_revision_numbers_db [None req-f755e182-aaf3-4a0e-ba54-05af71ef478f c7a39f2f9e1d4c5fba123408803abc8d d00944aaf9e646ee9884acb117bba770 - - default default] Successfully bumped revision number for resource b2c9ebf9-f296-4593-8ea0-c848f63b1b5f (type: security_group_rules) to 0
2026-07-21 07:54:45.231 8 WARNING neutron.scheduler.dhcp_agent_scheduler [None req-7859091f-20d5-48d7-9dee-38277a4d2e73 a2af8092c02e40c992e97dab9943bc2b d7ebe177b9384d139d77caf2fca599ca - - default default] No more DHCP agents
2026-07-21 07:54:45.232 8 WARNING neutron.api.rpc.agentnotifiers.dhcp_rpc_agent_api [None req-7859091f-20d5-48d7-9dee-38277a4d2e73 a2af8092c02e40c992e97dab9943bc2b d7ebe177b9384d139d77caf2fca599ca - - default default] Unable to schedule network 3d0399b3-ee9e-477d-8970-a4a82852fa61: no agents available; will retry on subsequent port and subnet creation events.
2026-07-21 07:54:45.240 7 INFO neutron.db.ovn_revision_numbers_db [None req-f755e182-aaf3-4a0e-ba54-05af71ef478f c7a39f2f9e1d4c5fba123408803abc8d d00944aaf9e646ee9884acb117bba770 - - default default] Successfully bumped revision number for resource ca124ddd-3f14-4de7-8c00-594bb234eec5 (type: security_group_rules) to 0
2026-07-21 07:54:45.255 7 INFO neutron.db.ovn_revision_numbers_db [None req-f755e182-aaf3-4a0e-ba54-05af71ef478f c7a39f2f9e1d4c5fba123408803abc8d d00944aaf9e646ee9884acb117bba770 - - default default] Successfully bumped revision number for resource cd4525f6-11f4-4113-8f69-5c0232192927 (type: security_group_rules) to 0
2026-07-21 07:54:45.283 8 INFO neutron.plugins.ml2.drivers.ovn.mech_driver.mech_driver [None req-e02712da-4d13-4d13-94af-8a5d9ea43618 - - - - - -] OVN reports status down for port: 4a72eb27-661d-4bdf-a005-458b597476f4
2026-07-21 07:54:45.346 8 INFO neutron.db.ovn_revision_numbers_db [None req-7859091f-20d5-48d7-9dee-38277a4d2e73 a2af8092c02e40c992e97dab9943bc2b d7ebe177b9384d139d77caf2fca599ca - - default default] Successfully bumped revision number for resource 4a72eb27-661d-4bdf-a005-458b597476f4 (type: ports) to 1
2026-07-21 07:54:45.408 7 INFO neutron.db.ovn_revision_numbers_db [None req-f755e182-aaf3-4a0e-ba54-05af71ef478f c7a39f2f9e1d4c5fba123408803abc8d d00944aaf9e646ee9884acb117bba770 - - default default] Successfully bumped revision number for resource e268589a-d160-4cc6-b28d-a15dd9a4be36 (type: security_groups) to 1 [pid: 8|app: 0|req: 712/1395] 10.0.0.58 () {34 vars in 669 bytes} [Tue Jul 21 07:54:44 2026] POST /v2.0/networks => generated 686 bytes in 599 msecs (HTTP/1.1 201) 4 headers in 162 bytes (1 switches on core 0)
2026-07-21 07:54:45.420 7 INFO neutron.db.ovn_revision_numbers_db [None req-f755e182-aaf3-4a0e-ba54-05af71ef478f c7a39f2f9e1d4c5fba123408803abc8d d00944aaf9e646ee9884acb117bba770 - - default default] Successfully bumped revision number for resource 500a8ac9-12d5-4a3f-a785-1c5c5d9fe4d4 (type: security_group_rules) to 0
2026-07-21 07:54:45.432 7 INFO neutron.db.ovn_revision_numbers_db [None req-f755e182-aaf3-4a0e-ba54-05af71ef478f c7a39f2f9e1d4c5fba123408803abc8d d00944aaf9e646ee9884acb117bba770 - - default default] Successfully bumped revision number for resource d826cf5c-52ed-46c5-895a-18488b645fc3 (type: security_group_rules) to 0 [pid: 7|app: 0|req: 684/1396] 10.0.0.58 () {34 vars in 683 bytes} [Tue Jul 21 07:54:44 2026] POST /v2.0/security-groups => generated 1623 bytes in 660 msecs (HTTP/1.1 201) 4 headers in 163 bytes (1 switches on core 0)
2026-07-21 07:54:45.561 8 INFO neutron_taas.services.taas.taas_plugin [None req-9c0b2ebb-f0a2-413e-a733-ac6187535a72 61887df42cb643e1a9ba8665bfcdd7f9 d8c9cd22b8f84593939aec94ed6072d1 - - default default] TaaS: Handle Delete Port: 6aaf8413-74af-45a3-a31e-d9e42aba0194
2026-07-21 07:54:45.563 8 INFO neutron_taas.services.taas.tap_mirror_plugin [None req-9c0b2ebb-f0a2-413e-a733-ac6187535a72 61887df42cb643e1a9ba8665bfcdd7f9 d8c9cd22b8f84593939aec94ed6072d1 - - default default] Tap Mirror: Handle Delete Port: 6aaf8413-74af-45a3-a31e-d9e42aba0194
2026-07-21 07:54:45.617 7 INFO neutron.db.ovn_revision_numbers_db [None req-01c0407d-34bd-4338-9dc2-36b7f6db78e1 a2af8092c02e40c992e97dab9943bc2b d7ebe177b9384d139d77caf2fca599ca - - default default] Successfully bumped revision number for resource 3d0399b3-ee9e-477d-8970-a4a82852fa61 (type: networks) to 2 [pid: 7|app: 0|req: 685/1397] 10.0.0.58 () {34 vars in 742 bytes} [Tue Jul 21 07:54:45 2026] PUT /v2.0/networks/3d0399b3-ee9e-477d-8970-a4a82852fa61 => generated 636 bytes in 155 msecs (HTTP/1.1 200) 4 headers in 157 bytes (1 switches on core 0) [pid: 7|app: 0|req: 686/1398] 10.0.0.58 () {32 vars in 662 bytes} [Tue Jul 21 07:54:45 2026] GET /v2.0/security-groups => generated 4528 bytes in 33 msecs (HTTP/1.1 200) 4 headers in 158 bytes (1 switches on core 0) [pid: 8|app: 0|req: 713/1399] 10.0.0.58 () {32 vars in 719 bytes} [Tue Jul 21 07:54:45 2026] DELETE /v2.0/ports/6aaf8413-74af-45a3-a31e-d9e42aba0194 => generated 0 bytes in 297 msecs (HTTP/1.1 204) 3 headers in 131 bytes (1 switches on core 0)
2026-07-21 07:54:45.892 8 WARNING neutron.scheduler.dhcp_agent_scheduler [None req-24111900-cb50-46be-b5a5-45740b406423 a2af8092c02e40c992e97dab9943bc2b d7ebe177b9384d139d77caf2fca599ca - - default default] No more DHCP agents
2026-07-21 07:54:45.895 8 WARNING neutron.api.rpc.agentnotifiers.dhcp_rpc_agent_api [None req-24111900-cb50-46be-b5a5-45740b406423 a2af8092c02e40c992e97dab9943bc2b d7ebe177b9384d139d77caf2fca599ca - - default default] Unable to schedule network 3d0399b3-ee9e-477d-8970-a4a82852fa61: no agents available; will retry on subsequent port and subnet creation events.
2026-07-21 07:54:45.924 8 INFO neutron.db.ovn_revision_numbers_db [None req-24111900-cb50-46be-b5a5-45740b406423 a2af8092c02e40c992e97dab9943bc2b d7ebe177b9384d139d77caf2fca599ca - - default default] Successfully bumped revision number for resource 1cb428ed-3e03-4d35-b4cf-8341de46938c (type: subnets) to 0 [pid: 8|app: 0|req: 714/1400] 10.0.0.58 () {34 vars in 668 bytes} [Tue Jul 21 07:54:45 2026] POST /v2.0/subnets => generated 646 bytes in 239 msecs (HTTP/1.1 201) 4 headers in 162 bytes (1 switches on core 0)
2026-07-21 07:54:45.992 7 INFO neutron.db.ovn_revision_numbers_db [None req-d6503072-373f-4dc6-8d5a-1bfbddd9c02f 2fc8879a96c1472fb5f51a65a0eda38a 123bc9e3ff6745ec95d92d66e2e4ad1c - - default default] Successfully bumped revision number for resource 0995254c-f52c-46f9-8682-5523e616f171 (type: security_groups) to 1
2026-07-21 07:54:46.007 7 INFO neutron.db.ovn_revision_numbers_db [None req-d6503072-373f-4dc6-8d5a-1bfbddd9c02f 2fc8879a96c1472fb5f51a65a0eda38a 123bc9e3ff6745ec95d92d66e2e4ad1c - - default default] Successfully bumped revision number for resource 3191dfe3-eaa5-4914-b888-fb5416308909 (type: security_group_rules) to 0
2026-07-21 07:54:46.020 7 INFO neutron.db.ovn_revision_numbers_db [None req-d6503072-373f-4dc6-8d5a-1bfbddd9c02f 2fc8879a96c1472fb5f51a65a0eda38a 123bc9e3ff6745ec95d92d66e2e4ad1c - - default default] Successfully bumped revision number for resource 8f6fc524-f45d-4a36-a2e5-349d59c03706 (type: security_group_rules) to 0
2026-07-21 07:54:46.024 8 INFO neutron.db.ovn_revision_numbers_db [None req-c4605dac-2884-4d3a-82c0-17f89592f627 c7a39f2f9e1d4c5fba123408803abc8d d00944aaf9e646ee9884acb117bba770 - - default default] Successfully bumped revision number for resource e268589a-d160-4cc6-b28d-a15dd9a4be36 (type: security_groups) to 2
2026-07-21 07:54:46.035 7 INFO neutron.db.ovn_revision_numbers_db [None req-d6503072-373f-4dc6-8d5a-1bfbddd9c02f 2fc8879a96c1472fb5f51a65a0eda38a 123bc9e3ff6745ec95d92d66e2e4ad1c - - default default] Successfully bumped revision number for resource ea2b81df-a307-4e74-a839-87006752183e (type: security_group_rules) to 0
2026-07-21 07:54:46.047 7 INFO neutron.db.ovn_revision_numbers_db [None req-d6503072-373f-4dc6-8d5a-1bfbddd9c02f 2fc8879a96c1472fb5f51a65a0eda38a 123bc9e3ff6745ec95d92d66e2e4ad1c - - default default] Successfully bumped revision number for resource f2ac683a-4e3f-4961-bafc-ad961acc6948 (type: security_group_rules) to 0 [pid: 8|app: 0|req: 715/1401] 10.0.0.58 () {34 vars in 757 bytes} [Tue Jul 21 07:54:45 2026] PUT /v2.0/security-groups/e268589a-d160-4cc6-b28d-a15dd9a4be36 => generated 1664 bytes in 101 msecs (HTTP/1.1 200) 4 headers in 158 bytes (1 switches on core 0) [pid: 8|app: 0|req: 716/1402] 10.0.0.58 () {32 vars in 642 bytes} [Tue Jul 21 07:54:46 2026] GET /v2.0/ports => generated 1537 bytes in 32 msecs (HTTP/1.1 200) 4 headers in 158 bytes (1 switches on core 0)
2026-07-21 07:54:46.124 7 INFO neutron.db.segments_db [None req-d6503072-373f-4dc6-8d5a-1bfbddd9c02f 2fc8879a96c1472fb5f51a65a0eda38a 123bc9e3ff6745ec95d92d66e2e4ad1c - - default default] Added segment d8de597f-26bb-46ce-a082-2bbbd5fe07df of type geneve for network ba60844c-7e63-4979-8e97-1af40f9999cc
2026-07-21 07:54:46.254 7 INFO neutron.db.ovn_revision_numbers_db [None req-d6503072-373f-4dc6-8d5a-1bfbddd9c02f 2fc8879a96c1472fb5f51a65a0eda38a 123bc9e3ff6745ec95d92d66e2e4ad1c - - default default] Successfully bumped revision number for resource ba60844c-7e63-4979-8e97-1af40f9999cc (type: networks) to 1
2026-07-21 07:54:46.441 7 WARNING neutron.scheduler.dhcp_agent_scheduler [None req-d6503072-373f-4dc6-8d5a-1bfbddd9c02f 2fc8879a96c1472fb5f51a65a0eda38a 123bc9e3ff6745ec95d92d66e2e4ad1c - - default default] No more DHCP agents
2026-07-21 07:54:46.442 7 WARNING neutron.api.rpc.agentnotifiers.dhcp_rpc_agent_api [None req-d6503072-373f-4dc6-8d5a-1bfbddd9c02f 2fc8879a96c1472fb5f51a65a0eda38a 123bc9e3ff6745ec95d92d66e2e4ad1c - - default default] Unable to schedule network ba60844c-7e63-4979-8e97-1af40f9999cc: no agents available; will retry on subsequent port and subnet creation events.
2026-07-21 07:54:46.511 8 INFO neutron.plugins.ml2.drivers.ovn.mech_driver.mech_driver [None req-e02712da-4d13-4d13-94af-8a5d9ea43618 - - - - - -] OVN reports status down for port: 8a89ee29-44a8-4b3f-9d8f-ac44ed0e2f6c
2026-07-21 07:54:46.535 7 INFO neutron.db.ovn_revision_numbers_db [None req-d6503072-373f-4dc6-8d5a-1bfbddd9c02f 2fc8879a96c1472fb5f51a65a0eda38a 123bc9e3ff6745ec95d92d66e2e4ad1c - - default default] Successfully bumped revision number for resource 8a89ee29-44a8-4b3f-9d8f-ac44ed0e2f6c (type: ports) to 1 [pid: 7|app: 0|req: 687/1403] 10.0.0.58 () {34 vars in 670 bytes} [Tue Jul 21 07:54:45 2026] POST /v2.0/networks => generated 671 bytes in 902 msecs (HTTP/1.1 201) 4 headers in 162 bytes (1 switches on core 0) [pid: 7|app: 0|req: 688/1404] 10.0.0.58 () {32 vars in 736 bytes} [Tue Jul 21 07:54:46 2026] GET /v2.0/security-groups/e268589a-d160-4cc6-b28d-a15dd9a4be36 => generated 1664 bytes in 22 msecs (HTTP/1.1 200) 4 headers in 158 bytes (1 switches on core 0)
2026-07-21 07:54:46.597 7 INFO neutron.pecan_wsgi.hooks.translation [None req-2eba98af-de57-41ea-9a21-763bd97b30d4 61887df42cb643e1a9ba8665bfcdd7f9 d8c9cd22b8f84593939aec94ed6072d1 - - default default] GET failed (client error): The resource could not be found. [pid: 7|app: 0|req: 689/1405] 10.0.0.58 () {32 vars in 716 bytes} [Tue Jul 21 07:54:46 2026] GET /v2.0/ports/6aaf8413-74af-45a3-a31e-d9e42aba0194 => generated 132 bytes in 16 msecs (HTTP/1.1 404) 4 headers in 164 bytes (1 switches on core 0)
2026-07-21 07:54:46.739 8 INFO neutron.db.ovn_revision_numbers_db [None req-394fc899-efff-412f-9b5e-3e6e9fdc06e4 a2af8092c02e40c992e97dab9943bc2b d7ebe177b9384d139d77caf2fca599ca - - default default] Successfully bumped revision number for resource 4a72eb27-661d-4bdf-a005-458b597476f4 (type: ports) to 2
2026-07-21 07:54:46.789 8 INFO neutron.db.ovn_revision_numbers_db [None req-394fc899-efff-412f-9b5e-3e6e9fdc06e4 a2af8092c02e40c992e97dab9943bc2b d7ebe177b9384d139d77caf2fca599ca - - default default] Successfully bumped revision number for resource 1cb428ed-3e03-4d35-b4cf-8341de46938c (type: subnets) to 1 [pid: 8|app: 0|req: 717/1406] 10.0.0.58 () {34 vars in 740 bytes} [Tue Jul 21 07:54:46 2026] PUT /v2.0/subnets/1cb428ed-3e03-4d35-b4cf-8341de46938c => generated 656 bytes in 712 msecs (HTTP/1.1 200) 4 headers in 157 bytes (1 switches on core 0) [pid: 8|app: 0|req: 718/1407] 10.0.0.58 () {32 vars in 739 bytes} [Tue Jul 21 07:54:46 2026] DELETE /v2.0/security-groups/e268589a-d160-4cc6-b28d-a15dd9a4be36 => generated 0 bytes in 156 msecs (HTTP/1.1 204) 2 headers in 112 bytes (1 switches on core 0) [pid: 8|app: 0|req: 719/1408] 10.0.0.58 () {32 vars in 642 bytes} [Tue Jul 21 07:54:46 2026] GET /v2.0/ports => generated 1537 bytes in 35 msecs (HTTP/1.1 200) 4 headers in 158 bytes (1 switches on core 0)
2026-07-21 07:54:47.064 7 WARNING neutron.scheduler.dhcp_agent_scheduler [None req-596143a1-9ddf-4f5c-a50e-5141037c40ad 2fc8879a96c1472fb5f51a65a0eda38a 123bc9e3ff6745ec95d92d66e2e4ad1c - - default default] No more DHCP agents
2026-07-21 07:54:47.065 7 WARNING neutron.api.rpc.agentnotifiers.dhcp_rpc_agent_api [None req-596143a1-9ddf-4f5c-a50e-5141037c40ad 2fc8879a96c1472fb5f51a65a0eda38a 123bc9e3ff6745ec95d92d66e2e4ad1c - - default default] Unable to schedule network 701dd12f-0fd9-48c2-aadb-2e4752e81fe8: no agents available; will retry on subsequent port and subnet creation events.
2026-07-21 07:54:47.109 8 INFO neutron_taas.services.taas.taas_plugin [None req-de2c8ce1-6190-4f80-a694-79ea99ddd661 a2af8092c02e40c992e97dab9943bc2b d7ebe177b9384d139d77caf2fca599ca - - default default] TaaS: Handle Delete Port: 4a72eb27-661d-4bdf-a005-458b597476f4
2026-07-21 07:54:47.111 8 INFO neutron_taas.services.taas.tap_mirror_plugin [None req-de2c8ce1-6190-4f80-a694-79ea99ddd661 a2af8092c02e40c992e97dab9943bc2b d7ebe177b9384d139d77caf2fca599ca - - default default] Tap Mirror: Handle Delete Port: 4a72eb27-661d-4bdf-a005-458b597476f4
2026-07-21 07:54:47.185 7 INFO neutron.plugins.ml2.drivers.ovn.mech_driver.mech_driver [None req-a7517fe8-ae7f-40c8-93f9-dcf00478214b - - - - - -] OVN reports status down for port: 2636cc7c-7110-47c6-91e4-da41c4087295
2026-07-21 07:54:47.263 7 INFO neutron.db.ovn_revision_numbers_db [None req-596143a1-9ddf-4f5c-a50e-5141037c40ad 2fc8879a96c1472fb5f51a65a0eda38a 123bc9e3ff6745ec95d92d66e2e4ad1c - - default default] Successfully bumped revision number for resource 2636cc7c-7110-47c6-91e4-da41c4087295 (type: ports) to 1
2026-07-21 07:54:47.373 8 INFO neutron.services.segments.plugin [-] Segment a87708fd-6bd5-4bbc-9e29-c8efd3138ef4 resource provider aggregate not found
2026-07-21 07:54:47.380 8 INFO neutron.services.segments.plugin [-] Segment a87708fd-6bd5-4bbc-9e29-c8efd3138ef4 resource provider aggregate not found
2026-07-21 07:54:47.394 8 INFO neutron.services.segments.plugin [-] Client error retrieving segment a87708fd-6bd5-4bbc-9e29-c8efd3138ef4 resource provider; error: Placement Client Error (4xx): {"errors": [{"status": 404, "title": "Not Found", "detail": "The resource could not be found.\n\n No resource provider with uuid a87708fd-6bd5-4bbc-9e29-c8efd3138ef4 found for delete ", "request_id": "req-f551d2fb-43bc-4fae-b6f5-78b3693e5147"}]}
2026-07-21 07:54:47.401 8 INFO neutron.services.segments.plugin [-] Client error retrieving segment a87708fd-6bd5-4bbc-9e29-c8efd3138ef4 resource provider; error: Placement Client Error (4xx): {"errors": [{"status": 404, "title": "Not Found", "detail": "The resource could not be found.\n\n No resource provider with uuid a87708fd-6bd5-4bbc-9e29-c8efd3138ef4 found for delete ", "request_id": "req-6d261194-9374-44ab-b149-ddd0d14a3a54"}]} [pid: 8|app: 0|req: 720/1409] 10.0.0.58 () {32 vars in 725 bytes} [Tue Jul 21 07:54:46 2026] DELETE /v2.0/networks/3d0399b3-ee9e-477d-8970-a4a82852fa61 => generated 0 bytes in 454 msecs (HTTP/1.1 204) 3 headers in 131 bytes (1 switches on core 0) [pid: 8|app: 0|req: 721/1410] 10.0.0.58 () {32 vars in 662 bytes} [Tue Jul 21 07:54:47 2026] GET /v2.0/security-groups => generated 2925 bytes in 38 msecs (HTTP/1.1 200) 4 headers in 158 bytes (1 switches on core 0) [pid: 8|app: 0|req: 722/1411] 10.0.0.58 () {32 vars in 716 bytes} [Tue Jul 21 07:54:47 2026] GET /v2.0/ports/e761b40a-f57f-45c1-9110-f9290fa53933 => generated 778 bytes in 33 msecs (HTTP/1.1 200) 4 headers in 157 bytes (1 switches on core 0)
2026-07-21 07:54:47.521 8 INFO neutron.pecan_wsgi.hooks.translation [None req-8a8dcafc-2a98-433c-afd1-e1f495bd50d9 a2af8092c02e40c992e97dab9943bc2b d7ebe177b9384d139d77caf2fca599ca - - default default] DELETE failed (client error): The resource could not be found. [pid: 8|app: 0|req: 723/1412] 10.0.0.58 () {32 vars in 725 bytes} [Tue Jul 21 07:54:47 2026] DELETE /v2.0/networks/3d0399b3-ee9e-477d-8970-a4a82852fa61 => generated 138 bytes in 11 msecs (HTTP/1.1 404) 4 headers in 164 bytes (1 switches on core 0)
2026-07-21 07:54:47.534 8 INFO neutron.api.v2.resource [None req-19316525-fef8-4e91-8c1d-f131d18f0dca c7a39f2f9e1d4c5fba123408803abc8d d00944aaf9e646ee9884acb117bba770 - - default default] delete failed (client error): The resource could not be found. [pid: 8|app: 0|req: 724/1413] 10.0.0.58 () {32 vars in 739 bytes} [Tue Jul 21 07:54:47 2026] DELETE /v2.0/security-groups/e268589a-d160-4cc6-b28d-a15dd9a4be36 => generated 146 bytes in 10 msecs (HTTP/1.1 404) 4 headers in 164 bytes (1 switches on core 0)
2026-07-21 07:54:47.550 8 INFO neutron.pecan_wsgi.hooks.translation [None req-7f1b67b2-3362-45f5-a60d-5d039ccc4064 61887df42cb643e1a9ba8665bfcdd7f9 d8c9cd22b8f84593939aec94ed6072d1 - - default default] DELETE failed (client error): The resource could not be found. [pid: 8|app: 0|req: 725/1414] 10.0.0.58 () {32 vars in 719 bytes} [Tue Jul 21 07:54:47 2026] DELETE /v2.0/ports/29c4cc11-4100-4091-840a-7869e1a25a43 => generated 132 bytes in 19 msecs (HTTP/1.1 404) 4 headers in 164 bytes (1 switches on core 0) [pid: 8|app: 0|req: 726/1415] 10.0.0.58 () {32 vars in 693 bytes} [Tue Jul 21 07:54:47 2026] GET /v2.0/networks?router%3Aexternal=True => generated 689 bytes in 58 msecs (HTTP/1.1 200) 4 headers in 157 bytes (1 switches on core 0)
2026-07-21 07:54:47.727 8 INFO neutron.db.ovn_revision_numbers_db [None req-b0453dcf-65d9-489d-8e94-7dbc0f4a735f c7a39f2f9e1d4c5fba123408803abc8d d00944aaf9e646ee9884acb117bba770 - - default default] Successfully bumped revision number for resource fcd88971-636a-4c5b-88ca-83f29e2e10fe (type: security_groups) to 1
2026-07-21 07:54:47.739 8 INFO neutron.db.ovn_revision_numbers_db [None req-b0453dcf-65d9-489d-8e94-7dbc0f4a735f c7a39f2f9e1d4c5fba123408803abc8d d00944aaf9e646ee9884acb117bba770 - - default default] Successfully bumped revision number for resource 2b43559c-ae3e-4ea7-a884-1f926e9bf712 (type: security_group_rules) to 0
2026-07-21 07:54:47.750 8 INFO neutron.db.ovn_revision_numbers_db [None req-b0453dcf-65d9-489d-8e94-7dbc0f4a735f c7a39f2f9e1d4c5fba123408803abc8d d00944aaf9e646ee9884acb117bba770 - - default default] Successfully bumped revision number for resource bf4ca89e-bd1a-4d46-a93b-9c78321a9d04 (type: security_group_rules) to 0 [pid: 8|app: 0|req: 727/1416] 10.0.0.58 () {34 vars in 683 bytes} [Tue Jul 21 07:54:47 2026] POST /v2.0/security-groups => generated 1624 bytes in 181 msecs (HTTP/1.1 201) 4 headers in 163 bytes (1 switches on core 0)
2026-07-21 07:54:47.808 8 INFO neutron.pecan_wsgi.hooks.translation [None req-59219a74-ddb3-44e9-9632-fadbfa72b39d 61887df42cb643e1a9ba8665bfcdd7f9 d8c9cd22b8f84593939aec94ed6072d1 - - default default] DELETE failed (client error): The resource could not be found. [pid: 8|app: 0|req: 728/1417] 10.0.0.58 () {32 vars in 723 bytes} [Tue Jul 21 07:54:47 2026] DELETE /v2.0/subnets/c1148615-ea3f-410b-9178-281524f70267 => generated 136 bytes in 16 msecs (HTTP/1.1 404) 4 headers in 164 bytes (1 switches on core 0) [pid: 8|app: 0|req: 729/1418] 10.0.0.58 () {32 vars in 741 bytes} [Tue Jul 21 07:54:47 2026] GET /v2.0/subnets?network_id=701dd12f-0fd9-48c2-aadb-2e4752e81fe8 => generated 649 bytes in 49 msecs (HTTP/1.1 200) 4 headers in 157 bytes (1 switches on core 0)
2026-07-21 07:54:47.945 7 INFO neutron.plugins.ml2.drivers.ovn.mech_driver.ovsdb.ovsdb_monitor [None req-b6ceeca4-2d58-43fc-b7b9-910dc7a84d87 - - - - - -] Router 619c49be-cbfa-4d89-a304-b8a867774fd7 is bound to host instance
2026-07-21 07:54:47.993 7 INFO neutron.plugins.ml2.drivers.ovn.mech_driver.mech_driver [None req-a7517fe8-ae7f-40c8-93f9-dcf00478214b - - - - - -] OVN reports status up for port: 2636cc7c-7110-47c6-91e4-da41c4087295
2026-07-21 07:54:48.010 8 INFO neutron.db.ovn_revision_numbers_db [None req-3a1c85fd-d81e-4191-a266-a2bd76e72e4a c7a39f2f9e1d4c5fba123408803abc8d d00944aaf9e646ee9884acb117bba770 - - default default] Successfully bumped revision number for resource 42b975a4-740b-4fa9-b9a1-19c7c4cf6405 (type: security_group_rules) to 0 [pid: 8|app: 0|req: 730/1419] 10.0.0.58 () {34 vars in 694 bytes} [Tue Jul 21 07:54:47 2026] POST /v2.0/security-group-rules => generated 601 bytes in 186 msecs (HTTP/1.1 201) 4 headers in 162 bytes (1 switches on core 0)
2026-07-21 07:54:48.056 7 INFO neutron.plugins.ml2.plugin [None req-a7517fe8-ae7f-40c8-93f9-dcf00478214b - - - - - -] Attempt 1 to provision port 2636cc7c-7110-47c6-91e4-da41c4087295
2026-07-21 07:54:48.058 8 INFO neutron.pecan_wsgi.hooks.translation [None req-3cbb02bf-8ebd-4782-a358-a5aad7894379 61887df42cb643e1a9ba8665bfcdd7f9 d8c9cd22b8f84593939aec94ed6072d1 - - default default] DELETE failed (client error): The resource could not be found. [pid: 8|app: 0|req: 731/1420] 10.0.0.58 () {32 vars in 723 bytes} [Tue Jul 21 07:54:48 2026] DELETE /v2.0/subnets/7e4e5ecc-c506-451e-8773-961c49c06eac => generated 136 bytes in 13 msecs (HTTP/1.1 404) 4 headers in 164 bytes (1 switches on core 0) [pid: 8|app: 0|req: 732/1421] 10.0.0.58 () {32 vars in 652 bytes} [Tue Jul 21 07:54:48 2026] GET /v2.0/extensions => generated 22668 bytes in 6 msecs (HTTP/1.1 200) 4 headers in 159 bytes (1 switches on core 0) [pid: 8|app: 0|req: 733/1422] 10.0.0.58 () {32 vars in 746 bytes} [Tue Jul 21 07:54:48 2026] GET /v2.0/security-group-rules/42b975a4-740b-4fa9-b9a1-19c7c4cf6405 => generated 601 bytes in 14 msecs (HTTP/1.1 200) 4 headers in 157 bytes (1 switches on core 0)
2026-07-21 07:54:48.098 7 INFO neutron.db.ovn_revision_numbers_db [None req-596143a1-9ddf-4f5c-a50e-5141037c40ad 2fc8879a96c1472fb5f51a65a0eda38a 123bc9e3ff6745ec95d92d66e2e4ad1c - - default default] Successfully bumped revision number for resource 2636cc7c-7110-47c6-91e4-da41c4087295 (type: router_ports) to 1
2026-07-21 07:54:48.204 8 INFO neutron_taas.services.taas.taas_plugin [None req-f320dfb8-fa57-418f-9e51-f9edf6cec973 61887df42cb643e1a9ba8665bfcdd7f9 d8c9cd22b8f84593939aec94ed6072d1 - - default default] TaaS: Handle Delete Port: e761b40a-f57f-45c1-9110-f9290fa53933
2026-07-21 07:54:48.208 8 INFO neutron_taas.services.taas.tap_mirror_plugin [None req-f320dfb8-fa57-418f-9e51-f9edf6cec973 61887df42cb643e1a9ba8665bfcdd7f9 d8c9cd22b8f84593939aec94ed6072d1 - - default default] Tap Mirror: Handle Delete Port: e761b40a-f57f-45c1-9110-f9290fa53933
2026-07-21 07:54:48.280 7 INFO neutron.db.ovn_revision_numbers_db [None req-596143a1-9ddf-4f5c-a50e-5141037c40ad 2fc8879a96c1472fb5f51a65a0eda38a 123bc9e3ff6745ec95d92d66e2e4ad1c - - default default] Successfully bumped revision number for resource 619c49be-cbfa-4d89-a304-b8a867774fd7 (type: routers) to 2 [pid: 7|app: 0|req: 690/1423] 10.0.0.58 () {34 vars in 668 bytes} [Tue Jul 21 07:54:46 2026] POST /v2.0/routers => generated 976 bytes in 1721 msecs (HTTP/1.1 201) 4 headers in 162 bytes (1 switches on core 0) [pid: 8|app: 0|req: 734/1424] 10.0.0.58 () {32 vars in 719 bytes} [Tue Jul 21 07:54:48 2026] DELETE /v2.0/ports/e761b40a-f57f-45c1-9110-f9290fa53933 => generated 0 bytes in 253 msecs (HTTP/1.1 204) 3 headers in 131 bytes (1 switches on core 0) [pid: 7|app: 0|req: 691/1425] 10.0.0.58 () {32 vars in 648 bytes} [Tue Jul 21 07:54:48 2026] GET /v2.0/networks => generated 1389 bytes in 94 msecs (HTTP/1.1 200) 4 headers in 158 bytes (1 switches on core 0) [pid: 8|app: 0|req: 735/1426] 10.0.0.58 () {32 vars in 672 bytes} [Tue Jul 21 07:54:48 2026] GET /v2.0/security-group-rules => generated 4138 bytes in 83 msecs (HTTP/1.1 200) 4 headers in 158 bytes (1 switches on core 0) [pid: 7|app: 0|req: 692/1427] 10.0.0.58 () {32 vars in 775 bytes} [Tue Jul 21 07:54:48 2026] GET /v2.0/subnets?project_id=123bc9e3ff6745ec95d92d66e2e4ad1c&cidr=10.100.0.0%2F28 => generated 14 bytes in 64 msecs (HTTP/1.1 200) 4 headers in 156 bytes (1 switches on core 0) [pid: 7|app: 0|req: 693/1428] 10.0.0.58 () {32 vars in 646 bytes} [Tue Jul 21 07:54:48 2026] GET /v2.0/subnets => generated 1312 bytes in 43 msecs (HTTP/1.1 200) 4 headers in 158 bytes (1 switches on core 0)
2026-07-21 07:54:48.532 8 INFO neutron_taas.services.taas.taas_plugin [None req-fc630692-5b9a-4689-8f82-48bfbea659bc 61887df42cb643e1a9ba8665bfcdd7f9 d8c9cd22b8f84593939aec94ed6072d1 - - default default] TaaS: Handle Delete Port: cdf1961b-90d9-4973-91aa-9bd3ff5e45a8
2026-07-21 07:54:48.535 8 INFO neutron_taas.services.taas.tap_mirror_plugin [None req-fc630692-5b9a-4689-8f82-48bfbea659bc 61887df42cb643e1a9ba8665bfcdd7f9 d8c9cd22b8f84593939aec94ed6072d1 - - default default] Tap Mirror: Handle Delete Port: cdf1961b-90d9-4973-91aa-9bd3ff5e45a8 [pid: 8|app: 0|req: 736/1429] 10.0.0.58 () {32 vars in 725 bytes} [Tue Jul 21 07:54:48 2026] DELETE /v2.0/networks/fd121987-4a6e-422b-a40d-7b25d58ae4a0 => generated 0 bytes in 328 msecs (HTTP/1.1 204) 3 headers in 131 bytes (1 switches on core 0) [pid: 7|app: 0|req: 694/1430] 10.0.0.58 () {32 vars in 749 bytes} [Tue Jul 21 07:54:48 2026] DELETE /v2.0/security-group-rules/42b975a4-740b-4fa9-b9a1-19c7c4cf6405 => generated 0 bytes in 273 msecs (HTTP/1.1 204) 2 headers in 112 bytes (1 switches on core 0) [pid: 8|app: 0|req: 737/1431] 10.0.0.58 () {32 vars in 693 bytes} [Tue Jul 21 07:54:48 2026] GET /v2.0/networks?router%3Aexternal=True => generated 791 bytes in 77 msecs (HTTP/1.1 200) 4 headers in 157 bytes (1 switches on core 0) [pid: 7|app: 0|req: 695/1432] 10.0.0.58 () {32 vars in 722 bytes} [Tue Jul 21 07:54:48 2026] GET /v2.0/networks/6a3c6d4c-bb17-4a5a-8970-c7289a467779 => generated 711 bytes in 90 msecs (HTTP/1.1 200) 4 headers in 157 bytes (1 switches on core 0) [pid: 8|app: 0|req: 738/1433] 10.0.0.58 () {32 vars in 672 bytes} [Tue Jul 21 07:54:48 2026] GET /v2.0/security-group-rules => generated 3560 bytes in 77 msecs (HTTP/1.1 200) 4 headers in 158 bytes (1 switches on core 0) [pid: 8|app: 0|req: 739/1434] 10.0.0.58 () {32 vars in 720 bytes} [Tue Jul 21 07:54:48 2026] GET /v2.0/subnets/ef590a17-69e8-4cd7-9048-0d01344c71d9 => generated 673 bytes in 24 msecs (HTTP/1.1 200) 4 headers in 157 bytes (1 switches on core 0) [pid: 7|app: 0|req: 696/1435] 10.0.0.58 () {32 vars in 783 bytes} [Tue Jul 21 07:54:48 2026] GET /v2.0/subnets?network_id=701dd12f-0fd9-48c2-aadb-2e4752e81fe8&cidr=10.100.0.0%2F28 => generated 14 bytes in 47 msecs (HTTP/1.1 200) 4 headers in 156 bytes (1 switches on core 0)
