2026-07-21 07:53:08.146 7 INFO neutron.services.segments.plugin [-] Client error retrieving segment 4db7825d-338c-4afa-bbd2-fd94c2f2b630 resource provider; error: Placement Client Error (4xx): {"errors": [{"status": 404, "title": "Not Found", "detail": "The resource could not be found.\n\n No resource provider with uuid 4db7825d-338c-4afa-bbd2-fd94c2f2b630 found for delete ", "request_id": "req-60a4f2df-2862-478e-a39e-890acba15e67"}]} [pid: 7|app: 0|req: 367/710] 10.0.0.124 () {34 vars in 1070 bytes} [Tue Jul 21 07:53:08 2026] GET /v2.0/ports?fields=security_groups&fields=device_id&device_id=4df18f27-1ada-4997-897f-7be405508e0f => generated 12 bytes in 61 msecs (HTTP/1.1 200) 4 headers in 156 bytes (1 switches on core 0)
2026-07-21 07:53:08.160 8 INFO neutron.services.segments.plugin [-] Segment d46905e8-6591-4061-a497-bb9b308be93f resource provider aggregate not found
2026-07-21 07:53:08.175 8 INFO neutron.services.segments.plugin [-] Segment d46905e8-6591-4061-a497-bb9b308be93f resource provider aggregate not found
2026-07-21 07:53:08.184 8 INFO neutron.services.segments.plugin [-] Client error retrieving segment d46905e8-6591-4061-a497-bb9b308be93f resource provider; error: Placement Client Error (4xx): {"errors": [{"status": 404, "title": "Not Found", "detail": "The resource could not be found.\n\n No resource provider with uuid d46905e8-6591-4061-a497-bb9b308be93f found for delete ", "request_id": "req-e500ac99-9c9e-4ba5-9bd5-f78144c87f7d"}]}
2026-07-21 07:53:08.196 8 INFO neutron.services.segments.plugin [-] Client error retrieving segment d46905e8-6591-4061-a497-bb9b308be93f resource provider; error: Placement Client Error (4xx): {"errors": [{"status": 404, "title": "Not Found", "detail": "The resource could not be found.\n\n No resource provider with uuid d46905e8-6591-4061-a497-bb9b308be93f found for delete ", "request_id": "req-c7616e1f-85d2-4b1e-b2aa-5dfc385d0ba8"}]} [pid: 8|app: 0|req: 344/711] 10.0.0.58 () {32 vars in 739 bytes} [Tue Jul 21 07:53:08 2026] DELETE /v2.0/security-groups/e1f1fd34-a2e6-42b7-a77f-5daf21c9379a => generated 0 bytes in 233 msecs (HTTP/1.1 204) 2 headers in 112 bytes (1 switches on core 0) [pid: 7|app: 0|req: 368/712] 10.0.0.124 () {34 vars in 1070 bytes} [Tue Jul 21 07:53:08 2026] GET /v2.0/ports?fields=security_groups&fields=device_id&device_id=f7d8f33c-4ec6-457f-9b79-1dddb84922c6 => generated 12 bytes in 19 msecs (HTTP/1.1 200) 4 headers in 156 bytes (1 switches on core 0) [pid: 8|app: 0|req: 345/713] 10.0.0.124 () {34 vars in 1070 bytes} [Tue Jul 21 07:53:09 2026] GET /v2.0/ports?fields=security_groups&fields=device_id&device_id=4df18f27-1ada-4997-897f-7be405508e0f => generated 12 bytes in 47 msecs (HTTP/1.1 200) 4 headers in 156 bytes (1 switches on core 0) [pid: 7|app: 0|req: 369/714] 10.0.0.124 () {34 vars in 1070 bytes} [Tue Jul 21 07:53:09 2026] GET /v2.0/ports?fields=security_groups&fields=device_id&device_id=f7d8f33c-4ec6-457f-9b79-1dddb84922c6 => generated 12 bytes in 30 msecs (HTTP/1.1 200) 4 headers in 156 bytes (1 switches on core 0)
2026-07-21 07:53:09.736 7 WARNING neutron.plugins.ml2.drivers.ovn.mech_driver.ovsdb.ovn_client [None req-b0929d8b-baf6-48e4-a8af-c361bd16adeb - - - - - -] No port found with ID 71ffa9cf-fe47-483c-93a9-7768287390d5: RuntimeError: No port found with ID 71ffa9cf-fe47-483c-93a9-7768287390d5
2026-07-21 07:53:09.788 7 INFO neutron.common.ovn.utils [None req-b0929d8b-baf6-48e4-a8af-c361bd16adeb - - - - - -] HA Chassis Group neutron-fdb94d29-6be1-4886-9dc4-3fcebf5fdf8c synchronized; highest priority chassis 071b386c-0da5-40d5-a4ca-eec3f94ac15f
2026-07-21 07:53:10.459 8 INFO neutron.db.ovn_revision_numbers_db [None req-4c7f1f88-6ee1-4b65-a012-2858d8b3c977 69089283d0d541e189d1e1fcb3351685 0dd71d0c4b33455ab175aca7c86f288e - - default default] Successfully bumped revision number for resource 21a7d6df-a6e3-416b-aefc-ae1f9880ca84 (type: security_groups) to 1
2026-07-21 07:53:10.472 8 INFO neutron.db.ovn_revision_numbers_db [None req-4c7f1f88-6ee1-4b65-a012-2858d8b3c977 69089283d0d541e189d1e1fcb3351685 0dd71d0c4b33455ab175aca7c86f288e - - default default] Successfully bumped revision number for resource 0be03288-cee8-43eb-b55f-1201b71a8aba (type: security_group_rules) to 0
2026-07-21 07:53:10.488 8 INFO neutron.db.ovn_revision_numbers_db [None req-4c7f1f88-6ee1-4b65-a012-2858d8b3c977 69089283d0d541e189d1e1fcb3351685 0dd71d0c4b33455ab175aca7c86f288e - - default default] Successfully bumped revision number for resource 136952c9-a4c9-4d75-ae56-b7b2fdba5b62 (type: security_group_rules) to 0
2026-07-21 07:53:10.506 8 INFO neutron.db.ovn_revision_numbers_db [None req-4c7f1f88-6ee1-4b65-a012-2858d8b3c977 69089283d0d541e189d1e1fcb3351685 0dd71d0c4b33455ab175aca7c86f288e - - default default] Successfully bumped revision number for resource 20eafc69-6a43-42a4-9ddc-f99c9a9eb865 (type: security_group_rules) to 0
2026-07-21 07:53:10.517 7 INFO neutron.db.ovn_revision_numbers_db [None req-4aa01a47-9451-49de-8b44-09bafd5193aa 69089283d0d541e189d1e1fcb3351685 0dd71d0c4b33455ab175aca7c86f288e - - default default] Successfully bumped revision number for resource 26451c31-e20a-4aaa-95dd-d527408f4ab6 (type: security_groups) to 1
2026-07-21 07:53:10.521 8 INFO neutron.db.ovn_revision_numbers_db [None req-4c7f1f88-6ee1-4b65-a012-2858d8b3c977 69089283d0d541e189d1e1fcb3351685 0dd71d0c4b33455ab175aca7c86f288e - - default default] Successfully bumped revision number for resource 5b8fe717-b400-4cc4-87bb-1ae9c5c00250 (type: security_group_rules) to 0
2026-07-21 07:53:10.532 7 INFO neutron.db.ovn_revision_numbers_db [None req-4aa01a47-9451-49de-8b44-09bafd5193aa 69089283d0d541e189d1e1fcb3351685 0dd71d0c4b33455ab175aca7c86f288e - - default default] Successfully bumped revision number for resource 3830d737-495d-4921-96ed-b037bff7013a (type: security_group_rules) to 0
2026-07-21 07:53:10.549 7 INFO neutron.db.ovn_revision_numbers_db [None req-4aa01a47-9451-49de-8b44-09bafd5193aa 69089283d0d541e189d1e1fcb3351685 0dd71d0c4b33455ab175aca7c86f288e - - default default] Successfully bumped revision number for resource 6c4dd7eb-dc9c-44f0-a6dc-65ccf7a03e4d (type: security_group_rules) to 0
2026-07-21 07:53:10.562 7 INFO neutron.db.ovn_revision_numbers_db [None req-4aa01a47-9451-49de-8b44-09bafd5193aa 69089283d0d541e189d1e1fcb3351685 0dd71d0c4b33455ab175aca7c86f288e - - default default] Successfully bumped revision number for resource af270c77-1530-4ede-bd84-aaafd27a3b6f (type: security_group_rules) to 0
2026-07-21 07:53:10.575 7 INFO neutron.db.ovn_revision_numbers_db [None req-4aa01a47-9451-49de-8b44-09bafd5193aa 69089283d0d541e189d1e1fcb3351685 0dd71d0c4b33455ab175aca7c86f288e - - default default] Successfully bumped revision number for resource c51d3c83-78ae-4f93-ac86-237d860a18c5 (type: security_group_rules) to 0
2026-07-21 07:53:10.602 8 INFO neutron.db.segments_db [None req-4c7f1f88-6ee1-4b65-a012-2858d8b3c977 69089283d0d541e189d1e1fcb3351685 0dd71d0c4b33455ab175aca7c86f288e - - default default] Added segment a8b72be0-26ee-4bee-b5cd-b9407ea95d9b of type geneve for network 4339979a-289c-40c9-84dd-42b62e4607ae
2026-07-21 07:53:10.655 7 INFO neutron.db.segments_db [None req-4aa01a47-9451-49de-8b44-09bafd5193aa 69089283d0d541e189d1e1fcb3351685 0dd71d0c4b33455ab175aca7c86f288e - - default default] Added segment f6f78e89-572f-44da-b2bb-c80033a49fb4 of type geneve for network ace49374-a763-400e-a9ce-1fcb8333cd26
2026-07-21 07:53:10.713 8 INFO neutron.db.ovn_revision_numbers_db [None req-4c7f1f88-6ee1-4b65-a012-2858d8b3c977 69089283d0d541e189d1e1fcb3351685 0dd71d0c4b33455ab175aca7c86f288e - - default default] Successfully bumped revision number for resource 4339979a-289c-40c9-84dd-42b62e4607ae (type: networks) to 1
2026-07-21 07:53:10.790 7 INFO neutron.db.ovn_revision_numbers_db [None req-4aa01a47-9451-49de-8b44-09bafd5193aa 69089283d0d541e189d1e1fcb3351685 0dd71d0c4b33455ab175aca7c86f288e - - default default] Successfully bumped revision number for resource ace49374-a763-400e-a9ce-1fcb8333cd26 (type: networks) to 1
2026-07-21 07:53:10.905 8 WARNING neutron.scheduler.dhcp_agent_scheduler [None req-4c7f1f88-6ee1-4b65-a012-2858d8b3c977 69089283d0d541e189d1e1fcb3351685 0dd71d0c4b33455ab175aca7c86f288e - - default default] No more DHCP agents
2026-07-21 07:53:10.907 8 WARNING neutron.api.rpc.agentnotifiers.dhcp_rpc_agent_api [None req-4c7f1f88-6ee1-4b65-a012-2858d8b3c977 69089283d0d541e189d1e1fcb3351685 0dd71d0c4b33455ab175aca7c86f288e - - default default] Unable to schedule network 4339979a-289c-40c9-84dd-42b62e4607ae: no agents available; will retry on subsequent port and subnet creation events.
2026-07-21 07:53:10.962 7 INFO neutron.plugins.ml2.drivers.ovn.mech_driver.mech_driver [None req-b0929d8b-baf6-48e4-a8af-c361bd16adeb - - - - - -] OVN reports status down for port: b6e656c0-cbe9-4d82-97f1-8bd7d9fdfb42
2026-07-21 07:53:10.986 8 INFO neutron.db.ovn_revision_numbers_db [None req-4c7f1f88-6ee1-4b65-a012-2858d8b3c977 69089283d0d541e189d1e1fcb3351685 0dd71d0c4b33455ab175aca7c86f288e - - default default] Successfully bumped revision number for resource b6e656c0-cbe9-4d82-97f1-8bd7d9fdfb42 (type: ports) to 1 [pid: 8|app: 0|req: 346/715] 10.0.0.58 () {34 vars in 670 bytes} [Tue Jul 21 07:53:10 2026] POST /v2.0/networks => generated 785 bytes in 883 msecs (HTTP/1.1 201) 4 headers in 162 bytes (1 switches on core 0) [pid: 8|app: 0|req: 347/716] 10.0.0.124 () {34 vars in 1070 bytes} [Tue Jul 21 07:53:11 2026] GET /v2.0/ports?fields=security_groups&fields=device_id&device_id=4df18f27-1ada-4997-897f-7be405508e0f => generated 12 bytes in 17 msecs (HTTP/1.1 200) 4 headers in 156 bytes (1 switches on core 0)
2026-07-21 07:53:11.031 7 WARNING neutron.scheduler.dhcp_agent_scheduler [None req-4aa01a47-9451-49de-8b44-09bafd5193aa 69089283d0d541e189d1e1fcb3351685 0dd71d0c4b33455ab175aca7c86f288e - - default default] No more DHCP agents
2026-07-21 07:53:11.033 7 WARNING neutron.api.rpc.agentnotifiers.dhcp_rpc_agent_api [None req-4aa01a47-9451-49de-8b44-09bafd5193aa 69089283d0d541e189d1e1fcb3351685 0dd71d0c4b33455ab175aca7c86f288e - - default default] Unable to schedule network ace49374-a763-400e-a9ce-1fcb8333cd26: no agents available; will retry on subsequent port and subnet creation events. [pid: 8|app: 0|req: 348/717] 10.0.0.124 () {34 vars in 1070 bytes} [Tue Jul 21 07:53:11 2026] GET /v2.0/ports?fields=security_groups&fields=device_id&device_id=f7d8f33c-4ec6-457f-9b79-1dddb84922c6 => generated 12 bytes in 15 msecs (HTTP/1.1 200) 4 headers in 156 bytes (1 switches on core 0)
2026-07-21 07:53:11.118 7 INFO neutron.plugins.ml2.drivers.ovn.mech_driver.mech_driver [None req-b0929d8b-baf6-48e4-a8af-c361bd16adeb - - - - - -] OVN reports status down for port: 40870688-730d-46e2-a971-1e69654e81c9
2026-07-21 07:53:11.165 7 INFO neutron.db.ovn_revision_numbers_db [None req-4aa01a47-9451-49de-8b44-09bafd5193aa 69089283d0d541e189d1e1fcb3351685 0dd71d0c4b33455ab175aca7c86f288e - - default default] Successfully bumped revision number for resource 40870688-730d-46e2-a971-1e69654e81c9 (type: ports) to 1
2026-07-21 07:53:11.178 8 WARNING neutron.plugins.ml2.drivers.ovn.mech_driver.ovsdb.ovn_client [None req-f680a00f-f24c-413f-ac08-1b3c00246fba - - - - - -] No hosting information found for port 5ce4f312-1fc7-4c2a-98a5-e5b01370efc0: RuntimeError: No hosting information found for port 5ce4f312-1fc7-4c2a-98a5-e5b01370efc0 [pid: 7|app: 0|req: 370/718] 10.0.0.58 () {34 vars in 670 bytes} [Tue Jul 21 07:53:10 2026] POST /v2.0/networks => generated 778 bytes in 962 msecs (HTTP/1.1 201) 4 headers in 162 bytes (1 switches on core 0)
2026-07-21 07:53:11.245 8 WARNING neutron.scheduler.dhcp_agent_scheduler [None req-ec50632b-71ee-400a-bc08-2a27eb6f52b1 69089283d0d541e189d1e1fcb3351685 0dd71d0c4b33455ab175aca7c86f288e - - default default] No more DHCP agents
2026-07-21 07:53:11.248 8 WARNING neutron.api.rpc.agentnotifiers.dhcp_rpc_agent_api [None req-ec50632b-71ee-400a-bc08-2a27eb6f52b1 69089283d0d541e189d1e1fcb3351685 0dd71d0c4b33455ab175aca7c86f288e - - default default] Unable to schedule network 4339979a-289c-40c9-84dd-42b62e4607ae: no agents available; will retry on subsequent port and subnet creation events.
2026-07-21 07:53:11.296 8 INFO neutron.db.ovn_revision_numbers_db [None req-f680a00f-f24c-413f-ac08-1b3c00246fba - - - - - -] Successfully bumped revision number for resource 5ce4f312-1fc7-4c2a-98a5-e5b01370efc0 (type: router_ports) to 2
2026-07-21 07:53:11.334 7 WARNING neutron.scheduler.dhcp_agent_scheduler [None req-201213b4-1b5e-4d5a-a486-8911c2c7321a 69089283d0d541e189d1e1fcb3351685 0dd71d0c4b33455ab175aca7c86f288e - - default default] No more DHCP agents
2026-07-21 07:53:11.335 7 WARNING neutron.api.rpc.agentnotifiers.dhcp_rpc_agent_api [None req-201213b4-1b5e-4d5a-a486-8911c2c7321a 69089283d0d541e189d1e1fcb3351685 0dd71d0c4b33455ab175aca7c86f288e - - default default] Unable to schedule network ace49374-a763-400e-a9ce-1fcb8333cd26: no agents available; will retry on subsequent port and subnet creation events.
2026-07-21 07:53:11.770 8 INFO neutron.db.ovn_revision_numbers_db [None req-ec50632b-71ee-400a-bc08-2a27eb6f52b1 69089283d0d541e189d1e1fcb3351685 0dd71d0c4b33455ab175aca7c86f288e - - default default] Successfully bumped revision number for resource b6e656c0-cbe9-4d82-97f1-8bd7d9fdfb42 (type: ports) to 2
2026-07-21 07:53:11.801 8 INFO neutron.db.ovn_revision_numbers_db [None req-ec50632b-71ee-400a-bc08-2a27eb6f52b1 69089283d0d541e189d1e1fcb3351685 0dd71d0c4b33455ab175aca7c86f288e - - default default] Successfully bumped revision number for resource 94bd0025-88db-4056-ba14-8fa98c26baf6 (type: subnets) to 0
2026-07-21 07:53:11.806 7 INFO neutron.db.ovn_revision_numbers_db [None req-201213b4-1b5e-4d5a-a486-8911c2c7321a 69089283d0d541e189d1e1fcb3351685 0dd71d0c4b33455ab175aca7c86f288e - - default default] Successfully bumped revision number for resource 40870688-730d-46e2-a971-1e69654e81c9 (type: ports) to 2 [pid: 8|app: 0|req: 349/719] 10.0.0.58 () {34 vars in 668 bytes} [Tue Jul 21 07:53:11 2026] POST /v2.0/subnets => generated 691 bytes in 775 msecs (HTTP/1.1 201) 4 headers in 162 bytes (1 switches on core 0)
2026-07-21 07:53:11.841 7 INFO neutron.db.ovn_revision_numbers_db [None req-201213b4-1b5e-4d5a-a486-8911c2c7321a 69089283d0d541e189d1e1fcb3351685 0dd71d0c4b33455ab175aca7c86f288e - - default default] Successfully bumped revision number for resource 4fd2f8b2-95e8-4aca-806c-80ce8a726c9b (type: subnets) to 0 [pid: 7|app: 0|req: 371/722] 10.0.0.58 () {34 vars in 668 bytes} [Tue Jul 21 07:53:11 2026] POST /v2.0/subnets => generated 684 bytes in 656 msecs (HTTP/1.1 201) 4 headers in 162 bytes (1 switches on core 0)
2026-07-21 07:53:12.230 8 WARNING neutron.scheduler.dhcp_agent_scheduler [None req-65082ab5-d0dd-47d0-934f-f8a5253d4cef 69089283d0d541e189d1e1fcb3351685 0dd71d0c4b33455ab175aca7c86f288e - - default default] No more DHCP agents
2026-07-21 07:53:12.232 8 WARNING neutron.api.rpc.agentnotifiers.dhcp_rpc_agent_api [None req-65082ab5-d0dd-47d0-934f-f8a5253d4cef 69089283d0d541e189d1e1fcb3351685 0dd71d0c4b33455ab175aca7c86f288e - - default default] Unable to schedule network 701dd12f-0fd9-48c2-aadb-2e4752e81fe8: no agents available; will retry on subsequent port and subnet creation events.
2026-07-21 07:53:12.247 7 WARNING neutron.scheduler.dhcp_agent_scheduler [None req-b489cea2-acca-490d-8481-32dcf4e4d4b2 69089283d0d541e189d1e1fcb3351685 0dd71d0c4b33455ab175aca7c86f288e - - default default] No more DHCP agents
2026-07-21 07:53:12.249 7 WARNING neutron.api.rpc.agentnotifiers.dhcp_rpc_agent_api [None req-b489cea2-acca-490d-8481-32dcf4e4d4b2 69089283d0d541e189d1e1fcb3351685 0dd71d0c4b33455ab175aca7c86f288e - - default default] Unable to schedule network 701dd12f-0fd9-48c2-aadb-2e4752e81fe8: no agents available; will retry on subsequent port and subnet creation events.
2026-07-21 07:53:12.355 7 INFO neutron.plugins.ml2.drivers.ovn.mech_driver.mech_driver [None req-b0929d8b-baf6-48e4-a8af-c361bd16adeb - - - - - -] OVN reports status down for port: 0c2d2deb-2efb-4325-81fd-01ce5d198e5e
2026-07-21 07:53:12.381 8 INFO neutron.db.ovn_revision_numbers_db [None req-65082ab5-d0dd-47d0-934f-f8a5253d4cef 69089283d0d541e189d1e1fcb3351685 0dd71d0c4b33455ab175aca7c86f288e - - default default] Successfully bumped revision number for resource 0c2d2deb-2efb-4325-81fd-01ce5d198e5e (type: ports) to 1
2026-07-21 07:53:12.420 8 INFO neutron.plugins.ml2.drivers.ovn.mech_driver.mech_driver [None req-f680a00f-f24c-413f-ac08-1b3c00246fba - - - - - -] OVN reports status down for port: b7877e69-bb1f-4f57-802a-9dfccdea31e4
2026-07-21 07:53:12.444 7 INFO neutron.db.ovn_revision_numbers_db [None req-b489cea2-acca-490d-8481-32dcf4e4d4b2 69089283d0d541e189d1e1fcb3351685 0dd71d0c4b33455ab175aca7c86f288e - - default default] Successfully bumped revision number for resource b7877e69-bb1f-4f57-802a-9dfccdea31e4 (type: ports) to 1
2026-07-21 07:53:13.077 7 INFO neutron.plugins.ml2.drivers.ovn.mech_driver.ovsdb.ovsdb_monitor [None req-dd42c278-fc11-4214-b428-273107f5eee8 - - - - - -] Router 7f73dca7-3ca1-444d-aa0b-f21d4d9cff9d is bound to host instance
2026-07-21 07:53:13.079 8 INFO neutron.db.ovn_revision_numbers_db [None req-65082ab5-d0dd-47d0-934f-f8a5253d4cef 69089283d0d541e189d1e1fcb3351685 0dd71d0c4b33455ab175aca7c86f288e - - default default] Successfully bumped revision number for resource 0c2d2deb-2efb-4325-81fd-01ce5d198e5e (type: router_ports) to 1
2026-07-21 07:53:13.101 7 INFO neutron.plugins.ml2.drivers.ovn.mech_driver.mech_driver [None req-b0929d8b-baf6-48e4-a8af-c361bd16adeb - - - - - -] OVN reports status up for port: 0c2d2deb-2efb-4325-81fd-01ce5d198e5e
2026-07-21 07:53:13.219 7 INFO neutron.plugins.ml2.plugin [None req-b0929d8b-baf6-48e4-a8af-c361bd16adeb - - - - - -] Attempt 1 to provision port 0c2d2deb-2efb-4325-81fd-01ce5d198e5e
2026-07-21 07:53:13.248 7 INFO neutron.db.ovn_revision_numbers_db [None req-b489cea2-acca-490d-8481-32dcf4e4d4b2 69089283d0d541e189d1e1fcb3351685 0dd71d0c4b33455ab175aca7c86f288e - - default default] Successfully bumped revision number for resource b7877e69-bb1f-4f57-802a-9dfccdea31e4 (type: router_ports) to 1
2026-07-21 07:53:13.431 7 INFO neutron.db.ovn_revision_numbers_db [None req-b489cea2-acca-490d-8481-32dcf4e4d4b2 69089283d0d541e189d1e1fcb3351685 0dd71d0c4b33455ab175aca7c86f288e - - default default] Successfully bumped revision number for resource fe8fbcd4-5d75-44ef-97f3-9b8a0c24a5ec (type: routers) to 2 [pid: 7|app: 0|req: 372/723] 10.0.0.58 () {34 vars in 668 bytes} [Tue Jul 21 07:53:11 2026] POST /v2.0/routers => generated 983 bytes in 1601 msecs (HTTP/1.1 201) 4 headers in 162 bytes (1 switches on core 0) [pid: 7|app: 0|req: 373/724] 10.0.0.124 () {34 vars in 1070 bytes} [Tue Jul 21 07:53:13 2026] GET /v2.0/ports?fields=security_groups&fields=device_id&device_id=4df18f27-1ada-4997-897f-7be405508e0f => generated 12 bytes in 31 msecs (HTTP/1.1 200) 4 headers in 156 bytes (1 switches on core 0)
2026-07-21 07:53:13.505 8 INFO neutron.plugins.ml2.drivers.ovn.mech_driver.ovsdb.ovsdb_monitor [None req-f0afb602-d1f9-41d1-b22a-1cf07c8b6137 - - - - - -] Router fe8fbcd4-5d75-44ef-97f3-9b8a0c24a5ec is bound to host instance [pid: 7|app: 0|req: 374/725] 10.0.0.124 () {34 vars in 1070 bytes} [Tue Jul 21 07:53:13 2026] GET /v2.0/ports?fields=security_groups&fields=device_id&device_id=f7d8f33c-4ec6-457f-9b79-1dddb84922c6 => generated 12 bytes in 37 msecs (HTTP/1.1 200) 4 headers in 156 bytes (1 switches on core 0)
2026-07-21 07:53:13.553 8 INFO neutron.db.ovn_revision_numbers_db [None req-65082ab5-d0dd-47d0-934f-f8a5253d4cef 69089283d0d541e189d1e1fcb3351685 0dd71d0c4b33455ab175aca7c86f288e - - default default] Successfully bumped revision number for resource 7f73dca7-3ca1-444d-aa0b-f21d4d9cff9d (type: routers) to 2
2026-07-21 07:53:13.572 8 INFO neutron.plugins.ml2.drivers.ovn.mech_driver.mech_driver [None req-f680a00f-f24c-413f-ac08-1b3c00246fba - - - - - -] OVN reports status up for port: b7877e69-bb1f-4f57-802a-9dfccdea31e4 [pid: 8|app: 0|req: 352/726] 10.0.0.58 () {34 vars in 668 bytes} [Tue Jul 21 07:53:11 2026] POST /v2.0/routers => generated 990 bytes in 1772 msecs (HTTP/1.1 201) 4 headers in 162 bytes (1 switches on core 0)
2026-07-21 07:53:13.606 8 INFO neutron.plugins.ml2.plugin [None req-f680a00f-f24c-413f-ac08-1b3c00246fba - - - - - -] Attempt 1 to provision port b7877e69-bb1f-4f57-802a-9dfccdea31e4
2026-07-21 07:53:14.510 8 WARNING neutron.scheduler.dhcp_agent_scheduler [None req-75aceb96-0625-4205-b4aa-9f1e5e567656 69089283d0d541e189d1e1fcb3351685 0dd71d0c4b33455ab175aca7c86f288e - - default default] No more DHCP agents
2026-07-21 07:53:14.513 8 WARNING neutron.api.rpc.agentnotifiers.dhcp_rpc_agent_api [None req-75aceb96-0625-4205-b4aa-9f1e5e567656 69089283d0d541e189d1e1fcb3351685 0dd71d0c4b33455ab175aca7c86f288e - - default default] Unable to schedule network 4339979a-289c-40c9-84dd-42b62e4607ae: no agents available; will retry on subsequent port and subnet creation events.
2026-07-21 07:53:14.705 7 WARNING neutron.scheduler.dhcp_agent_scheduler [None req-0634acf0-f65a-401f-b9e7-3582000b8add 69089283d0d541e189d1e1fcb3351685 0dd71d0c4b33455ab175aca7c86f288e - - default default] No more DHCP agents
2026-07-21 07:53:14.709 7 WARNING neutron.api.rpc.agentnotifiers.dhcp_rpc_agent_api [None req-0634acf0-f65a-401f-b9e7-3582000b8add 69089283d0d541e189d1e1fcb3351685 0dd71d0c4b33455ab175aca7c86f288e - - default default] Unable to schedule network ace49374-a763-400e-a9ce-1fcb8333cd26: no agents available; will retry on subsequent port and subnet creation events.
2026-07-21 07:53:14.790 8 INFO neutron.db.ovn_revision_numbers_db [None req-75aceb96-0625-4205-b4aa-9f1e5e567656 69089283d0d541e189d1e1fcb3351685 0dd71d0c4b33455ab175aca7c86f288e - - default default] Successfully bumped revision number for resource 91f586cf-8015-4a91-a908-a2042e2a8a52 (type: ports) to 1
2026-07-21 07:53:15.028 7 INFO neutron.db.ovn_revision_numbers_db [None req-0634acf0-f65a-401f-b9e7-3582000b8add 69089283d0d541e189d1e1fcb3351685 0dd71d0c4b33455ab175aca7c86f288e - - default default] Successfully bumped revision number for resource 3e8e0929-a4dd-44db-95ca-18ae7fc4779c (type: ports) to 1
2026-07-21 07:53:15.182 7 INFO neutron.db.ovn_revision_numbers_db [None req-b6ceeca4-2d58-43fc-b7b9-910dc7a84d87 - - - - - -] Successfully bumped revision number for resource 0c2d2deb-2efb-4325-81fd-01ce5d198e5e (type: ports) to 4
2026-07-21 07:53:15.247 8 INFO neutron.db.ovn_revision_numbers_db [None req-71d76c96-7b90-4aab-aa92-486cd6c9233b - - - - - -] Successfully bumped revision number for resource b7877e69-bb1f-4f57-802a-9dfccdea31e4 (type: ports) to 4
2026-07-21 07:53:15.885 7 INFO neutron.db.ovn_revision_numbers_db [None req-b6ceeca4-2d58-43fc-b7b9-910dc7a84d87 - - - - - -] Successfully bumped revision number for resource 0c2d2deb-2efb-4325-81fd-01ce5d198e5e (type: ports) to 5
2026-07-21 07:53:15.932 8 INFO neutron.db.ovn_revision_numbers_db [None req-71d76c96-7b90-4aab-aa92-486cd6c9233b - - - - - -] Successfully bumped revision number for resource b7877e69-bb1f-4f57-802a-9dfccdea31e4 (type: ports) to 5
2026-07-21 07:53:16.117 7 INFO neutron.plugins.ml2.drivers.ovn.mech_driver.mech_driver [None req-b0929d8b-baf6-48e4-a8af-c361bd16adeb - - - - - -] OVN reports status down for port: 91f586cf-8015-4a91-a908-a2042e2a8a52
2026-07-21 07:53:16.133 8 INFO neutron.plugins.ml2.drivers.ovn.mech_driver.mech_driver [None req-f680a00f-f24c-413f-ac08-1b3c00246fba - - - - - -] OVN reports status down for port: 3e8e0929-a4dd-44db-95ca-18ae7fc4779c
2026-07-21 07:53:16.154 8 WARNING neutron.scheduler.dhcp_agent_scheduler [None req-75aceb96-0625-4205-b4aa-9f1e5e567656 69089283d0d541e189d1e1fcb3351685 0dd71d0c4b33455ab175aca7c86f288e - - default default] No more DHCP agents
2026-07-21 07:53:16.158 8 WARNING neutron.api.rpc.agentnotifiers.dhcp_rpc_agent_api [None req-75aceb96-0625-4205-b4aa-9f1e5e567656 69089283d0d541e189d1e1fcb3351685 0dd71d0c4b33455ab175aca7c86f288e - - default default] Unable to schedule network 4339979a-289c-40c9-84dd-42b62e4607ae: no agents available; will retry on subsequent port and subnet creation events.
2026-07-21 07:53:16.274 7 WARNING neutron.plugins.ml2.drivers.ovn.mech_driver.ovsdb.ovn_client [None req-b0929d8b-baf6-48e4-a8af-c361bd16adeb - - - - - -] Logical_Switch_Port 91f586cf-8015-4a91-a908-a2042e2a8a52 host information not removed, the port state is up
2026-07-21 07:53:16.275 7 INFO neutron.plugins.ml2.drivers.ovn.mech_driver.mech_driver [None req-b0929d8b-baf6-48e4-a8af-c361bd16adeb - - - - - -] OVN reports status up for port: 91f586cf-8015-4a91-a908-a2042e2a8a52
2026-07-21 07:53:16.295 7 INFO neutron.plugins.ml2.plugin [None req-b0929d8b-baf6-48e4-a8af-c361bd16adeb - - - - - -] Attempt 1 to provision port 91f586cf-8015-4a91-a908-a2042e2a8a52
2026-07-21 07:53:16.310 8 WARNING neutron.plugins.ml2.drivers.ovn.mech_driver.ovsdb.ovn_client [None req-f680a00f-f24c-413f-ac08-1b3c00246fba - - - - - -] Logical_Switch_Port 3e8e0929-a4dd-44db-95ca-18ae7fc4779c host information not removed, the port state is up
2026-07-21 07:53:16.311 8 INFO neutron.plugins.ml2.drivers.ovn.mech_driver.mech_driver [None req-f680a00f-f24c-413f-ac08-1b3c00246fba - - - - - -] OVN reports status up for port: 3e8e0929-a4dd-44db-95ca-18ae7fc4779c
2026-07-21 07:53:16.331 8 INFO neutron.plugins.ml2.plugin [None req-f680a00f-f24c-413f-ac08-1b3c00246fba - - - - - -] Attempt 1 to provision port 3e8e0929-a4dd-44db-95ca-18ae7fc4779c
2026-07-21 07:53:16.395 7 WARNING neutron.scheduler.dhcp_agent_scheduler [None req-0634acf0-f65a-401f-b9e7-3582000b8add 69089283d0d541e189d1e1fcb3351685 0dd71d0c4b33455ab175aca7c86f288e - - default default] No more DHCP agents
2026-07-21 07:53:16.400 7 WARNING neutron.api.rpc.agentnotifiers.dhcp_rpc_agent_api [None req-0634acf0-f65a-401f-b9e7-3582000b8add 69089283d0d541e189d1e1fcb3351685 0dd71d0c4b33455ab175aca7c86f288e - - default default] Unable to schedule network ace49374-a763-400e-a9ce-1fcb8333cd26: no agents available; will retry on subsequent port and subnet creation events.
2026-07-21 07:53:16.892 8 INFO neutron.db.ovn_revision_numbers_db [None req-75aceb96-0625-4205-b4aa-9f1e5e567656 69089283d0d541e189d1e1fcb3351685 0dd71d0c4b33455ab175aca7c86f288e - - default default] Successfully bumped revision number for resource 91f586cf-8015-4a91-a908-a2042e2a8a52 (type: router_ports) to 1 [pid: 8|app: 0|req: 353/727] 10.0.0.58 () {34 vars in 782 bytes} [Tue Jul 21 07:53:13 2026] PUT /v2.0/routers/7f73dca7-3ca1-444d-aa0b-f21d4d9cff9d/add_router_interface => generated 310 bytes in 3300 msecs (HTTP/1.1 200) 4 headers in 157 bytes (1 switches on core 0) [pid: 8|app: 0|req: 354/728] 10.0.0.124 () {34 vars in 1070 bytes} [Tue Jul 21 07:53:16 2026] GET /v2.0/ports?fields=security_groups&fields=device_id&device_id=4df18f27-1ada-4997-897f-7be405508e0f => generated 12 bytes in 34 msecs (HTTP/1.1 200) 4 headers in 156 bytes (1 switches on core 0) [pid: 8|app: 0|req: 355/729] 10.0.0.124 () {34 vars in 1070 bytes} [Tue Jul 21 07:53:16 2026] GET /v2.0/ports?fields=security_groups&fields=device_id&device_id=f7d8f33c-4ec6-457f-9b79-1dddb84922c6 => generated 12 bytes in 32 msecs (HTTP/1.1 200) 4 headers in 156 bytes (1 switches on core 0)
2026-07-21 07:53:17.055 8 INFO neutron.db.ovn_revision_numbers_db [None req-f680a00f-f24c-413f-ac08-1b3c00246fba - - - - - -] Successfully bumped revision number for resource 3e8e0929-a4dd-44db-95ca-18ae7fc4779c (type: ports) to 2 [pid: 8|app: 0|req: 356/730] 199.204.45.89 () {34 vars in 985 bytes} [Tue Jul 21 07:53:16 2026] GET /v2.0/networks?id=fdb94d29-6be1-4886-9dc4-3fcebf5fdf8c => generated 722 bytes in 145 msecs (HTTP/1.1 200) 4 headers in 157 bytes (1 switches on core 0) [pid: 8|app: 0|req: 357/731] 199.204.45.89 () {34 vars in 910 bytes} [Tue Jul 21 07:53:17 2026] GET /v2.0/extensions => generated 22668 bytes in 18 msecs (HTTP/1.1 200) 4 headers in 159 bytes (1 switches on core 0)
2026-07-21 07:53:17.183 8 WARNING neutron.db.securitygroups_db [req-74dc2329-6d20-4a9e-8168-5245143d55cb req-25702c52-2df5-44c9-b345-7cd01f90d69d 0d115b45d6714d13b5f4b782adbde9ff 1f9a86a7e1c343deaaf248d4c558d192 - - default default] project_id key not found in filters, using tenant_id instead. This support has been deprecated and will be removed in a future release. [pid: 8|app: 0|req: 358/732] 199.204.45.89 () {34 vars in 1049 bytes} [Tue Jul 21 07:53:17 2026] GET /v2.0/security-groups?fields=id&fields=name&tenant_id=1f9a86a7e1c343deaaf248d4c558d192 => generated 180 bytes in 50 msecs (HTTP/1.1 200) 4 headers in 157 bytes (1 switches on core 0)
2026-07-21 07:53:17.277 7 INFO neutron.db.ovn_revision_numbers_db [None req-b0929d8b-baf6-48e4-a8af-c361bd16adeb - - - - - -] Successfully bumped revision number for resource 91f586cf-8015-4a91-a908-a2042e2a8a52 (type: ports) to 2
2026-07-21 07:53:17.323 7 INFO neutron.db.ovn_revision_numbers_db [None req-0634acf0-f65a-401f-b9e7-3582000b8add 69089283d0d541e189d1e1fcb3351685 0dd71d0c4b33455ab175aca7c86f288e - - default default] Successfully bumped revision number for resource 3e8e0929-a4dd-44db-95ca-18ae7fc4779c (type: router_ports) to 1 [pid: 7|app: 0|req: 375/733] 10.0.0.58 () {34 vars in 782 bytes} [Tue Jul 21 07:53:13 2026] PUT /v2.0/routers/fe8fbcd4-5d75-44ef-97f3-9b8a0c24a5ec/add_router_interface => generated 310 bytes in 3796 msecs (HTTP/1.1 200) 4 headers in 157 bytes (1 switches on core 0)
2026-07-21 07:53:17.518 7 INFO neutron.db.ovn_revision_numbers_db [None req-2d615682-20d2-421f-9629-d6835b9dae38 95b06d2b034247f8857fb1df64c2e527 f66fae7b0bd74e78a85fd9a55a627854 - - default default] Successfully bumped revision number for resource 9a42ef44-a454-42b7-86e9-8ac53c181414 (type: security_groups) to 1
2026-07-21 07:53:17.529 7 INFO neutron.db.ovn_revision_numbers_db [None req-2d615682-20d2-421f-9629-d6835b9dae38 95b06d2b034247f8857fb1df64c2e527 f66fae7b0bd74e78a85fd9a55a627854 - - default default] Successfully bumped revision number for resource 5b6db425-7ac9-42d7-99b1-bfb25ef3cdc2 (type: security_group_rules) to 0
2026-07-21 07:53:17.539 7 INFO neutron.db.ovn_revision_numbers_db [None req-2d615682-20d2-421f-9629-d6835b9dae38 95b06d2b034247f8857fb1df64c2e527 f66fae7b0bd74e78a85fd9a55a627854 - - default default] Successfully bumped revision number for resource 810e4056-a17d-4536-b726-ede495e79773 (type: security_group_rules) to 0 [pid: 7|app: 0|req: 376/734] 10.0.0.58 () {34 vars in 684 bytes} [Tue Jul 21 07:53:17 2026] POST /v2.0/security-groups => generated 1660 bytes in 176 msecs (HTTP/1.1 201) 4 headers in 163 bytes (1 switches on core 0)
2026-07-21 07:53:17.677 8 WARNING neutron.scheduler.dhcp_agent_scheduler [req-74dc2329-6d20-4a9e-8168-5245143d55cb req-c05c11de-298c-4800-a545-6580c548286d 0d115b45d6714d13b5f4b782adbde9ff 1f9a86a7e1c343deaaf248d4c558d192 - - default default] No more DHCP agents
2026-07-21 07:53:17.678 8 WARNING neutron.api.rpc.agentnotifiers.dhcp_rpc_agent_api [req-74dc2329-6d20-4a9e-8168-5245143d55cb req-c05c11de-298c-4800-a545-6580c548286d 0d115b45d6714d13b5f4b782adbde9ff 1f9a86a7e1c343deaaf248d4c558d192 - - default default] Unable to schedule network fdb94d29-6be1-4886-9dc4-3fcebf5fdf8c: no agents available; will retry on subsequent port and subnet creation events.
2026-07-21 07:53:17.709 7 INFO neutron.db.ovn_revision_numbers_db [None req-83ba76c3-b6fc-40db-a45f-f20a6710f94c 95b06d2b034247f8857fb1df64c2e527 f66fae7b0bd74e78a85fd9a55a627854 - - default default] Successfully bumped revision number for resource 37608894-1f1c-427e-af60-d35e68b0ab5f (type: security_group_rules) to 0 [pid: 7|app: 0|req: 377/735] 10.0.0.58 () {34 vars in 694 bytes} [Tue Jul 21 07:53:17 2026] POST /v2.0/security-group-rules => generated 597 bytes in 153 msecs (HTTP/1.1 201) 4 headers in 162 bytes (1 switches on core 0) [pid: 7|app: 0|req: 378/736] 199.204.45.89 () {34 vars in 985 bytes} [Tue Jul 21 07:53:17 2026] GET /v2.0/networks?id=499d7703-80d3-40a1-b69b-0b51bc3f6b5e => generated 718 bytes in 60 msecs (HTTP/1.1 200) 4 headers in 157 bytes (1 switches on core 0)
2026-07-21 07:53:17.921 8 INFO neutron.db.ovn_revision_numbers_db [req-74dc2329-6d20-4a9e-8168-5245143d55cb req-c05c11de-298c-4800-a545-6580c548286d 0d115b45d6714d13b5f4b782adbde9ff 1f9a86a7e1c343deaaf248d4c558d192 - - default default] Successfully bumped revision number for resource 3f119f9a-9ed5-4893-b0b4-e6328ce4e7ed (type: ports) to 1
2026-07-21 07:53:17.963 7 INFO neutron.db.ovn_revision_numbers_db [None req-892d72d3-f448-414a-9465-b4e6093abfde 95b06d2b034247f8857fb1df64c2e527 f66fae7b0bd74e78a85fd9a55a627854 - - default default] Successfully bumped revision number for resource 479207dd-4e1a-4d29-b0fc-1e3dc0c9cdbc (type: security_group_rules) to 0 [pid: 8|app: 0|req: 359/737] 199.204.45.89 () {38 vars in 954 bytes} [Tue Jul 21 07:53:17 2026] POST /v2.0/ports => generated 954 bytes in 739 msecs (HTTP/1.1 201) 4 headers in 162 bytes (1 switches on core 0) /var/lib/openstack/lib/python3.12/site-packages/pycadf/identifier.py:70: UserWarning: Invalid uuid: neutron. To ensure interoperability, identifiers should be a valid uuid. warnings.warn(('Invalid uuid: %s. To ensure interoperability, '
2026-07-21 07:53:17.974 8 WARNING neutron.db.securitygroups_db [req-95c38513-44f8-41d1-89fe-13cbd2878a00 req-f414bfe7-cad3-4c47-a009-cbc878ad212d 08c0c2ac9f52477a9d4eac2d5c59e70d 75c9e7f91e3145418cc16c721a457029 - - default default] project_id key not found in filters, using tenant_id instead. This support has been deprecated and will be removed in a future release. [pid: 7|app: 0|req: 379/738] 10.0.0.58 () {34 vars in 694 bytes} [Tue Jul 21 07:53:17 2026] POST /v2.0/security-group-rules => generated 602 bytes in 200 msecs (HTTP/1.1 201) 4 headers in 162 bytes (1 switches on core 0) [pid: 8|app: 0|req: 360/739] 199.204.45.89 () {34 vars in 1049 bytes} [Tue Jul 21 07:53:17 2026] GET /v2.0/security-groups?fields=id&fields=name&tenant_id=75c9e7f91e3145418cc16c721a457029 => generated 181 bytes in 47 msecs (HTTP/1.1 200) 4 headers in 157 bytes (1 switches on core 0)
2026-07-21 07:53:18.154 7 INFO neutron.db.ovn_revision_numbers_db [None req-6db085fb-07f7-4eb7-ba44-29b3881bd663 906966eaa3cc44aeaa7bf0bfda124d76 a404d77fe3e74c818ba5f0694ec75f16 - - default default] Successfully bumped revision number for resource ee55b57a-351e-42a5-88c7-52883ad035b6 (type: security_groups) to 1
2026-07-21 07:53:18.165 7 INFO neutron.db.ovn_revision_numbers_db [None req-6db085fb-07f7-4eb7-ba44-29b3881bd663 906966eaa3cc44aeaa7bf0bfda124d76 a404d77fe3e74c818ba5f0694ec75f16 - - default default] Successfully bumped revision number for resource 87cdb448-3ab1-4efb-8e62-f8ad10ae74c6 (type: security_group_rules) to 0
2026-07-21 07:53:18.191 7 INFO neutron.db.ovn_revision_numbers_db [None req-6db085fb-07f7-4eb7-ba44-29b3881bd663 906966eaa3cc44aeaa7bf0bfda124d76 a404d77fe3e74c818ba5f0694ec75f16 - - default default] Successfully bumped revision number for resource 92d21545-e73f-4be2-8093-64ab13b4d00c (type: security_group_rules) to 0 [pid: 7|app: 0|req: 380/740] 10.0.0.58 () {34 vars in 684 bytes} [Tue Jul 21 07:53:18 2026] POST /v2.0/security-groups => generated 1661 bytes in 234 msecs (HTTP/1.1 201) 4 headers in 163 bytes (1 switches on core 0) [pid: 7|app: 0|req: 381/741] 10.0.0.124 () {34 vars in 1070 bytes} [Tue Jul 21 07:53:18 2026] GET /v2.0/ports?fields=security_groups&fields=device_id&device_id=4df18f27-1ada-4997-897f-7be405508e0f => generated 123 bytes in 71 msecs (HTTP/1.1 200) 4 headers in 157 bytes (1 switches on core 0)
2026-07-21 07:53:18.314 8 WARNING neutron.scheduler.dhcp_agent_scheduler [None req-636f8bc8-5c21-42e1-9708-46c4e5774017 95b06d2b034247f8857fb1df64c2e527 f66fae7b0bd74e78a85fd9a55a627854 - - default default] No more DHCP agents
2026-07-21 07:53:18.315 8 WARNING neutron.api.rpc.agentnotifiers.dhcp_rpc_agent_api [None req-636f8bc8-5c21-42e1-9708-46c4e5774017 95b06d2b034247f8857fb1df64c2e527 f66fae7b0bd74e78a85fd9a55a627854 - - default default] Unable to schedule network 701dd12f-0fd9-48c2-aadb-2e4752e81fe8: no agents available; will retry on subsequent port and subnet creation events.
2026-07-21 07:53:18.629 7 WARNING neutron.scheduler.dhcp_agent_scheduler [req-95c38513-44f8-41d1-89fe-13cbd2878a00 req-87d1c243-53e9-47fc-a703-eda1fa891dd5 08c0c2ac9f52477a9d4eac2d5c59e70d 75c9e7f91e3145418cc16c721a457029 - - default default] No more DHCP agents
2026-07-21 07:53:18.631 7 WARNING neutron.api.rpc.agentnotifiers.dhcp_rpc_agent_api [req-95c38513-44f8-41d1-89fe-13cbd2878a00 req-87d1c243-53e9-47fc-a703-eda1fa891dd5 08c0c2ac9f52477a9d4eac2d5c59e70d 75c9e7f91e3145418cc16c721a457029 - - default default] Unable to schedule network 499d7703-80d3-40a1-b69b-0b51bc3f6b5e: no agents available; will retry on subsequent port and subnet creation events. [pid: 8|app: 0|req: 361/742] 10.0.0.58 () {34 vars in 675 bytes} [Tue Jul 21 07:53:18 2026] POST /v2.0/floatingips => generated 552 bytes in 626 msecs (HTTP/1.1 201) 4 headers in 162 bytes (1 switches on core 0) [pid: 8|app: 0|req: 362/743] 10.0.0.124 () {34 vars in 1070 bytes} [Tue Jul 21 07:53:18 2026] GET /v2.0/ports?fields=security_groups&fields=device_id&device_id=f7d8f33c-4ec6-457f-9b79-1dddb84922c6 => generated 123 bytes in 81 msecs (HTTP/1.1 200) 4 headers in 157 bytes (1 switches on core 0)
2026-07-21 07:53:18.848 7 INFO neutron.db.ovn_revision_numbers_db [req-95c38513-44f8-41d1-89fe-13cbd2878a00 req-87d1c243-53e9-47fc-a703-eda1fa891dd5 08c0c2ac9f52477a9d4eac2d5c59e70d 75c9e7f91e3145418cc16c721a457029 - - default default] Successfully bumped revision number for resource 2a796edb-3c10-4209-ab32-8fb1949ea813 (type: ports) to 1 [pid: 7|app: 0|req: 382/744] 199.204.45.89 () {38 vars in 954 bytes} [Tue Jul 21 07:53:18 2026] POST /v2.0/ports => generated 958 bytes in 573 msecs (HTTP/1.1 201) 4 headers in 162 bytes (1 switches on core 0) /var/lib/openstack/lib/python3.12/site-packages/pycadf/identifier.py:70: UserWarning: Invalid uuid: neutron. To ensure interoperability, identifiers should be a valid uuid. warnings.warn(('Invalid uuid: %s. To ensure interoperability, '
2026-07-21 07:53:18.931 8 INFO neutron.db.ovn_revision_numbers_db [None req-7ffb954d-463c-4ba1-917d-66e38562e32d 906966eaa3cc44aeaa7bf0bfda124d76 a404d77fe3e74c818ba5f0694ec75f16 - - default default] Successfully bumped revision number for resource 49d9223c-f889-4b70-9676-211d9e240318 (type: security_group_rules) to 0 [pid: 8|app: 0|req: 363/745] 10.0.0.58 () {34 vars in 694 bytes} [Tue Jul 21 07:53:18 2026] POST /v2.0/security-group-rules => generated 597 bytes in 244 msecs (HTTP/1.1 201) 4 headers in 162 bytes (1 switches on core 0) [pid: 8|app: 0|req: 364/746] 10.0.0.124 () {34 vars in 1040 bytes} [Tue Jul 21 07:53:18 2026] GET /v2.0/security-groups?id=9f40f25c-8945-4e16-a5a1-9557ae74fb24&fields=id&fields=name => generated 113 bytes in 42 msecs (HTTP/1.1 200) 4 headers in 157 bytes (1 switches on core 0) [pid: 8|app: 0|req: 365/747] 10.0.0.124 () {34 vars in 1040 bytes} [Tue Jul 21 07:53:19 2026] GET /v2.0/security-groups?id=6db9abe1-9cfc-4b6d-8563-b2462c6f87f9&fields=id&fields=name => generated 114 bytes in 30 msecs (HTTP/1.1 200) 4 headers in 157 bytes (1 switches on core 0)
2026-07-21 07:53:19.280 7 INFO neutron.db.ovn_revision_numbers_db [req-74dc2329-6d20-4a9e-8168-5245143d55cb req-0309f317-5a79-4e7c-bb27-9ecce471614d ae0167b78d4b40f58f0d457ffb4db52b 5353711bb5cd40f2a8290f05461b8a2a - - 0d0c9a0c08f84680b683812fa251201e 0d0c9a0c08f84680b683812fa251201e] Successfully bumped revision number for resource 3f119f9a-9ed5-4893-b0b4-e6328ce4e7ed (type: ports) to 2
2026-07-21 07:53:19.409 8 INFO neutron.db.ovn_revision_numbers_db [req-95c38513-44f8-41d1-89fe-13cbd2878a00 req-854ccd8b-1ac6-4b8d-b8f9-cf12c664252d ae0167b78d4b40f58f0d457ffb4db52b 5353711bb5cd40f2a8290f05461b8a2a - - 0d0c9a0c08f84680b683812fa251201e 0d0c9a0c08f84680b683812fa251201e] Successfully bumped revision number for resource 2a796edb-3c10-4209-ab32-8fb1949ea813 (type: ports) to 2
2026-07-21 07:53:19.540 7 INFO neutron.db.ovn_revision_numbers_db [req-74dc2329-6d20-4a9e-8168-5245143d55cb req-0309f317-5a79-4e7c-bb27-9ecce471614d ae0167b78d4b40f58f0d457ffb4db52b 5353711bb5cd40f2a8290f05461b8a2a - - 0d0c9a0c08f84680b683812fa251201e 0d0c9a0c08f84680b683812fa251201e] Successfully bumped revision number for resource 3f119f9a-9ed5-4893-b0b4-e6328ce4e7ed (type: ports) to 4 [pid: 7|app: 0|req: 383/748] 199.204.45.89 () {38 vars in 1027 bytes} [Tue Jul 21 07:53:18 2026] PUT /v2.0/ports/3f119f9a-9ed5-4893-b0b4-e6328ce4e7ed => generated 1226 bytes in 708 msecs (HTTP/1.1 200) 4 headers in 158 bytes (1 switches on core 0) /var/lib/openstack/lib/python3.12/site-packages/pycadf/identifier.py:70: UserWarning: Invalid uuid: neutron. To ensure interoperability, identifiers should be a valid uuid. warnings.warn(('Invalid uuid: %s. To ensure interoperability, '
2026-07-21 07:53:19.672 8 INFO neutron.db.ovn_revision_numbers_db [req-95c38513-44f8-41d1-89fe-13cbd2878a00 req-854ccd8b-1ac6-4b8d-b8f9-cf12c664252d ae0167b78d4b40f58f0d457ffb4db52b 5353711bb5cd40f2a8290f05461b8a2a - - 0d0c9a0c08f84680b683812fa251201e 0d0c9a0c08f84680b683812fa251201e] Successfully bumped revision number for resource 2a796edb-3c10-4209-ab32-8fb1949ea813 (type: ports) to 4 [pid: 8|app: 0|req: 366/749] 199.204.45.89 () {38 vars in 1027 bytes} [Tue Jul 21 07:53:19 2026] PUT /v2.0/ports/2a796edb-3c10-4209-ab32-8fb1949ea813 => generated 1230 bytes in 651 msecs (HTTP/1.1 200) 4 headers in 158 bytes (1 switches on core 0) /var/lib/openstack/lib/python3.12/site-packages/pycadf/identifier.py:70: UserWarning: Invalid uuid: neutron. To ensure interoperability, identifiers should be a valid uuid. warnings.warn(('Invalid uuid: %s. To ensure interoperability, '
2026-07-21 07:53:19.702 8 WARNING neutron.db.securitygroups_db [req-fbf58b60-813c-4691-9b48-b7318eda8cec req-7b532e97-fc71-4416-8dae-1f1e35f3eb88 95b06d2b034247f8857fb1df64c2e527 f66fae7b0bd74e78a85fd9a55a627854 - - default default] project_id key not found in filters, using tenant_id instead. This support has been deprecated and will be removed in a future release. [pid: 8|app: 0|req: 367/750] 10.0.0.124 () {34 vars in 1098 bytes} [Tue Jul 21 07:53:19 2026] GET /v2.0/security-groups?name=tempest-securitygroup--157279551&fields=id&tenant_id=f66fae7b0bd74e78a85fd9a55a627854 => generated 69 bytes in 44 msecs (HTTP/1.1 200) 4 headers in 156 bytes (1 switches on core 0)
2026-07-21 07:53:19.761 7 INFO neutron.db.ovn_revision_numbers_db [None req-038ef365-46ce-42a9-9ae6-0e6b4fd9ebd7 906966eaa3cc44aeaa7bf0bfda124d76 a404d77fe3e74c818ba5f0694ec75f16 - - default default] Successfully bumped revision number for resource 1a117d6d-5ce9-4b58-9793-c8217da9c1ef (type: security_group_rules) to 0 [pid: 7|app: 0|req: 384/751] 10.0.0.58 () {34 vars in 694 bytes} [Tue Jul 21 07:53:19 2026] POST /v2.0/security-group-rules => generated 602 bytes in 207 msecs (HTTP/1.1 201) 4 headers in 162 bytes (1 switches on core 0) [pid: 8|app: 0|req: 368/752] 10.0.0.124 () {34 vars in 982 bytes} [Tue Jul 21 07:53:19 2026] GET /v2.0/networks?id=4339979a-289c-40c9-84dd-42b62e4607ae => generated 714 bytes in 59 msecs (HTTP/1.1 200) 4 headers in 157 bytes (1 switches on core 0) [pid: 8|app: 0|req: 369/753] 10.0.0.124 () {34 vars in 965 bytes} [Tue Jul 21 07:53:19 2026] GET /v2.0/quotas/f66fae7b0bd74e78a85fd9a55a627854 => generated 312 bytes in 17 msecs (HTTP/1.1 200) 4 headers in 157 bytes (1 switches on core 0) [pid: 8|app: 0|req: 370/754] 10.0.0.124 () {34 vars in 1002 bytes} [Tue Jul 21 07:53:19 2026] GET /v2.0/ports?tenant_id=f66fae7b0bd74e78a85fd9a55a627854&fields=id => generated 103 bytes in 79 msecs (HTTP/1.1 200) 4 headers in 157 bytes (1 switches on core 0) [pid: 8|app: 0|req: 371/755] 10.0.0.124 () {34 vars in 1008 bytes} [Tue Jul 21 07:53:19 2026] GET /v2.0/networks/4339979a-289c-40c9-84dd-42b62e4607ae?fields=segments => generated 14 bytes in 66 msecs (HTTP/1.1 200) 4 headers in 156 bytes (1 switches on core 0)
2026-07-21 07:53:20.038 7 WARNING neutron.scheduler.dhcp_agent_scheduler [None req-d74aa10d-6790-4ccc-8d94-1abc244249e7 906966eaa3cc44aeaa7bf0bfda124d76 a404d77fe3e74c818ba5f0694ec75f16 - - default default] No more DHCP agents
2026-07-21 07:53:20.039 7 WARNING neutron.api.rpc.agentnotifiers.dhcp_rpc_agent_api [None req-d74aa10d-6790-4ccc-8d94-1abc244249e7 906966eaa3cc44aeaa7bf0bfda124d76 a404d77fe3e74c818ba5f0694ec75f16 - - default default] Unable to schedule network 701dd12f-0fd9-48c2-aadb-2e4752e81fe8: no agents available; will retry on subsequent port and subnet creation events.
2026-07-21 07:53:20.069 7 INFO neutron.notifiers.nova [-] Nova event matching ['req-730f1e95-fa34-4ff0-99eb-7919bdb5b025'] response: {'name': 'network-changed', 'server_uuid': '4df18f27-1ada-4997-897f-7be405508e0f', 'tag': '3f119f9a-9ed5-4893-b0b4-e6328ce4e7ed', 'status': 'completed', 'code': 200} [pid: 8|app: 0|req: 372/756] 10.0.0.124 () {34 vars in 1108 bytes} [Tue Jul 21 07:53:20 2026] GET /v2.0/networks/4339979a-289c-40c9-84dd-42b62e4607ae?fields=provider%3Aphysical_network&fields=provider%3Anetwork_type => generated 79 bytes in 71 msecs (HTTP/1.1 200) 4 headers in 156 bytes (1 switches on core 0) [pid: 8|app: 0|req: 373/757] 10.0.0.124 () {34 vars in 1070 bytes} [Tue Jul 21 07:53:20 2026] GET /v2.0/ports?fields=security_groups&fields=device_id&device_id=4df18f27-1ada-4997-897f-7be405508e0f => generated 123 bytes in 36 msecs (HTTP/1.1 200) 4 headers in 157 bytes (1 switches on core 0) [pid: 8|app: 0|req: 374/758] 10.0.0.124 () {34 vars in 1040 bytes} [Tue Jul 21 07:53:20 2026] GET /v2.0/security-groups?id=9f40f25c-8945-4e16-a5a1-9557ae74fb24&fields=id&fields=name => generated 113 bytes in 30 msecs (HTTP/1.1 200) 4 headers in 157 bytes (1 switches on core 0)
2026-07-21 07:53:20.263 8 INFO neutron.notifiers.nova [-] Nova event matching ['req-08b02d1d-53dc-4048-a90d-d112ec288cd7'] response: {'name': 'network-changed', 'server_uuid': 'f7d8f33c-4ec6-457f-9b79-1dddb84922c6', 'tag': '2a796edb-3c10-4209-ab32-8fb1949ea813', 'status': 'completed', 'code': 200} [pid: 8|app: 0|req: 375/759] 10.0.0.124 () {34 vars in 1070 bytes} [Tue Jul 21 07:53:20 2026] GET /v2.0/ports?fields=security_groups&fields=device_id&device_id=f7d8f33c-4ec6-457f-9b79-1dddb84922c6 => generated 123 bytes in 35 msecs (HTTP/1.1 200) 4 headers in 157 bytes (1 switches on core 0) [pid: 7|app: 0|req: 385/760] 10.0.0.58 () {34 vars in 675 bytes} [Tue Jul 21 07:53:19 2026] POST /v2.0/floatingips => generated 552 bytes in 504 msecs (HTTP/1.1 201) 4 headers in 162 bytes (1 switches on core 0) [pid: 7|app: 0|req: 386/761] 10.0.0.124 () {34 vars in 1070 bytes} [Tue Jul 21 07:53:20 2026] GET /v2.0/ports?fields=security_groups&fields=device_id&device_id=99b0eaa4-6da4-4ced-bd3d-e4af08e91a97 => generated 12 bytes in 22 msecs (HTTP/1.1 200) 4 headers in 156 bytes (1 switches on core 0) [pid: 8|app: 0|req: 376/762] 10.0.0.124 () {34 vars in 1040 bytes} [Tue Jul 21 07:53:20 2026] GET /v2.0/security-groups?id=6db9abe1-9cfc-4b6d-8563-b2462c6f87f9&fields=id&fields=name => generated 114 bytes in 34 msecs (HTTP/1.1 200) 4 headers in 157 bytes (1 switches on core 0) [pid: 7|app: 0|req: 387/763] 199.204.45.89 () {34 vars in 1079 bytes} [Tue Jul 21 07:53:20 2026] GET /v2.0/ports?tenant_id=1f9a86a7e1c343deaaf248d4c558d192&device_id=4df18f27-1ada-4997-897f-7be405508e0f => generated 1229 bytes in 61 msecs (HTTP/1.1 200) 4 headers in 158 bytes (1 switches on core 0) [pid: 8|app: 0|req: 377/764] 199.204.45.89 () {34 vars in 1017 bytes} [Tue Jul 21 07:53:20 2026] GET /v2.0/networks?tenant_id=1f9a86a7e1c343deaaf248d4c558d192&shared=False => generated 821 bytes in 45 msecs (HTTP/1.1 200) 4 headers in 157 bytes (1 switches on core 0) [pid: 7|app: 0|req: 388/765] 199.204.45.89 () {34 vars in 929 bytes} [Tue Jul 21 07:53:20 2026] GET /v2.0/networks?shared=True => generated 791 bytes in 51 msecs (HTTP/1.1 200) 4 headers in 157 bytes (1 switches on core 0)
