2026-07-21 07:55:23.183 8 INFO neutron_taas.services.taas.taas_plugin [None req-55a50aef-4ac8-4186-b53b-2eac712ae096 ce881a3b61da41278ebac2d1999b8e16 242786d20f504247801c19f8cd3745e9 - - default default] TaaS: Handle Delete Port: 2ca2b67f-8067-4cbf-bf7d-e885170e8efd
2026-07-21 07:55:23.186 8 INFO neutron_taas.services.taas.tap_mirror_plugin [None req-55a50aef-4ac8-4186-b53b-2eac712ae096 ce881a3b61da41278ebac2d1999b8e16 242786d20f504247801c19f8cd3745e9 - - default default] Tap Mirror: Handle Delete Port: 2ca2b67f-8067-4cbf-bf7d-e885170e8efd
2026-07-21 07:55:23.248 7 INFO neutron.db.ovn_revision_numbers_db [None req-5d0f8e4f-7034-4ce3-8826-1ab81fbfad9a 69089283d0d541e189d1e1fcb3351685 0dd71d0c4b33455ab175aca7c86f288e - - default default] Successfully bumped revision number for resource e5445202-7439-409d-9785-a263c224d6a4 (type: security_groups) to 1
2026-07-21 07:55:23.258 7 INFO neutron.db.ovn_revision_numbers_db [None req-5d0f8e4f-7034-4ce3-8826-1ab81fbfad9a 69089283d0d541e189d1e1fcb3351685 0dd71d0c4b33455ab175aca7c86f288e - - default default] Successfully bumped revision number for resource 200aba91-0fa2-49ad-9b90-f85896ab45af (type: security_group_rules) to 0
2026-07-21 07:55:23.269 7 INFO neutron.db.ovn_revision_numbers_db [None req-5d0f8e4f-7034-4ce3-8826-1ab81fbfad9a 69089283d0d541e189d1e1fcb3351685 0dd71d0c4b33455ab175aca7c86f288e - - default default] Successfully bumped revision number for resource 20db48bd-7d9b-4935-9970-56689b64c52b (type: security_group_rules) to 0
2026-07-21 07:55:23.284 7 INFO neutron.db.ovn_revision_numbers_db [None req-5d0f8e4f-7034-4ce3-8826-1ab81fbfad9a 69089283d0d541e189d1e1fcb3351685 0dd71d0c4b33455ab175aca7c86f288e - - default default] Successfully bumped revision number for resource 3272ab00-c69b-4d19-a3b0-50ce24cdabee (type: security_group_rules) to 0
2026-07-21 07:55:23.296 7 INFO neutron.db.ovn_revision_numbers_db [None req-5d0f8e4f-7034-4ce3-8826-1ab81fbfad9a 69089283d0d541e189d1e1fcb3351685 0dd71d0c4b33455ab175aca7c86f288e - - default default] Successfully bumped revision number for resource 8f697dbd-4509-452a-bf71-9938c1f71378 (type: security_group_rules) to 0 [pid: 7|app: 0|req: 793/1644] 10.0.0.58 () {32 vars in 773 bytes} [Tue Jul 21 07:55:22 2026] GET /v2.0/security-groups?tenant_id=15bfa9623f074817b6610d803f4b572d&name=default => generated 2925 bytes in 452 msecs (HTTP/1.1 200) 4 headers in 158 bytes (1 switches on core 0)
2026-07-21 07:55:23.377 7 WARNING neutron.db.securitygroups_db [None req-4b09803e-76bf-48a0-8f50-7d35020f7c46 69089283d0d541e189d1e1fcb3351685 0dd71d0c4b33455ab175aca7c86f288e - - default default] project_id key not found in filters, using tenant_id instead. This support has been deprecated and will be removed in a future release.
2026-07-21 07:55:23.508 7 INFO neutron.db.ovn_revision_numbers_db [None req-4b09803e-76bf-48a0-8f50-7d35020f7c46 69089283d0d541e189d1e1fcb3351685 0dd71d0c4b33455ab175aca7c86f288e - - default default] Successfully bumped revision number for resource b3a74ca0-e709-4430-89ff-c5f83796b80a (type: security_groups) to 1
2026-07-21 07:55:23.521 7 INFO neutron.db.ovn_revision_numbers_db [None req-4b09803e-76bf-48a0-8f50-7d35020f7c46 69089283d0d541e189d1e1fcb3351685 0dd71d0c4b33455ab175aca7c86f288e - - default default] Successfully bumped revision number for resource 00308539-4f2e-4447-b739-e2a65a2a5b19 (type: security_group_rules) to 0
2026-07-21 07:55:23.533 7 INFO neutron.db.ovn_revision_numbers_db [None req-4b09803e-76bf-48a0-8f50-7d35020f7c46 69089283d0d541e189d1e1fcb3351685 0dd71d0c4b33455ab175aca7c86f288e - - default default] Successfully bumped revision number for resource 8cba0354-2165-452b-8eba-4a1ec7d9f149 (type: security_group_rules) to 0
2026-07-21 07:55:23.549 7 INFO neutron.db.ovn_revision_numbers_db [None req-4b09803e-76bf-48a0-8f50-7d35020f7c46 69089283d0d541e189d1e1fcb3351685 0dd71d0c4b33455ab175aca7c86f288e - - default default] Successfully bumped revision number for resource bffcd500-210e-40b6-abf9-fa51760c2ec8 (type: security_group_rules) to 0
2026-07-21 07:55:23.563 7 INFO neutron.db.ovn_revision_numbers_db [None req-4b09803e-76bf-48a0-8f50-7d35020f7c46 69089283d0d541e189d1e1fcb3351685 0dd71d0c4b33455ab175aca7c86f288e - - default default] Successfully bumped revision number for resource d5d5995b-0113-4449-a749-6243f3c4b7ee (type: security_group_rules) to 0 [pid: 7|app: 0|req: 794/1645] 10.0.0.58 () {32 vars in 773 bytes} [Tue Jul 21 07:55:23 2026] GET /v2.0/security-groups?tenant_id=8b80ee61f9c248c1adb73c0e47fdf2c4&name=default => generated 2925 bytes in 279 msecs (HTTP/1.1 200) 4 headers in 158 bytes (1 switches on core 0) [pid: 8|app: 0|req: 852/1646] 10.0.0.58 () {32 vars in 723 bytes} [Tue Jul 21 07:55:22 2026] DELETE /v2.0/routers/cbdb64f1-9b89-4e7f-8eca-8ba78a312128 => generated 0 bytes in 803 msecs (HTTP/1.1 204) 2 headers in 112 bytes (1 switches on core 0) [pid: 7|app: 0|req: 795/1647] 10.0.0.58 () {32 vars in 739 bytes} [Tue Jul 21 07:55:23 2026] DELETE /v2.0/security-groups/e5445202-7439-409d-9785-a263c224d6a4 => generated 0 bytes in 195 msecs (HTTP/1.1 204) 2 headers in 112 bytes (1 switches on core 0) [pid: 8|app: 0|req: 853/1648] 10.0.0.58 () {32 vars in 739 bytes} [Tue Jul 21 07:55:23 2026] DELETE /v2.0/security-groups/b3a74ca0-e709-4430-89ff-c5f83796b80a => generated 0 bytes in 206 msecs (HTTP/1.1 204) 2 headers in 112 bytes (1 switches on core 0) [pid: 7|app: 0|req: 796/1649] 10.0.0.58 () {32 vars in 735 bytes} [Tue Jul 21 07:55:23 2026] GET /v2.0/ports?device_id=cbdb64f1-9b89-4e7f-8eca-8ba78a312128 => generated 12 bytes in 24 msecs (HTTP/1.1 200) 4 headers in 156 bytes (1 switches on core 0)
2026-07-21 07:55:23.864 7 INFO neutron.api.v2.resource [None req-b4fa2958-23e8-48f9-acd4-02130e61e0c9 ce881a3b61da41278ebac2d1999b8e16 242786d20f504247801c19f8cd3745e9 - - default default] delete failed (client error): The resource could not be found. [pid: 7|app: 0|req: 797/1650] 10.0.0.58 () {32 vars in 723 bytes} [Tue Jul 21 07:55:23 2026] DELETE /v2.0/routers/cbdb64f1-9b89-4e7f-8eca-8ba78a312128 => generated 135 bytes in 24 msecs (HTTP/1.1 404) 4 headers in 164 bytes (1 switches on core 0) [pid: 8|app: 0|req: 854/1651] 10.0.0.58 () {32 vars in 716 bytes} [Tue Jul 21 07:55:23 2026] GET /v2.0/ports/8d8e6746-08e7-498d-9620-2fc68002f609 => generated 941 bytes in 39 msecs (HTTP/1.1 200) 4 headers in 157 bytes (1 switches on core 0) [pid: 7|app: 0|req: 798/1652] 10.0.0.58 () {32 vars in 735 bytes} [Tue Jul 21 07:55:23 2026] GET /v2.0/ports?device_id=5de3b4af-869f-49b3-a9e1-45503ec0e16f => generated 12 bytes in 21 msecs (HTTP/1.1 200) 4 headers in 156 bytes (1 switches on core 0)
2026-07-21 07:55:23.916 7 WARNING neutron.db.securitygroups_db [None req-c3e5144c-deb2-415a-8563-c06160fa8d1a 69089283d0d541e189d1e1fcb3351685 0dd71d0c4b33455ab175aca7c86f288e - - default default] project_id key not found in filters, using tenant_id instead. This support has been deprecated and will be removed in a future release.
2026-07-21 07:55:23.918 8 INFO neutron.api.v2.resource [None req-39aaed25-4c41-4087-a297-285f52402fad ce881a3b61da41278ebac2d1999b8e16 242786d20f504247801c19f8cd3745e9 - - default default] delete failed (client error): The resource could not be found. [pid: 8|app: 0|req: 855/1653] 10.0.0.58 () {32 vars in 723 bytes} [Tue Jul 21 07:55:23 2026] DELETE /v2.0/routers/5de3b4af-869f-49b3-a9e1-45503ec0e16f => generated 135 bytes in 21 msecs (HTTP/1.1 404) 4 headers in 164 bytes (1 switches on core 0)
2026-07-21 07:55:23.937 8 INFO neutron.pecan_wsgi.hooks.translation [None req-bcc7aed6-3462-4d3d-9e78-2b68b9dfb71e ce881a3b61da41278ebac2d1999b8e16 242786d20f504247801c19f8cd3745e9 - - default default] DELETE failed (client error): The resource could not be found. [pid: 7|app: 0|req: 799/1654] 10.0.0.58 () {32 vars in 773 bytes} [Tue Jul 21 07:55:23 2026] GET /v2.0/security-groups?tenant_id=123bc9e3ff6745ec95d92d66e2e4ad1c&name=default => generated 2925 bytes in 29 msecs (HTTP/1.1 200) 4 headers in 158 bytes (1 switches on core 0) [pid: 8|app: 0|req: 856/1655] 10.0.0.58 () {32 vars in 723 bytes} [Tue Jul 21 07:55:23 2026] DELETE /v2.0/subnets/fbe41fed-036b-47e5-88b3-1b4e99344038 => generated 136 bytes in 16 msecs (HTTP/1.1 404) 4 headers in 164 bytes (1 switches on core 0) [pid: 8|app: 0|req: 857/1656] 10.0.0.58 () {32 vars in 735 bytes} [Tue Jul 21 07:55:23 2026] GET /v2.0/ports?device_id=579a97e5-17c9-4740-bfca-ed442a62e762 => generated 12 bytes in 18 msecs (HTTP/1.1 200) 4 headers in 156 bytes (1 switches on core 0)
2026-07-21 07:55:23.984 8 INFO neutron.api.v2.resource [None req-57d60722-d8ac-4991-b231-0a60997a880f ce881a3b61da41278ebac2d1999b8e16 242786d20f504247801c19f8cd3745e9 - - default default] delete failed (client error): The resource could not be found. [pid: 8|app: 0|req: 858/1657] 10.0.0.58 () {32 vars in 723 bytes} [Tue Jul 21 07:55:23 2026] DELETE /v2.0/routers/579a97e5-17c9-4740-bfca-ed442a62e762 => generated 135 bytes in 17 msecs (HTTP/1.1 404) 4 headers in 164 bytes (1 switches on core 0)
2026-07-21 07:55:23.999 8 INFO neutron.pecan_wsgi.hooks.translation [None req-2bc7bd2c-73d9-4a8f-aa38-7dda2003cf13 ce881a3b61da41278ebac2d1999b8e16 242786d20f504247801c19f8cd3745e9 - - default default] DELETE failed (client error): The resource could not be found. [pid: 8|app: 0|req: 859/1658] 10.0.0.58 () {32 vars in 723 bytes} [Tue Jul 21 07:55:23 2026] DELETE /v2.0/subnets/26b22e8d-b1f2-4039-ab73-dd4fde9b2e25 => generated 136 bytes in 13 msecs (HTTP/1.1 404) 4 headers in 164 bytes (1 switches on core 0) [pid: 8|app: 0|req: 860/1659] 10.0.0.58 () {32 vars in 735 bytes} [Tue Jul 21 07:55:24 2026] GET /v2.0/ports?device_id=8f4d0de2-9109-43fa-be1c-769e3cebdad5 => generated 12 bytes in 23 msecs (HTTP/1.1 200) 4 headers in 156 bytes (1 switches on core 0)
2026-07-21 07:55:24.053 7 WARNING neutron.plugins.ml2.drivers.ovn.mech_driver.ovsdb.ovn_client [None req-01b996c0-c569-4dee-8f58-86a660a7aa53 - - - - - -] No port found with ID 40e65536-8d49-4482-8c0f-50d35b26c70a: RuntimeError: No port found with ID 40e65536-8d49-4482-8c0f-50d35b26c70a
2026-07-21 07:55:24.058 8 INFO neutron.api.v2.resource [None req-4bb754f7-6ecc-4fc6-bce8-5aec6ab8bd45 ce881a3b61da41278ebac2d1999b8e16 242786d20f504247801c19f8cd3745e9 - - default default] delete failed (client error): The resource could not be found. [pid: 8|app: 0|req: 861/1660] 10.0.0.58 () {32 vars in 723 bytes} [Tue Jul 21 07:55:24 2026] DELETE /v2.0/routers/8f4d0de2-9109-43fa-be1c-769e3cebdad5 => generated 135 bytes in 25 msecs (HTTP/1.1 404) 4 headers in 164 bytes (1 switches on core 0)
2026-07-21 07:55:24.083 8 INFO neutron.pecan_wsgi.hooks.translation [None req-4ee5dbd9-93a8-4434-8398-1a33f7c3407f ce881a3b61da41278ebac2d1999b8e16 242786d20f504247801c19f8cd3745e9 - - default default] DELETE failed (client error): The resource could not be found. [pid: 8|app: 0|req: 862/1661] 10.0.0.58 () {32 vars in 723 bytes} [Tue Jul 21 07:55:24 2026] DELETE /v2.0/subnets/d6747932-bf0c-4b42-a7ad-0d1e67f3b1ff => generated 136 bytes in 20 msecs (HTTP/1.1 404) 4 headers in 164 bytes (1 switches on core 0)
2026-07-21 07:55:24.089 7 INFO neutron.plugins.ml2.drivers.ovn.mech_driver.mech_driver [None req-01b996c0-c569-4dee-8f58-86a660a7aa53 - - - - - -] OVN reports status up for port: 8d8e6746-08e7-498d-9620-2fc68002f609
2026-07-21 07:55:24.106 8 INFO neutron.pecan_wsgi.hooks.translation [None req-3afbd0f6-739d-4057-bd21-856a9d823f77 ce881a3b61da41278ebac2d1999b8e16 242786d20f504247801c19f8cd3745e9 - - default default] DELETE failed (client error): The resource could not be found. [pid: 8|app: 0|req: 863/1662] 10.0.0.58 () {32 vars in 723 bytes} [Tue Jul 21 07:55:24 2026] DELETE /v2.0/subnets/0eae0d9e-4f46-4cec-99a5-c102e1f1c054 => generated 136 bytes in 17 msecs (HTTP/1.1 404) 4 headers in 164 bytes (1 switches on core 0)
2026-07-21 07:55:24.114 7 INFO neutron.plugins.ml2.plugin [None req-01b996c0-c569-4dee-8f58-86a660a7aa53 - - - - - -] Attempt 1 to provision port 8d8e6746-08e7-498d-9620-2fc68002f609 [pid: 7|app: 0|req: 800/1663] 10.0.0.58 () {32 vars in 739 bytes} [Tue Jul 21 07:55:23 2026] DELETE /v2.0/security-groups/0995254c-f52c-46f9-8682-5523e616f171 => generated 0 bytes in 245 msecs (HTTP/1.1 204) 2 headers in 112 bytes (1 switches on core 0)
2026-07-21 07:55:24.555 7 INFO neutron.db.ovn_revision_numbers_db [None req-01b996c0-c569-4dee-8f58-86a660a7aa53 - - - - - -] Successfully bumped revision number for resource 8d8e6746-08e7-498d-9620-2fc68002f609 (type: ports) to 2
2026-07-21 07:55:24.907 8 WARNING neutron.db.securitygroups_db [None req-7e752050-ee8d-44a5-aed9-52b7e06e97eb 69089283d0d541e189d1e1fcb3351685 0dd71d0c4b33455ab175aca7c86f288e - - default default] project_id key not found in filters, using tenant_id instead. This support has been deprecated and will be removed in a future release. [pid: 7|app: 0|req: 801/1664] 10.0.0.58 () {32 vars in 716 bytes} [Tue Jul 21 07:55:24 2026] GET /v2.0/ports/8d8e6746-08e7-498d-9620-2fc68002f609 => generated 943 bytes in 37 msecs (HTTP/1.1 200) 4 headers in 157 bytes (1 switches on core 0) [pid: 8|app: 0|req: 864/1665] 10.0.0.58 () {32 vars in 773 bytes} [Tue Jul 21 07:55:24 2026] GET /v2.0/security-groups?tenant_id=242786d20f504247801c19f8cd3745e9&name=default => generated 2925 bytes in 288 msecs (HTTP/1.1 200) 4 headers in 158 bytes (1 switches on core 0) [pid: 8|app: 0|req: 865/1666] 10.0.0.58 () {32 vars in 739 bytes} [Tue Jul 21 07:55:24 2026] DELETE /v2.0/security-groups/25bcb81f-c79f-4312-82e8-cbfed2aadae6 => generated 0 bytes in 218 msecs (HTTP/1.1 204) 2 headers in 112 bytes (1 switches on core 0)
2026-07-21 07:55:25.248 7 INFO neutron_taas.services.taas.taas_plugin [None req-8ae10652-9fd5-45d1-b1bc-b0308cf5eab8 f831f5ea22bb4f8f90d0deeefaea60d3 a75318a6d5de497b8bcdc09b93862805 - - default default] TaaS: Handle Delete Port: 8d8e6746-08e7-498d-9620-2fc68002f609
2026-07-21 07:55:25.251 7 INFO neutron_taas.services.taas.tap_mirror_plugin [None req-8ae10652-9fd5-45d1-b1bc-b0308cf5eab8 f831f5ea22bb4f8f90d0deeefaea60d3 a75318a6d5de497b8bcdc09b93862805 - - default default] Tap Mirror: Handle Delete Port: 8d8e6746-08e7-498d-9620-2fc68002f609 [pid: 7|app: 0|req: 802/1667] 10.0.0.58 () {34 vars in 788 bytes} [Tue Jul 21 07:55:24 2026] PUT /v2.0/routers/a1b1f3bb-cd37-4c75-9f43-41c7a883331e/remove_router_interface => generated 310 bytes in 707 msecs (HTTP/1.1 200) 4 headers in 157 bytes (1 switches on core 0) [pid: 8|app: 0|req: 866/1668] 10.0.0.58 () {32 vars in 735 bytes} [Tue Jul 21 07:55:25 2026] GET /v2.0/ports?device_id=a1b1f3bb-cd37-4c75-9f43-41c7a883331e => generated 12 bytes in 30 msecs (HTTP/1.1 200) 4 headers in 156 bytes (1 switches on core 0) /var/lib/openstack/lib/python3.12/site-packages/pycadf/identifier.py:70: UserWarning: Invalid uuid: neutron. To ensure interoperability, identifiers should be a valid uuid. warnings.warn(('Invalid uuid: %s. To ensure interoperability, ' [pid: 7|app: 0|req: 803/1669] 10.0.0.58 () {32 vars in 723 bytes} [Tue Jul 21 07:55:25 2026] DELETE /v2.0/routers/a1b1f3bb-cd37-4c75-9f43-41c7a883331e => generated 0 bytes in 203 msecs (HTTP/1.1 204) 2 headers in 112 bytes (1 switches on core 0) [pid: 8|app: 0|req: 867/1670] 10.0.0.58 () {32 vars in 723 bytes} [Tue Jul 21 07:55:25 2026] DELETE /v2.0/subnets/d966b5e0-9e94-4d58-b920-4a1b67ae9468 => generated 0 bytes in 216 msecs (HTTP/1.1 204) 3 headers in 131 bytes (1 switches on core 0)
2026-07-21 07:55:26.251 7 INFO neutron_taas.services.taas.taas_plugin [None req-479cf818-6a3e-4dc1-bb6b-8cb2d27b45ba f831f5ea22bb4f8f90d0deeefaea60d3 a75318a6d5de497b8bcdc09b93862805 - - default default] TaaS: Handle Delete Port: 8b6802ff-ab0b-4069-a19c-c0bf94c07baf
2026-07-21 07:55:26.254 7 INFO neutron_taas.services.taas.tap_mirror_plugin [None req-479cf818-6a3e-4dc1-bb6b-8cb2d27b45ba f831f5ea22bb4f8f90d0deeefaea60d3 a75318a6d5de497b8bcdc09b93862805 - - default default] Tap Mirror: Handle Delete Port: 8b6802ff-ab0b-4069-a19c-c0bf94c07baf
2026-07-21 07:55:26.341 8 WARNING neutron.plugins.ml2.drivers.ovn.mech_driver.ovsdb.ovn_client [None req-1d66d7f1-509f-48ec-b101-175ca485e37c - - - - - -] No port found with ID 2ca2b67f-8067-4cbf-bf7d-e885170e8efd: RuntimeError: No port found with ID 2ca2b67f-8067-4cbf-bf7d-e885170e8efd
2026-07-21 07:55:26.502 7 INFO neutron.services.segments.plugin [-] Segment 87a54e4a-4617-4eee-a98d-3d9372be9716 resource provider aggregate not found
2026-07-21 07:55:26.512 7 INFO neutron.services.segments.plugin [-] Segment 87a54e4a-4617-4eee-a98d-3d9372be9716 resource provider aggregate not found
2026-07-21 07:55:26.526 7 INFO neutron.services.segments.plugin [-] Client error retrieving segment 87a54e4a-4617-4eee-a98d-3d9372be9716 resource provider; error: Placement Client Error (4xx): {"errors": [{"status": 404, "title": "Not Found", "detail": "The resource could not be found.\n\n No resource provider with uuid 87a54e4a-4617-4eee-a98d-3d9372be9716 found for delete ", "request_id": "req-6ddf292e-2056-451a-b87c-86d9cfa468a2"}]}
2026-07-21 07:55:26.530 7 INFO neutron.services.segments.plugin [-] Client error retrieving segment 87a54e4a-4617-4eee-a98d-3d9372be9716 resource provider; error: Placement Client Error (4xx): {"errors": [{"status": 404, "title": "Not Found", "detail": "The resource could not be found.\n\n No resource provider with uuid 87a54e4a-4617-4eee-a98d-3d9372be9716 found for delete ", "request_id": "req-e01a7ea9-a099-411a-aee4-793b13c5701a"}]} [pid: 7|app: 0|req: 804/1673] 10.0.0.58 () {32 vars in 725 bytes} [Tue Jul 21 07:55:26 2026] DELETE /v2.0/networks/83780723-c5ba-4b3d-ba7a-828ea07849e8 => generated 0 bytes in 509 msecs (HTTP/1.1 204) 3 headers in 131 bytes (1 switches on core 0)
2026-07-21 07:55:27.080 8 WARNING neutron.scheduler.dhcp_agent_scheduler [None req-29199973-e07f-4cf7-8df3-02cb0fedfc9b f831f5ea22bb4f8f90d0deeefaea60d3 a75318a6d5de497b8bcdc09b93862805 - - default default] No more DHCP agents
2026-07-21 07:55:27.083 8 WARNING neutron.api.rpc.agentnotifiers.dhcp_rpc_agent_api [None req-29199973-e07f-4cf7-8df3-02cb0fedfc9b f831f5ea22bb4f8f90d0deeefaea60d3 a75318a6d5de497b8bcdc09b93862805 - - default default] Unable to schedule network 701dd12f-0fd9-48c2-aadb-2e4752e81fe8: no agents available; will retry on subsequent port and subnet creation events.
2026-07-21 07:55:27.245 8 INFO neutron.plugins.ml2.drivers.ovn.mech_driver.mech_driver [None req-1d66d7f1-509f-48ec-b101-175ca485e37c - - - - - -] OVN reports status down for port: b2a30cbc-a4d3-4632-8176-09beaf99f1fd
2026-07-21 07:55:27.296 8 INFO neutron.db.ovn_revision_numbers_db [None req-29199973-e07f-4cf7-8df3-02cb0fedfc9b f831f5ea22bb4f8f90d0deeefaea60d3 a75318a6d5de497b8bcdc09b93862805 - - default default] Successfully bumped revision number for resource b2a30cbc-a4d3-4632-8176-09beaf99f1fd (type: ports) to 1
2026-07-21 07:55:27.438 7 INFO neutron.db.ovn_revision_numbers_db [None req-103fbf5d-3da0-47a5-93c5-c296a1da3ece ab48465c439545219546f93c3ec168d5 4bc4006386c8469c8e111f0d52ccbd04 - - default default] Successfully bumped revision number for resource 16d2f020-7588-4db5-920f-fd5580097782 (type: security_groups) to 1
2026-07-21 07:55:27.452 7 INFO neutron.db.ovn_revision_numbers_db [None req-103fbf5d-3da0-47a5-93c5-c296a1da3ece ab48465c439545219546f93c3ec168d5 4bc4006386c8469c8e111f0d52ccbd04 - - default default] Successfully bumped revision number for resource 0a87ba71-599a-474d-831e-005d33a3dd54 (type: security_group_rules) to 0
2026-07-21 07:55:27.464 7 INFO neutron.db.ovn_revision_numbers_db [None req-103fbf5d-3da0-47a5-93c5-c296a1da3ece ab48465c439545219546f93c3ec168d5 4bc4006386c8469c8e111f0d52ccbd04 - - default default] Successfully bumped revision number for resource 1710db83-e535-4d54-b506-2e6b2ded28db (type: security_group_rules) to 0
2026-07-21 07:55:27.476 7 INFO neutron.db.ovn_revision_numbers_db [None req-103fbf5d-3da0-47a5-93c5-c296a1da3ece ab48465c439545219546f93c3ec168d5 4bc4006386c8469c8e111f0d52ccbd04 - - default default] Successfully bumped revision number for resource 6c16882e-897c-44bf-86e1-aec0df3416c7 (type: security_group_rules) to 0
2026-07-21 07:55:27.488 7 INFO neutron.db.ovn_revision_numbers_db [None req-103fbf5d-3da0-47a5-93c5-c296a1da3ece ab48465c439545219546f93c3ec168d5 4bc4006386c8469c8e111f0d52ccbd04 - - default default] Successfully bumped revision number for resource 78e07e5d-19db-46a9-9559-d0bde911ccd6 (type: security_group_rules) to 0
2026-07-21 07:55:27.628 7 INFO neutron.db.ovn_revision_numbers_db [None req-103fbf5d-3da0-47a5-93c5-c296a1da3ece ab48465c439545219546f93c3ec168d5 4bc4006386c8469c8e111f0d52ccbd04 - - default default] Successfully bumped revision number for resource 30e71d94-0744-442f-a949-af3af45dc6a9 (type: security_groups) to 1
2026-07-21 07:55:27.644 7 INFO neutron.db.ovn_revision_numbers_db [None req-103fbf5d-3da0-47a5-93c5-c296a1da3ece ab48465c439545219546f93c3ec168d5 4bc4006386c8469c8e111f0d52ccbd04 - - default default] Successfully bumped revision number for resource 4eff89c2-5005-4f80-b32a-4574a08403aa (type: security_group_rules) to 0
2026-07-21 07:55:27.659 7 INFO neutron.db.ovn_revision_numbers_db [None req-103fbf5d-3da0-47a5-93c5-c296a1da3ece ab48465c439545219546f93c3ec168d5 4bc4006386c8469c8e111f0d52ccbd04 - - default default] Successfully bumped revision number for resource f7fc8979-4309-4907-b95d-6d5127403c4b (type: security_group_rules) to 0 [pid: 7|app: 0|req: 805/1674] 10.0.0.58 () {34 vars in 683 bytes} [Tue Jul 21 07:55:27 2026] POST /v2.0/security-groups => generated 1624 bytes in 596 msecs (HTTP/1.1 201) 4 headers in 163 bytes (1 switches on core 0) [pid: 7|app: 0|req: 806/1675] 10.0.0.58 () {32 vars in 662 bytes} [Tue Jul 21 07:55:27 2026] GET /v2.0/security-groups => generated 4529 bytes in 36 msecs (HTTP/1.1 200) 4 headers in 158 bytes (1 switches on core 0)
2026-07-21 07:55:27.838 7 INFO neutron.db.ovn_revision_numbers_db [None req-3d877d0f-f447-436c-bd1b-17bd589c8c83 ab48465c439545219546f93c3ec168d5 4bc4006386c8469c8e111f0d52ccbd04 - - default default] Successfully bumped revision number for resource 30e71d94-0744-442f-a949-af3af45dc6a9 (type: security_groups) to 2 [pid: 7|app: 0|req: 807/1676] 10.0.0.58 () {34 vars in 757 bytes} [Tue Jul 21 07:55:27 2026] PUT /v2.0/security-groups/30e71d94-0744-442f-a949-af3af45dc6a9 => generated 1662 bytes in 108 msecs (HTTP/1.1 200) 4 headers in 158 bytes (1 switches on core 0) [pid: 7|app: 0|req: 808/1677] 10.0.0.58 () {32 vars in 736 bytes} [Tue Jul 21 07:55:27 2026] GET /v2.0/security-groups/30e71d94-0744-442f-a949-af3af45dc6a9 => generated 1662 bytes in 22 msecs (HTTP/1.1 200) 4 headers in 158 bytes (1 switches on core 0)
2026-07-21 07:55:27.981 8 INFO neutron.plugins.ml2.drivers.ovn.mech_driver.mech_driver [None req-1d66d7f1-509f-48ec-b101-175ca485e37c - - - - - -] OVN reports status up for port: b2a30cbc-a4d3-4632-8176-09beaf99f1fd
2026-07-21 07:55:28.004 8 INFO neutron.plugins.ml2.plugin [None req-1d66d7f1-509f-48ec-b101-175ca485e37c - - - - - -] Attempt 1 to provision port b2a30cbc-a4d3-4632-8176-09beaf99f1fd
2026-07-21 07:55:28.029 8 INFO neutron.db.ovn_revision_numbers_db [None req-29199973-e07f-4cf7-8df3-02cb0fedfc9b f831f5ea22bb4f8f90d0deeefaea60d3 a75318a6d5de497b8bcdc09b93862805 - - default default] Successfully bumped revision number for resource b2a30cbc-a4d3-4632-8176-09beaf99f1fd (type: router_ports) to 1 [pid: 7|app: 0|req: 809/1678] 10.0.0.58 () {32 vars in 739 bytes} [Tue Jul 21 07:55:27 2026] DELETE /v2.0/security-groups/30e71d94-0744-442f-a949-af3af45dc6a9 => generated 0 bytes in 180 msecs (HTTP/1.1 204) 2 headers in 112 bytes (1 switches on core 0) [pid: 7|app: 0|req: 810/1679] 10.0.0.58 () {32 vars in 662 bytes} [Tue Jul 21 07:55:28 2026] GET /v2.0/security-groups => generated 2925 bytes in 26 msecs (HTTP/1.1 200) 4 headers in 158 bytes (1 switches on core 0)
2026-07-21 07:55:28.121 7 INFO neutron.api.v2.resource [None req-7e473b25-fbf6-43da-8437-7fb7d22c9e68 ab48465c439545219546f93c3ec168d5 4bc4006386c8469c8e111f0d52ccbd04 - - default default] delete failed (client error): The resource could not be found. [pid: 7|app: 0|req: 811/1680] 10.0.0.58 () {32 vars in 739 bytes} [Tue Jul 21 07:55:28 2026] DELETE /v2.0/security-groups/30e71d94-0744-442f-a949-af3af45dc6a9 => generated 146 bytes in 13 msecs (HTTP/1.1 404) 4 headers in 164 bytes (1 switches on core 0)
2026-07-21 07:55:28.159 8 INFO neutron.db.ovn_revision_numbers_db [None req-29199973-e07f-4cf7-8df3-02cb0fedfc9b f831f5ea22bb4f8f90d0deeefaea60d3 a75318a6d5de497b8bcdc09b93862805 - - default default] Successfully bumped revision number for resource 8d25811a-5146-4087-b189-5e7056c1297d (type: routers) to 2 [pid: 8|app: 0|req: 870/1681] 10.0.0.58 () {34 vars in 668 bytes} [Tue Jul 21 07:55:26 2026] POST /v2.0/routers => generated 969 bytes in 1569 msecs (HTTP/1.1 201) 4 headers in 162 bytes (1 switches on core 0)
2026-07-21 07:55:28.265 7 INFO neutron.db.ovn_revision_numbers_db [None req-b01dd94f-ab59-4189-be11-fca6e0ce80d0 ab48465c439545219546f93c3ec168d5 4bc4006386c8469c8e111f0d52ccbd04 - - default default] Successfully bumped revision number for resource dd28bd36-c3b5-48ee-aa91-000b352a53f5 (type: security_groups) to 1
2026-07-21 07:55:28.277 7 INFO neutron.db.ovn_revision_numbers_db [None req-b01dd94f-ab59-4189-be11-fca6e0ce80d0 ab48465c439545219546f93c3ec168d5 4bc4006386c8469c8e111f0d52ccbd04 - - default default] Successfully bumped revision number for resource 89b6127f-2ab6-4a5e-87fe-90c49b2522cd (type: security_group_rules) to 0 [pid: 8|app: 0|req: 871/1682] 10.0.0.58 () {32 vars in 720 bytes} [Tue Jul 21 07:55:28 2026] GET /v2.0/routers/8d25811a-5146-4087-b189-5e7056c1297d => generated 975 bytes in 100 msecs (HTTP/1.1 200) 4 headers in 157 bytes (1 switches on core 0)
2026-07-21 07:55:28.289 7 INFO neutron.db.ovn_revision_numbers_db [None req-b01dd94f-ab59-4189-be11-fca6e0ce80d0 ab48465c439545219546f93c3ec168d5 4bc4006386c8469c8e111f0d52ccbd04 - - default default] Successfully bumped revision number for resource aaac446d-9804-4038-952e-0a98663d1b28 (type: security_group_rules) to 0 [pid: 7|app: 0|req: 812/1683] 10.0.0.58 () {34 vars in 683 bytes} [Tue Jul 21 07:55:28 2026] POST /v2.0/security-groups => generated 1624 bytes in 201 msecs (HTTP/1.1 201) 4 headers in 163 bytes (1 switches on core 0) [pid: 8|app: 0|req: 872/1684] 10.0.0.58 () {32 vars in 646 bytes} [Tue Jul 21 07:55:28 2026] GET /v2.0/routers => generated 978 bytes in 108 msecs (HTTP/1.1 200) 4 headers in 157 bytes (1 switches on core 0)
2026-07-21 07:55:28.434 7 INFO neutron.db.ovn_revision_numbers_db [None req-dbee862c-6d1d-47fc-b790-d79ffe091d0f ab48465c439545219546f93c3ec168d5 4bc4006386c8469c8e111f0d52ccbd04 - - default default] Successfully bumped revision number for resource 3b78899c-eb7e-4b02-9dcc-c2091f782b65 (type: security_group_rules) to 0 [pid: 7|app: 0|req: 813/1685] 10.0.0.58 () {34 vars in 694 bytes} [Tue Jul 21 07:55:28 2026] POST /v2.0/security-group-rules => generated 601 bytes in 130 msecs (HTTP/1.1 201) 4 headers in 162 bytes (1 switches on core 0)
2026-07-21 07:55:28.694 7 INFO neutron.db.ovn_revision_numbers_db [None req-77e4d5e7-cf71-4ad1-8cc0-19ffccb30c2e 3e198292932d4faf962f2932abbf0b46 9118a8a3fe384f23967f7d3f83c2fd1a - - default default] Successfully bumped revision number for resource 15e71f72-dc06-4af6-8a09-1f187a8effb3 (type: security_groups) to 1
2026-07-21 07:55:28.707 7 INFO neutron.db.ovn_revision_numbers_db [None req-77e4d5e7-cf71-4ad1-8cc0-19ffccb30c2e 3e198292932d4faf962f2932abbf0b46 9118a8a3fe384f23967f7d3f83c2fd1a - - default default] Successfully bumped revision number for resource 000316ba-3e34-4971-8123-2a98703bec28 (type: security_group_rules) to 0
2026-07-21 07:55:28.719 7 INFO neutron.db.ovn_revision_numbers_db [None req-77e4d5e7-cf71-4ad1-8cc0-19ffccb30c2e 3e198292932d4faf962f2932abbf0b46 9118a8a3fe384f23967f7d3f83c2fd1a - - default default] Successfully bumped revision number for resource 0b329336-9342-4fbd-a515-fcb8019c1320 (type: security_group_rules) to 0
2026-07-21 07:55:28.733 7 INFO neutron.db.ovn_revision_numbers_db [None req-77e4d5e7-cf71-4ad1-8cc0-19ffccb30c2e 3e198292932d4faf962f2932abbf0b46 9118a8a3fe384f23967f7d3f83c2fd1a - - default default] Successfully bumped revision number for resource 627573b2-98ff-4f26-a67d-26c37a76f235 (type: security_group_rules) to 0
2026-07-21 07:55:28.745 7 INFO neutron.db.ovn_revision_numbers_db [None req-77e4d5e7-cf71-4ad1-8cc0-19ffccb30c2e 3e198292932d4faf962f2932abbf0b46 9118a8a3fe384f23967f7d3f83c2fd1a - - default default] Successfully bumped revision number for resource 94385b5c-b1c6-4d96-9024-65dd29fc2fe0 (type: security_group_rules) to 0
2026-07-21 07:55:28.748 8 INFO neutron.db.ovn_revision_numbers_db [None req-9d80f81e-4261-41f7-ab1c-3694f75f4109 f831f5ea22bb4f8f90d0deeefaea60d3 a75318a6d5de497b8bcdc09b93862805 - - default default] Successfully bumped revision number for resource 8d25811a-5146-4087-b189-5e7056c1297d (type: routers) to 3 [pid: 8|app: 0|req: 873/1686] 10.0.0.58 () {34 vars in 740 bytes} [Tue Jul 21 07:55:28 2026] PUT /v2.0/routers/8d25811a-5146-4087-b189-5e7056c1297d => generated 982 bytes in 358 msecs (HTTP/1.1 200) 4 headers in 157 bytes (1 switches on core 0) [pid: 8|app: 0|req: 874/1687] 10.0.0.58 () {32 vars in 746 bytes} [Tue Jul 21 07:55:28 2026] GET /v2.0/security-group-rules/3b78899c-eb7e-4b02-9dcc-c2091f782b65 => generated 601 bytes in 41 msecs (HTTP/1.1 200) 4 headers in 157 bytes (1 switches on core 0)
2026-07-21 07:55:28.843 7 INFO neutron.db.segments_db [None req-77e4d5e7-cf71-4ad1-8cc0-19ffccb30c2e 3e198292932d4faf962f2932abbf0b46 9118a8a3fe384f23967f7d3f83c2fd1a - - default default] Added segment d318679f-e8f3-4b58-b537-08d27c730c42 of type geneve for network b62855e7-aadd-4788-950f-15fcf68238a6 [pid: 8|app: 0|req: 875/1688] 10.0.0.58 () {32 vars in 720 bytes} [Tue Jul 21 07:55:28 2026] GET /v2.0/routers/8d25811a-5146-4087-b189-5e7056c1297d => generated 982 bytes in 71 msecs (HTTP/1.1 200) 4 headers in 157 bytes (1 switches on core 0) [pid: 8|app: 0|req: 876/1689] 10.0.0.58 () {32 vars in 672 bytes} [Tue Jul 21 07:55:28 2026] GET /v2.0/security-group-rules => generated 4138 bytes in 98 msecs (HTTP/1.1 200) 4 headers in 158 bytes (1 switches on core 0)
2026-07-21 07:55:28.982 7 INFO neutron.db.ovn_revision_numbers_db [None req-77e4d5e7-cf71-4ad1-8cc0-19ffccb30c2e 3e198292932d4faf962f2932abbf0b46 9118a8a3fe384f23967f7d3f83c2fd1a - - default default] Successfully bumped revision number for resource b62855e7-aadd-4788-950f-15fcf68238a6 (type: networks) to 1
2026-07-21 07:55:29.172 7 WARNING neutron.scheduler.dhcp_agent_scheduler [None req-77e4d5e7-cf71-4ad1-8cc0-19ffccb30c2e 3e198292932d4faf962f2932abbf0b46 9118a8a3fe384f23967f7d3f83c2fd1a - - default default] No more DHCP agents
2026-07-21 07:55:29.173 7 WARNING neutron.api.rpc.agentnotifiers.dhcp_rpc_agent_api [None req-77e4d5e7-cf71-4ad1-8cc0-19ffccb30c2e 3e198292932d4faf962f2932abbf0b46 9118a8a3fe384f23967f7d3f83c2fd1a - - default default] Unable to schedule network b62855e7-aadd-4788-950f-15fcf68238a6: no agents available; will retry on subsequent port and subnet creation events.
2026-07-21 07:55:29.255 8 WARNING neutron.scheduler.dhcp_agent_scheduler [None req-e2d9dbf3-1d75-4164-8a46-f681b863802e 8088e98d939c4ea49bef1b71e70a3eb3 2a04c0f7519f421bb747424f3e23a4dc - - default default] No more DHCP agents
2026-07-21 07:55:29.256 7 INFO neutron.db.ovn_revision_numbers_db [None req-77e4d5e7-cf71-4ad1-8cc0-19ffccb30c2e 3e198292932d4faf962f2932abbf0b46 9118a8a3fe384f23967f7d3f83c2fd1a - - default default] Successfully bumped revision number for resource 8cdaf463-5ade-4a12-bda7-75ec4a768b9d (type: ports) to 1
2026-07-21 07:55:29.256 8 WARNING neutron.api.rpc.agentnotifiers.dhcp_rpc_agent_api [None req-e2d9dbf3-1d75-4164-8a46-f681b863802e 8088e98d939c4ea49bef1b71e70a3eb3 2a04c0f7519f421bb747424f3e23a4dc - - default default] Unable to schedule network 701dd12f-0fd9-48c2-aadb-2e4752e81fe8: no agents available; will retry on subsequent port and subnet creation events. [pid: 7|app: 0|req: 814/1690] 10.0.0.58 () {34 vars in 669 bytes} [Tue Jul 21 07:55:28 2026] POST /v2.0/networks => generated 669 bytes in 815 msecs (HTTP/1.1 201) 4 headers in 162 bytes (1 switches on core 0) [pid: 7|app: 0|req: 815/1691] 10.0.0.58 () {32 vars in 735 bytes} [Tue Jul 21 07:55:29 2026] GET /v2.0/ports?device_id=8d25811a-5146-4087-b189-5e7056c1297d => generated 12 bytes in 18 msecs (HTTP/1.1 200) 4 headers in 156 bytes (1 switches on core 0) [pid: 7|app: 0|req: 816/1692] 10.0.0.58 () {32 vars in 749 bytes} [Tue Jul 21 07:55:29 2026] DELETE /v2.0/security-group-rules/3b78899c-eb7e-4b02-9dcc-c2091f782b65 => generated 0 bytes in 94 msecs (HTTP/1.1 204) 2 headers in 112 bytes (1 switches on core 0)
2026-07-21 07:55:29.479 7 INFO neutron.db.segments_db [None req-9ffc0b22-2d96-488a-8f35-a002ca2cabad 3e198292932d4faf962f2932abbf0b46 9118a8a3fe384f23967f7d3f83c2fd1a - - default default] Added segment b0e4a771-f7b6-4114-8801-4bff63427d24 of type geneve for network 8a078211-c09c-4319-8d60-bf38f22672ee [pid: 8|app: 0|req: 877/1693] 10.0.0.58 () {34 vars in 675 bytes} [Tue Jul 21 07:55:28 2026] POST /v2.0/floatingips => generated 552 bytes in 565 msecs (HTTP/1.1 201) 4 headers in 162 bytes (1 switches on core 0)
2026-07-21 07:55:29.612 7 INFO neutron.db.ovn_revision_numbers_db [None req-9ffc0b22-2d96-488a-8f35-a002ca2cabad 3e198292932d4faf962f2932abbf0b46 9118a8a3fe384f23967f7d3f83c2fd1a - - default default] Successfully bumped revision number for resource 8a078211-c09c-4319-8d60-bf38f22672ee (type: networks) to 1
2026-07-21 07:55:29.802 7 WARNING neutron.plugins.ml2.drivers.ovn.mech_driver.ovsdb.ovn_client [None req-d0acdf6d-3bfb-437b-87bd-472466a7441b - - - - - -] No port found with ID 8d8e6746-08e7-498d-9620-2fc68002f609: RuntimeError: No port found with ID 8d8e6746-08e7-498d-9620-2fc68002f609
2026-07-21 07:55:29.803 7 WARNING neutron.scheduler.dhcp_agent_scheduler [None req-9ffc0b22-2d96-488a-8f35-a002ca2cabad 3e198292932d4faf962f2932abbf0b46 9118a8a3fe384f23967f7d3f83c2fd1a - - default default] No more DHCP agents
2026-07-21 07:55:29.806 7 WARNING neutron.api.rpc.agentnotifiers.dhcp_rpc_agent_api [None req-9ffc0b22-2d96-488a-8f35-a002ca2cabad 3e198292932d4faf962f2932abbf0b46 9118a8a3fe384f23967f7d3f83c2fd1a - - default default] Unable to schedule network 8a078211-c09c-4319-8d60-bf38f22672ee: no agents available; will retry on subsequent port and subnet creation events.
2026-07-21 07:55:29.909 8 INFO neutron_taas.services.taas.taas_plugin [None req-35be7993-20cd-45e8-82c0-32b07d01aa72 f831f5ea22bb4f8f90d0deeefaea60d3 a75318a6d5de497b8bcdc09b93862805 - - default default] TaaS: Handle Delete Port: b2a30cbc-a4d3-4632-8176-09beaf99f1fd
2026-07-21 07:55:29.911 7 INFO neutron.db.ovn_revision_numbers_db [None req-9ffc0b22-2d96-488a-8f35-a002ca2cabad 3e198292932d4faf962f2932abbf0b46 9118a8a3fe384f23967f7d3f83c2fd1a - - default default] Successfully bumped revision number for resource 0a7270ba-d7ca-4989-b58f-90735504dde0 (type: ports) to 1
2026-07-21 07:55:29.914 8 INFO neutron_taas.services.taas.tap_mirror_plugin [None req-35be7993-20cd-45e8-82c0-32b07d01aa72 f831f5ea22bb4f8f90d0deeefaea60d3 a75318a6d5de497b8bcdc09b93862805 - - default default] Tap Mirror: Handle Delete Port: b2a30cbc-a4d3-4632-8176-09beaf99f1fd [pid: 7|app: 0|req: 817/1694] 10.0.0.58 () {34 vars in 669 bytes} [Tue Jul 21 07:55:29 2026] POST /v2.0/networks => generated 669 bytes in 543 msecs (HTTP/1.1 201) 4 headers in 162 bytes (1 switches on core 0) [pid: 7|app: 0|req: 818/1695] 10.0.0.58 () {32 vars in 672 bytes} [Tue Jul 21 07:55:29 2026] GET /v2.0/security-group-rules => generated 3560 bytes in 53 msecs (HTTP/1.1 200) 4 headers in 158 bytes (1 switches on core 0)
2026-07-21 07:55:30.250 7 WARNING neutron.scheduler.dhcp_agent_scheduler [None req-653e9ed0-e0f5-4f53-8147-959f9eb74e12 8088e98d939c4ea49bef1b71e70a3eb3 2a04c0f7519f421bb747424f3e23a4dc - - default default] No more DHCP agents
2026-07-21 07:55:30.251 7 WARNING neutron.api.rpc.agentnotifiers.dhcp_rpc_agent_api [None req-653e9ed0-e0f5-4f53-8147-959f9eb74e12 8088e98d939c4ea49bef1b71e70a3eb3 2a04c0f7519f421bb747424f3e23a4dc - - default default] Unable to schedule network 701dd12f-0fd9-48c2-aadb-2e4752e81fe8: no agents available; will retry on subsequent port and subnet creation events. [pid: 8|app: 0|req: 878/1696] 10.0.0.58 () {32 vars in 723 bytes} [Tue Jul 21 07:55:29 2026] DELETE /v2.0/routers/8d25811a-5146-4087-b189-5e7056c1297d => generated 0 bytes in 763 msecs (HTTP/1.1 204) 2 headers in 112 bytes (1 switches on core 0)
2026-07-21 07:55:30.392 8 INFO neutron.db.segments_db [None req-1c20298c-166b-42f3-807e-da917242d943 3e198292932d4faf962f2932abbf0b46 9118a8a3fe384f23967f7d3f83c2fd1a - - default default] Added segment 7e3b9f84-5452-4f8e-b5ce-f7b97b856ecf of type geneve for network 824424b0-d5f4-4928-ac14-dc37a66e3561
2026-07-21 07:55:30.492 8 INFO neutron.db.ovn_revision_numbers_db [None req-1c20298c-166b-42f3-807e-da917242d943 3e198292932d4faf962f2932abbf0b46 9118a8a3fe384f23967f7d3f83c2fd1a - - default default] Successfully bumped revision number for resource 824424b0-d5f4-4928-ac14-dc37a66e3561 (type: networks) to 1 [pid: 7|app: 0|req: 819/1697] 10.0.0.58 () {34 vars in 675 bytes} [Tue Jul 21 07:55:29 2026] POST /v2.0/floatingips => generated 552 bytes in 565 msecs (HTTP/1.1 201) 4 headers in 162 bytes (1 switches on core 0)
2026-07-21 07:55:30.658 8 WARNING neutron.scheduler.dhcp_agent_scheduler [None req-1c20298c-166b-42f3-807e-da917242d943 3e198292932d4faf962f2932abbf0b46 9118a8a3fe384f23967f7d3f83c2fd1a - - default default] No more DHCP agents
2026-07-21 07:55:30.660 8 WARNING neutron.api.rpc.agentnotifiers.dhcp_rpc_agent_api [None req-1c20298c-166b-42f3-807e-da917242d943 3e198292932d4faf962f2932abbf0b46 9118a8a3fe384f23967f7d3f83c2fd1a - - default default] Unable to schedule network 824424b0-d5f4-4928-ac14-dc37a66e3561: no agents available; will retry on subsequent port and subnet creation events.
2026-07-21 07:55:30.664 7 INFO neutron.db.ovn_revision_numbers_db [None req-caad18fa-31bb-4339-9947-845f14c299de ab48465c439545219546f93c3ec168d5 4bc4006386c8469c8e111f0d52ccbd04 - - default default] Successfully bumped revision number for resource 5115de51-a7e1-47ce-bd0b-c4095b27dbe4 (type: security_group_rules) to 0 [pid: 7|app: 0|req: 820/1698] 10.0.0.58 () {34 vars in 694 bytes} [Tue Jul 21 07:55:30 2026] POST /v2.0/security-group-rules => generated 601 bytes in 154 msecs (HTTP/1.1 201) 4 headers in 162 bytes (1 switches on core 0) [pid: 7|app: 0|req: 821/1699] 10.0.0.58 () {32 vars in 735 bytes} [Tue Jul 21 07:55:30 2026] GET /v2.0/ports?device_id=8d25811a-5146-4087-b189-5e7056c1297d => generated 12 bytes in 21 msecs (HTTP/1.1 200) 4 headers in 156 bytes (1 switches on core 0)
2026-07-21 07:55:30.746 8 INFO neutron.db.ovn_revision_numbers_db [None req-1c20298c-166b-42f3-807e-da917242d943 3e198292932d4faf962f2932abbf0b46 9118a8a3fe384f23967f7d3f83c2fd1a - - default default] Successfully bumped revision number for resource c7df9733-9e2a-4637-aa66-8b79f433d6e2 (type: ports) to 1 [pid: 8|app: 0|req: 879/1700] 10.0.0.58 () {34 vars in 669 bytes} [Tue Jul 21 07:55:30 2026] POST /v2.0/networks => generated 670 bytes in 484 msecs (HTTP/1.1 201) 4 headers in 162 bytes (1 switches on core 0) [pid: 8|app: 0|req: 880/1701] 10.0.0.58 () {32 vars in 746 bytes} [Tue Jul 21 07:55:30 2026] GET /v2.0/security-group-rules/5115de51-a7e1-47ce-bd0b-c4095b27dbe4 => generated 601 bytes in 15 msecs (HTTP/1.1 200) 4 headers in 157 bytes (1 switches on core 0)
2026-07-21 07:55:30.812 8 INFO neutron.api.v2.resource [None req-3d82f842-9b53-4c46-8080-1891ed5ec6f5 f831f5ea22bb4f8f90d0deeefaea60d3 a75318a6d5de497b8bcdc09b93862805 - - default default] delete failed (client error): The resource could not be found. [pid: 8|app: 0|req: 881/1702] 10.0.0.58 () {32 vars in 723 bytes} [Tue Jul 21 07:55:30 2026] DELETE /v2.0/routers/8d25811a-5146-4087-b189-5e7056c1297d => generated 135 bytes in 16 msecs (HTTP/1.1 404) 4 headers in 164 bytes (1 switches on core 0)
2026-07-21 07:55:30.921 8 INFO neutron.db.segments_db [None req-9872d615-f0ac-46d6-a32d-0128f912b4e8 3e198292932d4faf962f2932abbf0b46 9118a8a3fe384f23967f7d3f83c2fd1a - - default default] Added segment 4697885c-71a5-48d5-ad61-5e5ac17be26e of type geneve for network bbd4d479-b1ef-4c1d-b0ea-d54da4ef5e97
2026-07-21 07:55:30.996 7 WARNING neutron.scheduler.dhcp_agent_scheduler [None req-4ede2a6d-7190-4027-870e-513d4bcfaf05 8088e98d939c4ea49bef1b71e70a3eb3 2a04c0f7519f421bb747424f3e23a4dc - - default default] No more DHCP agents
2026-07-21 07:55:30.998 7 WARNING neutron.api.rpc.agentnotifiers.dhcp_rpc_agent_api [None req-4ede2a6d-7190-4027-870e-513d4bcfaf05 8088e98d939c4ea49bef1b71e70a3eb3 2a04c0f7519f421bb747424f3e23a4dc - - default default] Unable to schedule network 701dd12f-0fd9-48c2-aadb-2e4752e81fe8: no agents available; will retry on subsequent port and subnet creation events.
2026-07-21 07:55:31.040 8 INFO neutron.db.ovn_revision_numbers_db [None req-9872d615-f0ac-46d6-a32d-0128f912b4e8 3e198292932d4faf962f2932abbf0b46 9118a8a3fe384f23967f7d3f83c2fd1a - - default default] Successfully bumped revision number for resource bbd4d479-b1ef-4c1d-b0ea-d54da4ef5e97 (type: networks) to 1
2026-07-21 07:55:31.221 8 WARNING neutron.scheduler.dhcp_agent_scheduler [None req-9872d615-f0ac-46d6-a32d-0128f912b4e8 3e198292932d4faf962f2932abbf0b46 9118a8a3fe384f23967f7d3f83c2fd1a - - default default] No more DHCP agents
2026-07-21 07:55:31.222 8 WARNING neutron.api.rpc.agentnotifiers.dhcp_rpc_agent_api [None req-9872d615-f0ac-46d6-a32d-0128f912b4e8 3e198292932d4faf962f2932abbf0b46 9118a8a3fe384f23967f7d3f83c2fd1a - - default default] Unable to schedule network bbd4d479-b1ef-4c1d-b0ea-d54da4ef5e97: no agents available; will retry on subsequent port and subnet creation events.
2026-07-21 07:55:31.319 8 INFO neutron.db.ovn_revision_numbers_db [None req-9872d615-f0ac-46d6-a32d-0128f912b4e8 3e198292932d4faf962f2932abbf0b46 9118a8a3fe384f23967f7d3f83c2fd1a - - default default] Successfully bumped revision number for resource 8d7770ec-a7ab-41d1-ae57-843e3671e0ae (type: ports) to 1 [pid: 7|app: 0|req: 822/1703] 10.0.0.58 () {34 vars in 675 bytes} [Tue Jul 21 07:55:30 2026] POST /v2.0/floatingips => generated 552 bytes in 597 msecs (HTTP/1.1 201) 4 headers in 162 bytes (1 switches on core 0) [pid: 8|app: 0|req: 882/1704] 10.0.0.58 () {34 vars in 669 bytes} [Tue Jul 21 07:55:30 2026] POST /v2.0/networks => generated 670 bytes in 531 msecs (HTTP/1.1 201) 4 headers in 162 bytes (1 switches on core 0) [pid: 8|app: 0|req: 883/1705] 10.0.0.58 () {32 vars in 735 bytes} [Tue Jul 21 07:55:31 2026] GET /v2.0/ports?device_id=a1b1f3bb-cd37-4c75-9f43-41c7a883331e => generated 12 bytes in 21 msecs (HTTP/1.1 200) 4 headers in 156 bytes (1 switches on core 0) [pid: 7|app: 0|req: 823/1706] 10.0.0.58 () {32 vars in 672 bytes} [Tue Jul 21 07:55:31 2026] GET /v2.0/security-group-rules => generated 4138 bytes in 67 msecs (HTTP/1.1 200) 4 headers in 158 bytes (1 switches on core 0)
2026-07-21 07:55:31.488 7 INFO neutron.db.segments_db [None req-6d7ad8f0-3d10-4b57-9b10-13ed4cb172c1 3e198292932d4faf962f2932abbf0b46 9118a8a3fe384f23967f7d3f83c2fd1a - - default default] Added segment f473e1a6-0b80-4e45-955c-53fe3201a452 of type geneve for network 105b5832-bdef-487d-b5e3-6153a44dac77
2026-07-21 07:55:31.618 7 INFO neutron.db.ovn_revision_numbers_db [None req-6d7ad8f0-3d10-4b57-9b10-13ed4cb172c1 3e198292932d4faf962f2932abbf0b46 9118a8a3fe384f23967f7d3f83c2fd1a - - default default] Successfully bumped revision number for resource 105b5832-bdef-487d-b5e3-6153a44dac77 (type: networks) to 1
2026-07-21 07:55:31.621 8 WARNING neutron.scheduler.dhcp_agent_scheduler [None req-208ab755-6aa6-47e0-a024-a1191c0d0c1f 8088e98d939c4ea49bef1b71e70a3eb3 2a04c0f7519f421bb747424f3e23a4dc - - default default] No more DHCP agents
2026-07-21 07:55:31.623 8 WARNING neutron.api.rpc.agentnotifiers.dhcp_rpc_agent_api [None req-208ab755-6aa6-47e0-a024-a1191c0d0c1f 8088e98d939c4ea49bef1b71e70a3eb3 2a04c0f7519f421bb747424f3e23a4dc - - default default] Unable to schedule network 701dd12f-0fd9-48c2-aadb-2e4752e81fe8: no agents available; will retry on subsequent port and subnet creation events.
2026-07-21 07:55:31.786 7 WARNING neutron.scheduler.dhcp_agent_scheduler [None req-6d7ad8f0-3d10-4b57-9b10-13ed4cb172c1 3e198292932d4faf962f2932abbf0b46 9118a8a3fe384f23967f7d3f83c2fd1a - - default default] No more DHCP agents
2026-07-21 07:55:31.790 7 WARNING neutron.api.rpc.agentnotifiers.dhcp_rpc_agent_api [None req-6d7ad8f0-3d10-4b57-9b10-13ed4cb172c1 3e198292932d4faf962f2932abbf0b46 9118a8a3fe384f23967f7d3f83c2fd1a - - default default] Unable to schedule network 105b5832-bdef-487d-b5e3-6153a44dac77: no agents available; will retry on subsequent port and subnet creation events.
2026-07-21 07:55:31.849 7 INFO neutron.plugins.ml2.drivers.ovn.mech_driver.mech_driver [None req-d0acdf6d-3bfb-437b-87bd-472466a7441b - - - - - -] OVN reports status down for port: 0872a578-20ce-4046-94f8-0dfb9c51488e
2026-07-21 07:55:31.916 7 INFO neutron.db.ovn_revision_numbers_db [None req-6d7ad8f0-3d10-4b57-9b10-13ed4cb172c1 3e198292932d4faf962f2932abbf0b46 9118a8a3fe384f23967f7d3f83c2fd1a - - default default] Successfully bumped revision number for resource 0872a578-20ce-4046-94f8-0dfb9c51488e (type: ports) to 1 [pid: 7|app: 0|req: 824/1707] 10.0.0.58 () {34 vars in 669 bytes} [Tue Jul 21 07:55:31 2026] POST /v2.0/networks => generated 670 bytes in 570 msecs (HTTP/1.1 201) 4 headers in 162 bytes (1 switches on core 0)
2026-07-21 07:55:31.995 7 INFO neutron.api.v2.resource [None req-32cba073-dd38-4a38-9697-7f748686f414 f831f5ea22bb4f8f90d0deeefaea60d3 a75318a6d5de497b8bcdc09b93862805 - - default default] delete failed (client error): The resource could not be found. [pid: 7|app: 0|req: 825/1708] 10.0.0.58 () {32 vars in 723 bytes} [Tue Jul 21 07:55:31 2026] DELETE /v2.0/routers/a1b1f3bb-cd37-4c75-9f43-41c7a883331e => generated 135 bytes in 28 msecs (HTTP/1.1 404) 4 headers in 164 bytes (1 switches on core 0) [pid: 8|app: 0|req: 884/1709] 10.0.0.58 () {34 vars in 675 bytes} [Tue Jul 21 07:55:31 2026] POST /v2.0/floatingips => generated 552 bytes in 639 msecs (HTTP/1.1 201) 4 headers in 162 bytes (1 switches on core 0) [pid: 8|app: 0|req: 885/1710] 10.0.0.58 () {34 vars in 752 bytes} [Tue Jul 21 07:55:32 2026] PUT /v2.0/networks/b62855e7-aadd-4788-950f-15fcf68238a6/tags => generated 17 bytes in 77 msecs (HTTP/1.1 200) 4 headers in 156 bytes (1 switches on core 0)
2026-07-21 07:55:32.096 8 INFO neutron.pecan_wsgi.hooks.translation [None req-9999bd05-6a01-4ca7-80c0-999d3c975cf0 f831f5ea22bb4f8f90d0deeefaea60d3 a75318a6d5de497b8bcdc09b93862805 - - default default] DELETE failed (client error): The resource could not be found. [pid: 8|app: 0|req: 886/1711] 10.0.0.58 () {32 vars in 723 bytes} [Tue Jul 21 07:55:32 2026] DELETE /v2.0/subnets/d966b5e0-9e94-4d58-b920-4a1b67ae9468 => generated 136 bytes in 16 msecs (HTTP/1.1 404) 4 headers in 164 bytes (1 switches on core 0) [pid: 7|app: 0|req: 826/1712] 10.0.0.58 () {32 vars in 749 bytes} [Tue Jul 21 07:55:31 2026] DELETE /v2.0/security-group-rules/5115de51-a7e1-47ce-bd0b-c4095b27dbe4 => generated 0 bytes in 111 msecs (HTTP/1.1 204) 2 headers in 112 bytes (1 switches on core 0) [pid: 7|app: 0|req: 827/1713] 10.0.0.58 () {34 vars in 752 bytes} [Tue Jul 21 07:55:32 2026] PUT /v2.0/networks/8a078211-c09c-4319-8d60-bf38f22672ee/tags => generated 25 bytes in 57 msecs (HTTP/1.1 200) 4 headers in 156 bytes (1 switches on core 0) [pid: 7|app: 0|req: 828/1714] 10.0.0.58 () {32 vars in 735 bytes} [Tue Jul 21 07:55:32 2026] GET /v2.0/ports?device_id=74b60f2e-cc39-4b48-b4b9-c54b1b7fdd95 => generated 12 bytes in 17 msecs (HTTP/1.1 200) 4 headers in 156 bytes (1 switches on core 0) [pid: 7|app: 0|req: 829/1715] 10.0.0.58 () {32 vars in 672 bytes} [Tue Jul 21 07:55:32 2026] GET /v2.0/security-group-rules => generated 3560 bytes in 54 msecs (HTTP/1.1 200) 4 headers in 158 bytes (1 switches on core 0) [pid: 7|app: 0|req: 830/1716] 10.0.0.58 () {34 vars in 752 bytes} [Tue Jul 21 07:55:32 2026] PUT /v2.0/networks/824424b0-d5f4-4928-ac14-dc37a66e3561/tags => generated 34 bytes in 61 msecs (HTTP/1.1 200) 4 headers in 156 bytes (1 switches on core 0)
2026-07-21 07:55:32.316 7 INFO neutron.api.v2.resource [None req-fbe21c02-1b40-4287-9ddb-19f3b6c93cf7 f831f5ea22bb4f8f90d0deeefaea60d3 a75318a6d5de497b8bcdc09b93862805 - - default default] delete failed (client error): The resource could not be found. [pid: 7|app: 0|req: 831/1717] 10.0.0.58 () {32 vars in 723 bytes} [Tue Jul 21 07:55:32 2026] DELETE /v2.0/routers/74b60f2e-cc39-4b48-b4b9-c54b1b7fdd95 => generated 135 bytes in 18 msecs (HTTP/1.1 404) 4 headers in 164 bytes (1 switches on core 0)
2026-07-21 07:55:32.318 8 WARNING neutron.scheduler.dhcp_agent_scheduler [None req-1155e960-816c-4703-a933-0ed3e3955103 8088e98d939c4ea49bef1b71e70a3eb3 2a04c0f7519f421bb747424f3e23a4dc - - default default] No more DHCP agents
2026-07-21 07:55:32.319 8 WARNING neutron.api.rpc.agentnotifiers.dhcp_rpc_agent_api [None req-1155e960-816c-4703-a933-0ed3e3955103 8088e98d939c4ea49bef1b71e70a3eb3 2a04c0f7519f421bb747424f3e23a4dc - - default default] Unable to schedule network 701dd12f-0fd9-48c2-aadb-2e4752e81fe8: no agents available; will retry on subsequent port and subnet creation events.
2026-07-21 07:55:32.347 7 INFO neutron.db.securitygroups_db [None req-774ade9a-a705-4978-a7bb-d43ad6388e48 ab48465c439545219546f93c3ec168d5 4bc4006386c8469c8e111f0d52ccbd04 - - default default] Project 4bc4006386c8469c8e111f0d52ccbd04 added a security group rule with legacy IPv6 ICMP protocol name icmp, ipv6-icmp should be used instead. It was automatically converted.
