2026-07-21 07:54:05.141 7 INFO neutron.db.ovn_revision_numbers_db [None req-c6f9c06f-e6b8-4276-9c7a-616173833e06 69089283d0d541e189d1e1fcb3351685 0dd71d0c4b33455ab175aca7c86f288e - - default default] Successfully bumped revision number for resource 7cb088df-db5a-44b2-91ea-5e2fc6df9175 (type: security_group_rules) to 0 [pid: 7|app: 0|req: 569/1193] 10.0.0.58 () {32 vars in 773 bytes} [Tue Jul 21 07:54:04 2026] GET /v2.0/security-groups?tenant_id=2ffd8ac417154848b7b9cb633729ccf6&name=default => generated 2925 bytes in 312 msecs (HTTP/1.1 200) 4 headers in 158 bytes (1 switches on core 0) [pid: 7|app: 0|req: 570/1194] 10.0.0.124 () {34 vars in 1070 bytes} [Tue Jul 21 07:54:05 2026] GET /v2.0/ports?fields=security_groups&fields=device_id&device_id=4e6ed413-eaec-4ab5-a3cc-f037ec376a24 => generated 12 bytes in 21 msecs (HTTP/1.1 200) 4 headers in 156 bytes (1 switches on core 0) [pid: 8|app: 0|req: 625/1195] 10.0.0.58 () {32 vars in 739 bytes} [Tue Jul 21 07:54:05 2026] DELETE /v2.0/security-groups/01099143-ec2f-4e8b-bb5b-931d6ee071a6 => generated 0 bytes in 191 msecs (HTTP/1.1 204) 2 headers in 112 bytes (1 switches on core 0) [pid: 7|app: 0|req: 571/1196] 10.0.0.124 () {34 vars in 1070 bytes} [Tue Jul 21 07:54:06 2026] GET /v2.0/ports?fields=security_groups&fields=device_id&device_id=4e6ed413-eaec-4ab5-a3cc-f037ec376a24 => generated 12 bytes in 20 msecs (HTTP/1.1 200) 4 headers in 156 bytes (1 switches on core 0)
2026-07-21 07:54:06.869 8 INFO neutron.db.ovn_revision_numbers_db [None req-7be675ea-849c-4dd4-9a46-41625452918b 443c5b772ba0469088af6d83bd484b60 e94260908d704bf6b4a5aeab26743034 - - default default] Successfully bumped revision number for resource b9840065-7d3c-49c7-b691-427e7bd53c0b (type: security_groups) to 1
2026-07-21 07:54:06.882 8 INFO neutron.db.ovn_revision_numbers_db [None req-7be675ea-849c-4dd4-9a46-41625452918b 443c5b772ba0469088af6d83bd484b60 e94260908d704bf6b4a5aeab26743034 - - default default] Successfully bumped revision number for resource 46a7cb8f-bfd0-400d-8775-9b9e9ed083a9 (type: security_group_rules) to 0
2026-07-21 07:54:06.899 8 INFO neutron.db.ovn_revision_numbers_db [None req-7be675ea-849c-4dd4-9a46-41625452918b 443c5b772ba0469088af6d83bd484b60 e94260908d704bf6b4a5aeab26743034 - - default default] Successfully bumped revision number for resource 66e456ae-cfeb-47dc-a16f-e4e6b2c18b35 (type: security_group_rules) to 0
2026-07-21 07:54:06.912 8 INFO neutron.db.ovn_revision_numbers_db [None req-7be675ea-849c-4dd4-9a46-41625452918b 443c5b772ba0469088af6d83bd484b60 e94260908d704bf6b4a5aeab26743034 - - default default] Successfully bumped revision number for resource 6fd3d76b-24d8-4f4a-abdf-1952844b7e75 (type: security_group_rules) to 0
2026-07-21 07:54:06.930 8 INFO neutron.db.ovn_revision_numbers_db [None req-7be675ea-849c-4dd4-9a46-41625452918b 443c5b772ba0469088af6d83bd484b60 e94260908d704bf6b4a5aeab26743034 - - default default] Successfully bumped revision number for resource 84a612b8-b71a-4a17-a94a-bd9a04a42697 (type: security_group_rules) to 0 [pid: 7|app: 0|req: 572/1197] 10.0.0.87 () {34 vars in 989 bytes} [Tue Jul 21 07:54:06 2026] GET /v2.0/ports?device_id=4e6ed413-eaec-4ab5-a3cc-f037ec376a24 => generated 12 bytes in 21 msecs (HTTP/1.1 200) 4 headers in 156 bytes (1 switches on core 0)
2026-07-21 07:54:07.011 8 INFO neutron.db.segments_db [None req-7be675ea-849c-4dd4-9a46-41625452918b 443c5b772ba0469088af6d83bd484b60 e94260908d704bf6b4a5aeab26743034 - - default default] Added segment 49ef863e-9bca-434b-83dc-dce4f6a55e9e of type geneve for network 7eb51b1d-62ad-4705-814c-0428b0d62eaa
2026-07-21 07:54:07.157 8 INFO neutron.db.ovn_revision_numbers_db [None req-7be675ea-849c-4dd4-9a46-41625452918b 443c5b772ba0469088af6d83bd484b60 e94260908d704bf6b4a5aeab26743034 - - default default] Successfully bumped revision number for resource 7eb51b1d-62ad-4705-814c-0428b0d62eaa (type: networks) to 1
2026-07-21 07:54:07.387 8 WARNING neutron.scheduler.dhcp_agent_scheduler [None req-7be675ea-849c-4dd4-9a46-41625452918b 443c5b772ba0469088af6d83bd484b60 e94260908d704bf6b4a5aeab26743034 - - default default] No more DHCP agents
2026-07-21 07:54:07.389 8 WARNING neutron.api.rpc.agentnotifiers.dhcp_rpc_agent_api [None req-7be675ea-849c-4dd4-9a46-41625452918b 443c5b772ba0469088af6d83bd484b60 e94260908d704bf6b4a5aeab26743034 - - default default] Unable to schedule network 7eb51b1d-62ad-4705-814c-0428b0d62eaa: no agents available; will retry on subsequent port and subnet creation events.
2026-07-21 07:54:07.458 7 INFO neutron.plugins.ml2.drivers.ovn.mech_driver.mech_driver [None req-7ff90366-96ec-4d4b-a489-5ba5c6422b7d - - - - - -] OVN reports status down for port: 4a989edc-f36d-43bc-be90-aa441360490b
2026-07-21 07:54:07.479 8 INFO neutron.db.ovn_revision_numbers_db [None req-7be675ea-849c-4dd4-9a46-41625452918b 443c5b772ba0469088af6d83bd484b60 e94260908d704bf6b4a5aeab26743034 - - default default] Successfully bumped revision number for resource 4a989edc-f36d-43bc-be90-aa441360490b (type: ports) to 1 [pid: 8|app: 0|req: 626/1198] 10.0.0.58 () {34 vars in 669 bytes} [Tue Jul 21 07:54:06 2026] POST /v2.0/networks => generated 681 bytes in 1008 msecs (HTTP/1.1 201) 4 headers in 162 bytes (1 switches on core 0) [pid: 8|app: 0|req: 627/1199] 10.0.0.124 () {34 vars in 1070 bytes} [Tue Jul 21 07:54:07 2026] GET /v2.0/ports?fields=security_groups&fields=device_id&device_id=4e6ed413-eaec-4ab5-a3cc-f037ec376a24 => generated 12 bytes in 17 msecs (HTTP/1.1 200) 4 headers in 156 bytes (1 switches on core 0)
2026-07-21 07:54:07.604 7 INFO neutron.db.ovn_revision_numbers_db [None req-66775a5c-7b85-47f8-b44e-3d6b1139c065 127074eb29c4472098d2d821215489d0 afd9d7b67d5d4137a7fdb09fb58f1dc8 - - default default] Successfully bumped revision number for resource 85fdbe2f-dde6-4d26-9fd4-3a6697c09616 (type: security_groups) to 1
2026-07-21 07:54:07.619 7 INFO neutron.db.ovn_revision_numbers_db [None req-66775a5c-7b85-47f8-b44e-3d6b1139c065 127074eb29c4472098d2d821215489d0 afd9d7b67d5d4137a7fdb09fb58f1dc8 - - default default] Successfully bumped revision number for resource 1756ef96-309e-4bfe-b621-73386e6e2bc9 (type: security_group_rules) to 0
2026-07-21 07:54:07.632 7 INFO neutron.db.ovn_revision_numbers_db [None req-66775a5c-7b85-47f8-b44e-3d6b1139c065 127074eb29c4472098d2d821215489d0 afd9d7b67d5d4137a7fdb09fb58f1dc8 - - default default] Successfully bumped revision number for resource 4365dd1f-5ae4-4c62-8359-4704c48fede2 (type: security_group_rules) to 0
2026-07-21 07:54:07.646 7 INFO neutron.db.ovn_revision_numbers_db [None req-66775a5c-7b85-47f8-b44e-3d6b1139c065 127074eb29c4472098d2d821215489d0 afd9d7b67d5d4137a7fdb09fb58f1dc8 - - default default] Successfully bumped revision number for resource c178cc63-3643-49f8-8fd3-def06c739153 (type: security_group_rules) to 0
2026-07-21 07:54:07.659 7 INFO neutron.db.ovn_revision_numbers_db [None req-66775a5c-7b85-47f8-b44e-3d6b1139c065 127074eb29c4472098d2d821215489d0 afd9d7b67d5d4137a7fdb09fb58f1dc8 - - default default] Successfully bumped revision number for resource d4b85a42-8a60-4123-9cd3-60e4f3ef40e5 (type: security_group_rules) to 0
2026-07-21 07:54:07.732 8 WARNING neutron.scheduler.dhcp_agent_scheduler [None req-43b44330-ba32-419d-b5d5-b63dc2dd29db 443c5b772ba0469088af6d83bd484b60 e94260908d704bf6b4a5aeab26743034 - - default default] No more DHCP agents
2026-07-21 07:54:07.733 8 WARNING neutron.api.rpc.agentnotifiers.dhcp_rpc_agent_api [None req-43b44330-ba32-419d-b5d5-b63dc2dd29db 443c5b772ba0469088af6d83bd484b60 e94260908d704bf6b4a5aeab26743034 - - default default] Unable to schedule network 7eb51b1d-62ad-4705-814c-0428b0d62eaa: no agents available; will retry on subsequent port and subnet creation events.
2026-07-21 07:54:07.746 7 INFO neutron.db.segments_db [None req-66775a5c-7b85-47f8-b44e-3d6b1139c065 127074eb29c4472098d2d821215489d0 afd9d7b67d5d4137a7fdb09fb58f1dc8 - - default default] Added segment b3d1c07d-f51c-433e-b732-3a21cee6930b of type geneve for network ec65b8c7-d09c-406b-a76e-d95a43c8c737
2026-07-21 07:54:07.913 7 INFO neutron.db.ovn_revision_numbers_db [None req-66775a5c-7b85-47f8-b44e-3d6b1139c065 127074eb29c4472098d2d821215489d0 afd9d7b67d5d4137a7fdb09fb58f1dc8 - - default default] Successfully bumped revision number for resource ec65b8c7-d09c-406b-a76e-d95a43c8c737 (type: networks) to 1
2026-07-21 07:54:08.148 7 WARNING neutron.scheduler.dhcp_agent_scheduler [None req-66775a5c-7b85-47f8-b44e-3d6b1139c065 127074eb29c4472098d2d821215489d0 afd9d7b67d5d4137a7fdb09fb58f1dc8 - - default default] No more DHCP agents
2026-07-21 07:54:08.150 7 WARNING neutron.api.rpc.agentnotifiers.dhcp_rpc_agent_api [None req-66775a5c-7b85-47f8-b44e-3d6b1139c065 127074eb29c4472098d2d821215489d0 afd9d7b67d5d4137a7fdb09fb58f1dc8 - - default default] Unable to schedule network ec65b8c7-d09c-406b-a76e-d95a43c8c737: no agents available; will retry on subsequent port and subnet creation events.
2026-07-21 07:54:08.229 8 INFO neutron.plugins.ml2.drivers.ovn.mech_driver.mech_driver [None req-e02712da-4d13-4d13-94af-8a5d9ea43618 - - - - - -] OVN reports status down for port: 8ae01723-c8c4-498a-b52b-2fd37dbaf6dc
2026-07-21 07:54:08.239 7 INFO neutron.db.ovn_revision_numbers_db [None req-66775a5c-7b85-47f8-b44e-3d6b1139c065 127074eb29c4472098d2d821215489d0 afd9d7b67d5d4137a7fdb09fb58f1dc8 - - default default] Successfully bumped revision number for resource 8ae01723-c8c4-498a-b52b-2fd37dbaf6dc (type: ports) to 1 [pid: 7|app: 0|req: 573/1200] 10.0.0.58 () {34 vars in 669 bytes} [Tue Jul 21 07:54:07 2026] POST /v2.0/networks => generated 688 bytes in 1091 msecs (HTTP/1.1 201) 4 headers in 162 bytes (1 switches on core 0) [pid: 7|app: 0|req: 574/1201] 10.0.0.124 () {34 vars in 990 bytes} [Tue Jul 21 07:54:08 2026] GET /v2.0/ports?device_id=4e6ed413-eaec-4ab5-a3cc-f037ec376a24 => generated 12 bytes in 18 msecs (HTTP/1.1 200) 4 headers in 156 bytes (1 switches on core 0)
2026-07-21 07:54:08.440 7 WARNING neutron.scheduler.dhcp_agent_scheduler [None req-fd364c5a-e939-461c-b303-10a91b5b86ea 127074eb29c4472098d2d821215489d0 afd9d7b67d5d4137a7fdb09fb58f1dc8 - - default default] No more DHCP agents
2026-07-21 07:54:08.441 7 WARNING neutron.api.rpc.agentnotifiers.dhcp_rpc_agent_api [None req-fd364c5a-e939-461c-b303-10a91b5b86ea 127074eb29c4472098d2d821215489d0 afd9d7b67d5d4137a7fdb09fb58f1dc8 - - default default] Unable to schedule network ec65b8c7-d09c-406b-a76e-d95a43c8c737: no agents available; will retry on subsequent port and subnet creation events.
2026-07-21 07:54:08.463 7 INFO neutron.db.ovn_revision_numbers_db [None req-fd364c5a-e939-461c-b303-10a91b5b86ea 127074eb29c4472098d2d821215489d0 afd9d7b67d5d4137a7fdb09fb58f1dc8 - - default default] Successfully bumped revision number for resource 64a7fbed-f048-4a06-bf68-ff8ea9d5d146 (type: subnets) to 0 [pid: 7|app: 0|req: 575/1202] 10.0.0.58 () {34 vars in 668 bytes} [Tue Jul 21 07:54:08 2026] POST /v2.0/subnets => generated 627 bytes in 191 msecs (HTTP/1.1 201) 4 headers in 162 bytes (1 switches on core 0)
2026-07-21 07:54:08.695 8 INFO neutron.db.ovn_revision_numbers_db [None req-43b44330-ba32-419d-b5d5-b63dc2dd29db 443c5b772ba0469088af6d83bd484b60 e94260908d704bf6b4a5aeab26743034 - - default default] Successfully bumped revision number for resource 4a989edc-f36d-43bc-be90-aa441360490b (type: ports) to 2
2026-07-21 07:54:08.733 8 INFO neutron.db.ovn_revision_numbers_db [None req-43b44330-ba32-419d-b5d5-b63dc2dd29db 443c5b772ba0469088af6d83bd484b60 e94260908d704bf6b4a5aeab26743034 - - default default] Successfully bumped revision number for resource efda72be-f2b8-4df5-986a-861d0d4fb398 (type: subnets) to 0 [pid: 8|app: 0|req: 628/1203] 10.0.0.58 () {34 vars in 668 bytes} [Tue Jul 21 07:54:07 2026] POST /v2.0/subnets => generated 641 bytes in 1217 msecs (HTTP/1.1 201) 4 headers in 162 bytes (1 switches on core 0) [pid: 8|app: 0|req: 629/1204] 10.0.0.58 () {32 vars in 739 bytes} [Tue Jul 21 07:54:08 2026] DELETE /v2.0/security-groups/06591a27-7828-42c9-b3b8-07560d7f5c74 => generated 0 bytes in 161 msecs (HTTP/1.1 204) 2 headers in 112 bytes (1 switches on core 0)
2026-07-21 07:54:08.950 7 WARNING neutron.scheduler.dhcp_agent_scheduler [None req-63834c06-6f31-4b78-94e4-b82711d583cf 127074eb29c4472098d2d821215489d0 afd9d7b67d5d4137a7fdb09fb58f1dc8 - - default default] No more DHCP agents
2026-07-21 07:54:08.951 7 WARNING neutron.api.rpc.agentnotifiers.dhcp_rpc_agent_api [None req-63834c06-6f31-4b78-94e4-b82711d583cf 127074eb29c4472098d2d821215489d0 afd9d7b67d5d4137a7fdb09fb58f1dc8 - - default default] Unable to schedule network 701dd12f-0fd9-48c2-aadb-2e4752e81fe8: no agents available; will retry on subsequent port and subnet creation events.
2026-07-21 07:54:08.995 8 INFO neutron.db.segments_db [None req-692fd602-e047-4772-acf3-d45bdc6108e1 443c5b772ba0469088af6d83bd484b60 e94260908d704bf6b4a5aeab26743034 - - default default] Added segment 3f6e2556-5178-4630-8ab6-3f2360be45d0 of type geneve for network 4027a7c1-4332-4d9b-9440-82d4625185fd
2026-07-21 07:54:09.083 7 INFO neutron.db.ovn_revision_numbers_db [None req-63834c06-6f31-4b78-94e4-b82711d583cf 127074eb29c4472098d2d821215489d0 afd9d7b67d5d4137a7fdb09fb58f1dc8 - - default default] Successfully bumped revision number for resource 0a3c42e2-0638-4e6d-87de-4706d5133292 (type: ports) to 1
2026-07-21 07:54:09.092 8 INFO neutron.plugins.ml2.drivers.ovn.mech_driver.mech_driver [None req-e02712da-4d13-4d13-94af-8a5d9ea43618 - - - - - -] OVN reports status down for port: 0a3c42e2-0638-4e6d-87de-4706d5133292
2026-07-21 07:54:09.160 8 INFO neutron.db.ovn_revision_numbers_db [None req-692fd602-e047-4772-acf3-d45bdc6108e1 443c5b772ba0469088af6d83bd484b60 e94260908d704bf6b4a5aeab26743034 - - default default] Successfully bumped revision number for resource 4027a7c1-4332-4d9b-9440-82d4625185fd (type: networks) to 1
2026-07-21 07:54:09.366 8 WARNING neutron.scheduler.dhcp_agent_scheduler [None req-692fd602-e047-4772-acf3-d45bdc6108e1 443c5b772ba0469088af6d83bd484b60 e94260908d704bf6b4a5aeab26743034 - - default default] No more DHCP agents
2026-07-21 07:54:09.368 8 WARNING neutron.api.rpc.agentnotifiers.dhcp_rpc_agent_api [None req-692fd602-e047-4772-acf3-d45bdc6108e1 443c5b772ba0469088af6d83bd484b60 e94260908d704bf6b4a5aeab26743034 - - default default] Unable to schedule network 4027a7c1-4332-4d9b-9440-82d4625185fd: no agents available; will retry on subsequent port and subnet creation events.
2026-07-21 07:54:09.430 8 INFO neutron.plugins.ml2.drivers.ovn.mech_driver.mech_driver [None req-e02712da-4d13-4d13-94af-8a5d9ea43618 - - - - - -] OVN reports status down for port: df440059-997e-41fb-8641-a7982d9aaf92
2026-07-21 07:54:09.507 8 INFO neutron.db.ovn_revision_numbers_db [None req-692fd602-e047-4772-acf3-d45bdc6108e1 443c5b772ba0469088af6d83bd484b60 e94260908d704bf6b4a5aeab26743034 - - default default] Successfully bumped revision number for resource df440059-997e-41fb-8641-a7982d9aaf92 (type: ports) to 1 [pid: 8|app: 0|req: 630/1205] 10.0.0.58 () {34 vars in 669 bytes} [Tue Jul 21 07:54:08 2026] POST /v2.0/networks => generated 682 bytes in 648 msecs (HTTP/1.1 201) 4 headers in 162 bytes (1 switches on core 0)
2026-07-21 07:54:09.572 8 INFO neutron.api.v2.resource [None req-81245104-1095-48c7-ae36-f9f5d94aebb4 0598e21a6c4b4b69b9fef74b7c7eb02e 1d92a727dce848ab977bbe147238f86b - - default default] show failed (client error): The resource could not be found. [pid: 8|app: 0|req: 631/1206] 10.0.0.58 () {32 vars in 736 bytes} [Tue Jul 21 07:54:09 2026] GET /v2.0/security-groups/06591a27-7828-42c9-b3b8-07560d7f5c74 => generated 146 bytes in 14 msecs (HTTP/1.1 404) 4 headers in 164 bytes (1 switches on core 0)
2026-07-21 07:54:09.684 8 INFO neutron.plugins.ml2.drivers.ovn.mech_driver.mech_driver [None req-e02712da-4d13-4d13-94af-8a5d9ea43618 - - - - - -] OVN reports status up for port: 0a3c42e2-0638-4e6d-87de-4706d5133292
2026-07-21 07:54:09.691 7 INFO neutron.db.ovn_revision_numbers_db [None req-63834c06-6f31-4b78-94e4-b82711d583cf 127074eb29c4472098d2d821215489d0 afd9d7b67d5d4137a7fdb09fb58f1dc8 - - default default] Successfully bumped revision number for resource 0a3c42e2-0638-4e6d-87de-4706d5133292 (type: router_ports) to 1
2026-07-21 07:54:09.708 8 INFO neutron.plugins.ml2.plugin [None req-e02712da-4d13-4d13-94af-8a5d9ea43618 - - - - - -] Attempt 1 to provision port 0a3c42e2-0638-4e6d-87de-4706d5133292
2026-07-21 07:54:09.758 7 INFO neutron.db.ovn_revision_numbers_db [None req-63834c06-6f31-4b78-94e4-b82711d583cf 127074eb29c4472098d2d821215489d0 afd9d7b67d5d4137a7fdb09fb58f1dc8 - - default default] Successfully bumped revision number for resource 8aa9546d-2ab0-4cc6-94c5-65353a2972cd (type: routers) to 2 [pid: 7|app: 0|req: 576/1207] 10.0.0.58 () {34 vars in 668 bytes} [Tue Jul 21 07:54:08 2026] POST /v2.0/routers => generated 975 bytes in 1299 msecs (HTTP/1.1 201) 4 headers in 162 bytes (1 switches on core 0)
2026-07-21 07:54:09.844 8 INFO neutron.db.ovn_revision_numbers_db [None req-2c6ccfee-b19d-40b7-9199-02d39db185cf 443c5b772ba0469088af6d83bd484b60 e94260908d704bf6b4a5aeab26743034 - - default default] Successfully bumped revision number for resource 4027a7c1-4332-4d9b-9440-82d4625185fd (type: networks) to 2 [pid: 8|app: 0|req: 632/1208] 10.0.0.58 () {34 vars in 742 bytes} [Tue Jul 21 07:54:09 2026] PUT /v2.0/networks/4027a7c1-4332-4d9b-9440-82d4625185fd => generated 636 bytes in 282 msecs (HTTP/1.1 200) 4 headers in 157 bytes (1 switches on core 0)
2026-07-21 07:54:09.915 7 INFO neutron_taas.services.taas.taas_plugin [None req-0a9b748f-bd9a-4988-b226-e5a941a4af7d 0598e21a6c4b4b69b9fef74b7c7eb02e 1d92a727dce848ab977bbe147238f86b - - default default] TaaS: Handle Delete Port: f1fecb99-d325-48b5-82a1-f9a90fc88bf8
2026-07-21 07:54:09.917 7 INFO neutron_taas.services.taas.tap_mirror_plugin [None req-0a9b748f-bd9a-4988-b226-e5a941a4af7d 0598e21a6c4b4b69b9fef74b7c7eb02e 1d92a727dce848ab977bbe147238f86b - - default default] Tap Mirror: Handle Delete Port: f1fecb99-d325-48b5-82a1-f9a90fc88bf8
2026-07-21 07:54:10.019 8 WARNING neutron.db.securitygroups_db [None req-8013f7f8-571e-4a88-a4ef-266d66fbf12a 69089283d0d541e189d1e1fcb3351685 0dd71d0c4b33455ab175aca7c86f288e - - default default] project_id key not found in filters, using tenant_id instead. This support has been deprecated and will be removed in a future release. [pid: 7|app: 0|req: 577/1209] 10.0.0.58 () {32 vars in 731 bytes} [Tue Jul 21 07:54:09 2026] DELETE /v2.0/floatingips/5bf2c56f-9294-455d-b934-97cd54cca95f => generated 0 bytes in 357 msecs (HTTP/1.1 204) 2 headers in 112 bytes (1 switches on core 0)
2026-07-21 07:54:10.163 8 INFO neutron.db.ovn_revision_numbers_db [None req-8013f7f8-571e-4a88-a4ef-266d66fbf12a 69089283d0d541e189d1e1fcb3351685 0dd71d0c4b33455ab175aca7c86f288e - - default default] Successfully bumped revision number for resource 847053ff-4f8a-49b0-b2dd-1294607faaf8 (type: security_groups) to 1
2026-07-21 07:54:10.177 8 INFO neutron.db.ovn_revision_numbers_db [None req-8013f7f8-571e-4a88-a4ef-266d66fbf12a 69089283d0d541e189d1e1fcb3351685 0dd71d0c4b33455ab175aca7c86f288e - - default default] Successfully bumped revision number for resource 0c779cca-e239-46b7-b875-ea3e41dc9029 (type: security_group_rules) to 0
2026-07-21 07:54:10.189 8 INFO neutron.db.ovn_revision_numbers_db [None req-8013f7f8-571e-4a88-a4ef-266d66fbf12a 69089283d0d541e189d1e1fcb3351685 0dd71d0c4b33455ab175aca7c86f288e - - default default] Successfully bumped revision number for resource 3b26059c-8514-4cf3-b780-beef020a9ad1 (type: security_group_rules) to 0
2026-07-21 07:54:10.202 8 INFO neutron.db.ovn_revision_numbers_db [None req-8013f7f8-571e-4a88-a4ef-266d66fbf12a 69089283d0d541e189d1e1fcb3351685 0dd71d0c4b33455ab175aca7c86f288e - - default default] Successfully bumped revision number for resource 666ad5e2-7e12-4a79-9dce-d9064659a39e (type: security_group_rules) to 0
2026-07-21 07:54:10.213 8 INFO neutron.db.ovn_revision_numbers_db [None req-8013f7f8-571e-4a88-a4ef-266d66fbf12a 69089283d0d541e189d1e1fcb3351685 0dd71d0c4b33455ab175aca7c86f288e - - default default] Successfully bumped revision number for resource dfc608f0-4998-4aec-aa86-a0c793a540ec (type: security_group_rules) to 0 [pid: 8|app: 0|req: 633/1210] 10.0.0.58 () {32 vars in 773 bytes} [Tue Jul 21 07:54:09 2026] GET /v2.0/security-groups?tenant_id=aeb70bfefb394692891a356b379e8285&name=default => generated 2925 bytes in 391 msecs (HTTP/1.1 200) 4 headers in 158 bytes (1 switches on core 0)
2026-07-21 07:54:10.391 8 WARNING neutron.scheduler.dhcp_agent_scheduler [None req-71e0de3d-c52c-4e2b-8d84-477eb0f1cb65 443c5b772ba0469088af6d83bd484b60 e94260908d704bf6b4a5aeab26743034 - - default default] No more DHCP agents
2026-07-21 07:54:10.392 8 WARNING neutron.api.rpc.agentnotifiers.dhcp_rpc_agent_api [None req-71e0de3d-c52c-4e2b-8d84-477eb0f1cb65 443c5b772ba0469088af6d83bd484b60 e94260908d704bf6b4a5aeab26743034 - - default default] Unable to schedule network 4027a7c1-4332-4d9b-9440-82d4625185fd: no agents available; will retry on subsequent port and subnet creation events.
2026-07-21 07:54:10.842 8 INFO neutron.db.ovn_revision_numbers_db [None req-71e0de3d-c52c-4e2b-8d84-477eb0f1cb65 443c5b772ba0469088af6d83bd484b60 e94260908d704bf6b4a5aeab26743034 - - default default] Successfully bumped revision number for resource df440059-997e-41fb-8641-a7982d9aaf92 (type: ports) to 2
2026-07-21 07:54:10.878 8 INFO neutron.db.ovn_revision_numbers_db [None req-71e0de3d-c52c-4e2b-8d84-477eb0f1cb65 443c5b772ba0469088af6d83bd484b60 e94260908d704bf6b4a5aeab26743034 - - default default] Successfully bumped revision number for resource 8a4adb45-ce35-408f-b3cd-f2400e2dd36b (type: subnets) to 0 [pid: 8|app: 0|req: 634/1211] 10.0.0.58 () {34 vars in 668 bytes} [Tue Jul 21 07:54:10 2026] POST /v2.0/subnets => generated 626 bytes in 650 msecs (HTTP/1.1 201) 4 headers in 162 bytes (1 switches on core 0)
2026-07-21 07:54:11.059 7 WARNING neutron.scheduler.dhcp_agent_scheduler [None req-48c0f42b-e687-42cb-8c22-2228a0dabfe3 127074eb29c4472098d2d821215489d0 afd9d7b67d5d4137a7fdb09fb58f1dc8 - - default default] No more DHCP agents
2026-07-21 07:54:11.060 7 WARNING neutron.api.rpc.agentnotifiers.dhcp_rpc_agent_api [None req-48c0f42b-e687-42cb-8c22-2228a0dabfe3 127074eb29c4472098d2d821215489d0 afd9d7b67d5d4137a7fdb09fb58f1dc8 - - default default] Unable to schedule network ec65b8c7-d09c-406b-a76e-d95a43c8c737: no agents available; will retry on subsequent port and subnet creation events.
2026-07-21 07:54:11.155 8 INFO neutron_taas.services.taas.taas_plugin [None req-3ff89fbf-7dea-4d50-855e-e3969aef8b80 69089283d0d541e189d1e1fcb3351685 0dd71d0c4b33455ab175aca7c86f288e - - default default] TaaS: Handle Delete Port: 0dfb3822-c8a9-4cc6-b37a-7ed66f3b3320
2026-07-21 07:54:11.172 8 INFO neutron_taas.services.taas.tap_mirror_plugin [None req-3ff89fbf-7dea-4d50-855e-e3969aef8b80 69089283d0d541e189d1e1fcb3351685 0dd71d0c4b33455ab175aca7c86f288e - - default default] Tap Mirror: Handle Delete Port: 0dfb3822-c8a9-4cc6-b37a-7ed66f3b3320
2026-07-21 07:54:11.178 7 INFO neutron.plugins.ml2.drivers.ovn.mech_driver.mech_driver [None req-7ff90366-96ec-4d4b-a489-5ba5c6422b7d - - - - - -] OVN reports status down for port: e4bef5d6-a66a-4810-95e7-87feb7430e37
2026-07-21 07:54:11.241 7 INFO neutron.db.ovn_revision_numbers_db [None req-48c0f42b-e687-42cb-8c22-2228a0dabfe3 127074eb29c4472098d2d821215489d0 afd9d7b67d5d4137a7fdb09fb58f1dc8 - - default default] Successfully bumped revision number for resource e4bef5d6-a66a-4810-95e7-87feb7430e37 (type: ports) to 1 [pid: 8|app: 0|req: 635/1212] 10.0.0.58 () {34 vars in 788 bytes} [Tue Jul 21 07:54:10 2026] PUT /v2.0/routers/a58c3632-4115-4c0f-92e5-330c3546130c/remove_router_interface => generated 310 bytes in 831 msecs (HTTP/1.1 200) 4 headers in 157 bytes (1 switches on core 0) /var/lib/openstack/lib/python3.12/site-packages/pycadf/identifier.py:70: UserWarning: Invalid uuid: neutron. To ensure interoperability, identifiers should be a valid uuid. warnings.warn(('Invalid uuid: %s. To ensure interoperability, ' [pid: 8|app: 0|req: 636/1213] 10.0.0.58 () {32 vars in 739 bytes} [Tue Jul 21 07:54:11 2026] DELETE /v2.0/security-groups/847053ff-4f8a-49b0-b2dd-1294607faaf8 => generated 0 bytes in 210 msecs (HTTP/1.1 204) 2 headers in 112 bytes (1 switches on core 0)
2026-07-21 07:54:11.998 7 INFO neutron.plugins.ml2.drivers.ovn.mech_driver.mech_driver [None req-7ff90366-96ec-4d4b-a489-5ba5c6422b7d - - - - - -] OVN reports status up for port: e4bef5d6-a66a-4810-95e7-87feb7430e37
2026-07-21 07:54:12.025 7 INFO neutron.plugins.ml2.plugin [None req-7ff90366-96ec-4d4b-a489-5ba5c6422b7d - - - - - -] Attempt 1 to provision port e4bef5d6-a66a-4810-95e7-87feb7430e37
2026-07-21 07:54:12.139 7 WARNING neutron.scheduler.dhcp_agent_scheduler [None req-48c0f42b-e687-42cb-8c22-2228a0dabfe3 127074eb29c4472098d2d821215489d0 afd9d7b67d5d4137a7fdb09fb58f1dc8 - - default default] No more DHCP agents
2026-07-21 07:54:12.141 7 WARNING neutron.api.rpc.agentnotifiers.dhcp_rpc_agent_api [None req-48c0f42b-e687-42cb-8c22-2228a0dabfe3 127074eb29c4472098d2d821215489d0 afd9d7b67d5d4137a7fdb09fb58f1dc8 - - default default] Unable to schedule network ec65b8c7-d09c-406b-a76e-d95a43c8c737: no agents available; will retry on subsequent port and subnet creation events.
2026-07-21 07:54:12.191 8 INFO neutron.db.ovn_revision_numbers_db [None req-6a878ce7-5cc6-462b-aaf3-ef2f175bd4a2 443c5b772ba0469088af6d83bd484b60 e94260908d704bf6b4a5aeab26743034 - - default default] Successfully bumped revision number for resource 8a4adb45-ce35-408f-b3cd-f2400e2dd36b (type: subnets) to 1 [pid: 8|app: 0|req: 637/1214] 10.0.0.58 () {34 vars in 740 bytes} [Tue Jul 21 07:54:11 2026] PUT /v2.0/subnets/8a4adb45-ce35-408f-b3cd-f2400e2dd36b => generated 636 bytes in 255 msecs (HTTP/1.1 200) 4 headers in 157 bytes (1 switches on core 0)
2026-07-21 07:54:12.529 8 INFO neutron_taas.services.taas.taas_plugin [None req-37ad9c8d-c563-4804-b1ed-98e921cc00cf 69089283d0d541e189d1e1fcb3351685 0dd71d0c4b33455ab175aca7c86f288e - - default default] TaaS: Handle Delete Port: 29ec5805-709f-4aa1-a5f2-9d4975c702e3
2026-07-21 07:54:12.532 8 INFO neutron_taas.services.taas.tap_mirror_plugin [None req-37ad9c8d-c563-4804-b1ed-98e921cc00cf 69089283d0d541e189d1e1fcb3351685 0dd71d0c4b33455ab175aca7c86f288e - - default default] Tap Mirror: Handle Delete Port: 29ec5805-709f-4aa1-a5f2-9d4975c702e3
2026-07-21 07:54:12.789 7 INFO neutron.db.ovn_revision_numbers_db [None req-48c0f42b-e687-42cb-8c22-2228a0dabfe3 127074eb29c4472098d2d821215489d0 afd9d7b67d5d4137a7fdb09fb58f1dc8 - - default default] Successfully bumped revision number for resource e4bef5d6-a66a-4810-95e7-87feb7430e37 (type: router_ports) to 1 [pid: 7|app: 0|req: 578/1217] 10.0.0.58 () {34 vars in 782 bytes} [Tue Jul 21 07:54:10 2026] PUT /v2.0/routers/8aa9546d-2ab0-4cc6-94c5-65353a2972cd/add_router_interface => generated 310 bytes in 2662 msecs (HTTP/1.1 200) 4 headers in 157 bytes (1 switches on core 0)
2026-07-21 07:54:12.812 7 WARNING neutron.db.securitygroups_db [None req-1d4c8cfc-cb66-4e00-9e95-a44883f56c3a 69089283d0d541e189d1e1fcb3351685 0dd71d0c4b33455ab175aca7c86f288e - - default default] project_id key not found in filters, using tenant_id instead. This support has been deprecated and will be removed in a future release.
2026-07-21 07:54:12.931 7 INFO neutron.db.ovn_revision_numbers_db [None req-7ff90366-96ec-4d4b-a489-5ba5c6422b7d - - - - - -] Successfully bumped revision number for resource e4bef5d6-a66a-4810-95e7-87feb7430e37 (type: ports) to 2 [pid: 8|app: 0|req: 640/1218] 10.0.0.58 () {32 vars in 723 bytes} [Tue Jul 21 07:54:12 2026] DELETE /v2.0/routers/a58c3632-4115-4c0f-92e5-330c3546130c => generated 0 bytes in 844 msecs (HTTP/1.1 204) 2 headers in 112 bytes (1 switches on core 0)
2026-07-21 07:54:13.104 7 INFO neutron.db.ovn_revision_numbers_db [None req-1d4c8cfc-cb66-4e00-9e95-a44883f56c3a 69089283d0d541e189d1e1fcb3351685 0dd71d0c4b33455ab175aca7c86f288e - - default default] Successfully bumped revision number for resource 46bb166d-cc99-4103-9848-d89e72372181 (type: security_groups) to 1
2026-07-21 07:54:13.123 7 INFO neutron.db.ovn_revision_numbers_db [None req-1d4c8cfc-cb66-4e00-9e95-a44883f56c3a 69089283d0d541e189d1e1fcb3351685 0dd71d0c4b33455ab175aca7c86f288e - - default default] Successfully bumped revision number for resource 27d8280c-236c-4ea3-860a-a254f469acd4 (type: security_group_rules) to 0
2026-07-21 07:54:13.136 7 INFO neutron.db.ovn_revision_numbers_db [None req-1d4c8cfc-cb66-4e00-9e95-a44883f56c3a 69089283d0d541e189d1e1fcb3351685 0dd71d0c4b33455ab175aca7c86f288e - - default default] Successfully bumped revision number for resource 41c61367-9811-4714-8c77-c09c569099d6 (type: security_group_rules) to 0
2026-07-21 07:54:13.149 7 INFO neutron.db.ovn_revision_numbers_db [None req-1d4c8cfc-cb66-4e00-9e95-a44883f56c3a 69089283d0d541e189d1e1fcb3351685 0dd71d0c4b33455ab175aca7c86f288e - - default default] Successfully bumped revision number for resource 46600c2f-ef90-4fa9-b322-20b242f76c7d (type: security_group_rules) to 0
2026-07-21 07:54:13.162 7 INFO neutron.db.ovn_revision_numbers_db [None req-1d4c8cfc-cb66-4e00-9e95-a44883f56c3a 69089283d0d541e189d1e1fcb3351685 0dd71d0c4b33455ab175aca7c86f288e - - default default] Successfully bumped revision number for resource 53125078-d323-4fb9-95fa-3be5c2f1e86a (type: security_group_rules) to 0
2026-07-21 07:54:13.204 8 INFO neutron_taas.services.taas.taas_plugin [None req-d3cf5e40-4f53-42af-bd8e-df83992f4d11 443c5b772ba0469088af6d83bd484b60 e94260908d704bf6b4a5aeab26743034 - - default default] TaaS: Handle Delete Port: df440059-997e-41fb-8641-a7982d9aaf92 [pid: 7|app: 0|req: 579/1219] 10.0.0.58 () {32 vars in 773 bytes} [Tue Jul 21 07:54:12 2026] GET /v2.0/security-groups?tenant_id=8829f610b5ec429a91eec980b1747c85&name=default => generated 2925 bytes in 406 msecs (HTTP/1.1 200) 4 headers in 158 bytes (1 switches on core 0)
2026-07-21 07:54:13.208 8 INFO neutron_taas.services.taas.tap_mirror_plugin [None req-d3cf5e40-4f53-42af-bd8e-df83992f4d11 443c5b772ba0469088af6d83bd484b60 e94260908d704bf6b4a5aeab26743034 - - default default] Tap Mirror: Handle Delete Port: df440059-997e-41fb-8641-a7982d9aaf92
2026-07-21 07:54:13.455 7 WARNING neutron.scheduler.dhcp_agent_scheduler [None req-fbbd098a-804d-407f-9b6d-07f772ee9942 127074eb29c4472098d2d821215489d0 afd9d7b67d5d4137a7fdb09fb58f1dc8 - - default default] No more DHCP agents
2026-07-21 07:54:13.457 7 WARNING neutron.api.rpc.agentnotifiers.dhcp_rpc_agent_api [None req-fbbd098a-804d-407f-9b6d-07f772ee9942 127074eb29c4472098d2d821215489d0 afd9d7b67d5d4137a7fdb09fb58f1dc8 - - default default] Unable to schedule network ec65b8c7-d09c-406b-a76e-d95a43c8c737: no agents available; will retry on subsequent port and subnet creation events.
2026-07-21 07:54:13.536 8 INFO neutron.services.segments.plugin [-] Segment 3f6e2556-5178-4630-8ab6-3f2360be45d0 resource provider aggregate not found
2026-07-21 07:54:13.545 8 INFO neutron.services.segments.plugin [-] Segment 3f6e2556-5178-4630-8ab6-3f2360be45d0 resource provider aggregate not found
2026-07-21 07:54:13.561 8 INFO neutron.services.segments.plugin [-] Client error retrieving segment 3f6e2556-5178-4630-8ab6-3f2360be45d0 resource provider; error: Placement Client Error (4xx): {"errors": [{"status": 404, "title": "Not Found", "detail": "The resource could not be found.\n\n No resource provider with uuid 3f6e2556-5178-4630-8ab6-3f2360be45d0 found for delete ", "request_id": "req-04a295bc-f142-4e41-bba0-7bdff65ad61c"}]}
2026-07-21 07:54:13.564 8 INFO neutron.services.segments.plugin [-] Client error retrieving segment 3f6e2556-5178-4630-8ab6-3f2360be45d0 resource provider; error: Placement Client Error (4xx): {"errors": [{"status": 404, "title": "Not Found", "detail": "The resource could not be found.\n\n No resource provider with uuid 3f6e2556-5178-4630-8ab6-3f2360be45d0 found for delete ", "request_id": "req-76fa8f60-d192-482b-87ab-c23d432aad18"}]}
2026-07-21 07:54:13.622 7 INFO neutron.db.ovn_revision_numbers_db [None req-fbbd098a-804d-407f-9b6d-07f772ee9942 127074eb29c4472098d2d821215489d0 afd9d7b67d5d4137a7fdb09fb58f1dc8 - - default default] Successfully bumped revision number for resource f7591fe2-e226-4ecc-8824-77a52a4353e6 (type: ports) to 1 [pid: 8|app: 0|req: 641/1220] 10.0.0.58 () {32 vars in 725 bytes} [Tue Jul 21 07:54:13 2026] DELETE /v2.0/networks/4027a7c1-4332-4d9b-9440-82d4625185fd => generated 0 bytes in 590 msecs (HTTP/1.1 204) 3 headers in 131 bytes (1 switches on core 0) [pid: 7|app: 0|req: 580/1221] 10.0.0.58 () {34 vars in 664 bytes} [Tue Jul 21 07:54:13 2026] POST /v2.0/ports => generated 953 bytes in 479 msecs (HTTP/1.1 201) 4 headers in 162 bytes (1 switches on core 0) /var/lib/openstack/lib/python3.12/site-packages/pycadf/identifier.py:70: UserWarning: Invalid uuid: neutron. To ensure interoperability, identifiers should be a valid uuid. warnings.warn(('Invalid uuid: %s. To ensure interoperability, ' [pid: 8|app: 0|req: 642/1222] 10.0.0.58 () {32 vars in 723 bytes} [Tue Jul 21 07:54:13 2026] DELETE /v2.0/subnets/13775a40-20a4-4429-a58c-999ed667910d => generated 0 bytes in 178 msecs (HTTP/1.1 204) 3 headers in 131 bytes (1 switches on core 0)
2026-07-21 07:54:13.825 8 INFO neutron.pecan_wsgi.hooks.translation [None req-02f2272d-955b-4dd5-bee2-186485fa2a56 443c5b772ba0469088af6d83bd484b60 e94260908d704bf6b4a5aeab26743034 - - default default] DELETE failed (client error): The resource could not be found. [pid: 8|app: 0|req: 643/1223] 10.0.0.58 () {32 vars in 725 bytes} [Tue Jul 21 07:54:13 2026] DELETE /v2.0/networks/4027a7c1-4332-4d9b-9440-82d4625185fd => generated 138 bytes in 14 msecs (HTTP/1.1 404) 4 headers in 164 bytes (1 switches on core 0) [pid: 7|app: 0|req: 581/1224] 10.0.0.58 () {32 vars in 739 bytes} [Tue Jul 21 07:54:13 2026] DELETE /v2.0/security-groups/46bb166d-cc99-4103-9848-d89e72372181 => generated 0 bytes in 208 msecs (HTTP/1.1 204) 2 headers in 112 bytes (1 switches on core 0)
2026-07-21 07:54:14.011 7 INFO neutron_taas.services.taas.taas_plugin [None req-59c23454-e7b3-4672-8a54-6eb88ced65cd 69089283d0d541e189d1e1fcb3351685 0dd71d0c4b33455ab175aca7c86f288e - - default default] TaaS: Handle Delete Port: 6691042a-ef1c-4534-b250-75f5c6d4e60c
2026-07-21 07:54:14.013 7 INFO neutron_taas.services.taas.tap_mirror_plugin [None req-59c23454-e7b3-4672-8a54-6eb88ced65cd 69089283d0d541e189d1e1fcb3351685 0dd71d0c4b33455ab175aca7c86f288e - - default default] Tap Mirror: Handle Delete Port: 6691042a-ef1c-4534-b250-75f5c6d4e60c
2026-07-21 07:54:14.136 8 WARNING neutron.scheduler.dhcp_agent_scheduler [None req-b2e94a23-2a38-4387-a32b-115d1615aab5 127074eb29c4472098d2d821215489d0 afd9d7b67d5d4137a7fdb09fb58f1dc8 - - default default] No more DHCP agents
2026-07-21 07:54:14.139 8 WARNING neutron.api.rpc.agentnotifiers.dhcp_rpc_agent_api [None req-b2e94a23-2a38-4387-a32b-115d1615aab5 127074eb29c4472098d2d821215489d0 afd9d7b67d5d4137a7fdb09fb58f1dc8 - - default default] Unable to schedule network ec65b8c7-d09c-406b-a76e-d95a43c8c737: no agents available; will retry on subsequent port and subnet creation events.
2026-07-21 07:54:14.208 7 INFO neutron.services.segments.plugin [-] Segment 769864b6-c321-4715-89bb-66ceed713402 resource provider aggregate not found
2026-07-21 07:54:14.208 7 INFO neutron.services.segments.plugin [-] Segment 769864b6-c321-4715-89bb-66ceed713402 resource provider aggregate not found
2026-07-21 07:54:14.227 7 INFO neutron.services.segments.plugin [-] Client error retrieving segment 769864b6-c321-4715-89bb-66ceed713402 resource provider; error: Placement Client Error (4xx): {"errors": [{"status": 404, "title": "Not Found", "detail": "The resource could not be found.\n\n No resource provider with uuid 769864b6-c321-4715-89bb-66ceed713402 found for delete ", "request_id": "req-8e20f939-f797-4b60-912a-930744e5ba90"}]}
2026-07-21 07:54:14.230 7 INFO neutron.services.segments.plugin [-] Client error retrieving segment 769864b6-c321-4715-89bb-66ceed713402 resource provider; error: Placement Client Error (4xx): {"errors": [{"status": 404, "title": "Not Found", "detail": "The resource could not be found.\n\n No resource provider with uuid 769864b6-c321-4715-89bb-66ceed713402 found for delete ", "request_id": "req-1650f33b-88b7-433c-81f9-987e2036f526"}]} [pid: 7|app: 0|req: 582/1225] 10.0.0.58 () {32 vars in 725 bytes} [Tue Jul 21 07:54:13 2026] DELETE /v2.0/networks/e367a96c-52ba-4674-b5a9-a26c105f264a => generated 0 bytes in 385 msecs (HTTP/1.1 204) 3 headers in 131 bytes (1 switches on core 0)
2026-07-21 07:54:14.312 8 INFO neutron.db.ovn_revision_numbers_db [None req-b2e94a23-2a38-4387-a32b-115d1615aab5 127074eb29c4472098d2d821215489d0 afd9d7b67d5d4137a7fdb09fb58f1dc8 - - default default] Successfully bumped revision number for resource a2af3415-dccc-479f-b069-8949cb5692f6 (type: ports) to 1 [pid: 8|app: 0|req: 644/1226] 10.0.0.58 () {34 vars in 664 bytes} [Tue Jul 21 07:54:13 2026] POST /v2.0/ports => generated 958 bytes in 510 msecs (HTTP/1.1 201) 4 headers in 162 bytes (1 switches on core 0) [pid: 7|app: 0|req: 583/1227] 10.0.0.58 () {32 vars in 693 bytes} [Tue Jul 21 07:54:14 2026] GET /v2.0/networks?router%3Aexternal=True => generated 689 bytes in 64 msecs (HTTP/1.1 200) 4 headers in 157 bytes (1 switches on core 0) /var/lib/openstack/lib/python3.12/site-packages/pycadf/identifier.py:70: UserWarning: Invalid uuid: neutron. To ensure interoperability, identifiers should be a valid uuid. warnings.warn(('Invalid uuid: %s. To ensure interoperability, ' [pid: 7|app: 0|req: 584/1228] 10.0.0.58 () {32 vars in 741 bytes} [Tue Jul 21 07:54:14 2026] GET /v2.0/subnets?network_id=701dd12f-0fd9-48c2-aadb-2e4752e81fe8 => generated 649 bytes in 47 msecs (HTTP/1.1 200) 4 headers in 157 bytes (1 switches on core 0) [pid: 7|app: 0|req: 585/1229] 10.0.0.58 () {32 vars in 652 bytes} [Tue Jul 21 07:54:14 2026] GET /v2.0/extensions => generated 22668 bytes in 7 msecs (HTTP/1.1 200) 4 headers in 159 bytes (1 switches on core 0) [pid: 7|app: 0|req: 586/1230] 10.0.0.58 () {32 vars in 648 bytes} [Tue Jul 21 07:54:14 2026] GET /v2.0/networks => generated 1384 bytes in 62 msecs (HTTP/1.1 200) 4 headers in 158 bytes (1 switches on core 0)
2026-07-21 07:54:14.481 7 WARNING neutron.db.securitygroups_db [None req-52d13ed5-1ca2-4aee-ac13-ab69bf14feca 69089283d0d541e189d1e1fcb3351685 0dd71d0c4b33455ab175aca7c86f288e - - default default] project_id key not found in filters, using tenant_id instead. This support has been deprecated and will be removed in a future release. [pid: 7|app: 0|req: 587/1231] 10.0.0.58 () {32 vars in 773 bytes} [Tue Jul 21 07:54:14 2026] GET /v2.0/security-groups?tenant_id=1d92a727dce848ab977bbe147238f86b&name=default => generated 2925 bytes in 29 msecs (HTTP/1.1 200) 4 headers in 158 bytes (1 switches on core 0) [pid: 7|app: 0|req: 588/1232] 10.0.0.58 () {32 vars in 646 bytes} [Tue Jul 21 07:54:14 2026] GET /v2.0/subnets => generated 1280 bytes in 52 msecs (HTTP/1.1 200) 4 headers in 158 bytes (1 switches on core 0)
2026-07-21 07:54:14.605 8 WARNING neutron.scheduler.dhcp_agent_scheduler [None req-90e0d96a-cc13-432b-984e-aa6e06c5751b 127074eb29c4472098d2d821215489d0 afd9d7b67d5d4137a7fdb09fb58f1dc8 - - default default] No more DHCP agents
2026-07-21 07:54:14.606 8 WARNING neutron.api.rpc.agentnotifiers.dhcp_rpc_agent_api [None req-90e0d96a-cc13-432b-984e-aa6e06c5751b 127074eb29c4472098d2d821215489d0 afd9d7b67d5d4137a7fdb09fb58f1dc8 - - default default] Unable to schedule network 701dd12f-0fd9-48c2-aadb-2e4752e81fe8: no agents available; will retry on subsequent port and subnet creation events. [pid: 7|app: 0|req: 589/1233] 10.0.0.58 () {32 vars in 739 bytes} [Tue Jul 21 07:54:14 2026] DELETE /v2.0/security-groups/6f9601fc-3a9c-45aa-9fe5-13b2ef977ed6 => generated 0 bytes in 226 msecs (HTTP/1.1 204) 2 headers in 112 bytes (1 switches on core 0) [pid: 7|app: 0|req: 590/1234] 10.0.0.58 () {32 vars in 722 bytes} [Tue Jul 21 07:54:14 2026] GET /v2.0/networks/7eb51b1d-62ad-4705-814c-0428b0d62eaa => generated 706 bytes in 59 msecs (HTTP/1.1 200) 4 headers in 157 bytes (1 switches on core 0) [pid: 7|app: 0|req: 591/1235] 10.0.0.58 () {32 vars in 720 bytes} [Tue Jul 21 07:54:14 2026] GET /v2.0/subnets/efda72be-f2b8-4df5-986a-861d0d4fb398 => generated 641 bytes in 39 msecs (HTTP/1.1 200) 4 headers in 157 bytes (1 switches on core 0)
2026-07-21 07:54:14.913 8 WARNING neutron.plugins.ml2.drivers.ovn.mech_driver.ovsdb.ovn_client [None req-e02712da-4d13-4d13-94af-8a5d9ea43618 - - - - - -] No hosting information found for port 0a3c42e2-0638-4e6d-87de-4706d5133292: RuntimeError: No hosting information found for port 0a3c42e2-0638-4e6d-87de-4706d5133292
2026-07-21 07:54:14.913 8 INFO neutron.plugins.ml2.drivers.ovn.mech_driver.mech_driver [None req-e02712da-4d13-4d13-94af-8a5d9ea43618 - - - - - -] OVN reports status down for port: f7591fe2-e226-4ecc-8824-77a52a4353e6
2026-07-21 07:54:14.916 7 INFO neutron.pecan_wsgi.hooks.translation [None req-d373311c-6bd4-4c37-9a4b-294a88a23855 443c5b772ba0469088af6d83bd484b60 e94260908d704bf6b4a5aeab26743034 - - default default] DELETE failed (client error): The resource could not be found. [pid: 7|app: 0|req: 592/1236] 10.0.0.58 () {32 vars in 723 bytes} [Tue Jul 21 07:54:14 2026] DELETE /v2.0/subnets/8a4adb45-ce35-408f-b3cd-f2400e2dd36b => generated 136 bytes in 22 msecs (HTTP/1.1 404) 4 headers in 164 bytes (1 switches on core 0)
2026-07-21 07:54:14.946 7 INFO neutron.pecan_wsgi.hooks.translation [None req-01029ec0-0b25-4c0c-b60f-cb6897567d38 443c5b772ba0469088af6d83bd484b60 e94260908d704bf6b4a5aeab26743034 - - default default] DELETE failed (client error): The resource could not be found. [pid: 7|app: 0|req: 593/1237] 10.0.0.58 () {32 vars in 725 bytes} [Tue Jul 21 07:54:14 2026] DELETE /v2.0/networks/4027a7c1-4332-4d9b-9440-82d4625185fd => generated 138 bytes in 22 msecs (HTTP/1.1 404) 4 headers in 164 bytes (1 switches on core 0)
2026-07-21 07:54:15.035 8 INFO neutron.plugins.ml2.drivers.ovn.mech_driver.mech_driver [None req-e02712da-4d13-4d13-94af-8a5d9ea43618 - - - - - -] OVN reports status down for port: a2af3415-dccc-479f-b069-8949cb5692f6 [pid: 7|app: 0|req: 594/1238] 10.0.0.58 () {32 vars in 723 bytes} [Tue Jul 21 07:54:14 2026] DELETE /v2.0/subnets/efda72be-f2b8-4df5-986a-861d0d4fb398 => generated 0 bytes in 199 msecs (HTTP/1.1 204) 3 headers in 131 bytes (1 switches on core 0)
2026-07-21 07:54:15.293 7 INFO neutron_taas.services.taas.taas_plugin [None req-2c5dd1a0-71c5-4da7-bd83-dc0366f4e63f 443c5b772ba0469088af6d83bd484b60 e94260908d704bf6b4a5aeab26743034 - - default default] TaaS: Handle Delete Port: 4a989edc-f36d-43bc-be90-aa441360490b
2026-07-21 07:54:15.295 7 INFO neutron_taas.services.taas.tap_mirror_plugin [None req-2c5dd1a0-71c5-4da7-bd83-dc0366f4e63f 443c5b772ba0469088af6d83bd484b60 e94260908d704bf6b4a5aeab26743034 - - default default] Tap Mirror: Handle Delete Port: 4a989edc-f36d-43bc-be90-aa441360490b [pid: 7|app: 0|req: 595/1239] 10.0.0.58 () {32 vars in 725 bytes} [Tue Jul 21 07:54:15 2026] DELETE /v2.0/networks/7eb51b1d-62ad-4705-814c-0428b0d62eaa => generated 0 bytes in 379 msecs (HTTP/1.1 204) 3 headers in 131 bytes (1 switches on core 0)
2026-07-21 07:54:15.789 8 INFO neutron.db.ovn_revision_numbers_db [None req-90e0d96a-cc13-432b-984e-aa6e06c5751b 127074eb29c4472098d2d821215489d0 afd9d7b67d5d4137a7fdb09fb58f1dc8 - - default default] Successfully bumped revision number for resource ad9a4214-8816-4287-85bf-c7b2a02dcef4 (type: floatingips) to 1
2026-07-21 07:54:15.790 8 INFO neutron.db.l3_db [None req-90e0d96a-cc13-432b-984e-aa6e06c5751b 127074eb29c4472098d2d821215489d0 afd9d7b67d5d4137a7fdb09fb58f1dc8 - - default default] Floating IP ad9a4214-8816-4287-85bf-c7b2a02dcef4 associated. External IP: 10.96.250.208, port: a2af3415-dccc-479f-b069-8949cb5692f6. [pid: 8|app: 0|req: 645/1240] 10.0.0.58 () {34 vars in 676 bytes} [Tue Jul 21 07:54:14 2026] POST /v2.0/floatingips => generated 842 bytes in 1498 msecs (HTTP/1.1 201) 4 headers in 162 bytes (1 switches on core 0)
2026-07-21 07:54:16.079 7 INFO neutron.db.l3_db [None req-bb98c24f-cda3-44cb-93ed-49eb3d553cf3 127074eb29c4472098d2d821215489d0 afd9d7b67d5d4137a7fdb09fb58f1dc8 - - default default] Floating IP ad9a4214-8816-4287-85bf-c7b2a02dcef4 disassociated. External IP: 10.96.250.208, port: a2af3415-dccc-479f-b069-8949cb5692f6. [pid: 7|app: 0|req: 596/1241] 10.0.0.58 () {34 vars in 748 bytes} [Tue Jul 21 07:54:15 2026] PUT /v2.0/floatingips/ad9a4214-8816-4287-85bf-c7b2a02dcef4 => generated 554 bytes in 260 msecs (HTTP/1.1 200) 4 headers in 157 bytes (1 switches on core 0)
2026-07-21 07:54:16.211 8 WARNING neutron.db.securitygroups_db [None req-66240789-c7a8-475e-877b-aabeb2bfd218 69089283d0d541e189d1e1fcb3351685 0dd71d0c4b33455ab175aca7c86f288e - - default default] project_id key not found in filters, using tenant_id instead. This support has been deprecated and will be removed in a future release.
2026-07-21 07:54:16.236 7 INFO neutron_taas.services.taas.taas_plugin [None req-108f4b3f-9b26-43f4-b190-b717c54e0acb 127074eb29c4472098d2d821215489d0 afd9d7b67d5d4137a7fdb09fb58f1dc8 - - default default] TaaS: Handle Delete Port: 8261847f-a558-4c26-82d6-872e59056bdd [pid: 8|app: 0|req: 646/1242] 10.0.0.58 () {32 vars in 773 bytes} [Tue Jul 21 07:54:16 2026] GET /v2.0/security-groups?tenant_id=e94260908d704bf6b4a5aeab26743034&name=default => generated 2925 bytes in 144 msecs (HTTP/1.1 200) 4 headers in 158 bytes (1 switches on core 0)
2026-07-21 07:54:16.240 7 INFO neutron_taas.services.taas.tap_mirror_plugin [None req-108f4b3f-9b26-43f4-b190-b717c54e0acb 127074eb29c4472098d2d821215489d0 afd9d7b67d5d4137a7fdb09fb58f1dc8 - - default default] Tap Mirror: Handle Delete Port: 8261847f-a558-4c26-82d6-872e59056bdd
2026-07-21 07:54:16.251 7 INFO neutron.services.segments.plugin [-] Segment 49ef863e-9bca-434b-83dc-dce4f6a55e9e resource provider aggregate not found
2026-07-21 07:54:16.251 7 INFO neutron.services.segments.plugin [-] Segment 49ef863e-9bca-434b-83dc-dce4f6a55e9e resource provider aggregate not found
2026-07-21 07:54:16.283 7 INFO neutron.services.segments.plugin [-] Client error retrieving segment 49ef863e-9bca-434b-83dc-dce4f6a55e9e resource provider; error: Placement Client Error (4xx): {"errors": [{"status": 404, "title": "Not Found", "detail": "The resource could not be found.\n\n No resource provider with uuid 49ef863e-9bca-434b-83dc-dce4f6a55e9e found for delete ", "request_id": "req-e74bd77f-683d-4e68-9095-2ebe4d123746"}]}
2026-07-21 07:54:16.284 7 INFO neutron.services.segments.plugin [-] Client error retrieving segment 49ef863e-9bca-434b-83dc-dce4f6a55e9e resource provider; error: Placement Client Error (4xx): {"errors": [{"status": 404, "title": "Not Found", "detail": "The resource could not be found.\n\n No resource provider with uuid 49ef863e-9bca-434b-83dc-dce4f6a55e9e found for delete ", "request_id": "req-a5672412-8951-466d-ad07-1483c2759e1e"}]} [pid: 8|app: 0|req: 647/1243] 10.0.0.58 () {32 vars in 739 bytes} [Tue Jul 21 07:54:16 2026] DELETE /v2.0/security-groups/b9840065-7d3c-49c7-b691-427e7bd53c0b => generated 0 bytes in 165 msecs (HTTP/1.1 204) 2 headers in 112 bytes (1 switches on core 0) [pid: 7|app: 0|req: 597/1244] 10.0.0.58 () {32 vars in 731 bytes} [Tue Jul 21 07:54:16 2026] DELETE /v2.0/floatingips/ad9a4214-8816-4287-85bf-c7b2a02dcef4 => generated 0 bytes in 320 msecs (HTTP/1.1 204) 2 headers in 112 bytes (1 switches on core 0)
2026-07-21 07:54:16.688 8 WARNING neutron.scheduler.dhcp_agent_scheduler [None req-a4df6f7f-533b-4ee7-a33a-68431ba312e0 127074eb29c4472098d2d821215489d0 afd9d7b67d5d4137a7fdb09fb58f1dc8 - - default default] No more DHCP agents
2026-07-21 07:54:16.689 8 WARNING neutron.api.rpc.agentnotifiers.dhcp_rpc_agent_api [None req-a4df6f7f-533b-4ee7-a33a-68431ba312e0 127074eb29c4472098d2d821215489d0 afd9d7b67d5d4137a7fdb09fb58f1dc8 - - default default] Unable to schedule network 701dd12f-0fd9-48c2-aadb-2e4752e81fe8: no agents available; will retry on subsequent port and subnet creation events.
2026-07-21 07:54:17.447 8 INFO neutron.db.ovn_revision_numbers_db [None req-a4df6f7f-533b-4ee7-a33a-68431ba312e0 127074eb29c4472098d2d821215489d0 afd9d7b67d5d4137a7fdb09fb58f1dc8 - - default default] Successfully bumped revision number for resource 24488333-1a77-448d-bc58-da95dd2b31ec (type: floatingips) to 1
2026-07-21 07:54:17.447 8 INFO neutron.db.l3_db [None req-a4df6f7f-533b-4ee7-a33a-68431ba312e0 127074eb29c4472098d2d821215489d0 afd9d7b67d5d4137a7fdb09fb58f1dc8 - - default default] Floating IP 24488333-1a77-448d-bc58-da95dd2b31ec associated. External IP: 10.96.250.215, port: f7591fe2-e226-4ecc-8824-77a52a4353e6. [pid: 8|app: 0|req: 648/1245] 10.0.0.58 () {34 vars in 676 bytes} [Tue Jul 21 07:54:16 2026] POST /v2.0/floatingips => generated 840 bytes in 1050 msecs (HTTP/1.1 201) 4 headers in 162 bytes (1 switches on core 0) [pid: 7|app: 0|req: 598/1246] 10.0.0.58 () {32 vars in 728 bytes} [Tue Jul 21 07:54:17 2026] GET /v2.0/floatingips/24488333-1a77-448d-bc58-da95dd2b31ec => generated 842 bytes in 42 msecs (HTTP/1.1 200) 4 headers in 157 bytes (1 switches on core 0) /var/lib/openstack/lib/python3.12/site-packages/pycadf/identifier.py:70: UserWarning: Invalid uuid: neutron. To ensure interoperability, identifiers should be a valid uuid. warnings.warn(('Invalid uuid: %s. To ensure interoperability, ' [pid: 8|app: 0|req: 649/1247] 10.0.0.58 () {32 vars in 654 bytes} [Tue Jul 21 07:54:17 2026] GET /v2.0/floatingips => generated 845 bytes in 67 msecs (HTTP/1.1 200) 4 headers in 157 bytes (1 switches on core 0)
2026-07-21 07:54:18.290 7 INFO neutron.db.ovn_revision_numbers_db [None req-216cbd4f-531d-4c1f-ab96-5ef32f1dd1aa 127074eb29c4472098d2d821215489d0 afd9d7b67d5d4137a7fdb09fb58f1dc8 - - default default] Successfully bumped revision number for resource 24488333-1a77-448d-bc58-da95dd2b31ec (type: floatingips) to 2
