2026-07-21 07:55:32.411 7 INFO neutron.db.ovn_revision_numbers_db [None req-774ade9a-a705-4978-a7bb-d43ad6388e48 ab48465c439545219546f93c3ec168d5 4bc4006386c8469c8e111f0d52ccbd04 - - default default] Successfully bumped revision number for resource ca7e09d9-4ee4-47a8-84d9-656736ddaf0c (type: security_group_rules) to 0 [pid: 7|app: 0|req: 832/1718] 10.0.0.58 () {34 vars in 694 bytes} [Tue Jul 21 07:55:32 2026] POST /v2.0/security-group-rules => generated 607 bytes in 130 msecs (HTTP/1.1 201) 4 headers in 162 bytes (1 switches on core 0) [pid: 7|app: 0|req: 833/1719] 10.0.0.58 () {34 vars in 752 bytes} [Tue Jul 21 07:55:32 2026] PUT /v2.0/networks/bbd4d479-b1ef-4c1d-b0ea-d54da4ef5e97/tags => generated 19 bytes in 55 msecs (HTTP/1.1 200) 4 headers in 156 bytes (1 switches on core 0)
2026-07-21 07:55:32.515 7 INFO neutron.pecan_wsgi.hooks.translation [None req-c7ddc1ec-560b-4b5d-bff5-5eab8ef1125e f831f5ea22bb4f8f90d0deeefaea60d3 a75318a6d5de497b8bcdc09b93862805 - - default default] DELETE failed (client error): The resource could not be found. [pid: 7|app: 0|req: 834/1720] 10.0.0.58 () {32 vars in 723 bytes} [Tue Jul 21 07:55:32 2026] DELETE /v2.0/subnets/aeab8c1d-3bcb-40b1-9e86-2a150ec36aa1 => generated 136 bytes in 14 msecs (HTTP/1.1 404) 4 headers in 164 bytes (1 switches on core 0) [pid: 7|app: 0|req: 835/1721] 10.0.0.58 () {32 vars in 746 bytes} [Tue Jul 21 07:55:32 2026] GET /v2.0/security-group-rules/ca7e09d9-4ee4-47a8-84d9-656736ddaf0c => generated 607 bytes in 13 msecs (HTTP/1.1 200) 4 headers in 157 bytes (1 switches on core 0) [pid: 7|app: 0|req: 836/1722] 10.0.0.58 () {32 vars in 665 bytes} [Tue Jul 21 07:55:32 2026] GET /v2.0/networks?tags=red => generated 1987 bytes in 58 msecs (HTTP/1.1 200) 4 headers in 158 bytes (1 switches on core 0) [pid: 8|app: 0|req: 887/1723] 10.0.0.58 () {34 vars in 675 bytes} [Tue Jul 21 07:55:32 2026] POST /v2.0/floatingips => generated 552 bytes in 495 msecs (HTTP/1.1 201) 4 headers in 162 bytes (1 switches on core 0) [pid: 7|app: 0|req: 837/1724] 10.0.0.58 () {32 vars in 735 bytes} [Tue Jul 21 07:55:32 2026] GET /v2.0/ports?device_id=f9f61be0-563f-46e4-a894-d8848ccbb76b => generated 12 bytes in 21 msecs (HTTP/1.1 200) 4 headers in 156 bytes (1 switches on core 0) [pid: 8|app: 0|req: 888/1725] 10.0.0.58 () {32 vars in 672 bytes} [Tue Jul 21 07:55:32 2026] GET /v2.0/security-group-rules => generated 4144 bytes in 69 msecs (HTTP/1.1 200) 4 headers in 158 bytes (1 switches on core 0) [pid: 7|app: 0|req: 838/1726] 10.0.0.58 () {32 vars in 679 bytes} [Tue Jul 21 07:55:32 2026] GET /v2.0/networks?tags=red%2Cblue => generated 1337 bytes in 59 msecs (HTTP/1.1 200) 4 headers in 158 bytes (1 switches on core 0)
2026-07-21 07:55:32.689 7 INFO neutron.api.v2.resource [None req-28e15818-22b9-4548-83c3-52b2a77c7fb6 f831f5ea22bb4f8f90d0deeefaea60d3 a75318a6d5de497b8bcdc09b93862805 - - default default] delete failed (client error): The resource could not be found.
2026-07-21 07:55:32.689 8 WARNING tagging [None req-0ea0396c-c357-4ebc-ab15-c568d2efe72e 8088e98d939c4ea49bef1b71e70a3eb3 2a04c0f7519f421bb747424f3e23a4dc - - default default] project_id key not found in request, using tenant_id instead. This support has been deprecated and will be removed in a future release. [pid: 7|app: 0|req: 839/1727] 10.0.0.58 () {32 vars in 723 bytes} [Tue Jul 21 07:55:32 2026] DELETE /v2.0/routers/f9f61be0-563f-46e4-a894-d8848ccbb76b => generated 135 bytes in 17 msecs (HTTP/1.1 404) 4 headers in 164 bytes (1 switches on core 0) [pid: 8|app: 0|req: 889/1728] 10.0.0.58 () {34 vars in 758 bytes} [Tue Jul 21 07:55:32 2026] PUT /v2.0/floatingips/c90224c7-3616-4406-b8d8-226fb0cf96d7/tags => generated 17 bytes in 79 msecs (HTTP/1.1 200) 4 headers in 156 bytes (1 switches on core 0) [pid: 7|app: 0|req: 840/1729] 10.0.0.58 () {32 vars in 749 bytes} [Tue Jul 21 07:55:32 2026] DELETE /v2.0/security-group-rules/ca7e09d9-4ee4-47a8-84d9-656736ddaf0c => generated 0 bytes in 96 msecs (HTTP/1.1 204) 2 headers in 112 bytes (1 switches on core 0)
2026-07-21 07:55:32.796 7 INFO neutron.pecan_wsgi.hooks.translation [None req-c8f42244-571f-40d4-af07-aa2a31c8b1be f831f5ea22bb4f8f90d0deeefaea60d3 a75318a6d5de497b8bcdc09b93862805 - - default default] DELETE failed (client error): The resource could not be found. [pid: 7|app: 0|req: 841/1730] 10.0.0.58 () {32 vars in 723 bytes} [Tue Jul 21 07:55:32 2026] DELETE /v2.0/subnets/7f8e66d6-8094-4886-873d-88cfa577a956 => generated 136 bytes in 11 msecs (HTTP/1.1 404) 4 headers in 164 bytes (1 switches on core 0) [pid: 8|app: 0|req: 890/1731] 10.0.0.58 () {32 vars in 675 bytes} [Tue Jul 21 07:55:32 2026] GET /v2.0/networks?tags-any=blue => generated 1337 bytes in 71 msecs (HTTP/1.1 200) 4 headers in 158 bytes (1 switches on core 0)
2026-07-21 07:55:32.820 7 WARNING tagging [None req-7a26b665-313c-4013-bdb3-0ef76551fb9e 8088e98d939c4ea49bef1b71e70a3eb3 2a04c0f7519f421bb747424f3e23a4dc - - default default] project_id key not found in request, using tenant_id instead. This support has been deprecated and will be removed in a future release. [pid: 7|app: 0|req: 842/1732] 10.0.0.58 () {34 vars in 758 bytes} [Tue Jul 21 07:55:32 2026] PUT /v2.0/floatingips/6a70d20a-a6ff-47f3-aa98-f8bcaeb95017/tags => generated 25 bytes in 71 msecs (HTTP/1.1 200) 4 headers in 156 bytes (1 switches on core 0) [pid: 8|app: 0|req: 891/1733] 10.0.0.58 () {32 vars in 672 bytes} [Tue Jul 21 07:55:32 2026] GET /v2.0/security-group-rules => generated 3560 bytes in 58 msecs (HTTP/1.1 200) 4 headers in 158 bytes (1 switches on core 0)
2026-07-21 07:55:32.882 7 INFO neutron.pecan_wsgi.hooks.translation [None req-c027cb1f-2c66-4e1e-8849-a0945d10d853 f831f5ea22bb4f8f90d0deeefaea60d3 a75318a6d5de497b8bcdc09b93862805 - - default default] DELETE failed (client error): The resource could not be found. [pid: 7|app: 0|req: 843/1734] 10.0.0.58 () {32 vars in 723 bytes} [Tue Jul 21 07:55:32 2026] DELETE /v2.0/subnets/f3ab5265-cd0f-4295-921a-e30f123bdac5 => generated 136 bytes in 14 msecs (HTTP/1.1 404) 4 headers in 164 bytes (1 switches on core 0)
2026-07-21 07:55:32.904 7 WARNING tagging [None req-783291f1-5aa8-483b-8e96-0b8439f6a1e9 8088e98d939c4ea49bef1b71e70a3eb3 2a04c0f7519f421bb747424f3e23a4dc - - default default] project_id key not found in request, using tenant_id instead. This support has been deprecated and will be removed in a future release. [pid: 8|app: 0|req: 892/1735] 10.0.0.58 () {32 vars in 687 bytes} [Tue Jul 21 07:55:32 2026] GET /v2.0/networks?tags-any=red%2Cblue => generated 1987 bytes in 33 msecs (HTTP/1.1 200) 4 headers in 158 bytes (1 switches on core 0) [pid: 7|app: 0|req: 844/1736] 10.0.0.58 () {34 vars in 758 bytes} [Tue Jul 21 07:55:32 2026] PUT /v2.0/floatingips/a220b989-9bfb-4ced-9b2e-ae34855767a2/tags => generated 34 bytes in 50 msecs (HTTP/1.1 200) 4 headers in 156 bytes (1 switches on core 0) [pid: 7|app: 0|req: 845/1737] 10.0.0.58 () {32 vars in 673 bytes} [Tue Jul 21 07:55:32 2026] GET /v2.0/networks?not-tags=red => generated 1988 bytes in 60 msecs (HTTP/1.1 200) 4 headers in 158 bytes (1 switches on core 0)
2026-07-21 07:55:33.021 7 WARNING tagging [None req-f2c0733b-2642-4a8c-8f30-452dd74f416f 8088e98d939c4ea49bef1b71e70a3eb3 2a04c0f7519f421bb747424f3e23a4dc - - default default] project_id key not found in request, using tenant_id instead. This support has been deprecated and will be removed in a future release. [pid: 8|app: 0|req: 893/1738] 10.0.0.58 () {32 vars in 739 bytes} [Tue Jul 21 07:55:32 2026] DELETE /v2.0/security-groups/dd28bd36-c3b5-48ee-aa91-000b352a53f5 => generated 0 bytes in 117 msecs (HTTP/1.1 204) 2 headers in 112 bytes (1 switches on core 0) [pid: 7|app: 0|req: 846/1739] 10.0.0.58 () {34 vars in 758 bytes} [Tue Jul 21 07:55:32 2026] PUT /v2.0/floatingips/628e31c0-ba52-4191-84b1-a4256104ff6d/tags => generated 19 bytes in 51 msecs (HTTP/1.1 200) 4 headers in 156 bytes (1 switches on core 0) [pid: 8|app: 0|req: 894/1740] 10.0.0.58 () {32 vars in 687 bytes} [Tue Jul 21 07:55:33 2026] GET /v2.0/networks?not-tags=red%2Cblue => generated 2638 bytes in 49 msecs (HTTP/1.1 200) 4 headers in 158 bytes (1 switches on core 0) [pid: 7|app: 0|req: 847/1741] 10.0.0.58 () {32 vars in 662 bytes} [Tue Jul 21 07:55:33 2026] GET /v2.0/security-groups => generated 2925 bytes in 30 msecs (HTTP/1.1 200) 4 headers in 158 bytes (1 switches on core 0) [pid: 8|app: 0|req: 895/1742] 10.0.0.58 () {32 vars in 671 bytes} [Tue Jul 21 07:55:33 2026] GET /v2.0/floatingips?tags=red => generated 1671 bytes in 48 msecs (HTTP/1.1 200) 4 headers in 158 bytes (1 switches on core 0) [pid: 7|app: 0|req: 848/1743] 10.0.0.58 () {32 vars in 683 bytes} [Tue Jul 21 07:55:33 2026] GET /v2.0/networks?not-tags-any=blue => generated 2638 bytes in 68 msecs (HTTP/1.1 200) 4 headers in 158 bytes (1 switches on core 0) [pid: 8|app: 0|req: 896/1744] 10.0.0.58 () {32 vars in 662 bytes} [Tue Jul 21 07:55:33 2026] GET /v2.0/security-groups => generated 2925 bytes in 39 msecs (HTTP/1.1 200) 4 headers in 158 bytes (1 switches on core 0) [pid: 7|app: 0|req: 849/1745] 10.0.0.58 () {32 vars in 685 bytes} [Tue Jul 21 07:55:33 2026] GET /v2.0/floatingips?tags=red%2Cblue => generated 1128 bytes in 45 msecs (HTTP/1.1 200) 4 headers in 158 bytes (1 switches on core 0) [pid: 7|app: 0|req: 850/1746] 10.0.0.58 () {32 vars in 681 bytes} [Tue Jul 21 07:55:33 2026] GET /v2.0/floatingips?tags-any=blue => generated 1128 bytes in 49 msecs (HTTP/1.1 200) 4 headers in 158 bytes (1 switches on core 0) [pid: 7|app: 0|req: 851/1747] 10.0.0.58 () {32 vars in 693 bytes} [Tue Jul 21 07:55:33 2026] GET /v2.0/floatingips?tags-any=red%2Cblue => generated 1671 bytes in 26 msecs (HTTP/1.1 200) 4 headers in 158 bytes (1 switches on core 0) [pid: 7|app: 0|req: 852/1748] 10.0.0.58 () {32 vars in 679 bytes} [Tue Jul 21 07:55:33 2026] GET /v2.0/floatingips?not-tags=red => generated 1100 bytes in 50 msecs (HTTP/1.1 200) 4 headers in 158 bytes (1 switches on core 0) [pid: 7|app: 0|req: 853/1749] 10.0.0.58 () {32 vars in 693 bytes} [Tue Jul 21 07:55:33 2026] GET /v2.0/floatingips?not-tags=red%2Cblue => generated 1643 bytes in 52 msecs (HTTP/1.1 200) 4 headers in 158 bytes (1 switches on core 0) [pid: 7|app: 0|req: 854/1750] 10.0.0.58 () {32 vars in 689 bytes} [Tue Jul 21 07:55:33 2026] GET /v2.0/floatingips?not-tags-any=blue => generated 1643 bytes in 49 msecs (HTTP/1.1 200) 4 headers in 158 bytes (1 switches on core 0) [pid: 8|app: 0|req: 897/1751] 10.0.0.58 () {32 vars in 695 bytes} [Tue Jul 21 07:55:33 2026] GET /v2.0/networks?not-tags-any=red%2Cblue => generated 1988 bytes in 512 msecs (HTTP/1.1 200) 4 headers in 158 bytes (1 switches on core 0)
2026-07-21 07:55:33.697 7 WARNING neutron.db.securitygroups_db [None req-bb6c9acf-dac2-4731-88bf-fb6e6b919e5e 69089283d0d541e189d1e1fcb3351685 0dd71d0c4b33455ab175aca7c86f288e - - default default] project_id key not found in filters, using tenant_id instead. This support has been deprecated and will be removed in a future release. [pid: 7|app: 0|req: 855/1752] 10.0.0.58 () {32 vars in 773 bytes} [Tue Jul 21 07:55:33 2026] GET /v2.0/security-groups?tenant_id=a75318a6d5de497b8bcdc09b93862805&name=default => generated 2925 bytes in 275 msecs (HTTP/1.1 200) 4 headers in 158 bytes (1 switches on core 0) [pid: 8|app: 0|req: 898/1753] 10.0.0.58 () {32 vars in 701 bytes} [Tue Jul 21 07:55:33 2026] GET /v2.0/floatingips?not-tags-any=red%2Cblue => generated 1100 bytes in 47 msecs (HTTP/1.1 200) 4 headers in 158 bytes (1 switches on core 0)
2026-07-21 07:55:33.862 7 INFO neutron_taas.services.taas.taas_plugin [None req-5c7a6fcd-c206-492e-9998-fc49b4fb8ce4 3e198292932d4faf962f2932abbf0b46 9118a8a3fe384f23967f7d3f83c2fd1a - - default default] TaaS: Handle Delete Port: 8cdaf463-5ade-4a12-bda7-75ec4a768b9d
2026-07-21 07:55:33.866 7 INFO neutron_taas.services.taas.tap_mirror_plugin [None req-5c7a6fcd-c206-492e-9998-fc49b4fb8ce4 3e198292932d4faf962f2932abbf0b46 9118a8a3fe384f23967f7d3f83c2fd1a - - default default] Tap Mirror: Handle Delete Port: 8cdaf463-5ade-4a12-bda7-75ec4a768b9d [pid: 8|app: 0|req: 899/1754] 10.0.0.58 () {32 vars in 739 bytes} [Tue Jul 21 07:55:33 2026] DELETE /v2.0/security-groups/4c12da4b-570e-4b12-a731-00391e614151 => generated 0 bytes in 198 msecs (HTTP/1.1 204) 2 headers in 112 bytes (1 switches on core 0)
2026-07-21 07:55:34.015 8 WARNING neutron.plugins.ml2.drivers.ovn.mech_driver.ovsdb.ovn_client [None req-1d66d7f1-509f-48ec-b101-175ca485e37c - - - - - -] No port found with ID b2a30cbc-a4d3-4632-8176-09beaf99f1fd: RuntimeError: No port found with ID b2a30cbc-a4d3-4632-8176-09beaf99f1fd
2026-07-21 07:55:34.016 8 INFO neutron.plugins.ml2.drivers.ovn.mech_driver.mech_driver [None req-1d66d7f1-509f-48ec-b101-175ca485e37c - - - - - -] OVN reports status down for port: 8cdaf463-5ade-4a12-bda7-75ec4a768b9d
2026-07-21 07:55:34.039 8 INFO neutron.plugins.ml2.drivers.ovn.mech_driver.mech_driver [None req-1d66d7f1-509f-48ec-b101-175ca485e37c - - - - - -] OVN reports status down for port: 0a7270ba-d7ca-4989-b58f-90735504dde0
2026-07-21 07:55:34.104 7 INFO neutron.services.segments.plugin [-] Segment d318679f-e8f3-4b58-b537-08d27c730c42 resource provider aggregate not found
2026-07-21 07:55:34.115 7 INFO neutron.services.segments.plugin [-] Segment d318679f-e8f3-4b58-b537-08d27c730c42 resource provider aggregate not found
2026-07-21 07:55:34.124 7 INFO neutron.services.segments.plugin [-] Client error retrieving segment d318679f-e8f3-4b58-b537-08d27c730c42 resource provider; error: Placement Client Error (4xx): {"errors": [{"status": 404, "title": "Not Found", "detail": "The resource could not be found.\n\n No resource provider with uuid d318679f-e8f3-4b58-b537-08d27c730c42 found for delete ", "request_id": "req-eb502b6e-6c2a-47ed-88c5-b83240b4cd13"}]}
2026-07-21 07:55:34.135 7 INFO neutron.services.segments.plugin [-] Client error retrieving segment d318679f-e8f3-4b58-b537-08d27c730c42 resource provider; error: Placement Client Error (4xx): {"errors": [{"status": 404, "title": "Not Found", "detail": "The resource could not be found.\n\n No resource provider with uuid d318679f-e8f3-4b58-b537-08d27c730c42 found for delete ", "request_id": "req-c6a6b4a6-922d-44bb-9fdd-d50f72eb897e"}]} [pid: 7|app: 0|req: 856/1755] 10.0.0.58 () {32 vars in 725 bytes} [Tue Jul 21 07:55:33 2026] DELETE /v2.0/networks/b62855e7-aadd-4788-950f-15fcf68238a6 => generated 0 bytes in 441 msecs (HTTP/1.1 204) 3 headers in 131 bytes (1 switches on core 0)
2026-07-21 07:55:34.197 8 INFO neutron_taas.services.taas.taas_plugin [None req-59950fa5-1c1c-4348-8db7-1a1333086aa2 8088e98d939c4ea49bef1b71e70a3eb3 2a04c0f7519f421bb747424f3e23a4dc - - default default] TaaS: Handle Delete Port: 6ca0c06d-1d9d-435b-af58-095b1c19d234
2026-07-21 07:55:34.203 8 INFO neutron_taas.services.taas.tap_mirror_plugin [None req-59950fa5-1c1c-4348-8db7-1a1333086aa2 8088e98d939c4ea49bef1b71e70a3eb3 2a04c0f7519f421bb747424f3e23a4dc - - default default] Tap Mirror: Handle Delete Port: 6ca0c06d-1d9d-435b-af58-095b1c19d234
2026-07-21 07:55:34.210 8 INFO neutron.plugins.ml2.drivers.ovn.mech_driver.mech_driver [None req-1d66d7f1-509f-48ec-b101-175ca485e37c - - - - - -] OVN reports status down for port: c7df9733-9e2a-4637-aa66-8b79f433d6e2
2026-07-21 07:55:34.344 8 INFO neutron.plugins.ml2.drivers.ovn.mech_driver.mech_driver [None req-1d66d7f1-509f-48ec-b101-175ca485e37c - - - - - -] OVN reports status down for port: 8d7770ec-a7ab-41d1-ae57-843e3671e0ae
2026-07-21 07:55:34.374 7 WARNING neutron.db.securitygroups_db [None req-45b97abd-a94a-449a-b926-5eab464ebddb 69089283d0d541e189d1e1fcb3351685 0dd71d0c4b33455ab175aca7c86f288e - - default default] project_id key not found in filters, using tenant_id instead. This support has been deprecated and will be removed in a future release. [pid: 7|app: 0|req: 857/1756] 10.0.0.58 () {32 vars in 773 bytes} [Tue Jul 21 07:55:34 2026] GET /v2.0/security-groups?tenant_id=4bc4006386c8469c8e111f0d52ccbd04&name=default => generated 2925 bytes in 236 msecs (HTTP/1.1 200) 4 headers in 158 bytes (1 switches on core 0) [pid: 8|app: 0|req: 900/1757] 10.0.0.58 () {32 vars in 731 bytes} [Tue Jul 21 07:55:33 2026] DELETE /v2.0/floatingips/c90224c7-3616-4406-b8d8-226fb0cf96d7 => generated 0 bytes in 561 msecs (HTTP/1.1 204) 2 headers in 112 bytes (1 switches on core 0)
2026-07-21 07:55:34.519 7 INFO neutron_taas.services.taas.taas_plugin [None req-a61dc2ac-322a-4de6-be13-170cca4e1c04 3e198292932d4faf962f2932abbf0b46 9118a8a3fe384f23967f7d3f83c2fd1a - - default default] TaaS: Handle Delete Port: 0a7270ba-d7ca-4989-b58f-90735504dde0
2026-07-21 07:55:34.522 7 INFO neutron_taas.services.taas.tap_mirror_plugin [None req-a61dc2ac-322a-4de6-be13-170cca4e1c04 3e198292932d4faf962f2932abbf0b46 9118a8a3fe384f23967f7d3f83c2fd1a - - default default] Tap Mirror: Handle Delete Port: 0a7270ba-d7ca-4989-b58f-90735504dde0 [pid: 8|app: 0|req: 901/1758] 10.0.0.58 () {32 vars in 739 bytes} [Tue Jul 21 07:55:34 2026] DELETE /v2.0/security-groups/16d2f020-7588-4db5-920f-fd5580097782 => generated 0 bytes in 261 msecs (HTTP/1.1 204) 2 headers in 112 bytes (1 switches on core 0) [pid: 7|app: 0|req: 858/1759] 10.0.0.58 () {32 vars in 725 bytes} [Tue Jul 21 07:55:34 2026] DELETE /v2.0/networks/8a078211-c09c-4319-8d60-bf38f22672ee => generated 0 bytes in 411 msecs (HTTP/1.1 204) 3 headers in 131 bytes (1 switches on core 0)
2026-07-21 07:55:34.924 8 INFO neutron_taas.services.taas.taas_plugin [None req-f81a75c3-cdd3-4159-9d14-243a8de38d3b 8088e98d939c4ea49bef1b71e70a3eb3 2a04c0f7519f421bb747424f3e23a4dc - - default default] TaaS: Handle Delete Port: 9e3b7ee1-6d91-4cfa-93c6-e389e7a4f9bb
2026-07-21 07:55:34.927 8 INFO neutron_taas.services.taas.tap_mirror_plugin [None req-f81a75c3-cdd3-4159-9d14-243a8de38d3b 8088e98d939c4ea49bef1b71e70a3eb3 2a04c0f7519f421bb747424f3e23a4dc - - default default] Tap Mirror: Handle Delete Port: 9e3b7ee1-6d91-4cfa-93c6-e389e7a4f9bb
2026-07-21 07:55:34.958 7 INFO neutron_taas.services.taas.taas_plugin [None req-561a1300-3ec9-47f3-b42e-7cb7f97a6909 3e198292932d4faf962f2932abbf0b46 9118a8a3fe384f23967f7d3f83c2fd1a - - default default] TaaS: Handle Delete Port: c7df9733-9e2a-4637-aa66-8b79f433d6e2
2026-07-21 07:55:34.961 7 INFO neutron_taas.services.taas.tap_mirror_plugin [None req-561a1300-3ec9-47f3-b42e-7cb7f97a6909 3e198292932d4faf962f2932abbf0b46 9118a8a3fe384f23967f7d3f83c2fd1a - - default default] Tap Mirror: Handle Delete Port: c7df9733-9e2a-4637-aa66-8b79f433d6e2 [pid: 8|app: 0|req: 902/1760] 10.0.0.58 () {32 vars in 731 bytes} [Tue Jul 21 07:55:34 2026] DELETE /v2.0/floatingips/6a70d20a-a6ff-47f3-aa98-f8bcaeb95017 => generated 0 bytes in 365 msecs (HTTP/1.1 204) 2 headers in 112 bytes (1 switches on core 0) [pid: 7|app: 0|req: 859/1761] 10.0.0.58 () {32 vars in 725 bytes} [Tue Jul 21 07:55:34 2026] DELETE /v2.0/networks/824424b0-d5f4-4928-ac14-dc37a66e3561 => generated 0 bytes in 395 msecs (HTTP/1.1 204) 3 headers in 131 bytes (1 switches on core 0)
2026-07-21 07:55:35.254 8 INFO neutron_taas.services.taas.taas_plugin [None req-459c352b-11dd-49e4-ac06-3239b5ae315d 8088e98d939c4ea49bef1b71e70a3eb3 2a04c0f7519f421bb747424f3e23a4dc - - default default] TaaS: Handle Delete Port: 216aab8b-f053-4837-8323-44a5ab234343
2026-07-21 07:55:35.257 8 INFO neutron_taas.services.taas.tap_mirror_plugin [None req-459c352b-11dd-49e4-ac06-3239b5ae315d 8088e98d939c4ea49bef1b71e70a3eb3 2a04c0f7519f421bb747424f3e23a4dc - - default default] Tap Mirror: Handle Delete Port: 216aab8b-f053-4837-8323-44a5ab234343
2026-07-21 07:55:35.358 7 INFO neutron_taas.services.taas.taas_plugin [None req-7570f0d4-30b8-4e79-a4cd-84d6f5124d9c 3e198292932d4faf962f2932abbf0b46 9118a8a3fe384f23967f7d3f83c2fd1a - - default default] TaaS: Handle Delete Port: 8d7770ec-a7ab-41d1-ae57-843e3671e0ae
2026-07-21 07:55:35.361 7 INFO neutron_taas.services.taas.tap_mirror_plugin [None req-7570f0d4-30b8-4e79-a4cd-84d6f5124d9c 3e198292932d4faf962f2932abbf0b46 9118a8a3fe384f23967f7d3f83c2fd1a - - default default] Tap Mirror: Handle Delete Port: 8d7770ec-a7ab-41d1-ae57-843e3671e0ae [pid: 8|app: 0|req: 903/1762] 10.0.0.58 () {32 vars in 731 bytes} [Tue Jul 21 07:55:35 2026] DELETE /v2.0/floatingips/a220b989-9bfb-4ced-9b2e-ae34855767a2 => generated 0 bytes in 344 msecs (HTTP/1.1 204) 2 headers in 112 bytes (1 switches on core 0) [pid: 7|app: 0|req: 860/1763] 10.0.0.58 () {32 vars in 725 bytes} [Tue Jul 21 07:55:35 2026] DELETE /v2.0/networks/bbd4d479-b1ef-4c1d-b0ea-d54da4ef5e97 => generated 0 bytes in 375 msecs (HTTP/1.1 204) 3 headers in 131 bytes (1 switches on core 0)
2026-07-21 07:55:35.657 8 INFO neutron_taas.services.taas.taas_plugin [None req-1617040f-deae-4259-b026-55cc7582b257 8088e98d939c4ea49bef1b71e70a3eb3 2a04c0f7519f421bb747424f3e23a4dc - - default default] TaaS: Handle Delete Port: be129674-874b-45b6-9591-d6fed72ac52d
2026-07-21 07:55:35.664 8 INFO neutron_taas.services.taas.tap_mirror_plugin [None req-1617040f-deae-4259-b026-55cc7582b257 8088e98d939c4ea49bef1b71e70a3eb3 2a04c0f7519f421bb747424f3e23a4dc - - default default] Tap Mirror: Handle Delete Port: be129674-874b-45b6-9591-d6fed72ac52d
2026-07-21 07:55:35.761 7 INFO neutron_taas.services.taas.taas_plugin [None req-d9c5ce2a-748e-46b6-90a0-f0e4046315c0 3e198292932d4faf962f2932abbf0b46 9118a8a3fe384f23967f7d3f83c2fd1a - - default default] TaaS: Handle Delete Port: 0872a578-20ce-4046-94f8-0dfb9c51488e
2026-07-21 07:55:35.764 7 INFO neutron_taas.services.taas.tap_mirror_plugin [None req-d9c5ce2a-748e-46b6-90a0-f0e4046315c0 3e198292932d4faf962f2932abbf0b46 9118a8a3fe384f23967f7d3f83c2fd1a - - default default] Tap Mirror: Handle Delete Port: 0872a578-20ce-4046-94f8-0dfb9c51488e [pid: 8|app: 0|req: 904/1764] 10.0.0.58 () {32 vars in 731 bytes} [Tue Jul 21 07:55:35 2026] DELETE /v2.0/floatingips/628e31c0-ba52-4191-84b1-a4256104ff6d => generated 0 bytes in 420 msecs (HTTP/1.1 204) 2 headers in 112 bytes (1 switches on core 0) [pid: 7|app: 0|req: 861/1765] 10.0.0.58 () {32 vars in 725 bytes} [Tue Jul 21 07:55:35 2026] DELETE /v2.0/networks/105b5832-bdef-487d-b5e3-6153a44dac77 => generated 0 bytes in 438 msecs (HTTP/1.1 204) 3 headers in 131 bytes (1 switches on core 0)
2026-07-21 07:55:36.117 8 INFO neutron_taas.services.taas.taas_plugin [None req-370cedcf-0711-4777-a862-3f1a2b277b5b 8088e98d939c4ea49bef1b71e70a3eb3 2a04c0f7519f421bb747424f3e23a4dc - - default default] TaaS: Handle Delete Port: 06b2b90c-2cd1-4978-9c7e-30f0c23b8128
2026-07-21 07:55:36.120 8 INFO neutron_taas.services.taas.tap_mirror_plugin [None req-370cedcf-0711-4777-a862-3f1a2b277b5b 8088e98d939c4ea49bef1b71e70a3eb3 2a04c0f7519f421bb747424f3e23a4dc - - default default] Tap Mirror: Handle Delete Port: 06b2b90c-2cd1-4978-9c7e-30f0c23b8128
2026-07-21 07:55:36.144 7 INFO neutron.services.segments.plugin [-] Segment b0e4a771-f7b6-4114-8801-4bff63427d24 resource provider aggregate not found
2026-07-21 07:55:36.176 7 INFO neutron.services.segments.plugin [-] Segment b0e4a771-f7b6-4114-8801-4bff63427d24 resource provider aggregate not found
2026-07-21 07:55:36.179 7 INFO neutron.services.segments.plugin [-] Client error retrieving segment b0e4a771-f7b6-4114-8801-4bff63427d24 resource provider; error: Placement Client Error (4xx): {"errors": [{"status": 404, "title": "Not Found", "detail": "The resource could not be found.\n\n No resource provider with uuid b0e4a771-f7b6-4114-8801-4bff63427d24 found for delete ", "request_id": "req-3841d633-5cc3-4b1f-a11f-881fb9296993"}]}
2026-07-21 07:55:36.198 7 INFO neutron.services.segments.plugin [-] Client error retrieving segment b0e4a771-f7b6-4114-8801-4bff63427d24 resource provider; error: Placement Client Error (4xx): {"errors": [{"status": 404, "title": "Not Found", "detail": "The resource could not be found.\n\n No resource provider with uuid b0e4a771-f7b6-4114-8801-4bff63427d24 found for delete ", "request_id": "req-30921389-3189-4e8d-8ec9-1c565f9b61b0"}]}
2026-07-21 07:55:36.203 7 INFO neutron.services.segments.plugin [-] Segment 7e3b9f84-5452-4f8e-b5ce-f7b97b856ecf resource provider aggregate not found
2026-07-21 07:55:36.215 7 INFO neutron.services.segments.plugin [-] Segment 7e3b9f84-5452-4f8e-b5ce-f7b97b856ecf resource provider aggregate not found
2026-07-21 07:55:36.227 7 INFO neutron.services.segments.plugin [-] Client error retrieving segment 7e3b9f84-5452-4f8e-b5ce-f7b97b856ecf resource provider; error: Placement Client Error (4xx): {"errors": [{"status": 404, "title": "Not Found", "detail": "The resource could not be found.\n\n No resource provider with uuid 7e3b9f84-5452-4f8e-b5ce-f7b97b856ecf found for delete ", "request_id": "req-421e735a-df91-430e-8cbb-091ff12b6df5"}]}
2026-07-21 07:55:36.242 7 INFO neutron.services.segments.plugin [-] Segment 4697885c-71a5-48d5-ad61-5e5ac17be26e resource provider aggregate not found
2026-07-21 07:55:36.251 7 INFO neutron.services.segments.plugin [-] Client error retrieving segment 7e3b9f84-5452-4f8e-b5ce-f7b97b856ecf resource provider; error: Placement Client Error (4xx): {"errors": [{"status": 404, "title": "Not Found", "detail": "The resource could not be found.\n\n No resource provider with uuid 7e3b9f84-5452-4f8e-b5ce-f7b97b856ecf found for delete ", "request_id": "req-67030891-5a32-4d7b-b2f6-7e88d2e0eaaa"}]}
2026-07-21 07:55:36.261 7 INFO neutron.services.segments.plugin [-] Client error retrieving segment 4697885c-71a5-48d5-ad61-5e5ac17be26e resource provider; error: Placement Client Error (4xx): {"errors": [{"status": 404, "title": "Not Found", "detail": "The resource could not be found.\n\n No resource provider with uuid 4697885c-71a5-48d5-ad61-5e5ac17be26e found for delete ", "request_id": "req-60dcb707-eac8-46f7-a317-40e223228285"}]}
2026-07-21 07:55:36.268 7 INFO neutron.services.segments.plugin [-] Segment 4697885c-71a5-48d5-ad61-5e5ac17be26e resource provider aggregate not found
2026-07-21 07:55:36.276 7 INFO neutron.services.segments.plugin [-] Segment f473e1a6-0b80-4e45-955c-53fe3201a452 resource provider aggregate not found
2026-07-21 07:55:36.287 7 INFO neutron.services.segments.plugin [-] Client error retrieving segment f473e1a6-0b80-4e45-955c-53fe3201a452 resource provider; error: Placement Client Error (4xx): {"errors": [{"status": 404, "title": "Not Found", "detail": "The resource could not be found.\n\n No resource provider with uuid f473e1a6-0b80-4e45-955c-53fe3201a452 found for delete ", "request_id": "req-f93c722f-284d-4c5c-86da-3bd2f059e1f0"}]}
2026-07-21 07:55:36.289 7 INFO neutron.services.segments.plugin [-] Client error retrieving segment 4697885c-71a5-48d5-ad61-5e5ac17be26e resource provider; error: Placement Client Error (4xx): {"errors": [{"status": 404, "title": "Not Found", "detail": "The resource could not be found.\n\n No resource provider with uuid 4697885c-71a5-48d5-ad61-5e5ac17be26e found for delete ", "request_id": "req-f4ffaca4-2404-443c-9385-d6af313d6b53"}]}
2026-07-21 07:55:36.300 7 INFO neutron.services.segments.plugin [-] Segment f473e1a6-0b80-4e45-955c-53fe3201a452 resource provider aggregate not found
2026-07-21 07:55:36.319 7 INFO neutron.services.segments.plugin [-] Client error retrieving segment f473e1a6-0b80-4e45-955c-53fe3201a452 resource provider; error: Placement Client Error (4xx): {"errors": [{"status": 404, "title": "Not Found", "detail": "The resource could not be found.\n\n No resource provider with uuid f473e1a6-0b80-4e45-955c-53fe3201a452 found for delete ", "request_id": "req-ddd96744-6476-4740-8aec-d600eb6d38d4"}]} [pid: 8|app: 0|req: 905/1766] 10.0.0.58 () {32 vars in 731 bytes} [Tue Jul 21 07:55:35 2026] DELETE /v2.0/floatingips/86ca3915-5d34-4ac7-a11a-47ce9daec97d => generated 0 bytes in 454 msecs (HTTP/1.1 204) 2 headers in 112 bytes (1 switches on core 0)
2026-07-21 07:55:37.090 7 WARNING neutron.db.securitygroups_db [None req-b24463c8-a1e9-4385-9eab-0510ce30e4c4 69089283d0d541e189d1e1fcb3351685 0dd71d0c4b33455ab175aca7c86f288e - - default default] project_id key not found in filters, using tenant_id instead. This support has been deprecated and will be removed in a future release.
2026-07-21 07:55:37.219 7 INFO neutron.db.ovn_revision_numbers_db [None req-b24463c8-a1e9-4385-9eab-0510ce30e4c4 69089283d0d541e189d1e1fcb3351685 0dd71d0c4b33455ab175aca7c86f288e - - default default] Successfully bumped revision number for resource 3ae3a36d-0bce-4dff-b9d9-acb5e4be5a58 (type: security_groups) to 1
2026-07-21 07:55:37.251 7 INFO neutron.db.ovn_revision_numbers_db [None req-b24463c8-a1e9-4385-9eab-0510ce30e4c4 69089283d0d541e189d1e1fcb3351685 0dd71d0c4b33455ab175aca7c86f288e - - default default] Successfully bumped revision number for resource 60317b7c-fe3b-4569-a5cd-b29d9b1459c4 (type: security_group_rules) to 0
2026-07-21 07:55:37.268 7 INFO neutron.db.ovn_revision_numbers_db [None req-b24463c8-a1e9-4385-9eab-0510ce30e4c4 69089283d0d541e189d1e1fcb3351685 0dd71d0c4b33455ab175aca7c86f288e - - default default] Successfully bumped revision number for resource 7ff3a757-2417-453f-b759-1ae80466b1e7 (type: security_group_rules) to 0
2026-07-21 07:55:37.280 7 INFO neutron.db.ovn_revision_numbers_db [None req-b24463c8-a1e9-4385-9eab-0510ce30e4c4 69089283d0d541e189d1e1fcb3351685 0dd71d0c4b33455ab175aca7c86f288e - - default default] Successfully bumped revision number for resource ac48890d-1a06-4e47-8342-2da3bb5fdf99 (type: security_group_rules) to 0
2026-07-21 07:55:37.292 7 INFO neutron.db.ovn_revision_numbers_db [None req-b24463c8-a1e9-4385-9eab-0510ce30e4c4 69089283d0d541e189d1e1fcb3351685 0dd71d0c4b33455ab175aca7c86f288e - - default default] Successfully bumped revision number for resource b8d7efe0-9d9c-4e4f-8091-6df1ecd1655f (type: security_group_rules) to 0 [pid: 7|app: 0|req: 862/1767] 10.0.0.58 () {32 vars in 773 bytes} [Tue Jul 21 07:55:36 2026] GET /v2.0/security-groups?tenant_id=91883595131c45d686c92d7c2b8098cd&name=default => generated 2925 bytes in 442 msecs (HTTP/1.1 200) 4 headers in 158 bytes (1 switches on core 0)
2026-07-21 07:55:37.356 8 WARNING neutron.db.securitygroups_db [None req-5e32390e-a5b1-4459-97f5-11928ef5ffef 69089283d0d541e189d1e1fcb3351685 0dd71d0c4b33455ab175aca7c86f288e - - default default] project_id key not found in filters, using tenant_id instead. This support has been deprecated and will be removed in a future release.
2026-07-21 07:55:37.516 8 INFO neutron.db.ovn_revision_numbers_db [None req-5e32390e-a5b1-4459-97f5-11928ef5ffef 69089283d0d541e189d1e1fcb3351685 0dd71d0c4b33455ab175aca7c86f288e - - default default] Successfully bumped revision number for resource 37f30064-089d-4864-acc2-ad5b241b022e (type: security_groups) to 1
2026-07-21 07:55:37.529 8 INFO neutron.db.ovn_revision_numbers_db [None req-5e32390e-a5b1-4459-97f5-11928ef5ffef 69089283d0d541e189d1e1fcb3351685 0dd71d0c4b33455ab175aca7c86f288e - - default default] Successfully bumped revision number for resource 4972934b-9e93-466f-b2b3-e1823469bb3f (type: security_group_rules) to 0
2026-07-21 07:55:37.544 8 INFO neutron.db.ovn_revision_numbers_db [None req-5e32390e-a5b1-4459-97f5-11928ef5ffef 69089283d0d541e189d1e1fcb3351685 0dd71d0c4b33455ab175aca7c86f288e - - default default] Successfully bumped revision number for resource 7bb83d6b-9241-4dc9-8756-73657fad831d (type: security_group_rules) to 0
2026-07-21 07:55:37.558 8 INFO neutron.db.ovn_revision_numbers_db [None req-5e32390e-a5b1-4459-97f5-11928ef5ffef 69089283d0d541e189d1e1fcb3351685 0dd71d0c4b33455ab175aca7c86f288e - - default default] Successfully bumped revision number for resource ed6b75d0-8d3a-4da7-9cd5-0dd372bd98dc (type: security_group_rules) to 0
2026-07-21 07:55:37.573 8 INFO neutron.db.ovn_revision_numbers_db [None req-5e32390e-a5b1-4459-97f5-11928ef5ffef 69089283d0d541e189d1e1fcb3351685 0dd71d0c4b33455ab175aca7c86f288e - - default default] Successfully bumped revision number for resource f3c15d7f-d3cd-422d-8e7d-97c3d12ce091 (type: security_group_rules) to 0 [pid: 8|app: 0|req: 906/1768] 10.0.0.58 () {32 vars in 773 bytes} [Tue Jul 21 07:55:37 2026] GET /v2.0/security-groups?tenant_id=1c6ed79aeba044b09ee200adb7b6a256&name=default => generated 2925 bytes in 337 msecs (HTTP/1.1 200) 4 headers in 158 bytes (1 switches on core 0) [pid: 8|app: 0|req: 907/1769] 10.0.0.58 () {32 vars in 739 bytes} [Tue Jul 21 07:55:37 2026] DELETE /v2.0/security-groups/37f30064-089d-4864-acc2-ad5b241b022e => generated 0 bytes in 189 msecs (HTTP/1.1 204) 2 headers in 112 bytes (1 switches on core 0)
2026-07-21 07:55:38.024 8 WARNING neutron.db.securitygroups_db [None req-9561deb0-1c67-4bd5-bb1d-7b6d9f795956 69089283d0d541e189d1e1fcb3351685 0dd71d0c4b33455ab175aca7c86f288e - - default default] project_id key not found in filters, using tenant_id instead. This support has been deprecated and will be removed in a future release. [pid: 7|app: 0|req: 863/1770] 10.0.0.58 () {32 vars in 739 bytes} [Tue Jul 21 07:55:37 2026] DELETE /v2.0/security-groups/3ae3a36d-0bce-4dff-b9d9-acb5e4be5a58 => generated 0 bytes in 754 msecs (HTTP/1.1 204) 2 headers in 112 bytes (1 switches on core 0)
2026-07-21 07:55:38.178 8 INFO neutron.db.ovn_revision_numbers_db [None req-9561deb0-1c67-4bd5-bb1d-7b6d9f795956 69089283d0d541e189d1e1fcb3351685 0dd71d0c4b33455ab175aca7c86f288e - - default default] Successfully bumped revision number for resource eb3d7764-f98b-414f-8853-db3cc12f02f7 (type: security_groups) to 1
2026-07-21 07:55:38.191 8 INFO neutron.db.ovn_revision_numbers_db [None req-9561deb0-1c67-4bd5-bb1d-7b6d9f795956 69089283d0d541e189d1e1fcb3351685 0dd71d0c4b33455ab175aca7c86f288e - - default default] Successfully bumped revision number for resource 24e4ab16-a850-4e07-a22a-1217b2310c57 (type: security_group_rules) to 0
2026-07-21 07:55:38.205 8 INFO neutron.db.ovn_revision_numbers_db [None req-9561deb0-1c67-4bd5-bb1d-7b6d9f795956 69089283d0d541e189d1e1fcb3351685 0dd71d0c4b33455ab175aca7c86f288e - - default default] Successfully bumped revision number for resource 65a3b016-a681-47d6-bfa4-89be7f9c8480 (type: security_group_rules) to 0
2026-07-21 07:55:38.218 8 INFO neutron.db.ovn_revision_numbers_db [None req-9561deb0-1c67-4bd5-bb1d-7b6d9f795956 69089283d0d541e189d1e1fcb3351685 0dd71d0c4b33455ab175aca7c86f288e - - default default] Successfully bumped revision number for resource 693c43ae-fccc-425b-8f86-1e87ffa497cc (type: security_group_rules) to 0
2026-07-21 07:55:38.229 8 INFO neutron.db.ovn_revision_numbers_db [None req-9561deb0-1c67-4bd5-bb1d-7b6d9f795956 69089283d0d541e189d1e1fcb3351685 0dd71d0c4b33455ab175aca7c86f288e - - default default] Successfully bumped revision number for resource 9becabe9-ba22-46d3-ab2b-79f0a769c3a2 (type: security_group_rules) to 0 [pid: 8|app: 0|req: 908/1771] 10.0.0.58 () {32 vars in 773 bytes} [Tue Jul 21 07:55:38 2026] GET /v2.0/security-groups?tenant_id=2a04c0f7519f421bb747424f3e23a4dc&name=default => generated 2925 bytes in 257 msecs (HTTP/1.1 200) 4 headers in 158 bytes (1 switches on core 0)
2026-07-21 07:55:38.283 8 WARNING neutron.db.securitygroups_db [None req-17288b3f-618a-4143-9541-a487a0b73514 69089283d0d541e189d1e1fcb3351685 0dd71d0c4b33455ab175aca7c86f288e - - default default] project_id key not found in filters, using tenant_id instead. This support has been deprecated and will be removed in a future release. [pid: 8|app: 0|req: 909/1772] 10.0.0.58 () {32 vars in 773 bytes} [Tue Jul 21 07:55:38 2026] GET /v2.0/security-groups?tenant_id=9118a8a3fe384f23967f7d3f83c2fd1a&name=default => generated 2925 bytes in 27 msecs (HTTP/1.1 200) 4 headers in 158 bytes (1 switches on core 0) [pid: 7|app: 0|req: 864/1773] 10.0.0.58 () {32 vars in 739 bytes} [Tue Jul 21 07:55:38 2026] DELETE /v2.0/security-groups/eb3d7764-f98b-414f-8853-db3cc12f02f7 => generated 0 bytes in 212 msecs (HTTP/1.1 204) 2 headers in 112 bytes (1 switches on core 0) [pid: 8|app: 0|req: 910/1774] 10.0.0.58 () {32 vars in 739 bytes} [Tue Jul 21 07:55:38 2026] DELETE /v2.0/security-groups/15e71f72-dc06-4af6-8a09-1f187a8effb3 => generated 0 bytes in 182 msecs (HTTP/1.1 204) 2 headers in 112 bytes (1 switches on core 0)
2026-07-21 07:55:38.654 7 WARNING neutron.db.securitygroups_db [None req-3fff302e-49a4-403c-989a-d49871a431ce 69089283d0d541e189d1e1fcb3351685 0dd71d0c4b33455ab175aca7c86f288e - - default default] project_id key not found in filters, using tenant_id instead. This support has been deprecated and will be removed in a future release.
2026-07-21 07:55:38.658 8 WARNING neutron.db.securitygroups_db [None req-6e631233-c17e-48b7-9dd5-ed4f2378acda 69089283d0d541e189d1e1fcb3351685 0dd71d0c4b33455ab175aca7c86f288e - - default default] project_id key not found in filters, using tenant_id instead. This support has been deprecated and will be removed in a future release.
2026-07-21 07:55:38.842 7 INFO neutron.db.ovn_revision_numbers_db [None req-3fff302e-49a4-403c-989a-d49871a431ce 69089283d0d541e189d1e1fcb3351685 0dd71d0c4b33455ab175aca7c86f288e - - default default] Successfully bumped revision number for resource 8e3b6e09-73e4-4571-8ebc-48d502b63f05 (type: security_groups) to 1
2026-07-21 07:55:38.847 8 INFO neutron.db.ovn_revision_numbers_db [None req-6e631233-c17e-48b7-9dd5-ed4f2378acda 69089283d0d541e189d1e1fcb3351685 0dd71d0c4b33455ab175aca7c86f288e - - default default] Successfully bumped revision number for resource eba585bc-459e-43fc-98cc-54b4023fde40 (type: security_groups) to 1
2026-07-21 07:55:38.854 7 INFO neutron.db.ovn_revision_numbers_db [None req-3fff302e-49a4-403c-989a-d49871a431ce 69089283d0d541e189d1e1fcb3351685 0dd71d0c4b33455ab175aca7c86f288e - - default default] Successfully bumped revision number for resource 4174d608-a3c4-49b6-af32-610ff38c6b3e (type: security_group_rules) to 0
2026-07-21 07:55:38.866 8 INFO neutron.db.ovn_revision_numbers_db [None req-6e631233-c17e-48b7-9dd5-ed4f2378acda 69089283d0d541e189d1e1fcb3351685 0dd71d0c4b33455ab175aca7c86f288e - - default default] Successfully bumped revision number for resource 30192271-b6eb-4352-ba41-d20833888733 (type: security_group_rules) to 0
2026-07-21 07:55:38.869 7 INFO neutron.db.ovn_revision_numbers_db [None req-3fff302e-49a4-403c-989a-d49871a431ce 69089283d0d541e189d1e1fcb3351685 0dd71d0c4b33455ab175aca7c86f288e - - default default] Successfully bumped revision number for resource 98ab9e27-30f6-43f0-b565-83f555c3d791 (type: security_group_rules) to 0
2026-07-21 07:55:38.882 7 INFO neutron.db.ovn_revision_numbers_db [None req-3fff302e-49a4-403c-989a-d49871a431ce 69089283d0d541e189d1e1fcb3351685 0dd71d0c4b33455ab175aca7c86f288e - - default default] Successfully bumped revision number for resource a86af2a1-b47f-44c9-8ae0-64b1b6e7e5ca (type: security_group_rules) to 0
2026-07-21 07:55:38.890 8 INFO neutron.db.ovn_revision_numbers_db [None req-6e631233-c17e-48b7-9dd5-ed4f2378acda 69089283d0d541e189d1e1fcb3351685 0dd71d0c4b33455ab175aca7c86f288e - - default default] Successfully bumped revision number for resource 6ff38eb2-ed3c-4f79-a59d-63680aa1721d (type: security_group_rules) to 0
2026-07-21 07:55:38.900 7 INFO neutron.db.ovn_revision_numbers_db [None req-3fff302e-49a4-403c-989a-d49871a431ce 69089283d0d541e189d1e1fcb3351685 0dd71d0c4b33455ab175aca7c86f288e - - default default] Successfully bumped revision number for resource ee98893e-d95d-4828-8924-cdb5f409a288 (type: security_group_rules) to 0
2026-07-21 07:55:38.911 8 INFO neutron.db.ovn_revision_numbers_db [None req-6e631233-c17e-48b7-9dd5-ed4f2378acda 69089283d0d541e189d1e1fcb3351685 0dd71d0c4b33455ab175aca7c86f288e - - default default] Successfully bumped revision number for resource b477f35a-ab48-46ac-9a2b-569450ddcc21 (type: security_group_rules) to 0
2026-07-21 07:55:38.929 8 INFO neutron.db.ovn_revision_numbers_db [None req-6e631233-c17e-48b7-9dd5-ed4f2378acda 69089283d0d541e189d1e1fcb3351685 0dd71d0c4b33455ab175aca7c86f288e - - default default] Successfully bumped revision number for resource d4b3c080-8c23-420f-8d3c-b4acb17c71f3 (type: security_group_rules) to 0 [pid: 7|app: 0|req: 865/1775] 10.0.0.58 () {32 vars in 773 bytes} [Tue Jul 21 07:55:38 2026] GET /v2.0/security-groups?tenant_id=f2fcc43da1304233865474ced944bd8c&name=default => generated 2925 bytes in 291 msecs (HTTP/1.1 200) 4 headers in 158 bytes (1 switches on core 0) [pid: 8|app: 0|req: 911/1776] 10.0.0.58 () {32 vars in 773 bytes} [Tue Jul 21 07:55:38 2026] GET /v2.0/security-groups?tenant_id=b8a79d208be948cc9f0589556a267de1&name=default => generated 2925 bytes in 326 msecs (HTTP/1.1 200) 4 headers in 158 bytes (1 switches on core 0)
2026-07-21 07:55:39.096 7 WARNING neutron.db.securitygroups_db [None req-f9362f05-604e-44cd-915b-ae48e802c8cb 69089283d0d541e189d1e1fcb3351685 0dd71d0c4b33455ab175aca7c86f288e - - default default] project_id key not found in filters, using tenant_id instead. This support has been deprecated and will be removed in a future release. [pid: 8|app: 0|req: 912/1777] 10.0.0.58 () {32 vars in 739 bytes} [Tue Jul 21 07:55:38 2026] DELETE /v2.0/security-groups/8e3b6e09-73e4-4571-8ebc-48d502b63f05 => generated 0 bytes in 199 msecs (HTTP/1.1 204) 2 headers in 112 bytes (1 switches on core 0)
2026-07-21 07:55:39.238 7 INFO neutron.db.ovn_revision_numbers_db [None req-f9362f05-604e-44cd-915b-ae48e802c8cb 69089283d0d541e189d1e1fcb3351685 0dd71d0c4b33455ab175aca7c86f288e - - default default] Successfully bumped revision number for resource 2b19aedd-3665-4cb4-ae01-cae81d921811 (type: security_groups) to 1
2026-07-21 07:55:39.253 7 INFO neutron.db.ovn_revision_numbers_db [None req-f9362f05-604e-44cd-915b-ae48e802c8cb 69089283d0d541e189d1e1fcb3351685 0dd71d0c4b33455ab175aca7c86f288e - - default default] Successfully bumped revision number for resource 2d654c68-1962-4ad5-b244-ccf0e61e0193 (type: security_group_rules) to 0
2026-07-21 07:55:39.268 7 INFO neutron.db.ovn_revision_numbers_db [None req-f9362f05-604e-44cd-915b-ae48e802c8cb 69089283d0d541e189d1e1fcb3351685 0dd71d0c4b33455ab175aca7c86f288e - - default default] Successfully bumped revision number for resource 6c733d2f-08f7-4b5e-9f94-9d142effc499 (type: security_group_rules) to 0
2026-07-21 07:55:39.281 7 INFO neutron.db.ovn_revision_numbers_db [None req-f9362f05-604e-44cd-915b-ae48e802c8cb 69089283d0d541e189d1e1fcb3351685 0dd71d0c4b33455ab175aca7c86f288e - - default default] Successfully bumped revision number for resource 816d1e56-8b2e-47db-a0d5-a92f0a212c7c (type: security_group_rules) to 0
2026-07-21 07:55:39.297 7 INFO neutron.db.ovn_revision_numbers_db [None req-f9362f05-604e-44cd-915b-ae48e802c8cb 69089283d0d541e189d1e1fcb3351685 0dd71d0c4b33455ab175aca7c86f288e - - default default] Successfully bumped revision number for resource d6b71522-b95d-4f80-87c1-6bddb50b6fd0 (type: security_group_rules) to 0 [pid: 7|app: 0|req: 866/1778] 10.0.0.58 () {32 vars in 773 bytes} [Tue Jul 21 07:55:38 2026] GET /v2.0/security-groups?tenant_id=196eb866b8324297996ea34527d6a05c&name=default => generated 2925 bytes in 405 msecs (HTTP/1.1 200) 4 headers in 158 bytes (1 switches on core 0) [pid: 8|app: 0|req: 913/1779] 10.0.0.58 () {32 vars in 739 bytes} [Tue Jul 21 07:55:39 2026] DELETE /v2.0/security-groups/eba585bc-459e-43fc-98cc-54b4023fde40 => generated 0 bytes in 202 msecs (HTTP/1.1 204) 2 headers in 112 bytes (1 switches on core 0) [pid: 7|app: 0|req: 867/1780] 10.0.0.58 () {32 vars in 739 bytes} [Tue Jul 21 07:55:39 2026] DELETE /v2.0/security-groups/2b19aedd-3665-4cb4-ae01-cae81d921811 => generated 0 bytes in 180 msecs (HTTP/1.1 204) 2 headers in 112 bytes (1 switches on core 0)
2026-07-21 07:55:39.710 8 WARNING neutron.db.securitygroups_db [None req-3f99df31-4d06-4052-83fe-f3f225f6026e 69089283d0d541e189d1e1fcb3351685 0dd71d0c4b33455ab175aca7c86f288e - - default default] project_id key not found in filters, using tenant_id instead. This support has been deprecated and will be removed in a future release.
2026-07-21 07:55:39.842 8 INFO neutron.db.ovn_revision_numbers_db [None req-3f99df31-4d06-4052-83fe-f3f225f6026e 69089283d0d541e189d1e1fcb3351685 0dd71d0c4b33455ab175aca7c86f288e - - default default] Successfully bumped revision number for resource cdac13c9-116d-4cc4-b1cf-7b5d922afc59 (type: security_groups) to 1
2026-07-21 07:55:39.862 8 INFO neutron.db.ovn_revision_numbers_db [None req-3f99df31-4d06-4052-83fe-f3f225f6026e 69089283d0d541e189d1e1fcb3351685 0dd71d0c4b33455ab175aca7c86f288e - - default default] Successfully bumped revision number for resource 060a0fc3-5bd2-4874-a43a-3a7336392c93 (type: security_group_rules) to 0
2026-07-21 07:55:39.880 8 INFO neutron.db.ovn_revision_numbers_db [None req-3f99df31-4d06-4052-83fe-f3f225f6026e 69089283d0d541e189d1e1fcb3351685 0dd71d0c4b33455ab175aca7c86f288e - - default default] Successfully bumped revision number for resource 89282901-b6cb-499f-ac09-248d412532bf (type: security_group_rules) to 0
2026-07-21 07:55:39.898 8 INFO neutron.db.ovn_revision_numbers_db [None req-3f99df31-4d06-4052-83fe-f3f225f6026e 69089283d0d541e189d1e1fcb3351685 0dd71d0c4b33455ab175aca7c86f288e - - default default] Successfully bumped revision number for resource 9d9dd5c3-6033-4b7f-8002-aa971dea9284 (type: security_group_rules) to 0
2026-07-21 07:55:39.911 8 INFO neutron.db.ovn_revision_numbers_db [None req-3f99df31-4d06-4052-83fe-f3f225f6026e 69089283d0d541e189d1e1fcb3351685 0dd71d0c4b33455ab175aca7c86f288e - - default default] Successfully bumped revision number for resource fea040c5-6815-4bb4-b4b6-96d3fb25dc2f (type: security_group_rules) to 0 [pid: 8|app: 0|req: 914/1781] 10.0.0.58 () {32 vars in 773 bytes} [Tue Jul 21 07:55:39 2026] GET /v2.0/security-groups?tenant_id=448dc74cddca486ca995976fcb9620aa&name=default => generated 2925 bytes in 245 msecs (HTTP/1.1 200) 4 headers in 158 bytes (1 switches on core 0) [pid: 7|app: 0|req: 868/1782] 10.0.0.58 () {32 vars in 739 bytes} [Tue Jul 21 07:55:39 2026] DELETE /v2.0/security-groups/cdac13c9-116d-4cc4-b1cf-7b5d922afc59 => generated 0 bytes in 217 msecs (HTTP/1.1 204) 2 headers in 112 bytes (1 switches on core 0)
2026-07-21 07:55:40.456 8 WARNING neutron.db.securitygroups_db [None req-c1ff2d0f-c617-4d89-b7d4-54a9cfda0509 69089283d0d541e189d1e1fcb3351685 0dd71d0c4b33455ab175aca7c86f288e - - default default] project_id key not found in filters, using tenant_id instead. This support has been deprecated and will be removed in a future release.
2026-07-21 07:55:40.591 8 INFO neutron.db.ovn_revision_numbers_db [None req-c1ff2d0f-c617-4d89-b7d4-54a9cfda0509 69089283d0d541e189d1e1fcb3351685 0dd71d0c4b33455ab175aca7c86f288e - - default default] Successfully bumped revision number for resource f6cafe49-1d73-4d6a-bc8e-15b4bc269017 (type: security_groups) to 1
2026-07-21 07:55:40.601 8 INFO neutron.db.ovn_revision_numbers_db [None req-c1ff2d0f-c617-4d89-b7d4-54a9cfda0509 69089283d0d541e189d1e1fcb3351685 0dd71d0c4b33455ab175aca7c86f288e - - default default] Successfully bumped revision number for resource 0bac1239-6985-4183-8272-5ee3dcd5171a (type: security_group_rules) to 0
2026-07-21 07:55:40.613 8 INFO neutron.db.ovn_revision_numbers_db [None req-c1ff2d0f-c617-4d89-b7d4-54a9cfda0509 69089283d0d541e189d1e1fcb3351685 0dd71d0c4b33455ab175aca7c86f288e - - default default] Successfully bumped revision number for resource 2b913cce-67b4-4a5d-a38a-b69ff53e3d11 (type: security_group_rules) to 0
2026-07-21 07:55:40.624 8 INFO neutron.db.ovn_revision_numbers_db [None req-c1ff2d0f-c617-4d89-b7d4-54a9cfda0509 69089283d0d541e189d1e1fcb3351685 0dd71d0c4b33455ab175aca7c86f288e - - default default] Successfully bumped revision number for resource 92877972-f96e-4d4d-9a6c-a8cfb5a52283 (type: security_group_rules) to 0
2026-07-21 07:55:40.636 8 INFO neutron.db.ovn_revision_numbers_db [None req-c1ff2d0f-c617-4d89-b7d4-54a9cfda0509 69089283d0d541e189d1e1fcb3351685 0dd71d0c4b33455ab175aca7c86f288e - - default default] Successfully bumped revision number for resource fd7896d2-337b-4422-85ce-790cc2a2e80d (type: security_group_rules) to 0 [pid: 8|app: 0|req: 915/1783] 10.0.0.58 () {32 vars in 773 bytes} [Tue Jul 21 07:55:40 2026] GET /v2.0/security-groups?tenant_id=db8170f325c74afebad8b57c6fdcd2e1&name=default => generated 2925 bytes in 311 msecs (HTTP/1.1 200) 4 headers in 158 bytes (1 switches on core 0) [pid: 7|app: 0|req: 869/1784] 10.0.0.58 () {32 vars in 739 bytes} [Tue Jul 21 07:55:40 2026] DELETE /v2.0/security-groups/f6cafe49-1d73-4d6a-bc8e-15b4bc269017 => generated 0 bytes in 215 msecs (HTTP/1.1 204) 2 headers in 112 bytes (1 switches on core 0)
2026-07-21 07:55:41.038 8 WARNING neutron.db.securitygroups_db [None req-d447d3d3-86d1-4f12-8ec5-46e3f25dee3a 69089283d0d541e189d1e1fcb3351685 0dd71d0c4b33455ab175aca7c86f288e - - default default] project_id key not found in filters, using tenant_id instead. This support has been deprecated and will be removed in a future release.
2026-07-21 07:55:41.145 8 INFO neutron.db.ovn_revision_numbers_db [None req-d447d3d3-86d1-4f12-8ec5-46e3f25dee3a 69089283d0d541e189d1e1fcb3351685 0dd71d0c4b33455ab175aca7c86f288e - - default default] Successfully bumped revision number for resource a2d5f3a7-14d9-4bd8-ab7c-7a5d65a2ea81 (type: security_groups) to 1
2026-07-21 07:55:41.158 8 INFO neutron.db.ovn_revision_numbers_db [None req-d447d3d3-86d1-4f12-8ec5-46e3f25dee3a 69089283d0d541e189d1e1fcb3351685 0dd71d0c4b33455ab175aca7c86f288e - - default default] Successfully bumped revision number for resource 0fc9fab2-acfc-4456-8406-9ae145ba5fc7 (type: security_group_rules) to 0
2026-07-21 07:55:41.168 8 INFO neutron.db.ovn_revision_numbers_db [None req-d447d3d3-86d1-4f12-8ec5-46e3f25dee3a 69089283d0d541e189d1e1fcb3351685 0dd71d0c4b33455ab175aca7c86f288e - - default default] Successfully bumped revision number for resource 0ff3ceaa-52cd-4104-8fd0-5095260e2d85 (type: security_group_rules) to 0
2026-07-21 07:55:41.192 8 INFO neutron.db.ovn_revision_numbers_db [None req-d447d3d3-86d1-4f12-8ec5-46e3f25dee3a 69089283d0d541e189d1e1fcb3351685 0dd71d0c4b33455ab175aca7c86f288e - - default default] Successfully bumped revision number for resource 683deb6c-36ed-4eec-b6dc-6924c6e38a03 (type: security_group_rules) to 0
