2026-07-21 07:56:19.144 8 INFO neutron.pecan_wsgi.hooks.translation [None req-5a0ce0a7-6ef8-4d3c-8e80-576891e41a63 5c6d80b95771471cb873826222505ffc 11cb379c3f8540e682b3fac9caab5e4e - - default default] DELETE failed (client error): The resource could not be found. [pid: 8|app: 0|req: 1036/2039] 10.0.0.58 () {32 vars in 723 bytes} [Tue Jul 21 07:56:19 2026] DELETE /v2.0/subnets/4d497d0a-920d-4f4b-b7b2-98320ddcdfe5 => generated 136 bytes in 12 msecs (HTTP/1.1 404) 4 headers in 164 bytes (1 switches on core 0)
2026-07-21 07:56:19.150 8 WARNING neutron.db.securitygroups_db [None req-22f88b84-f254-404e-b182-8a3f0f6233d5 69089283d0d541e189d1e1fcb3351685 0dd71d0c4b33455ab175aca7c86f288e - - default default] project_id key not found in filters, using tenant_id instead. This support has been deprecated and will be removed in a future release.
2026-07-21 07:56:19.268 8 INFO neutron.db.ovn_revision_numbers_db [None req-22f88b84-f254-404e-b182-8a3f0f6233d5 69089283d0d541e189d1e1fcb3351685 0dd71d0c4b33455ab175aca7c86f288e - - default default] Successfully bumped revision number for resource 6b152efd-50ab-48e6-a7ab-4128c2cda55e (type: security_groups) to 1
2026-07-21 07:56:19.279 7 INFO neutron.db.ovn_revision_numbers_db [None req-fd64f0f4-7864-466e-83f8-cd0e06a8d0ed 69089283d0d541e189d1e1fcb3351685 0dd71d0c4b33455ab175aca7c86f288e - - default default] Successfully bumped revision number for resource 6b2e9619-8a57-4669-954c-522366ed5bef (type: routers) to 2
2026-07-21 07:56:19.281 8 INFO neutron.db.ovn_revision_numbers_db [None req-22f88b84-f254-404e-b182-8a3f0f6233d5 69089283d0d541e189d1e1fcb3351685 0dd71d0c4b33455ab175aca7c86f288e - - default default] Successfully bumped revision number for resource 2dbbe0f8-1596-47b5-8bce-3cbedcfd193e (type: security_group_rules) to 0
2026-07-21 07:56:19.292 8 INFO neutron.db.ovn_revision_numbers_db [None req-22f88b84-f254-404e-b182-8a3f0f6233d5 69089283d0d541e189d1e1fcb3351685 0dd71d0c4b33455ab175aca7c86f288e - - default default] Successfully bumped revision number for resource 6a316588-ed4f-4258-9327-699b5fe9a011 (type: security_group_rules) to 0 [pid: 7|app: 0|req: 1004/2040] 10.0.0.58 () {34 vars in 668 bytes} [Tue Jul 21 07:56:17 2026] POST /v2.0/routers => generated 987 bytes in 1735 msecs (HTTP/1.1 201) 4 headers in 162 bytes (1 switches on core 0)
2026-07-21 07:56:19.305 8 INFO neutron.db.ovn_revision_numbers_db [None req-22f88b84-f254-404e-b182-8a3f0f6233d5 69089283d0d541e189d1e1fcb3351685 0dd71d0c4b33455ab175aca7c86f288e - - default default] Successfully bumped revision number for resource 7cc307c9-22e7-4a63-982d-069d571e19d1 (type: security_group_rules) to 0
2026-07-21 07:56:19.317 8 INFO neutron.db.ovn_revision_numbers_db [None req-22f88b84-f254-404e-b182-8a3f0f6233d5 69089283d0d541e189d1e1fcb3351685 0dd71d0c4b33455ab175aca7c86f288e - - default default] Successfully bumped revision number for resource 97fdd64b-690e-4578-9a17-2a6b3fbb9007 (type: security_group_rules) to 0 [pid: 8|app: 0|req: 1037/2041] 10.0.0.58 () {32 vars in 773 bytes} [Tue Jul 21 07:56:19 2026] GET /v2.0/security-groups?tenant_id=863c0c7c4b4445d1a4633dc5333e3deb&name=default => generated 2925 bytes in 209 msecs (HTTP/1.1 200) 4 headers in 158 bytes (1 switches on core 0)
2026-07-21 07:56:19.521 7 INFO neutron_taas.services.taas.taas_plugin [None req-14a503c1-ce46-4ceb-8b84-9dfc3e574ed1 97b08c9ea0ae45b38d2e8e8204efd376 a1772e59ee4c4be8a7d27d7ca6d54ea9 - - default default] TaaS: Handle Delete Port: cd395882-8f91-4f3a-a22f-6724e1b0060b
2026-07-21 07:56:19.526 7 INFO neutron_taas.services.taas.tap_mirror_plugin [None req-14a503c1-ce46-4ceb-8b84-9dfc3e574ed1 97b08c9ea0ae45b38d2e8e8204efd376 a1772e59ee4c4be8a7d27d7ca6d54ea9 - - default default] Tap Mirror: Handle Delete Port: cd395882-8f91-4f3a-a22f-6724e1b0060b [pid: 7|app: 0|req: 1005/2042] 10.0.0.58 () {32 vars in 719 bytes} [Tue Jul 21 07:56:19 2026] DELETE /v2.0/ports/cd395882-8f91-4f3a-a22f-6724e1b0060b => generated 0 bytes in 466 msecs (HTTP/1.1 204) 3 headers in 131 bytes (1 switches on core 0)
2026-07-21 07:56:19.870 8 WARNING neutron.scheduler.dhcp_agent_scheduler [None req-c65cef43-e9b9-4c23-9b58-3891bb5a7025 69089283d0d541e189d1e1fcb3351685 0dd71d0c4b33455ab175aca7c86f288e - - default default] No more DHCP agents
2026-07-21 07:56:19.871 8 WARNING neutron.api.rpc.agentnotifiers.dhcp_rpc_agent_api [None req-c65cef43-e9b9-4c23-9b58-3891bb5a7025 69089283d0d541e189d1e1fcb3351685 0dd71d0c4b33455ab175aca7c86f288e - - default default] Unable to schedule network a6e728f0-bf0c-464a-bebe-c703731d1ed9: no agents available; will retry on subsequent port and subnet creation events.
2026-07-21 07:56:20.040 8 INFO neutron.db.ovn_revision_numbers_db [None req-c65cef43-e9b9-4c23-9b58-3891bb5a7025 69089283d0d541e189d1e1fcb3351685 0dd71d0c4b33455ab175aca7c86f288e - - default default] Successfully bumped revision number for resource 4ef18425-6844-4e08-adda-fbb4c13a2da0 (type: ports) to 1 [pid: 7|app: 0|req: 1006/2043] 10.0.0.58 () {32 vars in 739 bytes} [Tue Jul 21 07:56:19 2026] DELETE /v2.0/security-groups/6b152efd-50ab-48e6-a7ab-4128c2cda55e => generated 0 bytes in 406 msecs (HTTP/1.1 204) 2 headers in 112 bytes (1 switches on core 0)
2026-07-21 07:56:20.406 7 INFO neutron_taas.services.taas.taas_plugin [None req-6c6669e1-244c-45d2-8b63-bcbe2a41dba5 97b08c9ea0ae45b38d2e8e8204efd376 a1772e59ee4c4be8a7d27d7ca6d54ea9 - - default default] TaaS: Handle Delete Port: 89c075f1-ee99-418c-bd8d-378bdc78c6a2
2026-07-21 07:56:20.414 7 INFO neutron_taas.services.taas.tap_mirror_plugin [None req-6c6669e1-244c-45d2-8b63-bcbe2a41dba5 97b08c9ea0ae45b38d2e8e8204efd376 a1772e59ee4c4be8a7d27d7ca6d54ea9 - - default default] Tap Mirror: Handle Delete Port: 89c075f1-ee99-418c-bd8d-378bdc78c6a2
2026-07-21 07:56:20.624 7 INFO neutron.db.ovn_revision_numbers_db [None req-3910fb0e-cbb3-415e-86a1-6b5c4f60abf1 - - - - - -] Successfully bumped revision number for resource b6dd53bb-ed11-4778-937e-a0456cba6b7b (type: ports) to 4 [pid: 7|app: 0|req: 1007/2044] 10.0.0.58 () {32 vars in 719 bytes} [Tue Jul 21 07:56:20 2026] DELETE /v2.0/ports/89c075f1-ee99-418c-bd8d-378bdc78c6a2 => generated 0 bytes in 485 msecs (HTTP/1.1 204) 3 headers in 131 bytes (1 switches on core 0)
2026-07-21 07:56:20.834 8 WARNING neutron.scheduler.dhcp_agent_scheduler [None req-c65cef43-e9b9-4c23-9b58-3891bb5a7025 69089283d0d541e189d1e1fcb3351685 0dd71d0c4b33455ab175aca7c86f288e - - default default] No more DHCP agents
2026-07-21 07:56:20.836 8 WARNING neutron.api.rpc.agentnotifiers.dhcp_rpc_agent_api [None req-c65cef43-e9b9-4c23-9b58-3891bb5a7025 69089283d0d541e189d1e1fcb3351685 0dd71d0c4b33455ab175aca7c86f288e - - default default] Unable to schedule network a6e728f0-bf0c-464a-bebe-c703731d1ed9: no agents available; will retry on subsequent port and subnet creation events.
2026-07-21 07:56:20.883 7 WARNING neutron.db.securitygroups_db [None req-94aef27b-fa75-4e60-96f5-75b164c5ffde 69089283d0d541e189d1e1fcb3351685 0dd71d0c4b33455ab175aca7c86f288e - - default default] project_id key not found in filters, using tenant_id instead. This support has been deprecated and will be removed in a future release. [pid: 7|app: 0|req: 1008/2045] 10.0.0.58 () {32 vars in 773 bytes} [Tue Jul 21 07:56:20 2026] GET /v2.0/security-groups?tenant_id=11cb379c3f8540e682b3fac9caab5e4e&name=default => generated 2925 bytes in 301 msecs (HTTP/1.1 200) 4 headers in 158 bytes (1 switches on core 0)
2026-07-21 07:56:21.181 7 INFO neutron.db.ovn_revision_numbers_db [None req-3910fb0e-cbb3-415e-86a1-6b5c4f60abf1 - - - - - -] Successfully bumped revision number for resource b6dd53bb-ed11-4778-937e-a0456cba6b7b (type: ports) to 5
2026-07-21 07:56:21.201 7 INFO neutron_taas.services.taas.taas_plugin [None req-a5772dde-ab87-49e5-96dc-b1a1c41a5641 97b08c9ea0ae45b38d2e8e8204efd376 a1772e59ee4c4be8a7d27d7ca6d54ea9 - - default default] TaaS: Handle Delete Port: 6fd19ae4-32c8-4417-8838-160c41a81826
2026-07-21 07:56:21.206 7 INFO neutron_taas.services.taas.tap_mirror_plugin [None req-a5772dde-ab87-49e5-96dc-b1a1c41a5641 97b08c9ea0ae45b38d2e8e8204efd376 a1772e59ee4c4be8a7d27d7ca6d54ea9 - - default default] Tap Mirror: Handle Delete Port: 6fd19ae4-32c8-4417-8838-160c41a81826
2026-07-21 07:56:21.341 8 INFO neutron.common.ovn.utils [None req-9f75de74-f13f-4b6a-a293-6ca7a09d5daa - - - - - -] HA Chassis Group neutron-a6e728f0-bf0c-464a-bebe-c703731d1ed9 synchronized; highest priority chassis 071b386c-0da5-40d5-a4ca-eec3f94ac15f
2026-07-21 07:56:21.343 8 INFO neutron.db.ovn_revision_numbers_db [None req-c65cef43-e9b9-4c23-9b58-3891bb5a7025 69089283d0d541e189d1e1fcb3351685 0dd71d0c4b33455ab175aca7c86f288e - - default default] Successfully bumped revision number for resource 4ef18425-6844-4e08-adda-fbb4c13a2da0 (type: router_ports) to 1 [pid: 8|app: 0|req: 1038/2046] 10.0.0.58 () {34 vars in 782 bytes} [Tue Jul 21 07:56:19 2026] PUT /v2.0/routers/6b2e9619-8a57-4669-954c-522366ed5bef/add_router_interface => generated 310 bytes in 1994 msecs (HTTP/1.1 200) 4 headers in 157 bytes (1 switches on core 0) [pid: 7|app: 0|req: 1009/2047] 10.0.0.58 () {32 vars in 719 bytes} [Tue Jul 21 07:56:20 2026] DELETE /v2.0/ports/6fd19ae4-32c8-4417-8838-160c41a81826 => generated 0 bytes in 511 msecs (HTTP/1.1 204) 3 headers in 131 bytes (1 switches on core 0) [pid: 8|app: 0|req: 1039/2048] 10.0.0.58 () {32 vars in 739 bytes} [Tue Jul 21 07:56:21 2026] DELETE /v2.0/security-groups/ae5cfa8f-9764-4634-9d77-2eb4b4884e08 => generated 0 bytes in 223 msecs (HTTP/1.1 204) 2 headers in 112 bytes (1 switches on core 0)
2026-07-21 07:56:21.612 7 INFO neutron_taas.services.taas.taas_plugin [None req-b2f35273-5ef2-47dd-9669-b229d3fbf137 97b08c9ea0ae45b38d2e8e8204efd376 a1772e59ee4c4be8a7d27d7ca6d54ea9 - - default default] TaaS: Handle Delete Port: bc48ea3b-6cec-446d-addd-36b792247089
2026-07-21 07:56:21.616 7 INFO neutron_taas.services.taas.tap_mirror_plugin [None req-b2f35273-5ef2-47dd-9669-b229d3fbf137 97b08c9ea0ae45b38d2e8e8204efd376 a1772e59ee4c4be8a7d27d7ca6d54ea9 - - default default] Tap Mirror: Handle Delete Port: bc48ea3b-6cec-446d-addd-36b792247089
2026-07-21 07:56:21.752 8 WARNING neutron.db.securitygroups_db [None req-96ba2140-7233-4e6f-be93-20b39d0de3a2 69089283d0d541e189d1e1fcb3351685 0dd71d0c4b33455ab175aca7c86f288e - - default default] project_id key not found in filters, using tenant_id instead. This support has been deprecated and will be removed in a future release.
2026-07-21 07:56:21.819 7 INFO neutron.services.segments.plugin [-] Segment 9b9a13d9-d701-40f8-8080-abaf77c81aa7 resource provider aggregate not found
2026-07-21 07:56:21.826 7 INFO neutron.services.segments.plugin [-] Segment 9b9a13d9-d701-40f8-8080-abaf77c81aa7 resource provider aggregate not found
2026-07-21 07:56:21.855 7 INFO neutron.services.segments.plugin [-] Client error retrieving segment 9b9a13d9-d701-40f8-8080-abaf77c81aa7 resource provider; error: Placement Client Error (4xx): {"errors": [{"status": 404, "title": "Not Found", "detail": "The resource could not be found.\n\n No resource provider with uuid 9b9a13d9-d701-40f8-8080-abaf77c81aa7 found for delete ", "request_id": "req-1a7f5307-39af-474b-b4be-cd356fa16325"}]}
2026-07-21 07:56:21.859 7 INFO neutron.services.segments.plugin [-] Client error retrieving segment 9b9a13d9-d701-40f8-8080-abaf77c81aa7 resource provider; error: Placement Client Error (4xx): {"errors": [{"status": 404, "title": "Not Found", "detail": "The resource could not be found.\n\n No resource provider with uuid 9b9a13d9-d701-40f8-8080-abaf77c81aa7 found for delete ", "request_id": "req-fb3910db-43a2-4482-809f-3921c2041685"}]} [pid: 7|app: 0|req: 1010/2049] 10.0.0.58 () {32 vars in 725 bytes} [Tue Jul 21 07:56:21 2026] DELETE /v2.0/networks/4dd870cf-b40e-4daf-9c54-977dbd8f4a5e => generated 0 bytes in 413 msecs (HTTP/1.1 204) 3 headers in 131 bytes (1 switches on core 0)
2026-07-21 07:56:21.975 8 INFO neutron.db.ovn_revision_numbers_db [None req-96ba2140-7233-4e6f-be93-20b39d0de3a2 69089283d0d541e189d1e1fcb3351685 0dd71d0c4b33455ab175aca7c86f288e - - default default] Successfully bumped revision number for resource 3f0679e1-3b6c-4db7-8f1c-b15cb2c71cac (type: security_groups) to 1
2026-07-21 07:56:21.994 8 INFO neutron.db.ovn_revision_numbers_db [None req-96ba2140-7233-4e6f-be93-20b39d0de3a2 69089283d0d541e189d1e1fcb3351685 0dd71d0c4b33455ab175aca7c86f288e - - default default] Successfully bumped revision number for resource 16e6f1fb-2437-4456-90b4-beddcc5da014 (type: security_group_rules) to 0
2026-07-21 07:56:22.008 7 INFO neutron.plugins.ml2.drivers.ovn.mech_driver.mech_driver [None req-d0acdf6d-3bfb-437b-87bd-472466a7441b - - - - - -] OVN reports status down for port: 4ef18425-6844-4e08-adda-fbb4c13a2da0
2026-07-21 07:56:22.009 8 INFO neutron.db.ovn_revision_numbers_db [None req-96ba2140-7233-4e6f-be93-20b39d0de3a2 69089283d0d541e189d1e1fcb3351685 0dd71d0c4b33455ab175aca7c86f288e - - default default] Successfully bumped revision number for resource 2aaf322c-e435-4d99-b847-39df5e06a9b5 (type: security_group_rules) to 0
2026-07-21 07:56:22.035 8 INFO neutron.db.ovn_revision_numbers_db [None req-96ba2140-7233-4e6f-be93-20b39d0de3a2 69089283d0d541e189d1e1fcb3351685 0dd71d0c4b33455ab175aca7c86f288e - - default default] Successfully bumped revision number for resource 876a1b7d-cd1b-47ab-9f0a-625141dc98fb (type: security_group_rules) to 0
2026-07-21 07:56:22.047 8 INFO neutron.db.ovn_revision_numbers_db [None req-96ba2140-7233-4e6f-be93-20b39d0de3a2 69089283d0d541e189d1e1fcb3351685 0dd71d0c4b33455ab175aca7c86f288e - - default default] Successfully bumped revision number for resource 9c0f1b38-e119-4249-b842-740c25891e8e (type: security_group_rules) to 0 [pid: 8|app: 0|req: 1040/2050] 10.0.0.58 () {32 vars in 773 bytes} [Tue Jul 21 07:56:21 2026] GET /v2.0/security-groups?tenant_id=bd895ec975784ee4b2f3caf311e3b7df&name=default => generated 2925 bytes in 354 msecs (HTTP/1.1 200) 4 headers in 158 bytes (1 switches on core 0)
2026-07-21 07:56:22.127 7 INFO neutron_taas.services.taas.taas_plugin [None req-8ec3b883-1450-40f3-851f-00c7f2ca315a 97b08c9ea0ae45b38d2e8e8204efd376 a1772e59ee4c4be8a7d27d7ca6d54ea9 - - default default] TaaS: Handle Delete Port: c0999570-ac01-4e6e-86f2-7a11f331f35a
2026-07-21 07:56:22.132 7 INFO neutron_taas.services.taas.tap_mirror_plugin [None req-8ec3b883-1450-40f3-851f-00c7f2ca315a 97b08c9ea0ae45b38d2e8e8204efd376 a1772e59ee4c4be8a7d27d7ca6d54ea9 - - default default] Tap Mirror: Handle Delete Port: c0999570-ac01-4e6e-86f2-7a11f331f35a
2026-07-21 07:56:22.138 7 WARNING neutron.plugins.ml2.drivers.ovn.mech_driver.ovsdb.ovn_client [None req-d0acdf6d-3bfb-437b-87bd-472466a7441b - - - - - -] Logical_Switch_Port 4ef18425-6844-4e08-adda-fbb4c13a2da0 host information not removed, the port state is up
2026-07-21 07:56:22.138 7 INFO neutron.plugins.ml2.drivers.ovn.mech_driver.mech_driver [None req-d0acdf6d-3bfb-437b-87bd-472466a7441b - - - - - -] OVN reports status up for port: 4ef18425-6844-4e08-adda-fbb4c13a2da0
2026-07-21 07:56:22.174 7 INFO neutron.plugins.ml2.plugin [None req-d0acdf6d-3bfb-437b-87bd-472466a7441b - - - - - -] Attempt 1 to provision port 4ef18425-6844-4e08-adda-fbb4c13a2da0 [pid: 8|app: 0|req: 1041/2051] 10.0.0.58 () {32 vars in 739 bytes} [Tue Jul 21 07:56:22 2026] DELETE /v2.0/security-groups/3f0679e1-3b6c-4db7-8f1c-b15cb2c71cac => generated 0 bytes in 213 msecs (HTTP/1.1 204) 2 headers in 112 bytes (1 switches on core 0)
2026-07-21 07:56:22.416 8 WARNING neutron.db.securitygroups_db [None req-f3a394c9-d374-458e-b1fa-c60afb0073d9 69089283d0d541e189d1e1fcb3351685 0dd71d0c4b33455ab175aca7c86f288e - - default default] project_id key not found in filters, using tenant_id instead. This support has been deprecated and will be removed in a future release. [pid: 7|app: 0|req: 1011/2052] 10.0.0.58 () {32 vars in 725 bytes} [Tue Jul 21 07:56:21 2026] DELETE /v2.0/networks/e743231e-d4ce-43a2-9b8a-3f998055cb76 => generated 0 bytes in 592 msecs (HTTP/1.1 204) 3 headers in 131 bytes (1 switches on core 0)
2026-07-21 07:56:22.574 8 INFO neutron.db.ovn_revision_numbers_db [None req-f3a394c9-d374-458e-b1fa-c60afb0073d9 69089283d0d541e189d1e1fcb3351685 0dd71d0c4b33455ab175aca7c86f288e - - default default] Successfully bumped revision number for resource 601b7cb3-b6cc-4c3e-a033-85a5aa447e16 (type: security_groups) to 1
2026-07-21 07:56:22.590 8 INFO neutron.db.ovn_revision_numbers_db [None req-f3a394c9-d374-458e-b1fa-c60afb0073d9 69089283d0d541e189d1e1fcb3351685 0dd71d0c4b33455ab175aca7c86f288e - - default default] Successfully bumped revision number for resource 45068707-637f-4adc-b6c4-25682d346d82 (type: security_group_rules) to 0
2026-07-21 07:56:22.607 8 INFO neutron.db.ovn_revision_numbers_db [None req-f3a394c9-d374-458e-b1fa-c60afb0073d9 69089283d0d541e189d1e1fcb3351685 0dd71d0c4b33455ab175aca7c86f288e - - default default] Successfully bumped revision number for resource 8970bb04-9eac-437b-a0a0-5fa8f989a3a2 (type: security_group_rules) to 0
2026-07-21 07:56:22.622 8 INFO neutron.db.ovn_revision_numbers_db [None req-f3a394c9-d374-458e-b1fa-c60afb0073d9 69089283d0d541e189d1e1fcb3351685 0dd71d0c4b33455ab175aca7c86f288e - - default default] Successfully bumped revision number for resource c318a5d6-fcbc-4899-be14-43b02eedcc4f (type: security_group_rules) to 0
2026-07-21 07:56:22.639 8 INFO neutron.db.ovn_revision_numbers_db [None req-f3a394c9-d374-458e-b1fa-c60afb0073d9 69089283d0d541e189d1e1fcb3351685 0dd71d0c4b33455ab175aca7c86f288e - - default default] Successfully bumped revision number for resource cc5bce95-10fb-4efc-a59f-719cee356f0b (type: security_group_rules) to 0 [pid: 8|app: 0|req: 1042/2053] 10.0.0.58 () {32 vars in 773 bytes} [Tue Jul 21 07:56:22 2026] GET /v2.0/security-groups?tenant_id=14291dd929534b818e9f37d98f9c5c5a&name=default => generated 2925 bytes in 278 msecs (HTTP/1.1 200) 4 headers in 158 bytes (1 switches on core 0)
2026-07-21 07:56:22.750 7 INFO neutron_taas.services.taas.taas_plugin [None req-5e799dc6-e5c6-4bc9-87f8-3ae93fee1763 97b08c9ea0ae45b38d2e8e8204efd376 a1772e59ee4c4be8a7d27d7ca6d54ea9 - - default default] TaaS: Handle Delete Port: 51b6c914-c5b1-4717-8410-4915e30a55cd
2026-07-21 07:56:22.765 7 INFO neutron_taas.services.taas.tap_mirror_plugin [None req-5e799dc6-e5c6-4bc9-87f8-3ae93fee1763 97b08c9ea0ae45b38d2e8e8204efd376 a1772e59ee4c4be8a7d27d7ca6d54ea9 - - default default] Tap Mirror: Handle Delete Port: 51b6c914-c5b1-4717-8410-4915e30a55cd
2026-07-21 07:56:22.908 8 INFO neutron.db.ovn_revision_numbers_db [None req-fb4596cd-cd61-4040-af98-5136cebd03b0 69089283d0d541e189d1e1fcb3351685 0dd71d0c4b33455ab175aca7c86f288e - - default default] Successfully bumped revision number for resource 9f874f51-7c98-412c-b6e2-45e9ff013eb3 (type: security_groups) to 1
2026-07-21 07:56:22.923 8 INFO neutron.db.ovn_revision_numbers_db [None req-fb4596cd-cd61-4040-af98-5136cebd03b0 69089283d0d541e189d1e1fcb3351685 0dd71d0c4b33455ab175aca7c86f288e - - default default] Successfully bumped revision number for resource 64688298-c011-41e3-bb60-c34a30aeb0b7 (type: security_group_rules) to 0
2026-07-21 07:56:22.957 8 INFO neutron.db.ovn_revision_numbers_db [None req-fb4596cd-cd61-4040-af98-5136cebd03b0 69089283d0d541e189d1e1fcb3351685 0dd71d0c4b33455ab175aca7c86f288e - - default default] Successfully bumped revision number for resource 765ef61a-cca7-4dbf-ae18-731224ee7bf0 (type: security_group_rules) to 0
2026-07-21 07:56:22.971 8 INFO neutron.db.ovn_revision_numbers_db [None req-fb4596cd-cd61-4040-af98-5136cebd03b0 69089283d0d541e189d1e1fcb3351685 0dd71d0c4b33455ab175aca7c86f288e - - default default] Successfully bumped revision number for resource 859adfb8-939f-41f4-8f35-120ca0dbb9d4 (type: security_group_rules) to 0
2026-07-21 07:56:22.983 8 INFO neutron.db.ovn_revision_numbers_db [None req-fb4596cd-cd61-4040-af98-5136cebd03b0 69089283d0d541e189d1e1fcb3351685 0dd71d0c4b33455ab175aca7c86f288e - - default default] Successfully bumped revision number for resource 9ea3eba2-cdf7-403b-97de-3a363a951172 (type: security_group_rules) to 0
2026-07-21 07:56:23.036 7 INFO neutron.db.ovn_revision_numbers_db [None req-d0acdf6d-3bfb-437b-87bd-472466a7441b - - - - - -] Successfully bumped revision number for resource 4ef18425-6844-4e08-adda-fbb4c13a2da0 (type: ports) to 2
2026-07-21 07:56:23.094 8 INFO neutron.db.segments_db [None req-fb4596cd-cd61-4040-af98-5136cebd03b0 69089283d0d541e189d1e1fcb3351685 0dd71d0c4b33455ab175aca7c86f288e - - default default] Added segment 5a4bcd57-6518-4832-af88-283a0379eb36 of type geneve for network ede6fb96-9f0a-45d9-b070-591f184f7120 [pid: 7|app: 0|req: 1012/2054] 10.0.0.58 () {32 vars in 725 bytes} [Tue Jul 21 07:56:22 2026] DELETE /v2.0/networks/dea76268-b5cc-4567-bf7e-e849dc348262 => generated 0 bytes in 751 msecs (HTTP/1.1 204) 3 headers in 131 bytes (1 switches on core 0)
2026-07-21 07:56:23.289 8 INFO neutron.db.ovn_revision_numbers_db [None req-fb4596cd-cd61-4040-af98-5136cebd03b0 69089283d0d541e189d1e1fcb3351685 0dd71d0c4b33455ab175aca7c86f288e - - default default] Successfully bumped revision number for resource ede6fb96-9f0a-45d9-b070-591f184f7120 (type: networks) to 1 [pid: 7|app: 0|req: 1013/2055] 10.0.0.58 () {32 vars in 739 bytes} [Tue Jul 21 07:56:23 2026] DELETE /v2.0/security-groups/601b7cb3-b6cc-4c3e-a033-85a5aa447e16 => generated 0 bytes in 205 msecs (HTTP/1.1 204) 2 headers in 112 bytes (1 switches on core 0)
2026-07-21 07:56:23.468 8 WARNING neutron.scheduler.dhcp_agent_scheduler [None req-fb4596cd-cd61-4040-af98-5136cebd03b0 69089283d0d541e189d1e1fcb3351685 0dd71d0c4b33455ab175aca7c86f288e - - default default] No more DHCP agents
2026-07-21 07:56:23.469 8 WARNING neutron.api.rpc.agentnotifiers.dhcp_rpc_agent_api [None req-fb4596cd-cd61-4040-af98-5136cebd03b0 69089283d0d541e189d1e1fcb3351685 0dd71d0c4b33455ab175aca7c86f288e - - default default] Unable to schedule network ede6fb96-9f0a-45d9-b070-591f184f7120: no agents available; will retry on subsequent port and subnet creation events.
2026-07-21 07:56:23.532 8 INFO neutron.plugins.ml2.drivers.ovn.mech_driver.mech_driver [None req-9f75de74-f13f-4b6a-a293-6ca7a09d5daa - - - - - -] OVN reports status down for port: 1ff9b002-4bbe-4502-9b39-4d83ee40bd6a
2026-07-21 07:56:23.598 8 INFO neutron.db.ovn_revision_numbers_db [None req-fb4596cd-cd61-4040-af98-5136cebd03b0 69089283d0d541e189d1e1fcb3351685 0dd71d0c4b33455ab175aca7c86f288e - - default default] Successfully bumped revision number for resource 1ff9b002-4bbe-4502-9b39-4d83ee40bd6a (type: ports) to 1
2026-07-21 07:56:23.599 7 INFO neutron_taas.services.taas.taas_plugin [None req-0a7d943c-02ed-4969-b587-d6389d886cc6 97b08c9ea0ae45b38d2e8e8204efd376 a1772e59ee4c4be8a7d27d7ca6d54ea9 - - default default] TaaS: Handle Delete Port: 53326470-3be2-482c-9622-8949d9de0afb
2026-07-21 07:56:23.602 7 INFO neutron_taas.services.taas.tap_mirror_plugin [None req-0a7d943c-02ed-4969-b587-d6389d886cc6 97b08c9ea0ae45b38d2e8e8204efd376 a1772e59ee4c4be8a7d27d7ca6d54ea9 - - default default] Tap Mirror: Handle Delete Port: 53326470-3be2-482c-9622-8949d9de0afb [pid: 8|app: 0|req: 1043/2056] 10.0.0.58 () {34 vars in 670 bytes} [Tue Jul 21 07:56:22 2026] POST /v2.0/networks => generated 781 bytes in 953 msecs (HTTP/1.1 201) 4 headers in 162 bytes (1 switches on core 0)
2026-07-21 07:56:23.814 8 WARNING neutron.scheduler.dhcp_agent_scheduler [None req-dd141baa-9264-4886-aa06-43a22cf9af00 69089283d0d541e189d1e1fcb3351685 0dd71d0c4b33455ab175aca7c86f288e - - default default] No more DHCP agents
2026-07-21 07:56:23.815 8 WARNING neutron.api.rpc.agentnotifiers.dhcp_rpc_agent_api [None req-dd141baa-9264-4886-aa06-43a22cf9af00 69089283d0d541e189d1e1fcb3351685 0dd71d0c4b33455ab175aca7c86f288e - - default default] Unable to schedule network ede6fb96-9f0a-45d9-b070-591f184f7120: no agents available; will retry on subsequent port and subnet creation events. [pid: 7|app: 0|req: 1014/2057] 10.0.0.58 () {32 vars in 725 bytes} [Tue Jul 21 07:56:23 2026] DELETE /v2.0/networks/e0b97278-bae8-45b5-b84f-d66ef0658054 => generated 0 bytes in 427 msecs (HTTP/1.1 204) 3 headers in 131 bytes (1 switches on core 0)
2026-07-21 07:56:23.885 7 INFO neutron.services.segments.plugin [-] Segment 6b02b6f8-7d66-4480-90cb-a9129191bd02 resource provider aggregate not found
2026-07-21 07:56:23.890 7 INFO neutron.services.segments.plugin [-] Segment 6b02b6f8-7d66-4480-90cb-a9129191bd02 resource provider aggregate not found
2026-07-21 07:56:23.905 7 INFO neutron.services.segments.plugin [-] Client error retrieving segment 6b02b6f8-7d66-4480-90cb-a9129191bd02 resource provider; error: Placement Client Error (4xx): {"errors": [{"status": 404, "title": "Not Found", "detail": "The resource could not be found.\n\n No resource provider with uuid 6b02b6f8-7d66-4480-90cb-a9129191bd02 found for delete ", "request_id": "req-43af4f34-e71e-457e-aa8f-90b95ec98099"}]}
2026-07-21 07:56:23.915 7 INFO neutron.services.segments.plugin [-] Client error retrieving segment 6b02b6f8-7d66-4480-90cb-a9129191bd02 resource provider; error: Placement Client Error (4xx): {"errors": [{"status": 404, "title": "Not Found", "detail": "The resource could not be found.\n\n No resource provider with uuid 6b02b6f8-7d66-4480-90cb-a9129191bd02 found for delete ", "request_id": "req-233a09d0-4bfa-402b-9813-81c00f4311ab"}]}
2026-07-21 07:56:23.931 7 INFO neutron.services.segments.plugin [-] Segment 19405c6a-7f2a-44fb-9edc-be038308f73c resource provider aggregate not found
2026-07-21 07:56:23.935 7 INFO neutron.services.segments.plugin [-] Segment 19405c6a-7f2a-44fb-9edc-be038308f73c resource provider aggregate not found
2026-07-21 07:56:23.952 7 INFO neutron.services.segments.plugin [-] Client error retrieving segment 19405c6a-7f2a-44fb-9edc-be038308f73c resource provider; error: Placement Client Error (4xx): {"errors": [{"status": 404, "title": "Not Found", "detail": "The resource could not be found.\n\n No resource provider with uuid 19405c6a-7f2a-44fb-9edc-be038308f73c found for delete ", "request_id": "req-3cfedf22-69cf-4e97-8f32-8797d9eb64df"}]}
2026-07-21 07:56:23.958 7 INFO neutron.services.segments.plugin [-] Client error retrieving segment 19405c6a-7f2a-44fb-9edc-be038308f73c resource provider; error: Placement Client Error (4xx): {"errors": [{"status": 404, "title": "Not Found", "detail": "The resource could not be found.\n\n No resource provider with uuid 19405c6a-7f2a-44fb-9edc-be038308f73c found for delete ", "request_id": "req-be97cf4b-1d58-4420-a351-74ead7512afb"}]}
2026-07-21 07:56:23.985 7 INFO neutron.services.segments.plugin [-] Segment af4232ec-a94a-4fde-b776-8fea8fd8913a resource provider aggregate not found
2026-07-21 07:56:23.999 7 INFO neutron.services.segments.plugin [-] Segment af4232ec-a94a-4fde-b776-8fea8fd8913a resource provider aggregate not found
2026-07-21 07:56:24.002 7 INFO neutron.services.segments.plugin [-] Client error retrieving segment af4232ec-a94a-4fde-b776-8fea8fd8913a resource provider; error: Placement Client Error (4xx): {"errors": [{"status": 404, "title": "Not Found", "detail": "The resource could not be found.\n\n No resource provider with uuid af4232ec-a94a-4fde-b776-8fea8fd8913a found for delete ", "request_id": "req-37873af4-42af-45bb-8ce4-e6362279ba86"}]}
2026-07-21 07:56:24.024 7 INFO neutron.services.segments.plugin [-] Client error retrieving segment af4232ec-a94a-4fde-b776-8fea8fd8913a resource provider; error: Placement Client Error (4xx): {"errors": [{"status": 404, "title": "Not Found", "detail": "The resource could not be found.\n\n No resource provider with uuid af4232ec-a94a-4fde-b776-8fea8fd8913a found for delete ", "request_id": "req-fb1aa383-5e39-4323-bc00-882bfe42ceaf"}]}
2026-07-21 07:56:24.092 7 INFO neutron_taas.services.taas.taas_plugin [None req-557d1b6d-9882-4bd6-913f-4f554c90d339 97b08c9ea0ae45b38d2e8e8204efd376 a1772e59ee4c4be8a7d27d7ca6d54ea9 - - default default] TaaS: Handle Delete Port: 088dd447-62b1-4f65-b948-9c284f572387
2026-07-21 07:56:24.095 7 INFO neutron_taas.services.taas.tap_mirror_plugin [None req-557d1b6d-9882-4bd6-913f-4f554c90d339 97b08c9ea0ae45b38d2e8e8204efd376 a1772e59ee4c4be8a7d27d7ca6d54ea9 - - default default] Tap Mirror: Handle Delete Port: 088dd447-62b1-4f65-b948-9c284f572387 [pid: 7|app: 0|req: 1015/2058] 10.0.0.58 () {32 vars in 725 bytes} [Tue Jul 21 07:56:23 2026] DELETE /v2.0/networks/5652bcb0-e852-494f-82dc-c11f6577c20b => generated 0 bytes in 403 msecs (HTTP/1.1 204) 3 headers in 131 bytes (1 switches on core 0)
2026-07-21 07:56:24.355 8 INFO neutron.db.ovn_revision_numbers_db [None req-dd141baa-9264-4886-aa06-43a22cf9af00 69089283d0d541e189d1e1fcb3351685 0dd71d0c4b33455ab175aca7c86f288e - - default default] Successfully bumped revision number for resource 1ff9b002-4bbe-4502-9b39-4d83ee40bd6a (type: ports) to 2
2026-07-21 07:56:24.395 8 INFO neutron.db.ovn_revision_numbers_db [None req-dd141baa-9264-4886-aa06-43a22cf9af00 69089283d0d541e189d1e1fcb3351685 0dd71d0c4b33455ab175aca7c86f288e - - default default] Successfully bumped revision number for resource ef70befd-6867-432f-bfef-c7d630846dd7 (type: subnets) to 0 [pid: 8|app: 0|req: 1044/2059] 10.0.0.58 () {34 vars in 668 bytes} [Tue Jul 21 07:56:23 2026] POST /v2.0/subnets => generated 687 bytes in 768 msecs (HTTP/1.1 201) 4 headers in 162 bytes (1 switches on core 0)
2026-07-21 07:56:24.894 7 WARNING neutron.scheduler.dhcp_agent_scheduler [None req-1055ef91-7d0e-4e81-ad01-fb715848532e 69089283d0d541e189d1e1fcb3351685 0dd71d0c4b33455ab175aca7c86f288e - - default default] No more DHCP agents
2026-07-21 07:56:24.895 7 WARNING neutron.api.rpc.agentnotifiers.dhcp_rpc_agent_api [None req-1055ef91-7d0e-4e81-ad01-fb715848532e 69089283d0d541e189d1e1fcb3351685 0dd71d0c4b33455ab175aca7c86f288e - - default default] Unable to schedule network 701dd12f-0fd9-48c2-aadb-2e4752e81fe8: no agents available; will retry on subsequent port and subnet creation events.
2026-07-21 07:56:25.055 8 INFO neutron.plugins.ml2.drivers.ovn.mech_driver.mech_driver [None req-9f75de74-f13f-4b6a-a293-6ca7a09d5daa - - - - - -] OVN reports status down for port: 0a958f2f-a5f7-4da4-b121-b3545608a94d
2026-07-21 07:56:25.059 7 INFO neutron.db.ovn_revision_numbers_db [None req-1055ef91-7d0e-4e81-ad01-fb715848532e 69089283d0d541e189d1e1fcb3351685 0dd71d0c4b33455ab175aca7c86f288e - - default default] Successfully bumped revision number for resource 0a958f2f-a5f7-4da4-b121-b3545608a94d (type: ports) to 1 [pid: 8|app: 0|req: 1045/2060] 10.0.0.58 () {34 vars in 675 bytes} [Tue Jul 21 07:56:24 2026] POST /v2.0/subnetpools => generated 516 bytes in 359 msecs (HTTP/1.1 201) 4 headers in 162 bytes (1 switches on core 0) [pid: 8|app: 0|req: 1046/2061] 10.0.0.58 () {34 vars in 675 bytes} [Tue Jul 21 07:56:25 2026] POST /v2.0/subnetpools => generated 516 bytes in 54 msecs (HTTP/1.1 201) 4 headers in 162 bytes (1 switches on core 0) [pid: 8|app: 0|req: 1047/2062] 10.0.0.58 () {34 vars in 675 bytes} [Tue Jul 21 07:56:25 2026] POST /v2.0/subnetpools => generated 516 bytes in 68 msecs (HTTP/1.1 201) 4 headers in 162 bytes (1 switches on core 0)
2026-07-21 07:56:25.456 8 WARNING neutron.db.securitygroups_db [None req-7ad4d02f-b3e9-4f57-a51f-308beefd8461 69089283d0d541e189d1e1fcb3351685 0dd71d0c4b33455ab175aca7c86f288e - - default default] project_id key not found in filters, using tenant_id instead. This support has been deprecated and will be removed in a future release.
2026-07-21 07:56:25.598 8 INFO neutron.db.ovn_revision_numbers_db [None req-7ad4d02f-b3e9-4f57-a51f-308beefd8461 69089283d0d541e189d1e1fcb3351685 0dd71d0c4b33455ab175aca7c86f288e - - default default] Successfully bumped revision number for resource db11af95-8bf9-4d38-b3ce-f39211937806 (type: security_groups) to 1
2026-07-21 07:56:25.611 8 INFO neutron.db.ovn_revision_numbers_db [None req-7ad4d02f-b3e9-4f57-a51f-308beefd8461 69089283d0d541e189d1e1fcb3351685 0dd71d0c4b33455ab175aca7c86f288e - - default default] Successfully bumped revision number for resource 37a9c387-5168-40e3-aa15-5f73bd98df2e (type: security_group_rules) to 0
2026-07-21 07:56:25.669 7 INFO neutron.plugins.ml2.drivers.ovn.mech_driver.ovsdb.ovsdb_monitor [None req-3910fb0e-cbb3-415e-86a1-6b5c4f60abf1 - - - - - -] Router ec27c0f7-a82e-4455-96c0-46d893126182 is bound to host instance
2026-07-21 07:56:25.670 8 INFO neutron.db.ovn_revision_numbers_db [None req-7ad4d02f-b3e9-4f57-a51f-308beefd8461 69089283d0d541e189d1e1fcb3351685 0dd71d0c4b33455ab175aca7c86f288e - - default default] Successfully bumped revision number for resource 523e8b5b-2fea-4449-9094-5390df317a9e (type: security_group_rules) to 0
2026-07-21 07:56:25.707 8 INFO neutron.db.ovn_revision_numbers_db [None req-7ad4d02f-b3e9-4f57-a51f-308beefd8461 69089283d0d541e189d1e1fcb3351685 0dd71d0c4b33455ab175aca7c86f288e - - default default] Successfully bumped revision number for resource 68248c7f-3511-42e4-87ff-f66e09de5518 (type: security_group_rules) to 0
2026-07-21 07:56:25.729 8 INFO neutron.db.ovn_revision_numbers_db [None req-7ad4d02f-b3e9-4f57-a51f-308beefd8461 69089283d0d541e189d1e1fcb3351685 0dd71d0c4b33455ab175aca7c86f288e - - default default] Successfully bumped revision number for resource 7aebb612-56a0-4484-b045-f4878d35d06b (type: security_group_rules) to 0
2026-07-21 07:56:25.734 7 INFO neutron.db.ovn_revision_numbers_db [None req-1055ef91-7d0e-4e81-ad01-fb715848532e 69089283d0d541e189d1e1fcb3351685 0dd71d0c4b33455ab175aca7c86f288e - - default default] Successfully bumped revision number for resource 0a958f2f-a5f7-4da4-b121-b3545608a94d (type: router_ports) to 1
2026-07-21 07:56:25.749 8 INFO neutron.plugins.ml2.drivers.ovn.mech_driver.mech_driver [None req-9f75de74-f13f-4b6a-a293-6ca7a09d5daa - - - - - -] OVN reports status up for port: 0a958f2f-a5f7-4da4-b121-b3545608a94d
2026-07-21 07:56:25.786 8 INFO neutron.plugins.ml2.plugin [None req-9f75de74-f13f-4b6a-a293-6ca7a09d5daa - - - - - -] Attempt 1 to provision port 0a958f2f-a5f7-4da4-b121-b3545608a94d [pid: 8|app: 0|req: 1048/2063] 10.0.0.58 () {32 vars in 773 bytes} [Tue Jul 21 07:56:25 2026] GET /v2.0/security-groups?tenant_id=52ab8d4b99884a768f04a28fef722368&name=default => generated 2925 bytes in 485 msecs (HTTP/1.1 200) 4 headers in 158 bytes (1 switches on core 0)
2026-07-21 07:56:25.872 7 INFO neutron.db.ovn_revision_numbers_db [None req-1055ef91-7d0e-4e81-ad01-fb715848532e 69089283d0d541e189d1e1fcb3351685 0dd71d0c4b33455ab175aca7c86f288e - - default default] Successfully bumped revision number for resource ec27c0f7-a82e-4455-96c0-46d893126182 (type: routers) to 2 [pid: 7|app: 0|req: 1016/2064] 10.0.0.58 () {34 vars in 668 bytes} [Tue Jul 21 07:56:24 2026] POST /v2.0/routers => generated 986 bytes in 1481 msecs (HTTP/1.1 201) 4 headers in 162 bytes (1 switches on core 0) [pid: 8|app: 0|req: 1049/2065] 10.0.0.58 () {34 vars in 675 bytes} [Tue Jul 21 07:56:25 2026] POST /v2.0/subnetpools => generated 516 bytes in 96 msecs (HTTP/1.1 201) 4 headers in 162 bytes (1 switches on core 0)
2026-07-21 07:56:26.043 7 INFO neutron.services.segments.plugin [-] Segment b70e1ed0-0791-4765-9e48-0121e2286d74 resource provider aggregate not found
2026-07-21 07:56:26.066 7 INFO neutron.services.segments.plugin [-] Segment b70e1ed0-0791-4765-9e48-0121e2286d74 resource provider aggregate not found
2026-07-21 07:56:26.106 7 INFO neutron.services.segments.plugin [-] Client error retrieving segment b70e1ed0-0791-4765-9e48-0121e2286d74 resource provider; error: Placement Client Error (4xx): {"errors": [{"status": 404, "title": "Not Found", "detail": "The resource could not be found.\n\n No resource provider with uuid b70e1ed0-0791-4765-9e48-0121e2286d74 found for delete ", "request_id": "req-3d378c5e-d80c-4029-81e2-872dd1f85a4b"}]}
2026-07-21 07:56:26.108 7 INFO neutron.services.segments.plugin [-] Client error retrieving segment b70e1ed0-0791-4765-9e48-0121e2286d74 resource provider; error: Placement Client Error (4xx): {"errors": [{"status": 404, "title": "Not Found", "detail": "The resource could not be found.\n\n No resource provider with uuid b70e1ed0-0791-4765-9e48-0121e2286d74 found for delete ", "request_id": "req-8989c91c-e77b-44d0-8fce-778ca6288376"}]} [pid: 7|app: 0|req: 1017/2066] 10.0.0.58 () {32 vars in 739 bytes} [Tue Jul 21 07:56:25 2026] DELETE /v2.0/security-groups/db11af95-8bf9-4d38-b3ce-f39211937806 => generated 0 bytes in 433 msecs (HTTP/1.1 204) 2 headers in 112 bytes (1 switches on core 0) [pid: 7|app: 0|req: 1018/2067] 10.0.0.58 () {34 vars in 675 bytes} [Tue Jul 21 07:56:26 2026] POST /v2.0/subnetpools => generated 516 bytes in 137 msecs (HTTP/1.1 201) 4 headers in 162 bytes (1 switches on core 0)
2026-07-21 07:56:26.501 8 WARNING neutron.scheduler.dhcp_agent_scheduler [None req-3134f75d-c90a-4b57-ae69-f4fbf0542a4c 69089283d0d541e189d1e1fcb3351685 0dd71d0c4b33455ab175aca7c86f288e - - default default] No more DHCP agents
2026-07-21 07:56:26.503 8 WARNING neutron.api.rpc.agentnotifiers.dhcp_rpc_agent_api [None req-3134f75d-c90a-4b57-ae69-f4fbf0542a4c 69089283d0d541e189d1e1fcb3351685 0dd71d0c4b33455ab175aca7c86f288e - - default default] Unable to schedule network ede6fb96-9f0a-45d9-b070-591f184f7120: no agents available; will retry on subsequent port and subnet creation events. [pid: 7|app: 0|req: 1021/2070] 10.0.0.58 () {34 vars in 758 bytes} [Tue Jul 21 07:56:26 2026] PUT /v2.0/subnetpools/ea31678e-053b-41c4-883c-7e3d97299d1b/tags => generated 17 bytes in 120 msecs (HTTP/1.1 200) 4 headers in 156 bytes (1 switches on core 0)
2026-07-21 07:56:26.608 7 WARNING neutron.db.securitygroups_db [None req-1e4e5218-e80c-4aee-b0c9-0d2011a893ca 69089283d0d541e189d1e1fcb3351685 0dd71d0c4b33455ab175aca7c86f288e - - default default] project_id key not found in filters, using tenant_id instead. This support has been deprecated and will be removed in a future release.
2026-07-21 07:56:26.695 8 INFO neutron.db.ovn_revision_numbers_db [None req-3134f75d-c90a-4b57-ae69-f4fbf0542a4c 69089283d0d541e189d1e1fcb3351685 0dd71d0c4b33455ab175aca7c86f288e - - default default] Successfully bumped revision number for resource 8184fd41-760e-48f9-8bdc-be3ccec6da59 (type: ports) to 1
2026-07-21 07:56:26.891 7 INFO neutron.db.ovn_revision_numbers_db [None req-1e4e5218-e80c-4aee-b0c9-0d2011a893ca 69089283d0d541e189d1e1fcb3351685 0dd71d0c4b33455ab175aca7c86f288e - - default default] Successfully bumped revision number for resource fad666fc-3990-4f33-9406-900f0ca15c74 (type: security_groups) to 1
2026-07-21 07:56:26.908 7 INFO neutron.db.ovn_revision_numbers_db [None req-1e4e5218-e80c-4aee-b0c9-0d2011a893ca 69089283d0d541e189d1e1fcb3351685 0dd71d0c4b33455ab175aca7c86f288e - - default default] Successfully bumped revision number for resource 0d229ec4-d5e1-4126-bae6-0aaa6082fcd7 (type: security_group_rules) to 0
2026-07-21 07:56:26.926 7 INFO neutron.db.ovn_revision_numbers_db [None req-1e4e5218-e80c-4aee-b0c9-0d2011a893ca 69089283d0d541e189d1e1fcb3351685 0dd71d0c4b33455ab175aca7c86f288e - - default default] Successfully bumped revision number for resource c74305fa-161b-415f-8c8b-146d07a46ceb (type: security_group_rules) to 0
2026-07-21 07:56:26.964 7 INFO neutron.db.ovn_revision_numbers_db [None req-1e4e5218-e80c-4aee-b0c9-0d2011a893ca 69089283d0d541e189d1e1fcb3351685 0dd71d0c4b33455ab175aca7c86f288e - - default default] Successfully bumped revision number for resource d0ae05ef-a48d-4085-a14a-2854e80310f4 (type: security_group_rules) to 0
2026-07-21 07:56:26.998 7 INFO neutron.db.ovn_revision_numbers_db [None req-1e4e5218-e80c-4aee-b0c9-0d2011a893ca 69089283d0d541e189d1e1fcb3351685 0dd71d0c4b33455ab175aca7c86f288e - - default default] Successfully bumped revision number for resource fec0141f-3133-4b83-a531-1048b5db078b (type: security_group_rules) to 0 [pid: 7|app: 0|req: 1022/2071] 10.0.0.58 () {32 vars in 773 bytes} [Tue Jul 21 07:56:26 2026] GET /v2.0/security-groups?tenant_id=08b7458c2a924e5dbaeaf04529b085e8&name=default => generated 2925 bytes in 478 msecs (HTTP/1.1 200) 4 headers in 158 bytes (1 switches on core 0) [pid: 7|app: 0|req: 1023/2072] 10.0.0.58 () {34 vars in 758 bytes} [Tue Jul 21 07:56:27 2026] PUT /v2.0/subnetpools/3aaec267-b6f6-44e8-890f-539f76683c6b/tags => generated 25 bytes in 93 msecs (HTTP/1.1 200) 4 headers in 156 bytes (1 switches on core 0)
2026-07-21 07:56:27.293 7 INFO neutron.db.ovn_revision_numbers_db [None req-c60bcaf4-78a1-44aa-a84b-fea7fe63cced - - - - - -] Successfully bumped revision number for resource 0a958f2f-a5f7-4da4-b121-b3545608a94d (type: ports) to 4
2026-07-21 07:56:27.534 8 WARNING neutron.scheduler.dhcp_agent_scheduler [None req-3134f75d-c90a-4b57-ae69-f4fbf0542a4c 69089283d0d541e189d1e1fcb3351685 0dd71d0c4b33455ab175aca7c86f288e - - default default] No more DHCP agents
2026-07-21 07:56:27.538 8 WARNING neutron.api.rpc.agentnotifiers.dhcp_rpc_agent_api [None req-3134f75d-c90a-4b57-ae69-f4fbf0542a4c 69089283d0d541e189d1e1fcb3351685 0dd71d0c4b33455ab175aca7c86f288e - - default default] Unable to schedule network ede6fb96-9f0a-45d9-b070-591f184f7120: no agents available; will retry on subsequent port and subnet creation events. [pid: 7|app: 0|req: 1024/2073] 10.0.0.58 () {32 vars in 739 bytes} [Tue Jul 21 07:56:27 2026] DELETE /v2.0/security-groups/fad666fc-3990-4f33-9406-900f0ca15c74 => generated 0 bytes in 452 msecs (HTTP/1.1 204) 2 headers in 112 bytes (1 switches on core 0) [pid: 7|app: 0|req: 1025/2074] 10.0.0.58 () {34 vars in 758 bytes} [Tue Jul 21 07:56:27 2026] PUT /v2.0/subnetpools/1a0450d2-7f69-46c4-b25b-dce19eaec550/tags => generated 34 bytes in 99 msecs (HTTP/1.1 200) 4 headers in 156 bytes (1 switches on core 0) [pid: 7|app: 0|req: 1026/2075] 10.0.0.58 () {34 vars in 758 bytes} [Tue Jul 21 07:56:27 2026] PUT /v2.0/subnetpools/c4eb0120-9bc1-4589-9126-e2c6645e4fe9/tags => generated 19 bytes in 109 msecs (HTTP/1.1 200) 4 headers in 156 bytes (1 switches on core 0)
2026-07-21 07:56:27.852 7 WARNING neutron.db.securitygroups_db [None req-8994312f-6e34-49b5-ac00-cc381d58df44 69089283d0d541e189d1e1fcb3351685 0dd71d0c4b33455ab175aca7c86f288e - - default default] project_id key not found in filters, using tenant_id instead. This support has been deprecated and will be removed in a future release.
2026-07-21 07:56:27.866 7 INFO neutron.db.ovn_revision_numbers_db [None req-c60bcaf4-78a1-44aa-a84b-fea7fe63cced - - - - - -] Successfully bumped revision number for resource 0a958f2f-a5f7-4da4-b121-b3545608a94d (type: ports) to 5 [pid: 7|app: 0|req: 1027/2076] 10.0.0.58 () {32 vars in 773 bytes} [Tue Jul 21 07:56:27 2026] GET /v2.0/security-groups?tenant_id=a1772e59ee4c4be8a7d27d7ca6d54ea9&name=default => generated 2925 bytes in 53 msecs (HTTP/1.1 200) 4 headers in 158 bytes (1 switches on core 0) [pid: 7|app: 0|req: 1028/2077] 10.0.0.58 () {32 vars in 671 bytes} [Tue Jul 21 07:56:27 2026] GET /v2.0/subnetpools?tags=red => generated 1563 bytes in 46 msecs (HTTP/1.1 200) 4 headers in 158 bytes (1 switches on core 0)
2026-07-21 07:56:28.128 8 INFO neutron.plugins.ml2.drivers.ovn.mech_driver.mech_driver [None req-9f75de74-f13f-4b6a-a293-6ca7a09d5daa - - - - - -] OVN reports status down for port: 8184fd41-760e-48f9-8bdc-be3ccec6da59
2026-07-21 07:56:28.129 8 INFO neutron.db.ovn_revision_numbers_db [None req-3134f75d-c90a-4b57-ae69-f4fbf0542a4c 69089283d0d541e189d1e1fcb3351685 0dd71d0c4b33455ab175aca7c86f288e - - default default] Successfully bumped revision number for resource 8184fd41-760e-48f9-8bdc-be3ccec6da59 (type: router_ports) to 1 [pid: 8|app: 0|req: 1050/2078] 10.0.0.58 () {34 vars in 782 bytes} [Tue Jul 21 07:56:25 2026] PUT /v2.0/routers/ec27c0f7-a82e-4455-96c0-46d893126182/add_router_interface => generated 310 bytes in 2226 msecs (HTTP/1.1 200) 4 headers in 157 bytes (1 switches on core 0) [pid: 8|app: 0|req: 1051/2079] 10.0.0.58 () {32 vars in 685 bytes} [Tue Jul 21 07:56:28 2026] GET /v2.0/subnetpools?tags=red%2Cblue => generated 1056 bytes in 61 msecs (HTTP/1.1 200) 4 headers in 158 bytes (1 switches on core 0) [pid: 7|app: 0|req: 1029/2080] 10.0.0.58 () {32 vars in 739 bytes} [Tue Jul 21 07:56:27 2026] DELETE /v2.0/security-groups/bd4a39bd-aac2-4316-882c-54bf32f90e05 => generated 0 bytes in 297 msecs (HTTP/1.1 204) 2 headers in 112 bytes (1 switches on core 0)
2026-07-21 07:56:28.237 8 WARNING neutron.plugins.ml2.drivers.ovn.mech_driver.ovsdb.ovn_client [None req-9f75de74-f13f-4b6a-a293-6ca7a09d5daa - - - - - -] Logical_Switch_Port 8184fd41-760e-48f9-8bdc-be3ccec6da59 host information not removed, the port state is up
2026-07-21 07:56:28.237 8 INFO neutron.plugins.ml2.drivers.ovn.mech_driver.mech_driver [None req-9f75de74-f13f-4b6a-a293-6ca7a09d5daa - - - - - -] OVN reports status up for port: 8184fd41-760e-48f9-8bdc-be3ccec6da59
2026-07-21 07:56:28.249 8 INFO neutron.plugins.ml2.plugin [None req-9f75de74-f13f-4b6a-a293-6ca7a09d5daa - - - - - -] Attempt 1 to provision port 8184fd41-760e-48f9-8bdc-be3ccec6da59 [pid: 7|app: 0|req: 1030/2081] 10.0.0.58 () {32 vars in 681 bytes} [Tue Jul 21 07:56:28 2026] GET /v2.0/subnetpools?tags-any=blue => generated 1056 bytes in 26 msecs (HTTP/1.1 200) 4 headers in 158 bytes (1 switches on core 0) [pid: 7|app: 0|req: 1031/2082] 10.0.0.58 () {32 vars in 693 bytes} [Tue Jul 21 07:56:28 2026] GET /v2.0/subnetpools?tags-any=red%2Cblue => generated 1563 bytes in 18 msecs (HTTP/1.1 200) 4 headers in 158 bytes (1 switches on core 0) [pid: 7|app: 0|req: 1032/2083] 10.0.0.58 () {32 vars in 679 bytes} [Tue Jul 21 07:56:28 2026] GET /v2.0/subnetpools?not-tags=red => generated 1028 bytes in 23 msecs (HTTP/1.1 200) 4 headers in 158 bytes (1 switches on core 0) [pid: 7|app: 0|req: 1033/2084] 10.0.0.58 () {32 vars in 693 bytes} [Tue Jul 21 07:56:28 2026] GET /v2.0/subnetpools?not-tags=red%2Cblue => generated 1535 bytes in 24 msecs (HTTP/1.1 200) 4 headers in 158 bytes (1 switches on core 0) [pid: 7|app: 0|req: 1034/2085] 10.0.0.58 () {32 vars in 689 bytes} [Tue Jul 21 07:56:28 2026] GET /v2.0/subnetpools?not-tags-any=blue => generated 1535 bytes in 21 msecs (HTTP/1.1 200) 4 headers in 158 bytes (1 switches on core 0) [pid: 7|app: 0|req: 1035/2086] 10.0.0.58 () {32 vars in 701 bytes} [Tue Jul 21 07:56:28 2026] GET /v2.0/subnetpools?not-tags-any=red%2Cblue => generated 1028 bytes in 23 msecs (HTTP/1.1 200) 4 headers in 158 bytes (1 switches on core 0) [pid: 8|app: 0|req: 1052/2087] 10.0.0.58 () {34 vars in 677 bytes} [Tue Jul 21 07:56:28 2026] POST /v2.0/qos/policies => generated 359 bytes in 233 msecs (HTTP/1.1 201) 4 headers in 162 bytes (1 switches on core 0) [pid: 7|app: 0|req: 1036/2088] 10.0.0.58 () {32 vars in 731 bytes} [Tue Jul 21 07:56:28 2026] DELETE /v2.0/subnetpools/ea31678e-053b-41c4-883c-7e3d97299d1b => generated 0 bytes in 51 msecs (HTTP/1.1 204) 2 headers in 112 bytes (1 switches on core 0) [pid: 8|app: 0|req: 1053/2089] 10.0.0.58 () {34 vars in 677 bytes} [Tue Jul 21 07:56:28 2026] POST /v2.0/qos/policies => generated 359 bytes in 65 msecs (HTTP/1.1 201) 4 headers in 162 bytes (1 switches on core 0) [pid: 7|app: 0|req: 1037/2090] 10.0.0.58 () {32 vars in 731 bytes} [Tue Jul 21 07:56:28 2026] DELETE /v2.0/subnetpools/3aaec267-b6f6-44e8-890f-539f76683c6b => generated 0 bytes in 47 msecs (HTTP/1.1 204) 2 headers in 112 bytes (1 switches on core 0) [pid: 7|app: 0|req: 1038/2091] 10.0.0.58 () {32 vars in 731 bytes} [Tue Jul 21 07:56:28 2026] DELETE /v2.0/subnetpools/1a0450d2-7f69-46c4-b25b-dce19eaec550 => generated 0 bytes in 54 msecs (HTTP/1.1 204) 2 headers in 112 bytes (1 switches on core 0) [pid: 8|app: 0|req: 1054/2092] 10.0.0.58 () {34 vars in 677 bytes} [Tue Jul 21 07:56:28 2026] POST /v2.0/qos/policies => generated 359 bytes in 63 msecs (HTTP/1.1 201) 4 headers in 162 bytes (1 switches on core 0) [pid: 7|app: 0|req: 1039/2093] 10.0.0.58 () {32 vars in 731 bytes} [Tue Jul 21 07:56:28 2026] DELETE /v2.0/subnetpools/c4eb0120-9bc1-4589-9126-e2c6645e4fe9 => generated 0 bytes in 62 msecs (HTTP/1.1 204) 2 headers in 112 bytes (1 switches on core 0) [pid: 8|app: 0|req: 1055/2094] 10.0.0.58 () {34 vars in 677 bytes} [Tue Jul 21 07:56:28 2026] POST /v2.0/qos/policies => generated 359 bytes in 60 msecs (HTTP/1.1 201) 4 headers in 162 bytes (1 switches on core 0) [pid: 7|app: 0|req: 1040/2095] 10.0.0.58 () {32 vars in 731 bytes} [Tue Jul 21 07:56:28 2026] DELETE /v2.0/subnetpools/f1d28642-b2a5-4f6a-b96f-7b17bd975740 => generated 0 bytes in 50 msecs (HTTP/1.1 204) 2 headers in 112 bytes (1 switches on core 0) [pid: 8|app: 0|req: 1056/2096] 10.0.0.58 () {34 vars in 677 bytes} [Tue Jul 21 07:56:28 2026] POST /v2.0/qos/policies => generated 359 bytes in 89 msecs (HTTP/1.1 201) 4 headers in 162 bytes (1 switches on core 0)
2026-07-21 07:56:28.786 7 WARNING tagging [None req-28c89c5a-a35b-4ebe-8149-a61c88365d11 d906a38f6c1743a386b7b629b90ab142 47ab6b6c32404cd893eae6fa90903a75 - - default default] project_id key not found in request, using tenant_id instead. This support has been deprecated and will be removed in a future release. [pid: 7|app: 0|req: 1041/2097] 10.0.0.58 () {34 vars in 752 bytes} [Tue Jul 21 07:56:28 2026] PUT /v2.0/policies/8914bf0b-006c-46ae-a8b3-6f6dd62eb14a/tags => generated 17 bytes in 76 msecs (HTTP/1.1 200) 4 headers in 156 bytes (1 switches on core 0)
2026-07-21 07:56:28.858 8 INFO neutron.db.ovn_revision_numbers_db [None req-9f75de74-f13f-4b6a-a293-6ca7a09d5daa - - - - - -] Successfully bumped revision number for resource 8184fd41-760e-48f9-8bdc-be3ccec6da59 (type: ports) to 2
2026-07-21 07:56:28.872 8 WARNING tagging [None req-5aed7c69-45b4-45a6-8f93-520e2e30c19c d906a38f6c1743a386b7b629b90ab142 47ab6b6c32404cd893eae6fa90903a75 - - default default] project_id key not found in request, using tenant_id instead. This support has been deprecated and will be removed in a future release. [pid: 8|app: 0|req: 1057/2098] 10.0.0.58 () {34 vars in 752 bytes} [Tue Jul 21 07:56:28 2026] PUT /v2.0/policies/a8a5ac36-00a8-4687-a402-d47f3558dba7/tags => generated 25 bytes in 99 msecs (HTTP/1.1 200) 4 headers in 156 bytes (1 switches on core 0)
2026-07-21 07:56:28.973 7 INFO neutron.db.ovn_revision_numbers_db [None req-e4980d76-6c83-46ff-a932-453287495ac7 372f35e5d4974bdfba00522fc0d7f22e 1e0a40ca54ca4c24945149765ff02fb2 - - default default] Successfully bumped revision number for resource fc88a75c-4ba4-416e-9159-c9d1c10a9b47 (type: security_groups) to 1
