2026-07-21 07:54:33.434 8 INFO neutron.services.segments.plugin [-] Segment bb612832-24bb-4e24-9bad-05ac24362a25 resource provider aggregate not found
2026-07-21 07:54:33.440 7 INFO neutron.services.segments.plugin [-] Client error retrieving segment c797ad2c-b195-4039-b086-ebb0ca5f416c resource provider; error: Placement Client Error (4xx): {"errors": [{"status": 404, "title": "Not Found", "detail": "The resource could not be found.\n\n No resource provider with uuid c797ad2c-b195-4039-b086-ebb0ca5f416c found for delete ", "request_id": "req-f3e1ad76-154f-478a-b7cb-a3e2c96f8505"}]}
2026-07-21 07:54:33.444 8 INFO neutron.services.segments.plugin [-] Segment bb612832-24bb-4e24-9bad-05ac24362a25 resource provider aggregate not found
2026-07-21 07:54:33.446 7 INFO neutron.services.segments.plugin [-] Client error retrieving segment c797ad2c-b195-4039-b086-ebb0ca5f416c resource provider; error: Placement Client Error (4xx): {"errors": [{"status": 404, "title": "Not Found", "detail": "The resource could not be found.\n\n No resource provider with uuid c797ad2c-b195-4039-b086-ebb0ca5f416c found for delete ", "request_id": "req-18a84317-6468-4ba7-b261-a295232e200a"}]}
2026-07-21 07:54:33.454 8 INFO neutron.services.segments.plugin [-] Client error retrieving segment bb612832-24bb-4e24-9bad-05ac24362a25 resource provider; error: Placement Client Error (4xx): {"errors": [{"status": 404, "title": "Not Found", "detail": "The resource could not be found.\n\n No resource provider with uuid bb612832-24bb-4e24-9bad-05ac24362a25 found for delete ", "request_id": "req-b0317231-0afa-4f81-815e-42146b032d73"}]}
2026-07-21 07:54:33.461 8 INFO neutron.services.segments.plugin [-] Client error retrieving segment bb612832-24bb-4e24-9bad-05ac24362a25 resource provider; error: Placement Client Error (4xx): {"errors": [{"status": 404, "title": "Not Found", "detail": "The resource could not be found.\n\n No resource provider with uuid bb612832-24bb-4e24-9bad-05ac24362a25 found for delete ", "request_id": "req-959b313a-22db-4391-9dd9-7efcb84c7279"}]}
2026-07-21 07:54:33.480 7 WARNING neutron.scheduler.dhcp_agent_scheduler [None req-0f7103ac-4ae7-461f-a1f5-e33fa51bdcf2 e5fde1374688410cbc55f913969814da dd002ff398e74e2583a0d4b323908cd4 - - default default] No more DHCP agents
2026-07-21 07:54:33.482 7 WARNING neutron.api.rpc.agentnotifiers.dhcp_rpc_agent_api [None req-0f7103ac-4ae7-461f-a1f5-e33fa51bdcf2 e5fde1374688410cbc55f913969814da dd002ff398e74e2583a0d4b323908cd4 - - default default] Unable to schedule network 05bd9756-e7eb-4e3e-aca7-981a6e968c80: no agents available; will retry on subsequent port and subnet creation events. [pid: 8|app: 0|req: 687/1336] 10.0.0.58 () {32 vars in 773 bytes} [Tue Jul 21 07:54:33 2026] GET /v2.0/security-groups?tenant_id=f8a7c214e2254e83abc5615241a6a95f&name=default => generated 2925 bytes in 458 msecs (HTTP/1.1 200) 4 headers in 158 bytes (1 switches on core 0)
2026-07-21 07:54:33.566 8 INFO neutron.plugins.ml2.drivers.ovn.mech_driver.mech_driver [None req-e02712da-4d13-4d13-94af-8a5d9ea43618 - - - - - -] OVN reports status down for port: aa1a77e4-992e-4714-aed3-7a4578c77001
2026-07-21 07:54:33.583 7 INFO neutron.db.ovn_revision_numbers_db [None req-0f7103ac-4ae7-461f-a1f5-e33fa51bdcf2 e5fde1374688410cbc55f913969814da dd002ff398e74e2583a0d4b323908cd4 - - default default] Successfully bumped revision number for resource aa1a77e4-992e-4714-aed3-7a4578c77001 (type: ports) to 1
2026-07-21 07:54:33.640 7 WARNING neutron.scheduler.dhcp_agent_scheduler [None req-0f7103ac-4ae7-461f-a1f5-e33fa51bdcf2 e5fde1374688410cbc55f913969814da dd002ff398e74e2583a0d4b323908cd4 - - default default] No more DHCP agents
2026-07-21 07:54:33.641 7 WARNING neutron.api.rpc.agentnotifiers.dhcp_rpc_agent_api [None req-0f7103ac-4ae7-461f-a1f5-e33fa51bdcf2 e5fde1374688410cbc55f913969814da dd002ff398e74e2583a0d4b323908cd4 - - default default] Unable to schedule network a7e1dd2c-d736-4dac-b75a-0d90e48dfd16: no agents available; will retry on subsequent port and subnet creation events.
2026-07-21 07:54:33.735 7 INFO neutron.db.ovn_revision_numbers_db [None req-0f7103ac-4ae7-461f-a1f5-e33fa51bdcf2 e5fde1374688410cbc55f913969814da dd002ff398e74e2583a0d4b323908cd4 - - default default] Successfully bumped revision number for resource af6de48f-89b9-4701-ac69-546ac664d96c (type: ports) to 1
2026-07-21 07:54:33.738 8 INFO neutron.plugins.ml2.drivers.ovn.mech_driver.mech_driver [None req-e02712da-4d13-4d13-94af-8a5d9ea43618 - - - - - -] OVN reports status down for port: af6de48f-89b9-4701-ac69-546ac664d96c
2026-07-21 07:54:33.746 8 INFO neutron_taas.services.taas.taas_plugin [None req-a4826bbc-ffb2-4fd0-8e48-b494702b4a15 890fda60b7304a4abc54702c426a0f99 8b84e4a38d5b4859afeb779e7bf3a9aa - - default default] TaaS: Handle Delete Port: 19069cae-6676-4f7e-aeb6-86e5918f5712
2026-07-21 07:54:33.751 8 INFO neutron_taas.services.taas.tap_mirror_plugin [None req-a4826bbc-ffb2-4fd0-8e48-b494702b4a15 890fda60b7304a4abc54702c426a0f99 8b84e4a38d5b4859afeb779e7bf3a9aa - - default default] Tap Mirror: Handle Delete Port: 19069cae-6676-4f7e-aeb6-86e5918f5712 [pid: 7|app: 0|req: 650/1337] 10.0.0.58 () {34 vars in 664 bytes} [Tue Jul 21 07:54:32 2026] POST /v2.0/ports => generated 1505 bytes in 1128 msecs (HTTP/1.1 201) 4 headers in 163 bytes (1 switches on core 0) /var/lib/openstack/lib/python3.12/site-packages/pycadf/identifier.py:70: UserWarning: Invalid uuid: neutron. To ensure interoperability, identifiers should be a valid uuid. warnings.warn(('Invalid uuid: %s. To ensure interoperability, ' [pid: 7|app: 0|req: 651/1338] 10.0.0.58 () {32 vars in 739 bytes} [Tue Jul 21 07:54:33 2026] DELETE /v2.0/security-groups/d2ff1c7e-df42-4797-a8f1-db87b0e60aca => generated 0 bytes in 208 msecs (HTTP/1.1 204) 2 headers in 112 bytes (1 switches on core 0) [pid: 7|app: 0|req: 652/1339] 10.0.0.58 () {32 vars in 642 bytes} [Tue Jul 21 07:54:33 2026] GET /v2.0/ports => generated 3017 bytes in 41 msecs (HTTP/1.1 200) 4 headers in 158 bytes (1 switches on core 0) [pid: 8|app: 0|req: 688/1340] 10.0.0.58 () {32 vars in 725 bytes} [Tue Jul 21 07:54:33 2026] DELETE /v2.0/networks/783b3e1e-0502-494b-ae47-ddae11f2830b => generated 0 bytes in 562 msecs (HTTP/1.1 204) 3 headers in 131 bytes (1 switches on core 0)
2026-07-21 07:54:34.163 7 INFO neutron_taas.services.taas.taas_plugin [None req-75ea7daf-5d48-4d88-96f1-7821dd634c87 e5fde1374688410cbc55f913969814da dd002ff398e74e2583a0d4b323908cd4 - - default default] TaaS: Handle Delete Port: aa1a77e4-992e-4714-aed3-7a4578c77001
2026-07-21 07:54:34.167 7 INFO neutron_taas.services.taas.tap_mirror_plugin [None req-75ea7daf-5d48-4d88-96f1-7821dd634c87 e5fde1374688410cbc55f913969814da dd002ff398e74e2583a0d4b323908cd4 - - default default] Tap Mirror: Handle Delete Port: aa1a77e4-992e-4714-aed3-7a4578c77001
2026-07-21 07:54:34.171 8 INFO neutron_taas.services.taas.taas_plugin [None req-98261480-50f8-4e74-8dd2-7ec420608cf6 890fda60b7304a4abc54702c426a0f99 8b84e4a38d5b4859afeb779e7bf3a9aa - - default default] TaaS: Handle Delete Port: b70fdd35-4be5-41e1-bd11-9ef2a7e55cb6
2026-07-21 07:54:34.174 8 INFO neutron_taas.services.taas.tap_mirror_plugin [None req-98261480-50f8-4e74-8dd2-7ec420608cf6 890fda60b7304a4abc54702c426a0f99 8b84e4a38d5b4859afeb779e7bf3a9aa - - default default] Tap Mirror: Handle Delete Port: b70fdd35-4be5-41e1-bd11-9ef2a7e55cb6 [pid: 7|app: 0|req: 653/1341] 10.0.0.58 () {32 vars in 719 bytes} [Tue Jul 21 07:54:34 2026] DELETE /v2.0/ports/aa1a77e4-992e-4714-aed3-7a4578c77001 => generated 0 bytes in 255 msecs (HTTP/1.1 204) 3 headers in 131 bytes (1 switches on core 0)
2026-07-21 07:54:34.420 7 INFO neutron_taas.services.taas.taas_plugin [None req-060c05dc-bccc-4f58-87cd-515623773f8a e5fde1374688410cbc55f913969814da dd002ff398e74e2583a0d4b323908cd4 - - default default] TaaS: Handle Delete Port: af6de48f-89b9-4701-ac69-546ac664d96c
2026-07-21 07:54:34.424 7 INFO neutron_taas.services.taas.tap_mirror_plugin [None req-060c05dc-bccc-4f58-87cd-515623773f8a e5fde1374688410cbc55f913969814da dd002ff398e74e2583a0d4b323908cd4 - - default default] Tap Mirror: Handle Delete Port: af6de48f-89b9-4701-ac69-546ac664d96c [pid: 8|app: 0|req: 689/1342] 10.0.0.58 () {32 vars in 725 bytes} [Tue Jul 21 07:54:34 2026] DELETE /v2.0/networks/3cc20b0b-ebde-4541-9557-14a6b336ce89 => generated 0 bytes in 369 msecs (HTTP/1.1 204) 3 headers in 131 bytes (1 switches on core 0) [pid: 7|app: 0|req: 654/1343] 10.0.0.58 () {32 vars in 719 bytes} [Tue Jul 21 07:54:34 2026] DELETE /v2.0/ports/af6de48f-89b9-4701-ac69-546ac664d96c => generated 0 bytes in 279 msecs (HTTP/1.1 204) 3 headers in 131 bytes (1 switches on core 0) [pid: 7|app: 0|req: 655/1344] 10.0.0.58 () {32 vars in 642 bytes} [Tue Jul 21 07:54:34 2026] GET /v2.0/ports => generated 1523 bytes in 45 msecs (HTTP/1.1 200) 4 headers in 158 bytes (1 switches on core 0)
2026-07-21 07:54:34.702 8 WARNING neutron.db.securitygroups_db [None req-943ef0f5-9847-4839-803b-3f5bf8ea8107 69089283d0d541e189d1e1fcb3351685 0dd71d0c4b33455ab175aca7c86f288e - - default default] project_id key not found in filters, using tenant_id instead. This support has been deprecated and will be removed in a future release.
2026-07-21 07:54:34.730 7 INFO neutron.db.segments_db [None req-267e3990-6ba1-40ed-b66d-5d1a48949b84 e5fde1374688410cbc55f913969814da dd002ff398e74e2583a0d4b323908cd4 - - default default] Added segment e5487354-5765-49e5-8f1c-cf54cb66bcfe of type geneve for network 9997b217-ad3b-438a-acad-9b66840af85b
2026-07-21 07:54:34.865 7 INFO neutron.db.ovn_revision_numbers_db [None req-267e3990-6ba1-40ed-b66d-5d1a48949b84 e5fde1374688410cbc55f913969814da dd002ff398e74e2583a0d4b323908cd4 - - default default] Successfully bumped revision number for resource 9997b217-ad3b-438a-acad-9b66840af85b (type: networks) to 1
2026-07-21 07:54:34.886 8 INFO neutron.db.ovn_revision_numbers_db [None req-943ef0f5-9847-4839-803b-3f5bf8ea8107 69089283d0d541e189d1e1fcb3351685 0dd71d0c4b33455ab175aca7c86f288e - - default default] Successfully bumped revision number for resource 6407893b-a42f-48ac-adaf-6e78af1641d2 (type: security_groups) to 1
2026-07-21 07:54:34.899 8 INFO neutron.db.ovn_revision_numbers_db [None req-943ef0f5-9847-4839-803b-3f5bf8ea8107 69089283d0d541e189d1e1fcb3351685 0dd71d0c4b33455ab175aca7c86f288e - - default default] Successfully bumped revision number for resource 0b6a7ced-f20b-4714-9d52-8e4d9aa00845 (type: security_group_rules) to 0
2026-07-21 07:54:34.921 8 INFO neutron.db.ovn_revision_numbers_db [None req-943ef0f5-9847-4839-803b-3f5bf8ea8107 69089283d0d541e189d1e1fcb3351685 0dd71d0c4b33455ab175aca7c86f288e - - default default] Successfully bumped revision number for resource 0fbd6342-a28b-4d01-a587-5dcb35753e2e (type: security_group_rules) to 0
2026-07-21 07:54:34.937 8 INFO neutron.db.ovn_revision_numbers_db [None req-943ef0f5-9847-4839-803b-3f5bf8ea8107 69089283d0d541e189d1e1fcb3351685 0dd71d0c4b33455ab175aca7c86f288e - - default default] Successfully bumped revision number for resource 3a5ee361-f144-444d-a877-60804f3d48c1 (type: security_group_rules) to 0
2026-07-21 07:54:34.952 8 INFO neutron.db.ovn_revision_numbers_db [None req-943ef0f5-9847-4839-803b-3f5bf8ea8107 69089283d0d541e189d1e1fcb3351685 0dd71d0c4b33455ab175aca7c86f288e - - default default] Successfully bumped revision number for resource a0236c10-27c1-4c3c-8a8e-727694b64925 (type: security_group_rules) to 0 [pid: 8|app: 0|req: 690/1345] 10.0.0.58 () {32 vars in 773 bytes} [Tue Jul 21 07:54:34 2026] GET /v2.0/security-groups?tenant_id=ff66590ef0b142788dfa07ac1c911f6b&name=default => generated 2925 bytes in 510 msecs (HTTP/1.1 200) 4 headers in 158 bytes (1 switches on core 0)
2026-07-21 07:54:35.023 7 WARNING neutron.scheduler.dhcp_agent_scheduler [None req-267e3990-6ba1-40ed-b66d-5d1a48949b84 e5fde1374688410cbc55f913969814da dd002ff398e74e2583a0d4b323908cd4 - - default default] No more DHCP agents
2026-07-21 07:54:35.024 7 WARNING neutron.api.rpc.agentnotifiers.dhcp_rpc_agent_api [None req-267e3990-6ba1-40ed-b66d-5d1a48949b84 e5fde1374688410cbc55f913969814da dd002ff398e74e2583a0d4b323908cd4 - - default default] Unable to schedule network 9997b217-ad3b-438a-acad-9b66840af85b: no agents available; will retry on subsequent port and subnet creation events.
2026-07-21 07:54:35.070 8 INFO neutron.plugins.ml2.drivers.ovn.mech_driver.mech_driver [None req-e02712da-4d13-4d13-94af-8a5d9ea43618 - - - - - -] OVN reports status down for port: 896fa74d-486b-4101-996d-776a1646e3b0
2026-07-21 07:54:35.099 7 INFO neutron.db.ovn_revision_numbers_db [None req-267e3990-6ba1-40ed-b66d-5d1a48949b84 e5fde1374688410cbc55f913969814da dd002ff398e74e2583a0d4b323908cd4 - - default default] Successfully bumped revision number for resource 896fa74d-486b-4101-996d-776a1646e3b0 (type: ports) to 1 [pid: 7|app: 0|req: 656/1346] 10.0.0.58 () {34 vars in 669 bytes} [Tue Jul 21 07:54:34 2026] POST /v2.0/networks => generated 687 bytes in 504 msecs (HTTP/1.1 201) 4 headers in 162 bytes (1 switches on core 0)
2026-07-21 07:54:35.164 8 WARNING neutron.db.securitygroups_db [None req-a9b7a90f-8174-4cbe-8dd6-3bb700beaf09 69089283d0d541e189d1e1fcb3351685 0dd71d0c4b33455ab175aca7c86f288e - - default default] project_id key not found in filters, using tenant_id instead. This support has been deprecated and will be removed in a future release. [pid: 8|app: 0|req: 691/1347] 10.0.0.58 () {32 vars in 773 bytes} [Tue Jul 21 07:54:34 2026] GET /v2.0/security-groups?tenant_id=8b84e4a38d5b4859afeb779e7bf3a9aa&name=default => generated 2925 bytes in 198 msecs (HTTP/1.1 200) 4 headers in 158 bytes (1 switches on core 0)
2026-07-21 07:54:35.292 8 INFO neutron.db.segments_db [None req-a8954fbb-6043-43bc-b1df-87c5ae11b1b4 e5fde1374688410cbc55f913969814da dd002ff398e74e2583a0d4b323908cd4 - - default default] Added segment 99a7c844-b0cd-4194-8c46-6d5a9ec9b540 of type geneve for network a8200d3f-f02a-4025-a195-73ee81b1b099 [pid: 7|app: 0|req: 657/1348] 10.0.0.58 () {32 vars in 739 bytes} [Tue Jul 21 07:54:35 2026] DELETE /v2.0/security-groups/6407893b-a42f-48ac-adaf-6e78af1641d2 => generated 0 bytes in 179 msecs (HTTP/1.1 204) 2 headers in 112 bytes (1 switches on core 0)
2026-07-21 07:54:35.409 8 INFO neutron.db.ovn_revision_numbers_db [None req-a8954fbb-6043-43bc-b1df-87c5ae11b1b4 e5fde1374688410cbc55f913969814da dd002ff398e74e2583a0d4b323908cd4 - - default default] Successfully bumped revision number for resource a8200d3f-f02a-4025-a195-73ee81b1b099 (type: networks) to 1
2026-07-21 07:54:35.489 8 INFO neutron.services.segments.plugin [-] Segment 2117cf99-57a4-4b9f-8871-3eb611957292 resource provider aggregate not found
2026-07-21 07:54:35.500 8 INFO neutron.services.segments.plugin [-] Segment 2117cf99-57a4-4b9f-8871-3eb611957292 resource provider aggregate not found [pid: 7|app: 0|req: 658/1349] 10.0.0.58 () {32 vars in 739 bytes} [Tue Jul 21 07:54:35 2026] DELETE /v2.0/security-groups/ae85e131-da7f-4098-97c7-ca0c0c25ad09 => generated 0 bytes in 197 msecs (HTTP/1.1 204) 2 headers in 112 bytes (1 switches on core 0)
2026-07-21 07:54:35.505 7 WARNING neutron.db.securitygroups_db [None req-f7027dad-4eda-4cde-89ab-32f2a465e6a8 69089283d0d541e189d1e1fcb3351685 0dd71d0c4b33455ab175aca7c86f288e - - default default] project_id key not found in filters, using tenant_id instead. This support has been deprecated and will be removed in a future release.
2026-07-21 07:54:35.511 8 INFO neutron.services.segments.plugin [-] Client error retrieving segment 2117cf99-57a4-4b9f-8871-3eb611957292 resource provider; error: Placement Client Error (4xx): {"errors": [{"status": 404, "title": "Not Found", "detail": "The resource could not be found.\n\n No resource provider with uuid 2117cf99-57a4-4b9f-8871-3eb611957292 found for delete ", "request_id": "req-2ba1608e-c248-4fcb-913b-9232f95b58d6"}]}
2026-07-21 07:54:35.527 8 INFO neutron.services.segments.plugin [-] Client error retrieving segment 2117cf99-57a4-4b9f-8871-3eb611957292 resource provider; error: Placement Client Error (4xx): {"errors": [{"status": 404, "title": "Not Found", "detail": "The resource could not be found.\n\n No resource provider with uuid 2117cf99-57a4-4b9f-8871-3eb611957292 found for delete ", "request_id": "req-c231873a-f01c-47e8-91bf-0e967d3d5fbc"}]}
2026-07-21 07:54:35.538 8 INFO neutron.services.segments.plugin [-] Segment 8ea986f0-3852-44b6-985c-f0b3e97118ef resource provider aggregate not found
2026-07-21 07:54:35.559 8 INFO neutron.services.segments.plugin [-] Segment 8ea986f0-3852-44b6-985c-f0b3e97118ef resource provider aggregate not found
2026-07-21 07:54:35.561 8 INFO neutron.services.segments.plugin [-] Client error retrieving segment 8ea986f0-3852-44b6-985c-f0b3e97118ef resource provider; error: Placement Client Error (4xx): {"errors": [{"status": 404, "title": "Not Found", "detail": "The resource could not be found.\n\n No resource provider with uuid 8ea986f0-3852-44b6-985c-f0b3e97118ef found for delete ", "request_id": "req-7b4dfdf3-9a07-447d-a270-23d59a2358dd"}]}
2026-07-21 07:54:35.578 8 INFO neutron.services.segments.plugin [-] Client error retrieving segment 8ea986f0-3852-44b6-985c-f0b3e97118ef resource provider; error: Placement Client Error (4xx): {"errors": [{"status": 404, "title": "Not Found", "detail": "The resource could not be found.\n\n No resource provider with uuid 8ea986f0-3852-44b6-985c-f0b3e97118ef found for delete ", "request_id": "req-c19337d3-09f3-415a-837d-9656fa94ac0a"}]}
2026-07-21 07:54:35.673 8 WARNING neutron.scheduler.dhcp_agent_scheduler [None req-a8954fbb-6043-43bc-b1df-87c5ae11b1b4 e5fde1374688410cbc55f913969814da dd002ff398e74e2583a0d4b323908cd4 - - default default] No more DHCP agents
2026-07-21 07:54:35.674 8 WARNING neutron.api.rpc.agentnotifiers.dhcp_rpc_agent_api [None req-a8954fbb-6043-43bc-b1df-87c5ae11b1b4 e5fde1374688410cbc55f913969814da dd002ff398e74e2583a0d4b323908cd4 - - default default] Unable to schedule network a8200d3f-f02a-4025-a195-73ee81b1b099: no agents available; will retry on subsequent port and subnet creation events.
2026-07-21 07:54:35.675 7 INFO neutron.db.ovn_revision_numbers_db [None req-f7027dad-4eda-4cde-89ab-32f2a465e6a8 69089283d0d541e189d1e1fcb3351685 0dd71d0c4b33455ab175aca7c86f288e - - default default] Successfully bumped revision number for resource 17733072-b6f3-4d47-885a-78754391b647 (type: security_groups) to 1
2026-07-21 07:54:35.686 7 INFO neutron.db.ovn_revision_numbers_db [None req-f7027dad-4eda-4cde-89ab-32f2a465e6a8 69089283d0d541e189d1e1fcb3351685 0dd71d0c4b33455ab175aca7c86f288e - - default default] Successfully bumped revision number for resource 98ac8af0-394c-4613-a49c-3e468ddf9bd8 (type: security_group_rules) to 0
2026-07-21 07:54:35.699 7 INFO neutron.db.ovn_revision_numbers_db [None req-f7027dad-4eda-4cde-89ab-32f2a465e6a8 69089283d0d541e189d1e1fcb3351685 0dd71d0c4b33455ab175aca7c86f288e - - default default] Successfully bumped revision number for resource 9f3e12fd-1e8e-4686-8f31-f919b09fd806 (type: security_group_rules) to 0
2026-07-21 07:54:35.720 8 INFO neutron.plugins.ml2.drivers.ovn.mech_driver.mech_driver [None req-e02712da-4d13-4d13-94af-8a5d9ea43618 - - - - - -] OVN reports status down for port: a9bc3694-4955-4df0-af02-135206ad6dee
2026-07-21 07:54:35.738 7 INFO neutron.db.ovn_revision_numbers_db [None req-f7027dad-4eda-4cde-89ab-32f2a465e6a8 69089283d0d541e189d1e1fcb3351685 0dd71d0c4b33455ab175aca7c86f288e - - default default] Successfully bumped revision number for resource a10df517-0db8-4108-862e-845566c9012d (type: security_group_rules) to 0
2026-07-21 07:54:35.751 7 INFO neutron.db.ovn_revision_numbers_db [None req-f7027dad-4eda-4cde-89ab-32f2a465e6a8 69089283d0d541e189d1e1fcb3351685 0dd71d0c4b33455ab175aca7c86f288e - - default default] Successfully bumped revision number for resource b183eba2-3a91-4683-af8c-14ceab367232 (type: security_group_rules) to 0
2026-07-21 07:54:35.810 8 INFO neutron.db.ovn_revision_numbers_db [None req-a8954fbb-6043-43bc-b1df-87c5ae11b1b4 e5fde1374688410cbc55f913969814da dd002ff398e74e2583a0d4b323908cd4 - - default default] Successfully bumped revision number for resource a9bc3694-4955-4df0-af02-135206ad6dee (type: ports) to 1 [pid: 7|app: 0|req: 659/1350] 10.0.0.58 () {32 vars in 773 bytes} [Tue Jul 21 07:54:35 2026] GET /v2.0/security-groups?tenant_id=8d72b1910b87419b8bb7139a918d97a3&name=default => generated 2925 bytes in 325 msecs (HTTP/1.1 200) 4 headers in 158 bytes (1 switches on core 0) [pid: 8|app: 0|req: 692/1351] 10.0.0.58 () {34 vars in 669 bytes} [Tue Jul 21 07:54:35 2026] POST /v2.0/networks => generated 687 bytes in 672 msecs (HTTP/1.1 201) 4 headers in 162 bytes (1 switches on core 0) [pid: 7|app: 0|req: 660/1352] 10.0.0.58 () {32 vars in 739 bytes} [Tue Jul 21 07:54:35 2026] DELETE /v2.0/security-groups/17733072-b6f3-4d47-885a-78754391b647 => generated 0 bytes in 233 msecs (HTTP/1.1 204) 2 headers in 112 bytes (1 switches on core 0)
2026-07-21 07:54:36.235 8 WARNING neutron.scheduler.dhcp_agent_scheduler [None req-41a16886-6b32-4f44-ac06-03b4276f19e5 e5fde1374688410cbc55f913969814da dd002ff398e74e2583a0d4b323908cd4 - - default default] No more DHCP agents
2026-07-21 07:54:36.237 8 WARNING neutron.api.rpc.agentnotifiers.dhcp_rpc_agent_api [None req-41a16886-6b32-4f44-ac06-03b4276f19e5 e5fde1374688410cbc55f913969814da dd002ff398e74e2583a0d4b323908cd4 - - default default] Unable to schedule network 9997b217-ad3b-438a-acad-9b66840af85b: no agents available; will retry on subsequent port and subnet creation events.
2026-07-21 07:54:36.724 8 INFO neutron.db.ovn_revision_numbers_db [None req-41a16886-6b32-4f44-ac06-03b4276f19e5 e5fde1374688410cbc55f913969814da dd002ff398e74e2583a0d4b323908cd4 - - default default] Successfully bumped revision number for resource 896fa74d-486b-4101-996d-776a1646e3b0 (type: ports) to 2
2026-07-21 07:54:36.763 8 INFO neutron.db.ovn_revision_numbers_db [None req-41a16886-6b32-4f44-ac06-03b4276f19e5 e5fde1374688410cbc55f913969814da dd002ff398e74e2583a0d4b323908cd4 - - default default] Successfully bumped revision number for resource fc93b5ee-7c3d-4084-8e35-f776893c7fbc (type: subnets) to 0
2026-07-21 07:54:36.809 8 WARNING neutron.scheduler.dhcp_agent_scheduler [None req-41a16886-6b32-4f44-ac06-03b4276f19e5 e5fde1374688410cbc55f913969814da dd002ff398e74e2583a0d4b323908cd4 - - default default] No more DHCP agents
2026-07-21 07:54:36.811 8 WARNING neutron.api.rpc.agentnotifiers.dhcp_rpc_agent_api [None req-41a16886-6b32-4f44-ac06-03b4276f19e5 e5fde1374688410cbc55f913969814da dd002ff398e74e2583a0d4b323908cd4 - - default default] Unable to schedule network a8200d3f-f02a-4025-a195-73ee81b1b099: no agents available; will retry on subsequent port and subnet creation events.
2026-07-21 07:54:37.304 8 INFO neutron.db.ovn_revision_numbers_db [None req-41a16886-6b32-4f44-ac06-03b4276f19e5 e5fde1374688410cbc55f913969814da dd002ff398e74e2583a0d4b323908cd4 - - default default] Successfully bumped revision number for resource a9bc3694-4955-4df0-af02-135206ad6dee (type: ports) to 2
2026-07-21 07:54:37.343 8 INFO neutron.db.ovn_revision_numbers_db [None req-41a16886-6b32-4f44-ac06-03b4276f19e5 e5fde1374688410cbc55f913969814da dd002ff398e74e2583a0d4b323908cd4 - - default default] Successfully bumped revision number for resource 89d1aad0-c92e-4574-8a9c-2fffffc88868 (type: subnets) to 0 [pid: 8|app: 0|req: 693/1353] 10.0.0.58 () {34 vars in 668 bytes} [Tue Jul 21 07:54:35 2026] POST /v2.0/subnets => generated 1274 bytes in 1464 msecs (HTTP/1.1 201) 4 headers in 163 bytes (1 switches on core 0) [pid: 8|app: 0|req: 694/1354] 10.0.0.58 () {32 vars in 646 bytes} [Tue Jul 21 07:54:37 2026] GET /v2.0/subnets => generated 1910 bytes in 41 msecs (HTTP/1.1 200) 4 headers in 158 bytes (1 switches on core 0) [pid: 8|app: 0|req: 695/1355] 10.0.0.58 () {32 vars in 723 bytes} [Tue Jul 21 07:54:37 2026] DELETE /v2.0/subnets/fc93b5ee-7c3d-4084-8e35-f776893c7fbc => generated 0 bytes in 179 msecs (HTTP/1.1 204) 3 headers in 131 bytes (1 switches on core 0)
2026-07-21 07:54:37.733 7 INFO neutron.db.ovn_revision_numbers_db [None req-450f04c0-a3fe-420e-8372-cebc6033d229 61887df42cb643e1a9ba8665bfcdd7f9 d8c9cd22b8f84593939aec94ed6072d1 - - default default] Successfully bumped revision number for resource 24e53767-153d-46bd-96d3-517c99a22090 (type: security_groups) to 1
2026-07-21 07:54:37.748 7 INFO neutron.db.ovn_revision_numbers_db [None req-450f04c0-a3fe-420e-8372-cebc6033d229 61887df42cb643e1a9ba8665bfcdd7f9 d8c9cd22b8f84593939aec94ed6072d1 - - default default] Successfully bumped revision number for resource 1ef494c7-d587-4db7-914d-0eb70167dd01 (type: security_group_rules) to 0
2026-07-21 07:54:37.774 7 INFO neutron.db.ovn_revision_numbers_db [None req-450f04c0-a3fe-420e-8372-cebc6033d229 61887df42cb643e1a9ba8665bfcdd7f9 d8c9cd22b8f84593939aec94ed6072d1 - - default default] Successfully bumped revision number for resource 683c23a6-461b-4501-a73c-dd90d4c82bf8 (type: security_group_rules) to 0
2026-07-21 07:54:37.802 7 INFO neutron.db.ovn_revision_numbers_db [None req-450f04c0-a3fe-420e-8372-cebc6033d229 61887df42cb643e1a9ba8665bfcdd7f9 d8c9cd22b8f84593939aec94ed6072d1 - - default default] Successfully bumped revision number for resource cc3ec306-9fd7-48c4-a08c-cf89ed464bc7 (type: security_group_rules) to 0 [pid: 8|app: 0|req: 696/1356] 10.0.0.58 () {32 vars in 723 bytes} [Tue Jul 21 07:54:37 2026] DELETE /v2.0/subnets/89d1aad0-c92e-4574-8a9c-2fffffc88868 => generated 0 bytes in 208 msecs (HTTP/1.1 204) 3 headers in 131 bytes (1 switches on core 0)
2026-07-21 07:54:37.823 7 INFO neutron.db.ovn_revision_numbers_db [None req-450f04c0-a3fe-420e-8372-cebc6033d229 61887df42cb643e1a9ba8665bfcdd7f9 d8c9cd22b8f84593939aec94ed6072d1 - - default default] Successfully bumped revision number for resource fa9e7532-3891-4b26-b639-a8f8c6cc42b0 (type: security_group_rules) to 0 [pid: 8|app: 0|req: 697/1357] 10.0.0.58 () {32 vars in 646 bytes} [Tue Jul 21 07:54:37 2026] GET /v2.0/subnets => generated 649 bytes in 25 msecs (HTTP/1.1 200) 4 headers in 157 bytes (1 switches on core 0)
2026-07-21 07:54:37.920 7 INFO neutron.db.segments_db [None req-450f04c0-a3fe-420e-8372-cebc6033d229 61887df42cb643e1a9ba8665bfcdd7f9 d8c9cd22b8f84593939aec94ed6072d1 - - default default] Added segment 40c94645-8674-4041-b27f-614e9b002e77 of type geneve for network fd121987-4a6e-422b-a40d-7b25d58ae4a0
2026-07-21 07:54:38.001 8 INFO neutron_taas.services.taas.taas_plugin [None req-28465560-b2d3-44ee-b0be-07dcb6317843 e5fde1374688410cbc55f913969814da dd002ff398e74e2583a0d4b323908cd4 - - default default] TaaS: Handle Delete Port: a9bc3694-4955-4df0-af02-135206ad6dee
2026-07-21 07:54:38.004 8 INFO neutron_taas.services.taas.tap_mirror_plugin [None req-28465560-b2d3-44ee-b0be-07dcb6317843 e5fde1374688410cbc55f913969814da dd002ff398e74e2583a0d4b323908cd4 - - default default] Tap Mirror: Handle Delete Port: a9bc3694-4955-4df0-af02-135206ad6dee
2026-07-21 07:54:38.045 7 INFO neutron.db.ovn_revision_numbers_db [None req-450f04c0-a3fe-420e-8372-cebc6033d229 61887df42cb643e1a9ba8665bfcdd7f9 d8c9cd22b8f84593939aec94ed6072d1 - - default default] Successfully bumped revision number for resource fd121987-4a6e-422b-a40d-7b25d58ae4a0 (type: networks) to 1
2026-07-21 07:54:38.192 8 INFO neutron.services.segments.plugin [-] Segment 99a7c844-b0cd-4194-8c46-6d5a9ec9b540 resource provider aggregate not found
2026-07-21 07:54:38.205 8 INFO neutron.services.segments.plugin [-] Segment 99a7c844-b0cd-4194-8c46-6d5a9ec9b540 resource provider aggregate not found
2026-07-21 07:54:38.226 8 INFO neutron.services.segments.plugin [-] Client error retrieving segment 99a7c844-b0cd-4194-8c46-6d5a9ec9b540 resource provider; error: Placement Client Error (4xx): {"errors": [{"status": 404, "title": "Not Found", "detail": "The resource could not be found.\n\n No resource provider with uuid 99a7c844-b0cd-4194-8c46-6d5a9ec9b540 found for delete ", "request_id": "req-b59742b3-1931-4ebe-9003-4083532355b8"}]}
2026-07-21 07:54:38.234 8 INFO neutron.services.segments.plugin [-] Client error retrieving segment 99a7c844-b0cd-4194-8c46-6d5a9ec9b540 resource provider; error: Placement Client Error (4xx): {"errors": [{"status": 404, "title": "Not Found", "detail": "The resource could not be found.\n\n No resource provider with uuid 99a7c844-b0cd-4194-8c46-6d5a9ec9b540 found for delete ", "request_id": "req-c5b45c68-e039-420a-a3b1-ca8b0824cdcb"}]} [pid: 8|app: 0|req: 698/1358] 10.0.0.58 () {32 vars in 725 bytes} [Tue Jul 21 07:54:37 2026] DELETE /v2.0/networks/a8200d3f-f02a-4025-a195-73ee81b1b099 => generated 0 bytes in 409 msecs (HTTP/1.1 204) 3 headers in 131 bytes (1 switches on core 0)
2026-07-21 07:54:38.281 7 WARNING neutron.scheduler.dhcp_agent_scheduler [None req-450f04c0-a3fe-420e-8372-cebc6033d229 61887df42cb643e1a9ba8665bfcdd7f9 d8c9cd22b8f84593939aec94ed6072d1 - - default default] No more DHCP agents
2026-07-21 07:54:38.282 7 WARNING neutron.api.rpc.agentnotifiers.dhcp_rpc_agent_api [None req-450f04c0-a3fe-420e-8372-cebc6033d229 61887df42cb643e1a9ba8665bfcdd7f9 d8c9cd22b8f84593939aec94ed6072d1 - - default default] Unable to schedule network fd121987-4a6e-422b-a40d-7b25d58ae4a0: no agents available; will retry on subsequent port and subnet creation events.
2026-07-21 07:54:38.333 7 INFO neutron.plugins.ml2.drivers.ovn.mech_driver.mech_driver [None req-a7517fe8-ae7f-40c8-93f9-dcf00478214b - - - - - -] OVN reports status down for port: cdf1961b-90d9-4973-91aa-9bd3ff5e45a8
2026-07-21 07:54:38.396 7 INFO neutron.db.ovn_revision_numbers_db [None req-450f04c0-a3fe-420e-8372-cebc6033d229 61887df42cb643e1a9ba8665bfcdd7f9 d8c9cd22b8f84593939aec94ed6072d1 - - default default] Successfully bumped revision number for resource cdf1961b-90d9-4973-91aa-9bd3ff5e45a8 (type: ports) to 1 [pid: 7|app: 0|req: 661/1359] 10.0.0.58 () {34 vars in 669 bytes} [Tue Jul 21 07:54:37 2026] POST /v2.0/networks => generated 686 bytes in 1092 msecs (HTTP/1.1 201) 4 headers in 162 bytes (1 switches on core 0)
2026-07-21 07:54:38.477 8 WARNING neutron.db.securitygroups_db [None req-141c9549-88ab-467f-bcb3-54c6049e1206 69089283d0d541e189d1e1fcb3351685 0dd71d0c4b33455ab175aca7c86f288e - - default default] project_id key not found in filters, using tenant_id instead. This support has been deprecated and will be removed in a future release.
2026-07-21 07:54:38.571 7 INFO neutron_taas.services.taas.taas_plugin [None req-5d31b0b4-4d45-4579-b549-b5d4d9534d26 e5fde1374688410cbc55f913969814da dd002ff398e74e2583a0d4b323908cd4 - - default default] TaaS: Handle Delete Port: 896fa74d-486b-4101-996d-776a1646e3b0
2026-07-21 07:54:38.574 7 INFO neutron_taas.services.taas.tap_mirror_plugin [None req-5d31b0b4-4d45-4579-b549-b5d4d9534d26 e5fde1374688410cbc55f913969814da dd002ff398e74e2583a0d4b323908cd4 - - default default] Tap Mirror: Handle Delete Port: 896fa74d-486b-4101-996d-776a1646e3b0
2026-07-21 07:54:38.640 8 INFO neutron.db.ovn_revision_numbers_db [None req-141c9549-88ab-467f-bcb3-54c6049e1206 69089283d0d541e189d1e1fcb3351685 0dd71d0c4b33455ab175aca7c86f288e - - default default] Successfully bumped revision number for resource 67fea515-6ab7-4aac-be07-5958453cca94 (type: security_groups) to 1
2026-07-21 07:54:38.660 8 INFO neutron.db.ovn_revision_numbers_db [None req-141c9549-88ab-467f-bcb3-54c6049e1206 69089283d0d541e189d1e1fcb3351685 0dd71d0c4b33455ab175aca7c86f288e - - default default] Successfully bumped revision number for resource cc6cd4f2-406e-4ef5-9e06-169fab5d0b0d (type: security_group_rules) to 0
2026-07-21 07:54:38.674 8 INFO neutron.db.ovn_revision_numbers_db [None req-141c9549-88ab-467f-bcb3-54c6049e1206 69089283d0d541e189d1e1fcb3351685 0dd71d0c4b33455ab175aca7c86f288e - - default default] Successfully bumped revision number for resource e67bda9a-3888-4ddc-94c4-68a9fb86a3f9 (type: security_group_rules) to 0
2026-07-21 07:54:38.707 8 INFO neutron.db.ovn_revision_numbers_db [None req-141c9549-88ab-467f-bcb3-54c6049e1206 69089283d0d541e189d1e1fcb3351685 0dd71d0c4b33455ab175aca7c86f288e - - default default] Successfully bumped revision number for resource e8dc24a5-fd69-4fd6-9b4e-febaa2dbd165 (type: security_group_rules) to 0
2026-07-21 07:54:38.729 8 INFO neutron.db.ovn_revision_numbers_db [None req-141c9549-88ab-467f-bcb3-54c6049e1206 69089283d0d541e189d1e1fcb3351685 0dd71d0c4b33455ab175aca7c86f288e - - default default] Successfully bumped revision number for resource ffe622db-40b8-4adc-b5fd-17ea0664a31c (type: security_group_rules) to 0 [pid: 8|app: 0|req: 699/1360] 10.0.0.58 () {32 vars in 773 bytes} [Tue Jul 21 07:54:38 2026] GET /v2.0/security-groups?tenant_id=feaaf470f6294bd0b15a9777a66e4a48&name=default => generated 2925 bytes in 524 msecs (HTTP/1.1 200) 4 headers in 158 bytes (1 switches on core 0)
2026-07-21 07:54:38.789 7 INFO neutron.services.segments.plugin [-] Segment e5487354-5765-49e5-8f1c-cf54cb66bcfe resource provider aggregate not found
2026-07-21 07:54:38.794 7 INFO neutron.services.segments.plugin [-] Segment e5487354-5765-49e5-8f1c-cf54cb66bcfe resource provider aggregate not found
2026-07-21 07:54:38.810 7 INFO neutron.services.segments.plugin [-] Client error retrieving segment e5487354-5765-49e5-8f1c-cf54cb66bcfe resource provider; error: Placement Client Error (4xx): {"errors": [{"status": 404, "title": "Not Found", "detail": "The resource could not be found.\n\n No resource provider with uuid e5487354-5765-49e5-8f1c-cf54cb66bcfe found for delete ", "request_id": "req-c0c82b67-4772-4529-a725-089e5c426b89"}]}
2026-07-21 07:54:38.817 7 INFO neutron.services.segments.plugin [-] Client error retrieving segment e5487354-5765-49e5-8f1c-cf54cb66bcfe resource provider; error: Placement Client Error (4xx): {"errors": [{"status": 404, "title": "Not Found", "detail": "The resource could not be found.\n\n No resource provider with uuid e5487354-5765-49e5-8f1c-cf54cb66bcfe found for delete ", "request_id": "req-d1848102-05c4-458d-8828-391d6157392e"}]} [pid: 7|app: 0|req: 662/1361] 10.0.0.58 () {32 vars in 725 bytes} [Tue Jul 21 07:54:38 2026] DELETE /v2.0/networks/9997b217-ad3b-438a-acad-9b66840af85b => generated 0 bytes in 411 msecs (HTTP/1.1 204) 3 headers in 131 bytes (1 switches on core 0)
2026-07-21 07:54:38.897 7 WARNING neutron.db.securitygroups_db [None req-3b70b196-4b1c-4092-94cd-75dcbe7320e5 69089283d0d541e189d1e1fcb3351685 0dd71d0c4b33455ab175aca7c86f288e - - default default] project_id key not found in filters, using tenant_id instead. This support has been deprecated and will be removed in a future release.
2026-07-21 07:54:39.027 7 INFO neutron.db.ovn_revision_numbers_db [None req-3b70b196-4b1c-4092-94cd-75dcbe7320e5 69089283d0d541e189d1e1fcb3351685 0dd71d0c4b33455ab175aca7c86f288e - - default default] Successfully bumped revision number for resource 7741873c-5cc0-4cfe-853e-c6a9e82d66cc (type: security_groups) to 1
2026-07-21 07:54:39.038 7 INFO neutron.db.ovn_revision_numbers_db [None req-3b70b196-4b1c-4092-94cd-75dcbe7320e5 69089283d0d541e189d1e1fcb3351685 0dd71d0c4b33455ab175aca7c86f288e - - default default] Successfully bumped revision number for resource 0996a431-75c8-4b7b-aa08-31a4123e10ef (type: security_group_rules) to 0
2026-07-21 07:54:39.053 7 INFO neutron.db.ovn_revision_numbers_db [None req-3b70b196-4b1c-4092-94cd-75dcbe7320e5 69089283d0d541e189d1e1fcb3351685 0dd71d0c4b33455ab175aca7c86f288e - - default default] Successfully bumped revision number for resource 11e09655-3512-437c-a828-8d5202f15279 (type: security_group_rules) to 0
2026-07-21 07:54:39.070 7 INFO neutron.db.ovn_revision_numbers_db [None req-3b70b196-4b1c-4092-94cd-75dcbe7320e5 69089283d0d541e189d1e1fcb3351685 0dd71d0c4b33455ab175aca7c86f288e - - default default] Successfully bumped revision number for resource 4ed50b9b-2fc6-417b-98e5-0257132557ae (type: security_group_rules) to 0
2026-07-21 07:54:39.087 7 INFO neutron.db.ovn_revision_numbers_db [None req-3b70b196-4b1c-4092-94cd-75dcbe7320e5 69089283d0d541e189d1e1fcb3351685 0dd71d0c4b33455ab175aca7c86f288e - - default default] Successfully bumped revision number for resource f25b26ed-fff9-49ac-a7ec-f25931338e90 (type: security_group_rules) to 0 [pid: 7|app: 0|req: 663/1362] 10.0.0.58 () {32 vars in 773 bytes} [Tue Jul 21 07:54:38 2026] GET /v2.0/security-groups?tenant_id=4ef2546f49ac453bbf2b5e61273e931e&name=default => generated 2925 bytes in 278 msecs (HTTP/1.1 200) 4 headers in 158 bytes (1 switches on core 0) [pid: 7|app: 0|req: 664/1363] 10.0.0.58 () {32 vars in 739 bytes} [Tue Jul 21 07:54:39 2026] DELETE /v2.0/security-groups/67fea515-6ab7-4aac-be07-5958453cca94 => generated 0 bytes in 198 msecs (HTTP/1.1 204) 2 headers in 112 bytes (1 switches on core 0)
2026-07-21 07:54:39.433 7 INFO neutron_taas.services.taas.taas_plugin [None req-3c9df353-5a64-4dac-9d2c-3f73d0271fcb e5fde1374688410cbc55f913969814da dd002ff398e74e2583a0d4b323908cd4 - - default default] TaaS: Handle Delete Port: c9c5ee3e-9103-4285-8514-f3d9921a4e13
2026-07-21 07:54:39.435 7 INFO neutron_taas.services.taas.tap_mirror_plugin [None req-3c9df353-5a64-4dac-9d2c-3f73d0271fcb e5fde1374688410cbc55f913969814da dd002ff398e74e2583a0d4b323908cd4 - - default default] Tap Mirror: Handle Delete Port: c9c5ee3e-9103-4285-8514-f3d9921a4e13
2026-07-21 07:54:39.493 8 WARNING neutron.scheduler.dhcp_agent_scheduler [None req-0c873920-1290-4c6e-af4f-6daa543b391f 61887df42cb643e1a9ba8665bfcdd7f9 d8c9cd22b8f84593939aec94ed6072d1 - - default default] No more DHCP agents
2026-07-21 07:54:39.495 8 WARNING neutron.api.rpc.agentnotifiers.dhcp_rpc_agent_api [None req-0c873920-1290-4c6e-af4f-6daa543b391f 61887df42cb643e1a9ba8665bfcdd7f9 d8c9cd22b8f84593939aec94ed6072d1 - - default default] Unable to schedule network fd121987-4a6e-422b-a40d-7b25d58ae4a0: no agents available; will retry on subsequent port and subnet creation events.
2026-07-21 07:54:39.575 7 INFO neutron.plugins.ml2.drivers.ovn.mech_driver.mech_driver [None req-a7517fe8-ae7f-40c8-93f9-dcf00478214b - - - - - -] OVN reports status down for port: e761b40a-f57f-45c1-9110-f9290fa53933
2026-07-21 07:54:39.596 8 INFO neutron.db.ovn_revision_numbers_db [None req-0c873920-1290-4c6e-af4f-6daa543b391f 61887df42cb643e1a9ba8665bfcdd7f9 d8c9cd22b8f84593939aec94ed6072d1 - - default default] Successfully bumped revision number for resource e761b40a-f57f-45c1-9110-f9290fa53933 (type: ports) to 1 [pid: 8|app: 0|req: 700/1364] 10.0.0.58 () {34 vars in 664 bytes} [Tue Jul 21 07:54:38 2026] POST /v2.0/ports => generated 778 bytes in 840 msecs (HTTP/1.1 201) 4 headers in 162 bytes (1 switches on core 0) /var/lib/openstack/lib/python3.12/site-packages/pycadf/identifier.py:70: UserWarning: Invalid uuid: neutron. To ensure interoperability, identifiers should be a valid uuid. warnings.warn(('Invalid uuid: %s. To ensure interoperability, ' [pid: 7|app: 0|req: 665/1365] 10.0.0.58 () {32 vars in 725 bytes} [Tue Jul 21 07:54:39 2026] DELETE /v2.0/networks/a7e1dd2c-d736-4dac-b75a-0d90e48dfd16 => generated 0 bytes in 432 msecs (HTTP/1.1 204) 3 headers in 131 bytes (1 switches on core 0) [pid: 8|app: 0|req: 701/1366] 10.0.0.58 () {32 vars in 739 bytes} [Tue Jul 21 07:54:39 2026] DELETE /v2.0/security-groups/7741873c-5cc0-4cfe-853e-c6a9e82d66cc => generated 0 bytes in 191 msecs (HTTP/1.1 204) 2 headers in 112 bytes (1 switches on core 0)
2026-07-21 07:54:39.872 7 INFO neutron.db.segments_db [None req-7ff45f76-4fb7-4225-b838-9e144df83f75 61887df42cb643e1a9ba8665bfcdd7f9 d8c9cd22b8f84593939aec94ed6072d1 - - default default] Added segment 46b324e8-d863-4e80-9adc-b2263ef71797 of type geneve for network 7ae7668f-cf56-485a-9223-a2413e960ba6
2026-07-21 07:54:39.957 8 INFO neutron_taas.services.taas.taas_plugin [None req-822d1ecb-6a54-44a7-a105-ccb4e52d494f e5fde1374688410cbc55f913969814da dd002ff398e74e2583a0d4b323908cd4 - - default default] TaaS: Handle Delete Port: a48f217d-8c00-451c-bc60-6ccb274c95e1
2026-07-21 07:54:39.960 8 INFO neutron_taas.services.taas.tap_mirror_plugin [None req-822d1ecb-6a54-44a7-a105-ccb4e52d494f e5fde1374688410cbc55f913969814da dd002ff398e74e2583a0d4b323908cd4 - - default default] Tap Mirror: Handle Delete Port: a48f217d-8c00-451c-bc60-6ccb274c95e1
2026-07-21 07:54:39.996 7 INFO neutron.db.ovn_revision_numbers_db [None req-7ff45f76-4fb7-4225-b838-9e144df83f75 61887df42cb643e1a9ba8665bfcdd7f9 d8c9cd22b8f84593939aec94ed6072d1 - - default default] Successfully bumped revision number for resource 7ae7668f-cf56-485a-9223-a2413e960ba6 (type: networks) to 1
2026-07-21 07:54:40.190 7 WARNING neutron.scheduler.dhcp_agent_scheduler [None req-7ff45f76-4fb7-4225-b838-9e144df83f75 61887df42cb643e1a9ba8665bfcdd7f9 d8c9cd22b8f84593939aec94ed6072d1 - - default default] No more DHCP agents
2026-07-21 07:54:40.191 7 WARNING neutron.api.rpc.agentnotifiers.dhcp_rpc_agent_api [None req-7ff45f76-4fb7-4225-b838-9e144df83f75 61887df42cb643e1a9ba8665bfcdd7f9 d8c9cd22b8f84593939aec94ed6072d1 - - default default] Unable to schedule network 7ae7668f-cf56-485a-9223-a2413e960ba6: no agents available; will retry on subsequent port and subnet creation events.
2026-07-21 07:54:40.253 8 INFO neutron.services.segments.plugin [-] Segment 6b0e42b5-3869-4385-a9ac-20a882d6c87b resource provider aggregate not found
2026-07-21 07:54:40.262 8 INFO neutron.services.segments.plugin [-] Segment 6b0e42b5-3869-4385-a9ac-20a882d6c87b resource provider aggregate not found
2026-07-21 07:54:40.272 7 INFO neutron.db.ovn_revision_numbers_db [None req-7ff45f76-4fb7-4225-b838-9e144df83f75 61887df42cb643e1a9ba8665bfcdd7f9 d8c9cd22b8f84593939aec94ed6072d1 - - default default] Successfully bumped revision number for resource 74fbbf98-5271-47d4-8af3-542965a8a7c3 (type: ports) to 1
2026-07-21 07:54:40.278 8 INFO neutron.plugins.ml2.drivers.ovn.mech_driver.mech_driver [None req-e02712da-4d13-4d13-94af-8a5d9ea43618 - - - - - -] OVN reports status down for port: 74fbbf98-5271-47d4-8af3-542965a8a7c3
2026-07-21 07:54:40.280 8 INFO neutron.services.segments.plugin [-] Client error retrieving segment 6b0e42b5-3869-4385-a9ac-20a882d6c87b resource provider; error: Placement Client Error (4xx): {"errors": [{"status": 404, "title": "Not Found", "detail": "The resource could not be found.\n\n No resource provider with uuid 6b0e42b5-3869-4385-a9ac-20a882d6c87b found for delete ", "request_id": "req-2ae1482c-18ae-47f7-98d8-a518824dd3b4"}]}
2026-07-21 07:54:40.284 8 INFO neutron.services.segments.plugin [-] Client error retrieving segment 6b0e42b5-3869-4385-a9ac-20a882d6c87b resource provider; error: Placement Client Error (4xx): {"errors": [{"status": 404, "title": "Not Found", "detail": "The resource could not be found.\n\n No resource provider with uuid 6b0e42b5-3869-4385-a9ac-20a882d6c87b found for delete ", "request_id": "req-c97c4c7a-b09f-4336-9603-a355094e7cba"}]} [pid: 7|app: 0|req: 666/1367] 10.0.0.58 () {34 vars in 669 bytes} [Tue Jul 21 07:54:39 2026] POST /v2.0/networks => generated 673 bytes in 534 msecs (HTTP/1.1 201) 4 headers in 162 bytes (1 switches on core 0) [pid: 8|app: 0|req: 702/1368] 10.0.0.58 () {32 vars in 725 bytes} [Tue Jul 21 07:54:39 2026] DELETE /v2.0/networks/05bd9756-e7eb-4e3e-aca7-981a6e968c80 => generated 0 bytes in 528 msecs (HTTP/1.1 204) 3 headers in 131 bytes (1 switches on core 0)
2026-07-21 07:54:40.468 7 WARNING neutron.scheduler.dhcp_agent_scheduler [None req-3830b92b-9715-4bf4-a101-5b8f9b4d1b56 61887df42cb643e1a9ba8665bfcdd7f9 d8c9cd22b8f84593939aec94ed6072d1 - - default default] No more DHCP agents
2026-07-21 07:54:40.469 7 WARNING neutron.api.rpc.agentnotifiers.dhcp_rpc_agent_api [None req-3830b92b-9715-4bf4-a101-5b8f9b4d1b56 61887df42cb643e1a9ba8665bfcdd7f9 d8c9cd22b8f84593939aec94ed6072d1 - - default default] Unable to schedule network 7ae7668f-cf56-485a-9223-a2413e960ba6: no agents available; will retry on subsequent port and subnet creation events.
2026-07-21 07:54:40.499 7 INFO neutron.db.ovn_revision_numbers_db [None req-3830b92b-9715-4bf4-a101-5b8f9b4d1b56 61887df42cb643e1a9ba8665bfcdd7f9 d8c9cd22b8f84593939aec94ed6072d1 - - default default] Successfully bumped revision number for resource 7e4e5ecc-c506-451e-8773-961c49c06eac (type: subnets) to 0 [pid: 7|app: 0|req: 667/1369] 10.0.0.58 () {34 vars in 668 bytes} [Tue Jul 21 07:54:40 2026] POST /v2.0/subnets => generated 646 bytes in 214 msecs (HTTP/1.1 201) 4 headers in 162 bytes (1 switches on core 0)
2026-07-21 07:54:40.796 8 WARNING neutron.scheduler.dhcp_agent_scheduler [None req-f51caf6b-f3c3-45a2-aa02-f8751e2542f1 61887df42cb643e1a9ba8665bfcdd7f9 d8c9cd22b8f84593939aec94ed6072d1 - - default default] No more DHCP agents
2026-07-21 07:54:40.797 8 WARNING neutron.api.rpc.agentnotifiers.dhcp_rpc_agent_api [None req-f51caf6b-f3c3-45a2-aa02-f8751e2542f1 61887df42cb643e1a9ba8665bfcdd7f9 d8c9cd22b8f84593939aec94ed6072d1 - - default default] Unable to schedule network 7ae7668f-cf56-485a-9223-a2413e960ba6: no agents available; will retry on subsequent port and subnet creation events.
2026-07-21 07:54:40.834 7 INFO neutron.services.segments.plugin [-] Segment b33e6a2e-e93b-4c85-bff7-2a43b074c6d0 resource provider aggregate not found
2026-07-21 07:54:40.836 7 INFO neutron.services.segments.plugin [-] Segment b33e6a2e-e93b-4c85-bff7-2a43b074c6d0 resource provider aggregate not found
2026-07-21 07:54:40.853 7 INFO neutron.services.segments.plugin [-] Client error retrieving segment b33e6a2e-e93b-4c85-bff7-2a43b074c6d0 resource provider; error: Placement Client Error (4xx): {"errors": [{"status": 404, "title": "Not Found", "detail": "The resource could not be found.\n\n No resource provider with uuid b33e6a2e-e93b-4c85-bff7-2a43b074c6d0 found for delete ", "request_id": "req-f54435d3-242f-4d88-812b-ed6bd85402d1"}]}
2026-07-21 07:54:40.858 7 INFO neutron.services.segments.plugin [-] Client error retrieving segment b33e6a2e-e93b-4c85-bff7-2a43b074c6d0 resource provider; error: Placement Client Error (4xx): {"errors": [{"status": 404, "title": "Not Found", "detail": "The resource could not be found.\n\n No resource provider with uuid b33e6a2e-e93b-4c85-bff7-2a43b074c6d0 found for delete ", "request_id": "req-044276ad-bf26-4668-bbf5-a311cc5769f3"}]}
2026-07-21 07:54:40.938 8 INFO neutron.plugins.ml2.drivers.ovn.mech_driver.mech_driver [None req-e02712da-4d13-4d13-94af-8a5d9ea43618 - - - - - -] OVN reports status down for port: 06cc2c5e-b779-4c11-bbe8-4d009903426f
2026-07-21 07:54:40.994 8 INFO neutron.db.ovn_revision_numbers_db [None req-f51caf6b-f3c3-45a2-aa02-f8751e2542f1 61887df42cb643e1a9ba8665bfcdd7f9 d8c9cd22b8f84593939aec94ed6072d1 - - default default] Successfully bumped revision number for resource 06cc2c5e-b779-4c11-bbe8-4d009903426f (type: ports) to 1 [pid: 8|app: 0|req: 703/1370] 10.0.0.58 () {34 vars in 664 bytes} [Tue Jul 21 07:54:40 2026] POST /v2.0/ports => generated 961 bytes in 514 msecs (HTTP/1.1 201) 4 headers in 162 bytes (1 switches on core 0) /var/lib/openstack/lib/python3.12/site-packages/pycadf/identifier.py:70: UserWarning: Invalid uuid: neutron. To ensure interoperability, identifiers should be a valid uuid. warnings.warn(('Invalid uuid: %s. To ensure interoperability, '
2026-07-21 07:54:41.078 7 WARNING neutron.db.securitygroups_db [None req-411af9e4-3179-448e-88b0-39973a159f83 69089283d0d541e189d1e1fcb3351685 0dd71d0c4b33455ab175aca7c86f288e - - default default] project_id key not found in filters, using tenant_id instead. This support has been deprecated and will be removed in a future release. [pid: 7|app: 0|req: 668/1371] 10.0.0.58 () {32 vars in 773 bytes} [Tue Jul 21 07:54:40 2026] GET /v2.0/security-groups?tenant_id=dd002ff398e74e2583a0d4b323908cd4&name=default => generated 2925 bytes in 267 msecs (HTTP/1.1 200) 4 headers in 158 bytes (1 switches on core 0)
2026-07-21 07:54:41.197 8 INFO neutron_taas.services.taas.taas_plugin [None req-03cce09a-d825-46dd-a0ee-853558e1bf1e 61887df42cb643e1a9ba8665bfcdd7f9 d8c9cd22b8f84593939aec94ed6072d1 - - default default] TaaS: Handle Delete Port: 06cc2c5e-b779-4c11-bbe8-4d009903426f
2026-07-21 07:54:41.200 8 INFO neutron_taas.services.taas.tap_mirror_plugin [None req-03cce09a-d825-46dd-a0ee-853558e1bf1e 61887df42cb643e1a9ba8665bfcdd7f9 d8c9cd22b8f84593939aec94ed6072d1 - - default default] Tap Mirror: Handle Delete Port: 06cc2c5e-b779-4c11-bbe8-4d009903426f [pid: 7|app: 0|req: 669/1372] 10.0.0.58 () {32 vars in 739 bytes} [Tue Jul 21 07:54:41 2026] DELETE /v2.0/security-groups/d44368a7-7845-433d-9c78-ca31b9843b6a => generated 0 bytes in 196 msecs (HTTP/1.1 204) 2 headers in 112 bytes (1 switches on core 0) [pid: 8|app: 0|req: 704/1375] 10.0.0.58 () {32 vars in 719 bytes} [Tue Jul 21 07:54:41 2026] DELETE /v2.0/ports/06cc2c5e-b779-4c11-bbe8-4d009903426f => generated 0 bytes in 301 msecs (HTTP/1.1 204) 3 headers in 131 bytes (1 switches on core 0)
2026-07-21 07:54:41.362 7 INFO neutron.pecan_wsgi.hooks.translation [None req-13ef3b3c-93c8-4ebb-9fa8-f523309d65a0 61887df42cb643e1a9ba8665bfcdd7f9 d8c9cd22b8f84593939aec94ed6072d1 - - default default] DELETE failed (client error): The resource could not be found. [pid: 7|app: 0|req: 672/1376] 10.0.0.58 () {32 vars in 719 bytes} [Tue Jul 21 07:54:41 2026] DELETE /v2.0/ports/06cc2c5e-b779-4c11-bbe8-4d009903426f => generated 132 bytes in 21 msecs (HTTP/1.1 404) 4 headers in 164 bytes (1 switches on core 0)
2026-07-21 07:54:41.388 8 INFO neutron.pecan_wsgi.hooks.translation [None req-008e04d8-f053-4270-b759-fe44e5bb7d4a 61887df42cb643e1a9ba8665bfcdd7f9 d8c9cd22b8f84593939aec94ed6072d1 - - default default] GET failed (client error): The resource could not be found. [pid: 8|app: 0|req: 705/1377] 10.0.0.58 () {32 vars in 716 bytes} [Tue Jul 21 07:54:41 2026] GET /v2.0/ports/06cc2c5e-b779-4c11-bbe8-4d009903426f => generated 132 bytes in 17 msecs (HTTP/1.1 404) 4 headers in 164 bytes (1 switches on core 0) [pid: 7|app: 0|req: 673/1378] 10.0.0.58 () {32 vars in 723 bytes} [Tue Jul 21 07:54:41 2026] DELETE /v2.0/subnets/7e4e5ecc-c506-451e-8773-961c49c06eac => generated 0 bytes in 144 msecs (HTTP/1.1 204) 3 headers in 131 bytes (1 switches on core 0)
