2026-07-21 07:56:28.981 8 WARNING tagging [None req-2c6fa359-765a-4c4b-967f-00ced96861d4 d906a38f6c1743a386b7b629b90ab142 47ab6b6c32404cd893eae6fa90903a75 - - default default] project_id key not found in request, using tenant_id instead. This support has been deprecated and will be removed in a future release.
2026-07-21 07:56:28.984 7 INFO neutron.db.ovn_revision_numbers_db [None req-e4980d76-6c83-46ff-a932-453287495ac7 372f35e5d4974bdfba00522fc0d7f22e 1e0a40ca54ca4c24945149765ff02fb2 - - default default] Successfully bumped revision number for resource 073a943b-939b-421e-85db-5faf1edbfc19 (type: security_group_rules) to 0
2026-07-21 07:56:28.999 7 INFO neutron.db.ovn_revision_numbers_db [None req-e4980d76-6c83-46ff-a932-453287495ac7 372f35e5d4974bdfba00522fc0d7f22e 1e0a40ca54ca4c24945149765ff02fb2 - - default default] Successfully bumped revision number for resource 0ca04464-3594-4cc6-9245-4c62d6cd7a60 (type: security_group_rules) to 0 [pid: 8|app: 0|req: 1058/2099] 10.0.0.58 () {34 vars in 752 bytes} [Tue Jul 21 07:56:28 2026] PUT /v2.0/policies/b57bb6c8-ad2a-4388-ab03-443117ef8b22/tags => generated 34 bytes in 99 msecs (HTTP/1.1 200) 4 headers in 156 bytes (1 switches on core 0) [pid: 7|app: 0|req: 1042/2100] 10.0.0.58 () {34 vars in 684 bytes} [Tue Jul 21 07:56:28 2026] POST /v2.0/security-groups => generated 1675 bytes in 187 msecs (HTTP/1.1 201) 4 headers in 163 bytes (1 switches on core 0)
2026-07-21 07:56:29.057 8 WARNING tagging [None req-f70ac2b5-8d56-449e-a1b6-53d05c4b8656 d906a38f6c1743a386b7b629b90ab142 47ab6b6c32404cd893eae6fa90903a75 - - default default] project_id key not found in request, using tenant_id instead. This support has been deprecated and will be removed in a future release. [pid: 8|app: 0|req: 1059/2101] 10.0.0.58 () {34 vars in 752 bytes} [Tue Jul 21 07:56:29 2026] PUT /v2.0/policies/5ddbbb8f-75d9-4755-831f-35169cb991bf/tags => generated 19 bytes in 50 msecs (HTTP/1.1 200) 4 headers in 156 bytes (1 switches on core 0)
2026-07-21 07:56:29.090 7 WARNING neutron.plugins.ml2.drivers.ovn.mech_driver.ovsdb.ovn_client [None req-15e6494e-4995-4f61-8376-e330626f368d - - - - - -] No hosting information found for port 4ef18425-6844-4e08-adda-fbb4c13a2da0: RuntimeError: No hosting information found for port 4ef18425-6844-4e08-adda-fbb4c13a2da0
2026-07-21 07:56:29.207 7 INFO neutron.db.ovn_revision_numbers_db [None req-15e6494e-4995-4f61-8376-e330626f368d - - - - - -] Successfully bumped revision number for resource 4ef18425-6844-4e08-adda-fbb4c13a2da0 (type: router_ports) to 2
2026-07-21 07:56:29.235 7 INFO neutron.db.ovn_revision_numbers_db [None req-19b74384-b466-47e2-87aa-290a54f21dba 372f35e5d4974bdfba00522fc0d7f22e 1e0a40ca54ca4c24945149765ff02fb2 - - default default] Successfully bumped revision number for resource 35deedb4-81af-4854-ade0-eb61e2d78542 (type: security_group_rules) to 0 [pid: 7|app: 0|req: 1043/2102] 10.0.0.58 () {34 vars in 694 bytes} [Tue Jul 21 07:56:29 2026] POST /v2.0/security-group-rules => generated 597 bytes in 246 msecs (HTTP/1.1 201) 4 headers in 162 bytes (1 switches on core 0)
2026-07-21 07:56:29.417 8 INFO neutron.db.ovn_revision_numbers_db [None req-aa75a1d5-8f22-49fa-9fe0-858136036ca4 372f35e5d4974bdfba00522fc0d7f22e 1e0a40ca54ca4c24945149765ff02fb2 - - default default] Successfully bumped revision number for resource f4d07b4b-8b72-4254-b6b1-f026ef1c7d76 (type: security_group_rules) to 0 [pid: 8|app: 0|req: 1060/2103] 10.0.0.58 () {34 vars in 694 bytes} [Tue Jul 21 07:56:29 2026] POST /v2.0/security-group-rules => generated 596 bytes in 157 msecs (HTTP/1.1 201) 4 headers in 162 bytes (1 switches on core 0)
2026-07-21 07:56:29.563 8 INFO neutron.db.ovn_revision_numbers_db [None req-5d7c9251-3c29-4b36-8c22-3e3a7dc1b6c7 372f35e5d4974bdfba00522fc0d7f22e 1e0a40ca54ca4c24945149765ff02fb2 - - default default] Successfully bumped revision number for resource 72b5ce97-dfcc-45c6-9d54-e714d63a44ba (type: security_group_rules) to 0 [pid: 8|app: 0|req: 1061/2104] 10.0.0.58 () {34 vars in 694 bytes} [Tue Jul 21 07:56:29 2026] POST /v2.0/security-group-rules => generated 602 bytes in 142 msecs (HTTP/1.1 201) 4 headers in 162 bytes (1 switches on core 0) [pid: 7|app: 0|req: 1044/2105] 10.0.0.58 () {32 vars in 673 bytes} [Tue Jul 21 07:56:29 2026] GET /v2.0/qos/policies?tags=red => generated 1101 bytes in 206 msecs (HTTP/1.1 200) 4 headers in 158 bytes (1 switches on core 0)
2026-07-21 07:56:29.643 8 WARNING neutron.db.securitygroups_db [None req-963e61d2-7235-4771-a890-98c178a36f49 69089283d0d541e189d1e1fcb3351685 0dd71d0c4b33455ab175aca7c86f288e - - default default] project_id key not found in filters, using tenant_id instead. This support has been deprecated and will be removed in a future release.
2026-07-21 07:56:29.751 7 INFO neutron.db.ovn_revision_numbers_db [None req-229de669-dcbb-4d3e-bfaf-7a8dffb16a5d 372f35e5d4974bdfba00522fc0d7f22e 1e0a40ca54ca4c24945149765ff02fb2 - - default default] Successfully bumped revision number for resource fc0a0831-7b25-4a98-9f84-87b5d9c0c289 (type: security_group_rules) to 0
2026-07-21 07:56:29.775 8 INFO neutron.db.ovn_revision_numbers_db [None req-963e61d2-7235-4771-a890-98c178a36f49 69089283d0d541e189d1e1fcb3351685 0dd71d0c4b33455ab175aca7c86f288e - - default default] Successfully bumped revision number for resource 4b3e6065-f92c-403a-9d8d-3b305bc7ce80 (type: security_groups) to 1
2026-07-21 07:56:29.791 8 INFO neutron.db.ovn_revision_numbers_db [None req-963e61d2-7235-4771-a890-98c178a36f49 69089283d0d541e189d1e1fcb3351685 0dd71d0c4b33455ab175aca7c86f288e - - default default] Successfully bumped revision number for resource 3acd83db-3823-45d3-bab9-3a19039d81c0 (type: security_group_rules) to 0 [pid: 7|app: 0|req: 1045/2106] 10.0.0.58 () {34 vars in 694 bytes} [Tue Jul 21 07:56:29 2026] POST /v2.0/security-group-rules => generated 601 bytes in 176 msecs (HTTP/1.1 201) 4 headers in 162 bytes (1 switches on core 0)
2026-07-21 07:56:29.809 8 INFO neutron.db.ovn_revision_numbers_db [None req-963e61d2-7235-4771-a890-98c178a36f49 69089283d0d541e189d1e1fcb3351685 0dd71d0c4b33455ab175aca7c86f288e - - default default] Successfully bumped revision number for resource 4403cbbe-58a6-4784-82c3-1a2a1846780d (type: security_group_rules) to 0
2026-07-21 07:56:29.824 8 INFO neutron.db.ovn_revision_numbers_db [None req-963e61d2-7235-4771-a890-98c178a36f49 69089283d0d541e189d1e1fcb3351685 0dd71d0c4b33455ab175aca7c86f288e - - default default] Successfully bumped revision number for resource 94985722-6138-464f-863b-98bfd0a1e7c3 (type: security_group_rules) to 0
2026-07-21 07:56:29.836 8 INFO neutron.db.ovn_revision_numbers_db [None req-963e61d2-7235-4771-a890-98c178a36f49 69089283d0d541e189d1e1fcb3351685 0dd71d0c4b33455ab175aca7c86f288e - - default default] Successfully bumped revision number for resource fff1f390-78da-4d0c-9ddd-b25e030245ec (type: security_group_rules) to 0 [pid: 7|app: 0|req: 1046/2107] 10.0.0.58 () {32 vars in 687 bytes} [Tue Jul 21 07:56:29 2026] GET /v2.0/qos/policies?tags=red%2Cblue => generated 747 bytes in 79 msecs (HTTP/1.1 200) 4 headers in 157 bytes (1 switches on core 0) [pid: 8|app: 0|req: 1062/2108] 10.0.0.58 () {32 vars in 773 bytes} [Tue Jul 21 07:56:29 2026] GET /v2.0/security-groups?tenant_id=4230db08e06b4e7fa6c651b2e9b39206&name=default => generated 2925 bytes in 305 msecs (HTTP/1.1 200) 4 headers in 158 bytes (1 switches on core 0)
2026-07-21 07:56:29.920 7 INFO neutron.db.securitygroups_db [None req-3e4cb6fe-36e8-41e7-943c-0f7445946614 372f35e5d4974bdfba00522fc0d7f22e 1e0a40ca54ca4c24945149765ff02fb2 - - default default] Project 1e0a40ca54ca4c24945149765ff02fb2 added a security group rule with legacy IPv6 ICMP protocol name icmp, ipv6-icmp should be used instead. It was automatically converted. [pid: 8|app: 0|req: 1063/2109] 10.0.0.58 () {32 vars in 683 bytes} [Tue Jul 21 07:56:29 2026] GET /v2.0/qos/policies?tags-any=blue => generated 747 bytes in 56 msecs (HTTP/1.1 200) 4 headers in 157 bytes (1 switches on core 0)
2026-07-21 07:56:30.021 7 INFO neutron.db.ovn_revision_numbers_db [None req-3e4cb6fe-36e8-41e7-943c-0f7445946614 372f35e5d4974bdfba00522fc0d7f22e 1e0a40ca54ca4c24945149765ff02fb2 - - default default] Successfully bumped revision number for resource 92f0b90f-bb5a-45df-a31d-426047f2ac31 (type: security_group_rules) to 0 [pid: 7|app: 0|req: 1047/2110] 10.0.0.58 () {34 vars in 694 bytes} [Tue Jul 21 07:56:29 2026] POST /v2.0/security-group-rules => generated 607 bytes in 177 msecs (HTTP/1.1 201) 4 headers in 162 bytes (1 switches on core 0) [pid: 8|app: 0|req: 1064/2111] 10.0.0.58 () {32 vars in 739 bytes} [Tue Jul 21 07:56:29 2026] DELETE /v2.0/security-groups/4b3e6065-f92c-403a-9d8d-3b305bc7ce80 => generated 0 bytes in 184 msecs (HTTP/1.1 204) 2 headers in 112 bytes (1 switches on core 0) [pid: 7|app: 0|req: 1048/2112] 10.0.0.58 () {32 vars in 695 bytes} [Tue Jul 21 07:56:30 2026] GET /v2.0/qos/policies?tags-any=red%2Cblue => generated 1101 bytes in 86 msecs (HTTP/1.1 200) 4 headers in 158 bytes (1 switches on core 0)
2026-07-21 07:56:30.180 8 INFO neutron.db.securitygroups_db [None req-ee05da1e-9f4d-4058-ab8a-8602748ccffc 372f35e5d4974bdfba00522fc0d7f22e 1e0a40ca54ca4c24945149765ff02fb2 - - default default] Project 1e0a40ca54ca4c24945149765ff02fb2 added a security group rule with legacy IPv6 ICMP protocol name icmp, ipv6-icmp should be used instead. It was automatically converted. [pid: 7|app: 0|req: 1049/2113] 10.0.0.58 () {32 vars in 681 bytes} [Tue Jul 21 07:56:30 2026] GET /v2.0/qos/policies?not-tags=red => generated 719 bytes in 60 msecs (HTTP/1.1 200) 4 headers in 157 bytes (1 switches on core 0)
2026-07-21 07:56:30.264 8 INFO neutron.db.ovn_revision_numbers_db [None req-ee05da1e-9f4d-4058-ab8a-8602748ccffc 372f35e5d4974bdfba00522fc0d7f22e 1e0a40ca54ca4c24945149765ff02fb2 - - default default] Successfully bumped revision number for resource 39ec9606-ce0a-4a78-8e1a-50b996afbc84 (type: security_group_rules) to 0 [pid: 7|app: 0|req: 1050/2114] 10.0.0.58 () {32 vars in 695 bytes} [Tue Jul 21 07:56:30 2026] GET /v2.0/qos/policies?not-tags=red%2Cblue => generated 1073 bytes in 74 msecs (HTTP/1.1 200) 4 headers in 158 bytes (1 switches on core 0) [pid: 8|app: 0|req: 1065/2115] 10.0.0.58 () {34 vars in 694 bytes} [Tue Jul 21 07:56:30 2026] POST /v2.0/security-group-rules => generated 606 bytes in 149 msecs (HTTP/1.1 201) 4 headers in 162 bytes (1 switches on core 0)
2026-07-21 07:56:30.298 7 WARNING neutron.db.securitygroups_db [None req-7da60456-829d-4983-8768-a85c5a942765 69089283d0d541e189d1e1fcb3351685 0dd71d0c4b33455ab175aca7c86f288e - - default default] project_id key not found in filters, using tenant_id instead. This support has been deprecated and will be removed in a future release. [pid: 8|app: 0|req: 1066/2116] 10.0.0.58 () {32 vars in 691 bytes} [Tue Jul 21 07:56:30 2026] GET /v2.0/qos/policies?not-tags-any=blue => generated 1073 bytes in 80 msecs (HTTP/1.1 200) 4 headers in 158 bytes (1 switches on core 0) [pid: 8|app: 0|req: 1067/2117] 10.0.0.58 () {32 vars in 703 bytes} [Tue Jul 21 07:56:30 2026] GET /v2.0/qos/policies?not-tags-any=red%2Cblue => generated 719 bytes in 57 msecs (HTTP/1.1 200) 4 headers in 157 bytes (1 switches on core 0)
2026-07-21 07:56:30.446 7 INFO neutron.db.ovn_revision_numbers_db [None req-7da60456-829d-4983-8768-a85c5a942765 69089283d0d541e189d1e1fcb3351685 0dd71d0c4b33455ab175aca7c86f288e - - default default] Successfully bumped revision number for resource 0b2148af-bc41-4d4e-a1cd-f69d7f349d31 (type: security_groups) to 1
2026-07-21 07:56:30.458 7 INFO neutron.db.ovn_revision_numbers_db [None req-7da60456-829d-4983-8768-a85c5a942765 69089283d0d541e189d1e1fcb3351685 0dd71d0c4b33455ab175aca7c86f288e - - default default] Successfully bumped revision number for resource 3fb7a8d8-ae3f-45da-884b-b7cc26ee0b6b (type: security_group_rules) to 0
2026-07-21 07:56:30.473 7 INFO neutron.db.ovn_revision_numbers_db [None req-7da60456-829d-4983-8768-a85c5a942765 69089283d0d541e189d1e1fcb3351685 0dd71d0c4b33455ab175aca7c86f288e - - default default] Successfully bumped revision number for resource acdf31d5-b2e9-4a86-9e0e-b924f99e1bac (type: security_group_rules) to 0
2026-07-21 07:56:30.484 7 INFO neutron.db.ovn_revision_numbers_db [None req-7da60456-829d-4983-8768-a85c5a942765 69089283d0d541e189d1e1fcb3351685 0dd71d0c4b33455ab175aca7c86f288e - - default default] Successfully bumped revision number for resource e557b2fc-d01b-4a09-8750-b675102204bb (type: security_group_rules) to 0 [pid: 8|app: 0|req: 1068/2118] 10.0.0.58 () {32 vars in 733 bytes} [Tue Jul 21 07:56:30 2026] DELETE /v2.0/qos/policies/8914bf0b-006c-46ae-a8b3-6f6dd62eb14a => generated 0 bytes in 50 msecs (HTTP/1.1 204) 2 headers in 112 bytes (1 switches on core 0)
2026-07-21 07:56:30.498 7 INFO neutron.db.ovn_revision_numbers_db [None req-7da60456-829d-4983-8768-a85c5a942765 69089283d0d541e189d1e1fcb3351685 0dd71d0c4b33455ab175aca7c86f288e - - default default] Successfully bumped revision number for resource ff1f3194-b937-4989-a34a-6c380ee930ce (type: security_group_rules) to 0 [pid: 7|app: 0|req: 1051/2119] 10.0.0.58 () {32 vars in 773 bytes} [Tue Jul 21 07:56:30 2026] GET /v2.0/security-groups?tenant_id=e9707ec45dc1463893bb576c2f240fac&name=default => generated 2925 bytes in 241 msecs (HTTP/1.1 200) 4 headers in 158 bytes (1 switches on core 0) [pid: 8|app: 0|req: 1069/2120] 10.0.0.58 () {32 vars in 733 bytes} [Tue Jul 21 07:56:30 2026] DELETE /v2.0/qos/policies/a8a5ac36-00a8-4687-a402-d47f3558dba7 => generated 0 bytes in 50 msecs (HTTP/1.1 204) 2 headers in 112 bytes (1 switches on core 0) [pid: 8|app: 0|req: 1070/2121] 10.0.0.58 () {32 vars in 733 bytes} [Tue Jul 21 07:56:30 2026] DELETE /v2.0/qos/policies/b57bb6c8-ad2a-4388-ab03-443117ef8b22 => generated 0 bytes in 50 msecs (HTTP/1.1 204) 2 headers in 112 bytes (1 switches on core 0) [pid: 8|app: 0|req: 1071/2122] 10.0.0.58 () {32 vars in 733 bytes} [Tue Jul 21 07:56:30 2026] DELETE /v2.0/qos/policies/5ddbbb8f-75d9-4755-831f-35169cb991bf => generated 0 bytes in 58 msecs (HTTP/1.1 204) 2 headers in 112 bytes (1 switches on core 0) [pid: 8|app: 0|req: 1072/2123] 10.0.0.58 () {32 vars in 733 bytes} [Tue Jul 21 07:56:30 2026] DELETE /v2.0/qos/policies/403c2946-d3e0-4b03-89f2-fc7203d74601 => generated 0 bytes in 63 msecs (HTTP/1.1 204) 2 headers in 112 bytes (1 switches on core 0) [pid: 7|app: 0|req: 1052/2124] 10.0.0.58 () {32 vars in 739 bytes} [Tue Jul 21 07:56:30 2026] DELETE /v2.0/security-groups/0b2148af-bc41-4d4e-a1cd-f69d7f349d31 => generated 0 bytes in 202 msecs (HTTP/1.1 204) 2 headers in 112 bytes (1 switches on core 0)
2026-07-21 07:56:30.850 7 WARNING neutron.db.securitygroups_db [None req-4d5cbec4-f3c4-496c-8be9-b363cca260cf 69089283d0d541e189d1e1fcb3351685 0dd71d0c4b33455ab175aca7c86f288e - - default default] project_id key not found in filters, using tenant_id instead. This support has been deprecated and will be removed in a future release.
2026-07-21 07:56:30.894 8 INFO neutron.db.ovn_revision_numbers_db [None req-ae5e8e8f-5b8c-491c-8674-087335e9ab3e 372f35e5d4974bdfba00522fc0d7f22e 1e0a40ca54ca4c24945149765ff02fb2 - - default default] Successfully bumped revision number for resource a69d51e7-7857-44fe-a368-81552d81a69e (type: security_groups) to 1
2026-07-21 07:56:30.907 8 INFO neutron.db.ovn_revision_numbers_db [None req-ae5e8e8f-5b8c-491c-8674-087335e9ab3e 372f35e5d4974bdfba00522fc0d7f22e 1e0a40ca54ca4c24945149765ff02fb2 - - default default] Successfully bumped revision number for resource 7f4982d2-6ac0-4ad0-8ffc-79dd010f4ccb (type: security_group_rules) to 0
2026-07-21 07:56:30.918 8 INFO neutron.db.ovn_revision_numbers_db [None req-ae5e8e8f-5b8c-491c-8674-087335e9ab3e 372f35e5d4974bdfba00522fc0d7f22e 1e0a40ca54ca4c24945149765ff02fb2 - - default default] Successfully bumped revision number for resource bc3e5d37-e96c-4895-87a7-f59a060cb06d (type: security_group_rules) to 0 [pid: 8|app: 0|req: 1073/2125] 10.0.0.58 () {34 vars in 684 bytes} [Tue Jul 21 07:56:30 2026] POST /v2.0/security-groups => generated 1659 bytes in 236 msecs (HTTP/1.1 201) 4 headers in 163 bytes (1 switches on core 0)
2026-07-21 07:56:30.997 7 INFO neutron.db.ovn_revision_numbers_db [None req-4d5cbec4-f3c4-496c-8be9-b363cca260cf 69089283d0d541e189d1e1fcb3351685 0dd71d0c4b33455ab175aca7c86f288e - - default default] Successfully bumped revision number for resource 5698d70b-2a69-4c9d-8daa-499265c93e14 (type: security_groups) to 1
2026-07-21 07:56:31.009 7 INFO neutron.db.ovn_revision_numbers_db [None req-4d5cbec4-f3c4-496c-8be9-b363cca260cf 69089283d0d541e189d1e1fcb3351685 0dd71d0c4b33455ab175aca7c86f288e - - default default] Successfully bumped revision number for resource 2bc15f03-81e1-4574-96be-ab00a9bd9629 (type: security_group_rules) to 0
2026-07-21 07:56:31.022 7 INFO neutron.db.ovn_revision_numbers_db [None req-4d5cbec4-f3c4-496c-8be9-b363cca260cf 69089283d0d541e189d1e1fcb3351685 0dd71d0c4b33455ab175aca7c86f288e - - default default] Successfully bumped revision number for resource 4bf673eb-bed3-4c35-a56b-759b4c257bfc (type: security_group_rules) to 0
2026-07-21 07:56:31.037 7 INFO neutron.db.ovn_revision_numbers_db [None req-4d5cbec4-f3c4-496c-8be9-b363cca260cf 69089283d0d541e189d1e1fcb3351685 0dd71d0c4b33455ab175aca7c86f288e - - default default] Successfully bumped revision number for resource 82bebccc-3dc7-4dd2-9229-fb0170dbfe34 (type: security_group_rules) to 0
2026-07-21 07:56:31.050 7 INFO neutron.db.ovn_revision_numbers_db [None req-4d5cbec4-f3c4-496c-8be9-b363cca260cf 69089283d0d541e189d1e1fcb3351685 0dd71d0c4b33455ab175aca7c86f288e - - default default] Successfully bumped revision number for resource c5648aae-ca54-46ff-835e-82983e3e80b3 (type: security_group_rules) to 0 [pid: 7|app: 0|req: 1053/2126] 10.0.0.58 () {32 vars in 773 bytes} [Tue Jul 21 07:56:30 2026] GET /v2.0/security-groups?tenant_id=283a12b0eb0742b689253386a7288ea0&name=default => generated 2925 bytes in 248 msecs (HTTP/1.1 200) 4 headers in 158 bytes (1 switches on core 0)
2026-07-21 07:56:31.110 8 INFO neutron.db.ovn_revision_numbers_db [None req-d41e0911-daca-487b-a0ec-5509c68b12e5 372f35e5d4974bdfba00522fc0d7f22e 1e0a40ca54ca4c24945149765ff02fb2 - - default default] Successfully bumped revision number for resource 66f68136-31a7-4fde-a6d6-5797a78ee7e9 (type: security_group_rules) to 0 [pid: 8|app: 0|req: 1074/2127] 10.0.0.58 () {34 vars in 694 bytes} [Tue Jul 21 07:56:30 2026] POST /v2.0/security-group-rules => generated 597 bytes in 171 msecs (HTTP/1.1 201) 4 headers in 162 bytes (1 switches on core 0)
2026-07-21 07:56:31.265 8 INFO neutron.db.ovn_revision_numbers_db [None req-76dcdf1e-3c29-4723-a5d2-0bceb1dfe3c3 372f35e5d4974bdfba00522fc0d7f22e 1e0a40ca54ca4c24945149765ff02fb2 - - default default] Successfully bumped revision number for resource cdf4175b-b451-4ade-9edf-5132bc95e545 (type: security_group_rules) to 0 [pid: 7|app: 0|req: 1054/2128] 10.0.0.58 () {32 vars in 739 bytes} [Tue Jul 21 07:56:31 2026] DELETE /v2.0/security-groups/5698d70b-2a69-4c9d-8daa-499265c93e14 => generated 0 bytes in 205 msecs (HTTP/1.1 204) 2 headers in 112 bytes (1 switches on core 0) [pid: 8|app: 0|req: 1075/2129] 10.0.0.58 () {34 vars in 694 bytes} [Tue Jul 21 07:56:31 2026] POST /v2.0/security-group-rules => generated 602 bytes in 154 msecs (HTTP/1.1 201) 4 headers in 162 bytes (1 switches on core 0)
2026-07-21 07:56:31.559 7 WARNING neutron.scheduler.dhcp_agent_scheduler [None req-f54ffb2a-ee40-4c01-94e0-de1bee184af7 372f35e5d4974bdfba00522fc0d7f22e 1e0a40ca54ca4c24945149765ff02fb2 - - default default] No more DHCP agents
2026-07-21 07:56:31.560 7 WARNING neutron.api.rpc.agentnotifiers.dhcp_rpc_agent_api [None req-f54ffb2a-ee40-4c01-94e0-de1bee184af7 372f35e5d4974bdfba00522fc0d7f22e 1e0a40ca54ca4c24945149765ff02fb2 - - default default] Unable to schedule network 701dd12f-0fd9-48c2-aadb-2e4752e81fe8: no agents available; will retry on subsequent port and subnet creation events.
2026-07-21 07:56:31.755 8 WARNING neutron.db.securitygroups_db [None req-54190573-1ef1-4a45-9874-e81bc83f8de4 69089283d0d541e189d1e1fcb3351685 0dd71d0c4b33455ab175aca7c86f288e - - default default] project_id key not found in filters, using tenant_id instead. This support has been deprecated and will be removed in a future release. [pid: 7|app: 0|req: 1055/2130] 10.0.0.58 () {34 vars in 675 bytes} [Tue Jul 21 07:56:31 2026] POST /v2.0/floatingips => generated 552 bytes in 544 msecs (HTTP/1.1 201) 4 headers in 162 bytes (1 switches on core 0)
2026-07-21 07:56:31.937 8 INFO neutron.db.ovn_revision_numbers_db [None req-54190573-1ef1-4a45-9874-e81bc83f8de4 69089283d0d541e189d1e1fcb3351685 0dd71d0c4b33455ab175aca7c86f288e - - default default] Successfully bumped revision number for resource e21be956-4c52-47ff-b647-44f8caaaa5ef (type: security_groups) to 1
2026-07-21 07:56:31.949 8 INFO neutron.db.ovn_revision_numbers_db [None req-54190573-1ef1-4a45-9874-e81bc83f8de4 69089283d0d541e189d1e1fcb3351685 0dd71d0c4b33455ab175aca7c86f288e - - default default] Successfully bumped revision number for resource 390590d6-6597-47ca-b304-2d508ae6427e (type: security_group_rules) to 0
2026-07-21 07:56:31.961 8 INFO neutron.db.ovn_revision_numbers_db [None req-54190573-1ef1-4a45-9874-e81bc83f8de4 69089283d0d541e189d1e1fcb3351685 0dd71d0c4b33455ab175aca7c86f288e - - default default] Successfully bumped revision number for resource 6208f6fc-498b-4f6e-9292-6f61e359bb7f (type: security_group_rules) to 0
2026-07-21 07:56:31.973 8 INFO neutron.db.ovn_revision_numbers_db [None req-54190573-1ef1-4a45-9874-e81bc83f8de4 69089283d0d541e189d1e1fcb3351685 0dd71d0c4b33455ab175aca7c86f288e - - default default] Successfully bumped revision number for resource ac583fbc-2ef8-4bda-b2a3-d04480da9436 (type: security_group_rules) to 0
2026-07-21 07:56:31.986 8 INFO neutron.db.ovn_revision_numbers_db [None req-54190573-1ef1-4a45-9874-e81bc83f8de4 69089283d0d541e189d1e1fcb3351685 0dd71d0c4b33455ab175aca7c86f288e - - default default] Successfully bumped revision number for resource ef28b120-9ed1-4872-a7b9-62c28476a9c4 (type: security_group_rules) to 0 [pid: 8|app: 0|req: 1076/2131] 10.0.0.58 () {32 vars in 773 bytes} [Tue Jul 21 07:56:31 2026] GET /v2.0/security-groups?tenant_id=f079d32e595649cca8678b331a07a1fb&name=default => generated 2925 bytes in 457 msecs (HTTP/1.1 200) 4 headers in 158 bytes (1 switches on core 0)
2026-07-21 07:56:32.032 8 WARNING neutron.db.securitygroups_db [req-3560dfe5-f2cf-46f8-a1da-b9f1144ecacc req-bfa89dbe-fa83-4427-8916-32604d5003c2 372f35e5d4974bdfba00522fc0d7f22e 1e0a40ca54ca4c24945149765ff02fb2 - - default default] project_id key not found in filters, using tenant_id instead. This support has been deprecated and will be removed in a future release. [pid: 8|app: 0|req: 1077/2132] 10.0.0.124 () {34 vars in 1100 bytes} [Tue Jul 21 07:56:32 2026] GET /v2.0/security-groups?name=tempest-secgroup-smoke-1394738071&fields=id&tenant_id=1e0a40ca54ca4c24945149765ff02fb2 => generated 69 bytes in 29 msecs (HTTP/1.1 200) 4 headers in 156 bytes (1 switches on core 0)
2026-07-21 07:56:32.158 7 WARNING neutron.scheduler.dhcp_agent_scheduler [None req-19beaf94-9650-45d8-9cd2-b46072e81797 9098062352744162a6ba5efecbca3c8f e1f88703f3bf416c853c950dd3651841 - - default default] No more DHCP agents
2026-07-21 07:56:32.160 7 WARNING neutron.api.rpc.agentnotifiers.dhcp_rpc_agent_api [None req-19beaf94-9650-45d8-9cd2-b46072e81797 9098062352744162a6ba5efecbca3c8f e1f88703f3bf416c853c950dd3651841 - - default default] Unable to schedule network 701dd12f-0fd9-48c2-aadb-2e4752e81fe8: no agents available; will retry on subsequent port and subnet creation events. [pid: 8|app: 0|req: 1078/2133] 10.0.0.58 () {32 vars in 739 bytes} [Tue Jul 21 07:56:32 2026] DELETE /v2.0/security-groups/e21be956-4c52-47ff-b647-44f8caaaa5ef => generated 0 bytes in 192 msecs (HTTP/1.1 204) 2 headers in 112 bytes (1 switches on core 0)
2026-07-21 07:56:32.254 8 WARNING neutron.db.securitygroups_db [req-3560dfe5-f2cf-46f8-a1da-b9f1144ecacc req-4813aa42-4e6f-4a5e-81e9-4a9540e89123 372f35e5d4974bdfba00522fc0d7f22e 1e0a40ca54ca4c24945149765ff02fb2 - - default default] project_id key not found in filters, using tenant_id instead. This support has been deprecated and will be removed in a future release. [pid: 8|app: 0|req: 1079/2134] 10.0.0.124 () {34 vars in 1098 bytes} [Tue Jul 21 07:56:32 2026] GET /v2.0/security-groups?name=tempest-securitygroup--336797294&fields=id&tenant_id=1e0a40ca54ca4c24945149765ff02fb2 => generated 69 bytes in 33 msecs (HTTP/1.1 200) 4 headers in 156 bytes (1 switches on core 0) [pid: 8|app: 0|req: 1080/2135] 10.0.0.124 () {34 vars in 982 bytes} [Tue Jul 21 07:56:32 2026] GET /v2.0/networks?id=a6e728f0-bf0c-464a-bebe-c703731d1ed9 => generated 711 bytes in 46 msecs (HTTP/1.1 200) 4 headers in 157 bytes (1 switches on core 0)
2026-07-21 07:56:32.352 8 WARNING neutron.db.securitygroups_db [None req-9eab62ba-a6b9-42f9-87c6-8c2fe4b1f8ca 69089283d0d541e189d1e1fcb3351685 0dd71d0c4b33455ab175aca7c86f288e - - default default] project_id key not found in filters, using tenant_id instead. This support has been deprecated and will be removed in a future release.
2026-07-21 07:56:32.477 8 INFO neutron.db.ovn_revision_numbers_db [None req-9eab62ba-a6b9-42f9-87c6-8c2fe4b1f8ca 69089283d0d541e189d1e1fcb3351685 0dd71d0c4b33455ab175aca7c86f288e - - default default] Successfully bumped revision number for resource 5d333a3c-9a2c-4979-9474-0edbdff88e3c (type: security_groups) to 1
2026-07-21 07:56:32.489 8 INFO neutron.db.ovn_revision_numbers_db [None req-9eab62ba-a6b9-42f9-87c6-8c2fe4b1f8ca 69089283d0d541e189d1e1fcb3351685 0dd71d0c4b33455ab175aca7c86f288e - - default default] Successfully bumped revision number for resource 1ff267a2-7816-4a82-874f-2d028af2481e (type: security_group_rules) to 0 [pid: 7|app: 0|req: 1056/2136] 10.0.0.58 () {34 vars in 675 bytes} [Tue Jul 21 07:56:31 2026] POST /v2.0/floatingips => generated 552 bytes in 641 msecs (HTTP/1.1 201) 4 headers in 162 bytes (1 switches on core 0)
2026-07-21 07:56:32.506 8 INFO neutron.db.ovn_revision_numbers_db [None req-9eab62ba-a6b9-42f9-87c6-8c2fe4b1f8ca 69089283d0d541e189d1e1fcb3351685 0dd71d0c4b33455ab175aca7c86f288e - - default default] Successfully bumped revision number for resource 6a6f8a27-6768-4032-b7c6-8375b0533fcb (type: security_group_rules) to 0 [pid: 7|app: 0|req: 1057/2137] 10.0.0.124 () {34 vars in 965 bytes} [Tue Jul 21 07:56:32 2026] GET /v2.0/quotas/1e0a40ca54ca4c24945149765ff02fb2 => generated 312 bytes in 12 msecs (HTTP/1.1 200) 4 headers in 157 bytes (1 switches on core 0)
2026-07-21 07:56:32.517 8 INFO neutron.db.ovn_revision_numbers_db [None req-9eab62ba-a6b9-42f9-87c6-8c2fe4b1f8ca 69089283d0d541e189d1e1fcb3351685 0dd71d0c4b33455ab175aca7c86f288e - - default default] Successfully bumped revision number for resource ab511872-e48b-4973-a362-2d0184ca1103 (type: security_group_rules) to 0
2026-07-21 07:56:32.533 7 WARNING tagging [None req-e13c5426-d914-4ec5-86b6-0e49ada2b816 9098062352744162a6ba5efecbca3c8f e1f88703f3bf416c853c950dd3651841 - - default default] project_id key not found in request, using tenant_id instead. This support has been deprecated and will be removed in a future release.
2026-07-21 07:56:32.534 8 INFO neutron.db.ovn_revision_numbers_db [None req-9eab62ba-a6b9-42f9-87c6-8c2fe4b1f8ca 69089283d0d541e189d1e1fcb3351685 0dd71d0c4b33455ab175aca7c86f288e - - default default] Successfully bumped revision number for resource fc78c8d5-27c6-403a-8e7e-30e81624466e (type: security_group_rules) to 0 [pid: 7|app: 0|req: 1058/2138] 10.0.0.58 () {34 vars in 758 bytes} [Tue Jul 21 07:56:32 2026] PUT /v2.0/floatingips/6adfc827-457c-46eb-b451-04fd539c8fcc/tags => generated 25 bytes in 54 msecs (HTTP/1.1 200) 4 headers in 156 bytes (1 switches on core 0) [pid: 8|app: 0|req: 1081/2139] 10.0.0.58 () {32 vars in 773 bytes} [Tue Jul 21 07:56:32 2026] GET /v2.0/security-groups?tenant_id=47ab6b6c32404cd893eae6fa90903a75&name=default => generated 2925 bytes in 231 msecs (HTTP/1.1 200) 4 headers in 158 bytes (1 switches on core 0)
2026-07-21 07:56:32.600 8 WARNING tagging [None req-2418afe9-ebe9-4f5c-8b70-fc0d15be51e7 9098062352744162a6ba5efecbca3c8f e1f88703f3bf416c853c950dd3651841 - - default default] project_id key not found in request, using tenant_id instead. This support has been deprecated and will be removed in a future release. [pid: 8|app: 0|req: 1082/2140] 10.0.0.58 () {32 vars in 738 bytes} [Tue Jul 21 07:56:32 2026] GET /v2.0/floatingips/6adfc827-457c-46eb-b451-04fd539c8fcc/tags => generated 25 bytes in 40 msecs (HTTP/1.1 200) 4 headers in 156 bytes (1 switches on core 0) [pid: 7|app: 0|req: 1059/2141] 10.0.0.124 () {34 vars in 1002 bytes} [Tue Jul 21 07:56:32 2026] GET /v2.0/ports?tenant_id=1e0a40ca54ca4c24945149765ff02fb2&fields=id => generated 103 bytes in 67 msecs (HTTP/1.1 200) 4 headers in 157 bytes (1 switches on core 0)
2026-07-21 07:56:32.687 7 WARNING tagging [None req-cbc91002-a6e0-4872-bf43-f088747ea6cd 9098062352744162a6ba5efecbca3c8f e1f88703f3bf416c853c950dd3651841 - - default default] project_id key not found in request, using tenant_id instead. This support has been deprecated and will be removed in a future release. [pid: 7|app: 0|req: 1060/2142] 10.0.0.58 () {34 vars in 769 bytes} [Tue Jul 21 07:56:32 2026] PUT /v2.0/floatingips/6adfc827-457c-46eb-b451-04fd539c8fcc/tags/green => generated 4 bytes in 130 msecs (HTTP/1.1 201) 4 headers in 160 bytes (1 switches on core 0) [pid: 7|app: 0|req: 1061/2143] 10.0.0.124 () {34 vars in 1008 bytes} [Tue Jul 21 07:56:32 2026] GET /v2.0/networks/a6e728f0-bf0c-464a-bebe-c703731d1ed9?fields=segments => generated 14 bytes in 56 msecs (HTTP/1.1 200) 4 headers in 156 bytes (1 switches on core 0)
2026-07-21 07:56:32.837 7 WARNING tagging [None req-612e679d-dae9-4144-b702-46b95baaa28d 9098062352744162a6ba5efecbca3c8f e1f88703f3bf416c853c950dd3651841 - - default default] project_id key not found in request, using tenant_id instead. This support has been deprecated and will be removed in a future release. [pid: 8|app: 0|req: 1083/2144] 10.0.0.58 () {32 vars in 739 bytes} [Tue Jul 21 07:56:32 2026] DELETE /v2.0/security-groups/5d333a3c-9a2c-4979-9474-0edbdff88e3c => generated 0 bytes in 226 msecs (HTTP/1.1 204) 2 headers in 112 bytes (1 switches on core 0) [pid: 7|app: 0|req: 1062/2145] 10.0.0.58 () {32 vars in 738 bytes} [Tue Jul 21 07:56:32 2026] GET /v2.0/floatingips/6adfc827-457c-46eb-b451-04fd539c8fcc/tags => generated 34 bytes in 34 msecs (HTTP/1.1 200) 4 headers in 156 bytes (1 switches on core 0)
2026-07-21 07:56:32.878 7 WARNING tagging [None req-d370c58d-2f44-4c4f-b2b3-1d9eb2fc54f6 9098062352744162a6ba5efecbca3c8f e1f88703f3bf416c853c950dd3651841 - - default default] project_id key not found in request, using tenant_id instead. This support has been deprecated and will be removed in a future release. [pid: 8|app: 0|req: 1084/2146] 10.0.0.124 () {34 vars in 1108 bytes} [Tue Jul 21 07:56:32 2026] GET /v2.0/networks/a6e728f0-bf0c-464a-bebe-c703731d1ed9?fields=provider%3Aphysical_network&fields=provider%3Anetwork_type => generated 79 bytes in 47 msecs (HTTP/1.1 200) 4 headers in 156 bytes (1 switches on core 0) [pid: 7|app: 0|req: 1063/2147] 10.0.0.58 () {34 vars in 765 bytes} [Tue Jul 21 07:56:32 2026] PUT /v2.0/floatingips/6adfc827-457c-46eb-b451-04fd539c8fcc/tags/red => generated 4 bytes in 55 msecs (HTTP/1.1 201) 4 headers in 160 bytes (1 switches on core 0)
2026-07-21 07:56:32.945 8 WARNING tagging [None req-dfd444e7-2e4b-4d2f-94fc-3353ad2bebf2 9098062352744162a6ba5efecbca3c8f e1f88703f3bf416c853c950dd3651841 - - default default] project_id key not found in request, using tenant_id instead. This support has been deprecated and will be removed in a future release. [pid: 8|app: 0|req: 1085/2148] 10.0.0.58 () {32 vars in 738 bytes} [Tue Jul 21 07:56:32 2026] GET /v2.0/floatingips/6adfc827-457c-46eb-b451-04fd539c8fcc/tags => generated 34 bytes in 46 msecs (HTTP/1.1 200) 4 headers in 156 bytes (1 switches on core 0)
2026-07-21 07:56:32.992 7 WARNING tagging [None req-ae0d0d57-fee1-4241-906f-c42b058a1019 9098062352744162a6ba5efecbca3c8f e1f88703f3bf416c853c950dd3651841 - - default default] project_id key not found in request, using tenant_id instead. This support has been deprecated and will be removed in a future release. [pid: 7|app: 0|req: 1064/2149] 10.0.0.58 () {34 vars in 787 bytes} [Tue Jul 21 07:56:32 2026] PUT /v2.0/floatingips/6adfc827-457c-46eb-b451-04fd539c8fcc/tags/black.or.white => generated 4 bytes in 79 msecs (HTTP/1.1 201) 4 headers in 160 bytes (1 switches on core 0) [pid: 8|app: 0|req: 1086/2150] 10.0.0.124 () {34 vars in 1070 bytes} [Tue Jul 21 07:56:33 2026] GET /v2.0/ports?fields=security_groups&fields=device_id&device_id=9d48c3a3-0b39-484c-a798-3dcfb25d8ead => generated 12 bytes in 19 msecs (HTTP/1.1 200) 4 headers in 156 bytes (1 switches on core 0)
2026-07-21 07:56:33.053 7 WARNING neutron.db.securitygroups_db [None req-7eb33dda-172d-4bdc-88c4-446f5ca6e75f 69089283d0d541e189d1e1fcb3351685 0dd71d0c4b33455ab175aca7c86f288e - - default default] project_id key not found in filters, using tenant_id instead. This support has been deprecated and will be removed in a future release.
2026-07-21 07:56:33.075 8 WARNING tagging [None req-38a3fd7c-a695-4cbd-ba6b-329fade7ee58 9098062352744162a6ba5efecbca3c8f e1f88703f3bf416c853c950dd3651841 - - default default] project_id key not found in request, using tenant_id instead. This support has been deprecated and will be removed in a future release. [pid: 8|app: 0|req: 1087/2151] 10.0.0.58 () {32 vars in 738 bytes} [Tue Jul 21 07:56:33 2026] GET /v2.0/floatingips/6adfc827-457c-46eb-b451-04fd539c8fcc/tags => generated 52 bytes in 38 msecs (HTTP/1.1 200) 4 headers in 156 bytes (1 switches on core 0)
2026-07-21 07:56:33.119 8 WARNING tagging [None req-92af0bbc-281c-4d2f-a310-02cea49baa01 9098062352744162a6ba5efecbca3c8f e1f88703f3bf416c853c950dd3651841 - - default default] project_id key not found in request, using tenant_id instead. This support has been deprecated and will be removed in a future release. [pid: 8|app: 0|req: 1088/2152] 10.0.0.58 () {34 vars in 758 bytes} [Tue Jul 21 07:56:33 2026] PUT /v2.0/floatingips/6adfc827-457c-46eb-b451-04fd539c8fcc/tags => generated 37 bytes in 69 msecs (HTTP/1.1 200) 4 headers in 156 bytes (1 switches on core 0)
2026-07-21 07:56:33.176 7 INFO neutron.db.ovn_revision_numbers_db [None req-7eb33dda-172d-4bdc-88c4-446f5ca6e75f 69089283d0d541e189d1e1fcb3351685 0dd71d0c4b33455ab175aca7c86f288e - - default default] Successfully bumped revision number for resource 8b54857d-4f3b-4881-ad3d-01c8a3498a34 (type: security_groups) to 1
2026-07-21 07:56:33.189 7 INFO neutron.db.ovn_revision_numbers_db [None req-7eb33dda-172d-4bdc-88c4-446f5ca6e75f 69089283d0d541e189d1e1fcb3351685 0dd71d0c4b33455ab175aca7c86f288e - - default default] Successfully bumped revision number for resource 0832c482-af72-454a-b7af-7a1a66f38d29 (type: security_group_rules) to 0
2026-07-21 07:56:33.192 8 WARNING tagging [None req-00288f14-3ef1-4738-8aaa-4691c0631c8f 9098062352744162a6ba5efecbca3c8f e1f88703f3bf416c853c950dd3651841 - - default default] project_id key not found in request, using tenant_id instead. This support has been deprecated and will be removed in a future release.
2026-07-21 07:56:33.203 7 INFO neutron.db.ovn_revision_numbers_db [None req-7eb33dda-172d-4bdc-88c4-446f5ca6e75f 69089283d0d541e189d1e1fcb3351685 0dd71d0c4b33455ab175aca7c86f288e - - default default] Successfully bumped revision number for resource 5cfc5ef3-0ade-4947-9ae7-698fcc6085da (type: security_group_rules) to 0
2026-07-21 07:56:33.214 7 INFO neutron.db.ovn_revision_numbers_db [None req-7eb33dda-172d-4bdc-88c4-446f5ca6e75f 69089283d0d541e189d1e1fcb3351685 0dd71d0c4b33455ab175aca7c86f288e - - default default] Successfully bumped revision number for resource 5d126d6a-b7cf-4dea-8012-4e4ec7353e11 (type: security_group_rules) to 0 [pid: 8|app: 0|req: 1089/2153] 10.0.0.58 () {32 vars in 738 bytes} [Tue Jul 21 07:56:33 2026] GET /v2.0/floatingips/6adfc827-457c-46eb-b451-04fd539c8fcc/tags => generated 37 bytes in 47 msecs (HTTP/1.1 200) 4 headers in 156 bytes (1 switches on core 0)
2026-07-21 07:56:33.226 7 INFO neutron.db.ovn_revision_numbers_db [None req-7eb33dda-172d-4bdc-88c4-446f5ca6e75f 69089283d0d541e189d1e1fcb3351685 0dd71d0c4b33455ab175aca7c86f288e - - default default] Successfully bumped revision number for resource 71384b3a-eba1-47db-b278-52beccfc6d47 (type: security_group_rules) to 0
2026-07-21 07:56:33.244 8 WARNING tagging [None req-abe18e94-1bda-47e1-94bf-c29076d61efd 9098062352744162a6ba5efecbca3c8f e1f88703f3bf416c853c950dd3651841 - - default default] project_id key not found in request, using tenant_id instead. This support has been deprecated and will be removed in a future release. [pid: 8|app: 0|req: 1090/2154] 10.0.0.58 () {32 vars in 746 bytes} [Tue Jul 21 07:56:33 2026] GET /v2.0/floatingips/6adfc827-457c-46eb-b451-04fd539c8fcc/tags/red => generated 0 bytes in 41 msecs (HTTP/1.1 204) 2 headers in 112 bytes (1 switches on core 0) [pid: 7|app: 0|req: 1065/2155] 10.0.0.58 () {32 vars in 773 bytes} [Tue Jul 21 07:56:33 2026] GET /v2.0/security-groups?tenant_id=6f25411a08d84f10b4c87e7be29fc5b9&name=default => generated 2925 bytes in 218 msecs (HTTP/1.1 200) 4 headers in 158 bytes (1 switches on core 0)
2026-07-21 07:56:33.292 8 WARNING tagging [None req-d42950c8-fd63-4bd6-86ff-9028e3d5b4bb 9098062352744162a6ba5efecbca3c8f e1f88703f3bf416c853c950dd3651841 - - default default] project_id key not found in request, using tenant_id instead. This support has been deprecated and will be removed in a future release.
2026-07-21 07:56:33.315 8 INFO neutron.api.v2.resource [None req-d42950c8-fd63-4bd6-86ff-9028e3d5b4bb 9098062352744162a6ba5efecbca3c8f e1f88703f3bf416c853c950dd3651841 - - default default] show failed (client error): The resource could not be found. [pid: 8|app: 0|req: 1091/2156] 10.0.0.58 () {32 vars in 750 bytes} [Tue Jul 21 07:56:33 2026] GET /v2.0/floatingips/6adfc827-457c-46eb-b451-04fd539c8fcc/tags/green => generated 99 bytes in 50 msecs (HTTP/1.1 404) 4 headers in 163 bytes (1 switches on core 0)
2026-07-21 07:56:33.375 8 WARNING tagging [None req-f164f216-e3ae-4f74-9a9e-01d4554ab7a9 9098062352744162a6ba5efecbca3c8f e1f88703f3bf416c853c950dd3651841 - - default default] project_id key not found in request, using tenant_id instead. This support has been deprecated and will be removed in a future release. [pid: 8|app: 0|req: 1092/2157] 10.0.0.58 () {32 vars in 749 bytes} [Tue Jul 21 07:56:33 2026] DELETE /v2.0/floatingips/6adfc827-457c-46eb-b451-04fd539c8fcc/tags/red => generated 0 bytes in 102 msecs (HTTP/1.1 204) 2 headers in 112 bytes (1 switches on core 0)
2026-07-21 07:56:33.468 8 WARNING tagging [None req-305ee320-c697-4bc4-b595-e36f9ff1691f 9098062352744162a6ba5efecbca3c8f e1f88703f3bf416c853c950dd3651841 - - default default] project_id key not found in request, using tenant_id instead. This support has been deprecated and will be removed in a future release. [pid: 8|app: 0|req: 1093/2158] 10.0.0.58 () {32 vars in 738 bytes} [Tue Jul 21 07:56:33 2026] GET /v2.0/floatingips/6adfc827-457c-46eb-b451-04fd539c8fcc/tags => generated 30 bytes in 61 msecs (HTTP/1.1 200) 4 headers in 156 bytes (1 switches on core 0) [pid: 7|app: 0|req: 1066/2159] 10.0.0.58 () {32 vars in 739 bytes} [Tue Jul 21 07:56:33 2026] DELETE /v2.0/security-groups/8b54857d-4f3b-4881-ad3d-01c8a3498a34 => generated 0 bytes in 231 msecs (HTTP/1.1 204) 2 headers in 112 bytes (1 switches on core 0)
2026-07-21 07:56:33.524 8 WARNING tagging [None req-b538cf8d-725d-4167-98f7-e0815069b4a6 9098062352744162a6ba5efecbca3c8f e1f88703f3bf416c853c950dd3651841 - - default default] project_id key not found in request, using tenant_id instead. This support has been deprecated and will be removed in a future release.
2026-07-21 07:56:33.551 8 INFO neutron.api.v2.resource [None req-b538cf8d-725d-4167-98f7-e0815069b4a6 9098062352744162a6ba5efecbca3c8f e1f88703f3bf416c853c950dd3651841 - - default default] delete failed (client error): The resource could not be found. [pid: 8|app: 0|req: 1094/2160] 10.0.0.58 () {32 vars in 753 bytes} [Tue Jul 21 07:56:33 2026] DELETE /v2.0/floatingips/6adfc827-457c-46eb-b451-04fd539c8fcc/tags/green => generated 99 bytes in 52 msecs (HTTP/1.1 404) 4 headers in 163 bytes (1 switches on core 0)
2026-07-21 07:56:33.593 7 WARNING tagging [None req-6d9d55a8-9700-442c-845f-40493a590a3f 9098062352744162a6ba5efecbca3c8f e1f88703f3bf416c853c950dd3651841 - - default default] project_id key not found in request, using tenant_id instead. This support has been deprecated and will be removed in a future release. [pid: 7|app: 0|req: 1067/2161] 10.0.0.58 () {32 vars in 741 bytes} [Tue Jul 21 07:56:33 2026] DELETE /v2.0/floatingips/6adfc827-457c-46eb-b451-04fd539c8fcc/tags => generated 0 bytes in 82 msecs (HTTP/1.1 204) 2 headers in 112 bytes (1 switches on core 0)
2026-07-21 07:56:33.671 8 WARNING tagging [None req-e287220f-65c1-4442-b2b3-9d879139cbec 9098062352744162a6ba5efecbca3c8f e1f88703f3bf416c853c950dd3651841 - - default default] project_id key not found in request, using tenant_id instead. This support has been deprecated and will be removed in a future release. [pid: 8|app: 0|req: 1095/2162] 10.0.0.58 () {32 vars in 738 bytes} [Tue Jul 21 07:56:33 2026] GET /v2.0/floatingips/6adfc827-457c-46eb-b451-04fd539c8fcc/tags => generated 12 bytes in 45 msecs (HTTP/1.1 200) 4 headers in 156 bytes (1 switches on core 0)
2026-07-21 07:56:33.783 8 WARNING neutron.plugins.ml2.drivers.ovn.mech_driver.ovsdb.ovn_client [None req-fdc910f9-c87f-4ca8-9540-2d76e95c3f4e - - - - - -] No hosting information found for port 8184fd41-760e-48f9-8bdc-be3ccec6da59: RuntimeError: No hosting information found for port 8184fd41-760e-48f9-8bdc-be3ccec6da59
2026-07-21 07:56:33.829 8 INFO neutron.common.ovn.utils [None req-fdc910f9-c87f-4ca8-9540-2d76e95c3f4e - - - - - -] HA Chassis Group neutron-ede6fb96-9f0a-45d9-b070-591f184f7120 synchronized; highest priority chassis 071b386c-0da5-40d5-a4ca-eec3f94ac15f
2026-07-21 07:56:33.886 7 INFO neutron_taas.services.taas.taas_plugin [None req-a8893231-b60f-40d1-9f38-bb08a1e8df96 9098062352744162a6ba5efecbca3c8f e1f88703f3bf416c853c950dd3651841 - - default default] TaaS: Handle Delete Port: b668a439-9b63-488d-98b8-012877cebab7
2026-07-21 07:56:33.894 7 INFO neutron_taas.services.taas.tap_mirror_plugin [None req-a8893231-b60f-40d1-9f38-bb08a1e8df96 9098062352744162a6ba5efecbca3c8f e1f88703f3bf416c853c950dd3651841 - - default default] Tap Mirror: Handle Delete Port: b668a439-9b63-488d-98b8-012877cebab7
2026-07-21 07:56:33.947 8 INFO neutron.db.ovn_revision_numbers_db [None req-fdc910f9-c87f-4ca8-9540-2d76e95c3f4e - - - - - -] Successfully bumped revision number for resource 8184fd41-760e-48f9-8bdc-be3ccec6da59 (type: router_ports) to 2 [pid: 7|app: 0|req: 1068/2163] 10.0.0.58 () {32 vars in 731 bytes} [Tue Jul 21 07:56:33 2026] DELETE /v2.0/floatingips/6adfc827-457c-46eb-b451-04fd539c8fcc => generated 0 bytes in 363 msecs (HTTP/1.1 204) 2 headers in 112 bytes (1 switches on core 0) [pid: 8|app: 0|req: 1096/2164] 10.0.0.124 () {34 vars in 1070 bytes} [Tue Jul 21 07:56:34 2026] GET /v2.0/ports?fields=security_groups&fields=device_id&device_id=9d48c3a3-0b39-484c-a798-3dcfb25d8ead => generated 12 bytes in 26 msecs (HTTP/1.1 200) 4 headers in 156 bytes (1 switches on core 0)
2026-07-21 07:56:34.763 7 WARNING neutron.db.securitygroups_db [None req-7e4f5314-f974-421d-a348-5889517874ed 69089283d0d541e189d1e1fcb3351685 0dd71d0c4b33455ab175aca7c86f288e - - default default] project_id key not found in filters, using tenant_id instead. This support has been deprecated and will be removed in a future release.
2026-07-21 07:56:34.937 7 INFO neutron.db.ovn_revision_numbers_db [None req-7e4f5314-f974-421d-a348-5889517874ed 69089283d0d541e189d1e1fcb3351685 0dd71d0c4b33455ab175aca7c86f288e - - default default] Successfully bumped revision number for resource 9c812eb2-d355-4344-9f1a-51b306bd8da5 (type: security_groups) to 1
2026-07-21 07:56:34.950 7 INFO neutron.db.ovn_revision_numbers_db [None req-7e4f5314-f974-421d-a348-5889517874ed 69089283d0d541e189d1e1fcb3351685 0dd71d0c4b33455ab175aca7c86f288e - - default default] Successfully bumped revision number for resource 1a942e2e-2def-4b6a-8401-540a5f28f967 (type: security_group_rules) to 0
2026-07-21 07:56:34.967 7 INFO neutron.db.ovn_revision_numbers_db [None req-7e4f5314-f974-421d-a348-5889517874ed 69089283d0d541e189d1e1fcb3351685 0dd71d0c4b33455ab175aca7c86f288e - - default default] Successfully bumped revision number for resource 32dff2d3-e4ac-476f-b6c7-14801503d016 (type: security_group_rules) to 0
2026-07-21 07:56:34.984 7 INFO neutron.db.ovn_revision_numbers_db [None req-7e4f5314-f974-421d-a348-5889517874ed 69089283d0d541e189d1e1fcb3351685 0dd71d0c4b33455ab175aca7c86f288e - - default default] Successfully bumped revision number for resource 4501f07b-3168-4988-82d6-c94d281bf463 (type: security_group_rules) to 0
2026-07-21 07:56:34.986 8 INFO neutron.db.ovn_revision_numbers_db [None req-d6786711-f61d-48b7-8a6a-63198de3ffaa fb0d0ffac0ec4c7997b16cba87915395 d6ae1566139047e79835ff5a82edbb20 - - default default] Successfully bumped revision number for resource 2a28832a-a841-46de-8729-53c2fce6c02e (type: security_groups) to 1
2026-07-21 07:56:34.999 7 INFO neutron.db.ovn_revision_numbers_db [None req-7e4f5314-f974-421d-a348-5889517874ed 69089283d0d541e189d1e1fcb3351685 0dd71d0c4b33455ab175aca7c86f288e - - default default] Successfully bumped revision number for resource ac431c07-0758-497a-a1ba-ebdf93d3d9a0 (type: security_group_rules) to 0
2026-07-21 07:56:35.001 8 INFO neutron.db.ovn_revision_numbers_db [None req-d6786711-f61d-48b7-8a6a-63198de3ffaa fb0d0ffac0ec4c7997b16cba87915395 d6ae1566139047e79835ff5a82edbb20 - - default default] Successfully bumped revision number for resource 1171fc86-10ab-4003-a2dc-5c5ad8b46647 (type: security_group_rules) to 0
2026-07-21 07:56:35.016 8 INFO neutron.db.ovn_revision_numbers_db [None req-d6786711-f61d-48b7-8a6a-63198de3ffaa fb0d0ffac0ec4c7997b16cba87915395 d6ae1566139047e79835ff5a82edbb20 - - default default] Successfully bumped revision number for resource 9da3d927-85db-4202-aa80-e53f9666f7b0 (type: security_group_rules) to 0
2026-07-21 07:56:35.031 8 INFO neutron.db.ovn_revision_numbers_db [None req-d6786711-f61d-48b7-8a6a-63198de3ffaa fb0d0ffac0ec4c7997b16cba87915395 d6ae1566139047e79835ff5a82edbb20 - - default default] Successfully bumped revision number for resource b50dd069-9412-4125-9bf8-7aca92f866ff (type: security_group_rules) to 0 [pid: 7|app: 0|req: 1069/2165] 10.0.0.58 () {32 vars in 773 bytes} [Tue Jul 21 07:56:34 2026] GET /v2.0/security-groups?tenant_id=e1f88703f3bf416c853c950dd3651841&name=default => generated 2925 bytes in 399 msecs (HTTP/1.1 200) 4 headers in 158 bytes (1 switches on core 0)
2026-07-21 07:56:35.046 8 INFO neutron.db.ovn_revision_numbers_db [None req-d6786711-f61d-48b7-8a6a-63198de3ffaa fb0d0ffac0ec4c7997b16cba87915395 d6ae1566139047e79835ff5a82edbb20 - - default default] Successfully bumped revision number for resource d56a3fb2-0fb5-4ceb-864d-c5933f874ffc (type: security_group_rules) to 0
2026-07-21 07:56:35.148 8 INFO neutron.db.ovn_revision_numbers_db [None req-d6786711-f61d-48b7-8a6a-63198de3ffaa fb0d0ffac0ec4c7997b16cba87915395 d6ae1566139047e79835ff5a82edbb20 - - default default] Successfully bumped revision number for resource e08f00f8-51b7-4014-a9b6-dfa28d0ecf27 (type: security_groups) to 1
2026-07-21 07:56:35.161 8 INFO neutron.db.ovn_revision_numbers_db [None req-d6786711-f61d-48b7-8a6a-63198de3ffaa fb0d0ffac0ec4c7997b16cba87915395 d6ae1566139047e79835ff5a82edbb20 - - default default] Successfully bumped revision number for resource 4ca3f3fb-e4ee-47da-ab12-ed2ba7e06cdc (type: security_group_rules) to 0
2026-07-21 07:56:35.180 8 INFO neutron.db.ovn_revision_numbers_db [None req-d6786711-f61d-48b7-8a6a-63198de3ffaa fb0d0ffac0ec4c7997b16cba87915395 d6ae1566139047e79835ff5a82edbb20 - - default default] Successfully bumped revision number for resource 61294439-1bba-4260-8788-a064f63dd38d (type: security_group_rules) to 0 [pid: 8|app: 0|req: 1097/2166] 10.0.0.58 () {34 vars in 683 bytes} [Tue Jul 21 07:56:34 2026] POST /v2.0/security-groups => generated 1601 bytes in 536 msecs (HTTP/1.1 201) 4 headers in 163 bytes (1 switches on core 0) [pid: 7|app: 0|req: 1070/2167] 10.0.0.58 () {32 vars in 739 bytes} [Tue Jul 21 07:56:35 2026] DELETE /v2.0/security-groups/9c812eb2-d355-4344-9f1a-51b306bd8da5 => generated 0 bytes in 196 msecs (HTTP/1.1 204) 2 headers in 112 bytes (1 switches on core 0) [pid: 8|app: 0|req: 1098/2168] 10.0.0.124 () {34 vars in 1070 bytes} [Tue Jul 21 07:56:35 2026] GET /v2.0/ports?fields=security_groups&fields=device_id&device_id=9d48c3a3-0b39-484c-a798-3dcfb25d8ead => generated 12 bytes in 20 msecs (HTTP/1.1 200) 4 headers in 156 bytes (1 switches on core 0)
2026-07-21 07:56:35.266 7 WARNING tagging [None req-0625c61a-fa42-4462-b5ab-888be45e9360 fb0d0ffac0ec4c7997b16cba87915395 d6ae1566139047e79835ff5a82edbb20 - - default default] project_id key not found in request, using tenant_id instead. This support has been deprecated and will be removed in a future release. [pid: 7|app: 0|req: 1071/2169] 10.0.0.58 () {34 vars in 766 bytes} [Tue Jul 21 07:56:35 2026] PUT /v2.0/security-groups/e08f00f8-51b7-4014-a9b6-dfa28d0ecf27/tags => generated 25 bytes in 61 msecs (HTTP/1.1 200) 4 headers in 156 bytes (1 switches on core 0)
2026-07-21 07:56:35.339 8 WARNING tagging [None req-8399a01c-14b2-45c9-a378-3b8f42eff143 fb0d0ffac0ec4c7997b16cba87915395 d6ae1566139047e79835ff5a82edbb20 - - default default] project_id key not found in request, using tenant_id instead. This support has been deprecated and will be removed in a future release. [pid: 8|app: 0|req: 1099/2170] 10.0.0.58 () {32 vars in 746 bytes} [Tue Jul 21 07:56:35 2026] GET /v2.0/security-groups/e08f00f8-51b7-4014-a9b6-dfa28d0ecf27/tags => generated 25 bytes in 44 msecs (HTTP/1.1 200) 4 headers in 156 bytes (1 switches on core 0)
