Mar 20 00:43:49.307766 np0000160181 devstack@neutron-api.service[102468]: DEBUG dbcounter [-] [102468] Writing DB stats neutron:UPDATE=1,neutron:SELECT=1 {{(pid=102468) stat_writer /opt/stack/data/venv/lib/python3.12/site-packages/dbcounter.py:115}}
Mar 20 00:43:49.386611 np0000160181 devstack@neutron-api.service[102469]: DEBUG dbcounter [-] [102469] Writing DB stats neutron:UPDATE=1,neutron:SELECT=1 {{(pid=102469) stat_writer /opt/stack/data/venv/lib/python3.12/site-packages/dbcounter.py:115}}
Mar 20 00:43:53.365011 np0000160181 devstack@neutron-api.service[102470]: DEBUG futurist.periodics [-] Submitting periodic callback 'neutron.plugins.ml2.drivers.ovn.mech_driver.ovsdb.maintenance.HashRingHealthCheckPeriodics.touch_hash_ring_node' {{(pid=102470) _process_scheduled /opt/stack/data/venv/lib/python3.12/site-packages/futurist/periodics.py:638}}
Mar 20 00:43:53.366209 np0000160181 devstack@neutron-api.service[102470]: DEBUG neutron.plugins.ml2.drivers.ovn.mech_driver.ovsdb.maintenance [-] Touching Hash Ring node "8d08c2a2474b5e4cbb22111bcb8b8070" from periodic health check thread {{(pid=102470) touch_hash_ring_node /opt/stack/neutron/neutron/plugins/ml2/drivers/ovn/mech_driver/ovsdb/maintenance.py:1257}}
Mar 20 00:43:54.247044 np0000160181 devstack@neutron-api.service[102471]: DEBUG futurist.periodics [-] Submitting periodic callback 'neutron.plugins.ml2.drivers.ovn.mech_driver.ovsdb.maintenance.HashRingHealthCheckPeriodics.touch_hash_ring_node' {{(pid=102471) _process_scheduled /opt/stack/data/venv/lib/python3.12/site-packages/futurist/periodics.py:638}}
Mar 20 00:43:54.248247 np0000160181 devstack@neutron-api.service[102471]: DEBUG neutron.plugins.ml2.drivers.ovn.mech_driver.ovsdb.maintenance [-] Touching Hash Ring node "a7d20213e7d8556ab5ebe80be010c907" from periodic health check thread {{(pid=102471) touch_hash_ring_node /opt/stack/neutron/neutron/plugins/ml2/drivers/ovn/mech_driver/ovsdb/maintenance.py:1257}}
Mar 20 00:43:54.295846 np0000160181 devstack@neutron-api.service[102468]: DEBUG futurist.periodics [-] Submitting periodic callback 'neutron.plugins.ml2.drivers.ovn.mech_driver.ovsdb.maintenance.HashRingHealthCheckPeriodics.touch_hash_ring_node' {{(pid=102468) _process_scheduled /opt/stack/data/venv/lib/python3.12/site-packages/futurist/periodics.py:638}}
Mar 20 00:43:54.297648 np0000160181 devstack@neutron-api.service[102468]: DEBUG neutron.plugins.ml2.drivers.ovn.mech_driver.ovsdb.maintenance [-] Touching Hash Ring node "da2b10c644f0523c9a47542ebd501b1f" from periodic health check thread {{(pid=102468) touch_hash_ring_node /opt/stack/neutron/neutron/plugins/ml2/drivers/ovn/mech_driver/ovsdb/maintenance.py:1257}}
Mar 20 00:43:54.376892 np0000160181 devstack@neutron-api.service[102469]: DEBUG futurist.periodics [-] Submitting periodic callback 'neutron.plugins.ml2.drivers.ovn.mech_driver.ovsdb.maintenance.HashRingHealthCheckPeriodics.touch_hash_ring_node' {{(pid=102469) _process_scheduled /opt/stack/data/venv/lib/python3.12/site-packages/futurist/periodics.py:638}}
Mar 20 00:43:54.378377 np0000160181 devstack@neutron-api.service[102469]: DEBUG neutron.plugins.ml2.drivers.ovn.mech_driver.ovsdb.maintenance [-] Touching Hash Ring node "83beaba88fa1599b97321c1812b64134" from periodic health check thread {{(pid=102469) touch_hash_ring_node /opt/stack/neutron/neutron/plugins/ml2/drivers/ovn/mech_driver/ovsdb/maintenance.py:1257}}
Mar 20 00:44:03.377823 np0000160181 devstack@neutron-api.service[102470]: DEBUG dbcounter [-] [102470] Writing DB stats neutron:UPDATE=1,neutron:SELECT=1 {{(pid=102470) stat_writer /opt/stack/data/venv/lib/python3.12/site-packages/dbcounter.py:115}}
Mar 20 00:44:04.258259 np0000160181 devstack@neutron-api.service[102471]: DEBUG dbcounter [-] [102471] Writing DB stats neutron:UPDATE=1,neutron:SELECT=1 {{(pid=102471) stat_writer /opt/stack/data/venv/lib/python3.12/site-packages/dbcounter.py:115}}
Mar 20 00:44:04.309384 np0000160181 devstack@neutron-api.service[102468]: DEBUG dbcounter [-] [102468] Writing DB stats neutron:UPDATE=1,neutron:SELECT=1 {{(pid=102468) stat_writer /opt/stack/data/venv/lib/python3.12/site-packages/dbcounter.py:115}}
Mar 20 00:44:04.388842 np0000160181 devstack@neutron-api.service[102469]: DEBUG dbcounter [-] [102469] Writing DB stats neutron:UPDATE=1,neutron:SELECT=1 {{(pid=102469) stat_writer /opt/stack/data/venv/lib/python3.12/site-packages/dbcounter.py:115}}
Mar 20 00:44:08.366540 np0000160181 devstack@neutron-api.service[102470]: DEBUG futurist.periodics [-] Submitting periodic callback 'neutron.plugins.ml2.drivers.ovn.mech_driver.ovsdb.maintenance.HashRingHealthCheckPeriodics.touch_hash_ring_node' {{(pid=102470) _process_scheduled /opt/stack/data/venv/lib/python3.12/site-packages/futurist/periodics.py:638}}
Mar 20 00:44:08.367714 np0000160181 devstack@neutron-api.service[102470]: DEBUG neutron.plugins.ml2.drivers.ovn.mech_driver.ovsdb.maintenance [-] Touching Hash Ring node "8d08c2a2474b5e4cbb22111bcb8b8070" from periodic health check thread {{(pid=102470) touch_hash_ring_node /opt/stack/neutron/neutron/plugins/ml2/drivers/ovn/mech_driver/ovsdb/maintenance.py:1257}}
Mar 20 00:44:09.249011 np0000160181 devstack@neutron-api.service[102471]: DEBUG futurist.periodics [-] Submitting periodic callback 'neutron.plugins.ml2.drivers.ovn.mech_driver.ovsdb.maintenance.HashRingHealthCheckPeriodics.touch_hash_ring_node' {{(pid=102471) _process_scheduled /opt/stack/data/venv/lib/python3.12/site-packages/futurist/periodics.py:638}}
Mar 20 00:44:09.250006 np0000160181 devstack@neutron-api.service[102471]: DEBUG neutron.plugins.ml2.drivers.ovn.mech_driver.ovsdb.maintenance [-] Touching Hash Ring node "a7d20213e7d8556ab5ebe80be010c907" from periodic health check thread {{(pid=102471) touch_hash_ring_node /opt/stack/neutron/neutron/plugins/ml2/drivers/ovn/mech_driver/ovsdb/maintenance.py:1257}}
Mar 20 00:44:09.297629 np0000160181 devstack@neutron-api.service[102468]: DEBUG futurist.periodics [-] Submitting periodic callback 'neutron.plugins.ml2.drivers.ovn.mech_driver.ovsdb.maintenance.HashRingHealthCheckPeriodics.touch_hash_ring_node' {{(pid=102468) _process_scheduled /opt/stack/data/venv/lib/python3.12/site-packages/futurist/periodics.py:638}}
Mar 20 00:44:09.298870 np0000160181 devstack@neutron-api.service[102468]: DEBUG neutron.plugins.ml2.drivers.ovn.mech_driver.ovsdb.maintenance [-] Touching Hash Ring node "da2b10c644f0523c9a47542ebd501b1f" from periodic health check thread {{(pid=102468) touch_hash_ring_node /opt/stack/neutron/neutron/plugins/ml2/drivers/ovn/mech_driver/ovsdb/maintenance.py:1257}}
Mar 20 00:44:09.378646 np0000160181 devstack@neutron-api.service[102469]: DEBUG futurist.periodics [-] Submitting periodic callback 'neutron.plugins.ml2.drivers.ovn.mech_driver.ovsdb.maintenance.HashRingHealthCheckPeriodics.touch_hash_ring_node' {{(pid=102469) _process_scheduled /opt/stack/data/venv/lib/python3.12/site-packages/futurist/periodics.py:638}}
Mar 20 00:44:09.380174 np0000160181 devstack@neutron-api.service[102469]: DEBUG neutron.plugins.ml2.drivers.ovn.mech_driver.ovsdb.maintenance [-] Touching Hash Ring node "83beaba88fa1599b97321c1812b64134" from periodic health check thread {{(pid=102469) touch_hash_ring_node /opt/stack/neutron/neutron/plugins/ml2/drivers/ovn/mech_driver/ovsdb/maintenance.py:1257}}
Mar 20 00:44:18.378318 np0000160181 devstack@neutron-api.service[102470]: DEBUG dbcounter [-] [102470] Writing DB stats neutron:UPDATE=1,neutron:SELECT=1 {{(pid=102470) stat_writer /opt/stack/data/venv/lib/python3.12/site-packages/dbcounter.py:115}}
Mar 20 00:44:19.259533 np0000160181 devstack@neutron-api.service[102471]: DEBUG dbcounter [-] [102471] Writing DB stats neutron:UPDATE=1,neutron:SELECT=1 {{(pid=102471) stat_writer /opt/stack/data/venv/lib/python3.12/site-packages/dbcounter.py:115}}
Mar 20 00:44:19.308848 np0000160181 devstack@neutron-api.service[102468]: DEBUG dbcounter [-] [102468] Writing DB stats neutron:UPDATE=1,neutron:SELECT=1 {{(pid=102468) stat_writer /opt/stack/data/venv/lib/python3.12/site-packages/dbcounter.py:115}}
Mar 20 00:44:19.390121 np0000160181 devstack@neutron-api.service[102469]: DEBUG dbcounter [-] [102469] Writing DB stats neutron:UPDATE=1,neutron:SELECT=1 {{(pid=102469) stat_writer /opt/stack/data/venv/lib/python3.12/site-packages/dbcounter.py:115}}
Mar 20 00:44:23.367796 np0000160181 devstack@neutron-api.service[102470]: DEBUG futurist.periodics [-] Submitting periodic callback 'neutron.plugins.ml2.drivers.ovn.mech_driver.ovsdb.maintenance.HashRingHealthCheckPeriodics.touch_hash_ring_node' {{(pid=102470) _process_scheduled /opt/stack/data/venv/lib/python3.12/site-packages/futurist/periodics.py:638}}
Mar 20 00:44:23.369282 np0000160181 devstack@neutron-api.service[102470]: DEBUG neutron.plugins.ml2.drivers.ovn.mech_driver.ovsdb.maintenance [-] Touching Hash Ring node "8d08c2a2474b5e4cbb22111bcb8b8070" from periodic health check thread {{(pid=102470) touch_hash_ring_node /opt/stack/neutron/neutron/plugins/ml2/drivers/ovn/mech_driver/ovsdb/maintenance.py:1257}}
Mar 20 00:44:24.250516 np0000160181 devstack@neutron-api.service[102471]: DEBUG futurist.periodics [-] Submitting periodic callback 'neutron.plugins.ml2.drivers.ovn.mech_driver.ovsdb.maintenance.HashRingHealthCheckPeriodics.touch_hash_ring_node' {{(pid=102471) _process_scheduled /opt/stack/data/venv/lib/python3.12/site-packages/futurist/periodics.py:638}}
Mar 20 00:44:24.253052 np0000160181 devstack@neutron-api.service[102471]: DEBUG neutron.plugins.ml2.drivers.ovn.mech_driver.ovsdb.maintenance [-] Touching Hash Ring node "a7d20213e7d8556ab5ebe80be010c907" from periodic health check thread {{(pid=102471) touch_hash_ring_node /opt/stack/neutron/neutron/plugins/ml2/drivers/ovn/mech_driver/ovsdb/maintenance.py:1257}}
Mar 20 00:44:24.299225 np0000160181 devstack@neutron-api.service[102468]: DEBUG futurist.periodics [-] Submitting periodic callback 'neutron.plugins.ml2.drivers.ovn.mech_driver.ovsdb.maintenance.HashRingHealthCheckPeriodics.touch_hash_ring_node' {{(pid=102468) _process_scheduled /opt/stack/data/venv/lib/python3.12/site-packages/futurist/periodics.py:638}}
Mar 20 00:44:24.300221 np0000160181 devstack@neutron-api.service[102468]: DEBUG neutron.plugins.ml2.drivers.ovn.mech_driver.ovsdb.maintenance [-] Touching Hash Ring node "da2b10c644f0523c9a47542ebd501b1f" from periodic health check thread {{(pid=102468) touch_hash_ring_node /opt/stack/neutron/neutron/plugins/ml2/drivers/ovn/mech_driver/ovsdb/maintenance.py:1257}}
Mar 20 00:44:24.380184 np0000160181 devstack@neutron-api.service[102469]: DEBUG futurist.periodics [-] Submitting periodic callback 'neutron.plugins.ml2.drivers.ovn.mech_driver.ovsdb.maintenance.HashRingHealthCheckPeriodics.touch_hash_ring_node' {{(pid=102469) _process_scheduled /opt/stack/data/venv/lib/python3.12/site-packages/futurist/periodics.py:638}}
Mar 20 00:44:24.381357 np0000160181 devstack@neutron-api.service[102469]: DEBUG neutron.plugins.ml2.drivers.ovn.mech_driver.ovsdb.maintenance [-] Touching Hash Ring node "83beaba88fa1599b97321c1812b64134" from periodic health check thread {{(pid=102469) touch_hash_ring_node /opt/stack/neutron/neutron/plugins/ml2/drivers/ovn/mech_driver/ovsdb/maintenance.py:1257}}
Mar 20 00:44:33.381049 np0000160181 devstack@neutron-api.service[102470]: DEBUG dbcounter [-] [102470] Writing DB stats neutron:UPDATE=1,neutron:SELECT=1 {{(pid=102470) stat_writer /opt/stack/data/venv/lib/python3.12/site-packages/dbcounter.py:115}}
Mar 20 00:44:34.264244 np0000160181 devstack@neutron-api.service[102471]: DEBUG dbcounter [-] [102471] Writing DB stats neutron:UPDATE=1,neutron:SELECT=1 {{(pid=102471) stat_writer /opt/stack/data/venv/lib/python3.12/site-packages/dbcounter.py:115}}
Mar 20 00:44:34.310495 np0000160181 devstack@neutron-api.service[102468]: DEBUG dbcounter [-] [102468] Writing DB stats neutron:UPDATE=1,neutron:SELECT=1 {{(pid=102468) stat_writer /opt/stack/data/venv/lib/python3.12/site-packages/dbcounter.py:115}}
Mar 20 00:44:34.391766 np0000160181 devstack@neutron-api.service[102469]: DEBUG dbcounter [-] [102469] Writing DB stats neutron:UPDATE=1,neutron:SELECT=1 {{(pid=102469) stat_writer /opt/stack/data/venv/lib/python3.12/site-packages/dbcounter.py:115}}
Mar 20 00:44:36.016800 np0000160181 devstack@neutron-api.service[102468]: /opt/stack/neutron/neutron/extensions/quotasv2.py:134: UserWarning: "--check-limit" parameter is no longer needed since Epoxy (2025.1) release. By default, Neutron quota engine checks the resource usage before updating the limits
Mar 20 00:44:36.016800 np0000160181 devstack@neutron-api.service[102468]: warnings.warn('"--check-limit" parameter is no longer needed '
Mar 20 00:44:36.017479 np0000160181 devstack@neutron-api.service[102468]: DEBUG neutron.api.v2.base [None req-4973ff84-6403-4299-b352-7aa729a6e48a admin admin] Request body: {'quota': {'security_group': 100}} {{(pid=102468) prepare_request_body /opt/stack/neutron/neutron/api/v2/base.py:729}}
Mar 20 00:44:36.039546 np0000160181 devstack@neutron-api.service[102468]: [pid: 102468|app: 0|req: 22/88] 199.204.45.205 () {68 vars in 1449 bytes} [Fri Mar 20 00:44:36 2026] PUT /networking/v2.0/quotas/b0f29057c56d4701898c31a297f379af => generated 175 bytes in 29 msecs (HTTP/1.1 200) 4 headers in 157 bytes (1 switches on core 0)
Mar 20 00:44:36.330546 np0000160181 devstack@neutron-api.service[102469]: /opt/stack/neutron/neutron/extensions/quotasv2.py:134: UserWarning: "--check-limit" parameter is no longer needed since Epoxy (2025.1) release. By default, Neutron quota engine checks the resource usage before updating the limits
Mar 20 00:44:36.330546 np0000160181 devstack@neutron-api.service[102469]: warnings.warn('"--check-limit" parameter is no longer needed '
Mar 20 00:44:36.331090 np0000160181 devstack@neutron-api.service[102469]: DEBUG neutron.api.v2.base [None req-221dbac4-36f7-4644-a91e-fbc3311040fa admin admin] Request body: {'quota': {'security_group_rule': 1000}} {{(pid=102469) prepare_request_body /opt/stack/neutron/neutron/api/v2/base.py:729}}
Mar 20 00:44:36.353490 np0000160181 devstack@neutron-api.service[102469]: [pid: 102469|app: 0|req: 22/89] 199.204.45.205 () {68 vars in 1449 bytes} [Fri Mar 20 00:44:36 2026] PUT /networking/v2.0/quotas/b0f29057c56d4701898c31a297f379af => generated 176 bytes in 30 msecs (HTTP/1.1 200) 4 headers in 157 bytes (1 switches on core 0)
Mar 20 00:44:38.369224 np0000160181 devstack@neutron-api.service[102470]: DEBUG futurist.periodics [-] Submitting periodic callback 'neutron.plugins.ml2.drivers.ovn.mech_driver.ovsdb.maintenance.HashRingHealthCheckPeriodics.touch_hash_ring_node' {{(pid=102470) _process_scheduled /opt/stack/data/venv/lib/python3.12/site-packages/futurist/periodics.py:638}}
Mar 20 00:44:38.370551 np0000160181 devstack@neutron-api.service[102470]: DEBUG neutron.plugins.ml2.drivers.ovn.mech_driver.ovsdb.maintenance [-] Touching Hash Ring node "8d08c2a2474b5e4cbb22111bcb8b8070" from periodic health check thread {{(pid=102470) touch_hash_ring_node /opt/stack/neutron/neutron/plugins/ml2/drivers/ovn/mech_driver/ovsdb/maintenance.py:1257}}
Mar 20 00:44:39.253247 np0000160181 devstack@neutron-api.service[102471]: DEBUG futurist.periodics [-] Submitting periodic callback 'neutron.plugins.ml2.drivers.ovn.mech_driver.ovsdb.maintenance.HashRingHealthCheckPeriodics.touch_hash_ring_node' {{(pid=102471) _process_scheduled /opt/stack/data/venv/lib/python3.12/site-packages/futurist/periodics.py:638}}
Mar 20 00:44:39.254510 np0000160181 devstack@neutron-api.service[102471]: DEBUG neutron.plugins.ml2.drivers.ovn.mech_driver.ovsdb.maintenance [-] Touching Hash Ring node "a7d20213e7d8556ab5ebe80be010c907" from periodic health check thread {{(pid=102471) touch_hash_ring_node /opt/stack/neutron/neutron/plugins/ml2/drivers/ovn/mech_driver/ovsdb/maintenance.py:1257}}
Mar 20 00:44:39.300617 np0000160181 devstack@neutron-api.service[102468]: DEBUG futurist.periodics [-] Submitting periodic callback 'neutron.plugins.ml2.drivers.ovn.mech_driver.ovsdb.maintenance.HashRingHealthCheckPeriodics.touch_hash_ring_node' {{(pid=102468) _process_scheduled /opt/stack/data/venv/lib/python3.12/site-packages/futurist/periodics.py:638}}
Mar 20 00:44:39.301685 np0000160181 devstack@neutron-api.service[102468]: DEBUG neutron.plugins.ml2.drivers.ovn.mech_driver.ovsdb.maintenance [-] Touching Hash Ring node "da2b10c644f0523c9a47542ebd501b1f" from periodic health check thread {{(pid=102468) touch_hash_ring_node /opt/stack/neutron/neutron/plugins/ml2/drivers/ovn/mech_driver/ovsdb/maintenance.py:1257}}
Mar 20 00:44:39.381524 np0000160181 devstack@neutron-api.service[102469]: DEBUG futurist.periodics [-] Submitting periodic callback 'neutron.plugins.ml2.drivers.ovn.mech_driver.ovsdb.maintenance.HashRingHealthCheckPeriodics.touch_hash_ring_node' {{(pid=102469) _process_scheduled /opt/stack/data/venv/lib/python3.12/site-packages/futurist/periodics.py:638}}
Mar 20 00:44:39.382645 np0000160181 devstack@neutron-api.service[102469]: DEBUG neutron.plugins.ml2.drivers.ovn.mech_driver.ovsdb.maintenance [-] Touching Hash Ring node "83beaba88fa1599b97321c1812b64134" from periodic health check thread {{(pid=102469) touch_hash_ring_node /opt/stack/neutron/neutron/plugins/ml2/drivers/ovn/mech_driver/ovsdb/maintenance.py:1257}}
Mar 20 00:44:48.381712 np0000160181 devstack@neutron-api.service[102470]: DEBUG dbcounter [-] [102470] Writing DB stats neutron:UPDATE=1,neutron:SELECT=1 {{(pid=102470) stat_writer /opt/stack/data/venv/lib/python3.12/site-packages/dbcounter.py:115}}
Mar 20 00:44:49.266029 np0000160181 devstack@neutron-api.service[102471]: DEBUG dbcounter [-] [102471] Writing DB stats neutron:UPDATE=1,neutron:SELECT=1 {{(pid=102471) stat_writer /opt/stack/data/venv/lib/python3.12/site-packages/dbcounter.py:115}}
Mar 20 00:44:49.315065 np0000160181 devstack@neutron-api.service[102468]: DEBUG dbcounter [-] [102468] Writing DB stats neutron:SELECT=5,neutron:INSERT=1,neutron:UPDATE=1 {{(pid=102468) stat_writer /opt/stack/data/venv/lib/python3.12/site-packages/dbcounter.py:115}}
Mar 20 00:44:49.393342 np0000160181 devstack@neutron-api.service[102469]: DEBUG dbcounter [-] [102469] Writing DB stats neutron:SELECT=5,neutron:INSERT=1,neutron:UPDATE=1 {{(pid=102469) stat_writer /opt/stack/data/venv/lib/python3.12/site-packages/dbcounter.py:115}}
Mar 20 00:44:50.955856 np0000160181 devstack@neutron-api.service[102470]: DEBUG neutron.pecan_wsgi.hooks.policy_enforcement [None req-147953ff-2914-4174-8ada-6dfbc7885b50 admin admin] Attributes excluded by policy engine: ['standard_attr_id'] {{(pid=102470) _exclude_attributes_by_policy /opt/stack/neutron/neutron/pecan_wsgi/hooks/policy_enforcement.py:258}}
Mar 20 00:44:50.959518 np0000160181 devstack@neutron-api.service[102470]: DEBUG neutron.pecan_wsgi.hooks.policy_enforcement [None req-147953ff-2914-4174-8ada-6dfbc7885b50 admin admin] Attributes excluded by policy engine: ['standard_attr_id'] {{(pid=102470) _exclude_attributes_by_policy /opt/stack/neutron/neutron/pecan_wsgi/hooks/policy_enforcement.py:258}}
Mar 20 00:44:50.960484 np0000160181 devstack@neutron-api.service[102470]: [pid: 102470|app: 0|req: 24/90] 199.204.45.205 () {64 vars in 1378 bytes} [Fri Mar 20 00:44:50 2026] GET /networking/v2.0/ports?device_owner=network%3Adistributed => generated 1648 bytes in 143 msecs (HTTP/1.1 200) 4 headers in 158 bytes (1 switches on core 0)
Mar 20 00:44:51.584308 np0000160181 devstack@neutron-api.service[102470]: DEBUG neutron.common.ovn.hash_ring_manager [None req-a773ee36-cf46-4bad-86fe-6b4e4a6bd91d None None] Hash Ring loaded. 4 active nodes. 0 offline nodes {{(pid=102470) _load_hash_ring /opt/stack/neutron/neutron/common/ovn/hash_ring_manager.py:102}}
Mar 20 00:44:51.587187 np0000160181 devstack@neutron-api.service[102468]: DEBUG neutron.common.ovn.hash_ring_manager [None req-257f1898-a15a-403d-80d5-a3b90a676328 None None] Hash Ring loaded. 4 active nodes. 0 offline nodes {{(pid=102468) _load_hash_ring /opt/stack/neutron/neutron/common/ovn/hash_ring_manager.py:102}}
Mar 20 00:44:51.587797 np0000160181 devstack@neutron-api.service[102468]: DEBUG neutron.plugins.ml2.drivers.ovn.mech_driver.ovsdb.ovsdb_monitor [None req-257f1898-a15a-403d-80d5-a3b90a676328 None None] Hash Ring: Node da2b10c644f0523c9a47542ebd501b1f (host: np0000160181) handling event "update" for row a92bb495-cece-4d36-bd0a-70df6acb85aa (table: Connection) {{(pid=102468) notify /opt/stack/neutron/neutron/plugins/ml2/drivers/ovn/mech_driver/ovsdb/ovsdb_monitor.py:906}}
Mar 20 00:44:51.587867 np0000160181 devstack@neutron-api.service[102471]: DEBUG neutron.common.ovn.hash_ring_manager [None req-2eb9c7d5-0ce6-4f50-a600-64b82dac4f15 None None] Hash Ring loaded. 4 active nodes. 0 offline nodes {{(pid=102471) _load_hash_ring /opt/stack/neutron/neutron/common/ovn/hash_ring_manager.py:102}}
Mar 20 00:44:51.591217 np0000160181 devstack@neutron-api.service[102469]: DEBUG neutron.common.ovn.hash_ring_manager [None req-34fcd079-aa05-4104-a609-3248b3138b23 None None] Hash Ring loaded. 4 active nodes. 0 offline nodes {{(pid=102469) _load_hash_ring /opt/stack/neutron/neutron/common/ovn/hash_ring_manager.py:102}}
Mar 20 00:44:53.370705 np0000160181 devstack@neutron-api.service[102470]: DEBUG futurist.periodics [-] Submitting periodic callback 'neutron.plugins.ml2.drivers.ovn.mech_driver.ovsdb.maintenance.HashRingHealthCheckPeriodics.touch_hash_ring_node' {{(pid=102470) _process_scheduled /opt/stack/data/venv/lib/python3.12/site-packages/futurist/periodics.py:638}}
Mar 20 00:44:53.372234 np0000160181 devstack@neutron-api.service[102470]: DEBUG neutron.plugins.ml2.drivers.ovn.mech_driver.ovsdb.maintenance [-] Touching Hash Ring node "8d08c2a2474b5e4cbb22111bcb8b8070" from periodic health check thread {{(pid=102470) touch_hash_ring_node /opt/stack/neutron/neutron/plugins/ml2/drivers/ovn/mech_driver/ovsdb/maintenance.py:1257}}
Mar 20 00:44:54.082111 np0000160181 devstack@neutron-api.service[102468]: DEBUG neutron.plugins.ml2.drivers.ovn.mech_driver.ovsdb.ovsdb_monitor [None req-257f1898-a15a-403d-80d5-a3b90a676328 None None] Touching Hash Ring node "da2b10c644f0523c9a47542ebd501b1f" from IDL notify handler {{(pid=102468) notify /opt/stack/neutron/neutron/plugins/ml2/drivers/ovn/mech_driver/ovsdb/ovsdb_monitor.py:898}}
Mar 20 00:44:54.090006 np0000160181 devstack@neutron-api.service[102468]: DEBUG neutron.plugins.ml2.drivers.ovn.mech_driver.ovsdb.ovsdb_monitor [None req-257f1898-a15a-403d-80d5-a3b90a676328 None None] Hash Ring: Node da2b10c644f0523c9a47542ebd501b1f (host: np0000160181) handling event "update" for row a92bb495-cece-4d36-bd0a-70df6acb85aa (table: Connection) {{(pid=102468) notify /opt/stack/neutron/neutron/plugins/ml2/drivers/ovn/mech_driver/ovsdb/ovsdb_monitor.py:906}}
Mar 20 00:44:54.255163 np0000160181 devstack@neutron-api.service[102471]: DEBUG futurist.periodics [-] Submitting periodic callback 'neutron.plugins.ml2.drivers.ovn.mech_driver.ovsdb.maintenance.HashRingHealthCheckPeriodics.touch_hash_ring_node' {{(pid=102471) _process_scheduled /opt/stack/data/venv/lib/python3.12/site-packages/futurist/periodics.py:638}}
Mar 20 00:44:54.256238 np0000160181 devstack@neutron-api.service[102471]: DEBUG neutron.plugins.ml2.drivers.ovn.mech_driver.ovsdb.maintenance [-] Touching Hash Ring node "a7d20213e7d8556ab5ebe80be010c907" from periodic health check thread {{(pid=102471) touch_hash_ring_node /opt/stack/neutron/neutron/plugins/ml2/drivers/ovn/mech_driver/ovsdb/maintenance.py:1257}}
Mar 20 00:44:54.302587 np0000160181 devstack@neutron-api.service[102468]: DEBUG futurist.periodics [-] Submitting periodic callback 'neutron.plugins.ml2.drivers.ovn.mech_driver.ovsdb.maintenance.HashRingHealthCheckPeriodics.touch_hash_ring_node' {{(pid=102468) _process_scheduled /opt/stack/data/venv/lib/python3.12/site-packages/futurist/periodics.py:638}}
Mar 20 00:44:54.303115 np0000160181 devstack@neutron-api.service[102468]: DEBUG neutron.plugins.ml2.drivers.ovn.mech_driver.ovsdb.maintenance [-] Touching Hash Ring node "da2b10c644f0523c9a47542ebd501b1f" from periodic health check thread {{(pid=102468) touch_hash_ring_node /opt/stack/neutron/neutron/plugins/ml2/drivers/ovn/mech_driver/ovsdb/maintenance.py:1257}}
Mar 20 00:44:54.384109 np0000160181 devstack@neutron-api.service[102469]: DEBUG futurist.periodics [-] Submitting periodic callback 'neutron.plugins.ml2.drivers.ovn.mech_driver.ovsdb.maintenance.HashRingHealthCheckPeriodics.touch_hash_ring_node' {{(pid=102469) _process_scheduled /opt/stack/data/venv/lib/python3.12/site-packages/futurist/periodics.py:638}}
Mar 20 00:44:54.384109 np0000160181 devstack@neutron-api.service[102469]: DEBUG neutron.plugins.ml2.drivers.ovn.mech_driver.ovsdb.maintenance [-] Touching Hash Ring node "83beaba88fa1599b97321c1812b64134" from periodic health check thread {{(pid=102469) touch_hash_ring_node /opt/stack/neutron/neutron/plugins/ml2/drivers/ovn/mech_driver/ovsdb/maintenance.py:1257}}
Mar 20 00:45:02.560866 np0000160181 devstack@neutron-api.service[102471]: INFO neutron.pecan_wsgi.hooks.translation [None req-596d0f08-9706-48fc-8456-07e84a954164 admin admin] GET failed (client error): The resource could not be found.
Mar 20 00:45:02.561829 np0000160181 devstack@neutron-api.service[102471]: [pid: 102471|app: 0|req: 23/91] 199.204.45.205 () {64 vars in 1334 bytes} [Fri Mar 20 00:45:02 2026] GET /networking/v2.0/networks/admin_net => generated 111 bytes in 14 msecs (HTTP/1.1 404) 4 headers in 164 bytes (1 switches on core 0)
Mar 20 00:45:02.593824 np0000160181 devstack@neutron-api.service[102468]: [pid: 102468|app: 0|req: 23/92] 199.204.45.205 () {64 vars in 1346 bytes} [Fri Mar 20 00:45:02 2026] GET /networking/v2.0/networks?name=admin_net => generated 15 bytes in 20 msecs (HTTP/1.1 200) 4 headers in 156 bytes (1 switches on core 0)
Mar 20 00:45:02.862756 np0000160181 devstack@neutron-api.service[102469]: DEBUG neutron.api.v2.base [None req-a34d6f6e-9b23-4d62-b4fd-f52119a9090b admin admin] Request body: {'network': {'project_id': '477064076744486d90a7017584035585', 'name': 'admin_net', 'admin_state_up': True}} {{(pid=102469) prepare_request_body /opt/stack/neutron/neutron/api/v2/base.py:729}}
Mar 20 00:45:02.899450 np0000160181 devstack@neutron-api.service[102469]: DEBUG neutron.pecan_wsgi.hooks.quota_enforcement [None req-a34d6f6e-9b23-4d62-b4fd-f52119a9090b admin admin] Made reservation on behalf of 477064076744486d90a7017584035585 for: {'network': 1} {{(pid=102469) before /opt/stack/neutron/neutron/pecan_wsgi/hooks/quota_enforcement.py:66}}
Mar 20 00:45:02.903601 np0000160181 devstack@neutron-api.service[102469]: DEBUG neutron_lib.callbacks.manager [None req-a34d6f6e-9b23-4d62-b4fd-f52119a9090b admin admin] Publish callbacks ['neutron.plugins.ml2.plugin.SecurityGroupDbMixin._ensure_default_security_group_handler-2567214'] for network (None), before_create {{(pid=102469) _notify_loop /opt/stack/data/venv/lib/python3.12/site-packages/neutron_lib/callbacks/manager.py:184}}
Mar 20 00:45:02.910091 np0000160181 devstack@neutron-api.service[102469]: DEBUG neutron_lib.callbacks.manager [None req-a34d6f6e-9b23-4d62-b4fd-f52119a9090b admin admin] Publish callbacks [] for security_group (None), before_create {{(pid=102469) _notify_loop /opt/stack/data/venv/lib/python3.12/site-packages/neutron_lib/callbacks/manager.py:184}}
Mar 20 00:45:02.974131 np0000160181 devstack@neutron-api.service[102469]: DEBUG neutron_lib.callbacks.manager [None req-a34d6f6e-9b23-4d62-b4fd-f52119a9090b admin admin] Publish callbacks ['neutron.plugins.ml2.drivers.ovn.mech_driver.mech_driver.OVNMechanismDriver._create_security_group_precommit-862895'] for security_group (58fb0f83-cba9-424b-ac8c-33e15025bb7e), precommit_create {{(pid=102469) _notify_loop /opt/stack/data/venv/lib/python3.12/site-packages/neutron_lib/callbacks/manager.py:184}}
Mar 20 00:45:02.974286 np0000160181 devstack@neutron-api.service[102469]: DEBUG neutron.db.ovn_revision_numbers_db [None req-a34d6f6e-9b23-4d62-b4fd-f52119a9090b admin admin] create_initial_revision uuid=58fb0f83-cba9-424b-ac8c-33e15025bb7e, type=security_groups, rev=-1 {{(pid=102469) create_initial_revision /opt/stack/neutron/neutron/db/ovn_revision_numbers_db.py:98}}
Mar 20 00:45:02.975731 np0000160181 devstack@neutron-api.service[102469]: DEBUG neutron.db.ovn_revision_numbers_db [None req-a34d6f6e-9b23-4d62-b4fd-f52119a9090b admin admin] create_initial_revision uuid=7d9f7f79-1aa0-407d-b560-0435759bd9f3, type=security_group_rules, rev=-1 {{(pid=102469) create_initial_revision /opt/stack/neutron/neutron/db/ovn_revision_numbers_db.py:98}}
Mar 20 00:45:02.977016 np0000160181 devstack@neutron-api.service[102469]: DEBUG neutron.db.ovn_revision_numbers_db [None req-a34d6f6e-9b23-4d62-b4fd-f52119a9090b admin admin] create_initial_revision uuid=88dcd6c6-fdd2-44a3-8b19-023c0005469b, type=security_group_rules, rev=-1 {{(pid=102469) create_initial_revision /opt/stack/neutron/neutron/db/ovn_revision_numbers_db.py:98}}
Mar 20 00:45:02.978119 np0000160181 devstack@neutron-api.service[102469]: DEBUG neutron.db.ovn_revision_numbers_db [None req-a34d6f6e-9b23-4d62-b4fd-f52119a9090b admin admin] create_initial_revision uuid=c0458256-d32a-497c-9f83-5846ae9e7d9d, type=security_group_rules, rev=-1 {{(pid=102469) create_initial_revision /opt/stack/neutron/neutron/db/ovn_revision_numbers_db.py:98}}
Mar 20 00:45:02.978992 np0000160181 devstack@neutron-api.service[102469]: DEBUG neutron.db.ovn_revision_numbers_db [None req-a34d6f6e-9b23-4d62-b4fd-f52119a9090b admin admin] create_initial_revision uuid=e7c061b9-bf8c-4094-af77-590b675b9977, type=security_group_rules, rev=-1 {{(pid=102469) create_initial_revision /opt/stack/neutron/neutron/db/ovn_revision_numbers_db.py:98}}
Mar 20 00:45:03.006573 np0000160181 devstack@neutron-api.service[102469]: DEBUG neutron_lib.callbacks.manager [None req-a34d6f6e-9b23-4d62-b4fd-f52119a9090b admin admin] Publish callbacks ['neutron.plugins.ml2.drivers.ovn.mech_driver.mech_driver.OVNMechanismDriver._create_security_group-862869', 'neutron.plugins.ml2.ovo_rpc._ObjectChangeHandler.handle_event-1707669'] for security_group (58fb0f83-cba9-424b-ac8c-33e15025bb7e), after_create {{(pid=102469) _notify_loop /opt/stack/data/venv/lib/python3.12/site-packages/neutron_lib/callbacks/manager.py:184}}
Mar 20 00:45:03.008150 np0000160181 devstack@neutron-api.service[102469]: DEBUG ovsdbapp.backend.ovs_idl.transaction [None req-34fcd079-aa05-4104-a609-3248b3138b23 None None] Running txn n=1 command(idx=0): PgAddCommand(_result=None, name=pg_58fb0f83_cba9_424b_ac8c_33e15025bb7e, may_exist=False, columns={'acls': [], 'external_ids': {'neutron:security_group_id': '58fb0f83-cba9-424b-ac8c-33e15025bb7e'}}) {{(pid=102469) do_commit /opt/stack/data/venv/lib/python3.12/site-packages/ovsdbapp/backend/ovs_idl/transaction.py:89}}
Mar 20 00:45:03.008840 np0000160181 devstack@neutron-api.service[102469]: DEBUG ovsdbapp.backend.ovs_idl.transaction [None req-34fcd079-aa05-4104-a609-3248b3138b23 None None] Running txn n=1 command(idx=1): PgAclAddCommand(_result=None, entity=pg_58fb0f83_cba9_424b_ac8c_33e15025bb7e, direction=to-lport, priority=1002, match=outport == @pg_58fb0f83_cba9_424b_ac8c_33e15025bb7e && ip4 && ip4.src == $pg_58fb0f83_cba9_424b_ac8c_33e15025bb7e_ip4, action=allow-related, log=False, may_exist=True, severity=[], name=[], meter=[], external_ids={'neutron:security_group_rule_id': '7d9f7f79-1aa0-407d-b560-0435759bd9f3'}) {{(pid=102469) do_commit /opt/stack/data/venv/lib/python3.12/site-packages/ovsdbapp/backend/ovs_idl/transaction.py:89}}
Mar 20 00:45:03.009558 np0000160181 devstack@neutron-api.service[102469]: DEBUG ovsdbapp.backend.ovs_idl.transaction [None req-34fcd079-aa05-4104-a609-3248b3138b23 None None] Running txn n=1 command(idx=2): PgAclAddCommand(_result=None, entity=pg_58fb0f83_cba9_424b_ac8c_33e15025bb7e, direction=from-lport, priority=1002, match=inport == @pg_58fb0f83_cba9_424b_ac8c_33e15025bb7e && ip6, action=allow-related, log=False, may_exist=True, severity=[], name=[], meter=[], external_ids={'neutron:security_group_rule_id': '88dcd6c6-fdd2-44a3-8b19-023c0005469b'}) {{(pid=102469) do_commit /opt/stack/data/venv/lib/python3.12/site-packages/ovsdbapp/backend/ovs_idl/transaction.py:89}}
Mar 20 00:45:03.010134 np0000160181 devstack@neutron-api.service[102469]: DEBUG ovsdbapp.backend.ovs_idl.transaction [None req-34fcd079-aa05-4104-a609-3248b3138b23 None None] Running txn n=1 command(idx=3): PgAclAddCommand(_result=None, entity=pg_58fb0f83_cba9_424b_ac8c_33e15025bb7e, direction=to-lport, priority=1002, match=outport == @pg_58fb0f83_cba9_424b_ac8c_33e15025bb7e && ip6 && ip6.src == $pg_58fb0f83_cba9_424b_ac8c_33e15025bb7e_ip6, action=allow-related, log=False, may_exist=True, severity=[], name=[], meter=[], external_ids={'neutron:security_group_rule_id': 'c0458256-d32a-497c-9f83-5846ae9e7d9d'}) {{(pid=102469) do_commit /opt/stack/data/venv/lib/python3.12/site-packages/ovsdbapp/backend/ovs_idl/transaction.py:89}}
Mar 20 00:45:03.010659 np0000160181 devstack@neutron-api.service[102469]: DEBUG ovsdbapp.backend.ovs_idl.transaction [None req-34fcd079-aa05-4104-a609-3248b3138b23 None None] Running txn n=1 command(idx=4): PgAclAddCommand(_result=None, entity=pg_58fb0f83_cba9_424b_ac8c_33e15025bb7e, direction=from-lport, priority=1002, match=inport == @pg_58fb0f83_cba9_424b_ac8c_33e15025bb7e && ip4, action=allow-related, log=False, may_exist=True, severity=[], name=[], meter=[], external_ids={'neutron:security_group_rule_id': 'e7c061b9-bf8c-4094-af77-590b675b9977'}) {{(pid=102469) do_commit /opt/stack/data/venv/lib/python3.12/site-packages/ovsdbapp/backend/ovs_idl/transaction.py:89}}
Mar 20 00:45:03.019622 np0000160181 devstack@neutron-api.service[102469]: DEBUG neutron.plugins.ml2.drivers.ovn.mech_driver.ovsdb.ovsdb_monitor [None req-34fcd079-aa05-4104-a609-3248b3138b23 None None] Touching Hash Ring node "83beaba88fa1599b97321c1812b64134" from IDL notify handler {{(pid=102469) notify /opt/stack/neutron/neutron/plugins/ml2/drivers/ovn/mech_driver/ovsdb/ovsdb_monitor.py:898}}
Mar 20 00:45:03.021672 np0000160181 devstack@neutron-api.service[102470]: DEBUG neutron.plugins.ml2.drivers.ovn.mech_driver.ovsdb.ovsdb_monitor [None req-a773ee36-cf46-4bad-86fe-6b4e4a6bd91d None None] Touching Hash Ring node "8d08c2a2474b5e4cbb22111bcb8b8070" from IDL notify handler {{(pid=102470) notify /opt/stack/neutron/neutron/plugins/ml2/drivers/ovn/mech_driver/ovsdb/ovsdb_monitor.py:898}}
Mar 20 00:45:03.022939 np0000160181 devstack@neutron-api.service[102468]: DEBUG neutron.plugins.ml2.drivers.ovn.mech_driver.ovsdb.ovsdb_monitor [None req-257f1898-a15a-403d-80d5-a3b90a676328 None None] Touching Hash Ring node "da2b10c644f0523c9a47542ebd501b1f" from IDL notify handler {{(pid=102468) notify /opt/stack/neutron/neutron/plugins/ml2/drivers/ovn/mech_driver/ovsdb/ovsdb_monitor.py:898}}
Mar 20 00:45:03.024415 np0000160181 devstack@neutron-api.service[102471]: DEBUG neutron.plugins.ml2.drivers.ovn.mech_driver.ovsdb.ovsdb_monitor [None req-2eb9c7d5-0ce6-4f50-a600-64b82dac4f15 None None] Touching Hash Ring node "a7d20213e7d8556ab5ebe80be010c907" from IDL notify handler {{(pid=102471) notify /opt/stack/neutron/neutron/plugins/ml2/drivers/ovn/mech_driver/ovsdb/ovsdb_monitor.py:898}}
Mar 20 00:45:03.028682 np0000160181 devstack@neutron-api.service[102469]: DEBUG neutron.plugins.ml2.drivers.ovn.mech_driver.ovsdb.ovsdb_monitor [None req-34fcd079-aa05-4104-a609-3248b3138b23 None None] Hash Ring: Node 83beaba88fa1599b97321c1812b64134 (host: np0000160181) handling event "create" for row 5233a224-2e21-474e-bf03-a1f78fe3a6b8 (table: ACL) {{(pid=102469) notify /opt/stack/neutron/neutron/plugins/ml2/drivers/ovn/mech_driver/ovsdb/ovsdb_monitor.py:906}}
Mar 20 00:45:03.031437 np0000160181 devstack@neutron-api.service[102470]: DEBUG neutron.plugins.ml2.drivers.ovn.mech_driver.ovsdb.ovsdb_monitor [None req-a773ee36-cf46-4bad-86fe-6b4e4a6bd91d None None] Hash Ring: Node 8d08c2a2474b5e4cbb22111bcb8b8070 (host: np0000160181) handling event "create" for row 29ba6698-e5a0-459e-8db7-f38a7f189af5 (table: ACL) {{(pid=102470) notify /opt/stack/neutron/neutron/plugins/ml2/drivers/ovn/mech_driver/ovsdb/ovsdb_monitor.py:906}}
Mar 20 00:45:03.032243 np0000160181 devstack@neutron-api.service[102470]: DEBUG neutron.plugins.ml2.drivers.ovn.mech_driver.ovsdb.ovsdb_monitor [None req-a773ee36-cf46-4bad-86fe-6b4e4a6bd91d None None] Touching Hash Ring node "8d08c2a2474b5e4cbb22111bcb8b8070" from IDL notify handler {{(pid=102470) notify /opt/stack/neutron/neutron/plugins/ml2/drivers/ovn/mech_driver/ovsdb/ovsdb_monitor.py:898}}
Mar 20 00:45:03.034807 np0000160181 devstack@neutron-api.service[102470]: DEBUG neutron.plugins.ml2.drivers.ovn.mech_driver.ovsdb.ovsdb_monitor [None req-a773ee36-cf46-4bad-86fe-6b4e4a6bd91d None None] Hash Ring: Node 8d08c2a2474b5e4cbb22111bcb8b8070 (host: np0000160181) handling event "create" for row 8dfb489d-b68e-479e-ba65-d4db74272c88 (table: ACL) {{(pid=102470) notify /opt/stack/neutron/neutron/plugins/ml2/drivers/ovn/mech_driver/ovsdb/ovsdb_monitor.py:906}}
Mar 20 00:45:03.036385 np0000160181 devstack@neutron-api.service[102471]: DEBUG neutron.plugins.ml2.drivers.ovn.mech_driver.ovsdb.ovsdb_monitor [None req-2eb9c7d5-0ce6-4f50-a600-64b82dac4f15 None None] Hash Ring: Node a7d20213e7d8556ab5ebe80be010c907 (host: np0000160181) handling event "create" for row 27a80c8c-0c1c-43d1-8e6f-475d262d9f50 (table: ACL) {{(pid=102471) notify /opt/stack/neutron/neutron/plugins/ml2/drivers/ovn/mech_driver/ovsdb/ovsdb_monitor.py:906}}
Mar 20 00:45:03.036961 np0000160181 devstack@neutron-api.service[102468]: DEBUG neutron.plugins.ml2.drivers.ovn.mech_driver.ovsdb.ovsdb_monitor [None req-257f1898-a15a-403d-80d5-a3b90a676328 None None] Hash Ring: Node da2b10c644f0523c9a47542ebd501b1f (host: np0000160181) handling event "create" for row 61d88e22-e0e8-4c6d-9397-6d232589ff9e (table: Port_Group) {{(pid=102468) notify /opt/stack/neutron/neutron/plugins/ml2/drivers/ovn/mech_driver/ovsdb/ovsdb_monitor.py:906}}
Mar 20 00:45:03.049732 np0000160181 devstack@neutron-api.service[102469]: INFO neutron.db.ovn_revision_numbers_db [None req-a34d6f6e-9b23-4d62-b4fd-f52119a9090b admin admin] Successfully bumped revision number for resource 58fb0f83-cba9-424b-ac8c-33e15025bb7e (type: security_groups) to 1
Mar 20 00:45:03.063694 np0000160181 devstack@neutron-api.service[102469]: INFO neutron.db.ovn_revision_numbers_db [None req-a34d6f6e-9b23-4d62-b4fd-f52119a9090b admin admin] Successfully bumped revision number for resource 7d9f7f79-1aa0-407d-b560-0435759bd9f3 (type: security_group_rules) to 0
Mar 20 00:45:03.077083 np0000160181 devstack@neutron-api.service[102469]: INFO neutron.db.ovn_revision_numbers_db [None req-a34d6f6e-9b23-4d62-b4fd-f52119a9090b admin admin] Successfully bumped revision number for resource 88dcd6c6-fdd2-44a3-8b19-023c0005469b (type: security_group_rules) to 0
Mar 20 00:45:03.090799 np0000160181 devstack@neutron-api.service[102469]: INFO neutron.db.ovn_revision_numbers_db [None req-a34d6f6e-9b23-4d62-b4fd-f52119a9090b admin admin] Successfully bumped revision number for resource c0458256-d32a-497c-9f83-5846ae9e7d9d (type: security_group_rules) to 0
Mar 20 00:45:03.104165 np0000160181 devstack@neutron-api.service[102469]: INFO neutron.db.ovn_revision_numbers_db [None req-a34d6f6e-9b23-4d62-b4fd-f52119a9090b admin admin] Successfully bumped revision number for resource e7c061b9-bf8c-4094-af77-590b675b9977 (type: security_group_rules) to 0
Mar 20 00:45:03.130450 np0000160181 devstack@neutron-api.service[102469]: DEBUG neutron.api.rpc.handlers.resources_rpc [None req-a34d6f6e-9b23-4d62-b4fd-f52119a9090b admin admin] Pushing event updated for resources: {'SecurityGroup': ['ID=58fb0f83-cba9-424b-ac8c-33e15025bb7e,revision_number=1']} {{(pid=102469) push /opt/stack/neutron/neutron/api/rpc/handlers/resources_rpc.py:237}}
Mar 20 00:45:03.137046 np0000160181 devstack@neutron-api.service[102469]: DEBUG ovsdbapp.backend.ovs_idl.transaction [None req-34fcd079-aa05-4104-a609-3248b3138b23 None None] Running txn n=1 command(idx=0): CheckLivenessCommand(_result=None) {{(pid=102469) do_commit /opt/stack/data/venv/lib/python3.12/site-packages/ovsdbapp/backend/ovs_idl/transaction.py:89}}
Mar 20 00:45:03.142645 np0000160181 devstack@neutron-api.service[102469]: DEBUG neutron.plugins.ml2.drivers.ovn.mech_driver.ovsdb.ovsdb_monitor [None req-34fcd079-aa05-4104-a609-3248b3138b23 None None] Touching Hash Ring node "83beaba88fa1599b97321c1812b64134" from IDL notify handler {{(pid=102469) notify /opt/stack/neutron/neutron/plugins/ml2/drivers/ovn/mech_driver/ovsdb/ovsdb_monitor.py:898}}
Mar 20 00:45:03.144703 np0000160181 devstack@neutron-api.service[102468]: DEBUG neutron.plugins.ml2.drivers.ovn.mech_driver.ovsdb.ovsdb_monitor [None req-33b26a85-9040-4810-aca3-0188064808a4 None None] ChassisAgentWriteEvent : Matched Chassis_Private, update, None None {{(pid=102468) matches /opt/stack/neutron/neutron/plugins/ml2/drivers/ovn/mech_driver/ovsdb/ovsdb_monitor.py:64}}
Mar 20 00:45:03.146703 np0000160181 devstack@neutron-api.service[102471]: DEBUG neutron.plugins.ml2.drivers.ovn.mech_driver.ovsdb.ovsdb_monitor [None req-df2ca56b-6694-4340-9b4b-c96166b112e7 None None] ChassisAgentWriteEvent : Matched Chassis_Private, update, None None {{(pid=102471) matches /opt/stack/neutron/neutron/plugins/ml2/drivers/ovn/mech_driver/ovsdb/ovsdb_monitor.py:64}}
Mar 20 00:45:03.148302 np0000160181 devstack@neutron-api.service[102470]: DEBUG neutron.plugins.ml2.drivers.ovn.mech_driver.ovsdb.ovsdb_monitor [None req-852e53b4-b4ab-45a2-953b-0eaaaadcdc7a None None] ChassisAgentWriteEvent : Matched Chassis_Private, update, None None {{(pid=102470) matches /opt/stack/neutron/neutron/plugins/ml2/drivers/ovn/mech_driver/ovsdb/ovsdb_monitor.py:64}}
Mar 20 00:45:03.148481 np0000160181 devstack@neutron-api.service[102469]: DEBUG neutron.plugins.ml2.drivers.ovn.mech_driver.ovsdb.ovsdb_monitor [None req-76e5dbb3-1746-4527-b966-fc75df2d1bd8 None None] ChassisAgentWriteEvent : Matched Chassis_Private, update, None None {{(pid=102469) matches /opt/stack/neutron/neutron/plugins/ml2/drivers/ovn/mech_driver/ovsdb/ovsdb_monitor.py:64}}
Mar 20 00:45:03.153400 np0000160181 devstack@neutron-api.service[102471]: DEBUG neutron.common.ovn.hash_ring_manager [None req-df2ca56b-6694-4340-9b4b-c96166b112e7 None None] Hash Ring loaded. 4 active nodes. 0 offline nodes {{(pid=102471) _load_hash_ring /opt/stack/neutron/neutron/common/ovn/hash_ring_manager.py:102}}
Mar 20 00:45:03.154027 np0000160181 devstack@neutron-api.service[102469]: DEBUG neutron.plugins.ml2.drivers.ovn.mech_driver.ovsdb.ovsdb_monitor [None req-34fcd079-aa05-4104-a609-3248b3138b23 None None] Hash Ring: Node 83beaba88fa1599b97321c1812b64134 (host: np0000160181) handling event "update" for row 54228674-dffa-43e7-97db-fa397056d03d (table: NB_Global) {{(pid=102469) notify /opt/stack/neutron/neutron/plugins/ml2/drivers/ovn/mech_driver/ovsdb/ovsdb_monitor.py:906}}
Mar 20 00:45:03.154469 np0000160181 devstack@neutron-api.service[102468]: DEBUG neutron.common.ovn.hash_ring_manager [None req-33b26a85-9040-4810-aca3-0188064808a4 None None] Hash Ring loaded. 4 active nodes. 0 offline nodes {{(pid=102468) _load_hash_ring /opt/stack/neutron/neutron/common/ovn/hash_ring_manager.py:102}}
Mar 20 00:45:03.154625 np0000160181 devstack@neutron-api.service[102468]: DEBUG neutron.plugins.ml2.drivers.ovn.mech_driver.ovsdb.ovsdb_monitor [None req-33b26a85-9040-4810-aca3-0188064808a4 None None] Hash Ring: Node da2b10c644f0523c9a47542ebd501b1f (host: np0000160181) handling event "update" for row 2a36329f-ada2-4aa9-acf5-3feab25e3d8d (table: Chassis_Private) {{(pid=102468) notify /opt/stack/neutron/neutron/plugins/ml2/drivers/ovn/mech_driver/ovsdb/ovsdb_monitor.py:906}}
Mar 20 00:45:03.157031 np0000160181 devstack@neutron-api.service[102470]: DEBUG neutron.common.ovn.hash_ring_manager [None req-852e53b4-b4ab-45a2-953b-0eaaaadcdc7a None None] Hash Ring loaded. 4 active nodes. 0 offline nodes {{(pid=102470) _load_hash_ring /opt/stack/neutron/neutron/common/ovn/hash_ring_manager.py:102}}
Mar 20 00:45:03.158191 np0000160181 devstack@neutron-api.service[102469]: DEBUG neutron.plugins.ml2.drivers.ovn.mech_driver.ovsdb.ovsdb_monitor [None req-34fcd079-aa05-4104-a609-3248b3138b23 None None] Touching Hash Ring node "83beaba88fa1599b97321c1812b64134" from IDL notify handler {{(pid=102469) notify /opt/stack/neutron/neutron/plugins/ml2/drivers/ovn/mech_driver/ovsdb/ovsdb_monitor.py:898}}
Mar 20 00:45:03.159539 np0000160181 devstack@neutron-api.service[102469]: DEBUG neutron.common.ovn.hash_ring_manager [None req-76e5dbb3-1746-4527-b966-fc75df2d1bd8 None None] Hash Ring loaded. 4 active nodes. 0 offline nodes {{(pid=102469) _load_hash_ring /opt/stack/neutron/neutron/common/ovn/hash_ring_manager.py:102}}
Mar 20 00:45:03.161650 np0000160181 devstack@neutron-api.service[102469]: DEBUG neutron.plugins.ml2.drivers.ovn.mech_driver.ovsdb.ovsdb_monitor [None req-34fcd079-aa05-4104-a609-3248b3138b23 None None] Hash Ring: Node 83beaba88fa1599b97321c1812b64134 (host: np0000160181) handling event "update" for row 54228674-dffa-43e7-97db-fa397056d03d (table: NB_Global) {{(pid=102469) notify /opt/stack/neutron/neutron/plugins/ml2/drivers/ovn/mech_driver/ovsdb/ovsdb_monitor.py:906}}
Mar 20 00:45:03.163008 np0000160181 devstack@neutron-api.service[102469]: DEBUG neutron.plugins.ml2.drivers.ovn.mech_driver.ovsdb.ovsdb_monitor [None req-34fcd079-aa05-4104-a609-3248b3138b23 None None] Touching Hash Ring node "83beaba88fa1599b97321c1812b64134" from IDL notify handler {{(pid=102469) notify /opt/stack/neutron/neutron/plugins/ml2/drivers/ovn/mech_driver/ovsdb/ovsdb_monitor.py:898}}
Mar 20 00:45:03.165291 np0000160181 devstack@neutron-api.service[102469]: DEBUG neutron.plugins.ml2.drivers.ovn.mech_driver.ovsdb.ovsdb_monitor [None req-34fcd079-aa05-4104-a609-3248b3138b23 None None] Hash Ring: Node 83beaba88fa1599b97321c1812b64134 (host: np0000160181) handling event "update" for row 54228674-dffa-43e7-97db-fa397056d03d (table: NB_Global) {{(pid=102469) notify /opt/stack/neutron/neutron/plugins/ml2/drivers/ovn/mech_driver/ovsdb/ovsdb_monitor.py:906}}
Mar 20 00:45:03.166700 np0000160181 devstack@neutron-api.service[102469]: DEBUG neutron.plugins.ml2.drivers.ovn.mech_driver.ovsdb.ovsdb_monitor [None req-34fcd079-aa05-4104-a609-3248b3138b23 None None] Touching Hash Ring node "83beaba88fa1599b97321c1812b64134" from IDL notify handler {{(pid=102469) notify /opt/stack/neutron/neutron/plugins/ml2/drivers/ovn/mech_driver/ovsdb/ovsdb_monitor.py:898}}
Mar 20 00:45:03.168950 np0000160181 devstack@neutron-api.service[102469]: DEBUG neutron.plugins.ml2.drivers.ovn.mech_driver.ovsdb.ovsdb_monitor [None req-34fcd079-aa05-4104-a609-3248b3138b23 None None] Hash Ring: Node 83beaba88fa1599b97321c1812b64134 (host: np0000160181) handling event "update" for row 54228674-dffa-43e7-97db-fa397056d03d (table: NB_Global) {{(pid=102469) notify /opt/stack/neutron/neutron/plugins/ml2/drivers/ovn/mech_driver/ovsdb/ovsdb_monitor.py:906}}
Mar 20 00:45:03.173358 np0000160181 devstack@neutron-api.service[102469]: DEBUG neutron.api.rpc.callbacks.version_manager [None req-a34d6f6e-9b23-4d62-b4fd-f52119a9090b admin admin] Tracked resource versions report:
Mar 20 00:45:03.173358 np0000160181 devstack@neutron-api.service[102469]: pushed versions:
Mar 20 00:45:03.173358 np0000160181 devstack@neutron-api.service[102469]: { 'AddressGroup': {'1.2'},
Mar 20 00:45:03.173358 np0000160181 devstack@neutron-api.service[102469]: 'Agent': {'1.1'},
Mar 20 00:45:03.173358 np0000160181 devstack@neutron-api.service[102469]: 'ConntrackHelper': {'1.0'},
Mar 20 00:45:03.173358 np0000160181 devstack@neutron-api.service[102469]: 'LocalIPAssociation': {'1.0'},
Mar 20 00:45:03.173358 np0000160181 devstack@neutron-api.service[102469]: 'Log': {'1.0'},
Mar 20 00:45:03.173358 np0000160181 devstack@neutron-api.service[102469]: 'NDPProxy': {'1.0'},
Mar 20 00:45:03.173358 np0000160181 devstack@neutron-api.service[102469]: 'Network': {'1.2'},
Mar 20 00:45:03.173358 np0000160181 devstack@neutron-api.service[102469]: 'Port': {'1.10'},
Mar 20 00:45:03.173358 np0000160181 devstack@neutron-api.service[102469]: 'PortForwarding': {'1.3'},
Mar 20 00:45:03.173358 np0000160181 devstack@neutron-api.service[102469]: 'QosPolicy': {'1.10'},
Mar 20 00:45:03.173358 np0000160181 devstack@neutron-api.service[102469]: 'SecurityGroup': {'1.6'},
Mar 20 00:45:03.173358 np0000160181 devstack@neutron-api.service[102469]: 'SecurityGroupRule': {'1.3'},
Mar 20 00:45:03.173358 np0000160181 devstack@neutron-api.service[102469]: 'SubPort': {'1.0'},
Mar 20 00:45:03.173358 np0000160181 devstack@neutron-api.service[102469]: 'Subnet': {'1.2'},
Mar 20 00:45:03.173358 np0000160181 devstack@neutron-api.service[102469]: 'Trunk': {'1.1'}}
Mar 20 00:45:03.173358 np0000160181 devstack@neutron-api.service[102469]: consumer versions:
Mar 20 00:45:03.173358 np0000160181 devstack@neutron-api.service[102469]: { OVN Controller Gateway agent@np0000160181: {},
Mar 20 00:45:03.173358 np0000160181 devstack@neutron-api.service[102469]: OVN Neutron agent@np0000160181: {}}
Mar 20 00:45:03.173358 np0000160181 devstack@neutron-api.service[102469]: {{(pid=102469) report /opt/stack/neutron/neutron/api/rpc/callbacks/version_manager.py:183}}
Mar 20 00:45:03.223810 np0000160181 devstack@neutron-api.service[102469]: DEBUG neutron.plugins.ml2.drivers.helpers [None req-a34d6f6e-9b23-4d62-b4fd-f52119a9090b admin admin] geneve segment allocate from pool success with {'geneve_vni': 22632} {{(pid=102469) allocate_partially_specified_segment /opt/stack/neutron/neutron/plugins/ml2/drivers/helpers.py:142}}
Mar 20 00:45:03.236439 np0000160181 devstack@neutron-api.service[102469]: DEBUG neutron_lib.callbacks.manager [None req-a34d6f6e-9b23-4d62-b4fd-f52119a9090b admin admin] Publish callbacks ['neutron.services.segments.db._add_segment_host_mapping_for_segment-8506415245726', 'neutron.plugins.ml2.plugin.Ml2Plugin._handle_segment_change-2321122'] for segment (0d6edfb8-a53c-4a1e-8837-5e5de65e01a3), precommit_create {{(pid=102469) _notify_loop /opt/stack/data/venv/lib/python3.12/site-packages/neutron_lib/callbacks/manager.py:184}}
