Apr 29 21:44:00.522370 np0000171318 systemd[1]: Starting devstack@n-api-meta.service - Devstack devstack@n-api-meta.service...
Apr 29 21:44:00.530804 np0000171318 devstack@n-api-meta.service[109824]: [uWSGI] getting INI configuration from /etc/nova/nova-metadata-uwsgi.ini
Apr 29 21:44:00.531458 np0000171318 devstack@n-api-meta.service[109824]: open("./http_plugin.so"): No such file or directory [core/utils.c line 3709]
Apr 29 21:44:00.531458 np0000171318 devstack@n-api-meta.service[109824]: !!! UNABLE to load uWSGI plugin: ./http_plugin.so: cannot open shared object file: No such file or directory !!!
Apr 29 21:44:00.531458 np0000171318 devstack@n-api-meta.service[109824]: open("./python3_plugin.so"): No such file or directory [core/utils.c line 3709]
Apr 29 21:44:00.531458 np0000171318 devstack@n-api-meta.service[109824]: !!! UNABLE to load uWSGI plugin: ./python3_plugin.so: cannot open shared object file: No such file or directory !!!
Apr 29 21:44:00.531458 np0000171318 devstack@n-api-meta.service[109824]: *** Starting uWSGI 2.0.31 (64bit) on [Wed Apr 29 21:44:00 2026] ***
Apr 29 21:44:00.531458 np0000171318 devstack@n-api-meta.service[109824]: compiled with version: 13.3.0 on 29 April 2026 21:33:24
Apr 29 21:44:00.531458 np0000171318 devstack@n-api-meta.service[109824]: os: Linux-6.8.0-110-generic #110-Ubuntu SMP PREEMPT_DYNAMIC Thu Mar 19 15:09:20 UTC 2026
Apr 29 21:44:00.531458 np0000171318 devstack@n-api-meta.service[109824]: nodename: np0000171318
Apr 29 21:44:00.531458 np0000171318 devstack@n-api-meta.service[109824]: machine: x86_64
Apr 29 21:44:00.531458 np0000171318 devstack@n-api-meta.service[109824]: clock source: unix
Apr 29 21:44:00.531458 np0000171318 devstack@n-api-meta.service[109824]: pcre jit disabled
Apr 29 21:44:00.531458 np0000171318 devstack@n-api-meta.service[109824]: detected number of CPU cores: 16
Apr 29 21:44:00.531458 np0000171318 devstack@n-api-meta.service[109824]: current working directory: /
Apr 29 21:44:00.531458 np0000171318 devstack@n-api-meta.service[109824]: detected binary path: /opt/stack/data/venv/bin/uwsgi
Apr 29 21:44:00.531458 np0000171318 devstack@n-api-meta.service[109824]: your processes number limit is 256917
Apr 29 21:44:00.531458 np0000171318 devstack@n-api-meta.service[109824]: your memory page size is 4096 bytes
Apr 29 21:44:00.531458 np0000171318 devstack@n-api-meta.service[109824]: detected max file descriptor number: 2048
Apr 29 21:44:00.531458 np0000171318 devstack@n-api-meta.service[109824]: lock engine: pthread robust mutexes
Apr 29 21:44:00.531458 np0000171318 devstack@n-api-meta.service[109824]: thunder lock: enabled
Apr 29 21:44:00.532412 np0000171318 devstack@n-api-meta.service[109824]: uWSGI http bound on 0.0.0.0:8775 fd 5
Apr 29 21:44:00.532412 np0000171318 devstack@n-api-meta.service[109824]: uwsgi socket 0 bound to TCP address 127.0.0.1:34619 (port auto-assigned) fd 4
Apr 29 21:44:00.532412 np0000171318 devstack@n-api-meta.service[109824]: Python version: 3.12.3 (main, Mar 23 2026, 19:04:32) [GCC 13.3.0]
Apr 29 21:44:00.532412 np0000171318 devstack@n-api-meta.service[109824]: PEP 405 virtualenv detected: /opt/stack/data/venv
Apr 29 21:44:00.532412 np0000171318 devstack@n-api-meta.service[109824]: Set PythonHome to /opt/stack/data/venv
Apr 29 21:44:00.567779 np0000171318 devstack@n-api-meta.service[109824]: Python main interpreter initialized at 0x7c7f5b2a3668
Apr 29 21:44:00.567779 np0000171318 devstack@n-api-meta.service[109824]: python threads support enabled
Apr 29 21:44:00.567779 np0000171318 devstack@n-api-meta.service[109824]: your server socket listen backlog is limited to 100 connections
Apr 29 21:44:00.567779 np0000171318 devstack@n-api-meta.service[109824]: your mercy for graceful operations on workers is 80 seconds
Apr 29 21:44:00.568308 np0000171318 devstack@n-api-meta.service[109824]: mapped 671795 bytes (656 KB) for 4 cores
Apr 29 21:44:00.568427 np0000171318 devstack@n-api-meta.service[109824]: *** Operational MODE: preforking ***
Apr 29 21:44:00.568670 np0000171318 devstack@n-api-meta.service[109824]: *** uWSGI is running in multiple interpreter mode ***
Apr 29 21:44:00.568670 np0000171318 devstack@n-api-meta.service[109824]: spawned uWSGI master process (pid: 109824)
Apr 29 21:44:00.568932 np0000171318 systemd[1]: Started devstack@n-api-meta.service - Devstack devstack@n-api-meta.service.
Apr 29 21:44:00.569301 np0000171318 devstack@n-api-meta.service[109824]: spawned uWSGI worker 1 (pid: 109825, cores: 1)
Apr 29 21:44:00.569897 np0000171318 devstack@n-api-meta.service[109824]: spawned uWSGI worker 2 (pid: 109826, cores: 1)
Apr 29 21:44:00.570308 np0000171318 devstack@n-api-meta.service[109824]: spawned uWSGI worker 3 (pid: 109827, cores: 1)
Apr 29 21:44:00.570739 np0000171318 devstack@n-api-meta.service[109824]: spawned uWSGI worker 4 (pid: 109828, cores: 1)
Apr 29 21:44:00.571266 np0000171318 devstack@n-api-meta.service[109824]: spawned uWSGI http 1 (pid: 109829)
Apr 29 21:44:00.571266 np0000171318 devstack@n-api-meta.service[109824]: running "unix_signal:15 gracefully_kill_them_all" (master-start)...
Apr 29 21:44:00.875132 np0000171318 devstack@n-api-meta.service[109826]: /opt/stack/data/venv/lib/python3.12/site-packages/oslo_concurrency/lockutils.py:41: EventletDeprecationWarning:
Apr 29 21:44:00.875132 np0000171318 devstack@n-api-meta.service[109826]: Eventlet is deprecated. It is currently being maintained in bugfix mode, and
Apr 29 21:44:00.875132 np0000171318 devstack@n-api-meta.service[109826]: we strongly recommend against using it for new projects.
Apr 29 21:44:00.875132 np0000171318 devstack@n-api-meta.service[109826]: If you are already using Eventlet, we recommend migrating to a different
Apr 29 21:44:00.875132 np0000171318 devstack@n-api-meta.service[109826]: framework. For more detail see
Apr 29 21:44:00.875132 np0000171318 devstack@n-api-meta.service[109826]: https://eventlet.readthedocs.io/en/latest/asyncio/migration.html
Apr 29 21:44:00.875132 np0000171318 devstack@n-api-meta.service[109826]: import eventlet
Apr 29 21:44:00.885638 np0000171318 devstack@n-api-meta.service[109825]: /opt/stack/data/venv/lib/python3.12/site-packages/oslo_concurrency/lockutils.py:41: EventletDeprecationWarning:
Apr 29 21:44:00.885638 np0000171318 devstack@n-api-meta.service[109825]: Eventlet is deprecated. It is currently being maintained in bugfix mode, and
Apr 29 21:44:00.885638 np0000171318 devstack@n-api-meta.service[109825]: we strongly recommend against using it for new projects.
Apr 29 21:44:00.885638 np0000171318 devstack@n-api-meta.service[109825]: If you are already using Eventlet, we recommend migrating to a different
Apr 29 21:44:00.885638 np0000171318 devstack@n-api-meta.service[109825]: framework. For more detail see
Apr 29 21:44:00.885638 np0000171318 devstack@n-api-meta.service[109825]: https://eventlet.readthedocs.io/en/latest/asyncio/migration.html
Apr 29 21:44:00.885638 np0000171318 devstack@n-api-meta.service[109825]: import eventlet
Apr 29 21:44:00.909732 np0000171318 devstack@n-api-meta.service[109827]: /opt/stack/data/venv/lib/python3.12/site-packages/oslo_concurrency/lockutils.py:41: EventletDeprecationWarning:
Apr 29 21:44:00.909732 np0000171318 devstack@n-api-meta.service[109827]: Eventlet is deprecated. It is currently being maintained in bugfix mode, and
Apr 29 21:44:00.909732 np0000171318 devstack@n-api-meta.service[109827]: we strongly recommend against using it for new projects.
Apr 29 21:44:00.909732 np0000171318 devstack@n-api-meta.service[109827]: If you are already using Eventlet, we recommend migrating to a different
Apr 29 21:44:00.909732 np0000171318 devstack@n-api-meta.service[109827]: framework. For more detail see
Apr 29 21:44:00.909732 np0000171318 devstack@n-api-meta.service[109827]: https://eventlet.readthedocs.io/en/latest/asyncio/migration.html
Apr 29 21:44:00.909732 np0000171318 devstack@n-api-meta.service[109827]: import eventlet
Apr 29 21:44:00.913320 np0000171318 devstack@n-api-meta.service[109828]: /opt/stack/data/venv/lib/python3.12/site-packages/oslo_concurrency/lockutils.py:41: EventletDeprecationWarning:
Apr 29 21:44:00.913320 np0000171318 devstack@n-api-meta.service[109828]: Eventlet is deprecated. It is currently being maintained in bugfix mode, and
Apr 29 21:44:00.913320 np0000171318 devstack@n-api-meta.service[109828]: we strongly recommend against using it for new projects.
Apr 29 21:44:00.913320 np0000171318 devstack@n-api-meta.service[109828]: If you are already using Eventlet, we recommend migrating to a different
Apr 29 21:44:00.913320 np0000171318 devstack@n-api-meta.service[109828]: framework. For more detail see
Apr 29 21:44:00.913320 np0000171318 devstack@n-api-meta.service[109828]: https://eventlet.readthedocs.io/en/latest/asyncio/migration.html
Apr 29 21:44:00.913320 np0000171318 devstack@n-api-meta.service[109828]: import eventlet
Apr 29 21:44:00.922233 np0000171318 devstack@n-api-meta.service[109826]: Service is starting with native threading. This is currently experimental. Do not use it in production without first testing it in pre-production.
Apr 29 21:44:00.933581 np0000171318 devstack@n-api-meta.service[109825]: Service is starting with native threading. This is currently experimental. Do not use it in production without first testing it in pre-production.
Apr 29 21:44:00.963623 np0000171318 devstack@n-api-meta.service[109828]: Service is starting with native threading. This is currently experimental. Do not use it in production without first testing it in pre-production.
Apr 29 21:44:00.967624 np0000171318 devstack@n-api-meta.service[109827]: Service is starting with native threading. This is currently experimental. Do not use it in production without first testing it in pre-production.
Apr 29 21:44:02.366360 np0000171318 devstack@n-api-meta.service[109826]: INFO dbcounter [None req-eef701a8-a326-470a-b6a5-c59ec42fcc4e None None] Registered counter for database nova_api
Apr 29 21:44:02.376893 np0000171318 devstack@n-api-meta.service[109825]: INFO dbcounter [None req-d654de33-4e5b-47b7-a505-c1d474f5c42b None None] Registered counter for database nova_api
Apr 29 21:44:02.386082 np0000171318 devstack@n-api-meta.service[109826]: DEBUG oslo_db.sqlalchemy.engines [None req-eef701a8-a326-470a-b6a5-c59ec42fcc4e None None] MySQL server mode set to STRICT_TRANS_TABLES,STRICT_ALL_TABLES,NO_ZERO_IN_DATE,NO_ZERO_DATE,ERROR_FOR_DIVISION_BY_ZERO,TRADITIONAL,NO_ENGINE_SUBSTITUTION {{(pid=109826) _check_effective_sql_mode /opt/stack/data/venv/lib/python3.12/site-packages/oslo_db/sqlalchemy/engines.py:325}}
Apr 29 21:44:02.391050 np0000171318 devstack@n-api-meta.service[109825]: DEBUG oslo_db.sqlalchemy.engines [None req-d654de33-4e5b-47b7-a505-c1d474f5c42b None None] MySQL server mode set to STRICT_TRANS_TABLES,STRICT_ALL_TABLES,NO_ZERO_IN_DATE,NO_ZERO_DATE,ERROR_FOR_DIVISION_BY_ZERO,TRADITIONAL,NO_ENGINE_SUBSTITUTION {{(pid=109825) _check_effective_sql_mode /opt/stack/data/venv/lib/python3.12/site-packages/oslo_db/sqlalchemy/engines.py:325}}
Apr 29 21:44:02.420640 np0000171318 devstack@n-api-meta.service[109826]: DEBUG dbcounter [-] [109826] Writer thread running {{(pid=109826) stat_writer /opt/stack/data/venv/lib/python3.12/site-packages/dbcounter.py:102}}
Apr 29 21:44:02.423805 np0000171318 devstack@n-api-meta.service[109825]: DEBUG dbcounter [-] [109825] Writer thread running {{(pid=109825) stat_writer /opt/stack/data/venv/lib/python3.12/site-packages/dbcounter.py:102}}
Apr 29 21:44:02.425800 np0000171318 devstack@n-api-meta.service[109826]: DEBUG nova.context [None req-eef701a8-a326-470a-b6a5-c59ec42fcc4e None None] Found 2 cells: 00000000-0000-0000-0000-000000000000(cell0),80527a15-3af7-4113-a9b4-86daf3d6da38(cell1) {{(pid=109826) load_cells /opt/stack/nova/nova/context.py:509}}
Apr 29 21:44:02.425918 np0000171318 devstack@n-api-meta.service[109825]: DEBUG nova.context [None req-d654de33-4e5b-47b7-a505-c1d474f5c42b None None] Found 2 cells: 00000000-0000-0000-0000-000000000000(cell0),80527a15-3af7-4113-a9b4-86daf3d6da38(cell1) {{(pid=109825) load_cells /opt/stack/nova/nova/context.py:509}}
Apr 29 21:44:02.426147 np0000171318 devstack@n-api-meta.service[109826]: INFO nova.utils [None req-eef701a8-a326-470a-b6a5-c59ec42fcc4e None None] The cell worker thread pool MainProcess.cell_worker is initialized
Apr 29 21:44:02.426215 np0000171318 devstack@n-api-meta.service[109825]: INFO nova.utils [None req-d654de33-4e5b-47b7-a505-c1d474f5c42b None None] The cell worker thread pool MainProcess.cell_worker is initialized
Apr 29 21:44:02.428138 np0000171318 devstack@n-api-meta.service[109825]: DEBUG oslo_concurrency.lockutils [None req-d654de33-4e5b-47b7-a505-c1d474f5c42b None None] Acquiring lock "00000000-0000-0000-0000-000000000000" by "nova.context.set_target_cell..get_or_set_cached_cell_and_set_connections" {{(pid=109825) inner /opt/stack/data/venv/lib/python3.12/site-packages/oslo_concurrency/lockutils.py:506}}
Apr 29 21:44:02.428302 np0000171318 devstack@n-api-meta.service[109825]: DEBUG oslo_concurrency.lockutils [None req-d654de33-4e5b-47b7-a505-c1d474f5c42b None None] Lock "00000000-0000-0000-0000-000000000000" acquired by "nova.context.set_target_cell..get_or_set_cached_cell_and_set_connections" :: waited 0.000s {{(pid=109825) inner /opt/stack/data/venv/lib/python3.12/site-packages/oslo_concurrency/lockutils.py:519}}
Apr 29 21:44:02.428643 np0000171318 devstack@n-api-meta.service[109825]: DEBUG oslo_concurrency.lockutils [None req-d654de33-4e5b-47b7-a505-c1d474f5c42b None None] Lock "00000000-0000-0000-0000-000000000000" "released" by "nova.context.set_target_cell..get_or_set_cached_cell_and_set_connections" :: held 0.000s {{(pid=109825) inner /opt/stack/data/venv/lib/python3.12/site-packages/oslo_concurrency/lockutils.py:538}}
Apr 29 21:44:02.428759 np0000171318 devstack@n-api-meta.service[109826]: DEBUG oslo_concurrency.lockutils [None req-eef701a8-a326-470a-b6a5-c59ec42fcc4e None None] Acquiring lock "00000000-0000-0000-0000-000000000000" by "nova.context.set_target_cell..get_or_set_cached_cell_and_set_connections" {{(pid=109826) inner /opt/stack/data/venv/lib/python3.12/site-packages/oslo_concurrency/lockutils.py:506}}
Apr 29 21:44:02.429021 np0000171318 devstack@n-api-meta.service[109826]: DEBUG oslo_concurrency.lockutils [None req-eef701a8-a326-470a-b6a5-c59ec42fcc4e None None] Lock "00000000-0000-0000-0000-000000000000" acquired by "nova.context.set_target_cell..get_or_set_cached_cell_and_set_connections" :: waited 0.000s {{(pid=109826) inner /opt/stack/data/venv/lib/python3.12/site-packages/oslo_concurrency/lockutils.py:519}}
Apr 29 21:44:02.429309 np0000171318 devstack@n-api-meta.service[109825]: DEBUG oslo_concurrency.lockutils [None req-d654de33-4e5b-47b7-a505-c1d474f5c42b None None] Acquiring lock "80527a15-3af7-4113-a9b4-86daf3d6da38" by "nova.context.set_target_cell..get_or_set_cached_cell_and_set_connections" {{(pid=109825) inner /opt/stack/data/venv/lib/python3.12/site-packages/oslo_concurrency/lockutils.py:506}}
Apr 29 21:44:02.429456 np0000171318 devstack@n-api-meta.service[109825]: DEBUG oslo_concurrency.lockutils [None req-d654de33-4e5b-47b7-a505-c1d474f5c42b None None] Lock "80527a15-3af7-4113-a9b4-86daf3d6da38" acquired by "nova.context.set_target_cell..get_or_set_cached_cell_and_set_connections" :: waited 0.000s {{(pid=109825) inner /opt/stack/data/venv/lib/python3.12/site-packages/oslo_concurrency/lockutils.py:519}}
Apr 29 21:44:02.429550 np0000171318 devstack@n-api-meta.service[109826]: DEBUG oslo_concurrency.lockutils [None req-eef701a8-a326-470a-b6a5-c59ec42fcc4e None None] Lock "00000000-0000-0000-0000-000000000000" "released" by "nova.context.set_target_cell..get_or_set_cached_cell_and_set_connections" :: held 0.001s {{(pid=109826) inner /opt/stack/data/venv/lib/python3.12/site-packages/oslo_concurrency/lockutils.py:538}}
Apr 29 21:44:02.430417 np0000171318 devstack@n-api-meta.service[109825]: DEBUG oslo_concurrency.lockutils [None req-d654de33-4e5b-47b7-a505-c1d474f5c42b None None] Lock "80527a15-3af7-4113-a9b4-86daf3d6da38" "released" by "nova.context.set_target_cell..get_or_set_cached_cell_and_set_connections" :: held 0.001s {{(pid=109825) inner /opt/stack/data/venv/lib/python3.12/site-packages/oslo_concurrency/lockutils.py:538}}
Apr 29 21:44:02.430538 np0000171318 devstack@n-api-meta.service[109826]: DEBUG oslo_concurrency.lockutils [None req-eef701a8-a326-470a-b6a5-c59ec42fcc4e None None] Acquiring lock "80527a15-3af7-4113-a9b4-86daf3d6da38" by "nova.context.set_target_cell..get_or_set_cached_cell_and_set_connections" {{(pid=109826) inner /opt/stack/data/venv/lib/python3.12/site-packages/oslo_concurrency/lockutils.py:506}}
Apr 29 21:44:02.430785 np0000171318 devstack@n-api-meta.service[109826]: DEBUG oslo_concurrency.lockutils [None req-eef701a8-a326-470a-b6a5-c59ec42fcc4e None None] Lock "80527a15-3af7-4113-a9b4-86daf3d6da38" acquired by "nova.context.set_target_cell..get_or_set_cached_cell_and_set_connections" :: waited 0.000s {{(pid=109826) inner /opt/stack/data/venv/lib/python3.12/site-packages/oslo_concurrency/lockutils.py:519}}
Apr 29 21:44:02.432078 np0000171318 devstack@n-api-meta.service[109826]: DEBUG oslo_concurrency.lockutils [None req-eef701a8-a326-470a-b6a5-c59ec42fcc4e None None] Lock "80527a15-3af7-4113-a9b4-86daf3d6da38" "released" by "nova.context.set_target_cell..get_or_set_cached_cell_and_set_connections" :: held 0.001s {{(pid=109826) inner /opt/stack/data/venv/lib/python3.12/site-packages/oslo_concurrency/lockutils.py:538}}
Apr 29 21:44:02.432805 np0000171318 devstack@n-api-meta.service[109825]: INFO dbcounter [None req-d654de33-4e5b-47b7-a505-c1d474f5c42b None None] Registered counter for database nova_cell0
Apr 29 21:44:02.434587 np0000171318 devstack@n-api-meta.service[109826]: INFO dbcounter [None req-eef701a8-a326-470a-b6a5-c59ec42fcc4e None None] Registered counter for database nova_cell0
Apr 29 21:44:02.437139 np0000171318 devstack@n-api-meta.service[109825]: INFO dbcounter [None req-d654de33-4e5b-47b7-a505-c1d474f5c42b None None] Registered counter for database nova_cell1
Apr 29 21:44:02.439575 np0000171318 devstack@n-api-meta.service[109826]: INFO dbcounter [None req-eef701a8-a326-470a-b6a5-c59ec42fcc4e None None] Registered counter for database nova_cell1
Apr 29 21:44:02.447480 np0000171318 devstack@n-api-meta.service[109825]: DEBUG oslo_db.sqlalchemy.engines [None req-d654de33-4e5b-47b7-a505-c1d474f5c42b None None] MySQL server mode set to STRICT_TRANS_TABLES,STRICT_ALL_TABLES,NO_ZERO_IN_DATE,NO_ZERO_DATE,ERROR_FOR_DIVISION_BY_ZERO,TRADITIONAL,NO_ENGINE_SUBSTITUTION {{(pid=109825) _check_effective_sql_mode /opt/stack/data/venv/lib/python3.12/site-packages/oslo_db/sqlalchemy/engines.py:325}}
Apr 29 21:44:02.459289 np0000171318 devstack@n-api-meta.service[109825]: DEBUG oslo_db.sqlalchemy.engines [None req-d654de33-4e5b-47b7-a505-c1d474f5c42b None None] MySQL server mode set to STRICT_TRANS_TABLES,STRICT_ALL_TABLES,NO_ZERO_IN_DATE,NO_ZERO_DATE,ERROR_FOR_DIVISION_BY_ZERO,TRADITIONAL,NO_ENGINE_SUBSTITUTION {{(pid=109825) _check_effective_sql_mode /opt/stack/data/venv/lib/python3.12/site-packages/oslo_db/sqlalchemy/engines.py:325}}
Apr 29 21:44:02.459835 np0000171318 devstack@n-api-meta.service[109826]: DEBUG oslo_db.sqlalchemy.engines [None req-eef701a8-a326-470a-b6a5-c59ec42fcc4e None None] MySQL server mode set to STRICT_TRANS_TABLES,STRICT_ALL_TABLES,NO_ZERO_IN_DATE,NO_ZERO_DATE,ERROR_FOR_DIVISION_BY_ZERO,TRADITIONAL,NO_ENGINE_SUBSTITUTION {{(pid=109826) _check_effective_sql_mode /opt/stack/data/venv/lib/python3.12/site-packages/oslo_db/sqlalchemy/engines.py:325}}
Apr 29 21:44:02.466716 np0000171318 devstack@n-api-meta.service[109826]: DEBUG oslo_db.sqlalchemy.engines [None req-eef701a8-a326-470a-b6a5-c59ec42fcc4e None None] MySQL server mode set to STRICT_TRANS_TABLES,STRICT_ALL_TABLES,NO_ZERO_IN_DATE,NO_ZERO_DATE,ERROR_FOR_DIVISION_BY_ZERO,TRADITIONAL,NO_ENGINE_SUBSTITUTION {{(pid=109826) _check_effective_sql_mode /opt/stack/data/venv/lib/python3.12/site-packages/oslo_db/sqlalchemy/engines.py:325}}
Apr 29 21:44:02.511459 np0000171318 devstack@n-api-meta.service[109828]: INFO dbcounter [None req-80df0dab-5e09-4525-a620-8cbce5b528a4 None None] Registered counter for database nova_api
Apr 29 21:44:02.528249 np0000171318 devstack@n-api-meta.service[109827]: INFO dbcounter [None req-3f2778b8-6aaa-4e6f-8817-32cb6050bae4 None None] Registered counter for database nova_api
Apr 29 21:44:02.529123 np0000171318 devstack@n-api-meta.service[109828]: DEBUG oslo_db.sqlalchemy.engines [None req-80df0dab-5e09-4525-a620-8cbce5b528a4 None None] MySQL server mode set to STRICT_TRANS_TABLES,STRICT_ALL_TABLES,NO_ZERO_IN_DATE,NO_ZERO_DATE,ERROR_FOR_DIVISION_BY_ZERO,TRADITIONAL,NO_ENGINE_SUBSTITUTION {{(pid=109828) _check_effective_sql_mode /opt/stack/data/venv/lib/python3.12/site-packages/oslo_db/sqlalchemy/engines.py:325}}
Apr 29 21:44:02.542593 np0000171318 devstack@n-api-meta.service[109825]: DEBUG dbcounter [-] [109825] Writer thread running {{(pid=109825) stat_writer /opt/stack/data/venv/lib/python3.12/site-packages/dbcounter.py:102}}
Apr 29 21:44:02.547280 np0000171318 devstack@n-api-meta.service[109827]: DEBUG oslo_db.sqlalchemy.engines [None req-3f2778b8-6aaa-4e6f-8817-32cb6050bae4 None None] MySQL server mode set to STRICT_TRANS_TABLES,STRICT_ALL_TABLES,NO_ZERO_IN_DATE,NO_ZERO_DATE,ERROR_FOR_DIVISION_BY_ZERO,TRADITIONAL,NO_ENGINE_SUBSTITUTION {{(pid=109827) _check_effective_sql_mode /opt/stack/data/venv/lib/python3.12/site-packages/oslo_db/sqlalchemy/engines.py:325}}
Apr 29 21:44:02.550303 np0000171318 devstack@n-api-meta.service[109825]: DEBUG dbcounter [-] [109825] Writer thread running {{(pid=109825) stat_writer /opt/stack/data/venv/lib/python3.12/site-packages/dbcounter.py:102}}
Apr 29 21:44:02.554535 np0000171318 devstack@n-api-meta.service[109825]: INFO dbcounter [None req-d654de33-4e5b-47b7-a505-c1d474f5c42b None None] Registered counter for database nova_cell0
Apr 29 21:44:02.554845 np0000171318 devstack@n-api-meta.service[109826]: DEBUG dbcounter [-] [109826] Writer thread running {{(pid=109826) stat_writer /opt/stack/data/venv/lib/python3.12/site-packages/dbcounter.py:102}}
Apr 29 21:44:02.561819 np0000171318 devstack@n-api-meta.service[109826]: DEBUG dbcounter [-] [109826] Writer thread running {{(pid=109826) stat_writer /opt/stack/data/venv/lib/python3.12/site-packages/dbcounter.py:102}}
Apr 29 21:44:02.564011 np0000171318 devstack@n-api-meta.service[109828]: DEBUG dbcounter [-] [109828] Writer thread running {{(pid=109828) stat_writer /opt/stack/data/venv/lib/python3.12/site-packages/dbcounter.py:102}}
Apr 29 21:44:02.565776 np0000171318 devstack@n-api-meta.service[109825]: DEBUG oslo_db.sqlalchemy.engines [None req-d654de33-4e5b-47b7-a505-c1d474f5c42b None None] MySQL server mode set to STRICT_TRANS_TABLES,STRICT_ALL_TABLES,NO_ZERO_IN_DATE,NO_ZERO_DATE,ERROR_FOR_DIVISION_BY_ZERO,TRADITIONAL,NO_ENGINE_SUBSTITUTION {{(pid=109825) _check_effective_sql_mode /opt/stack/data/venv/lib/python3.12/site-packages/oslo_db/sqlalchemy/engines.py:325}}
Apr 29 21:44:02.566397 np0000171318 devstack@n-api-meta.service[109826]: INFO dbcounter [None req-eef701a8-a326-470a-b6a5-c59ec42fcc4e None None] Registered counter for database nova_cell0
Apr 29 21:44:02.566467 np0000171318 devstack@n-api-meta.service[109828]: DEBUG nova.context [None req-80df0dab-5e09-4525-a620-8cbce5b528a4 None None] Found 2 cells: 00000000-0000-0000-0000-000000000000(cell0),80527a15-3af7-4113-a9b4-86daf3d6da38(cell1) {{(pid=109828) load_cells /opt/stack/nova/nova/context.py:509}}
Apr 29 21:44:02.566670 np0000171318 devstack@n-api-meta.service[109828]: INFO nova.utils [None req-80df0dab-5e09-4525-a620-8cbce5b528a4 None None] The cell worker thread pool MainProcess.cell_worker is initialized
Apr 29 21:44:02.568504 np0000171318 devstack@n-api-meta.service[109828]: DEBUG oslo_concurrency.lockutils [None req-80df0dab-5e09-4525-a620-8cbce5b528a4 None None] Acquiring lock "00000000-0000-0000-0000-000000000000" by "nova.context.set_target_cell..get_or_set_cached_cell_and_set_connections" {{(pid=109828) inner /opt/stack/data/venv/lib/python3.12/site-packages/oslo_concurrency/lockutils.py:506}}
Apr 29 21:44:02.568661 np0000171318 devstack@n-api-meta.service[109828]: DEBUG oslo_concurrency.lockutils [None req-80df0dab-5e09-4525-a620-8cbce5b528a4 None None] Lock "00000000-0000-0000-0000-000000000000" acquired by "nova.context.set_target_cell..get_or_set_cached_cell_and_set_connections" :: waited 0.000s {{(pid=109828) inner /opt/stack/data/venv/lib/python3.12/site-packages/oslo_concurrency/lockutils.py:519}}
Apr 29 21:44:02.569078 np0000171318 devstack@n-api-meta.service[109828]: DEBUG oslo_concurrency.lockutils [None req-80df0dab-5e09-4525-a620-8cbce5b528a4 None None] Lock "00000000-0000-0000-0000-000000000000" "released" by "nova.context.set_target_cell..get_or_set_cached_cell_and_set_connections" :: held 0.000s {{(pid=109828) inner /opt/stack/data/venv/lib/python3.12/site-packages/oslo_concurrency/lockutils.py:538}}
Apr 29 21:44:02.569779 np0000171318 devstack@n-api-meta.service[109828]: DEBUG oslo_concurrency.lockutils [None req-80df0dab-5e09-4525-a620-8cbce5b528a4 None None] Acquiring lock "80527a15-3af7-4113-a9b4-86daf3d6da38" by "nova.context.set_target_cell..get_or_set_cached_cell_and_set_connections" {{(pid=109828) inner /opt/stack/data/venv/lib/python3.12/site-packages/oslo_concurrency/lockutils.py:506}}
Apr 29 21:44:02.569913 np0000171318 devstack@n-api-meta.service[109828]: DEBUG oslo_concurrency.lockutils [None req-80df0dab-5e09-4525-a620-8cbce5b528a4 None None] Lock "80527a15-3af7-4113-a9b4-86daf3d6da38" acquired by "nova.context.set_target_cell..get_or_set_cached_cell_and_set_connections" :: waited 0.000s {{(pid=109828) inner /opt/stack/data/venv/lib/python3.12/site-packages/oslo_concurrency/lockutils.py:519}}
Apr 29 21:44:02.570743 np0000171318 devstack@n-api-meta.service[109828]: DEBUG oslo_concurrency.lockutils [None req-80df0dab-5e09-4525-a620-8cbce5b528a4 None None] Lock "80527a15-3af7-4113-a9b4-86daf3d6da38" "released" by "nova.context.set_target_cell..get_or_set_cached_cell_and_set_connections" :: held 0.001s {{(pid=109828) inner /opt/stack/data/venv/lib/python3.12/site-packages/oslo_concurrency/lockutils.py:538}}
Apr 29 21:44:02.573583 np0000171318 devstack@n-api-meta.service[109825]: DEBUG dbcounter [-] [109825] Writer thread running {{(pid=109825) stat_writer /opt/stack/data/venv/lib/python3.12/site-packages/dbcounter.py:102}}
Apr 29 21:44:02.573686 np0000171318 devstack@n-api-meta.service[109828]: INFO dbcounter [None req-80df0dab-5e09-4525-a620-8cbce5b528a4 None None] Registered counter for database nova_cell0
Apr 29 21:44:02.577212 np0000171318 devstack@n-api-meta.service[109826]: DEBUG oslo_db.sqlalchemy.engines [None req-eef701a8-a326-470a-b6a5-c59ec42fcc4e None None] MySQL server mode set to STRICT_TRANS_TABLES,STRICT_ALL_TABLES,NO_ZERO_IN_DATE,NO_ZERO_DATE,ERROR_FOR_DIVISION_BY_ZERO,TRADITIONAL,NO_ENGINE_SUBSTITUTION {{(pid=109826) _check_effective_sql_mode /opt/stack/data/venv/lib/python3.12/site-packages/oslo_db/sqlalchemy/engines.py:325}}
Apr 29 21:44:02.578511 np0000171318 devstack@n-api-meta.service[109827]: DEBUG dbcounter [-] [109827] Writer thread running {{(pid=109827) stat_writer /opt/stack/data/venv/lib/python3.12/site-packages/dbcounter.py:102}}
Apr 29 21:44:02.578983 np0000171318 devstack@n-api-meta.service[109828]: INFO dbcounter [None req-80df0dab-5e09-4525-a620-8cbce5b528a4 None None] Registered counter for database nova_cell1
Apr 29 21:44:02.581014 np0000171318 devstack@n-api-meta.service[109827]: DEBUG nova.context [None req-3f2778b8-6aaa-4e6f-8817-32cb6050bae4 None None] Found 2 cells: 00000000-0000-0000-0000-000000000000(cell0),80527a15-3af7-4113-a9b4-86daf3d6da38(cell1) {{(pid=109827) load_cells /opt/stack/nova/nova/context.py:509}}
Apr 29 21:44:02.581236 np0000171318 devstack@n-api-meta.service[109827]: INFO nova.utils [None req-3f2778b8-6aaa-4e6f-8817-32cb6050bae4 None None] The cell worker thread pool MainProcess.cell_worker is initialized
Apr 29 21:44:02.583138 np0000171318 devstack@n-api-meta.service[109827]: DEBUG oslo_concurrency.lockutils [None req-3f2778b8-6aaa-4e6f-8817-32cb6050bae4 None None] Acquiring lock "00000000-0000-0000-0000-000000000000" by "nova.context.set_target_cell..get_or_set_cached_cell_and_set_connections" {{(pid=109827) inner /opt/stack/data/venv/lib/python3.12/site-packages/oslo_concurrency/lockutils.py:506}}
Apr 29 21:44:02.583290 np0000171318 devstack@n-api-meta.service[109827]: DEBUG oslo_concurrency.lockutils [None req-3f2778b8-6aaa-4e6f-8817-32cb6050bae4 None None] Lock "00000000-0000-0000-0000-000000000000" acquired by "nova.context.set_target_cell..get_or_set_cached_cell_and_set_connections" :: waited 0.000s {{(pid=109827) inner /opt/stack/data/venv/lib/python3.12/site-packages/oslo_concurrency/lockutils.py:519}}
Apr 29 21:44:02.583666 np0000171318 devstack@n-api-meta.service[109827]: DEBUG oslo_concurrency.lockutils [None req-3f2778b8-6aaa-4e6f-8817-32cb6050bae4 None None] Lock "00000000-0000-0000-0000-000000000000" "released" by "nova.context.set_target_cell..get_or_set_cached_cell_and_set_connections" :: held 0.000s {{(pid=109827) inner /opt/stack/data/venv/lib/python3.12/site-packages/oslo_concurrency/lockutils.py:538}}
Apr 29 21:44:02.584423 np0000171318 devstack@n-api-meta.service[109827]: DEBUG oslo_concurrency.lockutils [None req-3f2778b8-6aaa-4e6f-8817-32cb6050bae4 None None] Acquiring lock "80527a15-3af7-4113-a9b4-86daf3d6da38" by "nova.context.set_target_cell..get_or_set_cached_cell_and_set_connections" {{(pid=109827) inner /opt/stack/data/venv/lib/python3.12/site-packages/oslo_concurrency/lockutils.py:506}}
Apr 29 21:44:02.584528 np0000171318 devstack@n-api-meta.service[109827]: DEBUG oslo_concurrency.lockutils [None req-3f2778b8-6aaa-4e6f-8817-32cb6050bae4 None None] Lock "80527a15-3af7-4113-a9b4-86daf3d6da38" acquired by "nova.context.set_target_cell..get_or_set_cached_cell_and_set_connections" :: waited 0.000s {{(pid=109827) inner /opt/stack/data/venv/lib/python3.12/site-packages/oslo_concurrency/lockutils.py:519}}
Apr 29 21:44:02.585422 np0000171318 devstack@n-api-meta.service[109827]: DEBUG oslo_concurrency.lockutils [None req-3f2778b8-6aaa-4e6f-8817-32cb6050bae4 None None] Lock "80527a15-3af7-4113-a9b4-86daf3d6da38" "released" by "nova.context.set_target_cell..get_or_set_cached_cell_and_set_connections" :: held 0.001s {{(pid=109827) inner /opt/stack/data/venv/lib/python3.12/site-packages/oslo_concurrency/lockutils.py:538}}
Apr 29 21:44:02.587180 np0000171318 devstack@n-api-meta.service[109826]: DEBUG dbcounter [-] [109826] Writer thread running {{(pid=109826) stat_writer /opt/stack/data/venv/lib/python3.12/site-packages/dbcounter.py:102}}
Apr 29 21:44:02.588893 np0000171318 devstack@n-api-meta.service[109827]: INFO dbcounter [None req-3f2778b8-6aaa-4e6f-8817-32cb6050bae4 None None] Registered counter for database nova_cell0
Apr 29 21:44:02.593195 np0000171318 devstack@n-api-meta.service[109828]: DEBUG oslo_db.sqlalchemy.engines [None req-80df0dab-5e09-4525-a620-8cbce5b528a4 None None] MySQL server mode set to STRICT_TRANS_TABLES,STRICT_ALL_TABLES,NO_ZERO_IN_DATE,NO_ZERO_DATE,ERROR_FOR_DIVISION_BY_ZERO,TRADITIONAL,NO_ENGINE_SUBSTITUTION {{(pid=109828) _check_effective_sql_mode /opt/stack/data/venv/lib/python3.12/site-packages/oslo_db/sqlalchemy/engines.py:325}}
Apr 29 21:44:02.594451 np0000171318 devstack@n-api-meta.service[109827]: INFO dbcounter [None req-3f2778b8-6aaa-4e6f-8817-32cb6050bae4 None None] Registered counter for database nova_cell1
Apr 29 21:44:02.599735 np0000171318 devstack@n-api-meta.service[109828]: DEBUG oslo_db.sqlalchemy.engines [None req-80df0dab-5e09-4525-a620-8cbce5b528a4 None None] MySQL server mode set to STRICT_TRANS_TABLES,STRICT_ALL_TABLES,NO_ZERO_IN_DATE,NO_ZERO_DATE,ERROR_FOR_DIVISION_BY_ZERO,TRADITIONAL,NO_ENGINE_SUBSTITUTION {{(pid=109828) _check_effective_sql_mode /opt/stack/data/venv/lib/python3.12/site-packages/oslo_db/sqlalchemy/engines.py:325}}
Apr 29 21:44:02.603520 np0000171318 devstack@n-api-meta.service[109827]: DEBUG oslo_db.sqlalchemy.engines [None req-3f2778b8-6aaa-4e6f-8817-32cb6050bae4 None None] MySQL server mode set to STRICT_TRANS_TABLES,STRICT_ALL_TABLES,NO_ZERO_IN_DATE,NO_ZERO_DATE,ERROR_FOR_DIVISION_BY_ZERO,TRADITIONAL,NO_ENGINE_SUBSTITUTION {{(pid=109827) _check_effective_sql_mode /opt/stack/data/venv/lib/python3.12/site-packages/oslo_db/sqlalchemy/engines.py:325}}
Apr 29 21:44:02.612923 np0000171318 devstack@n-api-meta.service[109827]: DEBUG oslo_db.sqlalchemy.engines [None req-3f2778b8-6aaa-4e6f-8817-32cb6050bae4 None None] MySQL server mode set to STRICT_TRANS_TABLES,STRICT_ALL_TABLES,NO_ZERO_IN_DATE,NO_ZERO_DATE,ERROR_FOR_DIVISION_BY_ZERO,TRADITIONAL,NO_ENGINE_SUBSTITUTION {{(pid=109827) _check_effective_sql_mode /opt/stack/data/venv/lib/python3.12/site-packages/oslo_db/sqlalchemy/engines.py:325}}
Apr 29 21:44:02.621179 np0000171318 devstack@n-api-meta.service[109825]: WARNING nova.api.metadata.handler [None req-d654de33-4e5b-47b7-a505-c1d474f5c42b None None] metadata_proxy_shared_secret is not configured, the metadata information returned by the proxy cannot be trusted
Apr 29 21:44:02.623509 np0000171318 devstack@n-api-meta.service[109825]: DEBUG nova.api.openstack.wsgi_app [None req-d654de33-4e5b-47b7-a505-c1d474f5c42b None None] ******************************************************************************** {{(pid=109825) log_opt_values /opt/stack/data/venv/lib/python3.12/site-packages/oslo_config/cfg.py:2979}}
Apr 29 21:44:02.623618 np0000171318 devstack@n-api-meta.service[109825]: DEBUG nova.api.openstack.wsgi_app [None req-d654de33-4e5b-47b7-a505-c1d474f5c42b None None] Configuration options gathered from: {{(pid=109825) log_opt_values /opt/stack/data/venv/lib/python3.12/site-packages/oslo_config/cfg.py:2980}}
Apr 29 21:44:02.623703 np0000171318 devstack@n-api-meta.service[109825]: DEBUG nova.api.openstack.wsgi_app [None req-d654de33-4e5b-47b7-a505-c1d474f5c42b None None] command line args: [] {{(pid=109825) log_opt_values /opt/stack/data/venv/lib/python3.12/site-packages/oslo_config/cfg.py:2981}}
Apr 29 21:44:02.623856 np0000171318 devstack@n-api-meta.service[109825]: DEBUG nova.api.openstack.wsgi_app [None req-d654de33-4e5b-47b7-a505-c1d474f5c42b None None] config files: ['/etc/nova/api-paste.ini', '/etc/nova/nova.conf'] {{(pid=109825) log_opt_values /opt/stack/data/venv/lib/python3.12/site-packages/oslo_config/cfg.py:2982}}
Apr 29 21:44:02.623957 np0000171318 devstack@n-api-meta.service[109825]: DEBUG nova.api.openstack.wsgi_app [None req-d654de33-4e5b-47b7-a505-c1d474f5c42b None None] ================================================================================ {{(pid=109825) log_opt_values /opt/stack/data/venv/lib/python3.12/site-packages/oslo_config/cfg.py:2987}}
Apr 29 21:44:02.624158 np0000171318 devstack@n-api-meta.service[109825]: DEBUG nova.api.openstack.wsgi_app [None req-d654de33-4e5b-47b7-a505-c1d474f5c42b None None] allow_resize_to_same_host = True {{(pid=109825) log_opt_values /opt/stack/data/venv/lib/python3.12/site-packages/oslo_config/cfg.py:2995}}
Apr 29 21:44:02.624298 np0000171318 devstack@n-api-meta.service[109825]: DEBUG nova.api.openstack.wsgi_app [None req-d654de33-4e5b-47b7-a505-c1d474f5c42b None None] arq_binding_timeout = 300 {{(pid=109825) log_opt_values /opt/stack/data/venv/lib/python3.12/site-packages/oslo_config/cfg.py:2995}}
Apr 29 21:44:02.624414 np0000171318 devstack@n-api-meta.service[109825]: DEBUG nova.api.openstack.wsgi_app [None req-d654de33-4e5b-47b7-a505-c1d474f5c42b None None] block_device_allocate_retries = 60 {{(pid=109825) log_opt_values /opt/stack/data/venv/lib/python3.12/site-packages/oslo_config/cfg.py:2995}}
Apr 29 21:44:02.624630 np0000171318 devstack@n-api-meta.service[109825]: DEBUG nova.api.openstack.wsgi_app [None req-d654de33-4e5b-47b7-a505-c1d474f5c42b None None] block_device_allocate_retries_interval = 3 {{(pid=109825) log_opt_values /opt/stack/data/venv/lib/python3.12/site-packages/oslo_config/cfg.py:2995}}
Apr 29 21:44:02.624791 np0000171318 devstack@n-api-meta.service[109825]: DEBUG nova.api.openstack.wsgi_app [None req-d654de33-4e5b-47b7-a505-c1d474f5c42b None None] cell_worker_thread_pool_size = 5 {{(pid=109825) log_opt_values /opt/stack/data/venv/lib/python3.12/site-packages/oslo_config/cfg.py:2995}}
Apr 29 21:44:02.624791 np0000171318 devstack@n-api-meta.service[109825]: DEBUG nova.api.openstack.wsgi_app [None req-d654de33-4e5b-47b7-a505-c1d474f5c42b None None] cert = self.pem {{(pid=109825) log_opt_values /opt/stack/data/venv/lib/python3.12/site-packages/oslo_config/cfg.py:2995}}
Apr 29 21:44:02.624970 np0000171318 devstack@n-api-meta.service[109825]: DEBUG nova.api.openstack.wsgi_app [None req-d654de33-4e5b-47b7-a505-c1d474f5c42b None None] compute_driver = libvirt.LibvirtDriver {{(pid=109825) log_opt_values /opt/stack/data/venv/lib/python3.12/site-packages/oslo_config/cfg.py:2995}}
Apr 29 21:44:02.625092 np0000171318 devstack@n-api-meta.service[109825]: DEBUG nova.api.openstack.wsgi_app [None req-d654de33-4e5b-47b7-a505-c1d474f5c42b None None] compute_monitors = [] {{(pid=109825) log_opt_values /opt/stack/data/venv/lib/python3.12/site-packages/oslo_config/cfg.py:2995}}
Apr 29 21:44:02.625226 np0000171318 devstack@n-api-meta.service[109825]: DEBUG nova.api.openstack.wsgi_app [None req-d654de33-4e5b-47b7-a505-c1d474f5c42b None None] config_dir = [] {{(pid=109825) log_opt_values /opt/stack/data/venv/lib/python3.12/site-packages/oslo_config/cfg.py:2995}}
Apr 29 21:44:02.625362 np0000171318 devstack@n-api-meta.service[109825]: DEBUG nova.api.openstack.wsgi_app [None req-d654de33-4e5b-47b7-a505-c1d474f5c42b None None] config_drive_format = iso9660 {{(pid=109825) log_opt_values /opt/stack/data/venv/lib/python3.12/site-packages/oslo_config/cfg.py:2995}}
Apr 29 21:44:02.625447 np0000171318 devstack@n-api-meta.service[109825]: DEBUG nova.api.openstack.wsgi_app [None req-d654de33-4e5b-47b7-a505-c1d474f5c42b None None] config_file = ['/etc/nova/api-paste.ini', '/etc/nova/nova.conf'] {{(pid=109825) log_opt_values /opt/stack/data/venv/lib/python3.12/site-packages/oslo_config/cfg.py:2995}}
Apr 29 21:44:02.625593 np0000171318 devstack@n-api-meta.service[109825]: DEBUG nova.api.openstack.wsgi_app [None req-d654de33-4e5b-47b7-a505-c1d474f5c42b None None] config_source = [] {{(pid=109825) log_opt_values /opt/stack/data/venv/lib/python3.12/site-packages/oslo_config/cfg.py:2995}}
Apr 29 21:44:02.625729 np0000171318 devstack@n-api-meta.service[109825]: DEBUG nova.api.openstack.wsgi_app [None req-d654de33-4e5b-47b7-a505-c1d474f5c42b None None] console_host = np0000171318 {{(pid=109825) log_opt_values /opt/stack/data/venv/lib/python3.12/site-packages/oslo_config/cfg.py:2995}}
Apr 29 21:44:02.625853 np0000171318 devstack@n-api-meta.service[109825]: DEBUG nova.api.openstack.wsgi_app [None req-d654de33-4e5b-47b7-a505-c1d474f5c42b None None] control_exchange = nova {{(pid=109825) log_opt_values /opt/stack/data/venv/lib/python3.12/site-packages/oslo_config/cfg.py:2995}}
Apr 29 21:44:02.626036 np0000171318 devstack@n-api-meta.service[109825]: DEBUG nova.api.openstack.wsgi_app [None req-d654de33-4e5b-47b7-a505-c1d474f5c42b None None] cpu_allocation_ratio = None {{(pid=109825) log_opt_values /opt/stack/data/venv/lib/python3.12/site-packages/oslo_config/cfg.py:2995}}
Apr 29 21:44:02.626164 np0000171318 devstack@n-api-meta.service[109825]: DEBUG nova.api.openstack.wsgi_app [None req-d654de33-4e5b-47b7-a505-c1d474f5c42b None None] daemon = False {{(pid=109825) log_opt_values /opt/stack/data/venv/lib/python3.12/site-packages/oslo_config/cfg.py:2995}}
Apr 29 21:44:02.626295 np0000171318 devstack@n-api-meta.service[109825]: DEBUG nova.api.openstack.wsgi_app [None req-d654de33-4e5b-47b7-a505-c1d474f5c42b None None] debug = True {{(pid=109825) log_opt_values /opt/stack/data/venv/lib/python3.12/site-packages/oslo_config/cfg.py:2995}}
Apr 29 21:44:02.626425 np0000171318 devstack@n-api-meta.service[109825]: DEBUG nova.api.openstack.wsgi_app [None req-d654de33-4e5b-47b7-a505-c1d474f5c42b None None] default_access_ip_network_name = None {{(pid=109825) log_opt_values /opt/stack/data/venv/lib/python3.12/site-packages/oslo_config/cfg.py:2995}}
Apr 29 21:44:02.626558 np0000171318 devstack@n-api-meta.service[109825]: DEBUG nova.api.openstack.wsgi_app [None req-d654de33-4e5b-47b7-a505-c1d474f5c42b None None] default_availability_zone = nova {{(pid=109825) log_opt_values /opt/stack/data/venv/lib/python3.12/site-packages/oslo_config/cfg.py:2995}}
Apr 29 21:44:02.626690 np0000171318 devstack@n-api-meta.service[109825]: DEBUG nova.api.openstack.wsgi_app [None req-d654de33-4e5b-47b7-a505-c1d474f5c42b None None] default_ephemeral_format = ext4 {{(pid=109825) log_opt_values /opt/stack/data/venv/lib/python3.12/site-packages/oslo_config/cfg.py:2995}}
Apr 29 21:44:02.626818 np0000171318 devstack@n-api-meta.service[109825]: DEBUG nova.api.openstack.wsgi_app [None req-d654de33-4e5b-47b7-a505-c1d474f5c42b None None] default_green_pool_size = 1000 {{(pid=109825) log_opt_values /opt/stack/data/venv/lib/python3.12/site-packages/oslo_config/cfg.py:2995}}
Apr 29 21:44:02.627017 np0000171318 devstack@n-api-meta.service[109826]: WARNING nova.api.metadata.handler [None req-eef701a8-a326-470a-b6a5-c59ec42fcc4e None None] metadata_proxy_shared_secret is not configured, the metadata information returned by the proxy cannot be trusted
Apr 29 21:44:02.627114 np0000171318 devstack@n-api-meta.service[109825]: DEBUG nova.api.openstack.wsgi_app [None req-d654de33-4e5b-47b7-a505-c1d474f5c42b None None] default_log_levels = ['amqp=WARN', 'boto=WARN', 'sqlalchemy=WARN', 'suds=INFO', 'oslo.messaging=INFO', 'oslo_messaging=INFO', 'iso8601=WARN', 'requests.packages.urllib3.connectionpool=WARN', 'urllib3.connectionpool=WARN', 'websocket=WARN', 'requests.packages.urllib3.util.retry=WARN', 'urllib3.util.retry=WARN', 'keystonemiddleware=WARN', 'routes.middleware=WARN', 'stevedore=WARN', 'taskflow=WARN', 'keystoneauth=WARN', 'oslo.cache=INFO', 'oslo_policy=INFO', 'dogpile.core.dogpile=INFO', 'glanceclient=WARN', 'oslo.privsep.daemon=INFO'] {{(pid=109825) log_opt_values /opt/stack/data/venv/lib/python3.12/site-packages/oslo_config/cfg.py:2995}}
Apr 29 21:44:02.627384 np0000171318 devstack@n-api-meta.service[109825]: DEBUG nova.api.openstack.wsgi_app [None req-d654de33-4e5b-47b7-a505-c1d474f5c42b None None] default_schedule_zone = None {{(pid=109825) log_opt_values /opt/stack/data/venv/lib/python3.12/site-packages/oslo_config/cfg.py:2995}}
Apr 29 21:44:02.627384 np0000171318 devstack@n-api-meta.service[109825]: DEBUG nova.api.openstack.wsgi_app [None req-d654de33-4e5b-47b7-a505-c1d474f5c42b None None] default_thread_pool_size = 10 {{(pid=109825) log_opt_values /opt/stack/data/venv/lib/python3.12/site-packages/oslo_config/cfg.py:2995}}
Apr 29 21:44:02.627514 np0000171318 devstack@n-api-meta.service[109825]: DEBUG nova.api.openstack.wsgi_app [None req-d654de33-4e5b-47b7-a505-c1d474f5c42b None None] disk_allocation_ratio = None {{(pid=109825) log_opt_values /opt/stack/data/venv/lib/python3.12/site-packages/oslo_config/cfg.py:2995}}
Apr 29 21:44:02.627560 np0000171318 devstack@n-api-meta.service[109825]: DEBUG nova.api.openstack.wsgi_app [None req-d654de33-4e5b-47b7-a505-c1d474f5c42b None None] enable_new_services = True {{(pid=109825) log_opt_values /opt/stack/data/venv/lib/python3.12/site-packages/oslo_config/cfg.py:2995}}
Apr 29 21:44:02.627701 np0000171318 devstack@n-api-meta.service[109825]: DEBUG nova.api.openstack.wsgi_app [None req-d654de33-4e5b-47b7-a505-c1d474f5c42b None None] flat_injected = False {{(pid=109825) log_opt_values /opt/stack/data/venv/lib/python3.12/site-packages/oslo_config/cfg.py:2995}}
Apr 29 21:44:02.627823 np0000171318 devstack@n-api-meta.service[109825]: DEBUG nova.api.openstack.wsgi_app [None req-d654de33-4e5b-47b7-a505-c1d474f5c42b None None] force_config_drive = False {{(pid=109825) log_opt_values /opt/stack/data/venv/lib/python3.12/site-packages/oslo_config/cfg.py:2995}}
Apr 29 21:44:02.627956 np0000171318 devstack@n-api-meta.service[109825]: DEBUG nova.api.openstack.wsgi_app [None req-d654de33-4e5b-47b7-a505-c1d474f5c42b None None] force_raw_images = True {{(pid=109825) log_opt_values /opt/stack/data/venv/lib/python3.12/site-packages/oslo_config/cfg.py:2995}}
Apr 29 21:44:02.628104 np0000171318 devstack@n-api-meta.service[109825]: DEBUG nova.api.openstack.wsgi_app [None req-d654de33-4e5b-47b7-a505-c1d474f5c42b None None] graceful_shutdown_timeout = 5 {{(pid=109825) log_opt_values /opt/stack/data/venv/lib/python3.12/site-packages/oslo_config/cfg.py:2995}}
Apr 29 21:44:02.628228 np0000171318 devstack@n-api-meta.service[109825]: DEBUG nova.api.openstack.wsgi_app [None req-d654de33-4e5b-47b7-a505-c1d474f5c42b None None] heal_instance_info_cache_interval = -1 {{(pid=109825) log_opt_values /opt/stack/data/venv/lib/python3.12/site-packages/oslo_config/cfg.py:2995}}
Apr 29 21:44:02.628411 np0000171318 devstack@n-api-meta.service[109825]: DEBUG nova.api.openstack.wsgi_app [None req-d654de33-4e5b-47b7-a505-c1d474f5c42b None None] host = np0000171318 {{(pid=109825) log_opt_values /opt/stack/data/venv/lib/python3.12/site-packages/oslo_config/cfg.py:2995}}
Apr 29 21:44:02.628536 np0000171318 devstack@n-api-meta.service[109825]: DEBUG nova.api.openstack.wsgi_app [None req-d654de33-4e5b-47b7-a505-c1d474f5c42b None None] initial_cpu_allocation_ratio = 4.0 {{(pid=109825) log_opt_values /opt/stack/data/venv/lib/python3.12/site-packages/oslo_config/cfg.py:2995}}
Apr 29 21:44:02.628664 np0000171318 devstack@n-api-meta.service[109825]: DEBUG nova.api.openstack.wsgi_app [None req-d654de33-4e5b-47b7-a505-c1d474f5c42b None None] initial_disk_allocation_ratio = 1.0 {{(pid=109825) log_opt_values /opt/stack/data/venv/lib/python3.12/site-packages/oslo_config/cfg.py:2995}}
Apr 29 21:44:02.628790 np0000171318 devstack@n-api-meta.service[109825]: DEBUG nova.api.openstack.wsgi_app [None req-d654de33-4e5b-47b7-a505-c1d474f5c42b None None] initial_ram_allocation_ratio = 1.0 {{(pid=109825) log_opt_values /opt/stack/data/venv/lib/python3.12/site-packages/oslo_config/cfg.py:2995}}
Apr 29 21:44:02.628973 np0000171318 devstack@n-api-meta.service[109825]: DEBUG nova.api.openstack.wsgi_app [None req-d654de33-4e5b-47b7-a505-c1d474f5c42b None None] injected_network_template = /opt/stack/nova/nova/virt/interfaces.template {{(pid=109825) log_opt_values /opt/stack/data/venv/lib/python3.12/site-packages/oslo_config/cfg.py:2995}}
Apr 29 21:44:02.629098 np0000171318 devstack@n-api-meta.service[109825]: DEBUG nova.api.openstack.wsgi_app [None req-d654de33-4e5b-47b7-a505-c1d474f5c42b None None] instance_build_timeout = 0 {{(pid=109825) log_opt_values /opt/stack/data/venv/lib/python3.12/site-packages/oslo_config/cfg.py:2995}}
Apr 29 21:44:02.629225 np0000171318 devstack@n-api-meta.service[109825]: DEBUG nova.api.openstack.wsgi_app [None req-d654de33-4e5b-47b7-a505-c1d474f5c42b None None] instance_delete_interval = 300 {{(pid=109825) log_opt_values /opt/stack/data/venv/lib/python3.12/site-packages/oslo_config/cfg.py:2995}}
Apr 29 21:44:02.629357 np0000171318 devstack@n-api-meta.service[109825]: DEBUG nova.api.openstack.wsgi_app [None req-d654de33-4e5b-47b7-a505-c1d474f5c42b None None] instance_format = [instance: %(uuid)s] {{(pid=109825) log_opt_values /opt/stack/data/venv/lib/python3.12/site-packages/oslo_config/cfg.py:2995}}
Apr 29 21:44:02.629398 np0000171318 devstack@n-api-meta.service[109826]: DEBUG nova.api.openstack.wsgi_app [None req-eef701a8-a326-470a-b6a5-c59ec42fcc4e None None] ******************************************************************************** {{(pid=109826) log_opt_values /opt/stack/data/venv/lib/python3.12/site-packages/oslo_config/cfg.py:2979}}
Apr 29 21:44:02.629488 np0000171318 devstack@n-api-meta.service[109825]: DEBUG nova.api.openstack.wsgi_app [None req-d654de33-4e5b-47b7-a505-c1d474f5c42b None None] instance_name_template = instance-%08x {{(pid=109825) log_opt_values /opt/stack/data/venv/lib/python3.12/site-packages/oslo_config/cfg.py:2995}}
Apr 29 21:44:02.629530 np0000171318 devstack@n-api-meta.service[109826]: DEBUG nova.api.openstack.wsgi_app [None req-eef701a8-a326-470a-b6a5-c59ec42fcc4e None None] Configuration options gathered from: {{(pid=109826) log_opt_values /opt/stack/data/venv/lib/python3.12/site-packages/oslo_config/cfg.py:2980}}
Apr 29 21:44:02.629615 np0000171318 devstack@n-api-meta.service[109825]: DEBUG nova.api.openstack.wsgi_app [None req-d654de33-4e5b-47b7-a505-c1d474f5c42b None None] instance_usage_audit = False {{(pid=109825) log_opt_values /opt/stack/data/venv/lib/python3.12/site-packages/oslo_config/cfg.py:2995}}
Apr 29 21:44:02.629656 np0000171318 devstack@n-api-meta.service[109826]: DEBUG nova.api.openstack.wsgi_app [None req-eef701a8-a326-470a-b6a5-c59ec42fcc4e None None] command line args: [] {{(pid=109826) log_opt_values /opt/stack/data/venv/lib/python3.12/site-packages/oslo_config/cfg.py:2981}}
Apr 29 21:44:02.629747 np0000171318 devstack@n-api-meta.service[109825]: DEBUG nova.api.openstack.wsgi_app [None req-d654de33-4e5b-47b7-a505-c1d474f5c42b None None] instance_usage_audit_period = month {{(pid=109825) log_opt_values /opt/stack/data/venv/lib/python3.12/site-packages/oslo_config/cfg.py:2995}}
Apr 29 21:44:02.629788 np0000171318 devstack@n-api-meta.service[109826]: DEBUG nova.api.openstack.wsgi_app [None req-eef701a8-a326-470a-b6a5-c59ec42fcc4e None None] config files: ['/etc/nova/api-paste.ini', '/etc/nova/nova.conf'] {{(pid=109826) log_opt_values /opt/stack/data/venv/lib/python3.12/site-packages/oslo_config/cfg.py:2982}}
Apr 29 21:44:02.629877 np0000171318 devstack@n-api-meta.service[109825]: DEBUG nova.api.openstack.wsgi_app [None req-d654de33-4e5b-47b7-a505-c1d474f5c42b None None] instance_uuid_format = [instance: %(uuid)s] {{(pid=109825) log_opt_values /opt/stack/data/venv/lib/python3.12/site-packages/oslo_config/cfg.py:2995}}
