Apr 29 21:44:09.231084 np0000171318 nova-conductor[112124]: DEBUG cotyledon.oslo_config_glue [-] vmware.serial_port_service_uri = None {{(pid=112124) log_opt_values /opt/stack/data/venv/lib/python3.12/site-packages/oslo_config/cfg.py:3006}}
Apr 29 21:44:09.231301 np0000171318 nova-conductor[112124]: DEBUG cotyledon.oslo_config_glue [-] vmware.task_poll_interval = 0.5 {{(pid=112124) log_opt_values /opt/stack/data/venv/lib/python3.12/site-packages/oslo_config/cfg.py:3006}}
Apr 29 21:44:09.231301 np0000171318 nova-conductor[112124]: DEBUG cotyledon.oslo_config_glue [-] vmware.use_linked_clone = True {{(pid=112124) log_opt_values /opt/stack/data/venv/lib/python3.12/site-packages/oslo_config/cfg.py:3006}}
Apr 29 21:44:09.231301 np0000171318 nova-conductor[112124]: DEBUG cotyledon.oslo_config_glue [-] vmware.vnc_keymap = en-us {{(pid=112124) log_opt_values /opt/stack/data/venv/lib/python3.12/site-packages/oslo_config/cfg.py:3006}}
Apr 29 21:44:09.231301 np0000171318 nova-conductor[112124]: DEBUG cotyledon.oslo_config_glue [-] vmware.vnc_port = 5900 {{(pid=112124) log_opt_values /opt/stack/data/venv/lib/python3.12/site-packages/oslo_config/cfg.py:3006}}
Apr 29 21:44:09.231301 np0000171318 nova-conductor[112124]: DEBUG cotyledon.oslo_config_glue [-] vmware.vnc_port_total = 10000 {{(pid=112124) log_opt_values /opt/stack/data/venv/lib/python3.12/site-packages/oslo_config/cfg.py:3006}}
Apr 29 21:44:09.231301 np0000171318 nova-conductor[112124]: DEBUG cotyledon.oslo_config_glue [-] vnc.auth_schemes = ['none'] {{(pid=112124) log_opt_values /opt/stack/data/venv/lib/python3.12/site-packages/oslo_config/cfg.py:3006}}
Apr 29 21:44:09.231301 np0000171318 nova-conductor[112124]: DEBUG cotyledon.oslo_config_glue [-] vnc.enabled = True {{(pid=112124) log_opt_values /opt/stack/data/venv/lib/python3.12/site-packages/oslo_config/cfg.py:3006}}
Apr 29 21:44:09.231301 np0000171318 nova-conductor[112124]: DEBUG cotyledon.oslo_config_glue [-] vnc.novncproxy_base_url = http://127.0.0.1:6080/vnc_auto.html {{(pid=112124) log_opt_values /opt/stack/data/venv/lib/python3.12/site-packages/oslo_config/cfg.py:3006}}
Apr 29 21:44:09.231301 np0000171318 nova-conductor[112124]: DEBUG cotyledon.oslo_config_glue [-] vnc.novncproxy_host = 0.0.0.0 {{(pid=112124) log_opt_values /opt/stack/data/venv/lib/python3.12/site-packages/oslo_config/cfg.py:3006}}
Apr 29 21:44:09.231517 np0000171318 nova-conductor[112124]: DEBUG cotyledon.oslo_config_glue [-] vnc.novncproxy_port = 6080 {{(pid=112124) log_opt_values /opt/stack/data/venv/lib/python3.12/site-packages/oslo_config/cfg.py:3006}}
Apr 29 21:44:09.231517 np0000171318 nova-conductor[112124]: DEBUG cotyledon.oslo_config_glue [-] vnc.server_listen = 127.0.0.1 {{(pid=112124) log_opt_values /opt/stack/data/venv/lib/python3.12/site-packages/oslo_config/cfg.py:3006}}
Apr 29 21:44:09.231517 np0000171318 nova-conductor[112124]: DEBUG cotyledon.oslo_config_glue [-] vnc.server_proxyclient_address = 127.0.0.1 {{(pid=112124) log_opt_values /opt/stack/data/venv/lib/python3.12/site-packages/oslo_config/cfg.py:3006}}
Apr 29 21:44:09.231517 np0000171318 nova-conductor[112124]: DEBUG cotyledon.oslo_config_glue [-] vnc.vencrypt_ca_certs = None {{(pid=112124) log_opt_values /opt/stack/data/venv/lib/python3.12/site-packages/oslo_config/cfg.py:3006}}
Apr 29 21:44:09.231517 np0000171318 nova-conductor[112124]: DEBUG cotyledon.oslo_config_glue [-] vnc.vencrypt_client_cert = None {{(pid=112124) log_opt_values /opt/stack/data/venv/lib/python3.12/site-packages/oslo_config/cfg.py:3006}}
Apr 29 21:44:09.231517 np0000171318 nova-conductor[112124]: DEBUG cotyledon.oslo_config_glue [-] vnc.vencrypt_client_key = None {{(pid=112124) log_opt_values /opt/stack/data/venv/lib/python3.12/site-packages/oslo_config/cfg.py:3006}}
Apr 29 21:44:09.231517 np0000171318 nova-conductor[112124]: DEBUG cotyledon.oslo_config_glue [-] workarounds.disable_compute_service_check_for_ffu = False {{(pid=112124) log_opt_values /opt/stack/data/venv/lib/python3.12/site-packages/oslo_config/cfg.py:3006}}
Apr 29 21:44:09.231517 np0000171318 nova-conductor[112124]: DEBUG cotyledon.oslo_config_glue [-] workarounds.disable_deep_image_inspection = False {{(pid=112124) log_opt_values /opt/stack/data/venv/lib/python3.12/site-packages/oslo_config/cfg.py:3006}}
Apr 29 21:44:09.231517 np0000171318 nova-conductor[112124]: DEBUG cotyledon.oslo_config_glue [-] workarounds.disable_fallback_pcpu_query = False {{(pid=112124) log_opt_values /opt/stack/data/venv/lib/python3.12/site-packages/oslo_config/cfg.py:3006}}
Apr 29 21:44:09.231740 np0000171318 nova-conductor[112124]: DEBUG cotyledon.oslo_config_glue [-] workarounds.disable_group_policy_check_upcall = False {{(pid=112124) log_opt_values /opt/stack/data/venv/lib/python3.12/site-packages/oslo_config/cfg.py:3006}}
Apr 29 21:44:09.231740 np0000171318 nova-conductor[112124]: DEBUG cotyledon.oslo_config_glue [-] workarounds.disable_libvirt_livesnapshot = False {{(pid=112124) log_opt_values /opt/stack/data/venv/lib/python3.12/site-packages/oslo_config/cfg.py:3006}}
Apr 29 21:44:09.231740 np0000171318 nova-conductor[112124]: DEBUG cotyledon.oslo_config_glue [-] workarounds.disable_rootwrap = False {{(pid=112124) log_opt_values /opt/stack/data/venv/lib/python3.12/site-packages/oslo_config/cfg.py:3006}}
Apr 29 21:44:09.231740 np0000171318 nova-conductor[112124]: DEBUG cotyledon.oslo_config_glue [-] workarounds.enable_numa_live_migration = False {{(pid=112124) log_opt_values /opt/stack/data/venv/lib/python3.12/site-packages/oslo_config/cfg.py:3006}}
Apr 29 21:44:09.231740 np0000171318 nova-conductor[112124]: DEBUG cotyledon.oslo_config_glue [-] workarounds.enable_qemu_monitor_announce_self = False {{(pid=112124) log_opt_values /opt/stack/data/venv/lib/python3.12/site-packages/oslo_config/cfg.py:3006}}
Apr 29 21:44:09.231740 np0000171318 nova-conductor[112124]: DEBUG cotyledon.oslo_config_glue [-] workarounds.ensure_libvirt_rbd_instance_dir_cleanup = False {{(pid=112124) log_opt_values /opt/stack/data/venv/lib/python3.12/site-packages/oslo_config/cfg.py:3006}}
Apr 29 21:44:09.231740 np0000171318 nova-conductor[112124]: DEBUG cotyledon.oslo_config_glue [-] workarounds.handle_virt_lifecycle_events = True {{(pid=112124) log_opt_values /opt/stack/data/venv/lib/python3.12/site-packages/oslo_config/cfg.py:3006}}
Apr 29 21:44:09.231740 np0000171318 nova-conductor[112124]: DEBUG cotyledon.oslo_config_glue [-] workarounds.libvirt_disable_apic = False {{(pid=112124) log_opt_values /opt/stack/data/venv/lib/python3.12/site-packages/oslo_config/cfg.py:3006}}
Apr 29 21:44:09.231740 np0000171318 nova-conductor[112124]: DEBUG cotyledon.oslo_config_glue [-] workarounds.never_download_image_if_on_rbd = False {{(pid=112124) log_opt_values /opt/stack/data/venv/lib/python3.12/site-packages/oslo_config/cfg.py:3006}}
Apr 29 21:44:09.231964 np0000171318 nova-conductor[112124]: DEBUG cotyledon.oslo_config_glue [-] workarounds.qemu_monitor_announce_self_count = 3 {{(pid=112124) log_opt_values /opt/stack/data/venv/lib/python3.12/site-packages/oslo_config/cfg.py:3006}}
Apr 29 21:44:09.231964 np0000171318 nova-conductor[112124]: DEBUG cotyledon.oslo_config_glue [-] workarounds.qemu_monitor_announce_self_interval = 1 {{(pid=112124) log_opt_values /opt/stack/data/venv/lib/python3.12/site-packages/oslo_config/cfg.py:3006}}
Apr 29 21:44:09.231964 np0000171318 nova-conductor[112124]: DEBUG cotyledon.oslo_config_glue [-] workarounds.reserve_disk_resource_for_image_cache = False {{(pid=112124) log_opt_values /opt/stack/data/venv/lib/python3.12/site-packages/oslo_config/cfg.py:3006}}
Apr 29 21:44:09.231964 np0000171318 nova-conductor[112124]: DEBUG cotyledon.oslo_config_glue [-] workarounds.skip_cpu_compare_at_startup = False {{(pid=112124) log_opt_values /opt/stack/data/venv/lib/python3.12/site-packages/oslo_config/cfg.py:3006}}
Apr 29 21:44:09.231964 np0000171318 nova-conductor[112124]: DEBUG cotyledon.oslo_config_glue [-] workarounds.skip_cpu_compare_on_dest = False {{(pid=112124) log_opt_values /opt/stack/data/venv/lib/python3.12/site-packages/oslo_config/cfg.py:3006}}
Apr 29 21:44:09.231964 np0000171318 nova-conductor[112124]: DEBUG cotyledon.oslo_config_glue [-] workarounds.skip_hypervisor_version_check_on_lm = False {{(pid=112124) log_opt_values /opt/stack/data/venv/lib/python3.12/site-packages/oslo_config/cfg.py:3006}}
Apr 29 21:44:09.231964 np0000171318 nova-conductor[112124]: DEBUG cotyledon.oslo_config_glue [-] workarounds.skip_reserve_in_use_ironic_nodes = False {{(pid=112124) log_opt_values /opt/stack/data/venv/lib/python3.12/site-packages/oslo_config/cfg.py:3006}}
Apr 29 21:44:09.231964 np0000171318 nova-conductor[112124]: DEBUG cotyledon.oslo_config_glue [-] workarounds.unified_limits_count_pcpu_as_vcpu = False {{(pid=112124) log_opt_values /opt/stack/data/venv/lib/python3.12/site-packages/oslo_config/cfg.py:3006}}
Apr 29 21:44:09.232176 np0000171318 nova-conductor[112124]: DEBUG cotyledon.oslo_config_glue [-] workarounds.wait_for_vif_plugged_event_during_hard_reboot = [] {{(pid=112124) log_opt_values /opt/stack/data/venv/lib/python3.12/site-packages/oslo_config/cfg.py:3006}}
Apr 29 21:44:09.232176 np0000171318 nova-conductor[112124]: DEBUG cotyledon.oslo_config_glue [-] wsgi.api_paste_config = /etc/nova/api-paste.ini {{(pid=112124) log_opt_values /opt/stack/data/venv/lib/python3.12/site-packages/oslo_config/cfg.py:3006}}
Apr 29 21:44:09.232176 np0000171318 nova-conductor[112124]: DEBUG cotyledon.oslo_config_glue [-] wsgi.secure_proxy_ssl_header = None {{(pid=112124) log_opt_values /opt/stack/data/venv/lib/python3.12/site-packages/oslo_config/cfg.py:3006}}
Apr 29 21:44:09.232176 np0000171318 nova-conductor[112124]: DEBUG cotyledon.oslo_config_glue [-] zvm.ca_file = None {{(pid=112124) log_opt_values /opt/stack/data/venv/lib/python3.12/site-packages/oslo_config/cfg.py:3006}}
Apr 29 21:44:09.232176 np0000171318 nova-conductor[112124]: DEBUG cotyledon.oslo_config_glue [-] zvm.cloud_connector_url = None {{(pid=112124) log_opt_values /opt/stack/data/venv/lib/python3.12/site-packages/oslo_config/cfg.py:3006}}
Apr 29 21:44:09.232176 np0000171318 nova-conductor[112124]: DEBUG cotyledon.oslo_config_glue [-] zvm.image_tmp_path = /opt/stack/data/nova/images {{(pid=112124) log_opt_values /opt/stack/data/venv/lib/python3.12/site-packages/oslo_config/cfg.py:3006}}
Apr 29 21:44:09.232176 np0000171318 nova-conductor[112124]: DEBUG cotyledon.oslo_config_glue [-] zvm.reachable_timeout = 300 {{(pid=112124) log_opt_values /opt/stack/data/venv/lib/python3.12/site-packages/oslo_config/cfg.py:3006}}
Apr 29 21:44:09.232176 np0000171318 nova-conductor[112124]: DEBUG cotyledon.oslo_config_glue [-] oslo_versionedobjects.fatal_exception_format_errors = False {{(pid=112124) log_opt_values /opt/stack/data/venv/lib/python3.12/site-packages/oslo_config/cfg.py:3006}}
Apr 29 21:44:09.232176 np0000171318 nova-conductor[112124]: DEBUG cotyledon.oslo_config_glue [-] oslo_middleware.http_basic_auth_user_file = /etc/htpasswd {{(pid=112124) log_opt_values /opt/stack/data/venv/lib/python3.12/site-packages/oslo_config/cfg.py:3006}}
Apr 29 21:44:09.232379 np0000171318 nova-conductor[112124]: DEBUG cotyledon.oslo_config_glue [-] profiler.connection_string = messaging:// {{(pid=112124) log_opt_values /opt/stack/data/venv/lib/python3.12/site-packages/oslo_config/cfg.py:3006}}
Apr 29 21:44:09.232379 np0000171318 nova-conductor[112124]: DEBUG cotyledon.oslo_config_glue [-] profiler.enabled = False {{(pid=112124) log_opt_values /opt/stack/data/venv/lib/python3.12/site-packages/oslo_config/cfg.py:3006}}
Apr 29 21:44:09.232379 np0000171318 nova-conductor[112124]: DEBUG cotyledon.oslo_config_glue [-] profiler.es_doc_type = notification {{(pid=112124) log_opt_values /opt/stack/data/venv/lib/python3.12/site-packages/oslo_config/cfg.py:3006}}
Apr 29 21:44:09.232379 np0000171318 nova-conductor[112124]: DEBUG cotyledon.oslo_config_glue [-] profiler.es_scroll_size = 10000 {{(pid=112124) log_opt_values /opt/stack/data/venv/lib/python3.12/site-packages/oslo_config/cfg.py:3006}}
Apr 29 21:44:09.232379 np0000171318 nova-conductor[112124]: DEBUG cotyledon.oslo_config_glue [-] profiler.es_scroll_time = 2m {{(pid=112124) log_opt_values /opt/stack/data/venv/lib/python3.12/site-packages/oslo_config/cfg.py:3006}}
Apr 29 21:44:09.232379 np0000171318 nova-conductor[112124]: DEBUG cotyledon.oslo_config_glue [-] profiler.filter_error_trace = False {{(pid=112124) log_opt_values /opt/stack/data/venv/lib/python3.12/site-packages/oslo_config/cfg.py:3006}}
Apr 29 21:44:09.232379 np0000171318 nova-conductor[112124]: DEBUG cotyledon.oslo_config_glue [-] profiler.hmac_keys = **** {{(pid=112124) log_opt_values /opt/stack/data/venv/lib/python3.12/site-packages/oslo_config/cfg.py:3006}}
Apr 29 21:44:09.232379 np0000171318 nova-conductor[112124]: DEBUG cotyledon.oslo_config_glue [-] profiler.sentinel_service_name = mymaster {{(pid=112124) log_opt_values /opt/stack/data/venv/lib/python3.12/site-packages/oslo_config/cfg.py:3006}}
Apr 29 21:44:09.232379 np0000171318 nova-conductor[112124]: DEBUG cotyledon.oslo_config_glue [-] profiler.socket_timeout = 0.1 {{(pid=112124) log_opt_values /opt/stack/data/venv/lib/python3.12/site-packages/oslo_config/cfg.py:3006}}
Apr 29 21:44:09.232596 np0000171318 nova-conductor[112124]: DEBUG cotyledon.oslo_config_glue [-] profiler.trace_requests = False {{(pid=112124) log_opt_values /opt/stack/data/venv/lib/python3.12/site-packages/oslo_config/cfg.py:3006}}
Apr 29 21:44:09.232596 np0000171318 nova-conductor[112124]: DEBUG cotyledon.oslo_config_glue [-] profiler.trace_sqlalchemy = False {{(pid=112124) log_opt_values /opt/stack/data/venv/lib/python3.12/site-packages/oslo_config/cfg.py:3006}}
Apr 29 21:44:09.232596 np0000171318 nova-conductor[112124]: DEBUG cotyledon.oslo_config_glue [-] profiler_jaeger.process_tags = {} {{(pid=112124) log_opt_values /opt/stack/data/venv/lib/python3.12/site-packages/oslo_config/cfg.py:3006}}
Apr 29 21:44:09.232596 np0000171318 nova-conductor[112124]: DEBUG cotyledon.oslo_config_glue [-] profiler_jaeger.service_name_prefix = None {{(pid=112124) log_opt_values /opt/stack/data/venv/lib/python3.12/site-packages/oslo_config/cfg.py:3006}}
Apr 29 21:44:09.232596 np0000171318 nova-conductor[112124]: DEBUG cotyledon.oslo_config_glue [-] profiler_otlp.service_name_prefix = None {{(pid=112124) log_opt_values /opt/stack/data/venv/lib/python3.12/site-packages/oslo_config/cfg.py:3006}}
Apr 29 21:44:09.232596 np0000171318 nova-conductor[112124]: DEBUG cotyledon.oslo_config_glue [-] oslo_messaging_rabbit.amqp_auto_delete = False {{(pid=112124) log_opt_values /opt/stack/data/venv/lib/python3.12/site-packages/oslo_config/cfg.py:3006}}
Apr 29 21:44:09.232596 np0000171318 nova-conductor[112124]: DEBUG cotyledon.oslo_config_glue [-] oslo_messaging_rabbit.amqp_durable_queues = False {{(pid=112124) log_opt_values /opt/stack/data/venv/lib/python3.12/site-packages/oslo_config/cfg.py:3006}}
Apr 29 21:44:09.232596 np0000171318 nova-conductor[112124]: DEBUG cotyledon.oslo_config_glue [-] oslo_messaging_rabbit.conn_pool_min_size = 2 {{(pid=112124) log_opt_values /opt/stack/data/venv/lib/python3.12/site-packages/oslo_config/cfg.py:3006}}
Apr 29 21:44:09.232596 np0000171318 nova-conductor[112124]: DEBUG cotyledon.oslo_config_glue [-] oslo_messaging_rabbit.conn_pool_ttl = 1200 {{(pid=112124) log_opt_values /opt/stack/data/venv/lib/python3.12/site-packages/oslo_config/cfg.py:3006}}
Apr 29 21:44:09.232825 np0000171318 nova-conductor[112124]: DEBUG cotyledon.oslo_config_glue [-] oslo_messaging_rabbit.direct_mandatory_flag = True {{(pid=112124) log_opt_values /opt/stack/data/venv/lib/python3.12/site-packages/oslo_config/cfg.py:3006}}
Apr 29 21:44:09.232825 np0000171318 nova-conductor[112124]: DEBUG cotyledon.oslo_config_glue [-] oslo_messaging_rabbit.enable_cancel_on_failover = False {{(pid=112124) log_opt_values /opt/stack/data/venv/lib/python3.12/site-packages/oslo_config/cfg.py:3006}}
Apr 29 21:44:09.232825 np0000171318 nova-conductor[112124]: DEBUG cotyledon.oslo_config_glue [-] oslo_messaging_rabbit.heartbeat_in_pthread = False {{(pid=112124) log_opt_values /opt/stack/data/venv/lib/python3.12/site-packages/oslo_config/cfg.py:3006}}
Apr 29 21:44:09.232825 np0000171318 nova-conductor[112124]: DEBUG cotyledon.oslo_config_glue [-] oslo_messaging_rabbit.heartbeat_rate = 3 {{(pid=112124) log_opt_values /opt/stack/data/venv/lib/python3.12/site-packages/oslo_config/cfg.py:3006}}
Apr 29 21:44:09.232825 np0000171318 nova-conductor[112124]: DEBUG cotyledon.oslo_config_glue [-] oslo_messaging_rabbit.heartbeat_timeout_threshold = 60 {{(pid=112124) log_opt_values /opt/stack/data/venv/lib/python3.12/site-packages/oslo_config/cfg.py:3006}}
Apr 29 21:44:09.232825 np0000171318 nova-conductor[112124]: DEBUG cotyledon.oslo_config_glue [-] oslo_messaging_rabbit.hostname = np0000171318 {{(pid=112124) log_opt_values /opt/stack/data/venv/lib/python3.12/site-packages/oslo_config/cfg.py:3006}}
Apr 29 21:44:09.232825 np0000171318 nova-conductor[112124]: DEBUG cotyledon.oslo_config_glue [-] oslo_messaging_rabbit.kombu_compression = None {{(pid=112124) log_opt_values /opt/stack/data/venv/lib/python3.12/site-packages/oslo_config/cfg.py:3006}}
Apr 29 21:44:09.232825 np0000171318 nova-conductor[112124]: DEBUG cotyledon.oslo_config_glue [-] oslo_messaging_rabbit.kombu_failover_strategy = round-robin {{(pid=112124) log_opt_values /opt/stack/data/venv/lib/python3.12/site-packages/oslo_config/cfg.py:3006}}
Apr 29 21:44:09.233035 np0000171318 nova-conductor[112124]: DEBUG cotyledon.oslo_config_glue [-] oslo_messaging_rabbit.kombu_missing_consumer_retry_timeout = 60 {{(pid=112124) log_opt_values /opt/stack/data/venv/lib/python3.12/site-packages/oslo_config/cfg.py:3006}}
Apr 29 21:44:09.233035 np0000171318 nova-conductor[112124]: DEBUG cotyledon.oslo_config_glue [-] oslo_messaging_rabbit.kombu_reconnect_delay = 1.0 {{(pid=112124) log_opt_values /opt/stack/data/venv/lib/python3.12/site-packages/oslo_config/cfg.py:3006}}
Apr 29 21:44:09.233035 np0000171318 nova-conductor[112124]: DEBUG cotyledon.oslo_config_glue [-] oslo_messaging_rabbit.kombu_reconnect_splay = 0.0 {{(pid=112124) log_opt_values /opt/stack/data/venv/lib/python3.12/site-packages/oslo_config/cfg.py:3006}}
Apr 29 21:44:09.233035 np0000171318 nova-conductor[112124]: DEBUG cotyledon.oslo_config_glue [-] oslo_messaging_rabbit.processname = nova-conductor {{(pid=112124) log_opt_values /opt/stack/data/venv/lib/python3.12/site-packages/oslo_config/cfg.py:3006}}
Apr 29 21:44:09.233035 np0000171318 nova-conductor[112124]: DEBUG cotyledon.oslo_config_glue [-] oslo_messaging_rabbit.rabbit_ha_queues = False {{(pid=112124) log_opt_values /opt/stack/data/venv/lib/python3.12/site-packages/oslo_config/cfg.py:3006}}
Apr 29 21:44:09.233035 np0000171318 nova-conductor[112124]: DEBUG cotyledon.oslo_config_glue [-] oslo_messaging_rabbit.rabbit_interval_max = 30 {{(pid=112124) log_opt_values /opt/stack/data/venv/lib/python3.12/site-packages/oslo_config/cfg.py:3006}}
Apr 29 21:44:09.233035 np0000171318 nova-conductor[112124]: DEBUG cotyledon.oslo_config_glue [-] oslo_messaging_rabbit.rabbit_login_method = AMQPLAIN {{(pid=112124) log_opt_values /opt/stack/data/venv/lib/python3.12/site-packages/oslo_config/cfg.py:3006}}
Apr 29 21:44:09.233035 np0000171318 nova-conductor[112124]: DEBUG cotyledon.oslo_config_glue [-] oslo_messaging_rabbit.rabbit_qos_prefetch_count = 0 {{(pid=112124) log_opt_values /opt/stack/data/venv/lib/python3.12/site-packages/oslo_config/cfg.py:3006}}
Apr 29 21:44:09.233251 np0000171318 nova-conductor[112124]: DEBUG cotyledon.oslo_config_glue [-] oslo_messaging_rabbit.rabbit_quorum_delivery_limit = 0 {{(pid=112124) log_opt_values /opt/stack/data/venv/lib/python3.12/site-packages/oslo_config/cfg.py:3006}}
Apr 29 21:44:09.233251 np0000171318 nova-conductor[112124]: DEBUG cotyledon.oslo_config_glue [-] oslo_messaging_rabbit.rabbit_quorum_max_memory_bytes = 0 {{(pid=112124) log_opt_values /opt/stack/data/venv/lib/python3.12/site-packages/oslo_config/cfg.py:3006}}
Apr 29 21:44:09.233251 np0000171318 nova-conductor[112124]: DEBUG cotyledon.oslo_config_glue [-] oslo_messaging_rabbit.rabbit_quorum_max_memory_length = 0 {{(pid=112124) log_opt_values /opt/stack/data/venv/lib/python3.12/site-packages/oslo_config/cfg.py:3006}}
Apr 29 21:44:09.233251 np0000171318 nova-conductor[112124]: DEBUG cotyledon.oslo_config_glue [-] oslo_messaging_rabbit.rabbit_quorum_queue = False {{(pid=112124) log_opt_values /opt/stack/data/venv/lib/python3.12/site-packages/oslo_config/cfg.py:3006}}
Apr 29 21:44:09.233251 np0000171318 nova-conductor[112124]: DEBUG cotyledon.oslo_config_glue [-] oslo_messaging_rabbit.rabbit_retry_backoff = 2 {{(pid=112124) log_opt_values /opt/stack/data/venv/lib/python3.12/site-packages/oslo_config/cfg.py:3006}}
Apr 29 21:44:09.233251 np0000171318 nova-conductor[112124]: DEBUG cotyledon.oslo_config_glue [-] oslo_messaging_rabbit.rabbit_retry_interval = 1 {{(pid=112124) log_opt_values /opt/stack/data/venv/lib/python3.12/site-packages/oslo_config/cfg.py:3006}}
Apr 29 21:44:09.233251 np0000171318 nova-conductor[112124]: DEBUG cotyledon.oslo_config_glue [-] oslo_messaging_rabbit.rabbit_stream_fanout = False {{(pid=112124) log_opt_values /opt/stack/data/venv/lib/python3.12/site-packages/oslo_config/cfg.py:3006}}
Apr 29 21:44:09.233251 np0000171318 nova-conductor[112124]: DEBUG cotyledon.oslo_config_glue [-] oslo_messaging_rabbit.rabbit_transient_queues_ttl = 1800 {{(pid=112124) log_opt_values /opt/stack/data/venv/lib/python3.12/site-packages/oslo_config/cfg.py:3006}}
Apr 29 21:44:09.233438 np0000171318 nova-conductor[112124]: DEBUG cotyledon.oslo_config_glue [-] oslo_messaging_rabbit.rabbit_transient_quorum_queue = False {{(pid=112124) log_opt_values /opt/stack/data/venv/lib/python3.12/site-packages/oslo_config/cfg.py:3006}}
Apr 29 21:44:09.233438 np0000171318 nova-conductor[112124]: DEBUG cotyledon.oslo_config_glue [-] oslo_messaging_rabbit.rpc_conn_pool_size = 30 {{(pid=112124) log_opt_values /opt/stack/data/venv/lib/python3.12/site-packages/oslo_config/cfg.py:3006}}
Apr 29 21:44:09.233438 np0000171318 nova-conductor[112124]: DEBUG cotyledon.oslo_config_glue [-] oslo_messaging_rabbit.ssl = False {{(pid=112124) log_opt_values /opt/stack/data/venv/lib/python3.12/site-packages/oslo_config/cfg.py:3006}}
Apr 29 21:44:09.233438 np0000171318 nova-conductor[112124]: DEBUG cotyledon.oslo_config_glue [-] oslo_messaging_rabbit.ssl_ca_file = {{(pid=112124) log_opt_values /opt/stack/data/venv/lib/python3.12/site-packages/oslo_config/cfg.py:3006}}
Apr 29 21:44:09.233438 np0000171318 nova-conductor[112124]: DEBUG cotyledon.oslo_config_glue [-] oslo_messaging_rabbit.ssl_cert_file = {{(pid=112124) log_opt_values /opt/stack/data/venv/lib/python3.12/site-packages/oslo_config/cfg.py:3006}}
Apr 29 21:44:09.233438 np0000171318 nova-conductor[112124]: DEBUG cotyledon.oslo_config_glue [-] oslo_messaging_rabbit.ssl_enforce_fips_mode = False {{(pid=112124) log_opt_values /opt/stack/data/venv/lib/python3.12/site-packages/oslo_config/cfg.py:3006}}
Apr 29 21:44:09.233438 np0000171318 nova-conductor[112124]: DEBUG cotyledon.oslo_config_glue [-] oslo_messaging_rabbit.ssl_key_file = {{(pid=112124) log_opt_values /opt/stack/data/venv/lib/python3.12/site-packages/oslo_config/cfg.py:3006}}
Apr 29 21:44:09.233438 np0000171318 nova-conductor[112124]: DEBUG cotyledon.oslo_config_glue [-] oslo_messaging_rabbit.ssl_version = {{(pid=112124) log_opt_values /opt/stack/data/venv/lib/python3.12/site-packages/oslo_config/cfg.py:3006}}
Apr 29 21:44:09.233438 np0000171318 nova-conductor[112124]: DEBUG cotyledon.oslo_config_glue [-] oslo_messaging_rabbit.use_queue_manager = False {{(pid=112124) log_opt_values /opt/stack/data/venv/lib/python3.12/site-packages/oslo_config/cfg.py:3006}}
Apr 29 21:44:09.233655 np0000171318 nova-conductor[112124]: DEBUG cotyledon.oslo_config_glue [-] oslo_messaging_notifications.driver = ['messagingv2'] {{(pid=112124) log_opt_values /opt/stack/data/venv/lib/python3.12/site-packages/oslo_config/cfg.py:3006}}
Apr 29 21:44:09.233655 np0000171318 nova-conductor[112124]: DEBUG cotyledon.oslo_config_glue [-] oslo_messaging_notifications.retry = -1 {{(pid=112124) log_opt_values /opt/stack/data/venv/lib/python3.12/site-packages/oslo_config/cfg.py:3006}}
Apr 29 21:44:09.233655 np0000171318 nova-conductor[112124]: DEBUG cotyledon.oslo_config_glue [-] oslo_messaging_notifications.topics = ['notifications'] {{(pid=112124) log_opt_values /opt/stack/data/venv/lib/python3.12/site-packages/oslo_config/cfg.py:3006}}
Apr 29 21:44:09.233655 np0000171318 nova-conductor[112124]: DEBUG cotyledon.oslo_config_glue [-] oslo_messaging_notifications.transport_url = **** {{(pid=112124) log_opt_values /opt/stack/data/venv/lib/python3.12/site-packages/oslo_config/cfg.py:3006}}
Apr 29 21:44:09.233655 np0000171318 nova-conductor[112124]: DEBUG cotyledon.oslo_config_glue [-] oslo_limit.auth_section = None {{(pid=112124) log_opt_values /opt/stack/data/venv/lib/python3.12/site-packages/oslo_config/cfg.py:3006}}
Apr 29 21:44:09.233655 np0000171318 nova-conductor[112124]: DEBUG cotyledon.oslo_config_glue [-] oslo_limit.auth_type = None {{(pid=112124) log_opt_values /opt/stack/data/venv/lib/python3.12/site-packages/oslo_config/cfg.py:3006}}
Apr 29 21:44:09.233655 np0000171318 nova-conductor[112124]: DEBUG cotyledon.oslo_config_glue [-] oslo_limit.cafile = None {{(pid=112124) log_opt_values /opt/stack/data/venv/lib/python3.12/site-packages/oslo_config/cfg.py:3006}}
Apr 29 21:44:09.233655 np0000171318 nova-conductor[112124]: DEBUG cotyledon.oslo_config_glue [-] oslo_limit.certfile = None {{(pid=112124) log_opt_values /opt/stack/data/venv/lib/python3.12/site-packages/oslo_config/cfg.py:3006}}
Apr 29 21:44:09.233655 np0000171318 nova-conductor[112124]: DEBUG cotyledon.oslo_config_glue [-] oslo_limit.collect_timing = False {{(pid=112124) log_opt_values /opt/stack/data/venv/lib/python3.12/site-packages/oslo_config/cfg.py:3006}}
Apr 29 21:44:09.233873 np0000171318 nova-conductor[112124]: DEBUG cotyledon.oslo_config_glue [-] oslo_limit.connect_retries = None {{(pid=112124) log_opt_values /opt/stack/data/venv/lib/python3.12/site-packages/oslo_config/cfg.py:3006}}
Apr 29 21:44:09.233873 np0000171318 nova-conductor[112124]: DEBUG cotyledon.oslo_config_glue [-] oslo_limit.connect_retry_delay = None {{(pid=112124) log_opt_values /opt/stack/data/venv/lib/python3.12/site-packages/oslo_config/cfg.py:3006}}
Apr 29 21:44:09.233873 np0000171318 nova-conductor[112124]: DEBUG cotyledon.oslo_config_glue [-] oslo_limit.endpoint_id = None {{(pid=112124) log_opt_values /opt/stack/data/venv/lib/python3.12/site-packages/oslo_config/cfg.py:3006}}
Apr 29 21:44:09.233873 np0000171318 nova-conductor[112124]: DEBUG cotyledon.oslo_config_glue [-] oslo_limit.endpoint_interface = public {{(pid=112124) log_opt_values /opt/stack/data/venv/lib/python3.12/site-packages/oslo_config/cfg.py:3006}}
Apr 29 21:44:09.233873 np0000171318 nova-conductor[112124]: DEBUG cotyledon.oslo_config_glue [-] oslo_limit.endpoint_override = None {{(pid=112124) log_opt_values /opt/stack/data/venv/lib/python3.12/site-packages/oslo_config/cfg.py:3006}}
Apr 29 21:44:09.233873 np0000171318 nova-conductor[112124]: DEBUG cotyledon.oslo_config_glue [-] oslo_limit.endpoint_region_name = None {{(pid=112124) log_opt_values /opt/stack/data/venv/lib/python3.12/site-packages/oslo_config/cfg.py:3006}}
Apr 29 21:44:09.233873 np0000171318 nova-conductor[112124]: DEBUG cotyledon.oslo_config_glue [-] oslo_limit.endpoint_service_name = None {{(pid=112124) log_opt_values /opt/stack/data/venv/lib/python3.12/site-packages/oslo_config/cfg.py:3006}}
Apr 29 21:44:09.233873 np0000171318 nova-conductor[112124]: DEBUG cotyledon.oslo_config_glue [-] oslo_limit.endpoint_service_type = None {{(pid=112124) log_opt_values /opt/stack/data/venv/lib/python3.12/site-packages/oslo_config/cfg.py:3006}}
Apr 29 21:44:09.233873 np0000171318 nova-conductor[112124]: DEBUG cotyledon.oslo_config_glue [-] oslo_limit.insecure = False {{(pid=112124) log_opt_values /opt/stack/data/venv/lib/python3.12/site-packages/oslo_config/cfg.py:3006}}
Apr 29 21:44:09.234105 np0000171318 nova-conductor[112124]: DEBUG cotyledon.oslo_config_glue [-] oslo_limit.keyfile = None {{(pid=112124) log_opt_values /opt/stack/data/venv/lib/python3.12/site-packages/oslo_config/cfg.py:3006}}
Apr 29 21:44:09.234105 np0000171318 nova-conductor[112124]: DEBUG cotyledon.oslo_config_glue [-] oslo_limit.max_version = None {{(pid=112124) log_opt_values /opt/stack/data/venv/lib/python3.12/site-packages/oslo_config/cfg.py:3006}}
Apr 29 21:44:09.234105 np0000171318 nova-conductor[112124]: DEBUG cotyledon.oslo_config_glue [-] oslo_limit.min_version = None {{(pid=112124) log_opt_values /opt/stack/data/venv/lib/python3.12/site-packages/oslo_config/cfg.py:3006}}
Apr 29 21:44:09.234105 np0000171318 nova-conductor[112124]: DEBUG cotyledon.oslo_config_glue [-] oslo_limit.region_name = None {{(pid=112124) log_opt_values /opt/stack/data/venv/lib/python3.12/site-packages/oslo_config/cfg.py:3006}}
Apr 29 21:44:09.234105 np0000171318 nova-conductor[112124]: DEBUG cotyledon.oslo_config_glue [-] oslo_limit.retriable_status_codes = None {{(pid=112124) log_opt_values /opt/stack/data/venv/lib/python3.12/site-packages/oslo_config/cfg.py:3006}}
Apr 29 21:44:09.234105 np0000171318 nova-conductor[112124]: DEBUG cotyledon.oslo_config_glue [-] oslo_limit.service_name = None {{(pid=112124) log_opt_values /opt/stack/data/venv/lib/python3.12/site-packages/oslo_config/cfg.py:3006}}
Apr 29 21:44:09.234105 np0000171318 nova-conductor[112124]: DEBUG cotyledon.oslo_config_glue [-] oslo_limit.service_type = None {{(pid=112124) log_opt_values /opt/stack/data/venv/lib/python3.12/site-packages/oslo_config/cfg.py:3006}}
Apr 29 21:44:09.234105 np0000171318 nova-conductor[112124]: DEBUG cotyledon.oslo_config_glue [-] oslo_limit.split_loggers = False {{(pid=112124) log_opt_values /opt/stack/data/venv/lib/python3.12/site-packages/oslo_config/cfg.py:3006}}
Apr 29 21:44:09.234105 np0000171318 nova-conductor[112124]: DEBUG cotyledon.oslo_config_glue [-] oslo_limit.status_code_retries = None {{(pid=112124) log_opt_values /opt/stack/data/venv/lib/python3.12/site-packages/oslo_config/cfg.py:3006}}
Apr 29 21:44:09.234311 np0000171318 nova-conductor[112124]: DEBUG cotyledon.oslo_config_glue [-] oslo_limit.status_code_retry_delay = None {{(pid=112124) log_opt_values /opt/stack/data/venv/lib/python3.12/site-packages/oslo_config/cfg.py:3006}}
Apr 29 21:44:09.234311 np0000171318 nova-conductor[112124]: DEBUG cotyledon.oslo_config_glue [-] oslo_limit.timeout = None {{(pid=112124) log_opt_values /opt/stack/data/venv/lib/python3.12/site-packages/oslo_config/cfg.py:3006}}
Apr 29 21:44:09.234311 np0000171318 nova-conductor[112124]: DEBUG cotyledon.oslo_config_glue [-] oslo_limit.valid_interfaces = None {{(pid=112124) log_opt_values /opt/stack/data/venv/lib/python3.12/site-packages/oslo_config/cfg.py:3006}}
Apr 29 21:44:09.234311 np0000171318 nova-conductor[112124]: DEBUG cotyledon.oslo_config_glue [-] oslo_limit.version = None {{(pid=112124) log_opt_values /opt/stack/data/venv/lib/python3.12/site-packages/oslo_config/cfg.py:3006}}
Apr 29 21:44:09.234311 np0000171318 nova-conductor[112124]: DEBUG cotyledon.oslo_config_glue [-] oslo_reports.file_event_handler = None {{(pid=112124) log_opt_values /opt/stack/data/venv/lib/python3.12/site-packages/oslo_config/cfg.py:3006}}
Apr 29 21:44:09.234311 np0000171318 nova-conductor[112124]: DEBUG cotyledon.oslo_config_glue [-] oslo_reports.file_event_handler_interval = 1 {{(pid=112124) log_opt_values /opt/stack/data/venv/lib/python3.12/site-packages/oslo_config/cfg.py:3006}}
Apr 29 21:44:09.234311 np0000171318 nova-conductor[112124]: DEBUG cotyledon.oslo_config_glue [-] oslo_reports.log_dir = None {{(pid=112124) log_opt_values /opt/stack/data/venv/lib/python3.12/site-packages/oslo_config/cfg.py:3006}}
Apr 29 21:44:09.234311 np0000171318 nova-conductor[112124]: DEBUG cotyledon.oslo_config_glue [-] ******************************************************************************** {{(pid=112124) log_opt_values /opt/stack/data/venv/lib/python3.12/site-packages/oslo_config/cfg.py:3013}}
Apr 29 21:44:09.234311 np0000171318 nova-conductor[112124]: DEBUG cotyledon._service_worker [-] Run service ServiceWrapper(3) [112124] {{(pid=112124) wait_forever /opt/stack/data/venv/lib/python3.12/site-packages/cotyledon/_service_worker.py:218}}
Apr 29 21:44:09.234539 np0000171318 nova-conductor[112124]: INFO nova.service [-] Starting conductor node (version 33.1.0)
Apr 29 21:44:09.234566 np0000171318 nova-conductor[112108]: DEBUG dbcounter [-] [112108] Writer thread running {{(pid=112108) stat_writer /opt/stack/data/venv/lib/python3.12/site-packages/dbcounter.py:102}}
Apr 29 21:44:09.234599 np0000171318 nova-conductor[112117]: DEBUG oslo_db.sqlalchemy.engines [None req-e629f836-58f3-4603-833c-c69cf547b333 None None] MySQL server mode set to STRICT_TRANS_TABLES,STRICT_ALL_TABLES,NO_ZERO_IN_DATE,NO_ZERO_DATE,ERROR_FOR_DIVISION_BY_ZERO,TRADITIONAL,NO_ENGINE_SUBSTITUTION {{(pid=112117) _check_effective_sql_mode /opt/stack/data/venv/lib/python3.12/site-packages/oslo_db/sqlalchemy/engines.py:325}}
Apr 29 21:44:09.234625 np0000171318 nova-conductor[112124]: INFO dbcounter [None req-1bccbb02-0844-4562-9957-ee500139c1f4 None None] Registered counter for database nova_cell0
Apr 29 21:44:09.234652 np0000171318 nova-conductor[112100]: DEBUG nova.service [None req-e1f9ce40-188f-4137-a9cd-b185353271b0 None None] Creating RPC server for service: nova-conductor on topic: conductor {{(pid=112100) start /opt/stack/nova/nova/service.py:195}}
Apr 29 21:44:09.234681 np0000171318 nova-conductor[112117]: DEBUG dbcounter [-] [112117] Writer thread running {{(pid=112117) stat_writer /opt/stack/data/venv/lib/python3.12/site-packages/dbcounter.py:102}}
Apr 29 21:44:09.234709 np0000171318 nova-conductor[112124]: DEBUG oslo_db.sqlalchemy.engines [None req-1bccbb02-0844-4562-9957-ee500139c1f4 None None] MySQL server mode set to STRICT_TRANS_TABLES,STRICT_ALL_TABLES,NO_ZERO_IN_DATE,NO_ZERO_DATE,ERROR_FOR_DIVISION_BY_ZERO,TRADITIONAL,NO_ENGINE_SUBSTITUTION {{(pid=112124) _check_effective_sql_mode /opt/stack/data/venv/lib/python3.12/site-packages/oslo_db/sqlalchemy/engines.py:325}}
Apr 29 21:44:09.234770 np0000171318 nova-conductor[112117]: DEBUG nova.service [None req-e629f836-58f3-4603-833c-c69cf547b333 None None] Creating RPC server for service: nova-conductor on topic: conductor {{(pid=112117) start /opt/stack/nova/nova/service.py:195}}
Apr 29 21:44:09.234801 np0000171318 nova-conductor[112108]: DEBUG nova.service [None req-819d991e-1db1-4613-81ea-391100ad3543 None None] Creating RPC server for service: nova-conductor on topic: conductor {{(pid=112108) start /opt/stack/nova/nova/service.py:195}}
Apr 29 21:44:09.234829 np0000171318 nova-conductor[112124]: DEBUG dbcounter [-] [112124] Writer thread running {{(pid=112124) stat_writer /opt/stack/data/venv/lib/python3.12/site-packages/dbcounter.py:102}}
Apr 29 21:44:09.236848 np0000171318 nova-conductor[112124]: DEBUG nova.service [None req-1bccbb02-0844-4562-9957-ee500139c1f4 None None] Creating RPC server for service: nova-conductor on topic: conductor {{(pid=112124) start /opt/stack/nova/nova/service.py:195}}
Apr 29 21:44:09.245350 np0000171318 nova-conductor[112108]: DEBUG nova.service [None req-819d991e-1db1-4613-81ea-391100ad3543 None None] Join ServiceGroup membership for this service conductor {{(pid=112108) start /opt/stack/nova/nova/service.py:221}}
Apr 29 21:44:09.245489 np0000171318 nova-conductor[112117]: DEBUG nova.service [None req-e629f836-58f3-4603-833c-c69cf547b333 None None] Join ServiceGroup membership for this service conductor {{(pid=112117) start /opt/stack/nova/nova/service.py:221}}
Apr 29 21:44:09.245685 np0000171318 nova-conductor[112117]: DEBUG nova.servicegroup.drivers.db [None req-e629f836-58f3-4603-833c-c69cf547b333 None None] DB_Driver: join new ServiceGroup member np0000171318 to the conductor group, service = {{(pid=112117) join /opt/stack/nova/nova/servicegroup/drivers/db.py:44}}
Apr 29 21:44:09.245732 np0000171318 nova-conductor[112108]: DEBUG nova.servicegroup.drivers.db [None req-819d991e-1db1-4613-81ea-391100ad3543 None None] DB_Driver: join new ServiceGroup member np0000171318 to the conductor group, service = {{(pid=112108) join /opt/stack/nova/nova/servicegroup/drivers/db.py:44}}
Apr 29 21:44:09.249539 np0000171318 nova-conductor[112100]: DEBUG nova.service [None req-e1f9ce40-188f-4137-a9cd-b185353271b0 None None] Join ServiceGroup membership for this service conductor {{(pid=112100) start /opt/stack/nova/nova/service.py:221}}
Apr 29 21:44:09.249805 np0000171318 nova-conductor[112100]: DEBUG nova.servicegroup.drivers.db [None req-e1f9ce40-188f-4137-a9cd-b185353271b0 None None] DB_Driver: join new ServiceGroup member np0000171318 to the conductor group, service = {{(pid=112100) join /opt/stack/nova/nova/servicegroup/drivers/db.py:44}}
Apr 29 21:44:09.253847 np0000171318 nova-conductor[112124]: DEBUG nova.service [None req-1bccbb02-0844-4562-9957-ee500139c1f4 None None] Join ServiceGroup membership for this service conductor {{(pid=112124) start /opt/stack/nova/nova/service.py:221}}
Apr 29 21:44:09.254053 np0000171318 nova-conductor[112124]: DEBUG nova.servicegroup.drivers.db [None req-1bccbb02-0844-4562-9957-ee500139c1f4 None None] DB_Driver: join new ServiceGroup member np0000171318 to the conductor group, service = {{(pid=112124) join /opt/stack/nova/nova/servicegroup/drivers/db.py:44}}
Apr 29 21:44:11.252825 np0000171318 nova-conductor[112100]: DEBUG oslo.service.backend._threading.loopingcall [None req-a8306d05-ce21-4bff-a25e-88160f1070c6 None None] Dynamic interval looping call 'nova.service.Service.periodic_tasks' sleeping for 60.00 seconds {{(pid=112100) _run_loop /opt/stack/data/venv/lib/python3.12/site-packages/oslo_service/backend/_threading/loopingcall.py:125}}
Apr 29 21:44:14.266013 np0000171318 nova-conductor[112100]: DEBUG oslo.service.backend._threading.loopingcall [-] Fixed interval looping call 'nova.servicegroup.drivers.db.DbDriver._report_state' sleeping for 119.99 seconds {{(pid=112100) _run_loop /opt/stack/data/venv/lib/python3.12/site-packages/oslo_service/backend/_threading/loopingcall.py:125}}
Apr 29 21:44:14.266764 np0000171318 nova-conductor[112108]: DEBUG oslo.service.backend._threading.loopingcall [-] Fixed interval looping call 'nova.servicegroup.drivers.db.DbDriver._report_state' sleeping for 119.98 seconds {{(pid=112108) _run_loop /opt/stack/data/venv/lib/python3.12/site-packages/oslo_service/backend/_threading/loopingcall.py:125}}
Apr 29 21:44:14.267366 np0000171318 nova-conductor[112117]: DEBUG oslo.service.backend._threading.loopingcall [-] Fixed interval looping call 'nova.servicegroup.drivers.db.DbDriver._report_state' sleeping for 119.98 seconds {{(pid=112117) _run_loop /opt/stack/data/venv/lib/python3.12/site-packages/oslo_service/backend/_threading/loopingcall.py:125}}
Apr 29 21:44:14.269405 np0000171318 nova-conductor[112124]: DEBUG oslo.service.backend._threading.loopingcall [-] Fixed interval looping call 'nova.servicegroup.drivers.db.DbDriver._report_state' sleeping for 119.99 seconds {{(pid=112124) _run_loop /opt/stack/data/venv/lib/python3.12/site-packages/oslo_service/backend/_threading/loopingcall.py:125}}
Apr 29 21:44:16.250164 np0000171318 nova-conductor[112108]: DEBUG oslo.service.backend._threading.loopingcall [None req-3f6aa167-c742-4a7c-a5e3-2ed82e9ce0ce None None] Dynamic interval looping call 'nova.service.Service.periodic_tasks' sleeping for 60.00 seconds {{(pid=112108) _run_loop /opt/stack/data/venv/lib/python3.12/site-packages/oslo_service/backend/_threading/loopingcall.py:125}}
Apr 29 21:44:17.807995 np0000171318 nova-conductor[111304]: DEBUG dbcounter [-] [111304] Writing DB stats nova_api:SELECT=1 {{(pid=111304) stat_writer /opt/stack/data/venv/lib/python3.12/site-packages/dbcounter.py:115}}
Apr 29 21:44:17.923993 np0000171318 nova-conductor[111304]: DEBUG dbcounter [-] [111304] Writing DB stats nova_cell0:SELECT=1 {{(pid=111304) stat_writer /opt/stack/data/venv/lib/python3.12/site-packages/dbcounter.py:115}}
Apr 29 21:44:17.929272 np0000171318 nova-conductor[111304]: DEBUG dbcounter [-] [111304] Writing DB stats nova_cell1:SELECT=1 {{(pid=111304) stat_writer /opt/stack/data/venv/lib/python3.12/site-packages/dbcounter.py:115}}
Apr 29 21:44:24.261858 np0000171318 nova-conductor[112108]: DEBUG dbcounter [-] [112108] Writing DB stats nova_cell0:SELECT=4,nova_cell0:INSERT=1,nova_cell0:UPDATE=1 {{(pid=112108) stat_writer /opt/stack/data/venv/lib/python3.12/site-packages/dbcounter.py:115}}
Apr 29 21:44:24.264208 np0000171318 nova-conductor[112100]: DEBUG dbcounter [-] [112100] Writing DB stats nova_cell0:SELECT=4,nova_cell0:INSERT=1,nova_cell0:UPDATE=1 {{(pid=112100) stat_writer /opt/stack/data/venv/lib/python3.12/site-packages/dbcounter.py:115}}
Apr 29 21:44:24.265893 np0000171318 nova-conductor[112117]: DEBUG dbcounter [-] [112117] Writing DB stats nova_cell0:SELECT=3,nova_cell0:UPDATE=1 {{(pid=112117) stat_writer /opt/stack/data/venv/lib/python3.12/site-packages/dbcounter.py:115}}
Apr 29 21:44:24.266359 np0000171318 nova-conductor[112124]: DEBUG dbcounter [-] [112124] Writing DB stats nova_cell0:SELECT=3 {{(pid=112124) stat_writer /opt/stack/data/venv/lib/python3.12/site-packages/dbcounter.py:115}}
Apr 29 21:44:39.258077 np0000171318 nova-conductor[112124]: DEBUG oslo.service.backend._threading.loopingcall [None req-8b572772-3148-480c-97a7-d488563e6c6e None None] Dynamic interval looping call 'nova.service.Service.periodic_tasks' sleeping for 60.00 seconds {{(pid=112124) _run_loop /opt/stack/data/venv/lib/python3.12/site-packages/oslo_service/backend/_threading/loopingcall.py:125}}
Apr 29 21:44:47.248932 np0000171318 nova-conductor[112117]: DEBUG oslo.service.backend._threading.loopingcall [None req-c28cbf2e-efb2-4254-a972-4829c4a4afd1 None None] Dynamic interval looping call 'nova.service.Service.periodic_tasks' sleeping for 60.00 seconds {{(pid=112117) _run_loop /opt/stack/data/venv/lib/python3.12/site-packages/oslo_service/backend/_threading/loopingcall.py:125}}
Apr 29 21:45:11.253798 np0000171318 nova-conductor[112100]: DEBUG oslo.service.backend._threading.loopingcall [None req-a8306d05-ce21-4bff-a25e-88160f1070c6 None None] Dynamic interval looping call 'nova.service.Service.periodic_tasks' sleeping for 60.00 seconds {{(pid=112100) _run_loop /opt/stack/data/venv/lib/python3.12/site-packages/oslo_service/backend/_threading/loopingcall.py:125}}
Apr 29 21:45:16.250970 np0000171318 nova-conductor[112108]: DEBUG oslo.service.backend._threading.loopingcall [None req-3f6aa167-c742-4a7c-a5e3-2ed82e9ce0ce None None] Dynamic interval looping call 'nova.service.Service.periodic_tasks' sleeping for 60.00 seconds {{(pid=112108) _run_loop /opt/stack/data/venv/lib/python3.12/site-packages/oslo_service/backend/_threading/loopingcall.py:125}}
Apr 29 21:45:39.258674 np0000171318 nova-conductor[112124]: DEBUG oslo.service.backend._threading.loopingcall [None req-8b572772-3148-480c-97a7-d488563e6c6e None None] Dynamic interval looping call 'nova.service.Service.periodic_tasks' sleeping for 60.00 seconds {{(pid=112124) _run_loop /opt/stack/data/venv/lib/python3.12/site-packages/oslo_service/backend/_threading/loopingcall.py:125}}
Apr 29 21:45:47.249803 np0000171318 nova-conductor[112117]: DEBUG oslo.service.backend._threading.loopingcall [None req-c28cbf2e-efb2-4254-a972-4829c4a4afd1 None None] Dynamic interval looping call 'nova.service.Service.periodic_tasks' sleeping for 60.00 seconds {{(pid=112117) _run_loop /opt/stack/data/venv/lib/python3.12/site-packages/oslo_service/backend/_threading/loopingcall.py:125}}
Apr 29 21:46:11.254715 np0000171318 nova-conductor[112100]: DEBUG oslo.service.backend._threading.loopingcall [None req-a8306d05-ce21-4bff-a25e-88160f1070c6 None None] Dynamic interval looping call 'nova.service.Service.periodic_tasks' sleeping for 60.00 seconds {{(pid=112100) _run_loop /opt/stack/data/venv/lib/python3.12/site-packages/oslo_service/backend/_threading/loopingcall.py:125}}
Apr 29 21:46:14.257636 np0000171318 nova-conductor[112108]: DEBUG oslo.service.backend._threading.loopingcall [-] Fixed interval looping call 'nova.servicegroup.drivers.db.DbDriver._report_state' sleeping for 119.99 seconds {{(pid=112108) _run_loop /opt/stack/data/venv/lib/python3.12/site-packages/oslo_service/backend/_threading/loopingcall.py:125}}
Apr 29 21:46:14.258245 np0000171318 nova-conductor[112117]: DEBUG oslo.service.backend._threading.loopingcall [-] Fixed interval looping call 'nova.servicegroup.drivers.db.DbDriver._report_state' sleeping for 119.99 seconds {{(pid=112117) _run_loop /opt/stack/data/venv/lib/python3.12/site-packages/oslo_service/backend/_threading/loopingcall.py:125}}
Apr 29 21:46:14.264072 np0000171318 nova-conductor[112100]: DEBUG oslo.service.backend._threading.loopingcall [-] Fixed interval looping call 'nova.servicegroup.drivers.db.DbDriver._report_state' sleeping for 119.99 seconds {{(pid=112100) _run_loop /opt/stack/data/venv/lib/python3.12/site-packages/oslo_service/backend/_threading/loopingcall.py:125}}
Apr 29 21:46:14.265882 np0000171318 nova-conductor[112124]: DEBUG oslo.service.backend._threading.loopingcall [-] Fixed interval looping call 'nova.servicegroup.drivers.db.DbDriver._report_state' sleeping for 119.99 seconds {{(pid=112124) _run_loop /opt/stack/data/venv/lib/python3.12/site-packages/oslo_service/backend/_threading/loopingcall.py:125}}
Apr 29 21:46:16.251798 np0000171318 nova-conductor[112108]: DEBUG oslo.service.backend._threading.loopingcall [None req-3f6aa167-c742-4a7c-a5e3-2ed82e9ce0ce None None] Dynamic interval looping call 'nova.service.Service.periodic_tasks' sleeping for 60.00 seconds {{(pid=112108) _run_loop /opt/stack/data/venv/lib/python3.12/site-packages/oslo_service/backend/_threading/loopingcall.py:125}}
Apr 29 21:46:24.250935 np0000171318 nova-conductor[112108]: DEBUG dbcounter [-] [112108] Writing DB stats nova_cell0:SELECT=1,nova_cell0:UPDATE=1 {{(pid=112108) stat_writer /opt/stack/data/venv/lib/python3.12/site-packages/dbcounter.py:115}}
Apr 29 21:46:24.253259 np0000171318 nova-conductor[112117]: DEBUG dbcounter [-] [112117] Writing DB stats nova_cell0:SELECT=1,nova_cell0:UPDATE=1 {{(pid=112117) stat_writer /opt/stack/data/venv/lib/python3.12/site-packages/dbcounter.py:115}}
Apr 29 21:46:24.259207 np0000171318 nova-conductor[112100]: DEBUG dbcounter [-] [112100] Writing DB stats nova_cell0:SELECT=1 {{(pid=112100) stat_writer /opt/stack/data/venv/lib/python3.12/site-packages/dbcounter.py:115}}
Apr 29 21:46:24.263292 np0000171318 nova-conductor[112124]: DEBUG dbcounter [-] [112124] Writing DB stats nova_cell0:SELECT=1 {{(pid=112124) stat_writer /opt/stack/data/venv/lib/python3.12/site-packages/dbcounter.py:115}}
Apr 29 21:46:39.259598 np0000171318 nova-conductor[112124]: DEBUG oslo.service.backend._threading.loopingcall [None req-8b572772-3148-480c-97a7-d488563e6c6e None None] Dynamic interval looping call 'nova.service.Service.periodic_tasks' sleeping for 60.00 seconds {{(pid=112124) _run_loop /opt/stack/data/venv/lib/python3.12/site-packages/oslo_service/backend/_threading/loopingcall.py:125}}
Apr 29 21:46:47.250619 np0000171318 nova-conductor[112117]: DEBUG oslo.service.backend._threading.loopingcall [None req-c28cbf2e-efb2-4254-a972-4829c4a4afd1 None None] Dynamic interval looping call 'nova.service.Service.periodic_tasks' sleeping for 60.00 seconds {{(pid=112117) _run_loop /opt/stack/data/venv/lib/python3.12/site-packages/oslo_service/backend/_threading/loopingcall.py:125}}
Apr 29 21:47:11.255554 np0000171318 nova-conductor[112100]: DEBUG oslo.service.backend._threading.loopingcall [None req-a8306d05-ce21-4bff-a25e-88160f1070c6 None None] Dynamic interval looping call 'nova.service.Service.periodic_tasks' sleeping for 60.00 seconds {{(pid=112100) _run_loop /opt/stack/data/venv/lib/python3.12/site-packages/oslo_service/backend/_threading/loopingcall.py:125}}
Apr 29 21:47:16.253029 np0000171318 nova-conductor[112108]: DEBUG oslo.service.backend._threading.loopingcall [None req-3f6aa167-c742-4a7c-a5e3-2ed82e9ce0ce None None] Dynamic interval looping call 'nova.service.Service.periodic_tasks' sleeping for 60.00 seconds {{(pid=112108) _run_loop /opt/stack/data/venv/lib/python3.12/site-packages/oslo_service/backend/_threading/loopingcall.py:125}}
Apr 29 21:47:39.261199 np0000171318 nova-conductor[112124]: DEBUG oslo.service.backend._threading.loopingcall [None req-8b572772-3148-480c-97a7-d488563e6c6e None None] Dynamic interval looping call 'nova.service.Service.periodic_tasks' sleeping for 60.00 seconds {{(pid=112124) _run_loop /opt/stack/data/venv/lib/python3.12/site-packages/oslo_service/backend/_threading/loopingcall.py:125}}
Apr 29 21:47:47.251392 np0000171318 nova-conductor[112117]: DEBUG oslo.service.backend._threading.loopingcall [None req-c28cbf2e-efb2-4254-a972-4829c4a4afd1 None None] Dynamic interval looping call 'nova.service.Service.periodic_tasks' sleeping for 60.00 seconds {{(pid=112117) _run_loop /opt/stack/data/venv/lib/python3.12/site-packages/oslo_service/backend/_threading/loopingcall.py:125}}
Apr 29 21:48:11.256293 np0000171318 nova-conductor[112100]: DEBUG oslo.service.backend._threading.loopingcall [None req-a8306d05-ce21-4bff-a25e-88160f1070c6 None None] Dynamic interval looping call 'nova.service.Service.periodic_tasks' sleeping for 60.00 seconds {{(pid=112100) _run_loop /opt/stack/data/venv/lib/python3.12/site-packages/oslo_service/backend/_threading/loopingcall.py:125}}
Apr 29 21:48:14.259512 np0000171318 nova-conductor[112108]: DEBUG oslo.service.backend._threading.loopingcall [-] Fixed interval looping call 'nova.servicegroup.drivers.db.DbDriver._report_state' sleeping for 119.99 seconds {{(pid=112108) _run_loop /opt/stack/data/venv/lib/python3.12/site-packages/oslo_service/backend/_threading/loopingcall.py:125}}
