May 21 04:08:06.541163 np0000175770 systemd[1]: Starting devstack@n-api-meta.service - Devstack devstack@n-api-meta.service...
May 21 04:08:06.548425 np0000175770 devstack@n-api-meta.service[109046]: [uWSGI] getting INI configuration from /etc/nova/nova-metadata-uwsgi.ini
May 21 04:08:06.551586 np0000175770 devstack@n-api-meta.service[109046]: *** Starting uWSGI 2.0.24-debian (64bit) on [Thu May 21 04:08:06 2026] ***
May 21 04:08:06.551586 np0000175770 devstack@n-api-meta.service[109046]: compiled with version: 13.2.0 on 17 April 2024 16:23:48
May 21 04:08:06.551586 np0000175770 devstack@n-api-meta.service[109046]: os: Linux-6.8.0-111-generic #111-Ubuntu SMP PREEMPT_DYNAMIC Sat Apr 11 23:16:02 UTC 2026
May 21 04:08:06.551586 np0000175770 devstack@n-api-meta.service[109046]: nodename: np0000175770
May 21 04:08:06.551586 np0000175770 devstack@n-api-meta.service[109046]: machine: x86_64
May 21 04:08:06.551586 np0000175770 devstack@n-api-meta.service[109046]: clock source: unix
May 21 04:08:06.551586 np0000175770 devstack@n-api-meta.service[109046]: pcre jit disabled
May 21 04:08:06.551586 np0000175770 devstack@n-api-meta.service[109046]: detected number of CPU cores: 16
May 21 04:08:06.551586 np0000175770 devstack@n-api-meta.service[109046]: current working directory: /
May 21 04:08:06.551586 np0000175770 devstack@n-api-meta.service[109046]: detected binary path: /usr/bin/uwsgi-core
May 21 04:08:06.551586 np0000175770 devstack@n-api-meta.service[109046]: your processes number limit is 256917
May 21 04:08:06.551586 np0000175770 devstack@n-api-meta.service[109046]: your memory page size is 4096 bytes
May 21 04:08:06.551586 np0000175770 devstack@n-api-meta.service[109046]: detected max file descriptor number: 2048
May 21 04:08:06.551586 np0000175770 devstack@n-api-meta.service[109046]: lock engine: pthread robust mutexes
May 21 04:08:06.552572 np0000175770 devstack@n-api-meta.service[109046]: thunder lock: enabled
May 21 04:08:06.552572 np0000175770 devstack@n-api-meta.service[109046]: uWSGI http bound on 0.0.0.0:8775 fd 5
May 21 04:08:06.552572 np0000175770 devstack@n-api-meta.service[109046]: uwsgi socket 0 bound to TCP address 127.0.0.1:44865 (port auto-assigned) fd 4
May 21 04:08:06.552572 np0000175770 devstack@n-api-meta.service[109046]: Python version: 3.12.3 (main, Mar 23 2026, 19:04:32) [GCC 13.3.0]
May 21 04:08:06.552572 np0000175770 devstack@n-api-meta.service[109046]: PEP 405 virtualenv detected: /opt/stack/data/venv
May 21 04:08:06.552572 np0000175770 devstack@n-api-meta.service[109046]: Set PythonHome to /opt/stack/data/venv
May 21 04:08:06.586683 np0000175770 devstack@n-api-meta.service[109046]: Python main interpreter initialized at 0x71413e4a3668
May 21 04:08:06.586683 np0000175770 devstack@n-api-meta.service[109046]: python threads support enabled
May 21 04:08:06.586683 np0000175770 devstack@n-api-meta.service[109046]: your server socket listen backlog is limited to 100 connections
May 21 04:08:06.586683 np0000175770 devstack@n-api-meta.service[109046]: your mercy for graceful operations on workers is 80 seconds
May 21 04:08:06.587196 np0000175770 devstack@n-api-meta.service[109046]: mapped 671795 bytes (656 KB) for 4 cores
May 21 04:08:06.587344 np0000175770 devstack@n-api-meta.service[109046]: *** Operational MODE: preforking ***
May 21 04:08:06.587493 np0000175770 devstack@n-api-meta.service[109046]: *** uWSGI is running in multiple interpreter mode ***
May 21 04:08:06.587493 np0000175770 devstack@n-api-meta.service[109046]: spawned uWSGI master process (pid: 109046)
May 21 04:08:06.587637 np0000175770 systemd[1]: Started devstack@n-api-meta.service - Devstack devstack@n-api-meta.service.
May 21 04:08:06.588220 np0000175770 devstack@n-api-meta.service[109046]: spawned uWSGI worker 1 (pid: 109047, cores: 1)
May 21 04:08:06.588796 np0000175770 devstack@n-api-meta.service[109046]: spawned uWSGI worker 2 (pid: 109048, cores: 1)
May 21 04:08:06.589319 np0000175770 devstack@n-api-meta.service[109046]: spawned uWSGI worker 3 (pid: 109049, cores: 1)
May 21 04:08:06.589880 np0000175770 devstack@n-api-meta.service[109046]: spawned uWSGI worker 4 (pid: 109050, cores: 1)
May 21 04:08:06.590453 np0000175770 devstack@n-api-meta.service[109046]: spawned uWSGI http 1 (pid: 109051)
May 21 04:08:06.590453 np0000175770 devstack@n-api-meta.service[109046]: running "unix_signal:15 gracefully_kill_them_all" (master-start)...
May 21 04:08:08.334736 np0000175770 devstack@n-api-meta.service[109049]: INFO dbcounter [None req-a8024a35-f5b3-41a7-991f-2f0609ebf4eb None None] Registered counter for database nova_api
May 21 04:08:08.350191 np0000175770 devstack@n-api-meta.service[109049]: DEBUG oslo_db.sqlalchemy.engines [None req-a8024a35-f5b3-41a7-991f-2f0609ebf4eb None None] MySQL server mode set to STRICT_TRANS_TABLES,STRICT_ALL_TABLES,NO_ZERO_IN_DATE,NO_ZERO_DATE,ERROR_FOR_DIVISION_BY_ZERO,TRADITIONAL,NO_ENGINE_SUBSTITUTION {{(pid=109049) _check_effective_sql_mode /opt/stack/data/venv/lib/python3.12/site-packages/oslo_db/sqlalchemy/engines.py:325}}
May 21 04:08:08.381995 np0000175770 devstack@n-api-meta.service[109049]: DEBUG dbcounter [-] [109049] Writer thread running {{(pid=109049) stat_writer /opt/stack/data/venv/lib/python3.12/site-packages/dbcounter.py:102}}
May 21 04:08:08.384096 np0000175770 devstack@n-api-meta.service[109049]: DEBUG nova.context [None req-a8024a35-f5b3-41a7-991f-2f0609ebf4eb None None] Found 2 cells: 00000000-0000-0000-0000-000000000000(cell0),d64f2091-01ff-470b-8dae-3f0649513789(cell1) {{(pid=109049) load_cells /opt/stack/nova/nova/context.py:509}}
May 21 04:08:08.384317 np0000175770 devstack@n-api-meta.service[109049]: INFO nova.utils [None req-a8024a35-f5b3-41a7-991f-2f0609ebf4eb None None] The cell worker thread pool MainProcess.cell_worker is initialized
May 21 04:08:08.386059 np0000175770 devstack@n-api-meta.service[109049]: DEBUG oslo_concurrency.lockutils [None req-a8024a35-f5b3-41a7-991f-2f0609ebf4eb None None] Acquiring lock "00000000-0000-0000-0000-000000000000" by "nova.context.set_target_cell..get_or_set_cached_cell_and_set_connections" {{(pid=109049) inner /opt/stack/data/venv/lib/python3.12/site-packages/oslo_concurrency/lockutils.py:511}}
May 21 04:08:08.386224 np0000175770 devstack@n-api-meta.service[109049]: DEBUG oslo_concurrency.lockutils [None req-a8024a35-f5b3-41a7-991f-2f0609ebf4eb None None] Lock "00000000-0000-0000-0000-000000000000" acquired by "nova.context.set_target_cell..get_or_set_cached_cell_and_set_connections" :: waited 0.000s {{(pid=109049) inner /opt/stack/data/venv/lib/python3.12/site-packages/oslo_concurrency/lockutils.py:524}}
May 21 04:08:08.386584 np0000175770 devstack@n-api-meta.service[109049]: DEBUG oslo_concurrency.lockutils [None req-a8024a35-f5b3-41a7-991f-2f0609ebf4eb None None] Lock "00000000-0000-0000-0000-000000000000" "released" by "nova.context.set_target_cell..get_or_set_cached_cell_and_set_connections" :: held 0.000s {{(pid=109049) inner /opt/stack/data/venv/lib/python3.12/site-packages/oslo_concurrency/lockutils.py:543}}
May 21 04:08:08.387523 np0000175770 devstack@n-api-meta.service[109049]: DEBUG oslo_concurrency.lockutils [None req-a8024a35-f5b3-41a7-991f-2f0609ebf4eb None None] Acquiring lock "d64f2091-01ff-470b-8dae-3f0649513789" by "nova.context.set_target_cell..get_or_set_cached_cell_and_set_connections" {{(pid=109049) inner /opt/stack/data/venv/lib/python3.12/site-packages/oslo_concurrency/lockutils.py:511}}
May 21 04:08:08.387659 np0000175770 devstack@n-api-meta.service[109049]: DEBUG oslo_concurrency.lockutils [None req-a8024a35-f5b3-41a7-991f-2f0609ebf4eb None None] Lock "d64f2091-01ff-470b-8dae-3f0649513789" acquired by "nova.context.set_target_cell..get_or_set_cached_cell_and_set_connections" :: waited 0.000s {{(pid=109049) inner /opt/stack/data/venv/lib/python3.12/site-packages/oslo_concurrency/lockutils.py:524}}
May 21 04:08:08.388494 np0000175770 devstack@n-api-meta.service[109049]: DEBUG oslo_concurrency.lockutils [None req-a8024a35-f5b3-41a7-991f-2f0609ebf4eb None None] Lock "d64f2091-01ff-470b-8dae-3f0649513789" "released" by "nova.context.set_target_cell..get_or_set_cached_cell_and_set_connections" :: held 0.001s {{(pid=109049) inner /opt/stack/data/venv/lib/python3.12/site-packages/oslo_concurrency/lockutils.py:543}}
May 21 04:08:08.392310 np0000175770 devstack@n-api-meta.service[109049]: INFO dbcounter [None req-a8024a35-f5b3-41a7-991f-2f0609ebf4eb None None] Registered counter for database nova_cell0
May 21 04:08:08.400975 np0000175770 devstack@n-api-meta.service[109049]: INFO dbcounter [None req-a8024a35-f5b3-41a7-991f-2f0609ebf4eb None None] Registered counter for database nova_cell1
May 21 04:08:08.401046 np0000175770 devstack@n-api-meta.service[109047]: INFO dbcounter [None req-1f270715-ce75-4f3a-a668-8e71d113090c None None] Registered counter for database nova_api
May 21 04:08:08.412403 np0000175770 devstack@n-api-meta.service[109049]: DEBUG oslo_db.sqlalchemy.engines [None req-a8024a35-f5b3-41a7-991f-2f0609ebf4eb None None] MySQL server mode set to STRICT_TRANS_TABLES,STRICT_ALL_TABLES,NO_ZERO_IN_DATE,NO_ZERO_DATE,ERROR_FOR_DIVISION_BY_ZERO,TRADITIONAL,NO_ENGINE_SUBSTITUTION {{(pid=109049) _check_effective_sql_mode /opt/stack/data/venv/lib/python3.12/site-packages/oslo_db/sqlalchemy/engines.py:325}}
May 21 04:08:08.418269 np0000175770 devstack@n-api-meta.service[109049]: DEBUG oslo_db.sqlalchemy.engines [None req-a8024a35-f5b3-41a7-991f-2f0609ebf4eb None None] MySQL server mode set to STRICT_TRANS_TABLES,STRICT_ALL_TABLES,NO_ZERO_IN_DATE,NO_ZERO_DATE,ERROR_FOR_DIVISION_BY_ZERO,TRADITIONAL,NO_ENGINE_SUBSTITUTION {{(pid=109049) _check_effective_sql_mode /opt/stack/data/venv/lib/python3.12/site-packages/oslo_db/sqlalchemy/engines.py:325}}
May 21 04:08:08.419961 np0000175770 devstack@n-api-meta.service[109047]: DEBUG oslo_db.sqlalchemy.engines [None req-1f270715-ce75-4f3a-a668-8e71d113090c None None] MySQL server mode set to STRICT_TRANS_TABLES,STRICT_ALL_TABLES,NO_ZERO_IN_DATE,NO_ZERO_DATE,ERROR_FOR_DIVISION_BY_ZERO,TRADITIONAL,NO_ENGINE_SUBSTITUTION {{(pid=109047) _check_effective_sql_mode /opt/stack/data/venv/lib/python3.12/site-packages/oslo_db/sqlalchemy/engines.py:325}}
May 21 04:08:08.424374 np0000175770 devstack@n-api-meta.service[109048]: INFO dbcounter [None req-73b53c2c-c617-456e-bef9-b4524f2e6d6d None None] Registered counter for database nova_api
May 21 04:08:08.433212 np0000175770 devstack@n-api-meta.service[109050]: INFO dbcounter [None req-9c137e70-a816-4dd2-bff3-8862b581616c None None] Registered counter for database nova_api
May 21 04:08:08.445904 np0000175770 devstack@n-api-meta.service[109048]: DEBUG oslo_db.sqlalchemy.engines [None req-73b53c2c-c617-456e-bef9-b4524f2e6d6d None None] MySQL server mode set to STRICT_TRANS_TABLES,STRICT_ALL_TABLES,NO_ZERO_IN_DATE,NO_ZERO_DATE,ERROR_FOR_DIVISION_BY_ZERO,TRADITIONAL,NO_ENGINE_SUBSTITUTION {{(pid=109048) _check_effective_sql_mode /opt/stack/data/venv/lib/python3.12/site-packages/oslo_db/sqlalchemy/engines.py:325}}
May 21 04:08:08.450092 np0000175770 devstack@n-api-meta.service[109050]: DEBUG oslo_db.sqlalchemy.engines [None req-9c137e70-a816-4dd2-bff3-8862b581616c None None] MySQL server mode set to STRICT_TRANS_TABLES,STRICT_ALL_TABLES,NO_ZERO_IN_DATE,NO_ZERO_DATE,ERROR_FOR_DIVISION_BY_ZERO,TRADITIONAL,NO_ENGINE_SUBSTITUTION {{(pid=109050) _check_effective_sql_mode /opt/stack/data/venv/lib/python3.12/site-packages/oslo_db/sqlalchemy/engines.py:325}}
May 21 04:08:08.452351 np0000175770 devstack@n-api-meta.service[109047]: DEBUG dbcounter [-] [109047] Writer thread running {{(pid=109047) stat_writer /opt/stack/data/venv/lib/python3.12/site-packages/dbcounter.py:102}}
May 21 04:08:08.454445 np0000175770 devstack@n-api-meta.service[109047]: DEBUG nova.context [None req-1f270715-ce75-4f3a-a668-8e71d113090c None None] Found 2 cells: 00000000-0000-0000-0000-000000000000(cell0),d64f2091-01ff-470b-8dae-3f0649513789(cell1) {{(pid=109047) load_cells /opt/stack/nova/nova/context.py:509}}
May 21 04:08:08.454688 np0000175770 devstack@n-api-meta.service[109047]: INFO nova.utils [None req-1f270715-ce75-4f3a-a668-8e71d113090c None None] The cell worker thread pool MainProcess.cell_worker is initialized
May 21 04:08:08.456447 np0000175770 devstack@n-api-meta.service[109047]: DEBUG oslo_concurrency.lockutils [None req-1f270715-ce75-4f3a-a668-8e71d113090c None None] Acquiring lock "00000000-0000-0000-0000-000000000000" by "nova.context.set_target_cell..get_or_set_cached_cell_and_set_connections" {{(pid=109047) inner /opt/stack/data/venv/lib/python3.12/site-packages/oslo_concurrency/lockutils.py:511}}
May 21 04:08:08.456617 np0000175770 devstack@n-api-meta.service[109047]: DEBUG oslo_concurrency.lockutils [None req-1f270715-ce75-4f3a-a668-8e71d113090c None None] Lock "00000000-0000-0000-0000-000000000000" acquired by "nova.context.set_target_cell..get_or_set_cached_cell_and_set_connections" :: waited 0.000s {{(pid=109047) inner /opt/stack/data/venv/lib/python3.12/site-packages/oslo_concurrency/lockutils.py:524}}
May 21 04:08:08.457030 np0000175770 devstack@n-api-meta.service[109047]: DEBUG oslo_concurrency.lockutils [None req-1f270715-ce75-4f3a-a668-8e71d113090c None None] Lock "00000000-0000-0000-0000-000000000000" "released" by "nova.context.set_target_cell..get_or_set_cached_cell_and_set_connections" :: held 0.000s {{(pid=109047) inner /opt/stack/data/venv/lib/python3.12/site-packages/oslo_concurrency/lockutils.py:543}}
May 21 04:08:08.457862 np0000175770 devstack@n-api-meta.service[109047]: DEBUG oslo_concurrency.lockutils [None req-1f270715-ce75-4f3a-a668-8e71d113090c None None] Acquiring lock "d64f2091-01ff-470b-8dae-3f0649513789" by "nova.context.set_target_cell..get_or_set_cached_cell_and_set_connections" {{(pid=109047) inner /opt/stack/data/venv/lib/python3.12/site-packages/oslo_concurrency/lockutils.py:511}}
May 21 04:08:08.457984 np0000175770 devstack@n-api-meta.service[109047]: DEBUG oslo_concurrency.lockutils [None req-1f270715-ce75-4f3a-a668-8e71d113090c None None] Lock "d64f2091-01ff-470b-8dae-3f0649513789" acquired by "nova.context.set_target_cell..get_or_set_cached_cell_and_set_connections" :: waited 0.000s {{(pid=109047) inner /opt/stack/data/venv/lib/python3.12/site-packages/oslo_concurrency/lockutils.py:524}}
May 21 04:08:08.458901 np0000175770 devstack@n-api-meta.service[109047]: DEBUG oslo_concurrency.lockutils [None req-1f270715-ce75-4f3a-a668-8e71d113090c None None] Lock "d64f2091-01ff-470b-8dae-3f0649513789" "released" by "nova.context.set_target_cell..get_or_set_cached_cell_and_set_connections" :: held 0.001s {{(pid=109047) inner /opt/stack/data/venv/lib/python3.12/site-packages/oslo_concurrency/lockutils.py:543}}
May 21 04:08:08.465136 np0000175770 devstack@n-api-meta.service[109047]: INFO dbcounter [None req-1f270715-ce75-4f3a-a668-8e71d113090c None None] Registered counter for database nova_cell0
May 21 04:08:08.468748 np0000175770 devstack@n-api-meta.service[109047]: INFO dbcounter [None req-1f270715-ce75-4f3a-a668-8e71d113090c None None] Registered counter for database nova_cell1
May 21 04:08:08.478437 np0000175770 devstack@n-api-meta.service[109048]: DEBUG dbcounter [-] [109048] Writer thread running {{(pid=109048) stat_writer /opt/stack/data/venv/lib/python3.12/site-packages/dbcounter.py:102}}
May 21 04:08:08.478816 np0000175770 devstack@n-api-meta.service[109047]: DEBUG oslo_db.sqlalchemy.engines [None req-1f270715-ce75-4f3a-a668-8e71d113090c None None] MySQL server mode set to STRICT_TRANS_TABLES,STRICT_ALL_TABLES,NO_ZERO_IN_DATE,NO_ZERO_DATE,ERROR_FOR_DIVISION_BY_ZERO,TRADITIONAL,NO_ENGINE_SUBSTITUTION {{(pid=109047) _check_effective_sql_mode /opt/stack/data/venv/lib/python3.12/site-packages/oslo_db/sqlalchemy/engines.py:325}}
May 21 04:08:08.480780 np0000175770 devstack@n-api-meta.service[109048]: DEBUG nova.context [None req-73b53c2c-c617-456e-bef9-b4524f2e6d6d None None] Found 2 cells: 00000000-0000-0000-0000-000000000000(cell0),d64f2091-01ff-470b-8dae-3f0649513789(cell1) {{(pid=109048) load_cells /opt/stack/nova/nova/context.py:509}}
May 21 04:08:08.481025 np0000175770 devstack@n-api-meta.service[109048]: INFO nova.utils [None req-73b53c2c-c617-456e-bef9-b4524f2e6d6d None None] The cell worker thread pool MainProcess.cell_worker is initialized
May 21 04:08:08.482954 np0000175770 devstack@n-api-meta.service[109048]: DEBUG oslo_concurrency.lockutils [None req-73b53c2c-c617-456e-bef9-b4524f2e6d6d None None] Acquiring lock "00000000-0000-0000-0000-000000000000" by "nova.context.set_target_cell..get_or_set_cached_cell_and_set_connections" {{(pid=109048) inner /opt/stack/data/venv/lib/python3.12/site-packages/oslo_concurrency/lockutils.py:511}}
May 21 04:08:08.483126 np0000175770 devstack@n-api-meta.service[109048]: DEBUG oslo_concurrency.lockutils [None req-73b53c2c-c617-456e-bef9-b4524f2e6d6d None None] Lock "00000000-0000-0000-0000-000000000000" acquired by "nova.context.set_target_cell..get_or_set_cached_cell_and_set_connections" :: waited 0.000s {{(pid=109048) inner /opt/stack/data/venv/lib/python3.12/site-packages/oslo_concurrency/lockutils.py:524}}
May 21 04:08:08.483348 np0000175770 devstack@n-api-meta.service[109050]: DEBUG dbcounter [-] [109050] Writer thread running {{(pid=109050) stat_writer /opt/stack/data/venv/lib/python3.12/site-packages/dbcounter.py:102}}
May 21 04:08:08.483609 np0000175770 devstack@n-api-meta.service[109048]: DEBUG oslo_concurrency.lockutils [None req-73b53c2c-c617-456e-bef9-b4524f2e6d6d None None] Lock "00000000-0000-0000-0000-000000000000" "released" by "nova.context.set_target_cell..get_or_set_cached_cell_and_set_connections" :: held 0.000s {{(pid=109048) inner /opt/stack/data/venv/lib/python3.12/site-packages/oslo_concurrency/lockutils.py:543}}
May 21 04:08:08.484734 np0000175770 devstack@n-api-meta.service[109048]: DEBUG oslo_concurrency.lockutils [None req-73b53c2c-c617-456e-bef9-b4524f2e6d6d None None] Acquiring lock "d64f2091-01ff-470b-8dae-3f0649513789" by "nova.context.set_target_cell..get_or_set_cached_cell_and_set_connections" {{(pid=109048) inner /opt/stack/data/venv/lib/python3.12/site-packages/oslo_concurrency/lockutils.py:511}}
May 21 04:08:08.484911 np0000175770 devstack@n-api-meta.service[109048]: DEBUG oslo_concurrency.lockutils [None req-73b53c2c-c617-456e-bef9-b4524f2e6d6d None None] Lock "d64f2091-01ff-470b-8dae-3f0649513789" acquired by "nova.context.set_target_cell..get_or_set_cached_cell_and_set_connections" :: waited 0.000s {{(pid=109048) inner /opt/stack/data/venv/lib/python3.12/site-packages/oslo_concurrency/lockutils.py:524}}
May 21 04:08:08.485965 np0000175770 devstack@n-api-meta.service[109050]: DEBUG nova.context [None req-9c137e70-a816-4dd2-bff3-8862b581616c None None] Found 2 cells: 00000000-0000-0000-0000-000000000000(cell0),d64f2091-01ff-470b-8dae-3f0649513789(cell1) {{(pid=109050) load_cells /opt/stack/nova/nova/context.py:509}}
May 21 04:08:08.486058 np0000175770 devstack@n-api-meta.service[109048]: DEBUG oslo_concurrency.lockutils [None req-73b53c2c-c617-456e-bef9-b4524f2e6d6d None None] Lock "d64f2091-01ff-470b-8dae-3f0649513789" "released" by "nova.context.set_target_cell..get_or_set_cached_cell_and_set_connections" :: held 0.001s {{(pid=109048) inner /opt/stack/data/venv/lib/python3.12/site-packages/oslo_concurrency/lockutils.py:543}}
May 21 04:08:08.486375 np0000175770 devstack@n-api-meta.service[109050]: INFO nova.utils [None req-9c137e70-a816-4dd2-bff3-8862b581616c None None] The cell worker thread pool MainProcess.cell_worker is initialized
May 21 04:08:08.488479 np0000175770 devstack@n-api-meta.service[109050]: DEBUG oslo_concurrency.lockutils [None req-9c137e70-a816-4dd2-bff3-8862b581616c None None] Acquiring lock "00000000-0000-0000-0000-000000000000" by "nova.context.set_target_cell..get_or_set_cached_cell_and_set_connections" {{(pid=109050) inner /opt/stack/data/venv/lib/python3.12/site-packages/oslo_concurrency/lockutils.py:511}}
May 21 04:08:08.488712 np0000175770 devstack@n-api-meta.service[109050]: DEBUG oslo_concurrency.lockutils [None req-9c137e70-a816-4dd2-bff3-8862b581616c None None] Lock "00000000-0000-0000-0000-000000000000" acquired by "nova.context.set_target_cell..get_or_set_cached_cell_and_set_connections" :: waited 0.000s {{(pid=109050) inner /opt/stack/data/venv/lib/python3.12/site-packages/oslo_concurrency/lockutils.py:524}}
May 21 04:08:08.489187 np0000175770 devstack@n-api-meta.service[109050]: DEBUG oslo_concurrency.lockutils [None req-9c137e70-a816-4dd2-bff3-8862b581616c None None] Lock "00000000-0000-0000-0000-000000000000" "released" by "nova.context.set_target_cell..get_or_set_cached_cell_and_set_connections" :: held 0.000s {{(pid=109050) inner /opt/stack/data/venv/lib/python3.12/site-packages/oslo_concurrency/lockutils.py:543}}
May 21 04:08:08.490723 np0000175770 devstack@n-api-meta.service[109048]: INFO dbcounter [None req-73b53c2c-c617-456e-bef9-b4524f2e6d6d None None] Registered counter for database nova_cell0
May 21 04:08:08.491344 np0000175770 devstack@n-api-meta.service[109047]: DEBUG oslo_db.sqlalchemy.engines [None req-1f270715-ce75-4f3a-a668-8e71d113090c None None] MySQL server mode set to STRICT_TRANS_TABLES,STRICT_ALL_TABLES,NO_ZERO_IN_DATE,NO_ZERO_DATE,ERROR_FOR_DIVISION_BY_ZERO,TRADITIONAL,NO_ENGINE_SUBSTITUTION {{(pid=109047) _check_effective_sql_mode /opt/stack/data/venv/lib/python3.12/site-packages/oslo_db/sqlalchemy/engines.py:325}}
May 21 04:08:08.493069 np0000175770 devstack@n-api-meta.service[109050]: DEBUG oslo_concurrency.lockutils [None req-9c137e70-a816-4dd2-bff3-8862b581616c None None] Acquiring lock "d64f2091-01ff-470b-8dae-3f0649513789" by "nova.context.set_target_cell..get_or_set_cached_cell_and_set_connections" {{(pid=109050) inner /opt/stack/data/venv/lib/python3.12/site-packages/oslo_concurrency/lockutils.py:511}}
May 21 04:08:08.493298 np0000175770 devstack@n-api-meta.service[109050]: DEBUG oslo_concurrency.lockutils [None req-9c137e70-a816-4dd2-bff3-8862b581616c None None] Lock "d64f2091-01ff-470b-8dae-3f0649513789" acquired by "nova.context.set_target_cell..get_or_set_cached_cell_and_set_connections" :: waited 0.003s {{(pid=109050) inner /opt/stack/data/venv/lib/python3.12/site-packages/oslo_concurrency/lockutils.py:524}}
May 21 04:08:08.494441 np0000175770 devstack@n-api-meta.service[109050]: DEBUG oslo_concurrency.lockutils [None req-9c137e70-a816-4dd2-bff3-8862b581616c None None] Lock "d64f2091-01ff-470b-8dae-3f0649513789" "released" by "nova.context.set_target_cell..get_or_set_cached_cell_and_set_connections" :: held 0.001s {{(pid=109050) inner /opt/stack/data/venv/lib/python3.12/site-packages/oslo_concurrency/lockutils.py:543}}
May 21 04:08:08.498203 np0000175770 devstack@n-api-meta.service[109050]: INFO dbcounter [None req-9c137e70-a816-4dd2-bff3-8862b581616c None None] Registered counter for database nova_cell0
May 21 04:08:08.500679 np0000175770 devstack@n-api-meta.service[109048]: INFO dbcounter [None req-73b53c2c-c617-456e-bef9-b4524f2e6d6d None None] Registered counter for database nova_cell1
May 21 04:08:08.512061 np0000175770 devstack@n-api-meta.service[109048]: DEBUG oslo_db.sqlalchemy.engines [None req-73b53c2c-c617-456e-bef9-b4524f2e6d6d None None] MySQL server mode set to STRICT_TRANS_TABLES,STRICT_ALL_TABLES,NO_ZERO_IN_DATE,NO_ZERO_DATE,ERROR_FOR_DIVISION_BY_ZERO,TRADITIONAL,NO_ENGINE_SUBSTITUTION {{(pid=109048) _check_effective_sql_mode /opt/stack/data/venv/lib/python3.12/site-packages/oslo_db/sqlalchemy/engines.py:325}}
May 21 04:08:08.512301 np0000175770 devstack@n-api-meta.service[109050]: INFO dbcounter [None req-9c137e70-a816-4dd2-bff3-8862b581616c None None] Registered counter for database nova_cell1
May 21 04:08:08.518977 np0000175770 devstack@n-api-meta.service[109048]: DEBUG oslo_db.sqlalchemy.engines [None req-73b53c2c-c617-456e-bef9-b4524f2e6d6d None None] MySQL server mode set to STRICT_TRANS_TABLES,STRICT_ALL_TABLES,NO_ZERO_IN_DATE,NO_ZERO_DATE,ERROR_FOR_DIVISION_BY_ZERO,TRADITIONAL,NO_ENGINE_SUBSTITUTION {{(pid=109048) _check_effective_sql_mode /opt/stack/data/venv/lib/python3.12/site-packages/oslo_db/sqlalchemy/engines.py:325}}
May 21 04:08:08.522730 np0000175770 devstack@n-api-meta.service[109050]: DEBUG oslo_db.sqlalchemy.engines [None req-9c137e70-a816-4dd2-bff3-8862b581616c None None] MySQL server mode set to STRICT_TRANS_TABLES,STRICT_ALL_TABLES,NO_ZERO_IN_DATE,NO_ZERO_DATE,ERROR_FOR_DIVISION_BY_ZERO,TRADITIONAL,NO_ENGINE_SUBSTITUTION {{(pid=109050) _check_effective_sql_mode /opt/stack/data/venv/lib/python3.12/site-packages/oslo_db/sqlalchemy/engines.py:325}}
May 21 04:08:08.526084 np0000175770 devstack@n-api-meta.service[109050]: DEBUG oslo_db.sqlalchemy.engines [None req-9c137e70-a816-4dd2-bff3-8862b581616c None None] MySQL server mode set to STRICT_TRANS_TABLES,STRICT_ALL_TABLES,NO_ZERO_IN_DATE,NO_ZERO_DATE,ERROR_FOR_DIVISION_BY_ZERO,TRADITIONAL,NO_ENGINE_SUBSTITUTION {{(pid=109050) _check_effective_sql_mode /opt/stack/data/venv/lib/python3.12/site-packages/oslo_db/sqlalchemy/engines.py:325}}
May 21 04:08:08.537240 np0000175770 devstack@n-api-meta.service[109049]: DEBUG dbcounter [-] [109049] Writer thread running {{(pid=109049) stat_writer /opt/stack/data/venv/lib/python3.12/site-packages/dbcounter.py:102}}
May 21 04:08:08.540433 np0000175770 devstack@n-api-meta.service[109049]: DEBUG dbcounter [-] [109049] Writer thread running {{(pid=109049) stat_writer /opt/stack/data/venv/lib/python3.12/site-packages/dbcounter.py:102}}
May 21 04:08:08.549555 np0000175770 devstack@n-api-meta.service[109049]: INFO dbcounter [None req-a8024a35-f5b3-41a7-991f-2f0609ebf4eb None None] Registered counter for database nova_cell0
May 21 04:08:08.561988 np0000175770 devstack@n-api-meta.service[109049]: DEBUG oslo_db.sqlalchemy.engines [None req-a8024a35-f5b3-41a7-991f-2f0609ebf4eb None None] MySQL server mode set to STRICT_TRANS_TABLES,STRICT_ALL_TABLES,NO_ZERO_IN_DATE,NO_ZERO_DATE,ERROR_FOR_DIVISION_BY_ZERO,TRADITIONAL,NO_ENGINE_SUBSTITUTION {{(pid=109049) _check_effective_sql_mode /opt/stack/data/venv/lib/python3.12/site-packages/oslo_db/sqlalchemy/engines.py:325}}
May 21 04:08:08.574570 np0000175770 devstack@n-api-meta.service[109049]: DEBUG dbcounter [-] [109049] Writer thread running {{(pid=109049) stat_writer /opt/stack/data/venv/lib/python3.12/site-packages/dbcounter.py:102}}
May 21 04:08:08.589983 np0000175770 devstack@n-api-meta.service[109047]: DEBUG dbcounter [-] [109047] Writer thread running {{(pid=109047) stat_writer /opt/stack/data/venv/lib/python3.12/site-packages/dbcounter.py:102}}
May 21 04:08:08.599666 np0000175770 devstack@n-api-meta.service[109047]: DEBUG dbcounter [-] [109047] Writer thread running {{(pid=109047) stat_writer /opt/stack/data/venv/lib/python3.12/site-packages/dbcounter.py:102}}
May 21 04:08:08.603227 np0000175770 devstack@n-api-meta.service[109047]: INFO dbcounter [None req-1f270715-ce75-4f3a-a668-8e71d113090c None None] Registered counter for database nova_cell0
May 21 04:08:08.616866 np0000175770 devstack@n-api-meta.service[109047]: DEBUG oslo_db.sqlalchemy.engines [None req-1f270715-ce75-4f3a-a668-8e71d113090c None None] MySQL server mode set to STRICT_TRANS_TABLES,STRICT_ALL_TABLES,NO_ZERO_IN_DATE,NO_ZERO_DATE,ERROR_FOR_DIVISION_BY_ZERO,TRADITIONAL,NO_ENGINE_SUBSTITUTION {{(pid=109047) _check_effective_sql_mode /opt/stack/data/venv/lib/python3.12/site-packages/oslo_db/sqlalchemy/engines.py:325}}
May 21 04:08:08.625701 np0000175770 devstack@n-api-meta.service[109047]: DEBUG dbcounter [-] [109047] Writer thread running {{(pid=109047) stat_writer /opt/stack/data/venv/lib/python3.12/site-packages/dbcounter.py:102}}
May 21 04:08:08.625789 np0000175770 devstack@n-api-meta.service[109049]: WARNING nova.api.metadata.handler [None req-a8024a35-f5b3-41a7-991f-2f0609ebf4eb None None] metadata_proxy_shared_secret is not configured, the metadata information returned by the proxy cannot be trusted
May 21 04:08:08.628698 np0000175770 devstack@n-api-meta.service[109049]: DEBUG nova.api.openstack.wsgi_app [None req-a8024a35-f5b3-41a7-991f-2f0609ebf4eb None None] ******************************************************************************** {{(pid=109049) log_opt_values /opt/stack/data/venv/lib/python3.12/site-packages/oslo_config/cfg.py:3229}}
May 21 04:08:08.628698 np0000175770 devstack@n-api-meta.service[109049]: DEBUG nova.api.openstack.wsgi_app [None req-a8024a35-f5b3-41a7-991f-2f0609ebf4eb None None] Configuration options gathered from: {{(pid=109049) log_opt_values /opt/stack/data/venv/lib/python3.12/site-packages/oslo_config/cfg.py:3230}}
May 21 04:08:08.628891 np0000175770 devstack@n-api-meta.service[109049]: DEBUG nova.api.openstack.wsgi_app [None req-a8024a35-f5b3-41a7-991f-2f0609ebf4eb None None] command line args: [] {{(pid=109049) log_opt_values /opt/stack/data/venv/lib/python3.12/site-packages/oslo_config/cfg.py:3231}}
May 21 04:08:08.629067 np0000175770 devstack@n-api-meta.service[109049]: DEBUG nova.api.openstack.wsgi_app [None req-a8024a35-f5b3-41a7-991f-2f0609ebf4eb None None] config files: ['/etc/nova/api-paste.ini', '/etc/nova/nova.conf'] {{(pid=109049) log_opt_values /opt/stack/data/venv/lib/python3.12/site-packages/oslo_config/cfg.py:3232}}
May 21 04:08:08.629166 np0000175770 devstack@n-api-meta.service[109050]: DEBUG dbcounter [-] [109050] Writer thread running {{(pid=109050) stat_writer /opt/stack/data/venv/lib/python3.12/site-packages/dbcounter.py:102}}
May 21 04:08:08.629206 np0000175770 devstack@n-api-meta.service[109049]: DEBUG nova.api.openstack.wsgi_app [None req-a8024a35-f5b3-41a7-991f-2f0609ebf4eb None None] ================================================================================ {{(pid=109049) log_opt_values /opt/stack/data/venv/lib/python3.12/site-packages/oslo_config/cfg.py:3237}}
May 21 04:08:08.629964 np0000175770 devstack@n-api-meta.service[109049]: DEBUG nova.api.openstack.wsgi_app [None req-a8024a35-f5b3-41a7-991f-2f0609ebf4eb None None] allow_resize_to_same_host = True {{(pid=109049) log_opt_values /opt/stack/data/venv/lib/python3.12/site-packages/oslo_config/cfg.py:3245}}
May 21 04:08:08.629964 np0000175770 devstack@n-api-meta.service[109049]: DEBUG nova.api.openstack.wsgi_app [None req-a8024a35-f5b3-41a7-991f-2f0609ebf4eb None None] arq_binding_timeout = 300 {{(pid=109049) log_opt_values /opt/stack/data/venv/lib/python3.12/site-packages/oslo_config/cfg.py:3245}}
May 21 04:08:08.630040 np0000175770 devstack@n-api-meta.service[109049]: DEBUG nova.api.openstack.wsgi_app [None req-a8024a35-f5b3-41a7-991f-2f0609ebf4eb None None] block_device_allocate_retries = 60 {{(pid=109049) log_opt_values /opt/stack/data/venv/lib/python3.12/site-packages/oslo_config/cfg.py:3245}}
May 21 04:08:08.630178 np0000175770 devstack@n-api-meta.service[109049]: DEBUG nova.api.openstack.wsgi_app [None req-a8024a35-f5b3-41a7-991f-2f0609ebf4eb None None] block_device_allocate_retries_interval = 3 {{(pid=109049) log_opt_values /opt/stack/data/venv/lib/python3.12/site-packages/oslo_config/cfg.py:3245}}
May 21 04:08:08.630338 np0000175770 devstack@n-api-meta.service[109049]: DEBUG nova.api.openstack.wsgi_app [None req-a8024a35-f5b3-41a7-991f-2f0609ebf4eb None None] cell_worker_thread_pool_size = 5 {{(pid=109049) log_opt_values /opt/stack/data/venv/lib/python3.12/site-packages/oslo_config/cfg.py:3245}}
May 21 04:08:08.631312 np0000175770 devstack@n-api-meta.service[109049]: DEBUG nova.api.openstack.wsgi_app [None req-a8024a35-f5b3-41a7-991f-2f0609ebf4eb None None] cert = self.pem {{(pid=109049) log_opt_values /opt/stack/data/venv/lib/python3.12/site-packages/oslo_config/cfg.py:3245}}
May 21 04:08:08.631312 np0000175770 devstack@n-api-meta.service[109049]: DEBUG nova.api.openstack.wsgi_app [None req-a8024a35-f5b3-41a7-991f-2f0609ebf4eb None None] compute_driver = libvirt.LibvirtDriver {{(pid=109049) log_opt_values /opt/stack/data/venv/lib/python3.12/site-packages/oslo_config/cfg.py:3245}}
May 21 04:08:08.631312 np0000175770 devstack@n-api-meta.service[109049]: DEBUG nova.api.openstack.wsgi_app [None req-a8024a35-f5b3-41a7-991f-2f0609ebf4eb None None] compute_monitors = [] {{(pid=109049) log_opt_values /opt/stack/data/venv/lib/python3.12/site-packages/oslo_config/cfg.py:3245}}
May 21 04:08:08.631312 np0000175770 devstack@n-api-meta.service[109049]: DEBUG nova.api.openstack.wsgi_app [None req-a8024a35-f5b3-41a7-991f-2f0609ebf4eb None None] config_dir = [] {{(pid=109049) log_opt_values /opt/stack/data/venv/lib/python3.12/site-packages/oslo_config/cfg.py:3245}}
May 21 04:08:08.631312 np0000175770 devstack@n-api-meta.service[109049]: DEBUG nova.api.openstack.wsgi_app [None req-a8024a35-f5b3-41a7-991f-2f0609ebf4eb None None] config_drive_format = iso9660 {{(pid=109049) log_opt_values /opt/stack/data/venv/lib/python3.12/site-packages/oslo_config/cfg.py:3245}}
May 21 04:08:08.631312 np0000175770 devstack@n-api-meta.service[109049]: DEBUG nova.api.openstack.wsgi_app [None req-a8024a35-f5b3-41a7-991f-2f0609ebf4eb None None] config_file = ['/etc/nova/api-paste.ini', '/etc/nova/nova.conf'] {{(pid=109049) log_opt_values /opt/stack/data/venv/lib/python3.12/site-packages/oslo_config/cfg.py:3245}}
May 21 04:08:08.631478 np0000175770 devstack@n-api-meta.service[109048]: DEBUG dbcounter [-] [109048] Writer thread running {{(pid=109048) stat_writer /opt/stack/data/venv/lib/python3.12/site-packages/dbcounter.py:102}}
May 21 04:08:08.631509 np0000175770 devstack@n-api-meta.service[109049]: DEBUG nova.api.openstack.wsgi_app [None req-a8024a35-f5b3-41a7-991f-2f0609ebf4eb None None] config_source = [] {{(pid=109049) log_opt_values /opt/stack/data/venv/lib/python3.12/site-packages/oslo_config/cfg.py:3245}}
May 21 04:08:08.631568 np0000175770 devstack@n-api-meta.service[109049]: DEBUG nova.api.openstack.wsgi_app [None req-a8024a35-f5b3-41a7-991f-2f0609ebf4eb None None] console_host = np0000175770 {{(pid=109049) log_opt_values /opt/stack/data/venv/lib/python3.12/site-packages/oslo_config/cfg.py:3245}}
May 21 04:08:08.631761 np0000175770 devstack@n-api-meta.service[109049]: DEBUG nova.api.openstack.wsgi_app [None req-a8024a35-f5b3-41a7-991f-2f0609ebf4eb None None] control_exchange = nova {{(pid=109049) log_opt_values /opt/stack/data/venv/lib/python3.12/site-packages/oslo_config/cfg.py:3245}}
May 21 04:08:08.631895 np0000175770 devstack@n-api-meta.service[109049]: DEBUG nova.api.openstack.wsgi_app [None req-a8024a35-f5b3-41a7-991f-2f0609ebf4eb None None] cpu_allocation_ratio = None {{(pid=109049) log_opt_values /opt/stack/data/venv/lib/python3.12/site-packages/oslo_config/cfg.py:3245}}
May 21 04:08:08.632036 np0000175770 devstack@n-api-meta.service[109049]: DEBUG nova.api.openstack.wsgi_app [None req-a8024a35-f5b3-41a7-991f-2f0609ebf4eb None None] daemon = False {{(pid=109049) log_opt_values /opt/stack/data/venv/lib/python3.12/site-packages/oslo_config/cfg.py:3245}}
May 21 04:08:08.632173 np0000175770 devstack@n-api-meta.service[109049]: DEBUG nova.api.openstack.wsgi_app [None req-a8024a35-f5b3-41a7-991f-2f0609ebf4eb None None] debug = True {{(pid=109049) log_opt_values /opt/stack/data/venv/lib/python3.12/site-packages/oslo_config/cfg.py:3245}}
May 21 04:08:08.632361 np0000175770 devstack@n-api-meta.service[109049]: DEBUG nova.api.openstack.wsgi_app [None req-a8024a35-f5b3-41a7-991f-2f0609ebf4eb None None] default_access_ip_network_name = None {{(pid=109049) log_opt_values /opt/stack/data/venv/lib/python3.12/site-packages/oslo_config/cfg.py:3245}}
May 21 04:08:08.632444 np0000175770 devstack@n-api-meta.service[109049]: DEBUG nova.api.openstack.wsgi_app [None req-a8024a35-f5b3-41a7-991f-2f0609ebf4eb None None] default_availability_zone = nova {{(pid=109049) log_opt_values /opt/stack/data/venv/lib/python3.12/site-packages/oslo_config/cfg.py:3245}}
May 21 04:08:08.632587 np0000175770 devstack@n-api-meta.service[109049]: DEBUG nova.api.openstack.wsgi_app [None req-a8024a35-f5b3-41a7-991f-2f0609ebf4eb None None] default_ephemeral_format = ext4 {{(pid=109049) log_opt_values /opt/stack/data/venv/lib/python3.12/site-packages/oslo_config/cfg.py:3245}}
May 21 04:08:08.632774 np0000175770 devstack@n-api-meta.service[109049]: DEBUG nova.api.openstack.wsgi_app [None req-a8024a35-f5b3-41a7-991f-2f0609ebf4eb None None] default_green_pool_size = 1000 {{(pid=109049) log_opt_values /opt/stack/data/venv/lib/python3.12/site-packages/oslo_config/cfg.py:3245}}
May 21 04:08:08.632954 np0000175770 devstack@n-api-meta.service[109048]: DEBUG dbcounter [-] [109048] Writer thread running {{(pid=109048) stat_writer /opt/stack/data/venv/lib/python3.12/site-packages/dbcounter.py:102}}
May 21 04:08:08.633065 np0000175770 devstack@n-api-meta.service[109049]: DEBUG nova.api.openstack.wsgi_app [None req-a8024a35-f5b3-41a7-991f-2f0609ebf4eb None None] default_log_levels = ['amqp=WARN', 'boto=WARN', 'sqlalchemy=WARN', 'suds=INFO', 'oslo.messaging=INFO', 'oslo_messaging=INFO', 'iso8601=WARN', 'requests.packages.urllib3.connectionpool=WARN', 'urllib3.connectionpool=WARN', 'websocket=WARN', 'requests.packages.urllib3.util.retry=WARN', 'urllib3.util.retry=WARN', 'keystonemiddleware=WARN', 'routes.middleware=WARN', 'stevedore=WARN', 'taskflow=WARN', 'keystoneauth=WARN', 'oslo.cache=INFO', 'oslo_policy=INFO', 'dogpile.core.dogpile=INFO', 'glanceclient=WARN', 'oslo.privsep.daemon=INFO'] {{(pid=109049) log_opt_values /opt/stack/data/venv/lib/python3.12/site-packages/oslo_config/cfg.py:3245}}
May 21 04:08:08.633970 np0000175770 devstack@n-api-meta.service[109049]: DEBUG nova.api.openstack.wsgi_app [None req-a8024a35-f5b3-41a7-991f-2f0609ebf4eb None None] default_schedule_zone = None {{(pid=109049) log_opt_values /opt/stack/data/venv/lib/python3.12/site-packages/oslo_config/cfg.py:3245}}
May 21 04:08:08.633970 np0000175770 devstack@n-api-meta.service[109049]: DEBUG nova.api.openstack.wsgi_app [None req-a8024a35-f5b3-41a7-991f-2f0609ebf4eb None None] default_thread_pool_size = 10 {{(pid=109049) log_opt_values /opt/stack/data/venv/lib/python3.12/site-packages/oslo_config/cfg.py:3245}}
May 21 04:08:08.633970 np0000175770 devstack@n-api-meta.service[109049]: DEBUG nova.api.openstack.wsgi_app [None req-a8024a35-f5b3-41a7-991f-2f0609ebf4eb None None] disk_allocation_ratio = None {{(pid=109049) log_opt_values /opt/stack/data/venv/lib/python3.12/site-packages/oslo_config/cfg.py:3245}}
May 21 04:08:08.633970 np0000175770 devstack@n-api-meta.service[109049]: DEBUG nova.api.openstack.wsgi_app [None req-a8024a35-f5b3-41a7-991f-2f0609ebf4eb None None] enable_new_services = True {{(pid=109049) log_opt_values /opt/stack/data/venv/lib/python3.12/site-packages/oslo_config/cfg.py:3245}}
May 21 04:08:08.633970 np0000175770 devstack@n-api-meta.service[109049]: DEBUG nova.api.openstack.wsgi_app [None req-a8024a35-f5b3-41a7-991f-2f0609ebf4eb None None] flat_injected = False {{(pid=109049) log_opt_values /opt/stack/data/venv/lib/python3.12/site-packages/oslo_config/cfg.py:3245}}
May 21 04:08:08.633970 np0000175770 devstack@n-api-meta.service[109049]: DEBUG nova.api.openstack.wsgi_app [None req-a8024a35-f5b3-41a7-991f-2f0609ebf4eb None None] force_config_drive = False {{(pid=109049) log_opt_values /opt/stack/data/venv/lib/python3.12/site-packages/oslo_config/cfg.py:3245}}
May 21 04:08:08.634147 np0000175770 devstack@n-api-meta.service[109049]: DEBUG nova.api.openstack.wsgi_app [None req-a8024a35-f5b3-41a7-991f-2f0609ebf4eb None None] force_raw_images = True {{(pid=109049) log_opt_values /opt/stack/data/venv/lib/python3.12/site-packages/oslo_config/cfg.py:3245}}
May 21 04:08:08.634266 np0000175770 devstack@n-api-meta.service[109049]: DEBUG nova.api.openstack.wsgi_app [None req-a8024a35-f5b3-41a7-991f-2f0609ebf4eb None None] graceful_shutdown_timeout = 5 {{(pid=109049) log_opt_values /opt/stack/data/venv/lib/python3.12/site-packages/oslo_config/cfg.py:3245}}
May 21 04:08:08.634394 np0000175770 devstack@n-api-meta.service[109049]: DEBUG nova.api.openstack.wsgi_app [None req-a8024a35-f5b3-41a7-991f-2f0609ebf4eb None None] heal_instance_info_cache_interval = -1 {{(pid=109049) log_opt_values /opt/stack/data/venv/lib/python3.12/site-packages/oslo_config/cfg.py:3245}}
May 21 04:08:08.634562 np0000175770 devstack@n-api-meta.service[109050]: DEBUG dbcounter [-] [109050] Writer thread running {{(pid=109050) stat_writer /opt/stack/data/venv/lib/python3.12/site-packages/dbcounter.py:102}}
May 21 04:08:08.634606 np0000175770 devstack@n-api-meta.service[109049]: DEBUG nova.api.openstack.wsgi_app [None req-a8024a35-f5b3-41a7-991f-2f0609ebf4eb None None] host = np0000175770 {{(pid=109049) log_opt_values /opt/stack/data/venv/lib/python3.12/site-packages/oslo_config/cfg.py:3245}}
May 21 04:08:08.634751 np0000175770 devstack@n-api-meta.service[109049]: DEBUG nova.api.openstack.wsgi_app [None req-a8024a35-f5b3-41a7-991f-2f0609ebf4eb None None] initial_cpu_allocation_ratio = 4.0 {{(pid=109049) log_opt_values /opt/stack/data/venv/lib/python3.12/site-packages/oslo_config/cfg.py:3245}}
May 21 04:08:08.634915 np0000175770 devstack@n-api-meta.service[109049]: DEBUG nova.api.openstack.wsgi_app [None req-a8024a35-f5b3-41a7-991f-2f0609ebf4eb None None] initial_disk_allocation_ratio = 1.0 {{(pid=109049) log_opt_values /opt/stack/data/venv/lib/python3.12/site-packages/oslo_config/cfg.py:3245}}
May 21 04:08:08.635116 np0000175770 devstack@n-api-meta.service[109049]: DEBUG nova.api.openstack.wsgi_app [None req-a8024a35-f5b3-41a7-991f-2f0609ebf4eb None None] initial_ram_allocation_ratio = 1.0 {{(pid=109049) log_opt_values /opt/stack/data/venv/lib/python3.12/site-packages/oslo_config/cfg.py:3245}}
May 21 04:08:08.635268 np0000175770 devstack@n-api-meta.service[109049]: DEBUG nova.api.openstack.wsgi_app [None req-a8024a35-f5b3-41a7-991f-2f0609ebf4eb None None] injected_network_template = /opt/stack/nova/nova/virt/interfaces.template {{(pid=109049) log_opt_values /opt/stack/data/venv/lib/python3.12/site-packages/oslo_config/cfg.py:3245}}
May 21 04:08:08.636659 np0000175770 devstack@n-api-meta.service[109049]: DEBUG nova.api.openstack.wsgi_app [None req-a8024a35-f5b3-41a7-991f-2f0609ebf4eb None None] instance_build_timeout = 0 {{(pid=109049) log_opt_values /opt/stack/data/venv/lib/python3.12/site-packages/oslo_config/cfg.py:3245}}
May 21 04:08:08.636659 np0000175770 devstack@n-api-meta.service[109049]: DEBUG nova.api.openstack.wsgi_app [None req-a8024a35-f5b3-41a7-991f-2f0609ebf4eb None None] instance_delete_interval = 300 {{(pid=109049) log_opt_values /opt/stack/data/venv/lib/python3.12/site-packages/oslo_config/cfg.py:3245}}
May 21 04:08:08.636659 np0000175770 devstack@n-api-meta.service[109049]: DEBUG nova.api.openstack.wsgi_app [None req-a8024a35-f5b3-41a7-991f-2f0609ebf4eb None None] instance_format = [instance: %(uuid)s] {{(pid=109049) log_opt_values /opt/stack/data/venv/lib/python3.12/site-packages/oslo_config/cfg.py:3245}}
May 21 04:08:08.636659 np0000175770 devstack@n-api-meta.service[109049]: DEBUG nova.api.openstack.wsgi_app [None req-a8024a35-f5b3-41a7-991f-2f0609ebf4eb None None] instance_name_template = instance-%08x {{(pid=109049) log_opt_values /opt/stack/data/venv/lib/python3.12/site-packages/oslo_config/cfg.py:3245}}
May 21 04:08:08.636659 np0000175770 devstack@n-api-meta.service[109049]: DEBUG nova.api.openstack.wsgi_app [None req-a8024a35-f5b3-41a7-991f-2f0609ebf4eb None None] instance_usage_audit = False {{(pid=109049) log_opt_values /opt/stack/data/venv/lib/python3.12/site-packages/oslo_config/cfg.py:3245}}
May 21 04:08:08.636659 np0000175770 devstack@n-api-meta.service[109049]: DEBUG nova.api.openstack.wsgi_app [None req-a8024a35-f5b3-41a7-991f-2f0609ebf4eb None None] instance_usage_audit_period = month {{(pid=109049) log_opt_values /opt/stack/data/venv/lib/python3.12/site-packages/oslo_config/cfg.py:3245}}
May 21 04:08:08.636659 np0000175770 devstack@n-api-meta.service[109049]: DEBUG nova.api.openstack.wsgi_app [None req-a8024a35-f5b3-41a7-991f-2f0609ebf4eb None None] instance_uuid_format = [instance: %(uuid)s] {{(pid=109049) log_opt_values /opt/stack/data/venv/lib/python3.12/site-packages/oslo_config/cfg.py:3245}}
May 21 04:08:08.636854 np0000175770 devstack@n-api-meta.service[109049]: DEBUG nova.api.openstack.wsgi_app [None req-a8024a35-f5b3-41a7-991f-2f0609ebf4eb None None] instances_path = /opt/stack/data/nova/instances {{(pid=109049) log_opt_values /opt/stack/data/venv/lib/python3.12/site-packages/oslo_config/cfg.py:3245}}
May 21 04:08:08.636854 np0000175770 devstack@n-api-meta.service[109049]: DEBUG nova.api.openstack.wsgi_app [None req-a8024a35-f5b3-41a7-991f-2f0609ebf4eb None None] internal_service_availability_zone = internal {{(pid=109049) log_opt_values /opt/stack/data/venv/lib/python3.12/site-packages/oslo_config/cfg.py:3245}}
May 21 04:08:08.636854 np0000175770 devstack@n-api-meta.service[109049]: DEBUG nova.api.openstack.wsgi_app [None req-a8024a35-f5b3-41a7-991f-2f0609ebf4eb None None] key = None {{(pid=109049) log_opt_values /opt/stack/data/venv/lib/python3.12/site-packages/oslo_config/cfg.py:3245}}
May 21 04:08:08.636854 np0000175770 devstack@n-api-meta.service[109049]: DEBUG nova.api.openstack.wsgi_app [None req-a8024a35-f5b3-41a7-991f-2f0609ebf4eb None None] live_migration_retry_count = 30 {{(pid=109049) log_opt_values /opt/stack/data/venv/lib/python3.12/site-packages/oslo_config/cfg.py:3245}}
May 21 04:08:08.636948 np0000175770 devstack@n-api-meta.service[109049]: DEBUG nova.api.openstack.wsgi_app [None req-a8024a35-f5b3-41a7-991f-2f0609ebf4eb None None] log_color = False {{(pid=109049) log_opt_values /opt/stack/data/venv/lib/python3.12/site-packages/oslo_config/cfg.py:3245}}
May 21 04:08:08.637197 np0000175770 devstack@n-api-meta.service[109049]: DEBUG nova.api.openstack.wsgi_app [None req-a8024a35-f5b3-41a7-991f-2f0609ebf4eb None None] log_config_append = None {{(pid=109049) log_opt_values /opt/stack/data/venv/lib/python3.12/site-packages/oslo_config/cfg.py:3245}}
May 21 04:08:08.637197 np0000175770 devstack@n-api-meta.service[109049]: DEBUG nova.api.openstack.wsgi_app [None req-a8024a35-f5b3-41a7-991f-2f0609ebf4eb None None] log_date_format = %Y-%m-%d %H:%M:%S {{(pid=109049) log_opt_values /opt/stack/data/venv/lib/python3.12/site-packages/oslo_config/cfg.py:3245}}
May 21 04:08:08.637309 np0000175770 devstack@n-api-meta.service[109049]: DEBUG nova.api.openstack.wsgi_app [None req-a8024a35-f5b3-41a7-991f-2f0609ebf4eb None None] log_dir = None {{(pid=109049) log_opt_values /opt/stack/data/venv/lib/python3.12/site-packages/oslo_config/cfg.py:3245}}
May 21 04:08:08.637436 np0000175770 devstack@n-api-meta.service[109049]: DEBUG nova.api.openstack.wsgi_app [None req-a8024a35-f5b3-41a7-991f-2f0609ebf4eb None None] log_file = None {{(pid=109049) log_opt_values /opt/stack/data/venv/lib/python3.12/site-packages/oslo_config/cfg.py:3245}}
May 21 04:08:08.637538 np0000175770 devstack@n-api-meta.service[109049]: DEBUG nova.api.openstack.wsgi_app [None req-a8024a35-f5b3-41a7-991f-2f0609ebf4eb None None] log_options = True {{(pid=109049) log_opt_values /opt/stack/data/venv/lib/python3.12/site-packages/oslo_config/cfg.py:3245}}
May 21 04:08:08.637693 np0000175770 devstack@n-api-meta.service[109049]: DEBUG nova.api.openstack.wsgi_app [None req-a8024a35-f5b3-41a7-991f-2f0609ebf4eb None None] log_rotate_interval = 1 {{(pid=109049) log_opt_values /opt/stack/data/venv/lib/python3.12/site-packages/oslo_config/cfg.py:3245}}
May 21 04:08:08.637842 np0000175770 devstack@n-api-meta.service[109049]: DEBUG nova.api.openstack.wsgi_app [None req-a8024a35-f5b3-41a7-991f-2f0609ebf4eb None None] log_rotate_interval_type = days {{(pid=109049) log_opt_values /opt/stack/data/venv/lib/python3.12/site-packages/oslo_config/cfg.py:3245}}
May 21 04:08:08.637984 np0000175770 devstack@n-api-meta.service[109049]: DEBUG nova.api.openstack.wsgi_app [None req-a8024a35-f5b3-41a7-991f-2f0609ebf4eb None None] log_rotation_type = none {{(pid=109049) log_opt_values /opt/stack/data/venv/lib/python3.12/site-packages/oslo_config/cfg.py:3245}}
May 21 04:08:08.638092 np0000175770 devstack@n-api-meta.service[109049]: DEBUG nova.api.openstack.wsgi_app [None req-a8024a35-f5b3-41a7-991f-2f0609ebf4eb None None] logging_context_format_string = %(color)s%(levelname)s %(name)s [%(global_request_id)s %(request_id)s %(project_name)s %(user_name)s%(color)s] %(instance)s%(color)s%(message)s {{(pid=109049) log_opt_values /opt/stack/data/venv/lib/python3.12/site-packages/oslo_config/cfg.py:3245}}
May 21 04:08:08.638211 np0000175770 devstack@n-api-meta.service[109049]: DEBUG nova.api.openstack.wsgi_app [None req-a8024a35-f5b3-41a7-991f-2f0609ebf4eb None None] logging_debug_format_suffix = {{(pid=%(process)d) %(funcName)s %(pathname)s:%(lineno)d}} {{(pid=109049) log_opt_values /opt/stack/data/venv/lib/python3.12/site-packages/oslo_config/cfg.py:3245}}
May 21 04:08:08.638354 np0000175770 devstack@n-api-meta.service[109049]: DEBUG nova.api.openstack.wsgi_app [None req-a8024a35-f5b3-41a7-991f-2f0609ebf4eb None None] logging_default_format_string = %(color)s%(levelname)s %(name)s [-%(color)s] %(instance)s%(color)s%(message)s {{(pid=109049) log_opt_values /opt/stack/data/venv/lib/python3.12/site-packages/oslo_config/cfg.py:3245}}
May 21 04:08:08.638492 np0000175770 devstack@n-api-meta.service[109049]: DEBUG nova.api.openstack.wsgi_app [None req-a8024a35-f5b3-41a7-991f-2f0609ebf4eb None None] logging_exception_prefix = ERROR %(name)s %(instance)s {{(pid=109049) log_opt_values /opt/stack/data/venv/lib/python3.12/site-packages/oslo_config/cfg.py:3245}}
May 21 04:08:08.638597 np0000175770 devstack@n-api-meta.service[109049]: DEBUG nova.api.openstack.wsgi_app [None req-a8024a35-f5b3-41a7-991f-2f0609ebf4eb None None] logging_user_identity_format = %(user)s %(project)s %(domain)s %(system_scope)s %(user_domain)s %(project_domain)s {{(pid=109049) log_opt_values /opt/stack/data/venv/lib/python3.12/site-packages/oslo_config/cfg.py:3245}}
May 21 04:08:08.638770 np0000175770 devstack@n-api-meta.service[109049]: DEBUG nova.api.openstack.wsgi_app [None req-a8024a35-f5b3-41a7-991f-2f0609ebf4eb None None] long_rpc_timeout = 1800 {{(pid=109049) log_opt_values /opt/stack/data/venv/lib/python3.12/site-packages/oslo_config/cfg.py:3245}}
