Apr 03 03:00:39.291065 np0000163387 devstack@n-api-meta.service[107875]: DEBUG nova.api.openstack.wsgi_app [None req-c61eafe9-cefa-4052-9a0a-aaf1a78bd7b0 None None] oslo_limit.status_code_retries = None {{(pid=107875) log_opt_values /opt/stack/data/venv/lib/python3.12/site-packages/oslo_config/cfg.py:3006}}
Apr 03 03:00:39.291191 np0000163387 devstack@n-api-meta.service[107875]: DEBUG nova.api.openstack.wsgi_app [None req-c61eafe9-cefa-4052-9a0a-aaf1a78bd7b0 None None] oslo_limit.status_code_retry_delay = None {{(pid=107875) log_opt_values /opt/stack/data/venv/lib/python3.12/site-packages/oslo_config/cfg.py:3006}}
Apr 03 03:00:39.291319 np0000163387 devstack@n-api-meta.service[107875]: DEBUG nova.api.openstack.wsgi_app [None req-c61eafe9-cefa-4052-9a0a-aaf1a78bd7b0 None None] oslo_limit.timeout = None {{(pid=107875) log_opt_values /opt/stack/data/venv/lib/python3.12/site-packages/oslo_config/cfg.py:3006}}
Apr 03 03:00:39.291444 np0000163387 devstack@n-api-meta.service[107875]: DEBUG nova.api.openstack.wsgi_app [None req-c61eafe9-cefa-4052-9a0a-aaf1a78bd7b0 None None] oslo_limit.valid_interfaces = None {{(pid=107875) log_opt_values /opt/stack/data/venv/lib/python3.12/site-packages/oslo_config/cfg.py:3006}}
Apr 03 03:00:39.291570 np0000163387 devstack@n-api-meta.service[107875]: DEBUG nova.api.openstack.wsgi_app [None req-c61eafe9-cefa-4052-9a0a-aaf1a78bd7b0 None None] oslo_limit.version = None {{(pid=107875) log_opt_values /opt/stack/data/venv/lib/python3.12/site-packages/oslo_config/cfg.py:3006}}
Apr 03 03:00:39.291711 np0000163387 devstack@n-api-meta.service[107875]: DEBUG nova.api.openstack.wsgi_app [None req-c61eafe9-cefa-4052-9a0a-aaf1a78bd7b0 None None] oslo_messaging_rabbit.amqp_auto_delete = False {{(pid=107875) log_opt_values /opt/stack/data/venv/lib/python3.12/site-packages/oslo_config/cfg.py:3006}}
Apr 03 03:00:39.291861 np0000163387 devstack@n-api-meta.service[107875]: DEBUG nova.api.openstack.wsgi_app [None req-c61eafe9-cefa-4052-9a0a-aaf1a78bd7b0 None None] oslo_messaging_rabbit.amqp_durable_queues = False {{(pid=107875) log_opt_values /opt/stack/data/venv/lib/python3.12/site-packages/oslo_config/cfg.py:3006}}
Apr 03 03:00:39.291991 np0000163387 devstack@n-api-meta.service[107875]: DEBUG nova.api.openstack.wsgi_app [None req-c61eafe9-cefa-4052-9a0a-aaf1a78bd7b0 None None] oslo_messaging_rabbit.conn_pool_min_size = 2 {{(pid=107875) log_opt_values /opt/stack/data/venv/lib/python3.12/site-packages/oslo_config/cfg.py:3006}}
Apr 03 03:00:39.292122 np0000163387 devstack@n-api-meta.service[107875]: DEBUG nova.api.openstack.wsgi_app [None req-c61eafe9-cefa-4052-9a0a-aaf1a78bd7b0 None None] oslo_messaging_rabbit.conn_pool_ttl = 1200 {{(pid=107875) log_opt_values /opt/stack/data/venv/lib/python3.12/site-packages/oslo_config/cfg.py:3006}}
Apr 03 03:00:39.292250 np0000163387 devstack@n-api-meta.service[107875]: DEBUG nova.api.openstack.wsgi_app [None req-c61eafe9-cefa-4052-9a0a-aaf1a78bd7b0 None None] oslo_messaging_rabbit.direct_mandatory_flag = True {{(pid=107875) log_opt_values /opt/stack/data/venv/lib/python3.12/site-packages/oslo_config/cfg.py:3006}}
Apr 03 03:00:39.292382 np0000163387 devstack@n-api-meta.service[107875]: DEBUG nova.api.openstack.wsgi_app [None req-c61eafe9-cefa-4052-9a0a-aaf1a78bd7b0 None None] oslo_messaging_rabbit.enable_cancel_on_failover = False {{(pid=107875) log_opt_values /opt/stack/data/venv/lib/python3.12/site-packages/oslo_config/cfg.py:3006}}
Apr 03 03:00:39.292512 np0000163387 devstack@n-api-meta.service[107875]: DEBUG nova.api.openstack.wsgi_app [None req-c61eafe9-cefa-4052-9a0a-aaf1a78bd7b0 None None] oslo_messaging_rabbit.heartbeat_in_pthread = False {{(pid=107875) log_opt_values /opt/stack/data/venv/lib/python3.12/site-packages/oslo_config/cfg.py:3006}}
Apr 03 03:00:39.292641 np0000163387 devstack@n-api-meta.service[107875]: DEBUG nova.api.openstack.wsgi_app [None req-c61eafe9-cefa-4052-9a0a-aaf1a78bd7b0 None None] oslo_messaging_rabbit.heartbeat_rate = 3 {{(pid=107875) log_opt_values /opt/stack/data/venv/lib/python3.12/site-packages/oslo_config/cfg.py:3006}}
Apr 03 03:00:39.292788 np0000163387 devstack@n-api-meta.service[107875]: DEBUG nova.api.openstack.wsgi_app [None req-c61eafe9-cefa-4052-9a0a-aaf1a78bd7b0 None None] oslo_messaging_rabbit.heartbeat_timeout_threshold = 60 {{(pid=107875) log_opt_values /opt/stack/data/venv/lib/python3.12/site-packages/oslo_config/cfg.py:3006}}
Apr 03 03:00:39.292925 np0000163387 devstack@n-api-meta.service[107875]: DEBUG nova.api.openstack.wsgi_app [None req-c61eafe9-cefa-4052-9a0a-aaf1a78bd7b0 None None] oslo_messaging_rabbit.hostname = np0000163387 {{(pid=107875) log_opt_values /opt/stack/data/venv/lib/python3.12/site-packages/oslo_config/cfg.py:3006}}
Apr 03 03:00:39.293082 np0000163387 devstack@n-api-meta.service[107875]: DEBUG nova.api.openstack.wsgi_app [None req-c61eafe9-cefa-4052-9a0a-aaf1a78bd7b0 None None] oslo_messaging_rabbit.kombu_compression = None {{(pid=107875) log_opt_values /opt/stack/data/venv/lib/python3.12/site-packages/oslo_config/cfg.py:3006}}
Apr 03 03:00:39.293204 np0000163387 devstack@n-api-meta.service[107875]: DEBUG nova.api.openstack.wsgi_app [None req-c61eafe9-cefa-4052-9a0a-aaf1a78bd7b0 None None] oslo_messaging_rabbit.kombu_failover_strategy = round-robin {{(pid=107875) log_opt_values /opt/stack/data/venv/lib/python3.12/site-packages/oslo_config/cfg.py:3006}}
Apr 03 03:00:39.293340 np0000163387 devstack@n-api-meta.service[107875]: DEBUG nova.api.openstack.wsgi_app [None req-c61eafe9-cefa-4052-9a0a-aaf1a78bd7b0 None None] oslo_messaging_rabbit.kombu_missing_consumer_retry_timeout = 60 {{(pid=107875) log_opt_values /opt/stack/data/venv/lib/python3.12/site-packages/oslo_config/cfg.py:3006}}
Apr 03 03:00:39.293471 np0000163387 devstack@n-api-meta.service[107875]: DEBUG nova.api.openstack.wsgi_app [None req-c61eafe9-cefa-4052-9a0a-aaf1a78bd7b0 None None] oslo_messaging_rabbit.kombu_reconnect_delay = 1.0 {{(pid=107875) log_opt_values /opt/stack/data/venv/lib/python3.12/site-packages/oslo_config/cfg.py:3006}}
Apr 03 03:00:39.293602 np0000163387 devstack@n-api-meta.service[107875]: DEBUG nova.api.openstack.wsgi_app [None req-c61eafe9-cefa-4052-9a0a-aaf1a78bd7b0 None None] oslo_messaging_rabbit.kombu_reconnect_splay = 0.0 {{(pid=107875) log_opt_values /opt/stack/data/venv/lib/python3.12/site-packages/oslo_config/cfg.py:3006}}
Apr 03 03:00:39.293737 np0000163387 devstack@n-api-meta.service[107875]: DEBUG nova.api.openstack.wsgi_app [None req-c61eafe9-cefa-4052-9a0a-aaf1a78bd7b0 None None] oslo_messaging_rabbit.processname = uwsgi {{(pid=107875) log_opt_values /opt/stack/data/venv/lib/python3.12/site-packages/oslo_config/cfg.py:3006}}
Apr 03 03:00:39.293887 np0000163387 devstack@n-api-meta.service[107875]: DEBUG nova.api.openstack.wsgi_app [None req-c61eafe9-cefa-4052-9a0a-aaf1a78bd7b0 None None] oslo_messaging_rabbit.rabbit_ha_queues = False {{(pid=107875) log_opt_values /opt/stack/data/venv/lib/python3.12/site-packages/oslo_config/cfg.py:3006}}
Apr 03 03:00:39.294016 np0000163387 devstack@n-api-meta.service[107875]: DEBUG nova.api.openstack.wsgi_app [None req-c61eafe9-cefa-4052-9a0a-aaf1a78bd7b0 None None] oslo_messaging_rabbit.rabbit_interval_max = 30 {{(pid=107875) log_opt_values /opt/stack/data/venv/lib/python3.12/site-packages/oslo_config/cfg.py:3006}}
Apr 03 03:00:39.294149 np0000163387 devstack@n-api-meta.service[107875]: DEBUG nova.api.openstack.wsgi_app [None req-c61eafe9-cefa-4052-9a0a-aaf1a78bd7b0 None None] oslo_messaging_rabbit.rabbit_login_method = AMQPLAIN {{(pid=107875) log_opt_values /opt/stack/data/venv/lib/python3.12/site-packages/oslo_config/cfg.py:3006}}
Apr 03 03:00:39.294284 np0000163387 devstack@n-api-meta.service[107875]: DEBUG nova.api.openstack.wsgi_app [None req-c61eafe9-cefa-4052-9a0a-aaf1a78bd7b0 None None] oslo_messaging_rabbit.rabbit_qos_prefetch_count = 0 {{(pid=107875) log_opt_values /opt/stack/data/venv/lib/python3.12/site-packages/oslo_config/cfg.py:3006}}
Apr 03 03:00:39.294411 np0000163387 devstack@n-api-meta.service[107875]: DEBUG nova.api.openstack.wsgi_app [None req-c61eafe9-cefa-4052-9a0a-aaf1a78bd7b0 None None] oslo_messaging_rabbit.rabbit_quorum_delivery_limit = 0 {{(pid=107875) log_opt_values /opt/stack/data/venv/lib/python3.12/site-packages/oslo_config/cfg.py:3006}}
Apr 03 03:00:39.294540 np0000163387 devstack@n-api-meta.service[107875]: DEBUG nova.api.openstack.wsgi_app [None req-c61eafe9-cefa-4052-9a0a-aaf1a78bd7b0 None None] oslo_messaging_rabbit.rabbit_quorum_max_memory_bytes = 0 {{(pid=107875) log_opt_values /opt/stack/data/venv/lib/python3.12/site-packages/oslo_config/cfg.py:3006}}
Apr 03 03:00:39.294668 np0000163387 devstack@n-api-meta.service[107875]: DEBUG nova.api.openstack.wsgi_app [None req-c61eafe9-cefa-4052-9a0a-aaf1a78bd7b0 None None] oslo_messaging_rabbit.rabbit_quorum_max_memory_length = 0 {{(pid=107875) log_opt_values /opt/stack/data/venv/lib/python3.12/site-packages/oslo_config/cfg.py:3006}}
Apr 03 03:00:39.294814 np0000163387 devstack@n-api-meta.service[107875]: DEBUG nova.api.openstack.wsgi_app [None req-c61eafe9-cefa-4052-9a0a-aaf1a78bd7b0 None None] oslo_messaging_rabbit.rabbit_quorum_queue = False {{(pid=107875) log_opt_values /opt/stack/data/venv/lib/python3.12/site-packages/oslo_config/cfg.py:3006}}
Apr 03 03:00:39.294944 np0000163387 devstack@n-api-meta.service[107875]: DEBUG nova.api.openstack.wsgi_app [None req-c61eafe9-cefa-4052-9a0a-aaf1a78bd7b0 None None] oslo_messaging_rabbit.rabbit_retry_backoff = 2 {{(pid=107875) log_opt_values /opt/stack/data/venv/lib/python3.12/site-packages/oslo_config/cfg.py:3006}}
Apr 03 03:00:39.295072 np0000163387 devstack@n-api-meta.service[107875]: DEBUG nova.api.openstack.wsgi_app [None req-c61eafe9-cefa-4052-9a0a-aaf1a78bd7b0 None None] oslo_messaging_rabbit.rabbit_retry_interval = 1 {{(pid=107875) log_opt_values /opt/stack/data/venv/lib/python3.12/site-packages/oslo_config/cfg.py:3006}}
Apr 03 03:00:39.295200 np0000163387 devstack@n-api-meta.service[107875]: DEBUG nova.api.openstack.wsgi_app [None req-c61eafe9-cefa-4052-9a0a-aaf1a78bd7b0 None None] oslo_messaging_rabbit.rabbit_stream_fanout = False {{(pid=107875) log_opt_values /opt/stack/data/venv/lib/python3.12/site-packages/oslo_config/cfg.py:3006}}
Apr 03 03:00:39.295334 np0000163387 devstack@n-api-meta.service[107875]: DEBUG nova.api.openstack.wsgi_app [None req-c61eafe9-cefa-4052-9a0a-aaf1a78bd7b0 None None] oslo_messaging_rabbit.rabbit_transient_queues_ttl = 1800 {{(pid=107875) log_opt_values /opt/stack/data/venv/lib/python3.12/site-packages/oslo_config/cfg.py:3006}}
Apr 03 03:00:39.295461 np0000163387 devstack@n-api-meta.service[107875]: DEBUG nova.api.openstack.wsgi_app [None req-c61eafe9-cefa-4052-9a0a-aaf1a78bd7b0 None None] oslo_messaging_rabbit.rabbit_transient_quorum_queue = False {{(pid=107875) log_opt_values /opt/stack/data/venv/lib/python3.12/site-packages/oslo_config/cfg.py:3006}}
Apr 03 03:00:39.295591 np0000163387 devstack@n-api-meta.service[107875]: DEBUG nova.api.openstack.wsgi_app [None req-c61eafe9-cefa-4052-9a0a-aaf1a78bd7b0 None None] oslo_messaging_rabbit.rpc_conn_pool_size = 30 {{(pid=107875) log_opt_values /opt/stack/data/venv/lib/python3.12/site-packages/oslo_config/cfg.py:3006}}
Apr 03 03:00:39.295719 np0000163387 devstack@n-api-meta.service[107875]: DEBUG nova.api.openstack.wsgi_app [None req-c61eafe9-cefa-4052-9a0a-aaf1a78bd7b0 None None] oslo_messaging_rabbit.ssl = False {{(pid=107875) log_opt_values /opt/stack/data/venv/lib/python3.12/site-packages/oslo_config/cfg.py:3006}}
Apr 03 03:00:39.295873 np0000163387 devstack@n-api-meta.service[107875]: DEBUG nova.api.openstack.wsgi_app [None req-c61eafe9-cefa-4052-9a0a-aaf1a78bd7b0 None None] oslo_messaging_rabbit.ssl_ca_file = {{(pid=107875) log_opt_values /opt/stack/data/venv/lib/python3.12/site-packages/oslo_config/cfg.py:3006}}
Apr 03 03:00:39.296005 np0000163387 devstack@n-api-meta.service[107875]: DEBUG nova.api.openstack.wsgi_app [None req-c61eafe9-cefa-4052-9a0a-aaf1a78bd7b0 None None] oslo_messaging_rabbit.ssl_cert_file = {{(pid=107875) log_opt_values /opt/stack/data/venv/lib/python3.12/site-packages/oslo_config/cfg.py:3006}}
Apr 03 03:00:39.296133 np0000163387 devstack@n-api-meta.service[107875]: DEBUG nova.api.openstack.wsgi_app [None req-c61eafe9-cefa-4052-9a0a-aaf1a78bd7b0 None None] oslo_messaging_rabbit.ssl_enforce_fips_mode = False {{(pid=107875) log_opt_values /opt/stack/data/venv/lib/python3.12/site-packages/oslo_config/cfg.py:3006}}
Apr 03 03:00:39.296266 np0000163387 devstack@n-api-meta.service[107875]: DEBUG nova.api.openstack.wsgi_app [None req-c61eafe9-cefa-4052-9a0a-aaf1a78bd7b0 None None] oslo_messaging_rabbit.ssl_key_file = {{(pid=107875) log_opt_values /opt/stack/data/venv/lib/python3.12/site-packages/oslo_config/cfg.py:3006}}
Apr 03 03:00:39.296403 np0000163387 devstack@n-api-meta.service[107875]: DEBUG nova.api.openstack.wsgi_app [None req-c61eafe9-cefa-4052-9a0a-aaf1a78bd7b0 None None] oslo_messaging_rabbit.ssl_version = {{(pid=107875) log_opt_values /opt/stack/data/venv/lib/python3.12/site-packages/oslo_config/cfg.py:3006}}
Apr 03 03:00:39.296531 np0000163387 devstack@n-api-meta.service[107875]: DEBUG nova.api.openstack.wsgi_app [None req-c61eafe9-cefa-4052-9a0a-aaf1a78bd7b0 None None] oslo_messaging_rabbit.use_queue_manager = False {{(pid=107875) log_opt_values /opt/stack/data/venv/lib/python3.12/site-packages/oslo_config/cfg.py:3006}}
Apr 03 03:00:39.296673 np0000163387 devstack@n-api-meta.service[107875]: DEBUG nova.api.openstack.wsgi_app [None req-c61eafe9-cefa-4052-9a0a-aaf1a78bd7b0 None None] oslo_messaging_notifications.driver = ['messagingv2'] {{(pid=107875) log_opt_values /opt/stack/data/venv/lib/python3.12/site-packages/oslo_config/cfg.py:3006}}
Apr 03 03:00:39.296827 np0000163387 devstack@n-api-meta.service[107875]: DEBUG nova.api.openstack.wsgi_app [None req-c61eafe9-cefa-4052-9a0a-aaf1a78bd7b0 None None] oslo_messaging_notifications.retry = -1 {{(pid=107875) log_opt_values /opt/stack/data/venv/lib/python3.12/site-packages/oslo_config/cfg.py:3006}}
Apr 03 03:00:39.296966 np0000163387 devstack@n-api-meta.service[107875]: DEBUG nova.api.openstack.wsgi_app [None req-c61eafe9-cefa-4052-9a0a-aaf1a78bd7b0 None None] oslo_messaging_notifications.topics = ['notifications'] {{(pid=107875) log_opt_values /opt/stack/data/venv/lib/python3.12/site-packages/oslo_config/cfg.py:3006}}
Apr 03 03:00:39.297125 np0000163387 devstack@n-api-meta.service[107875]: DEBUG nova.api.openstack.wsgi_app [None req-c61eafe9-cefa-4052-9a0a-aaf1a78bd7b0 None None] oslo_messaging_notifications.transport_url = **** {{(pid=107875) log_opt_values /opt/stack/data/venv/lib/python3.12/site-packages/oslo_config/cfg.py:3006}}
Apr 03 03:00:39.297257 np0000163387 devstack@n-api-meta.service[107875]: DEBUG nova.api.openstack.wsgi_app [None req-c61eafe9-cefa-4052-9a0a-aaf1a78bd7b0 None None] oslo_reports.file_event_handler = None {{(pid=107875) log_opt_values /opt/stack/data/venv/lib/python3.12/site-packages/oslo_config/cfg.py:3006}}
Apr 03 03:00:39.297388 np0000163387 devstack@n-api-meta.service[107875]: DEBUG nova.api.openstack.wsgi_app [None req-c61eafe9-cefa-4052-9a0a-aaf1a78bd7b0 None None] oslo_reports.file_event_handler_interval = 1 {{(pid=107875) log_opt_values /opt/stack/data/venv/lib/python3.12/site-packages/oslo_config/cfg.py:3006}}
Apr 03 03:00:39.297514 np0000163387 devstack@n-api-meta.service[107875]: DEBUG nova.api.openstack.wsgi_app [None req-c61eafe9-cefa-4052-9a0a-aaf1a78bd7b0 None None] oslo_reports.log_dir = None {{(pid=107875) log_opt_values /opt/stack/data/venv/lib/python3.12/site-packages/oslo_config/cfg.py:3006}}
Apr 03 03:00:39.297616 np0000163387 devstack@n-api-meta.service[107875]: DEBUG nova.api.openstack.wsgi_app [None req-c61eafe9-cefa-4052-9a0a-aaf1a78bd7b0 None None] ******************************************************************************** {{(pid=107875) log_opt_values /opt/stack/data/venv/lib/python3.12/site-packages/oslo_config/cfg.py:3013}}
Apr 03 03:00:39.297701 np0000163387 devstack@n-api-meta.service[107875]: WSGI app 0 (mountpoint='') ready in 2 seconds on interpreter 0x7a9b5b8a3668 pid: 107875 (default app)
Apr 03 03:00:48.884361 np0000163387 devstack@n-api-meta.service[107876]: DEBUG dbcounter [-] [107876] Writing DB stats nova_api:SELECT=1 {{(pid=107876) stat_writer /opt/stack/data/venv/lib/python3.12/site-packages/dbcounter.py:115}}
Apr 03 03:00:48.922399 np0000163387 devstack@n-api-meta.service[107877]: DEBUG dbcounter [-] [107877] Writing DB stats nova_api:SELECT=1 {{(pid=107877) stat_writer /opt/stack/data/venv/lib/python3.12/site-packages/dbcounter.py:115}}
Apr 03 03:00:48.969619 np0000163387 devstack@n-api-meta.service[107878]: DEBUG dbcounter [-] [107878] Writing DB stats nova_api:SELECT=1 {{(pid=107878) stat_writer /opt/stack/data/venv/lib/python3.12/site-packages/dbcounter.py:115}}
Apr 03 03:00:48.996052 np0000163387 devstack@n-api-meta.service[107875]: DEBUG dbcounter [-] [107875] Writing DB stats nova_api:SELECT=1 {{(pid=107875) stat_writer /opt/stack/data/venv/lib/python3.12/site-packages/dbcounter.py:115}}
Apr 03 03:00:49.007384 np0000163387 devstack@n-api-meta.service[107876]: DEBUG dbcounter [-] [107876] Writing DB stats nova_cell0:SELECT=1 {{(pid=107876) stat_writer /opt/stack/data/venv/lib/python3.12/site-packages/dbcounter.py:115}}
Apr 03 03:00:49.008917 np0000163387 devstack@n-api-meta.service[107876]: DEBUG dbcounter [-] [107876] Writing DB stats nova_cell1:SELECT=1 {{(pid=107876) stat_writer /opt/stack/data/venv/lib/python3.12/site-packages/dbcounter.py:115}}
Apr 03 03:00:49.048429 np0000163387 devstack@n-api-meta.service[107877]: DEBUG dbcounter [-] [107877] Writing DB stats nova_cell0:SELECT=1 {{(pid=107877) stat_writer /opt/stack/data/venv/lib/python3.12/site-packages/dbcounter.py:115}}
Apr 03 03:00:49.049403 np0000163387 devstack@n-api-meta.service[107877]: DEBUG dbcounter [-] [107877] Writing DB stats nova_cell1:SELECT=1 {{(pid=107877) stat_writer /opt/stack/data/venv/lib/python3.12/site-packages/dbcounter.py:115}}
Apr 03 03:00:49.052929 np0000163387 devstack@n-api-meta.service[107876]: DEBUG dbcounter [-] [107876] Writing DB stats nova_cell0:SELECT=2,nova_cell0:INSERT=1 {{(pid=107876) stat_writer /opt/stack/data/venv/lib/python3.12/site-packages/dbcounter.py:115}}
Apr 03 03:00:49.071396 np0000163387 devstack@n-api-meta.service[107877]: DEBUG dbcounter [-] [107877] Writing DB stats nova_cell0:SELECT=1 {{(pid=107877) stat_writer /opt/stack/data/venv/lib/python3.12/site-packages/dbcounter.py:115}}
Apr 03 03:00:49.186879 np0000163387 devstack@n-api-meta.service[107878]: DEBUG dbcounter [-] [107878] Writing DB stats nova_cell0:SELECT=1 {{(pid=107878) stat_writer /opt/stack/data/venv/lib/python3.12/site-packages/dbcounter.py:115}}
Apr 03 03:00:49.186879 np0000163387 devstack@n-api-meta.service[107878]: DEBUG dbcounter [-] [107878] Writing DB stats nova_cell1:SELECT=1 {{(pid=107878) stat_writer /opt/stack/data/venv/lib/python3.12/site-packages/dbcounter.py:115}}
Apr 03 03:00:49.187725 np0000163387 devstack@n-api-meta.service[107875]: DEBUG dbcounter [-] [107875] Writing DB stats nova_cell1:SELECT=1 {{(pid=107875) stat_writer /opt/stack/data/venv/lib/python3.12/site-packages/dbcounter.py:115}}
Apr 03 03:00:49.188182 np0000163387 devstack@n-api-meta.service[107878]: DEBUG dbcounter [-] [107878] Writing DB stats nova_cell0:SELECT=1 {{(pid=107878) stat_writer /opt/stack/data/venv/lib/python3.12/site-packages/dbcounter.py:115}}
Apr 03 03:00:49.188251 np0000163387 devstack@n-api-meta.service[107875]: DEBUG dbcounter [-] [107875] Writing DB stats nova_cell0:SELECT=1 {{(pid=107875) stat_writer /opt/stack/data/venv/lib/python3.12/site-packages/dbcounter.py:115}}
Apr 03 03:00:49.188251 np0000163387 devstack@n-api-meta.service[107875]: DEBUG dbcounter [-] [107875] Writing DB stats nova_cell0:SELECT=1 {{(pid=107875) stat_writer /opt/stack/data/venv/lib/python3.12/site-packages/dbcounter.py:115}}
Apr 03 03:06:14.600574 np0000163387 devstack@n-api-meta.service[107876]: DEBUG nova.api.metadata.handler [None req-5cfdd37f-221c-44d6-9883-898efc93c4e2 None None] Metadata request headers: {'Host': '199.19.213.229:8775', 'User-Agent': 'python-requests/2.32.5', 'Accept-Encoding': 'gzip, deflate', 'Accept': '*/*', 'Connection': 'keep-alive', 'X-Forwarded-For': '192.168.24.42', 'X-Instance-Id': '3747c53c-84be-4c0f-8024-431be4fcb6a0', 'X-Tenant-Id': '545e136c54ac4a4abdf8b30fd617e968', 'X-Instance-Id-Signature': 'f35944547f03dd91264e49e9a06fb4e055dcd08af12b02b11683ab13bffeb888'} {{(pid=107876) __call__ /opt/stack/nova/nova/api/metadata/handler.py:109}}
Apr 03 03:06:14.614808 np0000163387 devstack@n-api-meta.service[107876]: DEBUG oslo_concurrency.lockutils [None req-77f852c2-13b5-4f7e-b7cd-be0a2fa9f130 None None] Acquiring lock "863fdfa0-ca94-4fd9-b29a-bf6aaad17718" by "nova.context.set_target_cell..get_or_set_cached_cell_and_set_connections" {{(pid=107876) inner /opt/stack/data/venv/lib/python3.12/site-packages/oslo_concurrency/lockutils.py:506}}
Apr 03 03:06:14.615027 np0000163387 devstack@n-api-meta.service[107876]: DEBUG oslo_concurrency.lockutils [None req-77f852c2-13b5-4f7e-b7cd-be0a2fa9f130 None None] Lock "863fdfa0-ca94-4fd9-b29a-bf6aaad17718" acquired by "nova.context.set_target_cell..get_or_set_cached_cell_and_set_connections" :: waited 0.000s {{(pid=107876) inner /opt/stack/data/venv/lib/python3.12/site-packages/oslo_concurrency/lockutils.py:519}}
Apr 03 03:06:14.615098 np0000163387 devstack@n-api-meta.service[107876]: DEBUG oslo_concurrency.lockutils [None req-77f852c2-13b5-4f7e-b7cd-be0a2fa9f130 None None] Lock "863fdfa0-ca94-4fd9-b29a-bf6aaad17718" "released" by "nova.context.set_target_cell..get_or_set_cached_cell_and_set_connections" :: held 0.000s {{(pid=107876) inner /opt/stack/data/venv/lib/python3.12/site-packages/oslo_concurrency/lockutils.py:538}}
Apr 03 03:06:14.677281 np0000163387 devstack@n-api-meta.service[107876]: WARNING neutronclient.v2_0.client [None req-77f852c2-13b5-4f7e-b7cd-be0a2fa9f130 None None] The python binding code in neutronclient is deprecated in favor of OpenstackSDK, please use that as this will be removed in a future release.
Apr 03 03:06:15.070165 np0000163387 devstack@n-api-meta.service[107876]: [pid: 107876|app: 0|req: 1/1] 199.19.213.229 () {40 vars in 642 bytes} [Fri Apr 3 03:06:14 2026] GET /openstack => generated 116 bytes in 471 msecs (HTTP/1.1 200) 3 headers in 100 bytes (1 switches on core 0)
Apr 03 03:06:15.083666 np0000163387 devstack@n-api-meta.service[107877]: DEBUG nova.api.metadata.handler [None req-66d33ec3-f484-417f-993d-b3ec34cf93d6 None None] Metadata request headers: {'Host': '199.19.213.229:8775', 'User-Agent': 'python-requests/2.32.5', 'Accept-Encoding': 'gzip, deflate', 'Accept': '*/*', 'Connection': 'keep-alive', 'X-Forwarded-For': '192.168.24.42', 'X-Instance-Id': '3747c53c-84be-4c0f-8024-431be4fcb6a0', 'X-Tenant-Id': '545e136c54ac4a4abdf8b30fd617e968', 'X-Instance-Id-Signature': 'f35944547f03dd91264e49e9a06fb4e055dcd08af12b02b11683ab13bffeb888'} {{(pid=107877) __call__ /opt/stack/nova/nova/api/metadata/handler.py:109}}
Apr 03 03:06:15.090404 np0000163387 devstack@n-api-meta.service[107877]: DEBUG nova.api.metadata.handler [None req-66d33ec3-f484-417f-993d-b3ec34cf93d6 None None] Using cached metadata for instance 3747c53c-84be-4c0f-8024-431be4fcb6a0 {{(pid=107877) get_metadata_by_instance_id /opt/stack/nova/nova/api/metadata/handler.py:84}}
Apr 03 03:06:15.090951 np0000163387 devstack@n-api-meta.service[107877]: [pid: 107877|app: 0|req: 1/2] 199.19.213.229 () {40 vars in 642 bytes} [Fri Apr 3 03:06:15 2026] GET /openstack => generated 116 bytes in 8 msecs (HTTP/1.1 200) 3 headers in 100 bytes (1 switches on core 0)
Apr 03 03:06:15.100425 np0000163387 devstack@n-api-meta.service[107878]: DEBUG nova.api.metadata.handler [None req-42328fb9-8a27-461a-a73c-24effa814dda None None] Metadata request headers: {'Host': '199.19.213.229:8775', 'User-Agent': 'python-requests/2.32.5', 'Accept-Encoding': 'gzip, deflate', 'Accept': '*/*', 'Connection': 'keep-alive', 'X-Forwarded-For': '192.168.24.42', 'X-Instance-Id': '3747c53c-84be-4c0f-8024-431be4fcb6a0', 'X-Tenant-Id': '545e136c54ac4a4abdf8b30fd617e968', 'X-Instance-Id-Signature': 'f35944547f03dd91264e49e9a06fb4e055dcd08af12b02b11683ab13bffeb888'} {{(pid=107878) __call__ /opt/stack/nova/nova/api/metadata/handler.py:109}}
Apr 03 03:06:15.103813 np0000163387 devstack@n-api-meta.service[107878]: DEBUG nova.api.metadata.handler [None req-42328fb9-8a27-461a-a73c-24effa814dda None None] Using cached metadata for instance 3747c53c-84be-4c0f-8024-431be4fcb6a0 {{(pid=107878) get_metadata_by_instance_id /opt/stack/nova/nova/api/metadata/handler.py:84}}
Apr 03 03:06:15.104357 np0000163387 devstack@n-api-meta.service[107878]: [pid: 107878|app: 0|req: 1/3] 199.19.213.229 () {40 vars in 694 bytes} [Fri Apr 3 03:06:15 2026] GET /openstack/2018-08-27/meta_data.json => generated 946 bytes in 6 msecs (HTTP/1.1 200) 3 headers in 91 bytes (1 switches on core 0)
Apr 03 03:06:15.112701 np0000163387 devstack@n-api-meta.service[107875]: DEBUG nova.api.metadata.handler [None req-c61eafe9-cefa-4052-9a0a-aaf1a78bd7b0 None None] Metadata request headers: {'Host': '199.19.213.229:8775', 'User-Agent': 'python-requests/2.32.5', 'Accept-Encoding': 'gzip, deflate', 'Accept': '*/*', 'Connection': 'keep-alive', 'X-Forwarded-For': '192.168.24.42', 'X-Instance-Id': '3747c53c-84be-4c0f-8024-431be4fcb6a0', 'X-Tenant-Id': '545e136c54ac4a4abdf8b30fd617e968', 'X-Instance-Id-Signature': 'f35944547f03dd91264e49e9a06fb4e055dcd08af12b02b11683ab13bffeb888'} {{(pid=107875) __call__ /opt/stack/nova/nova/api/metadata/handler.py:109}}
Apr 03 03:06:15.118896 np0000163387 devstack@n-api-meta.service[107875]: DEBUG nova.api.metadata.handler [None req-c61eafe9-cefa-4052-9a0a-aaf1a78bd7b0 None None] Using cached metadata for instance 3747c53c-84be-4c0f-8024-431be4fcb6a0 {{(pid=107875) get_metadata_by_instance_id /opt/stack/nova/nova/api/metadata/handler.py:84}}
Apr 03 03:06:15.119571 np0000163387 devstack@n-api-meta.service[107875]: [pid: 107875|app: 0|req: 1/4] 199.19.213.229 () {40 vars in 684 bytes} [Fri Apr 3 03:06:15 2026] GET /openstack/2018-08-27/user_data => generated 26363 bytes in 9 msecs (HTTP/1.1 200) 3 headers in 102 bytes (1 switches on core 0)
Apr 03 03:06:15.125673 np0000163387 devstack@n-api-meta.service[107876]: DEBUG nova.api.metadata.handler [None req-77f852c2-13b5-4f7e-b7cd-be0a2fa9f130 None None] Metadata request headers: {'Host': '199.19.213.229:8775', 'User-Agent': 'python-requests/2.32.5', 'Accept-Encoding': 'gzip, deflate', 'Accept': '*/*', 'Connection': 'keep-alive', 'X-Forwarded-For': '192.168.24.42', 'X-Instance-Id': '3747c53c-84be-4c0f-8024-431be4fcb6a0', 'X-Tenant-Id': '545e136c54ac4a4abdf8b30fd617e968', 'X-Instance-Id-Signature': 'f35944547f03dd91264e49e9a06fb4e055dcd08af12b02b11683ab13bffeb888'} {{(pid=107876) __call__ /opt/stack/nova/nova/api/metadata/handler.py:109}}
Apr 03 03:06:15.129193 np0000163387 devstack@n-api-meta.service[107876]: DEBUG nova.api.metadata.handler [None req-77f852c2-13b5-4f7e-b7cd-be0a2fa9f130 None None] Using cached metadata for instance 3747c53c-84be-4c0f-8024-431be4fcb6a0 {{(pid=107876) get_metadata_by_instance_id /opt/stack/nova/nova/api/metadata/handler.py:84}}
Apr 03 03:06:15.129915 np0000163387 devstack@n-api-meta.service[107876]: [pid: 107876|app: 0|req: 2/5] 199.19.213.229 () {40 vars in 698 bytes} [Fri Apr 3 03:06:15 2026] GET /openstack/2018-08-27/vendor_data.json => generated 2 bytes in 5 msecs (HTTP/1.1 200) 3 headers in 89 bytes (1 switches on core 0)
Apr 03 03:06:15.136001 np0000163387 devstack@n-api-meta.service[107877]: DEBUG nova.api.metadata.handler [None req-66d33ec3-f484-417f-993d-b3ec34cf93d6 None None] Metadata request headers: {'Host': '199.19.213.229:8775', 'User-Agent': 'python-requests/2.32.5', 'Accept-Encoding': 'gzip, deflate', 'Accept': '*/*', 'Connection': 'keep-alive', 'X-Forwarded-For': '192.168.24.42', 'X-Instance-Id': '3747c53c-84be-4c0f-8024-431be4fcb6a0', 'X-Tenant-Id': '545e136c54ac4a4abdf8b30fd617e968', 'X-Instance-Id-Signature': 'f35944547f03dd91264e49e9a06fb4e055dcd08af12b02b11683ab13bffeb888'} {{(pid=107877) __call__ /opt/stack/nova/nova/api/metadata/handler.py:109}}
Apr 03 03:06:15.141188 np0000163387 devstack@n-api-meta.service[107877]: DEBUG nova.api.metadata.handler [None req-66d33ec3-f484-417f-993d-b3ec34cf93d6 None None] Using cached metadata for instance 3747c53c-84be-4c0f-8024-431be4fcb6a0 {{(pid=107877) get_metadata_by_instance_id /opt/stack/nova/nova/api/metadata/handler.py:84}}
Apr 03 03:06:15.141188 np0000163387 devstack@n-api-meta.service[107877]: [pid: 107877|app: 0|req: 2/6] 199.19.213.229 () {40 vars in 700 bytes} [Fri Apr 3 03:06:15 2026] GET /openstack/2018-08-27/vendor_data2.json => generated 14 bytes in 6 msecs (HTTP/1.1 200) 3 headers in 90 bytes (1 switches on core 0)
Apr 03 03:06:15.152026 np0000163387 devstack@n-api-meta.service[107878]: DEBUG nova.api.metadata.handler [None req-42328fb9-8a27-461a-a73c-24effa814dda None None] Metadata request headers: {'Host': '199.19.213.229:8775', 'User-Agent': 'python-requests/2.32.5', 'Accept-Encoding': 'gzip, deflate', 'Accept': '*/*', 'Connection': 'keep-alive', 'X-Forwarded-For': '192.168.24.42', 'X-Instance-Id': '3747c53c-84be-4c0f-8024-431be4fcb6a0', 'X-Tenant-Id': '545e136c54ac4a4abdf8b30fd617e968', 'X-Instance-Id-Signature': 'f35944547f03dd91264e49e9a06fb4e055dcd08af12b02b11683ab13bffeb888'} {{(pid=107878) __call__ /opt/stack/nova/nova/api/metadata/handler.py:109}}
Apr 03 03:06:15.154801 np0000163387 devstack@n-api-meta.service[107878]: DEBUG nova.api.metadata.handler [None req-42328fb9-8a27-461a-a73c-24effa814dda None None] Using cached metadata for instance 3747c53c-84be-4c0f-8024-431be4fcb6a0 {{(pid=107878) get_metadata_by_instance_id /opt/stack/nova/nova/api/metadata/handler.py:84}}
Apr 03 03:06:15.155434 np0000163387 devstack@n-api-meta.service[107878]: [pid: 107878|app: 0|req: 2/7] 199.19.213.229 () {40 vars in 700 bytes} [Fri Apr 3 03:06:15 2026] GET /openstack/2018-08-27/network_data.json => generated 348 bytes in 4 msecs (HTTP/1.1 200) 3 headers in 100 bytes (1 switches on core 0)
Apr 03 03:06:15.160427 np0000163387 devstack@n-api-meta.service[107875]: DEBUG nova.api.metadata.handler [None req-c61eafe9-cefa-4052-9a0a-aaf1a78bd7b0 None None] Metadata request headers: {'Host': '199.19.213.229:8775', 'User-Agent': 'python-requests/2.32.5', 'Accept-Encoding': 'gzip, deflate', 'Accept': '*/*', 'Connection': 'keep-alive', 'X-Forwarded-For': '192.168.24.42', 'X-Instance-Id': '3747c53c-84be-4c0f-8024-431be4fcb6a0', 'X-Tenant-Id': '545e136c54ac4a4abdf8b30fd617e968', 'X-Instance-Id-Signature': 'f35944547f03dd91264e49e9a06fb4e055dcd08af12b02b11683ab13bffeb888'} {{(pid=107875) __call__ /opt/stack/nova/nova/api/metadata/handler.py:109}}
Apr 03 03:06:15.163078 np0000163387 devstack@n-api-meta.service[107875]: DEBUG nova.api.metadata.handler [None req-c61eafe9-cefa-4052-9a0a-aaf1a78bd7b0 None None] Using cached metadata for instance 3747c53c-84be-4c0f-8024-431be4fcb6a0 {{(pid=107875) get_metadata_by_instance_id /opt/stack/nova/nova/api/metadata/handler.py:84}}
Apr 03 03:06:15.164048 np0000163387 devstack@n-api-meta.service[107875]: [pid: 107875|app: 0|req: 2/8] 199.19.213.229 () {40 vars in 658 bytes} [Fri Apr 3 03:06:15 2026] GET /latest/meta-data/ => generated 210 bytes in 4 msecs (HTTP/1.1 200) 3 headers in 100 bytes (1 switches on core 0)
Apr 03 03:06:15.169200 np0000163387 devstack@n-api-meta.service[107876]: DEBUG nova.api.metadata.handler [None req-77f852c2-13b5-4f7e-b7cd-be0a2fa9f130 None None] Metadata request headers: {'Host': '199.19.213.229:8775', 'User-Agent': 'python-requests/2.32.5', 'Accept-Encoding': 'gzip, deflate', 'Accept': '*/*', 'Connection': 'keep-alive', 'X-Forwarded-For': '192.168.24.42', 'X-Instance-Id': '3747c53c-84be-4c0f-8024-431be4fcb6a0', 'X-Tenant-Id': '545e136c54ac4a4abdf8b30fd617e968', 'X-Instance-Id-Signature': 'f35944547f03dd91264e49e9a06fb4e055dcd08af12b02b11683ab13bffeb888'} {{(pid=107876) __call__ /opt/stack/nova/nova/api/metadata/handler.py:109}}
Apr 03 03:06:15.171999 np0000163387 devstack@n-api-meta.service[107876]: DEBUG nova.api.metadata.handler [None req-77f852c2-13b5-4f7e-b7cd-be0a2fa9f130 None None] Using cached metadata for instance 3747c53c-84be-4c0f-8024-431be4fcb6a0 {{(pid=107876) get_metadata_by_instance_id /opt/stack/nova/nova/api/metadata/handler.py:84}}
Apr 03 03:06:15.172845 np0000163387 devstack@n-api-meta.service[107876]: [pid: 107876|app: 0|req: 3/9] 199.19.213.229 () {40 vars in 700 bytes} [Fri Apr 3 03:06:15 2026] GET /latest/meta-data/block-device-mapping/ => generated 8 bytes in 4 msecs (HTTP/1.1 200) 3 headers in 98 bytes (1 switches on core 0)
Apr 03 03:06:15.179483 np0000163387 devstack@n-api-meta.service[107877]: DEBUG nova.api.metadata.handler [None req-66d33ec3-f484-417f-993d-b3ec34cf93d6 None None] Metadata request headers: {'Host': '199.19.213.229:8775', 'User-Agent': 'python-requests/2.32.5', 'Accept-Encoding': 'gzip, deflate', 'Accept': '*/*', 'Connection': 'keep-alive', 'X-Forwarded-For': '192.168.24.42', 'X-Instance-Id': '3747c53c-84be-4c0f-8024-431be4fcb6a0', 'X-Tenant-Id': '545e136c54ac4a4abdf8b30fd617e968', 'X-Instance-Id-Signature': 'f35944547f03dd91264e49e9a06fb4e055dcd08af12b02b11683ab13bffeb888'} {{(pid=107877) __call__ /opt/stack/nova/nova/api/metadata/handler.py:109}}
Apr 03 03:06:15.182545 np0000163387 devstack@n-api-meta.service[107877]: DEBUG nova.api.metadata.handler [None req-66d33ec3-f484-417f-993d-b3ec34cf93d6 None None] Using cached metadata for instance 3747c53c-84be-4c0f-8024-431be4fcb6a0 {{(pid=107877) get_metadata_by_instance_id /opt/stack/nova/nova/api/metadata/handler.py:84}}
Apr 03 03:06:15.182545 np0000163387 devstack@n-api-meta.service[107877]: [pid: 107877|app: 0|req: 3/10] 199.19.213.229 () {40 vars in 706 bytes} [Fri Apr 3 03:06:15 2026] GET /latest/meta-data/block-device-mapping/ami => generated 3 bytes in 3 msecs (HTTP/1.1 200) 3 headers in 98 bytes (1 switches on core 0)
Apr 03 03:06:15.187383 np0000163387 devstack@n-api-meta.service[107878]: DEBUG nova.api.metadata.handler [None req-42328fb9-8a27-461a-a73c-24effa814dda None None] Metadata request headers: {'Host': '199.19.213.229:8775', 'User-Agent': 'python-requests/2.32.5', 'Accept-Encoding': 'gzip, deflate', 'Accept': '*/*', 'Connection': 'keep-alive', 'X-Forwarded-For': '192.168.24.42', 'X-Instance-Id': '3747c53c-84be-4c0f-8024-431be4fcb6a0', 'X-Tenant-Id': '545e136c54ac4a4abdf8b30fd617e968', 'X-Instance-Id-Signature': 'f35944547f03dd91264e49e9a06fb4e055dcd08af12b02b11683ab13bffeb888'} {{(pid=107878) __call__ /opt/stack/nova/nova/api/metadata/handler.py:109}}
Apr 03 03:06:15.190161 np0000163387 devstack@n-api-meta.service[107878]: DEBUG nova.api.metadata.handler [None req-42328fb9-8a27-461a-a73c-24effa814dda None None] Using cached metadata for instance 3747c53c-84be-4c0f-8024-431be4fcb6a0 {{(pid=107878) get_metadata_by_instance_id /opt/stack/nova/nova/api/metadata/handler.py:84}}
Apr 03 03:06:15.190288 np0000163387 devstack@n-api-meta.service[107878]: [pid: 107878|app: 0|req: 3/11] 199.19.213.229 () {40 vars in 708 bytes} [Fri Apr 3 03:06:15 2026] GET /latest/meta-data/block-device-mapping/root => generated 8 bytes in 4 msecs (HTTP/1.1 200) 3 headers in 98 bytes (1 switches on core 0)
Apr 03 03:06:15.195452 np0000163387 devstack@n-api-meta.service[107875]: DEBUG nova.api.metadata.handler [None req-c61eafe9-cefa-4052-9a0a-aaf1a78bd7b0 None None] Metadata request headers: {'Host': '199.19.213.229:8775', 'User-Agent': 'python-requests/2.32.5', 'Accept-Encoding': 'gzip, deflate', 'Accept': '*/*', 'Connection': 'keep-alive', 'X-Forwarded-For': '192.168.24.42', 'X-Instance-Id': '3747c53c-84be-4c0f-8024-431be4fcb6a0', 'X-Tenant-Id': '545e136c54ac4a4abdf8b30fd617e968', 'X-Instance-Id-Signature': 'f35944547f03dd91264e49e9a06fb4e055dcd08af12b02b11683ab13bffeb888'} {{(pid=107875) __call__ /opt/stack/nova/nova/api/metadata/handler.py:109}}
Apr 03 03:06:15.197944 np0000163387 devstack@n-api-meta.service[107875]: DEBUG nova.api.metadata.handler [None req-c61eafe9-cefa-4052-9a0a-aaf1a78bd7b0 None None] Using cached metadata for instance 3747c53c-84be-4c0f-8024-431be4fcb6a0 {{(pid=107875) get_metadata_by_instance_id /opt/stack/nova/nova/api/metadata/handler.py:84}}
Apr 03 03:06:15.198558 np0000163387 devstack@n-api-meta.service[107875]: [pid: 107875|app: 0|req: 3/12] 199.19.213.229 () {40 vars in 678 bytes} [Fri Apr 3 03:06:15 2026] GET /latest/meta-data/placement/ => generated 17 bytes in 4 msecs (HTTP/1.1 200) 3 headers in 99 bytes (1 switches on core 0)
Apr 03 03:06:15.203927 np0000163387 devstack@n-api-meta.service[107876]: DEBUG nova.api.metadata.handler [None req-77f852c2-13b5-4f7e-b7cd-be0a2fa9f130 None None] Metadata request headers: {'Host': '199.19.213.229:8775', 'User-Agent': 'python-requests/2.32.5', 'Accept-Encoding': 'gzip, deflate', 'Accept': '*/*', 'Connection': 'keep-alive', 'X-Forwarded-For': '192.168.24.42', 'X-Instance-Id': '3747c53c-84be-4c0f-8024-431be4fcb6a0', 'X-Tenant-Id': '545e136c54ac4a4abdf8b30fd617e968', 'X-Instance-Id-Signature': 'f35944547f03dd91264e49e9a06fb4e055dcd08af12b02b11683ab13bffeb888'} {{(pid=107876) __call__ /opt/stack/nova/nova/api/metadata/handler.py:109}}
Apr 03 03:06:15.206918 np0000163387 devstack@n-api-meta.service[107876]: DEBUG nova.api.metadata.handler [None req-77f852c2-13b5-4f7e-b7cd-be0a2fa9f130 None None] Using cached metadata for instance 3747c53c-84be-4c0f-8024-431be4fcb6a0 {{(pid=107876) get_metadata_by_instance_id /opt/stack/nova/nova/api/metadata/handler.py:84}}
Apr 03 03:06:15.207610 np0000163387 devstack@n-api-meta.service[107876]: [pid: 107876|app: 0|req: 4/13] 199.19.213.229 () {40 vars in 712 bytes} [Fri Apr 3 03:06:15 2026] GET /latest/meta-data/placement/availability-zone => generated 4 bytes in 4 msecs (HTTP/1.1 200) 3 headers in 98 bytes (1 switches on core 0)
Apr 03 03:06:15.214060 np0000163387 devstack@n-api-meta.service[107877]: DEBUG nova.api.metadata.handler [None req-66d33ec3-f484-417f-993d-b3ec34cf93d6 None None] Metadata request headers: {'Host': '199.19.213.229:8775', 'User-Agent': 'python-requests/2.32.5', 'Accept-Encoding': 'gzip, deflate', 'Accept': '*/*', 'Connection': 'keep-alive', 'X-Forwarded-For': '192.168.24.42', 'X-Instance-Id': '3747c53c-84be-4c0f-8024-431be4fcb6a0', 'X-Tenant-Id': '545e136c54ac4a4abdf8b30fd617e968', 'X-Instance-Id-Signature': 'f35944547f03dd91264e49e9a06fb4e055dcd08af12b02b11683ab13bffeb888'} {{(pid=107877) __call__ /opt/stack/nova/nova/api/metadata/handler.py:109}}
Apr 03 03:06:15.216559 np0000163387 devstack@n-api-meta.service[107877]: DEBUG nova.api.metadata.handler [None req-66d33ec3-f484-417f-993d-b3ec34cf93d6 None None] Using cached metadata for instance 3747c53c-84be-4c0f-8024-431be4fcb6a0 {{(pid=107877) get_metadata_by_instance_id /opt/stack/nova/nova/api/metadata/handler.py:84}}
Apr 03 03:06:15.217072 np0000163387 devstack@n-api-meta.service[107877]: [pid: 107877|app: 0|req: 4/14] 199.19.213.229 () {40 vars in 670 bytes} [Fri Apr 3 03:06:15 2026] GET /latest/meta-data/ami-id => generated 12 bytes in 3 msecs (HTTP/1.1 200) 3 headers in 99 bytes (1 switches on core 0)
Apr 03 03:06:15.222522 np0000163387 devstack@n-api-meta.service[107878]: DEBUG nova.api.metadata.handler [None req-42328fb9-8a27-461a-a73c-24effa814dda None None] Metadata request headers: {'Host': '199.19.213.229:8775', 'User-Agent': 'python-requests/2.32.5', 'Accept-Encoding': 'gzip, deflate', 'Accept': '*/*', 'Connection': 'keep-alive', 'X-Forwarded-For': '192.168.24.42', 'X-Instance-Id': '3747c53c-84be-4c0f-8024-431be4fcb6a0', 'X-Tenant-Id': '545e136c54ac4a4abdf8b30fd617e968', 'X-Instance-Id-Signature': 'f35944547f03dd91264e49e9a06fb4e055dcd08af12b02b11683ab13bffeb888'} {{(pid=107878) __call__ /opt/stack/nova/nova/api/metadata/handler.py:109}}
Apr 03 03:06:15.225191 np0000163387 devstack@n-api-meta.service[107878]: DEBUG nova.api.metadata.handler [None req-42328fb9-8a27-461a-a73c-24effa814dda None None] Using cached metadata for instance 3747c53c-84be-4c0f-8024-431be4fcb6a0 {{(pid=107878) get_metadata_by_instance_id /opt/stack/nova/nova/api/metadata/handler.py:84}}
Apr 03 03:06:15.225844 np0000163387 devstack@n-api-meta.service[107878]: [pid: 107878|app: 0|req: 4/15] 199.19.213.229 () {40 vars in 690 bytes} [Fri Apr 3 03:06:15 2026] GET /latest/meta-data/ami-launch-index => generated 1 bytes in 4 msecs (HTTP/1.1 200) 3 headers in 98 bytes (1 switches on core 0)
Apr 03 03:06:15.230563 np0000163387 devstack@n-api-meta.service[107875]: DEBUG nova.api.metadata.handler [None req-c61eafe9-cefa-4052-9a0a-aaf1a78bd7b0 None None] Metadata request headers: {'Host': '199.19.213.229:8775', 'User-Agent': 'python-requests/2.32.5', 'Accept-Encoding': 'gzip, deflate', 'Accept': '*/*', 'Connection': 'keep-alive', 'X-Forwarded-For': '192.168.24.42', 'X-Instance-Id': '3747c53c-84be-4c0f-8024-431be4fcb6a0', 'X-Tenant-Id': '545e136c54ac4a4abdf8b30fd617e968', 'X-Instance-Id-Signature': 'f35944547f03dd91264e49e9a06fb4e055dcd08af12b02b11683ab13bffeb888'} {{(pid=107875) __call__ /opt/stack/nova/nova/api/metadata/handler.py:109}}
Apr 03 03:06:15.232967 np0000163387 devstack@n-api-meta.service[107875]: DEBUG nova.api.metadata.handler [None req-c61eafe9-cefa-4052-9a0a-aaf1a78bd7b0 None None] Using cached metadata for instance 3747c53c-84be-4c0f-8024-431be4fcb6a0 {{(pid=107875) get_metadata_by_instance_id /opt/stack/nova/nova/api/metadata/handler.py:84}}
Apr 03 03:06:15.233526 np0000163387 devstack@n-api-meta.service[107875]: [pid: 107875|app: 0|req: 4/16] 199.19.213.229 () {40 vars in 692 bytes} [Fri Apr 3 03:06:15 2026] GET /latest/meta-data/ami-manifest-path => generated 5 bytes in 3 msecs (HTTP/1.1 200) 3 headers in 98 bytes (1 switches on core 0)
Apr 03 03:06:15.238504 np0000163387 devstack@n-api-meta.service[107876]: DEBUG nova.api.metadata.handler [None req-77f852c2-13b5-4f7e-b7cd-be0a2fa9f130 None None] Metadata request headers: {'Host': '199.19.213.229:8775', 'User-Agent': 'python-requests/2.32.5', 'Accept-Encoding': 'gzip, deflate', 'Accept': '*/*', 'Connection': 'keep-alive', 'X-Forwarded-For': '192.168.24.42', 'X-Instance-Id': '3747c53c-84be-4c0f-8024-431be4fcb6a0', 'X-Tenant-Id': '545e136c54ac4a4abdf8b30fd617e968', 'X-Instance-Id-Signature': 'f35944547f03dd91264e49e9a06fb4e055dcd08af12b02b11683ab13bffeb888'} {{(pid=107876) __call__ /opt/stack/nova/nova/api/metadata/handler.py:109}}
Apr 03 03:06:15.241324 np0000163387 devstack@n-api-meta.service[107876]: DEBUG nova.api.metadata.handler [None req-77f852c2-13b5-4f7e-b7cd-be0a2fa9f130 None None] Using cached metadata for instance 3747c53c-84be-4c0f-8024-431be4fcb6a0 {{(pid=107876) get_metadata_by_instance_id /opt/stack/nova/nova/api/metadata/handler.py:84}}
Apr 03 03:06:15.242004 np0000163387 devstack@n-api-meta.service[107876]: [pid: 107876|app: 0|req: 5/17] 199.19.213.229 () {40 vars in 674 bytes} [Fri Apr 3 03:06:15 2026] GET /latest/meta-data/hostname => generated 32 bytes in 4 msecs (HTTP/1.1 200) 3 headers in 99 bytes (1 switches on core 0)
Apr 03 03:06:15.247375 np0000163387 devstack@n-api-meta.service[107877]: DEBUG nova.api.metadata.handler [None req-66d33ec3-f484-417f-993d-b3ec34cf93d6 None None] Metadata request headers: {'Host': '199.19.213.229:8775', 'User-Agent': 'python-requests/2.32.5', 'Accept-Encoding': 'gzip, deflate', 'Accept': '*/*', 'Connection': 'keep-alive', 'X-Forwarded-For': '192.168.24.42', 'X-Instance-Id': '3747c53c-84be-4c0f-8024-431be4fcb6a0', 'X-Tenant-Id': '545e136c54ac4a4abdf8b30fd617e968', 'X-Instance-Id-Signature': 'f35944547f03dd91264e49e9a06fb4e055dcd08af12b02b11683ab13bffeb888'} {{(pid=107877) __call__ /opt/stack/nova/nova/api/metadata/handler.py:109}}
Apr 03 03:06:15.249877 np0000163387 devstack@n-api-meta.service[107877]: DEBUG nova.api.metadata.handler [None req-66d33ec3-f484-417f-993d-b3ec34cf93d6 None None] Using cached metadata for instance 3747c53c-84be-4c0f-8024-431be4fcb6a0 {{(pid=107877) get_metadata_by_instance_id /opt/stack/nova/nova/api/metadata/handler.py:84}}
Apr 03 03:06:15.250428 np0000163387 devstack@n-api-meta.service[107877]: [pid: 107877|app: 0|req: 5/18] 199.19.213.229 () {40 vars in 688 bytes} [Fri Apr 3 03:06:15 2026] GET /latest/meta-data/instance-action => generated 4 bytes in 3 msecs (HTTP/1.1 200) 3 headers in 98 bytes (1 switches on core 0)
Apr 03 03:06:15.256204 np0000163387 devstack@n-api-meta.service[107878]: DEBUG nova.api.metadata.handler [None req-42328fb9-8a27-461a-a73c-24effa814dda None None] Metadata request headers: {'Host': '199.19.213.229:8775', 'User-Agent': 'python-requests/2.32.5', 'Accept-Encoding': 'gzip, deflate', 'Accept': '*/*', 'Connection': 'keep-alive', 'X-Forwarded-For': '192.168.24.42', 'X-Instance-Id': '3747c53c-84be-4c0f-8024-431be4fcb6a0', 'X-Tenant-Id': '545e136c54ac4a4abdf8b30fd617e968', 'X-Instance-Id-Signature': 'f35944547f03dd91264e49e9a06fb4e055dcd08af12b02b11683ab13bffeb888'} {{(pid=107878) __call__ /opt/stack/nova/nova/api/metadata/handler.py:109}}
Apr 03 03:06:15.258801 np0000163387 devstack@n-api-meta.service[107878]: DEBUG nova.api.metadata.handler [None req-42328fb9-8a27-461a-a73c-24effa814dda None None] Using cached metadata for instance 3747c53c-84be-4c0f-8024-431be4fcb6a0 {{(pid=107878) get_metadata_by_instance_id /opt/stack/nova/nova/api/metadata/handler.py:84}}
Apr 03 03:06:15.259389 np0000163387 devstack@n-api-meta.service[107878]: [pid: 107878|app: 0|req: 5/19] 199.19.213.229 () {40 vars in 680 bytes} [Fri Apr 3 03:06:15 2026] GET /latest/meta-data/instance-id => generated 10 bytes in 3 msecs (HTTP/1.1 200) 3 headers in 99 bytes (1 switches on core 0)
Apr 03 03:06:15.264270 np0000163387 devstack@n-api-meta.service[107875]: DEBUG nova.api.metadata.handler [None req-c61eafe9-cefa-4052-9a0a-aaf1a78bd7b0 None None] Metadata request headers: {'Host': '199.19.213.229:8775', 'User-Agent': 'python-requests/2.32.5', 'Accept-Encoding': 'gzip, deflate', 'Accept': '*/*', 'Connection': 'keep-alive', 'X-Forwarded-For': '192.168.24.42', 'X-Instance-Id': '3747c53c-84be-4c0f-8024-431be4fcb6a0', 'X-Tenant-Id': '545e136c54ac4a4abdf8b30fd617e968', 'X-Instance-Id-Signature': 'f35944547f03dd91264e49e9a06fb4e055dcd08af12b02b11683ab13bffeb888'} {{(pid=107875) __call__ /opt/stack/nova/nova/api/metadata/handler.py:109}}
Apr 03 03:06:15.266958 np0000163387 devstack@n-api-meta.service[107875]: DEBUG nova.api.metadata.handler [None req-c61eafe9-cefa-4052-9a0a-aaf1a78bd7b0 None None] Using cached metadata for instance 3747c53c-84be-4c0f-8024-431be4fcb6a0 {{(pid=107875) get_metadata_by_instance_id /opt/stack/nova/nova/api/metadata/handler.py:84}}
Apr 03 03:06:15.267635 np0000163387 devstack@n-api-meta.service[107875]: [pid: 107875|app: 0|req: 5/20] 199.19.213.229 () {40 vars in 684 bytes} [Fri Apr 3 03:06:15 2026] GET /latest/meta-data/instance-type => generated 8 bytes in 4 msecs (HTTP/1.1 200) 3 headers in 98 bytes (1 switches on core 0)
Apr 03 03:06:15.272908 np0000163387 devstack@n-api-meta.service[107876]: DEBUG nova.api.metadata.handler [None req-77f852c2-13b5-4f7e-b7cd-be0a2fa9f130 None None] Metadata request headers: {'Host': '199.19.213.229:8775', 'User-Agent': 'python-requests/2.32.5', 'Accept-Encoding': 'gzip, deflate', 'Accept': '*/*', 'Connection': 'keep-alive', 'X-Forwarded-For': '192.168.24.42', 'X-Instance-Id': '3747c53c-84be-4c0f-8024-431be4fcb6a0', 'X-Tenant-Id': '545e136c54ac4a4abdf8b30fd617e968', 'X-Instance-Id-Signature': 'f35944547f03dd91264e49e9a06fb4e055dcd08af12b02b11683ab13bffeb888'} {{(pid=107876) __call__ /opt/stack/nova/nova/api/metadata/handler.py:109}}
Apr 03 03:06:15.275751 np0000163387 devstack@n-api-meta.service[107876]: DEBUG nova.api.metadata.handler [None req-77f852c2-13b5-4f7e-b7cd-be0a2fa9f130 None None] Using cached metadata for instance 3747c53c-84be-4c0f-8024-431be4fcb6a0 {{(pid=107876) get_metadata_by_instance_id /opt/stack/nova/nova/api/metadata/handler.py:84}}
Apr 03 03:06:15.276517 np0000163387 devstack@n-api-meta.service[107876]: [pid: 107876|app: 0|req: 6/21] 199.19.213.229 () {40 vars in 684 bytes} [Fri Apr 3 03:06:15 2026] GET /latest/meta-data/local-hostname => generated 32 bytes in 4 msecs (HTTP/1.1 200) 3 headers in 99 bytes (1 switches on core 0)
Apr 03 03:06:15.283120 np0000163387 devstack@n-api-meta.service[107877]: DEBUG nova.api.metadata.handler [None req-66d33ec3-f484-417f-993d-b3ec34cf93d6 None None] Metadata request headers: {'Host': '199.19.213.229:8775', 'User-Agent': 'python-requests/2.32.5', 'Accept-Encoding': 'gzip, deflate', 'Accept': '*/*', 'Connection': 'keep-alive', 'X-Forwarded-For': '192.168.24.42', 'X-Instance-Id': '3747c53c-84be-4c0f-8024-431be4fcb6a0', 'X-Tenant-Id': '545e136c54ac4a4abdf8b30fd617e968', 'X-Instance-Id-Signature': 'f35944547f03dd91264e49e9a06fb4e055dcd08af12b02b11683ab13bffeb888'} {{(pid=107877) __call__ /opt/stack/nova/nova/api/metadata/handler.py:109}}
Apr 03 03:06:15.285068 np0000163387 devstack@n-api-meta.service[107877]: DEBUG nova.api.metadata.handler [None req-66d33ec3-f484-417f-993d-b3ec34cf93d6 None None] Using cached metadata for instance 3747c53c-84be-4c0f-8024-431be4fcb6a0 {{(pid=107877) get_metadata_by_instance_id /opt/stack/nova/nova/api/metadata/handler.py:84}}
Apr 03 03:06:15.285555 np0000163387 devstack@n-api-meta.service[107877]: [pid: 107877|app: 0|req: 6/22] 199.19.213.229 () {40 vars in 677 bytes} [Fri Apr 3 03:06:15 2026] GET /latest/meta-data/local-ipv4 => generated 13 bytes in 3 msecs (HTTP/1.1 200) 3 headers in 99 bytes (1 switches on core 0)
Apr 03 03:06:15.290841 np0000163387 devstack@n-api-meta.service[107878]: DEBUG nova.api.metadata.handler [None req-42328fb9-8a27-461a-a73c-24effa814dda None None] Metadata request headers: {'Host': '199.19.213.229:8775', 'User-Agent': 'python-requests/2.32.5', 'Accept-Encoding': 'gzip, deflate', 'Accept': '*/*', 'Connection': 'keep-alive', 'X-Forwarded-For': '192.168.24.42', 'X-Instance-Id': '3747c53c-84be-4c0f-8024-431be4fcb6a0', 'X-Tenant-Id': '545e136c54ac4a4abdf8b30fd617e968', 'X-Instance-Id-Signature': 'f35944547f03dd91264e49e9a06fb4e055dcd08af12b02b11683ab13bffeb888'} {{(pid=107878) __call__ /opt/stack/nova/nova/api/metadata/handler.py:109}}
