May 09 09:04:52.689310 np0000173046 systemd[1]: Starting devstack@n-api.service - Devstack devstack@n-api.service...
May 09 09:04:52.698216 np0000173046 devstack@n-api.service[100435]: [uWSGI] getting INI configuration from /etc/nova/nova-api-uwsgi.ini
May 09 09:04:52.700551 np0000173046 devstack@n-api.service[100435]: *** Starting uWSGI 2.0.24-debian (64bit) on [Sat May 9 09:04:52 2026] ***
May 09 09:04:52.700551 np0000173046 devstack@n-api.service[100435]: compiled with version: 13.2.0 on 17 April 2024 16:23:48
May 09 09:04:52.700551 np0000173046 devstack@n-api.service[100435]: os: Linux-6.8.0-111-generic #111-Ubuntu SMP PREEMPT_DYNAMIC Sat Apr 11 23:16:02 UTC 2026
May 09 09:04:52.700551 np0000173046 devstack@n-api.service[100435]: nodename: np0000173046
May 09 09:04:52.700551 np0000173046 devstack@n-api.service[100435]: machine: x86_64
May 09 09:04:52.700551 np0000173046 devstack@n-api.service[100435]: clock source: unix
May 09 09:04:52.700551 np0000173046 devstack@n-api.service[100435]: pcre jit disabled
May 09 09:04:52.700551 np0000173046 devstack@n-api.service[100435]: detected number of CPU cores: 16
May 09 09:04:52.700551 np0000173046 devstack@n-api.service[100435]: current working directory: /
May 09 09:04:52.700551 np0000173046 devstack@n-api.service[100435]: detected binary path: /usr/bin/uwsgi-core
May 09 09:04:52.700551 np0000173046 devstack@n-api.service[100435]: your processes number limit is 256917
May 09 09:04:52.700551 np0000173046 devstack@n-api.service[100435]: your memory page size is 4096 bytes
May 09 09:04:52.700551 np0000173046 devstack@n-api.service[100435]: detected max file descriptor number: 2048
May 09 09:04:52.700551 np0000173046 devstack@n-api.service[100435]: lock engine: pthread robust mutexes
May 09 09:04:52.701287 np0000173046 devstack@n-api.service[100435]: thunder lock: enabled
May 09 09:04:52.701287 np0000173046 devstack@n-api.service[100435]: uwsgi socket 0 bound to UNIX address /var/run/uwsgi/nova-api.socket fd 4
May 09 09:04:52.701287 np0000173046 devstack@n-api.service[100435]: Python version: 3.12.3 (main, Mar 23 2026, 19:04:32) [GCC 13.3.0]
May 09 09:04:52.701287 np0000173046 devstack@n-api.service[100435]: PEP 405 virtualenv detected: /opt/stack/data/venv
May 09 09:04:52.701287 np0000173046 devstack@n-api.service[100435]: Set PythonHome to /opt/stack/data/venv
May 09 09:04:52.737435 np0000173046 devstack@n-api.service[100435]: Python main interpreter initialized at 0x7031b80a3668
May 09 09:04:52.737435 np0000173046 devstack@n-api.service[100435]: python threads support enabled
May 09 09:04:52.737435 np0000173046 devstack@n-api.service[100435]: your server socket listen backlog is limited to 100 connections
May 09 09:04:52.737435 np0000173046 devstack@n-api.service[100435]: your mercy for graceful operations on workers is 80 seconds
May 09 09:04:52.737981 np0000173046 devstack@n-api.service[100435]: mapped 671795 bytes (656 KB) for 4 cores
May 09 09:04:52.738128 np0000173046 devstack@n-api.service[100435]: *** Operational MODE: preforking ***
May 09 09:04:52.738373 np0000173046 devstack@n-api.service[100435]: *** uWSGI is running in multiple interpreter mode ***
May 09 09:04:52.738373 np0000173046 devstack@n-api.service[100435]: spawned uWSGI master process (pid: 100435)
May 09 09:04:52.738579 np0000173046 systemd[1]: Started devstack@n-api.service - Devstack devstack@n-api.service.
May 09 09:04:52.739135 np0000173046 devstack@n-api.service[100435]: spawned uWSGI worker 1 (pid: 100436, cores: 1)
May 09 09:04:52.739615 np0000173046 devstack@n-api.service[100435]: spawned uWSGI worker 2 (pid: 100437, cores: 1)
May 09 09:04:52.740113 np0000173046 devstack@n-api.service[100435]: spawned uWSGI worker 3 (pid: 100438, cores: 1)
May 09 09:04:52.740638 np0000173046 devstack@n-api.service[100435]: spawned uWSGI worker 4 (pid: 100439, cores: 1)
May 09 09:04:52.740723 np0000173046 devstack@n-api.service[100435]: running "unix_signal:15 gracefully_kill_them_all" (master-start)...
May 09 09:04:53.056068 np0000173046 devstack@n-api.service[100436]: /opt/stack/data/venv/lib/python3.12/site-packages/oslo_concurrency/lockutils.py:41: EventletDeprecationWarning:
May 09 09:04:53.056068 np0000173046 devstack@n-api.service[100436]: Eventlet is deprecated. It is currently being maintained in bugfix mode, and
May 09 09:04:53.056068 np0000173046 devstack@n-api.service[100436]: we strongly recommend against using it for new projects.
May 09 09:04:53.056068 np0000173046 devstack@n-api.service[100436]: If you are already using Eventlet, we recommend migrating to a different
May 09 09:04:53.056068 np0000173046 devstack@n-api.service[100436]: framework. For more detail see
May 09 09:04:53.056068 np0000173046 devstack@n-api.service[100436]: https://eventlet.readthedocs.io/en/latest/asyncio/migration.html
May 09 09:04:53.056068 np0000173046 devstack@n-api.service[100436]: import eventlet
May 09 09:04:53.062047 np0000173046 devstack@n-api.service[100438]: /opt/stack/data/venv/lib/python3.12/site-packages/oslo_concurrency/lockutils.py:41: EventletDeprecationWarning:
May 09 09:04:53.062047 np0000173046 devstack@n-api.service[100438]: Eventlet is deprecated. It is currently being maintained in bugfix mode, and
May 09 09:04:53.062047 np0000173046 devstack@n-api.service[100438]: we strongly recommend against using it for new projects.
May 09 09:04:53.062047 np0000173046 devstack@n-api.service[100438]: If you are already using Eventlet, we recommend migrating to a different
May 09 09:04:53.062047 np0000173046 devstack@n-api.service[100438]: framework. For more detail see
May 09 09:04:53.062047 np0000173046 devstack@n-api.service[100438]: https://eventlet.readthedocs.io/en/latest/asyncio/migration.html
May 09 09:04:53.062047 np0000173046 devstack@n-api.service[100438]: import eventlet
May 09 09:04:53.068371 np0000173046 devstack@n-api.service[100437]: /opt/stack/data/venv/lib/python3.12/site-packages/oslo_concurrency/lockutils.py:41: EventletDeprecationWarning:
May 09 09:04:53.068371 np0000173046 devstack@n-api.service[100437]: Eventlet is deprecated. It is currently being maintained in bugfix mode, and
May 09 09:04:53.068371 np0000173046 devstack@n-api.service[100437]: we strongly recommend against using it for new projects.
May 09 09:04:53.068371 np0000173046 devstack@n-api.service[100437]: If you are already using Eventlet, we recommend migrating to a different
May 09 09:04:53.068371 np0000173046 devstack@n-api.service[100437]: framework. For more detail see
May 09 09:04:53.068371 np0000173046 devstack@n-api.service[100437]: https://eventlet.readthedocs.io/en/latest/asyncio/migration.html
May 09 09:04:53.068371 np0000173046 devstack@n-api.service[100437]: import eventlet
May 09 09:04:53.081212 np0000173046 devstack@n-api.service[100439]: /opt/stack/data/venv/lib/python3.12/site-packages/oslo_concurrency/lockutils.py:41: EventletDeprecationWarning:
May 09 09:04:53.081212 np0000173046 devstack@n-api.service[100439]: Eventlet is deprecated. It is currently being maintained in bugfix mode, and
May 09 09:04:53.081212 np0000173046 devstack@n-api.service[100439]: we strongly recommend against using it for new projects.
May 09 09:04:53.081212 np0000173046 devstack@n-api.service[100439]: If you are already using Eventlet, we recommend migrating to a different
May 09 09:04:53.081212 np0000173046 devstack@n-api.service[100439]: framework. For more detail see
May 09 09:04:53.081212 np0000173046 devstack@n-api.service[100439]: https://eventlet.readthedocs.io/en/latest/asyncio/migration.html
May 09 09:04:53.081212 np0000173046 devstack@n-api.service[100439]: import eventlet
May 09 09:04:53.101258 np0000173046 devstack@n-api.service[100436]: Service is starting with native threading. This is currently experimental. Do not use it in production without first testing it in pre-production.
May 09 09:04:53.107689 np0000173046 devstack@n-api.service[100438]: Service is starting with native threading. This is currently experimental. Do not use it in production without first testing it in pre-production.
May 09 09:04:53.115258 np0000173046 devstack@n-api.service[100437]: Service is starting with native threading. This is currently experimental. Do not use it in production without first testing it in pre-production.
May 09 09:04:53.132615 np0000173046 devstack@n-api.service[100439]: Service is starting with native threading. This is currently experimental. Do not use it in production without first testing it in pre-production.
May 09 09:04:54.543080 np0000173046 devstack@n-api.service[100437]: INFO dbcounter [None req-f4c5fc15-6386-4501-8acb-b55619e7398f None None] Registered counter for database nova_api
May 09 09:04:54.555614 np0000173046 devstack@n-api.service[100437]: DEBUG oslo_db.sqlalchemy.engines [None req-f4c5fc15-6386-4501-8acb-b55619e7398f None None] MySQL server mode set to STRICT_TRANS_TABLES,STRICT_ALL_TABLES,NO_ZERO_IN_DATE,NO_ZERO_DATE,ERROR_FOR_DIVISION_BY_ZERO,TRADITIONAL,NO_ENGINE_SUBSTITUTION {{(pid=100437) _check_effective_sql_mode /opt/stack/data/venv/lib/python3.12/site-packages/oslo_db/sqlalchemy/engines.py:325}}
May 09 09:04:54.558803 np0000173046 devstack@n-api.service[100438]: INFO dbcounter [None req-69fe7e77-f8d6-4090-aa4a-2ae53d5da4a5 None None] Registered counter for database nova_api
May 09 09:04:54.572778 np0000173046 devstack@n-api.service[100438]: DEBUG oslo_db.sqlalchemy.engines [None req-69fe7e77-f8d6-4090-aa4a-2ae53d5da4a5 None None] MySQL server mode set to STRICT_TRANS_TABLES,STRICT_ALL_TABLES,NO_ZERO_IN_DATE,NO_ZERO_DATE,ERROR_FOR_DIVISION_BY_ZERO,TRADITIONAL,NO_ENGINE_SUBSTITUTION {{(pid=100438) _check_effective_sql_mode /opt/stack/data/venv/lib/python3.12/site-packages/oslo_db/sqlalchemy/engines.py:325}}
May 09 09:04:54.574299 np0000173046 devstack@n-api.service[100436]: INFO dbcounter [None req-d89be94c-101b-4921-a419-3047cda77d1d None None] Registered counter for database nova_api
May 09 09:04:54.586568 np0000173046 devstack@n-api.service[100437]: DEBUG dbcounter [-] [100437] Writer thread running {{(pid=100437) stat_writer /opt/stack/data/venv/lib/python3.12/site-packages/dbcounter.py:102}}
May 09 09:04:54.588141 np0000173046 devstack@n-api.service[100436]: DEBUG oslo_db.sqlalchemy.engines [None req-d89be94c-101b-4921-a419-3047cda77d1d None None] MySQL server mode set to STRICT_TRANS_TABLES,STRICT_ALL_TABLES,NO_ZERO_IN_DATE,NO_ZERO_DATE,ERROR_FOR_DIVISION_BY_ZERO,TRADITIONAL,NO_ENGINE_SUBSTITUTION {{(pid=100436) _check_effective_sql_mode /opt/stack/data/venv/lib/python3.12/site-packages/oslo_db/sqlalchemy/engines.py:325}}
May 09 09:04:54.589357 np0000173046 devstack@n-api.service[100437]: DEBUG nova.context [None req-f4c5fc15-6386-4501-8acb-b55619e7398f None None] Found 2 cells: 00000000-0000-0000-0000-000000000000(cell0),98f23e9a-5e41-4935-a6e5-e400aa2f6213(cell1) {{(pid=100437) load_cells /opt/stack/nova/nova/context.py:509}}
May 09 09:04:54.589667 np0000173046 devstack@n-api.service[100437]: INFO nova.utils [None req-f4c5fc15-6386-4501-8acb-b55619e7398f None None] The cell worker thread pool MainProcess.cell_worker is initialized
May 09 09:04:54.592215 np0000173046 devstack@n-api.service[100437]: DEBUG oslo_concurrency.lockutils [None req-f4c5fc15-6386-4501-8acb-b55619e7398f None None] Acquiring lock "00000000-0000-0000-0000-000000000000" by "nova.context.set_target_cell..get_or_set_cached_cell_and_set_connections" {{(pid=100437) inner /opt/stack/data/venv/lib/python3.12/site-packages/oslo_concurrency/lockutils.py:506}}
May 09 09:04:54.592418 np0000173046 devstack@n-api.service[100437]: DEBUG oslo_concurrency.lockutils [None req-f4c5fc15-6386-4501-8acb-b55619e7398f None None] Lock "00000000-0000-0000-0000-000000000000" acquired by "nova.context.set_target_cell..get_or_set_cached_cell_and_set_connections" :: waited 0.000s {{(pid=100437) inner /opt/stack/data/venv/lib/python3.12/site-packages/oslo_concurrency/lockutils.py:519}}
May 09 09:04:54.592965 np0000173046 devstack@n-api.service[100437]: DEBUG oslo_concurrency.lockutils [None req-f4c5fc15-6386-4501-8acb-b55619e7398f None None] Lock "00000000-0000-0000-0000-000000000000" "released" by "nova.context.set_target_cell..get_or_set_cached_cell_and_set_connections" :: held 0.001s {{(pid=100437) inner /opt/stack/data/venv/lib/python3.12/site-packages/oslo_concurrency/lockutils.py:538}}
May 09 09:04:54.594111 np0000173046 devstack@n-api.service[100437]: DEBUG oslo_concurrency.lockutils [None req-f4c5fc15-6386-4501-8acb-b55619e7398f None None] Acquiring lock "98f23e9a-5e41-4935-a6e5-e400aa2f6213" by "nova.context.set_target_cell..get_or_set_cached_cell_and_set_connections" {{(pid=100437) inner /opt/stack/data/venv/lib/python3.12/site-packages/oslo_concurrency/lockutils.py:506}}
May 09 09:04:54.594341 np0000173046 devstack@n-api.service[100437]: DEBUG oslo_concurrency.lockutils [None req-f4c5fc15-6386-4501-8acb-b55619e7398f None None] Lock "98f23e9a-5e41-4935-a6e5-e400aa2f6213" acquired by "nova.context.set_target_cell..get_or_set_cached_cell_and_set_connections" :: waited 0.000s {{(pid=100437) inner /opt/stack/data/venv/lib/python3.12/site-packages/oslo_concurrency/lockutils.py:519}}
May 09 09:04:54.595556 np0000173046 devstack@n-api.service[100437]: DEBUG oslo_concurrency.lockutils [None req-f4c5fc15-6386-4501-8acb-b55619e7398f None None] Lock "98f23e9a-5e41-4935-a6e5-e400aa2f6213" "released" by "nova.context.set_target_cell..get_or_set_cached_cell_and_set_connections" :: held 0.001s {{(pid=100437) inner /opt/stack/data/venv/lib/python3.12/site-packages/oslo_concurrency/lockutils.py:538}}
May 09 09:04:54.598903 np0000173046 devstack@n-api.service[100437]: INFO dbcounter [None req-f4c5fc15-6386-4501-8acb-b55619e7398f None None] Registered counter for database nova_cell0
May 09 09:04:54.604334 np0000173046 devstack@n-api.service[100437]: INFO dbcounter [None req-f4c5fc15-6386-4501-8acb-b55619e7398f None None] Registered counter for database nova_cell1
May 09 09:04:54.606669 np0000173046 devstack@n-api.service[100438]: DEBUG dbcounter [-] [100438] Writer thread running {{(pid=100438) stat_writer /opt/stack/data/venv/lib/python3.12/site-packages/dbcounter.py:102}}
May 09 09:04:54.609306 np0000173046 devstack@n-api.service[100438]: DEBUG nova.context [None req-69fe7e77-f8d6-4090-aa4a-2ae53d5da4a5 None None] Found 2 cells: 00000000-0000-0000-0000-000000000000(cell0),98f23e9a-5e41-4935-a6e5-e400aa2f6213(cell1) {{(pid=100438) load_cells /opt/stack/nova/nova/context.py:509}}
May 09 09:04:54.609531 np0000173046 devstack@n-api.service[100438]: INFO nova.utils [None req-69fe7e77-f8d6-4090-aa4a-2ae53d5da4a5 None None] The cell worker thread pool MainProcess.cell_worker is initialized
May 09 09:04:54.611470 np0000173046 devstack@n-api.service[100438]: DEBUG oslo_concurrency.lockutils [None req-69fe7e77-f8d6-4090-aa4a-2ae53d5da4a5 None None] Acquiring lock "00000000-0000-0000-0000-000000000000" by "nova.context.set_target_cell..get_or_set_cached_cell_and_set_connections" {{(pid=100438) inner /opt/stack/data/venv/lib/python3.12/site-packages/oslo_concurrency/lockutils.py:506}}
May 09 09:04:54.611665 np0000173046 devstack@n-api.service[100438]: DEBUG oslo_concurrency.lockutils [None req-69fe7e77-f8d6-4090-aa4a-2ae53d5da4a5 None None] Lock "00000000-0000-0000-0000-000000000000" acquired by "nova.context.set_target_cell..get_or_set_cached_cell_and_set_connections" :: waited 0.000s {{(pid=100438) inner /opt/stack/data/venv/lib/python3.12/site-packages/oslo_concurrency/lockutils.py:519}}
May 09 09:04:54.612054 np0000173046 devstack@n-api.service[100438]: DEBUG oslo_concurrency.lockutils [None req-69fe7e77-f8d6-4090-aa4a-2ae53d5da4a5 None None] Lock "00000000-0000-0000-0000-000000000000" "released" by "nova.context.set_target_cell..get_or_set_cached_cell_and_set_connections" :: held 0.000s {{(pid=100438) inner /opt/stack/data/venv/lib/python3.12/site-packages/oslo_concurrency/lockutils.py:538}}
May 09 09:04:54.612821 np0000173046 devstack@n-api.service[100438]: DEBUG oslo_concurrency.lockutils [None req-69fe7e77-f8d6-4090-aa4a-2ae53d5da4a5 None None] Acquiring lock "98f23e9a-5e41-4935-a6e5-e400aa2f6213" by "nova.context.set_target_cell..get_or_set_cached_cell_and_set_connections" {{(pid=100438) inner /opt/stack/data/venv/lib/python3.12/site-packages/oslo_concurrency/lockutils.py:506}}
May 09 09:04:54.613015 np0000173046 devstack@n-api.service[100438]: DEBUG oslo_concurrency.lockutils [None req-69fe7e77-f8d6-4090-aa4a-2ae53d5da4a5 None None] Lock "98f23e9a-5e41-4935-a6e5-e400aa2f6213" acquired by "nova.context.set_target_cell..get_or_set_cached_cell_and_set_connections" :: waited 0.000s {{(pid=100438) inner /opt/stack/data/venv/lib/python3.12/site-packages/oslo_concurrency/lockutils.py:519}}
May 09 09:04:54.613203 np0000173046 devstack@n-api.service[100437]: DEBUG oslo_db.sqlalchemy.engines [None req-f4c5fc15-6386-4501-8acb-b55619e7398f None None] MySQL server mode set to STRICT_TRANS_TABLES,STRICT_ALL_TABLES,NO_ZERO_IN_DATE,NO_ZERO_DATE,ERROR_FOR_DIVISION_BY_ZERO,TRADITIONAL,NO_ENGINE_SUBSTITUTION {{(pid=100437) _check_effective_sql_mode /opt/stack/data/venv/lib/python3.12/site-packages/oslo_db/sqlalchemy/engines.py:325}}
May 09 09:04:54.613836 np0000173046 devstack@n-api.service[100438]: DEBUG oslo_concurrency.lockutils [None req-69fe7e77-f8d6-4090-aa4a-2ae53d5da4a5 None None] Lock "98f23e9a-5e41-4935-a6e5-e400aa2f6213" "released" by "nova.context.set_target_cell..get_or_set_cached_cell_and_set_connections" :: held 0.001s {{(pid=100438) inner /opt/stack/data/venv/lib/python3.12/site-packages/oslo_concurrency/lockutils.py:538}}
May 09 09:04:54.616661 np0000173046 devstack@n-api.service[100438]: INFO dbcounter [None req-69fe7e77-f8d6-4090-aa4a-2ae53d5da4a5 None None] Registered counter for database nova_cell0
May 09 09:04:54.620080 np0000173046 devstack@n-api.service[100436]: DEBUG dbcounter [-] [100436] Writer thread running {{(pid=100436) stat_writer /opt/stack/data/venv/lib/python3.12/site-packages/dbcounter.py:102}}
May 09 09:04:54.622426 np0000173046 devstack@n-api.service[100436]: DEBUG nova.context [None req-d89be94c-101b-4921-a419-3047cda77d1d None None] Found 2 cells: 00000000-0000-0000-0000-000000000000(cell0),98f23e9a-5e41-4935-a6e5-e400aa2f6213(cell1) {{(pid=100436) load_cells /opt/stack/nova/nova/context.py:509}}
May 09 09:04:54.622585 np0000173046 devstack@n-api.service[100436]: INFO nova.utils [None req-d89be94c-101b-4921-a419-3047cda77d1d None None] The cell worker thread pool MainProcess.cell_worker is initialized
May 09 09:04:54.623500 np0000173046 devstack@n-api.service[100438]: INFO dbcounter [None req-69fe7e77-f8d6-4090-aa4a-2ae53d5da4a5 None None] Registered counter for database nova_cell1
May 09 09:04:54.624345 np0000173046 devstack@n-api.service[100436]: DEBUG oslo_concurrency.lockutils [None req-d89be94c-101b-4921-a419-3047cda77d1d None None] Acquiring lock "00000000-0000-0000-0000-000000000000" by "nova.context.set_target_cell..get_or_set_cached_cell_and_set_connections" {{(pid=100436) inner /opt/stack/data/venv/lib/python3.12/site-packages/oslo_concurrency/lockutils.py:506}}
May 09 09:04:54.624762 np0000173046 devstack@n-api.service[100436]: DEBUG oslo_concurrency.lockutils [None req-d89be94c-101b-4921-a419-3047cda77d1d None None] Lock "00000000-0000-0000-0000-000000000000" acquired by "nova.context.set_target_cell..get_or_set_cached_cell_and_set_connections" :: waited 0.000s {{(pid=100436) inner /opt/stack/data/venv/lib/python3.12/site-packages/oslo_concurrency/lockutils.py:519}}
May 09 09:04:54.624870 np0000173046 devstack@n-api.service[100436]: DEBUG oslo_concurrency.lockutils [None req-d89be94c-101b-4921-a419-3047cda77d1d None None] Lock "00000000-0000-0000-0000-000000000000" "released" by "nova.context.set_target_cell..get_or_set_cached_cell_and_set_connections" :: held 0.000s {{(pid=100436) inner /opt/stack/data/venv/lib/python3.12/site-packages/oslo_concurrency/lockutils.py:538}}
May 09 09:04:54.625691 np0000173046 devstack@n-api.service[100436]: DEBUG oslo_concurrency.lockutils [None req-d89be94c-101b-4921-a419-3047cda77d1d None None] Acquiring lock "98f23e9a-5e41-4935-a6e5-e400aa2f6213" by "nova.context.set_target_cell..get_or_set_cached_cell_and_set_connections" {{(pid=100436) inner /opt/stack/data/venv/lib/python3.12/site-packages/oslo_concurrency/lockutils.py:506}}
May 09 09:04:54.625851 np0000173046 devstack@n-api.service[100436]: DEBUG oslo_concurrency.lockutils [None req-d89be94c-101b-4921-a419-3047cda77d1d None None] Lock "98f23e9a-5e41-4935-a6e5-e400aa2f6213" acquired by "nova.context.set_target_cell..get_or_set_cached_cell_and_set_connections" :: waited 0.000s {{(pid=100436) inner /opt/stack/data/venv/lib/python3.12/site-packages/oslo_concurrency/lockutils.py:519}}
May 09 09:04:54.626663 np0000173046 devstack@n-api.service[100436]: DEBUG oslo_concurrency.lockutils [None req-d89be94c-101b-4921-a419-3047cda77d1d None None] Lock "98f23e9a-5e41-4935-a6e5-e400aa2f6213" "released" by "nova.context.set_target_cell..get_or_set_cached_cell_and_set_connections" :: held 0.001s {{(pid=100436) inner /opt/stack/data/venv/lib/python3.12/site-packages/oslo_concurrency/lockutils.py:538}}
May 09 09:04:54.630540 np0000173046 devstack@n-api.service[100436]: INFO dbcounter [None req-d89be94c-101b-4921-a419-3047cda77d1d None None] Registered counter for database nova_cell0
May 09 09:04:54.635076 np0000173046 devstack@n-api.service[100437]: DEBUG oslo_db.sqlalchemy.engines [None req-f4c5fc15-6386-4501-8acb-b55619e7398f None None] MySQL server mode set to STRICT_TRANS_TABLES,STRICT_ALL_TABLES,NO_ZERO_IN_DATE,NO_ZERO_DATE,ERROR_FOR_DIVISION_BY_ZERO,TRADITIONAL,NO_ENGINE_SUBSTITUTION {{(pid=100437) _check_effective_sql_mode /opt/stack/data/venv/lib/python3.12/site-packages/oslo_db/sqlalchemy/engines.py:325}}
May 09 09:04:54.635753 np0000173046 devstack@n-api.service[100438]: DEBUG oslo_db.sqlalchemy.engines [None req-69fe7e77-f8d6-4090-aa4a-2ae53d5da4a5 None None] MySQL server mode set to STRICT_TRANS_TABLES,STRICT_ALL_TABLES,NO_ZERO_IN_DATE,NO_ZERO_DATE,ERROR_FOR_DIVISION_BY_ZERO,TRADITIONAL,NO_ENGINE_SUBSTITUTION {{(pid=100438) _check_effective_sql_mode /opt/stack/data/venv/lib/python3.12/site-packages/oslo_db/sqlalchemy/engines.py:325}}
May 09 09:04:54.640142 np0000173046 devstack@n-api.service[100436]: INFO dbcounter [None req-d89be94c-101b-4921-a419-3047cda77d1d None None] Registered counter for database nova_cell1
May 09 09:04:54.700833 np0000173046 devstack@n-api.service[100437]: DEBUG dbcounter [-] [100437] Writer thread running {{(pid=100437) stat_writer /opt/stack/data/venv/lib/python3.12/site-packages/dbcounter.py:102}}
May 09 09:04:54.706512 np0000173046 devstack@n-api.service[100436]: DEBUG oslo_db.sqlalchemy.engines [None req-d89be94c-101b-4921-a419-3047cda77d1d None None] MySQL server mode set to STRICT_TRANS_TABLES,STRICT_ALL_TABLES,NO_ZERO_IN_DATE,NO_ZERO_DATE,ERROR_FOR_DIVISION_BY_ZERO,TRADITIONAL,NO_ENGINE_SUBSTITUTION {{(pid=100436) _check_effective_sql_mode /opt/stack/data/venv/lib/python3.12/site-packages/oslo_db/sqlalchemy/engines.py:325}}
May 09 09:04:54.706886 np0000173046 devstack@n-api.service[100437]: DEBUG dbcounter [-] [100437] Writer thread running {{(pid=100437) stat_writer /opt/stack/data/venv/lib/python3.12/site-packages/dbcounter.py:102}}
May 09 09:04:54.708027 np0000173046 devstack@n-api.service[100438]: DEBUG oslo_db.sqlalchemy.engines [None req-69fe7e77-f8d6-4090-aa4a-2ae53d5da4a5 None None] MySQL server mode set to STRICT_TRANS_TABLES,STRICT_ALL_TABLES,NO_ZERO_IN_DATE,NO_ZERO_DATE,ERROR_FOR_DIVISION_BY_ZERO,TRADITIONAL,NO_ENGINE_SUBSTITUTION {{(pid=100438) _check_effective_sql_mode /opt/stack/data/venv/lib/python3.12/site-packages/oslo_db/sqlalchemy/engines.py:325}}
May 09 09:04:54.711640 np0000173046 devstack@n-api.service[100436]: DEBUG oslo_db.sqlalchemy.engines [None req-d89be94c-101b-4921-a419-3047cda77d1d None None] MySQL server mode set to STRICT_TRANS_TABLES,STRICT_ALL_TABLES,NO_ZERO_IN_DATE,NO_ZERO_DATE,ERROR_FOR_DIVISION_BY_ZERO,TRADITIONAL,NO_ENGINE_SUBSTITUTION {{(pid=100436) _check_effective_sql_mode /opt/stack/data/venv/lib/python3.12/site-packages/oslo_db/sqlalchemy/engines.py:325}}
May 09 09:04:54.712969 np0000173046 devstack@n-api.service[100437]: INFO dbcounter [None req-f4c5fc15-6386-4501-8acb-b55619e7398f None None] Registered counter for database nova_cell0
May 09 09:04:54.723251 np0000173046 devstack@n-api.service[100437]: DEBUG oslo_db.sqlalchemy.engines [None req-f4c5fc15-6386-4501-8acb-b55619e7398f None None] MySQL server mode set to STRICT_TRANS_TABLES,STRICT_ALL_TABLES,NO_ZERO_IN_DATE,NO_ZERO_DATE,ERROR_FOR_DIVISION_BY_ZERO,TRADITIONAL,NO_ENGINE_SUBSTITUTION {{(pid=100437) _check_effective_sql_mode /opt/stack/data/venv/lib/python3.12/site-packages/oslo_db/sqlalchemy/engines.py:325}}
May 09 09:04:54.733426 np0000173046 devstack@n-api.service[100437]: DEBUG dbcounter [-] [100437] Writer thread running {{(pid=100437) stat_writer /opt/stack/data/venv/lib/python3.12/site-packages/dbcounter.py:102}}
May 09 09:04:54.770329 np0000173046 devstack@n-api.service[100439]: INFO dbcounter [None req-ac7516e8-4214-450d-8abf-7955af617fff None None] Registered counter for database nova_api
May 09 09:04:54.787256 np0000173046 devstack@n-api.service[100439]: DEBUG oslo_db.sqlalchemy.engines [None req-ac7516e8-4214-450d-8abf-7955af617fff None None] MySQL server mode set to STRICT_TRANS_TABLES,STRICT_ALL_TABLES,NO_ZERO_IN_DATE,NO_ZERO_DATE,ERROR_FOR_DIVISION_BY_ZERO,TRADITIONAL,NO_ENGINE_SUBSTITUTION {{(pid=100439) _check_effective_sql_mode /opt/stack/data/venv/lib/python3.12/site-packages/oslo_db/sqlalchemy/engines.py:325}}
May 09 09:04:54.794017 np0000173046 devstack@n-api.service[100438]: DEBUG dbcounter [-] [100438] Writer thread running {{(pid=100438) stat_writer /opt/stack/data/venv/lib/python3.12/site-packages/dbcounter.py:102}}
May 09 09:04:54.800290 np0000173046 devstack@n-api.service[100438]: DEBUG dbcounter [-] [100438] Writer thread running {{(pid=100438) stat_writer /opt/stack/data/venv/lib/python3.12/site-packages/dbcounter.py:102}}
May 09 09:04:54.805608 np0000173046 devstack@n-api.service[100438]: INFO dbcounter [None req-69fe7e77-f8d6-4090-aa4a-2ae53d5da4a5 None None] Registered counter for database nova_cell0
May 09 09:04:54.810112 np0000173046 devstack@n-api.service[100436]: DEBUG dbcounter [-] [100436] Writer thread running {{(pid=100436) stat_writer /opt/stack/data/venv/lib/python3.12/site-packages/dbcounter.py:102}}
May 09 09:04:54.817007 np0000173046 devstack@n-api.service[100436]: DEBUG dbcounter [-] [100436] Writer thread running {{(pid=100436) stat_writer /opt/stack/data/venv/lib/python3.12/site-packages/dbcounter.py:102}}
May 09 09:04:54.824621 np0000173046 devstack@n-api.service[100439]: DEBUG dbcounter [-] [100439] Writer thread running {{(pid=100439) stat_writer /opt/stack/data/venv/lib/python3.12/site-packages/dbcounter.py:102}}
May 09 09:04:54.827227 np0000173046 devstack@n-api.service[100438]: DEBUG oslo_db.sqlalchemy.engines [None req-69fe7e77-f8d6-4090-aa4a-2ae53d5da4a5 None None] MySQL server mode set to STRICT_TRANS_TABLES,STRICT_ALL_TABLES,NO_ZERO_IN_DATE,NO_ZERO_DATE,ERROR_FOR_DIVISION_BY_ZERO,TRADITIONAL,NO_ENGINE_SUBSTITUTION {{(pid=100438) _check_effective_sql_mode /opt/stack/data/venv/lib/python3.12/site-packages/oslo_db/sqlalchemy/engines.py:325}}
May 09 09:04:54.839744 np0000173046 devstack@n-api.service[100438]: DEBUG dbcounter [-] [100438] Writer thread running {{(pid=100438) stat_writer /opt/stack/data/venv/lib/python3.12/site-packages/dbcounter.py:102}}
May 09 09:04:54.876927 np0000173046 devstack@n-api.service[100439]: DEBUG nova.context [None req-ac7516e8-4214-450d-8abf-7955af617fff None None] Found 2 cells: 00000000-0000-0000-0000-000000000000(cell0),98f23e9a-5e41-4935-a6e5-e400aa2f6213(cell1) {{(pid=100439) load_cells /opt/stack/nova/nova/context.py:509}}
May 09 09:04:54.877440 np0000173046 devstack@n-api.service[100439]: INFO nova.utils [None req-ac7516e8-4214-450d-8abf-7955af617fff None None] The cell worker thread pool MainProcess.cell_worker is initialized
May 09 09:04:54.881624 np0000173046 devstack@n-api.service[100439]: DEBUG oslo_concurrency.lockutils [None req-ac7516e8-4214-450d-8abf-7955af617fff None None] Acquiring lock "00000000-0000-0000-0000-000000000000" by "nova.context.set_target_cell..get_or_set_cached_cell_and_set_connections" {{(pid=100439) inner /opt/stack/data/venv/lib/python3.12/site-packages/oslo_concurrency/lockutils.py:506}}
May 09 09:04:54.882020 np0000173046 devstack@n-api.service[100439]: DEBUG oslo_concurrency.lockutils [None req-ac7516e8-4214-450d-8abf-7955af617fff None None] Lock "00000000-0000-0000-0000-000000000000" acquired by "nova.context.set_target_cell..get_or_set_cached_cell_and_set_connections" :: waited 0.000s {{(pid=100439) inner /opt/stack/data/venv/lib/python3.12/site-packages/oslo_concurrency/lockutils.py:519}}
May 09 09:04:54.882894 np0000173046 devstack@n-api.service[100439]: DEBUG oslo_concurrency.lockutils [None req-ac7516e8-4214-450d-8abf-7955af617fff None None] Lock "00000000-0000-0000-0000-000000000000" "released" by "nova.context.set_target_cell..get_or_set_cached_cell_and_set_connections" :: held 0.001s {{(pid=100439) inner /opt/stack/data/venv/lib/python3.12/site-packages/oslo_concurrency/lockutils.py:538}}
May 09 09:04:54.884090 np0000173046 devstack@n-api.service[100436]: INFO dbcounter [None req-d89be94c-101b-4921-a419-3047cda77d1d None None] Registered counter for database nova_cell0
May 09 09:04:54.884197 np0000173046 devstack@n-api.service[100439]: DEBUG oslo_concurrency.lockutils [None req-ac7516e8-4214-450d-8abf-7955af617fff None None] Acquiring lock "98f23e9a-5e41-4935-a6e5-e400aa2f6213" by "nova.context.set_target_cell..get_or_set_cached_cell_and_set_connections" {{(pid=100439) inner /opt/stack/data/venv/lib/python3.12/site-packages/oslo_concurrency/lockutils.py:506}}
May 09 09:04:54.884324 np0000173046 devstack@n-api.service[100439]: DEBUG oslo_concurrency.lockutils [None req-ac7516e8-4214-450d-8abf-7955af617fff None None] Lock "98f23e9a-5e41-4935-a6e5-e400aa2f6213" acquired by "nova.context.set_target_cell..get_or_set_cached_cell_and_set_connections" :: waited 0.000s {{(pid=100439) inner /opt/stack/data/venv/lib/python3.12/site-packages/oslo_concurrency/lockutils.py:519}}
May 09 09:04:54.885261 np0000173046 devstack@n-api.service[100439]: DEBUG oslo_concurrency.lockutils [None req-ac7516e8-4214-450d-8abf-7955af617fff None None] Lock "98f23e9a-5e41-4935-a6e5-e400aa2f6213" "released" by "nova.context.set_target_cell..get_or_set_cached_cell_and_set_connections" :: held 0.001s {{(pid=100439) inner /opt/stack/data/venv/lib/python3.12/site-packages/oslo_concurrency/lockutils.py:538}}
May 09 09:04:54.889189 np0000173046 devstack@n-api.service[100439]: INFO dbcounter [None req-ac7516e8-4214-450d-8abf-7955af617fff None None] Registered counter for database nova_cell0
May 09 09:04:54.894879 np0000173046 devstack@n-api.service[100439]: INFO dbcounter [None req-ac7516e8-4214-450d-8abf-7955af617fff None None] Registered counter for database nova_cell1
May 09 09:04:54.896756 np0000173046 devstack@n-api.service[100436]: DEBUG oslo_db.sqlalchemy.engines [None req-d89be94c-101b-4921-a419-3047cda77d1d None None] MySQL server mode set to STRICT_TRANS_TABLES,STRICT_ALL_TABLES,NO_ZERO_IN_DATE,NO_ZERO_DATE,ERROR_FOR_DIVISION_BY_ZERO,TRADITIONAL,NO_ENGINE_SUBSTITUTION {{(pid=100436) _check_effective_sql_mode /opt/stack/data/venv/lib/python3.12/site-packages/oslo_db/sqlalchemy/engines.py:325}}
May 09 09:04:54.908315 np0000173046 devstack@n-api.service[100439]: DEBUG oslo_db.sqlalchemy.engines [None req-ac7516e8-4214-450d-8abf-7955af617fff None None] MySQL server mode set to STRICT_TRANS_TABLES,STRICT_ALL_TABLES,NO_ZERO_IN_DATE,NO_ZERO_DATE,ERROR_FOR_DIVISION_BY_ZERO,TRADITIONAL,NO_ENGINE_SUBSTITUTION {{(pid=100439) _check_effective_sql_mode /opt/stack/data/venv/lib/python3.12/site-packages/oslo_db/sqlalchemy/engines.py:325}}
May 09 09:04:54.908418 np0000173046 devstack@n-api.service[100436]: DEBUG dbcounter [-] [100436] Writer thread running {{(pid=100436) stat_writer /opt/stack/data/venv/lib/python3.12/site-packages/dbcounter.py:102}}
May 09 09:04:54.917093 np0000173046 devstack@n-api.service[100439]: DEBUG oslo_db.sqlalchemy.engines [None req-ac7516e8-4214-450d-8abf-7955af617fff None None] MySQL server mode set to STRICT_TRANS_TABLES,STRICT_ALL_TABLES,NO_ZERO_IN_DATE,NO_ZERO_DATE,ERROR_FOR_DIVISION_BY_ZERO,TRADITIONAL,NO_ENGINE_SUBSTITUTION {{(pid=100439) _check_effective_sql_mode /opt/stack/data/venv/lib/python3.12/site-packages/oslo_db/sqlalchemy/engines.py:325}}
May 09 09:04:55.012043 np0000173046 devstack@n-api.service[100439]: DEBUG dbcounter [-] [100439] Writer thread running {{(pid=100439) stat_writer /opt/stack/data/venv/lib/python3.12/site-packages/dbcounter.py:102}}
May 09 09:04:55.019162 np0000173046 devstack@n-api.service[100439]: DEBUG dbcounter [-] [100439] Writer thread running {{(pid=100439) stat_writer /opt/stack/data/venv/lib/python3.12/site-packages/dbcounter.py:102}}
May 09 09:04:55.023607 np0000173046 devstack@n-api.service[100439]: INFO dbcounter [None req-ac7516e8-4214-450d-8abf-7955af617fff None None] Registered counter for database nova_cell0
May 09 09:04:55.035976 np0000173046 devstack@n-api.service[100439]: DEBUG oslo_db.sqlalchemy.engines [None req-ac7516e8-4214-450d-8abf-7955af617fff None None] MySQL server mode set to STRICT_TRANS_TABLES,STRICT_ALL_TABLES,NO_ZERO_IN_DATE,NO_ZERO_DATE,ERROR_FOR_DIVISION_BY_ZERO,TRADITIONAL,NO_ENGINE_SUBSTITUTION {{(pid=100439) _check_effective_sql_mode /opt/stack/data/venv/lib/python3.12/site-packages/oslo_db/sqlalchemy/engines.py:325}}
May 09 09:04:55.046478 np0000173046 devstack@n-api.service[100439]: DEBUG dbcounter [-] [100439] Writer thread running {{(pid=100439) stat_writer /opt/stack/data/venv/lib/python3.12/site-packages/dbcounter.py:102}}
May 09 09:04:55.208891 np0000173046 devstack@n-api.service[100437]: DEBUG oslo_concurrency.processutils [None req-f4c5fc15-6386-4501-8acb-b55619e7398f None None] Running cmd (subprocess): grep -F node.session.scan /sbin/iscsiadm {{(pid=100437) execute /opt/stack/data/venv/lib/python3.12/site-packages/oslo_concurrency/processutils.py:440}}
May 09 09:04:55.225843 np0000173046 devstack@n-api.service[100437]: DEBUG oslo_concurrency.processutils [None req-f4c5fc15-6386-4501-8acb-b55619e7398f None None] CMD "grep -F node.session.scan /sbin/iscsiadm" returned: 0 in 0.017s {{(pid=100437) execute /opt/stack/data/venv/lib/python3.12/site-packages/oslo_concurrency/processutils.py:468}}
May 09 09:04:55.324522 np0000173046 devstack@n-api.service[100438]: DEBUG oslo_concurrency.processutils [None req-69fe7e77-f8d6-4090-aa4a-2ae53d5da4a5 None None] Running cmd (subprocess): grep -F node.session.scan /sbin/iscsiadm {{(pid=100438) execute /opt/stack/data/venv/lib/python3.12/site-packages/oslo_concurrency/processutils.py:440}}
May 09 09:04:55.344238 np0000173046 devstack@n-api.service[100438]: DEBUG oslo_concurrency.processutils [None req-69fe7e77-f8d6-4090-aa4a-2ae53d5da4a5 None None] CMD "grep -F node.session.scan /sbin/iscsiadm" returned: 0 in 0.020s {{(pid=100438) execute /opt/stack/data/venv/lib/python3.12/site-packages/oslo_concurrency/processutils.py:468}}
May 09 09:04:55.351732 np0000173046 devstack@n-api.service[100436]: DEBUG oslo_concurrency.processutils [None req-d89be94c-101b-4921-a419-3047cda77d1d None None] Running cmd (subprocess): grep -F node.session.scan /sbin/iscsiadm {{(pid=100436) execute /opt/stack/data/venv/lib/python3.12/site-packages/oslo_concurrency/processutils.py:440}}
May 09 09:04:55.369493 np0000173046 devstack@n-api.service[100436]: DEBUG oslo_concurrency.processutils [None req-d89be94c-101b-4921-a419-3047cda77d1d None None] CMD "grep -F node.session.scan /sbin/iscsiadm" returned: 0 in 0.018s {{(pid=100436) execute /opt/stack/data/venv/lib/python3.12/site-packages/oslo_concurrency/processutils.py:468}}
May 09 09:04:55.624527 np0000173046 devstack@n-api.service[100439]: DEBUG oslo_concurrency.processutils [None req-ac7516e8-4214-450d-8abf-7955af617fff None None] Running cmd (subprocess): grep -F node.session.scan /sbin/iscsiadm {{(pid=100439) execute /opt/stack/data/venv/lib/python3.12/site-packages/oslo_concurrency/processutils.py:440}}
May 09 09:04:55.646261 np0000173046 devstack@n-api.service[100436]: WARNING keystonemiddleware.auth_token [None req-d89be94c-101b-4921-a419-3047cda77d1d None None] AuthToken middleware is set with keystone_authtoken.service_token_roles_required set to False. This is backwards compatible but deprecated behaviour. Please set this to True.
May 09 09:04:55.649408 np0000173046 devstack@n-api.service[100437]: WARNING keystonemiddleware.auth_token [None req-f4c5fc15-6386-4501-8acb-b55619e7398f None None] AuthToken middleware is set with keystone_authtoken.service_token_roles_required set to False. This is backwards compatible but deprecated behaviour. Please set this to True.
May 09 09:04:55.650475 np0000173046 devstack@n-api.service[100439]: DEBUG oslo_concurrency.processutils [None req-ac7516e8-4214-450d-8abf-7955af617fff None None] CMD "grep -F node.session.scan /sbin/iscsiadm" returned: 0 in 0.026s {{(pid=100439) execute /opt/stack/data/venv/lib/python3.12/site-packages/oslo_concurrency/processutils.py:468}}
May 09 09:04:55.653033 np0000173046 devstack@n-api.service[100438]: WARNING keystonemiddleware.auth_token [None req-69fe7e77-f8d6-4090-aa4a-2ae53d5da4a5 None None] AuthToken middleware is set with keystone_authtoken.service_token_roles_required set to False. This is backwards compatible but deprecated behaviour. Please set this to True.
May 09 09:04:55.830091 np0000173046 devstack@n-api.service[100436]: WARNING keystonemiddleware.auth_token [None req-d89be94c-101b-4921-a419-3047cda77d1d None None] AuthToken middleware is set with keystone_authtoken.service_token_roles_required set to False. This is backwards compatible but deprecated behaviour. Please set this to True.
May 09 09:04:55.835586 np0000173046 devstack@n-api.service[100436]: DEBUG nova.api.openstack.wsgi_app [None req-d89be94c-101b-4921-a419-3047cda77d1d None None] ******************************************************************************** {{(pid=100436) log_opt_values /opt/stack/data/venv/lib/python3.12/site-packages/oslo_config/cfg.py:2979}}
May 09 09:04:55.835720 np0000173046 devstack@n-api.service[100436]: DEBUG nova.api.openstack.wsgi_app [None req-d89be94c-101b-4921-a419-3047cda77d1d None None] Configuration options gathered from: {{(pid=100436) log_opt_values /opt/stack/data/venv/lib/python3.12/site-packages/oslo_config/cfg.py:2980}}
May 09 09:04:55.836062 np0000173046 devstack@n-api.service[100436]: DEBUG nova.api.openstack.wsgi_app [None req-d89be94c-101b-4921-a419-3047cda77d1d None None] command line args: [] {{(pid=100436) log_opt_values /opt/stack/data/venv/lib/python3.12/site-packages/oslo_config/cfg.py:2981}}
May 09 09:04:55.836287 np0000173046 devstack@n-api.service[100436]: DEBUG nova.api.openstack.wsgi_app [None req-d89be94c-101b-4921-a419-3047cda77d1d None None] config files: ['/etc/nova/api-paste.ini', '/etc/nova/nova.conf'] {{(pid=100436) log_opt_values /opt/stack/data/venv/lib/python3.12/site-packages/oslo_config/cfg.py:2982}}
May 09 09:04:55.836405 np0000173046 devstack@n-api.service[100436]: DEBUG nova.api.openstack.wsgi_app [None req-d89be94c-101b-4921-a419-3047cda77d1d None None] ================================================================================ {{(pid=100436) log_opt_values /opt/stack/data/venv/lib/python3.12/site-packages/oslo_config/cfg.py:2987}}
May 09 09:04:55.836553 np0000173046 devstack@n-api.service[100436]: DEBUG nova.api.openstack.wsgi_app [None req-d89be94c-101b-4921-a419-3047cda77d1d None None] allow_resize_to_same_host = True {{(pid=100436) log_opt_values /opt/stack/data/venv/lib/python3.12/site-packages/oslo_config/cfg.py:2995}}
May 09 09:04:55.836657 np0000173046 devstack@n-api.service[100436]: DEBUG nova.api.openstack.wsgi_app [None req-d89be94c-101b-4921-a419-3047cda77d1d None None] arq_binding_timeout = 300 {{(pid=100436) log_opt_values /opt/stack/data/venv/lib/python3.12/site-packages/oslo_config/cfg.py:2995}}
May 09 09:04:55.836808 np0000173046 devstack@n-api.service[100436]: DEBUG nova.api.openstack.wsgi_app [None req-d89be94c-101b-4921-a419-3047cda77d1d None None] block_device_allocate_retries = 60 {{(pid=100436) log_opt_values /opt/stack/data/venv/lib/python3.12/site-packages/oslo_config/cfg.py:2995}}
May 09 09:04:55.836968 np0000173046 devstack@n-api.service[100436]: DEBUG nova.api.openstack.wsgi_app [None req-d89be94c-101b-4921-a419-3047cda77d1d None None] block_device_allocate_retries_interval = 3 {{(pid=100436) log_opt_values /opt/stack/data/venv/lib/python3.12/site-packages/oslo_config/cfg.py:2995}}
May 09 09:04:55.837084 np0000173046 devstack@n-api.service[100436]: DEBUG nova.api.openstack.wsgi_app [None req-d89be94c-101b-4921-a419-3047cda77d1d None None] cell_worker_thread_pool_size = 5 {{(pid=100436) log_opt_values /opt/stack/data/venv/lib/python3.12/site-packages/oslo_config/cfg.py:2995}}
May 09 09:04:55.837235 np0000173046 devstack@n-api.service[100436]: DEBUG nova.api.openstack.wsgi_app [None req-d89be94c-101b-4921-a419-3047cda77d1d None None] cert = self.pem {{(pid=100436) log_opt_values /opt/stack/data/venv/lib/python3.12/site-packages/oslo_config/cfg.py:2995}}
May 09 09:04:55.837342 np0000173046 devstack@n-api.service[100436]: DEBUG nova.api.openstack.wsgi_app [None req-d89be94c-101b-4921-a419-3047cda77d1d None None] compute_driver = libvirt.LibvirtDriver {{(pid=100436) log_opt_values /opt/stack/data/venv/lib/python3.12/site-packages/oslo_config/cfg.py:2995}}
May 09 09:04:55.837508 np0000173046 devstack@n-api.service[100436]: DEBUG nova.api.openstack.wsgi_app [None req-d89be94c-101b-4921-a419-3047cda77d1d None None] compute_monitors = [] {{(pid=100436) log_opt_values /opt/stack/data/venv/lib/python3.12/site-packages/oslo_config/cfg.py:2995}}
May 09 09:04:55.837567 np0000173046 devstack@n-api.service[100436]: DEBUG nova.api.openstack.wsgi_app [None req-d89be94c-101b-4921-a419-3047cda77d1d None None] config_dir = [] {{(pid=100436) log_opt_values /opt/stack/data/venv/lib/python3.12/site-packages/oslo_config/cfg.py:2995}}
May 09 09:04:55.837737 np0000173046 devstack@n-api.service[100436]: DEBUG nova.api.openstack.wsgi_app [None req-d89be94c-101b-4921-a419-3047cda77d1d None None] config_drive_format = iso9660 {{(pid=100436) log_opt_values /opt/stack/data/venv/lib/python3.12/site-packages/oslo_config/cfg.py:2995}}
May 09 09:04:55.837863 np0000173046 devstack@n-api.service[100436]: DEBUG nova.api.openstack.wsgi_app [None req-d89be94c-101b-4921-a419-3047cda77d1d None None] config_file = ['/etc/nova/api-paste.ini', '/etc/nova/nova.conf'] {{(pid=100436) log_opt_values /opt/stack/data/venv/lib/python3.12/site-packages/oslo_config/cfg.py:2995}}
May 09 09:04:55.838013 np0000173046 devstack@n-api.service[100436]: DEBUG nova.api.openstack.wsgi_app [None req-d89be94c-101b-4921-a419-3047cda77d1d None None] config_source = [] {{(pid=100436) log_opt_values /opt/stack/data/venv/lib/python3.12/site-packages/oslo_config/cfg.py:2995}}
May 09 09:04:55.838169 np0000173046 devstack@n-api.service[100436]: DEBUG nova.api.openstack.wsgi_app [None req-d89be94c-101b-4921-a419-3047cda77d1d None None] console_host = np0000173046 {{(pid=100436) log_opt_values /opt/stack/data/venv/lib/python3.12/site-packages/oslo_config/cfg.py:2995}}
May 09 09:04:55.838276 np0000173046 devstack@n-api.service[100436]: DEBUG nova.api.openstack.wsgi_app [None req-d89be94c-101b-4921-a419-3047cda77d1d None None] control_exchange = nova {{(pid=100436) log_opt_values /opt/stack/data/venv/lib/python3.12/site-packages/oslo_config/cfg.py:2995}}
May 09 09:04:55.838407 np0000173046 devstack@n-api.service[100436]: DEBUG nova.api.openstack.wsgi_app [None req-d89be94c-101b-4921-a419-3047cda77d1d None None] cpu_allocation_ratio = None {{(pid=100436) log_opt_values /opt/stack/data/venv/lib/python3.12/site-packages/oslo_config/cfg.py:2995}}
May 09 09:04:55.838471 np0000173046 devstack@n-api.service[100436]: DEBUG nova.api.openstack.wsgi_app [None req-d89be94c-101b-4921-a419-3047cda77d1d None None] daemon = False {{(pid=100436) log_opt_values /opt/stack/data/venv/lib/python3.12/site-packages/oslo_config/cfg.py:2995}}
May 09 09:04:55.838620 np0000173046 devstack@n-api.service[100436]: DEBUG nova.api.openstack.wsgi_app [None req-d89be94c-101b-4921-a419-3047cda77d1d None None] debug = True {{(pid=100436) log_opt_values /opt/stack/data/venv/lib/python3.12/site-packages/oslo_config/cfg.py:2995}}
May 09 09:04:55.838750 np0000173046 devstack@n-api.service[100436]: DEBUG nova.api.openstack.wsgi_app [None req-d89be94c-101b-4921-a419-3047cda77d1d None None] default_access_ip_network_name = None {{(pid=100436) log_opt_values /opt/stack/data/venv/lib/python3.12/site-packages/oslo_config/cfg.py:2995}}
May 09 09:04:55.838893 np0000173046 devstack@n-api.service[100436]: DEBUG nova.api.openstack.wsgi_app [None req-d89be94c-101b-4921-a419-3047cda77d1d None None] default_availability_zone = nova {{(pid=100436) log_opt_values /opt/stack/data/venv/lib/python3.12/site-packages/oslo_config/cfg.py:2995}}
May 09 09:04:55.839036 np0000173046 devstack@n-api.service[100436]: DEBUG nova.api.openstack.wsgi_app [None req-d89be94c-101b-4921-a419-3047cda77d1d None None] default_ephemeral_format = ext4 {{(pid=100436) log_opt_values /opt/stack/data/venv/lib/python3.12/site-packages/oslo_config/cfg.py:2995}}
May 09 09:04:55.839203 np0000173046 devstack@n-api.service[100436]: DEBUG nova.api.openstack.wsgi_app [None req-d89be94c-101b-4921-a419-3047cda77d1d None None] default_green_pool_size = 1000 {{(pid=100436) log_opt_values /opt/stack/data/venv/lib/python3.12/site-packages/oslo_config/cfg.py:2995}}
May 09 09:04:55.839377 np0000173046 devstack@n-api.service[100436]: DEBUG nova.api.openstack.wsgi_app [None req-d89be94c-101b-4921-a419-3047cda77d1d None None] default_log_levels = ['amqp=WARN', 'boto=WARN', 'sqlalchemy=WARN', 'suds=INFO', 'oslo.messaging=INFO', 'oslo_messaging=INFO', 'iso8601=WARN', 'requests.packages.urllib3.connectionpool=WARN', 'urllib3.connectionpool=WARN', 'websocket=WARN', 'requests.packages.urllib3.util.retry=WARN', 'urllib3.util.retry=WARN', 'keystonemiddleware=WARN', 'routes.middleware=WARN', 'stevedore=WARN', 'taskflow=WARN', 'keystoneauth=WARN', 'oslo.cache=INFO', 'oslo_policy=INFO', 'dogpile.core.dogpile=INFO', 'glanceclient=WARN', 'oslo.privsep.daemon=INFO'] {{(pid=100436) log_opt_values /opt/stack/data/venv/lib/python3.12/site-packages/oslo_config/cfg.py:2995}}
May 09 09:04:55.839594 np0000173046 devstack@n-api.service[100436]: DEBUG nova.api.openstack.wsgi_app [None req-d89be94c-101b-4921-a419-3047cda77d1d None None] default_schedule_zone = None {{(pid=100436) log_opt_values /opt/stack/data/venv/lib/python3.12/site-packages/oslo_config/cfg.py:2995}}
May 09 09:04:55.839594 np0000173046 devstack@n-api.service[100436]: DEBUG nova.api.openstack.wsgi_app [None req-d89be94c-101b-4921-a419-3047cda77d1d None None] default_thread_pool_size = 10 {{(pid=100436) log_opt_values /opt/stack/data/venv/lib/python3.12/site-packages/oslo_config/cfg.py:2995}}
May 09 09:04:55.839887 np0000173046 devstack@n-api.service[100436]: DEBUG nova.api.openstack.wsgi_app [None req-d89be94c-101b-4921-a419-3047cda77d1d None None] disk_allocation_ratio = None {{(pid=100436) log_opt_values /opt/stack/data/venv/lib/python3.12/site-packages/oslo_config/cfg.py:2995}}
May 09 09:04:55.839887 np0000173046 devstack@n-api.service[100436]: DEBUG nova.api.openstack.wsgi_app [None req-d89be94c-101b-4921-a419-3047cda77d1d None None] enable_new_services = True {{(pid=100436) log_opt_values /opt/stack/data/venv/lib/python3.12/site-packages/oslo_config/cfg.py:2995}}
May 09 09:04:55.840032 np0000173046 devstack@n-api.service[100436]: DEBUG nova.api.openstack.wsgi_app [None req-d89be94c-101b-4921-a419-3047cda77d1d None None] flat_injected = False {{(pid=100436) log_opt_values /opt/stack/data/venv/lib/python3.12/site-packages/oslo_config/cfg.py:2995}}
May 09 09:04:55.840207 np0000173046 devstack@n-api.service[100436]: DEBUG nova.api.openstack.wsgi_app [None req-d89be94c-101b-4921-a419-3047cda77d1d None None] force_config_drive = False {{(pid=100436) log_opt_values /opt/stack/data/venv/lib/python3.12/site-packages/oslo_config/cfg.py:2995}}
May 09 09:04:55.840355 np0000173046 devstack@n-api.service[100436]: DEBUG nova.api.openstack.wsgi_app [None req-d89be94c-101b-4921-a419-3047cda77d1d None None] force_raw_images = True {{(pid=100436) log_opt_values /opt/stack/data/venv/lib/python3.12/site-packages/oslo_config/cfg.py:2995}}
May 09 09:04:55.840483 np0000173046 devstack@n-api.service[100436]: DEBUG nova.api.openstack.wsgi_app [None req-d89be94c-101b-4921-a419-3047cda77d1d None None] graceful_shutdown_timeout = 5 {{(pid=100436) log_opt_values /opt/stack/data/venv/lib/python3.12/site-packages/oslo_config/cfg.py:2995}}
May 09 09:04:55.840601 np0000173046 devstack@n-api.service[100436]: DEBUG nova.api.openstack.wsgi_app [None req-d89be94c-101b-4921-a419-3047cda77d1d None None] heal_instance_info_cache_interval = -1 {{(pid=100436) log_opt_values /opt/stack/data/venv/lib/python3.12/site-packages/oslo_config/cfg.py:2995}}
May 09 09:04:55.840705 np0000173046 devstack@n-api.service[100436]: DEBUG nova.api.openstack.wsgi_app [None req-d89be94c-101b-4921-a419-3047cda77d1d None None] host = np0000173046 {{(pid=100436) log_opt_values /opt/stack/data/venv/lib/python3.12/site-packages/oslo_config/cfg.py:2995}}
May 09 09:04:55.840872 np0000173046 devstack@n-api.service[100436]: DEBUG nova.api.openstack.wsgi_app [None req-d89be94c-101b-4921-a419-3047cda77d1d None None] initial_cpu_allocation_ratio = 4.0 {{(pid=100436) log_opt_values /opt/stack/data/venv/lib/python3.12/site-packages/oslo_config/cfg.py:2995}}
