2026-02-25 23:26:22.085 8 INFO placement.requestlog [None req-8a6010cc-64a9-40e6-980f-e2813df9d356 48badc9f4a534eb58aeaf4c07d9a74e9 be78f35d93494319bbb7ae3b9fbc7c65 - - 23a2b1b2710b42feb9084ac13e40058b 23a2b1b2710b42feb9084ac13e40058b] 10.0.0.154 "GET /resource_providers/4c8c4d76-11a8-4449-9ed5-8c47ff29907b/aggregates" status: 404 len: 235 microversion: 1.1 [pid: 8|app: 0|req: 552/1100] 10.0.0.154 () {32 vars in 815 bytes} [Wed Feb 25 23:26:22 2026] GET /resource_providers/4c8c4d76-11a8-4449-9ed5-8c47ff29907b/aggregates => generated 235 bytes in 9 msecs (HTTP/1.1 404) 5 headers in 202 bytes (1 switches on core 0)
2026-02-25 23:26:22.102 7 INFO placement.requestlog [None req-2e0f380f-bf16-46ee-947a-b97942833dad 48badc9f4a534eb58aeaf4c07d9a74e9 be78f35d93494319bbb7ae3b9fbc7c65 - - 23a2b1b2710b42feb9084ac13e40058b 23a2b1b2710b42feb9084ac13e40058b] 10.0.0.154 "DELETE /resource_providers/4c8c4d76-11a8-4449-9ed5-8c47ff29907b" status: 404 len: 246 microversion: 1.1 [pid: 7|app: 0|req: 549/1101] 10.0.0.154 () {34 vars in 815 bytes} [Wed Feb 25 23:26:22 2026] DELETE /resource_providers/4c8c4d76-11a8-4449-9ed5-8c47ff29907b => generated 246 bytes in 9 msecs (HTTP/1.1 404) 6 headers in 231 bytes (1 switches on core 0)
2026-02-25 23:26:22.111 8 INFO placement.requestlog [None req-31bbebb7-5097-4a85-a35e-0a9022ddfb94 48badc9f4a534eb58aeaf4c07d9a74e9 be78f35d93494319bbb7ae3b9fbc7c65 - - 23a2b1b2710b42feb9084ac13e40058b 23a2b1b2710b42feb9084ac13e40058b] 10.0.0.154 "DELETE /resource_providers/4c8c4d76-11a8-4449-9ed5-8c47ff29907b" status: 404 len: 246 microversion: 1.1 [pid: 8|app: 0|req: 553/1102] 10.0.0.154 () {34 vars in 815 bytes} [Wed Feb 25 23:26:22 2026] DELETE /resource_providers/4c8c4d76-11a8-4449-9ed5-8c47ff29907b => generated 246 bytes in 16 msecs (HTTP/1.1 404) 6 headers in 231 bytes (1 switches on core 0)
2026-02-25 23:26:22.172 7 INFO placement.requestlog [None req-8c608ae3-79e6-4a74-8ad9-5955782b2f3f 48badc9f4a534eb58aeaf4c07d9a74e9 be78f35d93494319bbb7ae3b9fbc7c65 - - 23a2b1b2710b42feb9084ac13e40058b 23a2b1b2710b42feb9084ac13e40058b] 10.0.0.154 "GET /resource_providers/67e4dfd2-90fe-4c80-b2e4-1b20bbb51801/aggregates" status: 404 len: 235 microversion: 1.1 [pid: 7|app: 0|req: 550/1103] 10.0.0.154 () {32 vars in 815 bytes} [Wed Feb 25 23:26:22 2026] GET /resource_providers/67e4dfd2-90fe-4c80-b2e4-1b20bbb51801/aggregates => generated 235 bytes in 12 msecs (HTTP/1.1 404) 5 headers in 202 bytes (1 switches on core 0)
2026-02-25 23:26:22.179 8 INFO placement.requestlog [None req-51177245-9034-4c36-bd22-348f736e34ef 48badc9f4a534eb58aeaf4c07d9a74e9 be78f35d93494319bbb7ae3b9fbc7c65 - - 23a2b1b2710b42feb9084ac13e40058b 23a2b1b2710b42feb9084ac13e40058b] 10.0.0.154 "GET /resource_providers/67e4dfd2-90fe-4c80-b2e4-1b20bbb51801/aggregates" status: 404 len: 235 microversion: 1.1 [pid: 8|app: 0|req: 554/1104] 10.0.0.154 () {32 vars in 815 bytes} [Wed Feb 25 23:26:22 2026] GET /resource_providers/67e4dfd2-90fe-4c80-b2e4-1b20bbb51801/aggregates => generated 235 bytes in 9 msecs (HTTP/1.1 404) 5 headers in 202 bytes (1 switches on core 0)
2026-02-25 23:26:22.192 7 INFO placement.requestlog [None req-a56f0b51-ecdc-4e72-9a39-fb4e61001279 48badc9f4a534eb58aeaf4c07d9a74e9 be78f35d93494319bbb7ae3b9fbc7c65 - - 23a2b1b2710b42feb9084ac13e40058b 23a2b1b2710b42feb9084ac13e40058b] 10.0.0.154 "DELETE /resource_providers/67e4dfd2-90fe-4c80-b2e4-1b20bbb51801" status: 404 len: 246 microversion: 1.1 [pid: 7|app: 0|req: 551/1105] 10.0.0.154 () {34 vars in 815 bytes} [Wed Feb 25 23:26:22 2026] DELETE /resource_providers/67e4dfd2-90fe-4c80-b2e4-1b20bbb51801 => generated 246 bytes in 9 msecs (HTTP/1.1 404) 6 headers in 231 bytes (1 switches on core 0)
2026-02-25 23:26:22.202 8 INFO placement.requestlog [None req-93745506-11e8-4f51-9cf5-9c84fc3dc301 48badc9f4a534eb58aeaf4c07d9a74e9 be78f35d93494319bbb7ae3b9fbc7c65 - - 23a2b1b2710b42feb9084ac13e40058b 23a2b1b2710b42feb9084ac13e40058b] 10.0.0.154 "DELETE /resource_providers/67e4dfd2-90fe-4c80-b2e4-1b20bbb51801" status: 404 len: 246 microversion: 1.1 [pid: 8|app: 0|req: 555/1106] 10.0.0.154 () {34 vars in 815 bytes} [Wed Feb 25 23:26:22 2026] DELETE /resource_providers/67e4dfd2-90fe-4c80-b2e4-1b20bbb51801 => generated 246 bytes in 9 msecs (HTTP/1.1 404) 6 headers in 231 bytes (1 switches on core 0)
2026-02-25 23:26:22.206 7 INFO placement.requestlog [None req-d72d62c4-50d4-4ece-b656-d88db5bdf5f4 48badc9f4a534eb58aeaf4c07d9a74e9 be78f35d93494319bbb7ae3b9fbc7c65 - - 23a2b1b2710b42feb9084ac13e40058b 23a2b1b2710b42feb9084ac13e40058b] 10.0.0.154 "GET /resource_providers/a2d0b1f5-1e43-4d95-9800-c73d42399d50/aggregates" status: 404 len: 235 microversion: 1.1 [pid: 7|app: 0|req: 552/1107] 10.0.0.154 () {32 vars in 815 bytes} [Wed Feb 25 23:26:22 2026] GET /resource_providers/a2d0b1f5-1e43-4d95-9800-c73d42399d50/aggregates => generated 235 bytes in 9 msecs (HTTP/1.1 404) 5 headers in 202 bytes (1 switches on core 0)
2026-02-25 23:26:22.222 8 INFO placement.requestlog [None req-497e09a4-deb5-42c0-a8d0-8dccd8af61d6 48badc9f4a534eb58aeaf4c07d9a74e9 be78f35d93494319bbb7ae3b9fbc7c65 - - 23a2b1b2710b42feb9084ac13e40058b 23a2b1b2710b42feb9084ac13e40058b] 10.0.0.154 "GET /resource_providers/a2d0b1f5-1e43-4d95-9800-c73d42399d50/aggregates" status: 404 len: 235 microversion: 1.1 [pid: 8|app: 0|req: 556/1108] 10.0.0.154 () {32 vars in 815 bytes} [Wed Feb 25 23:26:22 2026] GET /resource_providers/a2d0b1f5-1e43-4d95-9800-c73d42399d50/aggregates => generated 235 bytes in 10 msecs (HTTP/1.1 404) 5 headers in 202 bytes (1 switches on core 0)
2026-02-25 23:26:22.224 7 INFO placement.requestlog [None req-f4cb05bb-a19d-47c4-a6a6-312329ad88f8 48badc9f4a534eb58aeaf4c07d9a74e9 be78f35d93494319bbb7ae3b9fbc7c65 - - 23a2b1b2710b42feb9084ac13e40058b 23a2b1b2710b42feb9084ac13e40058b] 10.0.0.154 "DELETE /resource_providers/a2d0b1f5-1e43-4d95-9800-c73d42399d50" status: 404 len: 246 microversion: 1.1 [pid: 7|app: 0|req: 553/1109] 10.0.0.154 () {34 vars in 815 bytes} [Wed Feb 25 23:26:22 2026] DELETE /resource_providers/a2d0b1f5-1e43-4d95-9800-c73d42399d50 => generated 246 bytes in 9 msecs (HTTP/1.1 404) 6 headers in 231 bytes (1 switches on core 0)
2026-02-25 23:26:22.242 8 INFO placement.requestlog [None req-fa14ad1f-05b7-45d3-98b6-aa12ffb76a73 48badc9f4a534eb58aeaf4c07d9a74e9 be78f35d93494319bbb7ae3b9fbc7c65 - - 23a2b1b2710b42feb9084ac13e40058b 23a2b1b2710b42feb9084ac13e40058b] 10.0.0.154 "DELETE /resource_providers/a2d0b1f5-1e43-4d95-9800-c73d42399d50" status: 404 len: 246 microversion: 1.1 [pid: 8|app: 0|req: 557/1110] 10.0.0.154 () {34 vars in 815 bytes} [Wed Feb 25 23:26:22 2026] DELETE /resource_providers/a2d0b1f5-1e43-4d95-9800-c73d42399d50 => generated 246 bytes in 9 msecs (HTTP/1.1 404) 6 headers in 231 bytes (1 switches on core 0)
2026-02-25 23:26:24.118 7 INFO placement.requestlog [None req-1dff7fd9-b47d-4819-8adf-2e311b564626 48badc9f4a534eb58aeaf4c07d9a74e9 be78f35d93494319bbb7ae3b9fbc7c65 - - 23a2b1b2710b42feb9084ac13e40058b 23a2b1b2710b42feb9084ac13e40058b] 10.0.0.154 "GET /resource_providers/e67c4256-301d-46ad-bde6-13e6a8c0036e/aggregates" status: 404 len: 235 microversion: 1.1 [pid: 7|app: 0|req: 554/1111] 10.0.0.154 () {32 vars in 815 bytes} [Wed Feb 25 23:26:24 2026] GET /resource_providers/e67c4256-301d-46ad-bde6-13e6a8c0036e/aggregates => generated 235 bytes in 8 msecs (HTTP/1.1 404) 5 headers in 202 bytes (1 switches on core 0)
2026-02-25 23:26:24.133 8 INFO placement.requestlog [None req-788439df-5c4c-4c77-bf8c-6ce0377015d0 48badc9f4a534eb58aeaf4c07d9a74e9 be78f35d93494319bbb7ae3b9fbc7c65 - - 23a2b1b2710b42feb9084ac13e40058b 23a2b1b2710b42feb9084ac13e40058b] 10.0.0.154 "GET /resource_providers/e67c4256-301d-46ad-bde6-13e6a8c0036e/aggregates" status: 404 len: 235 microversion: 1.1 [pid: 8|app: 0|req: 558/1112] 10.0.0.154 () {32 vars in 815 bytes} [Wed Feb 25 23:26:24 2026] GET /resource_providers/e67c4256-301d-46ad-bde6-13e6a8c0036e/aggregates => generated 235 bytes in 11 msecs (HTTP/1.1 404) 5 headers in 202 bytes (1 switches on core 0)
2026-02-25 23:26:24.138 7 INFO placement.requestlog [None req-dbe1c2d0-02fc-4a06-aeeb-9b7fa7fa8fc0 48badc9f4a534eb58aeaf4c07d9a74e9 be78f35d93494319bbb7ae3b9fbc7c65 - - 23a2b1b2710b42feb9084ac13e40058b 23a2b1b2710b42feb9084ac13e40058b] 10.0.0.154 "DELETE /resource_providers/e67c4256-301d-46ad-bde6-13e6a8c0036e" status: 404 len: 246 microversion: 1.1 [pid: 7|app: 0|req: 555/1113] 10.0.0.154 () {34 vars in 815 bytes} [Wed Feb 25 23:26:24 2026] DELETE /resource_providers/e67c4256-301d-46ad-bde6-13e6a8c0036e => generated 246 bytes in 10 msecs (HTTP/1.1 404) 6 headers in 231 bytes (1 switches on core 0)
2026-02-25 23:26:24.150 8 INFO placement.requestlog [None req-8f07ea98-31bd-4a7f-bcc9-d19193ac7780 48badc9f4a534eb58aeaf4c07d9a74e9 be78f35d93494319bbb7ae3b9fbc7c65 - - 23a2b1b2710b42feb9084ac13e40058b 23a2b1b2710b42feb9084ac13e40058b] 10.0.0.154 "DELETE /resource_providers/e67c4256-301d-46ad-bde6-13e6a8c0036e" status: 404 len: 246 microversion: 1.1 [pid: 8|app: 0|req: 559/1114] 10.0.0.154 () {34 vars in 815 bytes} [Wed Feb 25 23:26:24 2026] DELETE /resource_providers/e67c4256-301d-46ad-bde6-13e6a8c0036e => generated 246 bytes in 9 msecs (HTTP/1.1 404) 6 headers in 231 bytes (1 switches on core 0)
2026-02-25 23:26:24.248 7 INFO placement.requestlog [None req-705e7dc2-30ad-4427-a8ae-7af64bda0928 48badc9f4a534eb58aeaf4c07d9a74e9 be78f35d93494319bbb7ae3b9fbc7c65 - - 23a2b1b2710b42feb9084ac13e40058b 23a2b1b2710b42feb9084ac13e40058b] 10.0.0.154 "GET /resource_providers/7c73dce0-a092-4227-a034-87cc5b420d44/aggregates" status: 404 len: 235 microversion: 1.1 [pid: 7|app: 0|req: 556/1115] 10.0.0.154 () {32 vars in 815 bytes} [Wed Feb 25 23:26:24 2026] GET /resource_providers/7c73dce0-a092-4227-a034-87cc5b420d44/aggregates => generated 235 bytes in 10 msecs (HTTP/1.1 404) 5 headers in 202 bytes (1 switches on core 0)
2026-02-25 23:26:24.269 8 INFO placement.requestlog [None req-eac72e73-4208-4906-a9e8-24f2fc1b9da9 48badc9f4a534eb58aeaf4c07d9a74e9 be78f35d93494319bbb7ae3b9fbc7c65 - - 23a2b1b2710b42feb9084ac13e40058b 23a2b1b2710b42feb9084ac13e40058b] 10.0.0.154 "GET /resource_providers/7c73dce0-a092-4227-a034-87cc5b420d44/aggregates" status: 404 len: 235 microversion: 1.1 [pid: 8|app: 0|req: 560/1116] 10.0.0.154 () {32 vars in 815 bytes} [Wed Feb 25 23:26:24 2026] GET /resource_providers/7c73dce0-a092-4227-a034-87cc5b420d44/aggregates => generated 235 bytes in 9 msecs (HTTP/1.1 404) 5 headers in 202 bytes (1 switches on core 0)
2026-02-25 23:26:24.276 7 INFO placement.requestlog [None req-b502bc74-8d97-4241-ab87-3f4c599955ee 48badc9f4a534eb58aeaf4c07d9a74e9 be78f35d93494319bbb7ae3b9fbc7c65 - - 23a2b1b2710b42feb9084ac13e40058b 23a2b1b2710b42feb9084ac13e40058b] 10.0.0.154 "DELETE /resource_providers/7c73dce0-a092-4227-a034-87cc5b420d44" status: 404 len: 246 microversion: 1.1 [pid: 7|app: 0|req: 557/1117] 10.0.0.154 () {34 vars in 815 bytes} [Wed Feb 25 23:26:24 2026] DELETE /resource_providers/7c73dce0-a092-4227-a034-87cc5b420d44 => generated 246 bytes in 11 msecs (HTTP/1.1 404) 6 headers in 231 bytes (1 switches on core 0)
2026-02-25 23:26:24.289 8 INFO placement.requestlog [None req-d93b184e-6da6-457a-89a2-544b6c98d221 48badc9f4a534eb58aeaf4c07d9a74e9 be78f35d93494319bbb7ae3b9fbc7c65 - - 23a2b1b2710b42feb9084ac13e40058b 23a2b1b2710b42feb9084ac13e40058b] 10.0.0.154 "DELETE /resource_providers/7c73dce0-a092-4227-a034-87cc5b420d44" status: 404 len: 246 microversion: 1.1 [pid: 8|app: 0|req: 561/1118] 10.0.0.154 () {34 vars in 815 bytes} [Wed Feb 25 23:26:24 2026] DELETE /resource_providers/7c73dce0-a092-4227-a034-87cc5b420d44 => generated 246 bytes in 9 msecs (HTTP/1.1 404) 6 headers in 231 bytes (1 switches on core 0)
2026-02-25 23:26:24.686 8 INFO placement.requestlog [None req-181b6d14-4220-45bc-a5cb-0ed9fc59fd77 - - - - - -] 10.0.0.40 "GET /" status: 200 len: 136 microversion: 1.0
2026-02-25 23:26:24.686 7 INFO placement.requestlog [None req-d024d78d-6a90-4680-a019-30406cded49c - - - - - -] 10.0.0.40 "GET /" status: 200 len: 136 microversion: 1.0
2026-02-25 23:26:26.155 8 INFO placement.requestlog [None req-ec5e422c-f28d-43d7-bbc0-554f800a78a1 48badc9f4a534eb58aeaf4c07d9a74e9 be78f35d93494319bbb7ae3b9fbc7c65 - - 23a2b1b2710b42feb9084ac13e40058b 23a2b1b2710b42feb9084ac13e40058b] 10.0.0.154 "GET /resource_providers/b9177921-3819-43f8-bd08-2fc26616ce72/aggregates" status: 404 len: 235 microversion: 1.1 [pid: 8|app: 0|req: 563/1121] 10.0.0.154 () {32 vars in 815 bytes} [Wed Feb 25 23:26:26 2026] GET /resource_providers/b9177921-3819-43f8-bd08-2fc26616ce72/aggregates => generated 235 bytes in 9 msecs (HTTP/1.1 404) 5 headers in 202 bytes (1 switches on core 0)
2026-02-25 23:26:26.171 7 INFO placement.requestlog [None req-566abfb1-5caa-4e04-9619-a531ee2ab98d 48badc9f4a534eb58aeaf4c07d9a74e9 be78f35d93494319bbb7ae3b9fbc7c65 - - 23a2b1b2710b42feb9084ac13e40058b 23a2b1b2710b42feb9084ac13e40058b] 10.0.0.154 "DELETE /resource_providers/b9177921-3819-43f8-bd08-2fc26616ce72" status: 404 len: 246 microversion: 1.1 [pid: 7|app: 0|req: 559/1122] 10.0.0.154 () {34 vars in 815 bytes} [Wed Feb 25 23:26:26 2026] DELETE /resource_providers/b9177921-3819-43f8-bd08-2fc26616ce72 => generated 246 bytes in 10 msecs (HTTP/1.1 404) 6 headers in 231 bytes (1 switches on core 0)
2026-02-25 23:26:26.175 8 INFO placement.requestlog [None req-85831e1e-a20b-41eb-b4ba-9a22cc716dc5 48badc9f4a534eb58aeaf4c07d9a74e9 be78f35d93494319bbb7ae3b9fbc7c65 - - 23a2b1b2710b42feb9084ac13e40058b 23a2b1b2710b42feb9084ac13e40058b] 10.0.0.154 "GET /resource_providers/b9177921-3819-43f8-bd08-2fc26616ce72/aggregates" status: 404 len: 235 microversion: 1.1 [pid: 8|app: 0|req: 564/1123] 10.0.0.154 () {32 vars in 815 bytes} [Wed Feb 25 23:26:26 2026] GET /resource_providers/b9177921-3819-43f8-bd08-2fc26616ce72/aggregates => generated 235 bytes in 5 msecs (HTTP/1.1 404) 5 headers in 202 bytes (1 switches on core 0)
2026-02-25 23:26:26.186 7 INFO placement.requestlog [None req-58490269-5b0c-4abd-8d32-6cf97dca1bdc 48badc9f4a534eb58aeaf4c07d9a74e9 be78f35d93494319bbb7ae3b9fbc7c65 - - 23a2b1b2710b42feb9084ac13e40058b 23a2b1b2710b42feb9084ac13e40058b] 10.0.0.154 "GET /resource_providers/98024523-0cf5-4b2e-bd45-b23d8657ab3e/aggregates" status: 404 len: 235 microversion: 1.1 [pid: 7|app: 0|req: 560/1124] 10.0.0.154 () {32 vars in 815 bytes} [Wed Feb 25 23:26:26 2026] GET /resource_providers/98024523-0cf5-4b2e-bd45-b23d8657ab3e/aggregates => generated 235 bytes in 9 msecs (HTTP/1.1 404) 5 headers in 202 bytes (1 switches on core 0)
2026-02-25 23:26:26.191 8 INFO placement.requestlog [None req-dcc4114b-35a5-4f57-a01e-9e83634e5445 48badc9f4a534eb58aeaf4c07d9a74e9 be78f35d93494319bbb7ae3b9fbc7c65 - - 23a2b1b2710b42feb9084ac13e40058b 23a2b1b2710b42feb9084ac13e40058b] 10.0.0.154 "DELETE /resource_providers/b9177921-3819-43f8-bd08-2fc26616ce72" status: 404 len: 246 microversion: 1.1 [pid: 8|app: 0|req: 565/1125] 10.0.0.154 () {34 vars in 815 bytes} [Wed Feb 25 23:26:26 2026] DELETE /resource_providers/b9177921-3819-43f8-bd08-2fc26616ce72 => generated 246 bytes in 6 msecs (HTTP/1.1 404) 6 headers in 231 bytes (1 switches on core 0)
2026-02-25 23:26:26.201 7 INFO placement.requestlog [None req-6b6399a8-8aed-494a-ba9a-4bdc1c9b6ce1 48badc9f4a534eb58aeaf4c07d9a74e9 be78f35d93494319bbb7ae3b9fbc7c65 - - 23a2b1b2710b42feb9084ac13e40058b 23a2b1b2710b42feb9084ac13e40058b] 10.0.0.154 "DELETE /resource_providers/98024523-0cf5-4b2e-bd45-b23d8657ab3e" status: 404 len: 246 microversion: 1.1 [pid: 7|app: 0|req: 561/1126] 10.0.0.154 () {34 vars in 815 bytes} [Wed Feb 25 23:26:26 2026] DELETE /resource_providers/98024523-0cf5-4b2e-bd45-b23d8657ab3e => generated 246 bytes in 11 msecs (HTTP/1.1 404) 6 headers in 231 bytes (1 switches on core 0)
2026-02-25 23:26:26.204 8 INFO placement.requestlog [None req-762c10bd-712a-4253-ad49-26ae4a8a08e5 48badc9f4a534eb58aeaf4c07d9a74e9 be78f35d93494319bbb7ae3b9fbc7c65 - - 23a2b1b2710b42feb9084ac13e40058b 23a2b1b2710b42feb9084ac13e40058b] 10.0.0.154 "GET /resource_providers/98024523-0cf5-4b2e-bd45-b23d8657ab3e/aggregates" status: 404 len: 235 microversion: 1.1 [pid: 8|app: 0|req: 566/1127] 10.0.0.154 () {32 vars in 815 bytes} [Wed Feb 25 23:26:26 2026] GET /resource_providers/98024523-0cf5-4b2e-bd45-b23d8657ab3e/aggregates => generated 235 bytes in 4 msecs (HTTP/1.1 404) 5 headers in 202 bytes (1 switches on core 0)
2026-02-25 23:26:26.214 7 INFO placement.requestlog [None req-1b91d39b-4702-4c0d-acfd-4b66bec0cfe7 48badc9f4a534eb58aeaf4c07d9a74e9 be78f35d93494319bbb7ae3b9fbc7c65 - - 23a2b1b2710b42feb9084ac13e40058b 23a2b1b2710b42feb9084ac13e40058b] 10.0.0.154 "DELETE /resource_providers/98024523-0cf5-4b2e-bd45-b23d8657ab3e" status: 404 len: 246 microversion: 1.1 [pid: 7|app: 0|req: 562/1128] 10.0.0.154 () {34 vars in 815 bytes} [Wed Feb 25 23:26:26 2026] DELETE /resource_providers/98024523-0cf5-4b2e-bd45-b23d8657ab3e => generated 246 bytes in 5 msecs (HTTP/1.1 404) 6 headers in 231 bytes (1 switches on core 0)
2026-02-25 23:26:26.292 8 INFO placement.requestlog [None req-a903ec8a-5b75-4473-8511-c91f4bd079da 48badc9f4a534eb58aeaf4c07d9a74e9 be78f35d93494319bbb7ae3b9fbc7c65 - - 23a2b1b2710b42feb9084ac13e40058b 23a2b1b2710b42feb9084ac13e40058b] 10.0.0.154 "GET /resource_providers/ca9d68e3-8ce9-4001-b1ae-084da8c38332/aggregates" status: 404 len: 235 microversion: 1.1 [pid: 8|app: 0|req: 567/1129] 10.0.0.154 () {32 vars in 815 bytes} [Wed Feb 25 23:26:26 2026] GET /resource_providers/ca9d68e3-8ce9-4001-b1ae-084da8c38332/aggregates => generated 235 bytes in 6 msecs (HTTP/1.1 404) 5 headers in 202 bytes (1 switches on core 0)
2026-02-25 23:26:26.304 8 INFO placement.requestlog [None req-275f173b-1699-4198-9db0-6b27e715bbcf 48badc9f4a534eb58aeaf4c07d9a74e9 be78f35d93494319bbb7ae3b9fbc7c65 - - 23a2b1b2710b42feb9084ac13e40058b 23a2b1b2710b42feb9084ac13e40058b] 10.0.0.154 "DELETE /resource_providers/ca9d68e3-8ce9-4001-b1ae-084da8c38332" status: 404 len: 246 microversion: 1.1 [pid: 8|app: 0|req: 568/1130] 10.0.0.154 () {34 vars in 815 bytes} [Wed Feb 25 23:26:26 2026] DELETE /resource_providers/ca9d68e3-8ce9-4001-b1ae-084da8c38332 => generated 246 bytes in 4 msecs (HTTP/1.1 404) 6 headers in 231 bytes (1 switches on core 0)
2026-02-25 23:26:26.306 7 INFO placement.requestlog [None req-096e2168-5c20-4313-9e03-422fd5b24ddc 48badc9f4a534eb58aeaf4c07d9a74e9 be78f35d93494319bbb7ae3b9fbc7c65 - - 23a2b1b2710b42feb9084ac13e40058b 23a2b1b2710b42feb9084ac13e40058b] 10.0.0.154 "GET /resource_providers/ca9d68e3-8ce9-4001-b1ae-084da8c38332/aggregates" status: 404 len: 235 microversion: 1.1 [pid: 7|app: 0|req: 563/1131] 10.0.0.154 () {32 vars in 815 bytes} [Wed Feb 25 23:26:26 2026] GET /resource_providers/ca9d68e3-8ce9-4001-b1ae-084da8c38332/aggregates => generated 235 bytes in 7 msecs (HTTP/1.1 404) 5 headers in 202 bytes (1 switches on core 0)
2026-02-25 23:26:26.317 8 INFO placement.requestlog [None req-9696ebce-34b1-4c90-81a4-1591d9cfc761 48badc9f4a534eb58aeaf4c07d9a74e9 be78f35d93494319bbb7ae3b9fbc7c65 - - 23a2b1b2710b42feb9084ac13e40058b 23a2b1b2710b42feb9084ac13e40058b] 10.0.0.154 "GET /resource_providers/55f89945-b3b2-4167-9e1b-7179cfa29982/aggregates" status: 404 len: 235 microversion: 1.1 [pid: 8|app: 0|req: 569/1132] 10.0.0.154 () {32 vars in 815 bytes} [Wed Feb 25 23:26:26 2026] GET /resource_providers/55f89945-b3b2-4167-9e1b-7179cfa29982/aggregates => generated 235 bytes in 4 msecs (HTTP/1.1 404) 5 headers in 202 bytes (1 switches on core 0)
2026-02-25 23:26:26.321 7 INFO placement.requestlog [None req-d988775e-b4ba-44ec-83bd-847dcfdd0c27 48badc9f4a534eb58aeaf4c07d9a74e9 be78f35d93494319bbb7ae3b9fbc7c65 - - 23a2b1b2710b42feb9084ac13e40058b 23a2b1b2710b42feb9084ac13e40058b] 10.0.0.154 "DELETE /resource_providers/ca9d68e3-8ce9-4001-b1ae-084da8c38332" status: 404 len: 246 microversion: 1.1 [pid: 7|app: 0|req: 564/1133] 10.0.0.154 () {34 vars in 815 bytes} [Wed Feb 25 23:26:26 2026] DELETE /resource_providers/ca9d68e3-8ce9-4001-b1ae-084da8c38332 => generated 246 bytes in 6 msecs (HTTP/1.1 404) 6 headers in 231 bytes (1 switches on core 0)
2026-02-25 23:26:26.331 8 INFO placement.requestlog [None req-7ab27bb2-d1ec-4a6c-bc70-b272c7c3df06 48badc9f4a534eb58aeaf4c07d9a74e9 be78f35d93494319bbb7ae3b9fbc7c65 - - 23a2b1b2710b42feb9084ac13e40058b 23a2b1b2710b42feb9084ac13e40058b] 10.0.0.154 "DELETE /resource_providers/55f89945-b3b2-4167-9e1b-7179cfa29982" status: 404 len: 246 microversion: 1.1 [pid: 8|app: 0|req: 570/1134] 10.0.0.154 () {34 vars in 815 bytes} [Wed Feb 25 23:26:26 2026] DELETE /resource_providers/55f89945-b3b2-4167-9e1b-7179cfa29982 => generated 246 bytes in 4 msecs (HTTP/1.1 404) 6 headers in 231 bytes (1 switches on core 0)
2026-02-25 23:26:26.336 7 INFO placement.requestlog [None req-c670ce3e-ba5f-4ee9-857e-7746e4b0bb5e 48badc9f4a534eb58aeaf4c07d9a74e9 be78f35d93494319bbb7ae3b9fbc7c65 - - 23a2b1b2710b42feb9084ac13e40058b 23a2b1b2710b42feb9084ac13e40058b] 10.0.0.154 "GET /resource_providers/55f89945-b3b2-4167-9e1b-7179cfa29982/aggregates" status: 404 len: 235 microversion: 1.1 [pid: 7|app: 0|req: 565/1135] 10.0.0.154 () {32 vars in 815 bytes} [Wed Feb 25 23:26:26 2026] GET /resource_providers/55f89945-b3b2-4167-9e1b-7179cfa29982/aggregates => generated 235 bytes in 10 msecs (HTTP/1.1 404) 5 headers in 202 bytes (1 switches on core 0)
2026-02-25 23:26:26.341 8 INFO placement.requestlog [None req-7bd63ba7-c7d6-4ebb-bc34-5534fc825a00 48badc9f4a534eb58aeaf4c07d9a74e9 be78f35d93494319bbb7ae3b9fbc7c65 - - 23a2b1b2710b42feb9084ac13e40058b 23a2b1b2710b42feb9084ac13e40058b] 10.0.0.154 "GET /resource_providers/d9c186d1-2c76-49e4-8f26-b62aabfcf810/aggregates" status: 404 len: 235 microversion: 1.1 [pid: 8|app: 0|req: 571/1136] 10.0.0.154 () {32 vars in 815 bytes} [Wed Feb 25 23:26:26 2026] GET /resource_providers/d9c186d1-2c76-49e4-8f26-b62aabfcf810/aggregates => generated 235 bytes in 4 msecs (HTTP/1.1 404) 5 headers in 202 bytes (1 switches on core 0)
2026-02-25 23:26:26.353 7 INFO placement.requestlog [None req-e349a2cb-c4e9-4643-8bd8-7040dd8f946c 48badc9f4a534eb58aeaf4c07d9a74e9 be78f35d93494319bbb7ae3b9fbc7c65 - - 23a2b1b2710b42feb9084ac13e40058b 23a2b1b2710b42feb9084ac13e40058b] 10.0.0.154 "DELETE /resource_providers/55f89945-b3b2-4167-9e1b-7179cfa29982" status: 404 len: 246 microversion: 1.1 [pid: 7|app: 0|req: 566/1137] 10.0.0.154 () {34 vars in 815 bytes} [Wed Feb 25 23:26:26 2026] DELETE /resource_providers/55f89945-b3b2-4167-9e1b-7179cfa29982 => generated 246 bytes in 10 msecs (HTTP/1.1 404) 6 headers in 231 bytes (1 switches on core 0)
2026-02-25 23:26:26.355 8 INFO placement.requestlog [None req-07e2c63d-368c-423f-aee7-7e43db92504c 48badc9f4a534eb58aeaf4c07d9a74e9 be78f35d93494319bbb7ae3b9fbc7c65 - - 23a2b1b2710b42feb9084ac13e40058b 23a2b1b2710b42feb9084ac13e40058b] 10.0.0.154 "DELETE /resource_providers/d9c186d1-2c76-49e4-8f26-b62aabfcf810" status: 404 len: 246 microversion: 1.1 [pid: 8|app: 0|req: 572/1138] 10.0.0.154 () {34 vars in 815 bytes} [Wed Feb 25 23:26:26 2026] DELETE /resource_providers/d9c186d1-2c76-49e4-8f26-b62aabfcf810 => generated 246 bytes in 10 msecs (HTTP/1.1 404) 6 headers in 231 bytes (1 switches on core 0)
2026-02-25 23:26:26.365 7 INFO placement.requestlog [None req-8f510fcc-9e21-454b-9c04-8a4e37144cc2 48badc9f4a534eb58aeaf4c07d9a74e9 be78f35d93494319bbb7ae3b9fbc7c65 - - 23a2b1b2710b42feb9084ac13e40058b 23a2b1b2710b42feb9084ac13e40058b] 10.0.0.154 "GET /resource_providers/d9c186d1-2c76-49e4-8f26-b62aabfcf810/aggregates" status: 404 len: 235 microversion: 1.1 [pid: 7|app: 0|req: 567/1139] 10.0.0.154 () {32 vars in 815 bytes} [Wed Feb 25 23:26:26 2026] GET /resource_providers/d9c186d1-2c76-49e4-8f26-b62aabfcf810/aggregates => generated 235 bytes in 7 msecs (HTTP/1.1 404) 5 headers in 202 bytes (1 switches on core 0)
2026-02-25 23:26:26.380 8 INFO placement.requestlog [None req-4d374a71-6ffc-4150-b243-cd06ac5b3e37 48badc9f4a534eb58aeaf4c07d9a74e9 be78f35d93494319bbb7ae3b9fbc7c65 - - 23a2b1b2710b42feb9084ac13e40058b 23a2b1b2710b42feb9084ac13e40058b] 10.0.0.154 "DELETE /resource_providers/d9c186d1-2c76-49e4-8f26-b62aabfcf810" status: 404 len: 246 microversion: 1.1 [pid: 8|app: 0|req: 573/1140] 10.0.0.154 () {34 vars in 815 bytes} [Wed Feb 25 23:26:26 2026] DELETE /resource_providers/d9c186d1-2c76-49e4-8f26-b62aabfcf810 => generated 246 bytes in 8 msecs (HTTP/1.1 404) 6 headers in 231 bytes (1 switches on core 0)
2026-02-25 23:26:30.898 7 INFO placement.requestlog [None req-624adef4-6d3c-443c-ac9b-7dd2ef014621 48badc9f4a534eb58aeaf4c07d9a74e9 be78f35d93494319bbb7ae3b9fbc7c65 - - 23a2b1b2710b42feb9084ac13e40058b 23a2b1b2710b42feb9084ac13e40058b] 10.0.0.154 "GET /resource_providers/4b5c3fcc-6c08-4902-aca4-a470b0ba25b3/aggregates" status: 404 len: 235 microversion: 1.1 [pid: 7|app: 0|req: 568/1141] 10.0.0.154 () {32 vars in 815 bytes} [Wed Feb 25 23:26:30 2026] GET /resource_providers/4b5c3fcc-6c08-4902-aca4-a470b0ba25b3/aggregates => generated 235 bytes in 11 msecs (HTTP/1.1 404) 5 headers in 202 bytes (1 switches on core 0)
2026-02-25 23:26:30.910 8 INFO placement.requestlog [None req-e3472675-120a-4828-a416-7cdb0068946e 48badc9f4a534eb58aeaf4c07d9a74e9 be78f35d93494319bbb7ae3b9fbc7c65 - - 23a2b1b2710b42feb9084ac13e40058b 23a2b1b2710b42feb9084ac13e40058b] 10.0.0.154 "GET /resource_providers/4b5c3fcc-6c08-4902-aca4-a470b0ba25b3/aggregates" status: 404 len: 235 microversion: 1.1 [pid: 8|app: 0|req: 574/1142] 10.0.0.154 () {32 vars in 815 bytes} [Wed Feb 25 23:26:30 2026] GET /resource_providers/4b5c3fcc-6c08-4902-aca4-a470b0ba25b3/aggregates => generated 235 bytes in 22 msecs (HTTP/1.1 404) 5 headers in 202 bytes (1 switches on core 0)
2026-02-25 23:26:30.916 7 INFO placement.requestlog [None req-bb40c677-1e58-4190-9784-c6157c00e8ae 48badc9f4a534eb58aeaf4c07d9a74e9 be78f35d93494319bbb7ae3b9fbc7c65 - - 23a2b1b2710b42feb9084ac13e40058b 23a2b1b2710b42feb9084ac13e40058b] 10.0.0.154 "DELETE /resource_providers/4b5c3fcc-6c08-4902-aca4-a470b0ba25b3" status: 404 len: 246 microversion: 1.1 [pid: 7|app: 0|req: 569/1143] 10.0.0.154 () {34 vars in 815 bytes} [Wed Feb 25 23:26:30 2026] DELETE /resource_providers/4b5c3fcc-6c08-4902-aca4-a470b0ba25b3 => generated 246 bytes in 10 msecs (HTTP/1.1 404) 6 headers in 231 bytes (1 switches on core 0)
2026-02-25 23:26:30.933 8 INFO placement.requestlog [None req-f6a82e97-57de-4765-810c-b7c48e9d954d 48badc9f4a534eb58aeaf4c07d9a74e9 be78f35d93494319bbb7ae3b9fbc7c65 - - 23a2b1b2710b42feb9084ac13e40058b 23a2b1b2710b42feb9084ac13e40058b] 10.0.0.154 "DELETE /resource_providers/4b5c3fcc-6c08-4902-aca4-a470b0ba25b3" status: 404 len: 246 microversion: 1.1 [pid: 8|app: 0|req: 575/1144] 10.0.0.154 () {34 vars in 815 bytes} [Wed Feb 25 23:26:30 2026] DELETE /resource_providers/4b5c3fcc-6c08-4902-aca4-a470b0ba25b3 => generated 246 bytes in 13 msecs (HTTP/1.1 404) 6 headers in 231 bytes (1 switches on core 0)
2026-02-25 23:26:33.386 7 INFO placement.requestlog [None req-4299b076-cd9c-4239-8d86-6d282e2c9fee afac72fcdef74f5088e34ff4d085b9a9 a3e636901af34c4e887bcab9cb4faf6f - - default default] 10.0.0.103 "GET /resource_providers" status: 200 len: 406 microversion: 1.0 [pid: 7|app: 0|req: 570/1145] 10.0.0.103 () {28 vars in 592 bytes} [Wed Feb 25 23:26:33 2026] GET /resource_providers => generated 406 bytes in 156 msecs (HTTP/1.1 200) 6 headers in 224 bytes (1 switches on core 0)
2026-02-25 23:26:33.412 8 INFO placement.requestlog [None req-df149d82-f5f4-4662-b068-77f40ba40b1e afac72fcdef74f5088e34ff4d085b9a9 a3e636901af34c4e887bcab9cb4faf6f - - default default] 10.0.0.103 "GET /resource_providers/60a58c8c-2714-4aa8-94e2-0e7351cea748/inventories" status: 200 len: 401 microversion: 1.0 [pid: 8|app: 0|req: 576/1146] 10.0.0.103 () {28 vars in 690 bytes} [Wed Feb 25 23:26:33 2026] GET /resource_providers/60a58c8c-2714-4aa8-94e2-0e7351cea748/inventories => generated 401 bytes in 21 msecs (HTTP/1.1 200) 6 headers in 224 bytes (1 switches on core 0)
2026-02-25 23:26:33.428 7 INFO placement.requestlog [None req-8ac9fdc0-c62b-451f-a846-4923dfde41fd afac72fcdef74f5088e34ff4d085b9a9 a3e636901af34c4e887bcab9cb4faf6f - - default default] 10.0.0.103 "GET /resource_providers/60a58c8c-2714-4aa8-94e2-0e7351cea748/usages" status: 200 len: 89 microversion: 1.0 [pid: 7|app: 0|req: 571/1147] 10.0.0.103 () {28 vars in 680 bytes} [Wed Feb 25 23:26:33 2026] GET /resource_providers/60a58c8c-2714-4aa8-94e2-0e7351cea748/usages => generated 89 bytes in 13 msecs (HTTP/1.1 200) 6 headers in 223 bytes (1 switches on core 0)
2026-02-25 23:26:34.685 8 INFO placement.requestlog [None req-174f6724-8b9d-4493-a586-9eaa30a833ba - - - - - -] 10.0.0.40 "GET /" status: 200 len: 136 microversion: 1.0
2026-02-25 23:26:34.686 7 INFO placement.requestlog [None req-61c133d3-8ddf-4313-ba13-73b398533b69 - - - - - -] 10.0.0.40 "GET /" status: 200 len: 136 microversion: 1.0
2026-02-25 23:26:36.549 8 INFO placement.requestlog [req-aa19aa3f-ee40-4c2e-a84d-6da480723114 req-4f07224d-a792-467a-9147-ae276f9999a6 e08791c46a604fe0b95738f6e9b62207 be78f35d93494319bbb7ae3b9fbc7c65 - - 23a2b1b2710b42feb9084ac13e40058b 23a2b1b2710b42feb9084ac13e40058b] 162.253.55.52 "GET /resource_providers/60a58c8c-2714-4aa8-94e2-0e7351cea748/allocations" status: 200 len: 55 microversion: 1.0 [pid: 8|app: 0|req: 578/1150] 162.253.55.52 () {32 vars in 855 bytes} [Wed Feb 25 23:26:36 2026] GET /resource_providers/60a58c8c-2714-4aa8-94e2-0e7351cea748/allocations => generated 55 bytes in 11 msecs (HTTP/1.1 200) 6 headers in 223 bytes (1 switches on core 0)
2026-02-25 23:26:36.570 7 INFO placement.requestlog [req-aa19aa3f-ee40-4c2e-a84d-6da480723114 req-cca387db-8f2d-4526-ae6d-912b6b7193be e08791c46a604fe0b95738f6e9b62207 be78f35d93494319bbb7ae3b9fbc7c65 - - 23a2b1b2710b42feb9084ac13e40058b 23a2b1b2710b42feb9084ac13e40058b] 162.253.55.52 "GET /resource_providers/60a58c8c-2714-4aa8-94e2-0e7351cea748/allocations" status: 200 len: 55 microversion: 1.0 [pid: 7|app: 0|req: 573/1151] 162.253.55.52 () {32 vars in 855 bytes} [Wed Feb 25 23:26:36 2026] GET /resource_providers/60a58c8c-2714-4aa8-94e2-0e7351cea748/allocations => generated 55 bytes in 14 msecs (HTTP/1.1 200) 6 headers in 223 bytes (1 switches on core 0)
2026-02-25 23:26:44.686 8 INFO placement.requestlog [None req-c8984cec-bbdb-4444-a2ae-fb382c79a099 - - - - - -] 10.0.0.40 "GET /" status: 200 len: 136 microversion: 1.0
2026-02-25 23:26:44.686 7 INFO placement.requestlog [None req-e15ba9a5-9472-4112-9114-29fbb93bb3f6 - - - - - -] 10.0.0.40 "GET /" status: 200 len: 136 microversion: 1.0
2026-02-25 23:26:46.999 8 INFO placement.requestlog [None req-e232e208-62fb-4c51-93c0-32f53caf164f 48badc9f4a534eb58aeaf4c07d9a74e9 be78f35d93494319bbb7ae3b9fbc7c65 - - 23a2b1b2710b42feb9084ac13e40058b 23a2b1b2710b42feb9084ac13e40058b] 10.0.0.154 "GET /resource_providers/f10da24d-1798-4a92-8799-fc3a8f6873a6/aggregates" status: 404 len: 235 microversion: 1.1 [pid: 8|app: 0|req: 580/1154] 10.0.0.154 () {32 vars in 815 bytes} [Wed Feb 25 23:26:46 2026] GET /resource_providers/f10da24d-1798-4a92-8799-fc3a8f6873a6/aggregates => generated 235 bytes in 11 msecs (HTTP/1.1 404) 5 headers in 202 bytes (1 switches on core 0)
2026-02-25 23:26:47.001 7 INFO placement.requestlog [None req-024b1a69-986b-43f0-8100-bafbdb6e8dc4 48badc9f4a534eb58aeaf4c07d9a74e9 be78f35d93494319bbb7ae3b9fbc7c65 - - 23a2b1b2710b42feb9084ac13e40058b 23a2b1b2710b42feb9084ac13e40058b] 10.0.0.154 "GET /resource_providers/f10da24d-1798-4a92-8799-fc3a8f6873a6/aggregates" status: 404 len: 235 microversion: 1.1 [pid: 7|app: 0|req: 575/1155] 10.0.0.154 () {32 vars in 815 bytes} [Wed Feb 25 23:26:46 2026] GET /resource_providers/f10da24d-1798-4a92-8799-fc3a8f6873a6/aggregates => generated 235 bytes in 13 msecs (HTTP/1.1 404) 5 headers in 202 bytes (1 switches on core 0)
2026-02-25 23:26:47.021 8 INFO placement.requestlog [None req-39908f36-a2ca-4ad2-aa6a-e7801c297bfe 48badc9f4a534eb58aeaf4c07d9a74e9 be78f35d93494319bbb7ae3b9fbc7c65 - - 23a2b1b2710b42feb9084ac13e40058b 23a2b1b2710b42feb9084ac13e40058b] 10.0.0.154 "DELETE /resource_providers/f10da24d-1798-4a92-8799-fc3a8f6873a6" status: 404 len: 246 microversion: 1.1 [pid: 8|app: 0|req: 581/1156] 10.0.0.154 () {34 vars in 815 bytes} [Wed Feb 25 23:26:47 2026] DELETE /resource_providers/f10da24d-1798-4a92-8799-fc3a8f6873a6 => generated 246 bytes in 9 msecs (HTTP/1.1 404) 6 headers in 231 bytes (1 switches on core 0)
2026-02-25 23:26:47.026 7 INFO placement.requestlog [None req-34fe52e0-7914-48e3-ac16-a26fc5625148 48badc9f4a534eb58aeaf4c07d9a74e9 be78f35d93494319bbb7ae3b9fbc7c65 - - 23a2b1b2710b42feb9084ac13e40058b 23a2b1b2710b42feb9084ac13e40058b] 10.0.0.154 "DELETE /resource_providers/f10da24d-1798-4a92-8799-fc3a8f6873a6" status: 404 len: 246 microversion: 1.1 [pid: 7|app: 0|req: 576/1157] 10.0.0.154 () {34 vars in 815 bytes} [Wed Feb 25 23:26:47 2026] DELETE /resource_providers/f10da24d-1798-4a92-8799-fc3a8f6873a6 => generated 246 bytes in 13 msecs (HTTP/1.1 404) 6 headers in 231 bytes (1 switches on core 0)
2026-02-25 23:26:53.093 8 INFO placement.requestlog [None req-30e2608e-d964-49cb-93d8-72ff67887a51 48badc9f4a534eb58aeaf4c07d9a74e9 be78f35d93494319bbb7ae3b9fbc7c65 - - 23a2b1b2710b42feb9084ac13e40058b 23a2b1b2710b42feb9084ac13e40058b] 10.0.0.154 "GET /resource_providers/c5a84cc4-9096-468a-b922-08c2aae71a34/aggregates" status: 404 len: 235 microversion: 1.1 [pid: 8|app: 0|req: 582/1158] 10.0.0.154 () {32 vars in 815 bytes} [Wed Feb 25 23:26:53 2026] GET /resource_providers/c5a84cc4-9096-468a-b922-08c2aae71a34/aggregates => generated 235 bytes in 9 msecs (HTTP/1.1 404) 5 headers in 202 bytes (1 switches on core 0)
2026-02-25 23:26:53.101 7 INFO placement.requestlog [None req-cc5c68a6-84a7-465d-a2d0-7a59f331743a 48badc9f4a534eb58aeaf4c07d9a74e9 be78f35d93494319bbb7ae3b9fbc7c65 - - 23a2b1b2710b42feb9084ac13e40058b 23a2b1b2710b42feb9084ac13e40058b] 10.0.0.154 "GET /resource_providers/c5a84cc4-9096-468a-b922-08c2aae71a34/aggregates" status: 404 len: 235 microversion: 1.1 [pid: 7|app: 0|req: 577/1159] 10.0.0.154 () {32 vars in 815 bytes} [Wed Feb 25 23:26:53 2026] GET /resource_providers/c5a84cc4-9096-468a-b922-08c2aae71a34/aggregates => generated 235 bytes in 11 msecs (HTTP/1.1 404) 5 headers in 202 bytes (1 switches on core 0)
2026-02-25 23:26:53.115 8 INFO placement.requestlog [None req-6429aad0-a132-4e27-9b39-98ebf5377c5f 48badc9f4a534eb58aeaf4c07d9a74e9 be78f35d93494319bbb7ae3b9fbc7c65 - - 23a2b1b2710b42feb9084ac13e40058b 23a2b1b2710b42feb9084ac13e40058b] 10.0.0.154 "DELETE /resource_providers/c5a84cc4-9096-468a-b922-08c2aae71a34" status: 404 len: 246 microversion: 1.1 [pid: 8|app: 0|req: 583/1160] 10.0.0.154 () {34 vars in 815 bytes} [Wed Feb 25 23:26:53 2026] DELETE /resource_providers/c5a84cc4-9096-468a-b922-08c2aae71a34 => generated 246 bytes in 11 msecs (HTTP/1.1 404) 6 headers in 231 bytes (1 switches on core 0)
2026-02-25 23:26:53.118 7 INFO placement.requestlog [None req-6945911c-18cc-437b-8302-78e5d73d8603 48badc9f4a534eb58aeaf4c07d9a74e9 be78f35d93494319bbb7ae3b9fbc7c65 - - 23a2b1b2710b42feb9084ac13e40058b 23a2b1b2710b42feb9084ac13e40058b] 10.0.0.154 "DELETE /resource_providers/c5a84cc4-9096-468a-b922-08c2aae71a34" status: 404 len: 246 microversion: 1.1 [pid: 7|app: 0|req: 578/1161] 10.0.0.154 () {34 vars in 815 bytes} [Wed Feb 25 23:26:53 2026] DELETE /resource_providers/c5a84cc4-9096-468a-b922-08c2aae71a34 => generated 246 bytes in 7 msecs (HTTP/1.1 404) 6 headers in 231 bytes (1 switches on core 0)
2026-02-25 23:26:54.687 8 INFO placement.requestlog [None req-9881cdaf-0eb1-4b62-b04c-4a281487d0ba - - - - - -] 10.0.0.40 "GET /" status: 200 len: 136 microversion: 1.0
2026-02-25 23:26:54.687 7 INFO placement.requestlog [None req-7b215882-92e3-4ef9-954a-9236c04405c1 - - - - - -] 10.0.0.40 "GET /" status: 200 len: 136 microversion: 1.0
2026-02-25 23:27:01.307 8 INFO placement.requestlog [None req-34ea1b8c-fc00-412f-afcc-54f4bf2311a8 48badc9f4a534eb58aeaf4c07d9a74e9 be78f35d93494319bbb7ae3b9fbc7c65 - - 23a2b1b2710b42feb9084ac13e40058b 23a2b1b2710b42feb9084ac13e40058b] 10.0.0.154 "GET /resource_providers/48411201-267f-427b-b93e-0ee0934c5c40/aggregates" status: 404 len: 235 microversion: 1.1 [pid: 8|app: 0|req: 585/1164] 10.0.0.154 () {32 vars in 815 bytes} [Wed Feb 25 23:27:01 2026] GET /resource_providers/48411201-267f-427b-b93e-0ee0934c5c40/aggregates => generated 235 bytes in 10 msecs (HTTP/1.1 404) 5 headers in 202 bytes (1 switches on core 0)
2026-02-25 23:27:01.311 7 INFO placement.requestlog [None req-cccc3bbf-f5f5-46d1-8437-aa22792f4586 48badc9f4a534eb58aeaf4c07d9a74e9 be78f35d93494319bbb7ae3b9fbc7c65 - - 23a2b1b2710b42feb9084ac13e40058b 23a2b1b2710b42feb9084ac13e40058b] 10.0.0.154 "GET /resource_providers/48411201-267f-427b-b93e-0ee0934c5c40/aggregates" status: 404 len: 235 microversion: 1.1 [pid: 7|app: 0|req: 580/1165] 10.0.0.154 () {32 vars in 815 bytes} [Wed Feb 25 23:27:01 2026] GET /resource_providers/48411201-267f-427b-b93e-0ee0934c5c40/aggregates => generated 235 bytes in 9 msecs (HTTP/1.1 404) 5 headers in 202 bytes (1 switches on core 0)
2026-02-25 23:27:01.336 8 INFO placement.requestlog [None req-f211312c-9dcd-4bb7-91d6-328887ba5a73 48badc9f4a534eb58aeaf4c07d9a74e9 be78f35d93494319bbb7ae3b9fbc7c65 - - 23a2b1b2710b42feb9084ac13e40058b 23a2b1b2710b42feb9084ac13e40058b] 10.0.0.154 "DELETE /resource_providers/48411201-267f-427b-b93e-0ee0934c5c40" status: 404 len: 246 microversion: 1.1
2026-02-25 23:27:01.336 7 INFO placement.requestlog [None req-daeec12c-95fb-4d14-a1a0-c99a01650874 48badc9f4a534eb58aeaf4c07d9a74e9 be78f35d93494319bbb7ae3b9fbc7c65 - - 23a2b1b2710b42feb9084ac13e40058b 23a2b1b2710b42feb9084ac13e40058b] 10.0.0.154 "DELETE /resource_providers/48411201-267f-427b-b93e-0ee0934c5c40" status: 404 len: 246 microversion: 1.1 [pid: 8|app: 0|req: 586/1167] 10.0.0.154 () {34 vars in 815 bytes} [Wed Feb 25 23:27:01 2026] DELETE /resource_providers/48411201-267f-427b-b93e-0ee0934c5c40 => generated 246 bytes in 11 msecs (HTTP/1.1 404) 6 headers in 231 bytes (1 switches on core 0) [pid: 7|app: 0|req: 581/1167] 10.0.0.154 () {34 vars in 815 bytes} [Wed Feb 25 23:27:01 2026] DELETE /resource_providers/48411201-267f-427b-b93e-0ee0934c5c40 => generated 246 bytes in 9 msecs (HTTP/1.1 404) 6 headers in 231 bytes (1 switches on core 0)
2026-02-25 23:27:04.686 8 INFO placement.requestlog [None req-43b20c10-cc7d-43e5-9a32-0996345347be - - - - - -] 10.0.0.40 "GET /" status: 200 len: 136 microversion: 1.0
2026-02-25 23:27:04.687 7 INFO placement.requestlog [None req-f2e6c436-7178-4f4e-9ae1-40b46c80fe35 - - - - - -] 10.0.0.40 "GET /" status: 200 len: 136 microversion: 1.0
2026-02-25 23:27:11.304 8 INFO placement.requestlog [req-6f07d990-3bfc-4a7b-9e37-134de75cb0f1 req-b3e9a244-4418-42ac-88c4-94a516d5a9a9 e08791c46a604fe0b95738f6e9b62207 be78f35d93494319bbb7ae3b9fbc7c65 - - 23a2b1b2710b42feb9084ac13e40058b 23a2b1b2710b42feb9084ac13e40058b] 10.0.0.30 "GET /allocation_candidates?limit=1000&resources=DISK_GB%3A1%2CMEMORY_MB%3A512%2CVCPU%3A1&root_required=%21COMPUTE_STATUS_DISABLED" status: 200 len: 2781 microversion: 1.36 [pid: 8|app: 0|req: 588/1170] 10.0.0.30 () {34 vars in 1010 bytes} [Wed Feb 25 23:27:11 2026] GET /allocation_candidates?limit=1000&resources=DISK_GB%3A1%2CMEMORY_MB%3A512%2CVCPU%3A1&root_required=%21COMPUTE_STATUS_DISABLED => generated 2781 bytes in 36 msecs (HTTP/1.1 200) 8 headers in 297 bytes (1 switches on core 0)
2026-02-25 23:27:11.333 7 INFO placement.requestlog [req-6f07d990-3bfc-4a7b-9e37-134de75cb0f1 req-d45d3ed3-ef51-49b3-93f4-56194bdb069c e08791c46a604fe0b95738f6e9b62207 be78f35d93494319bbb7ae3b9fbc7c65 - - 23a2b1b2710b42feb9084ac13e40058b 23a2b1b2710b42feb9084ac13e40058b] 10.0.0.30 "GET /allocations/f2c8a79b-c9f0-4f85-9b3c-abffe8f5f820" status: 200 len: 19 microversion: 1.28 [pid: 7|app: 0|req: 583/1171] 10.0.0.30 () {34 vars in 859 bytes} [Wed Feb 25 23:27:11 2026] GET /allocations/f2c8a79b-c9f0-4f85-9b3c-abffe8f5f820 => generated 19 bytes in 9 msecs (HTTP/1.1 200) 8 headers in 295 bytes (1 switches on core 0)
2026-02-25 23:27:11.399 8 INFO placement.requestlog [req-6f07d990-3bfc-4a7b-9e37-134de75cb0f1 req-4bffa846-5588-4756-865b-139389863e36 e08791c46a604fe0b95738f6e9b62207 be78f35d93494319bbb7ae3b9fbc7c65 - - 23a2b1b2710b42feb9084ac13e40058b 23a2b1b2710b42feb9084ac13e40058b] 10.0.0.30 "PUT /allocations/f2c8a79b-c9f0-4f85-9b3c-abffe8f5f820" status: 204 len: 0 microversion: 1.36 [pid: 8|app: 0|req: 589/1172] 10.0.0.30 () {38 vars in 912 bytes} [Wed Feb 25 23:27:11 2026] PUT /allocations/f2c8a79b-c9f0-4f85-9b3c-abffe8f5f820 => generated 0 bytes in 61 msecs (HTTP/1.1 204) 5 headers in 199 bytes (1 switches on core 0)
2026-02-25 23:27:12.921 7 INFO placement.requestlog [req-6f07d990-3bfc-4a7b-9e37-134de75cb0f1 req-5073665b-f028-4305-ad93-79c4cf27250f e08791c46a604fe0b95738f6e9b62207 be78f35d93494319bbb7ae3b9fbc7c65 - - 23a2b1b2710b42feb9084ac13e40058b 23a2b1b2710b42feb9084ac13e40058b] 162.253.55.52 "GET /allocations/f2c8a79b-c9f0-4f85-9b3c-abffe8f5f820" status: 200 len: 258 microversion: 1.28 [pid: 7|app: 0|req: 584/1173] 162.253.55.52 () {34 vars in 861 bytes} [Wed Feb 25 23:27:12 2026] GET /allocations/f2c8a79b-c9f0-4f85-9b3c-abffe8f5f820 => generated 258 bytes in 12 msecs (HTTP/1.1 200) 8 headers in 296 bytes (1 switches on core 0)
2026-02-25 23:27:13.962 8 INFO placement.requestlog [req-6f07d990-3bfc-4a7b-9e37-134de75cb0f1 req-1eb75321-35b2-43b4-89bd-751a81a2785f e08791c46a604fe0b95738f6e9b62207 be78f35d93494319bbb7ae3b9fbc7c65 - - 23a2b1b2710b42feb9084ac13e40058b 23a2b1b2710b42feb9084ac13e40058b] 162.253.55.52 "GET /resource_providers/60a58c8c-2714-4aa8-94e2-0e7351cea748/allocations" status: 200 len: 153 microversion: 1.0 [pid: 8|app: 0|req: 590/1174] 162.253.55.52 () {32 vars in 855 bytes} [Wed Feb 25 23:27:13 2026] GET /resource_providers/60a58c8c-2714-4aa8-94e2-0e7351cea748/allocations => generated 153 bytes in 14 msecs (HTTP/1.1 200) 6 headers in 224 bytes (1 switches on core 0)
2026-02-25 23:27:13.984 7 INFO placement.requestlog [req-6f07d990-3bfc-4a7b-9e37-134de75cb0f1 req-8c968d1c-00cf-4fad-afbe-921616358809 e08791c46a604fe0b95738f6e9b62207 be78f35d93494319bbb7ae3b9fbc7c65 - - 23a2b1b2710b42feb9084ac13e40058b 23a2b1b2710b42feb9084ac13e40058b] 162.253.55.52 "GET /allocations/f2c8a79b-c9f0-4f85-9b3c-abffe8f5f820" status: 200 len: 258 microversion: 1.28 [pid: 7|app: 0|req: 585/1175] 162.253.55.52 () {34 vars in 861 bytes} [Wed Feb 25 23:27:13 2026] GET /allocations/f2c8a79b-c9f0-4f85-9b3c-abffe8f5f820 => generated 258 bytes in 15 msecs (HTTP/1.1 200) 8 headers in 296 bytes (1 switches on core 0)
2026-02-25 23:27:14.686 8 INFO placement.requestlog [None req-107ac398-b7ba-4bce-be01-9689cf24e000 - - - - - -] 10.0.0.40 "GET /" status: 200 len: 136 microversion: 1.0
2026-02-25 23:27:14.686 7 INFO placement.requestlog [None req-750882d5-846e-4ce1-87db-8ab07ad65296 - - - - - -] 10.0.0.40 "GET /" status: 200 len: 136 microversion: 1.0
2026-02-25 23:27:18.335 8 INFO placement.requestlog [None req-40b6ed73-a116-45e9-b9e4-42ecb92fca2d 48badc9f4a534eb58aeaf4c07d9a74e9 be78f35d93494319bbb7ae3b9fbc7c65 - - 23a2b1b2710b42feb9084ac13e40058b 23a2b1b2710b42feb9084ac13e40058b] 10.0.0.154 "GET /resource_providers/ef0a2e7c-1d71-4b84-bda0-965e6654e8cc/aggregates" status: 404 len: 235 microversion: 1.1 [pid: 8|app: 0|req: 592/1178] 10.0.0.154 () {32 vars in 815 bytes} [Wed Feb 25 23:27:18 2026] GET /resource_providers/ef0a2e7c-1d71-4b84-bda0-965e6654e8cc/aggregates => generated 235 bytes in 8 msecs (HTTP/1.1 404) 5 headers in 202 bytes (1 switches on core 0)
2026-02-25 23:27:18.339 7 INFO placement.requestlog [None req-352cb2cf-5ee3-4ac9-83d5-9ff7dabb0c7a 48badc9f4a534eb58aeaf4c07d9a74e9 be78f35d93494319bbb7ae3b9fbc7c65 - - 23a2b1b2710b42feb9084ac13e40058b 23a2b1b2710b42feb9084ac13e40058b] 10.0.0.154 "GET /resource_providers/ef0a2e7c-1d71-4b84-bda0-965e6654e8cc/aggregates" status: 404 len: 235 microversion: 1.1 [pid: 7|app: 0|req: 587/1179] 10.0.0.154 () {32 vars in 815 bytes} [Wed Feb 25 23:27:18 2026] GET /resource_providers/ef0a2e7c-1d71-4b84-bda0-965e6654e8cc/aggregates => generated 235 bytes in 9 msecs (HTTP/1.1 404) 5 headers in 202 bytes (1 switches on core 0)
2026-02-25 23:27:18.359 8 INFO placement.requestlog [None req-8bdf9f7d-c638-4338-a311-09dbe2f3baa9 48badc9f4a534eb58aeaf4c07d9a74e9 be78f35d93494319bbb7ae3b9fbc7c65 - - 23a2b1b2710b42feb9084ac13e40058b 23a2b1b2710b42feb9084ac13e40058b] 10.0.0.154 "DELETE /resource_providers/ef0a2e7c-1d71-4b84-bda0-965e6654e8cc" status: 404 len: 246 microversion: 1.1 [pid: 8|app: 0|req: 593/1180] 10.0.0.154 () {34 vars in 815 bytes} [Wed Feb 25 23:27:18 2026] DELETE /resource_providers/ef0a2e7c-1d71-4b84-bda0-965e6654e8cc => generated 246 bytes in 9 msecs (HTTP/1.1 404) 6 headers in 231 bytes (1 switches on core 0)
2026-02-25 23:27:18.361 7 INFO placement.requestlog [None req-a4ad08dc-ef20-4351-b37f-6f2f2b47c29e 48badc9f4a534eb58aeaf4c07d9a74e9 be78f35d93494319bbb7ae3b9fbc7c65 - - 23a2b1b2710b42feb9084ac13e40058b 23a2b1b2710b42feb9084ac13e40058b] 10.0.0.154 "DELETE /resource_providers/ef0a2e7c-1d71-4b84-bda0-965e6654e8cc" status: 404 len: 246 microversion: 1.1 [pid: 7|app: 0|req: 588/1181] 10.0.0.154 () {34 vars in 815 bytes} [Wed Feb 25 23:27:18 2026] DELETE /resource_providers/ef0a2e7c-1d71-4b84-bda0-965e6654e8cc => generated 246 bytes in 8 msecs (HTTP/1.1 404) 6 headers in 231 bytes (1 switches on core 0)
2026-02-25 23:27:24.686 8 INFO placement.requestlog [None req-825fd6c3-d205-41aa-aa2f-f723cb2d86fb - - - - - -] 10.0.0.40 "GET /" status: 200 len: 136 microversion: 1.0
2026-02-25 23:27:24.686 7 INFO placement.requestlog [None req-72a5bd5c-32eb-48f0-8c2c-bbbaa9e3e047 - - - - - -] 10.0.0.40 "GET /" status: 200 len: 136 microversion: 1.0
2026-02-25 23:27:33.127 8 INFO placement.requestlog [None req-d3e5d389-9eb1-4926-b620-1b079938a441 afac72fcdef74f5088e34ff4d085b9a9 a3e636901af34c4e887bcab9cb4faf6f - - default default] 10.0.0.103 "GET /resource_providers" status: 200 len: 406 microversion: 1.0 [pid: 8|app: 0|req: 595/1184] 10.0.0.103 () {28 vars in 592 bytes} [Wed Feb 25 23:27:32 2026] GET /resource_providers => generated 406 bytes in 208 msecs (HTTP/1.1 200) 6 headers in 224 bytes (1 switches on core 0)
2026-02-25 23:27:33.139 7 INFO placement.requestlog [None req-d4eae54a-07a8-4f59-a811-f9ab89c8d89a afac72fcdef74f5088e34ff4d085b9a9 a3e636901af34c4e887bcab9cb4faf6f - - default default] 10.0.0.103 "GET /resource_providers/60a58c8c-2714-4aa8-94e2-0e7351cea748/inventories" status: 200 len: 401 microversion: 1.0 [pid: 7|app: 0|req: 590/1185] 10.0.0.103 () {28 vars in 690 bytes} [Wed Feb 25 23:27:33 2026] GET /resource_providers/60a58c8c-2714-4aa8-94e2-0e7351cea748/inventories => generated 401 bytes in 9 msecs (HTTP/1.1 200) 6 headers in 224 bytes (1 switches on core 0)
2026-02-25 23:27:33.157 8 INFO placement.requestlog [None req-916f591b-e45d-4913-9b3a-1015b18a15b9 afac72fcdef74f5088e34ff4d085b9a9 a3e636901af34c4e887bcab9cb4faf6f - - default default] 10.0.0.103 "GET /resource_providers/60a58c8c-2714-4aa8-94e2-0e7351cea748/usages" status: 200 len: 91 microversion: 1.0 [pid: 8|app: 0|req: 596/1186] 10.0.0.103 () {28 vars in 680 bytes} [Wed Feb 25 23:27:33 2026] GET /resource_providers/60a58c8c-2714-4aa8-94e2-0e7351cea748/usages => generated 91 bytes in 12 msecs (HTTP/1.1 200) 6 headers in 223 bytes (1 switches on core 0)
2026-02-25 23:27:34.686 7 INFO placement.requestlog [None req-7ef0fa68-9e44-4404-8841-e227fddcdee8 - - - - - -] 10.0.0.40 "GET /" status: 200 len: 136 microversion: 1.0
2026-02-25 23:27:34.686 8 INFO placement.requestlog [None req-2c80fbe6-9ca2-4c9d-a553-f5ce1faf2893 - - - - - -] 10.0.0.40 "GET /" status: 200 len: 136 microversion: 1.0
2026-02-25 23:27:38.862 7 INFO placement.requestlog [req-de5a8f74-7546-4722-80ce-b2a59354de02 req-940d37cd-9bfb-4bbd-a7ec-6d95fc368112 e08791c46a604fe0b95738f6e9b62207 be78f35d93494319bbb7ae3b9fbc7c65 - - 23a2b1b2710b42feb9084ac13e40058b 23a2b1b2710b42feb9084ac13e40058b] 162.253.55.52 "GET /resource_providers/60a58c8c-2714-4aa8-94e2-0e7351cea748/allocations" status: 200 len: 153 microversion: 1.0 [pid: 7|app: 0|req: 592/1189] 162.253.55.52 () {32 vars in 855 bytes} [Wed Feb 25 23:27:38 2026] GET /resource_providers/60a58c8c-2714-4aa8-94e2-0e7351cea748/allocations => generated 153 bytes in 58 msecs (HTTP/1.1 200) 6 headers in 224 bytes (1 switches on core 0)
2026-02-25 23:27:38.893 8 INFO placement.requestlog [req-de5a8f74-7546-4722-80ce-b2a59354de02 req-da94bda1-d77b-4e5c-a4af-a783eb6a1742 e08791c46a604fe0b95738f6e9b62207 be78f35d93494319bbb7ae3b9fbc7c65 - - 23a2b1b2710b42feb9084ac13e40058b 23a2b1b2710b42feb9084ac13e40058b] 162.253.55.52 "GET /resource_providers?in_tree=60a58c8c-2714-4aa8-94e2-0e7351cea748" status: 200 len: 798 microversion: 1.14 [pid: 8|app: 0|req: 598/1190] 162.253.55.52 () {34 vars in 890 bytes} [Wed Feb 25 23:27:38 2026] GET /resource_providers?in_tree=60a58c8c-2714-4aa8-94e2-0e7351cea748 => generated 798 bytes in 23 msecs (HTTP/1.1 200) 6 headers in 225 bytes (1 switches on core 0)
2026-02-25 23:27:38.916 7 INFO placement.requestlog [req-de5a8f74-7546-4722-80ce-b2a59354de02 req-f1a38fe6-8051-4540-950e-aee8d2a8c27f e08791c46a604fe0b95738f6e9b62207 be78f35d93494319bbb7ae3b9fbc7c65 - - 23a2b1b2710b42feb9084ac13e40058b 23a2b1b2710b42feb9084ac13e40058b] 162.253.55.52 "GET /resource_providers/60a58c8c-2714-4aa8-94e2-0e7351cea748/inventories" status: 200 len: 401 microversion: 1.0 [pid: 7|app: 0|req: 593/1191] 162.253.55.52 () {32 vars in 855 bytes} [Wed Feb 25 23:27:38 2026] GET /resource_providers/60a58c8c-2714-4aa8-94e2-0e7351cea748/inventories => generated 401 bytes in 18 msecs (HTTP/1.1 200) 6 headers in 224 bytes (1 switches on core 0)
