2026-02-25 23:18:33.171 8 INFO placement.requestlog [None req-571ed72e-1f45-48dc-966f-572b0ff066a1 afac72fcdef74f5088e34ff4d085b9a9 a3e636901af34c4e887bcab9cb4faf6f - - default default] 10.0.0.103 "GET /resource_providers" status: 200 len: 405 microversion: 1.0 [pid: 8|app: 0|req: 275/549] 10.0.0.103 () {28 vars in 592 bytes} [Wed Feb 25 23:18:32 2026] GET /resource_providers => generated 405 bytes in 175 msecs (HTTP/1.1 200) 6 headers in 224 bytes (1 switches on core 0)
2026-02-25 23:18:33.190 7 INFO placement.requestlog [None req-a3eef119-e995-47c1-8f0a-6ec1d067148b afac72fcdef74f5088e34ff4d085b9a9 a3e636901af34c4e887bcab9cb4faf6f - - default default] 10.0.0.103 "GET /resource_providers/60a58c8c-2714-4aa8-94e2-0e7351cea748/inventories" status: 200 len: 400 microversion: 1.0 [pid: 7|app: 0|req: 275/550] 10.0.0.103 () {28 vars in 690 bytes} [Wed Feb 25 23:18:33 2026] GET /resource_providers/60a58c8c-2714-4aa8-94e2-0e7351cea748/inventories => generated 400 bytes in 13 msecs (HTTP/1.1 200) 6 headers in 224 bytes (1 switches on core 0)
2026-02-25 23:18:33.207 8 INFO placement.requestlog [None req-b8f717f8-6c17-478a-9e97-5eaaa5c6a346 afac72fcdef74f5088e34ff4d085b9a9 a3e636901af34c4e887bcab9cb4faf6f - - default default] 10.0.0.103 "GET /resource_providers/60a58c8c-2714-4aa8-94e2-0e7351cea748/usages" status: 200 len: 88 microversion: 1.0 [pid: 8|app: 0|req: 276/551] 10.0.0.103 () {28 vars in 680 bytes} [Wed Feb 25 23:18:33 2026] GET /resource_providers/60a58c8c-2714-4aa8-94e2-0e7351cea748/usages => generated 88 bytes in 13 msecs (HTTP/1.1 200) 6 headers in 223 bytes (1 switches on core 0)
2026-02-25 23:18:34.689 7 INFO placement.requestlog [None req-0247599e-3cb9-4840-8dfd-e89f7b8526af - - - - - -] 10.0.0.40 "GET /" status: 200 len: 136 microversion: 1.0
2026-02-25 23:18:34.690 8 INFO placement.requestlog [None req-b2b44a27-b49b-4260-8646-28a2da62475e - - - - - -] 10.0.0.40 "GET /" status: 200 len: 136 microversion: 1.0
2026-02-25 23:18:44.686 8 INFO placement.requestlog [None req-5a4fc029-7146-49f0-955c-2e20cdba16c7 - - - - - -] 10.0.0.40 "GET /" status: 200 len: 136 microversion: 1.0
2026-02-25 23:18:44.687 7 INFO placement.requestlog [None req-adce7b8e-388d-41fa-91a7-9249a2c51ba7 - - - - - -] 10.0.0.40 "GET /" status: 200 len: 136 microversion: 1.0
2026-02-25 23:18:54.686 8 INFO placement.requestlog [None req-f00f2dd9-b89c-4eec-9dc0-f7fcc6b9bb54 - - - - - -] 10.0.0.40 "GET /" status: 200 len: 136 microversion: 1.0
2026-02-25 23:18:54.691 7 INFO placement.requestlog [None req-691f9ff7-0d87-4f5c-aed9-050c47f356cc - - - - - -] 10.0.0.40 "GET /" status: 200 len: 136 microversion: 1.0
2026-02-25 23:19:04.686 8 INFO placement.requestlog [None req-3624e8a3-d91b-4459-a72a-c3ccaf48d749 - - - - - -] 10.0.0.40 "GET /" status: 200 len: 136 microversion: 1.0
2026-02-25 23:19:04.688 7 INFO placement.requestlog [None req-78dc0847-e98b-46db-84d9-6b7d8c5b8fd6 - - - - - -] 10.0.0.40 "GET /" status: 200 len: 136 microversion: 1.0
2026-02-25 23:19:14.687 8 INFO placement.requestlog [None req-4ab2514e-8bbe-41a3-a516-2371fe10297f - - - - - -] 10.0.0.40 "GET /" status: 200 len: 136 microversion: 1.0
2026-02-25 23:19:14.687 7 INFO placement.requestlog [None req-c6c46d3f-0090-4a58-8050-0c323751e9e0 - - - - - -] 10.0.0.40 "GET /" status: 200 len: 136 microversion: 1.0
2026-02-25 23:19:24.687 7 INFO placement.requestlog [None req-cf7e4834-11c8-414e-908d-c0ac495721ec - - - - - -] 10.0.0.40 "GET /" status: 200 len: 136 microversion: 1.0
2026-02-25 23:19:24.687 8 INFO placement.requestlog [None req-36ce5aad-f826-4f97-9bf4-12adf8500a15 - - - - - -] 10.0.0.40 "GET /" status: 200 len: 136 microversion: 1.0
2026-02-25 23:19:27.523 7 INFO placement.requestlog [req-766d24eb-8008-416a-9187-dc6c3fff5747 req-6383b85c-b023-47a3-9581-6b5b7f5d72c5 e08791c46a604fe0b95738f6e9b62207 be78f35d93494319bbb7ae3b9fbc7c65 - - 23a2b1b2710b42feb9084ac13e40058b 23a2b1b2710b42feb9084ac13e40058b] 162.253.55.52 "GET /resource_providers/60a58c8c-2714-4aa8-94e2-0e7351cea748/allocations" status: 200 len: 54 microversion: 1.0 [pid: 7|app: 0|req: 282/564] 162.253.55.52 () {32 vars in 855 bytes} [Wed Feb 25 23:19:27 2026] GET /resource_providers/60a58c8c-2714-4aa8-94e2-0e7351cea748/allocations => generated 54 bytes in 15 msecs (HTTP/1.1 200) 6 headers in 223 bytes (1 switches on core 0)
2026-02-25 23:19:27.542 8 INFO placement.requestlog [req-766d24eb-8008-416a-9187-dc6c3fff5747 req-72f13593-186c-4ddb-bbf7-0b35a74d448f e08791c46a604fe0b95738f6e9b62207 be78f35d93494319bbb7ae3b9fbc7c65 - - 23a2b1b2710b42feb9084ac13e40058b 23a2b1b2710b42feb9084ac13e40058b] 162.253.55.52 "GET /resource_providers/60a58c8c-2714-4aa8-94e2-0e7351cea748/allocations" status: 200 len: 54 microversion: 1.0 [pid: 8|app: 0|req: 283/565] 162.253.55.52 () {32 vars in 855 bytes} [Wed Feb 25 23:19:27 2026] GET /resource_providers/60a58c8c-2714-4aa8-94e2-0e7351cea748/allocations => generated 54 bytes in 14 msecs (HTTP/1.1 200) 6 headers in 223 bytes (1 switches on core 0)
2026-02-25 23:19:33.065 7 INFO placement.requestlog [None req-30cb428f-53dd-48cf-806b-665b0eaa909b afac72fcdef74f5088e34ff4d085b9a9 a3e636901af34c4e887bcab9cb4faf6f - - default default] 10.0.0.103 "GET /resource_providers" status: 200 len: 405 microversion: 1.0 [pid: 7|app: 0|req: 283/566] 10.0.0.103 () {28 vars in 592 bytes} [Wed Feb 25 23:19:33 2026] GET /resource_providers => generated 405 bytes in 44 msecs (HTTP/1.1 200) 6 headers in 224 bytes (1 switches on core 0)
2026-02-25 23:19:33.098 8 INFO placement.requestlog [None req-4283303c-3985-4491-b950-7a9aa165fa76 afac72fcdef74f5088e34ff4d085b9a9 a3e636901af34c4e887bcab9cb4faf6f - - default default] 10.0.0.103 "GET /resource_providers/60a58c8c-2714-4aa8-94e2-0e7351cea748/inventories" status: 200 len: 400 microversion: 1.0 [pid: 8|app: 0|req: 284/567] 10.0.0.103 () {28 vars in 690 bytes} [Wed Feb 25 23:19:33 2026] GET /resource_providers/60a58c8c-2714-4aa8-94e2-0e7351cea748/inventories => generated 400 bytes in 23 msecs (HTTP/1.1 200) 6 headers in 224 bytes (1 switches on core 0)
2026-02-25 23:19:33.115 7 INFO placement.requestlog [None req-8d6f4881-dd66-42ab-bba1-d148894e1b7c afac72fcdef74f5088e34ff4d085b9a9 a3e636901af34c4e887bcab9cb4faf6f - - default default] 10.0.0.103 "GET /resource_providers/60a58c8c-2714-4aa8-94e2-0e7351cea748/usages" status: 200 len: 88 microversion: 1.0 [pid: 7|app: 0|req: 284/568] 10.0.0.103 () {28 vars in 680 bytes} [Wed Feb 25 23:19:33 2026] GET /resource_providers/60a58c8c-2714-4aa8-94e2-0e7351cea748/usages => generated 88 bytes in 13 msecs (HTTP/1.1 200) 6 headers in 223 bytes (1 switches on core 0)
2026-02-25 23:19:34.686 8 INFO placement.requestlog [None req-ff731808-ffa2-460c-bbe0-fea6e9f9ea46 - - - - - -] 10.0.0.40 "GET /" status: 200 len: 136 microversion: 1.0
2026-02-25 23:19:34.688 7 INFO placement.requestlog [None req-dd68d8a1-19b4-4182-bedd-afa0805e4dc6 - - - - - -] 10.0.0.40 "GET /" status: 200 len: 136 microversion: 1.0
2026-02-25 23:19:44.686 8 INFO placement.requestlog [None req-54c63ca2-4318-46f8-ad8c-ac5b73f39642 - - - - - -] 10.0.0.40 "GET /" status: 200 len: 136 microversion: 1.0
2026-02-25 23:19:44.688 7 INFO placement.requestlog [None req-11210eab-91f4-4b16-a66a-a26adebe5f81 - - - - - -] 10.0.0.40 "GET /" status: 200 len: 136 microversion: 1.0
2026-02-25 23:19:54.686 8 INFO placement.requestlog [None req-ca8cf08e-8a4a-458f-883a-5262f203ba02 - - - - - -] 10.0.0.40 "GET /" status: 200 len: 136 microversion: 1.0
2026-02-25 23:19:54.687 7 INFO placement.requestlog [None req-f99c49dc-9c31-440f-8cfb-3efacce0f01c - - - - - -] 10.0.0.40 "GET /" status: 200 len: 136 microversion: 1.0
2026-02-25 23:20:04.686 8 INFO placement.requestlog [None req-34742dca-0ab1-43da-ab29-1cc930ac1d91 - - - - - -] 10.0.0.40 "GET /" status: 200 len: 136 microversion: 1.0
2026-02-25 23:20:04.688 7 INFO placement.requestlog [None req-066bc3df-6e8b-4ba5-9095-9b6579c79a8f - - - - - -] 10.0.0.40 "GET /" status: 200 len: 136 microversion: 1.0
2026-02-25 23:20:14.687 8 INFO placement.requestlog [None req-0d5c0af0-c317-475a-91fe-9df82d3f9176 - - - - - -] 10.0.0.40 "GET /" status: 200 len: 136 microversion: 1.0
2026-02-25 23:20:14.688 7 INFO placement.requestlog [None req-6bdde4be-a14c-49e9-b77f-46451f0c74b7 - - - - - -] 10.0.0.40 "GET /" status: 200 len: 136 microversion: 1.0
2026-02-25 23:20:24.686 8 INFO placement.requestlog [None req-d57356c7-1a18-4010-9977-d624f3922c35 - - - - - -] 10.0.0.40 "GET /" status: 200 len: 136 microversion: 1.0
2026-02-25 23:20:24.687 7 INFO placement.requestlog [None req-781f6b11-2787-43d6-8f6a-fc7e847cb732 - - - - - -] 10.0.0.40 "GET /" status: 200 len: 136 microversion: 1.0
2026-02-25 23:20:29.553 8 INFO placement.requestlog [req-97455272-cc42-41a2-b92a-1963bb030ddc req-47875f33-7888-41a0-b35c-d41d2de7ff7e e08791c46a604fe0b95738f6e9b62207 be78f35d93494319bbb7ae3b9fbc7c65 - - 23a2b1b2710b42feb9084ac13e40058b 23a2b1b2710b42feb9084ac13e40058b] 162.253.55.52 "GET /resource_providers/60a58c8c-2714-4aa8-94e2-0e7351cea748/allocations" status: 200 len: 54 microversion: 1.0 [pid: 8|app: 0|req: 291/581] 162.253.55.52 () {32 vars in 855 bytes} [Wed Feb 25 23:20:29 2026] GET /resource_providers/60a58c8c-2714-4aa8-94e2-0e7351cea748/allocations => generated 54 bytes in 12 msecs (HTTP/1.1 200) 6 headers in 223 bytes (1 switches on core 0)
2026-02-25 23:20:29.567 7 INFO placement.requestlog [req-97455272-cc42-41a2-b92a-1963bb030ddc req-ca0533d1-021f-467d-80b8-68732ec87785 e08791c46a604fe0b95738f6e9b62207 be78f35d93494319bbb7ae3b9fbc7c65 - - 23a2b1b2710b42feb9084ac13e40058b 23a2b1b2710b42feb9084ac13e40058b] 162.253.55.52 "GET /resource_providers/60a58c8c-2714-4aa8-94e2-0e7351cea748/allocations" status: 200 len: 54 microversion: 1.0 [pid: 7|app: 0|req: 291/582] 162.253.55.52 () {32 vars in 855 bytes} [Wed Feb 25 23:20:29 2026] GET /resource_providers/60a58c8c-2714-4aa8-94e2-0e7351cea748/allocations => generated 54 bytes in 9 msecs (HTTP/1.1 200) 6 headers in 223 bytes (1 switches on core 0)
2026-02-25 23:20:32.977 8 INFO placement.requestlog [None req-1bb13e22-eeed-4932-9bf3-928b5bc74281 afac72fcdef74f5088e34ff4d085b9a9 a3e636901af34c4e887bcab9cb4faf6f - - default default] 10.0.0.103 "GET /resource_providers" status: 200 len: 405 microversion: 1.0 [pid: 8|app: 0|req: 292/583] 10.0.0.103 () {28 vars in 592 bytes} [Wed Feb 25 23:20:32 2026] GET /resource_providers => generated 405 bytes in 52 msecs (HTTP/1.1 200) 6 headers in 224 bytes (1 switches on core 0)
2026-02-25 23:20:32.999 7 INFO placement.requestlog [None req-769d1540-4989-4d52-9374-0a7210c9dd50 afac72fcdef74f5088e34ff4d085b9a9 a3e636901af34c4e887bcab9cb4faf6f - - default default] 10.0.0.103 "GET /resource_providers/60a58c8c-2714-4aa8-94e2-0e7351cea748/inventories" status: 200 len: 400 microversion: 1.0 [pid: 7|app: 0|req: 292/584] 10.0.0.103 () {28 vars in 690 bytes} [Wed Feb 25 23:20:32 2026] GET /resource_providers/60a58c8c-2714-4aa8-94e2-0e7351cea748/inventories => generated 400 bytes in 13 msecs (HTTP/1.1 200) 6 headers in 224 bytes (1 switches on core 0)
2026-02-25 23:20:33.017 8 INFO placement.requestlog [None req-565bfaec-e01e-4467-8c20-b33300f9440a afac72fcdef74f5088e34ff4d085b9a9 a3e636901af34c4e887bcab9cb4faf6f - - default default] 10.0.0.103 "GET /resource_providers/60a58c8c-2714-4aa8-94e2-0e7351cea748/usages" status: 200 len: 88 microversion: 1.0 [pid: 8|app: 0|req: 293/585] 10.0.0.103 () {28 vars in 680 bytes} [Wed Feb 25 23:20:33 2026] GET /resource_providers/60a58c8c-2714-4aa8-94e2-0e7351cea748/usages => generated 88 bytes in 15 msecs (HTTP/1.1 200) 6 headers in 223 bytes (1 switches on core 0)
2026-02-25 23:20:34.687 7 INFO placement.requestlog [None req-b5aae56a-5759-4aaa-aa3b-15ccab35f267 - - - - - -] 10.0.0.40 "GET /" status: 200 len: 136 microversion: 1.0
2026-02-25 23:20:34.687 8 INFO placement.requestlog [None req-817a6c38-9792-481d-af8b-8b6d48aa4c0c - - - - - -] 10.0.0.40 "GET /" status: 200 len: 136 microversion: 1.0
2026-02-25 23:20:44.692 7 INFO placement.requestlog [None req-6d414b7f-702c-489f-8192-eb99617f504f - - - - - -] 10.0.0.40 "GET /" status: 200 len: 136 microversion: 1.0
2026-02-25 23:20:44.693 8 INFO placement.requestlog [None req-925b6b41-f8f4-40f8-845c-9735326df0d1 - - - - - -] 10.0.0.40 "GET /" status: 200 len: 136 microversion: 1.0
2026-02-25 23:20:54.685 7 INFO placement.requestlog [None req-ede82335-66ea-42af-bffa-e7dac4e8651f - - - - - -] 10.0.0.40 "GET /" status: 200 len: 136 microversion: 1.0
2026-02-25 23:20:54.686 8 INFO placement.requestlog [None req-3886a970-f53c-4e2c-8384-fa2a36099a1c - - - - - -] 10.0.0.40 "GET /" status: 200 len: 136 microversion: 1.0
2026-02-25 23:21:04.686 8 INFO placement.requestlog [None req-50a83b7a-c505-4727-a4d3-fde8ba3ff1e7 - - - - - -] 10.0.0.40 "GET /" status: 200 len: 136 microversion: 1.0
2026-02-25 23:21:04.686 7 INFO placement.requestlog [None req-4be9652d-5f9f-4058-832b-e1b20d2028d5 - - - - - -] 10.0.0.40 "GET /" status: 200 len: 136 microversion: 1.0
2026-02-25 23:21:14.689 8 INFO placement.requestlog [None req-ba7ae30e-b035-4f08-850f-48587bd8e802 - - - - - -] 10.0.0.40 "GET /" status: 200 len: 136 microversion: 1.0
2026-02-25 23:21:14.690 7 INFO placement.requestlog [None req-6cb10893-55ef-4e71-a10a-719863688e83 - - - - - -] 10.0.0.40 "GET /" status: 200 len: 136 microversion: 1.0
2026-02-25 23:21:24.686 7 INFO placement.requestlog [None req-1b8bfcc5-8048-47f1-8dbe-d58c7f0aba64 - - - - - -] 10.0.0.40 "GET /" status: 200 len: 136 microversion: 1.0
2026-02-25 23:21:24.686 8 INFO placement.requestlog [None req-952314da-e1f8-4fed-90c1-3f2fef861119 - - - - - -] 10.0.0.40 "GET /" status: 200 len: 136 microversion: 1.0
2026-02-25 23:21:31.554 7 INFO placement.requestlog [req-fee8094f-48de-445d-9499-06db3d3c468a req-145922a5-2c49-4a61-b412-0398b4a50a27 e08791c46a604fe0b95738f6e9b62207 be78f35d93494319bbb7ae3b9fbc7c65 - - 23a2b1b2710b42feb9084ac13e40058b 23a2b1b2710b42feb9084ac13e40058b] 162.253.55.52 "GET /resource_providers/60a58c8c-2714-4aa8-94e2-0e7351cea748/allocations" status: 200 len: 54 microversion: 1.0 [pid: 7|app: 0|req: 299/598] 162.253.55.52 () {32 vars in 855 bytes} [Wed Feb 25 23:21:31 2026] GET /resource_providers/60a58c8c-2714-4aa8-94e2-0e7351cea748/allocations => generated 54 bytes in 12 msecs (HTTP/1.1 200) 6 headers in 223 bytes (1 switches on core 0)
2026-02-25 23:21:31.573 8 INFO placement.requestlog [req-fee8094f-48de-445d-9499-06db3d3c468a req-90aaf54c-a2c7-41c1-ba3f-b9388a9b5822 e08791c46a604fe0b95738f6e9b62207 be78f35d93494319bbb7ae3b9fbc7c65 - - 23a2b1b2710b42feb9084ac13e40058b 23a2b1b2710b42feb9084ac13e40058b] 162.253.55.52 "GET /resource_providers/60a58c8c-2714-4aa8-94e2-0e7351cea748/allocations" status: 200 len: 54 microversion: 1.0 [pid: 8|app: 0|req: 300/599] 162.253.55.52 () {32 vars in 855 bytes} [Wed Feb 25 23:21:31 2026] GET /resource_providers/60a58c8c-2714-4aa8-94e2-0e7351cea748/allocations => generated 54 bytes in 13 msecs (HTTP/1.1 200) 6 headers in 223 bytes (1 switches on core 0)
2026-02-25 23:21:32.906 7 INFO placement.requestlog [None req-a34e5752-5add-4810-954d-cf80037c4be8 afac72fcdef74f5088e34ff4d085b9a9 a3e636901af34c4e887bcab9cb4faf6f - - default default] 10.0.0.103 "GET /resource_providers" status: 200 len: 405 microversion: 1.0 [pid: 7|app: 0|req: 300/600] 10.0.0.103 () {28 vars in 592 bytes} [Wed Feb 25 23:21:32 2026] GET /resource_providers => generated 405 bytes in 59 msecs (HTTP/1.1 200) 6 headers in 224 bytes (1 switches on core 0)
2026-02-25 23:21:32.929 8 INFO placement.requestlog [None req-d4da83ce-1dfc-4745-97e2-d9cc6705b454 afac72fcdef74f5088e34ff4d085b9a9 a3e636901af34c4e887bcab9cb4faf6f - - default default] 10.0.0.103 "GET /resource_providers/60a58c8c-2714-4aa8-94e2-0e7351cea748/inventories" status: 200 len: 400 microversion: 1.0 [pid: 8|app: 0|req: 301/601] 10.0.0.103 () {28 vars in 690 bytes} [Wed Feb 25 23:21:32 2026] GET /resource_providers/60a58c8c-2714-4aa8-94e2-0e7351cea748/inventories => generated 400 bytes in 15 msecs (HTTP/1.1 200) 6 headers in 224 bytes (1 switches on core 0)
2026-02-25 23:21:32.945 7 INFO placement.requestlog [None req-77f72674-af10-408e-a55f-2e56a35b4b09 afac72fcdef74f5088e34ff4d085b9a9 a3e636901af34c4e887bcab9cb4faf6f - - default default] 10.0.0.103 "GET /resource_providers/60a58c8c-2714-4aa8-94e2-0e7351cea748/usages" status: 200 len: 88 microversion: 1.0 [pid: 7|app: 0|req: 301/602] 10.0.0.103 () {28 vars in 680 bytes} [Wed Feb 25 23:21:32 2026] GET /resource_providers/60a58c8c-2714-4aa8-94e2-0e7351cea748/usages => generated 88 bytes in 13 msecs (HTTP/1.1 200) 6 headers in 223 bytes (1 switches on core 0)
2026-02-25 23:21:34.686 8 INFO placement.requestlog [None req-af36e703-b2c6-49a5-9bd8-3711b1d872b2 - - - - - -] 10.0.0.40 "GET /" status: 200 len: 136 microversion: 1.0
2026-02-25 23:21:34.686 7 INFO placement.requestlog [None req-553e8a8d-2e76-4067-bb5c-65e9a59b72d8 - - - - - -] 10.0.0.40 "GET /" status: 200 len: 136 microversion: 1.0
2026-02-25 23:21:44.685 8 INFO placement.requestlog [None req-80d2025f-3f9a-4e6f-92da-a6f9e534c5aa - - - - - -] 10.0.0.40 "GET /" status: 200 len: 136 microversion: 1.0
2026-02-25 23:21:44.686 7 INFO placement.requestlog [None req-b03967ba-7d12-424c-ab2a-dfbfe7ba377c - - - - - -] 10.0.0.40 "GET /" status: 200 len: 136 microversion: 1.0
2026-02-25 23:21:54.686 8 INFO placement.requestlog [None req-7bef5202-2c7c-4866-8491-1705a6e121cd - - - - - -] 10.0.0.40 "GET /" status: 200 len: 136 microversion: 1.0
2026-02-25 23:21:54.686 7 INFO placement.requestlog [None req-eed3c6a8-2a78-4fc4-aead-a47097618919 - - - - - -] 10.0.0.40 "GET /" status: 200 len: 136 microversion: 1.0
2026-02-25 23:22:04.686 8 INFO placement.requestlog [None req-6c4634ef-f759-4348-afe8-6235b58faaf0 - - - - - -] 10.0.0.40 "GET /" status: 200 len: 136 microversion: 1.0
2026-02-25 23:22:04.687 7 INFO placement.requestlog [None req-56c54d4f-df11-436d-a362-1ac5a947bed8 - - - - - -] 10.0.0.40 "GET /" status: 200 len: 136 microversion: 1.0
2026-02-25 23:22:14.686 7 INFO placement.requestlog [None req-8e623626-20c2-4ab8-9508-4f15c9c12532 - - - - - -] 10.0.0.40 "GET /" status: 200 len: 136 microversion: 1.0
2026-02-25 23:22:14.686 8 INFO placement.requestlog [None req-9dd0cebd-23af-45f3-9421-40f7e9f5aef3 - - - - - -] 10.0.0.40 "GET /" status: 200 len: 136 microversion: 1.0
2026-02-25 23:22:24.686 8 INFO placement.requestlog [None req-b35af652-0915-4f00-91d7-072eacf253b7 - - - - - -] 10.0.0.40 "GET /" status: 200 len: 136 microversion: 1.0
2026-02-25 23:22:24.687 7 INFO placement.requestlog [None req-72946bb0-1528-4f36-8b6c-46aebf5a7666 - - - - - -] 10.0.0.40 "GET /" status: 200 len: 136 microversion: 1.0
2026-02-25 23:22:31.639 8 INFO placement.requestlog [req-6b2e2c65-6df0-4ec8-825f-504448c97fc7 req-58a0d60e-e880-4c02-8640-4cf19f068160 e08791c46a604fe0b95738f6e9b62207 be78f35d93494319bbb7ae3b9fbc7c65 - - 23a2b1b2710b42feb9084ac13e40058b 23a2b1b2710b42feb9084ac13e40058b] 162.253.55.52 "GET /resource_providers/60a58c8c-2714-4aa8-94e2-0e7351cea748/allocations" status: 200 len: 54 microversion: 1.0 [pid: 8|app: 0|req: 308/615] 162.253.55.52 () {32 vars in 855 bytes} [Wed Feb 25 23:22:31 2026] GET /resource_providers/60a58c8c-2714-4aa8-94e2-0e7351cea748/allocations => generated 54 bytes in 54 msecs (HTTP/1.1 200) 6 headers in 223 bytes (1 switches on core 0)
2026-02-25 23:22:31.661 7 INFO placement.requestlog [req-6b2e2c65-6df0-4ec8-825f-504448c97fc7 req-e7bfb3d4-211f-4669-a5f8-454f069f3c5f e08791c46a604fe0b95738f6e9b62207 be78f35d93494319bbb7ae3b9fbc7c65 - - 23a2b1b2710b42feb9084ac13e40058b 23a2b1b2710b42feb9084ac13e40058b] 162.253.55.52 "GET /resource_providers?in_tree=60a58c8c-2714-4aa8-94e2-0e7351cea748" status: 200 len: 797 microversion: 1.14 [pid: 7|app: 0|req: 308/616] 162.253.55.52 () {34 vars in 890 bytes} [Wed Feb 25 23:22:31 2026] GET /resource_providers?in_tree=60a58c8c-2714-4aa8-94e2-0e7351cea748 => generated 797 bytes in 15 msecs (HTTP/1.1 200) 6 headers in 225 bytes (1 switches on core 0)
2026-02-25 23:22:31.679 8 INFO placement.requestlog [req-6b2e2c65-6df0-4ec8-825f-504448c97fc7 req-54da516f-279d-48a6-b951-3b0cca3bc04f e08791c46a604fe0b95738f6e9b62207 be78f35d93494319bbb7ae3b9fbc7c65 - - 23a2b1b2710b42feb9084ac13e40058b 23a2b1b2710b42feb9084ac13e40058b] 162.253.55.52 "GET /resource_providers/60a58c8c-2714-4aa8-94e2-0e7351cea748/inventories" status: 200 len: 400 microversion: 1.0 [pid: 8|app: 0|req: 309/617] 162.253.55.52 () {32 vars in 855 bytes} [Wed Feb 25 23:22:31 2026] GET /resource_providers/60a58c8c-2714-4aa8-94e2-0e7351cea748/inventories => generated 400 bytes in 13 msecs (HTTP/1.1 200) 6 headers in 224 bytes (1 switches on core 0)
2026-02-25 23:22:31.693 7 INFO placement.requestlog [req-6b2e2c65-6df0-4ec8-825f-504448c97fc7 req-e310b106-856b-40c6-af73-29f083d9e1bc e08791c46a604fe0b95738f6e9b62207 be78f35d93494319bbb7ae3b9fbc7c65 - - 23a2b1b2710b42feb9084ac13e40058b 23a2b1b2710b42feb9084ac13e40058b] 162.253.55.52 "GET /resource_providers/60a58c8c-2714-4aa8-94e2-0e7351cea748/aggregates" status: 200 len: 53 microversion: 1.19 [pid: 7|app: 0|req: 309/618] 162.253.55.52 () {34 vars in 897 bytes} [Wed Feb 25 23:22:31 2026] GET /resource_providers/60a58c8c-2714-4aa8-94e2-0e7351cea748/aggregates => generated 53 bytes in 8 msecs (HTTP/1.1 200) 8 headers in 295 bytes (1 switches on core 0)
2026-02-25 23:22:31.723 8 INFO placement.requestlog [req-6b2e2c65-6df0-4ec8-825f-504448c97fc7 req-e31be083-5afc-473c-aee8-ebf6c124cdd8 e08791c46a604fe0b95738f6e9b62207 be78f35d93494319bbb7ae3b9fbc7c65 - - 23a2b1b2710b42feb9084ac13e40058b 23a2b1b2710b42feb9084ac13e40058b] 162.253.55.52 "GET /resource_providers/60a58c8c-2714-4aa8-94e2-0e7351cea748/traits" status: 200 len: 2316 microversion: 1.6 [pid: 8|app: 0|req: 310/619] 162.253.55.52 () {34 vars in 888 bytes} [Wed Feb 25 23:22:31 2026] GET /resource_providers/60a58c8c-2714-4aa8-94e2-0e7351cea748/traits => generated 2316 bytes in 23 msecs (HTTP/1.1 200) 6 headers in 225 bytes (1 switches on core 0)
2026-02-25 23:22:31.741 7 INFO placement.requestlog [req-6b2e2c65-6df0-4ec8-825f-504448c97fc7 req-25bee216-a0fc-479e-81d7-ce4f94302767 e08791c46a604fe0b95738f6e9b62207 be78f35d93494319bbb7ae3b9fbc7c65 - - 23a2b1b2710b42feb9084ac13e40058b 23a2b1b2710b42feb9084ac13e40058b] 162.253.55.52 "GET /resource_providers/60a58c8c-2714-4aa8-94e2-0e7351cea748/allocations" status: 200 len: 54 microversion: 1.0 [pid: 7|app: 0|req: 310/620] 162.253.55.52 () {32 vars in 855 bytes} [Wed Feb 25 23:22:31 2026] GET /resource_providers/60a58c8c-2714-4aa8-94e2-0e7351cea748/allocations => generated 54 bytes in 12 msecs (HTTP/1.1 200) 6 headers in 223 bytes (1 switches on core 0)
2026-02-25 23:22:33.117 8 INFO placement.requestlog [None req-9d886cd8-54ef-40d0-8176-c20cf12af418 afac72fcdef74f5088e34ff4d085b9a9 a3e636901af34c4e887bcab9cb4faf6f - - default default] 10.0.0.103 "GET /resource_providers" status: 200 len: 405 microversion: 1.0 [pid: 8|app: 0|req: 311/621] 10.0.0.103 () {28 vars in 592 bytes} [Wed Feb 25 23:22:33 2026] GET /resource_providers => generated 405 bytes in 114 msecs (HTTP/1.1 200) 6 headers in 224 bytes (1 switches on core 0)
2026-02-25 23:22:33.138 7 INFO placement.requestlog [None req-eb4025e4-9676-4a92-9445-7c239434d382 afac72fcdef74f5088e34ff4d085b9a9 a3e636901af34c4e887bcab9cb4faf6f - - default default] 10.0.0.103 "GET /resource_providers/60a58c8c-2714-4aa8-94e2-0e7351cea748/inventories" status: 200 len: 400 microversion: 1.0 [pid: 7|app: 0|req: 311/622] 10.0.0.103 () {28 vars in 690 bytes} [Wed Feb 25 23:22:33 2026] GET /resource_providers/60a58c8c-2714-4aa8-94e2-0e7351cea748/inventories => generated 400 bytes in 17 msecs (HTTP/1.1 200) 6 headers in 224 bytes (1 switches on core 0)
2026-02-25 23:22:33.158 8 INFO placement.requestlog [None req-60609289-af44-4e4f-9f7d-664ae0e75339 afac72fcdef74f5088e34ff4d085b9a9 a3e636901af34c4e887bcab9cb4faf6f - - default default] 10.0.0.103 "GET /resource_providers/60a58c8c-2714-4aa8-94e2-0e7351cea748/usages" status: 200 len: 88 microversion: 1.0 [pid: 8|app: 0|req: 312/623] 10.0.0.103 () {28 vars in 680 bytes} [Wed Feb 25 23:22:33 2026] GET /resource_providers/60a58c8c-2714-4aa8-94e2-0e7351cea748/usages => generated 88 bytes in 15 msecs (HTTP/1.1 200) 6 headers in 223 bytes (1 switches on core 0)
2026-02-25 23:22:34.686 7 INFO placement.requestlog [None req-93096fec-8e18-4205-9598-1e8b26476c13 - - - - - -] 10.0.0.40 "GET /" status: 200 len: 136 microversion: 1.0
2026-02-25 23:22:34.686 8 INFO placement.requestlog [None req-d5cbb8d6-c3a6-4533-a836-f11d2a2086be - - - - - -] 10.0.0.40 "GET /" status: 200 len: 136 microversion: 1.0
2026-02-25 23:22:44.687 7 INFO placement.requestlog [None req-d5b78611-070a-4bf8-b7f5-f5b6458d2c80 - - - - - -] 10.0.0.40 "GET /" status: 200 len: 136 microversion: 1.0
2026-02-25 23:22:44.716 8 INFO placement.requestlog [None req-72180f58-d84b-4680-8c28-6e2117c612fc - - - - - -] 10.0.0.40 "GET /" status: 200 len: 136 microversion: 1.0
2026-02-25 23:22:54.687 7 INFO placement.requestlog [None req-8550b2c8-9f37-48b7-b453-fa11b82e0920 - - - - - -] 10.0.0.40 "GET /" status: 200 len: 136 microversion: 1.0
2026-02-25 23:22:54.687 8 INFO placement.requestlog [None req-b4302da0-ddb5-45e2-9f85-6c33b08cc479 - - - - - -] 10.0.0.40 "GET /" status: 200 len: 136 microversion: 1.0
2026-02-25 23:23:04.686 7 INFO placement.requestlog [None req-125b9e3d-1f9a-4b4d-aacf-6be2f8dc2529 - - - - - -] 10.0.0.40 "GET /" status: 200 len: 136 microversion: 1.0
2026-02-25 23:23:04.687 8 INFO placement.requestlog [None req-4ab823ba-6d24-41e1-917d-fa65a040f080 - - - - - -] 10.0.0.40 "GET /" status: 200 len: 136 microversion: 1.0
2026-02-25 23:23:14.687 7 INFO placement.requestlog [None req-42061f56-61d2-4755-93ed-57d23e3c4015 - - - - - -] 10.0.0.40 "GET /" status: 200 len: 136 microversion: 1.0
2026-02-25 23:23:14.687 8 INFO placement.requestlog [None req-0d44d239-b129-41ed-88de-b9db95003a50 - - - - - -] 10.0.0.40 "GET /" status: 200 len: 136 microversion: 1.0
2026-02-25 23:23:15.943 8 INFO placement.requestlog [None req-c21c3b1b-d1f7-423b-a555-ef164d2c3ebe 48badc9f4a534eb58aeaf4c07d9a74e9 be78f35d93494319bbb7ae3b9fbc7c65 - - 23a2b1b2710b42feb9084ac13e40058b 23a2b1b2710b42feb9084ac13e40058b] 10.0.0.154 "GET /resource_providers/05e0eaf3-31ea-47be-be5a-eeed363840b2/aggregates" status: 404 len: 235 microversion: 1.1 [pid: 8|app: 0|req: 318/634] 10.0.0.154 () {32 vars in 815 bytes} [Wed Feb 25 23:23:15 2026] GET /resource_providers/05e0eaf3-31ea-47be-be5a-eeed363840b2/aggregates => generated 235 bytes in 135 msecs (HTTP/1.1 404) 5 headers in 202 bytes (1 switches on core 0)
2026-02-25 23:23:15.956 7 INFO placement.requestlog [None req-db8f419c-6b4c-4ce8-b0ef-538d12ff8a09 48badc9f4a534eb58aeaf4c07d9a74e9 be78f35d93494319bbb7ae3b9fbc7c65 - - 23a2b1b2710b42feb9084ac13e40058b 23a2b1b2710b42feb9084ac13e40058b] 10.0.0.154 "GET /resource_providers/05e0eaf3-31ea-47be-be5a-eeed363840b2/aggregates" status: 404 len: 235 microversion: 1.1 [pid: 7|app: 0|req: 317/635] 10.0.0.154 () {32 vars in 815 bytes} [Wed Feb 25 23:23:15 2026] GET /resource_providers/05e0eaf3-31ea-47be-be5a-eeed363840b2/aggregates => generated 235 bytes in 164 msecs (HTTP/1.1 404) 5 headers in 202 bytes (1 switches on core 0)
2026-02-25 23:23:15.971 8 INFO placement.requestlog [None req-e745ffec-68ad-453f-8fe1-a07e572f272c 48badc9f4a534eb58aeaf4c07d9a74e9 be78f35d93494319bbb7ae3b9fbc7c65 - - 23a2b1b2710b42feb9084ac13e40058b 23a2b1b2710b42feb9084ac13e40058b] 10.0.0.154 "DELETE /resource_providers/05e0eaf3-31ea-47be-be5a-eeed363840b2" status: 404 len: 246 microversion: 1.1 [pid: 8|app: 0|req: 319/636] 10.0.0.154 () {34 vars in 815 bytes} [Wed Feb 25 23:23:15 2026] DELETE /resource_providers/05e0eaf3-31ea-47be-be5a-eeed363840b2 => generated 246 bytes in 17 msecs (HTTP/1.1 404) 6 headers in 231 bytes (1 switches on core 0)
2026-02-25 23:23:15.973 7 INFO placement.requestlog [None req-ae250fcc-df9d-4126-92c6-3e9a900e1bc2 48badc9f4a534eb58aeaf4c07d9a74e9 be78f35d93494319bbb7ae3b9fbc7c65 - - 23a2b1b2710b42feb9084ac13e40058b 23a2b1b2710b42feb9084ac13e40058b] 10.0.0.154 "DELETE /resource_providers/05e0eaf3-31ea-47be-be5a-eeed363840b2" status: 404 len: 246 microversion: 1.1 [pid: 7|app: 0|req: 318/637] 10.0.0.154 () {34 vars in 815 bytes} [Wed Feb 25 23:23:15 2026] DELETE /resource_providers/05e0eaf3-31ea-47be-be5a-eeed363840b2 => generated 246 bytes in 11 msecs (HTTP/1.1 404) 6 headers in 231 bytes (1 switches on core 0)
2026-02-25 23:23:16.978 8 INFO placement.requestlog [req-0194cca9-f87a-408a-9501-7b52f402649b req-6907d2b8-4212-4b18-a280-6447c04e1954 e08791c46a604fe0b95738f6e9b62207 be78f35d93494319bbb7ae3b9fbc7c65 - - 23a2b1b2710b42feb9084ac13e40058b 23a2b1b2710b42feb9084ac13e40058b] 10.0.0.30 "GET /allocation_candidates?limit=1000&resources=DISK_GB%3A1%2CMEMORY_MB%3A512%2CVCPU%3A1&root_required=%21COMPUTE_STATUS_DISABLED" status: 200 len: 2781 microversion: 1.36 [pid: 8|app: 0|req: 320/638] 10.0.0.30 () {34 vars in 1010 bytes} [Wed Feb 25 23:23:16 2026] GET /allocation_candidates?limit=1000&resources=DISK_GB%3A1%2CMEMORY_MB%3A512%2CVCPU%3A1&root_required=%21COMPUTE_STATUS_DISABLED => generated 2781 bytes in 202 msecs (HTTP/1.1 200) 8 headers in 297 bytes (1 switches on core 0)
2026-02-25 23:23:17.021 7 INFO placement.requestlog [req-0194cca9-f87a-408a-9501-7b52f402649b req-7de6f10d-b8b6-421e-a0e5-07f8657aa880 e08791c46a604fe0b95738f6e9b62207 be78f35d93494319bbb7ae3b9fbc7c65 - - 23a2b1b2710b42feb9084ac13e40058b 23a2b1b2710b42feb9084ac13e40058b] 10.0.0.30 "GET /allocations/d252e936-392a-4892-af6b-25e46b3fd474" status: 200 len: 19 microversion: 1.28 [pid: 7|app: 0|req: 319/639] 10.0.0.30 () {34 vars in 859 bytes} [Wed Feb 25 23:23:17 2026] GET /allocations/d252e936-392a-4892-af6b-25e46b3fd474 => generated 19 bytes in 13 msecs (HTTP/1.1 200) 8 headers in 295 bytes (1 switches on core 0)
2026-02-25 23:23:17.091 8 INFO placement.requestlog [req-0194cca9-f87a-408a-9501-7b52f402649b req-84137f95-4b51-4c34-984b-a78afa9e44c6 e08791c46a604fe0b95738f6e9b62207 be78f35d93494319bbb7ae3b9fbc7c65 - - 23a2b1b2710b42feb9084ac13e40058b 23a2b1b2710b42feb9084ac13e40058b] 10.0.0.30 "PUT /allocations/d252e936-392a-4892-af6b-25e46b3fd474" status: 204 len: 0 microversion: 1.36 [pid: 8|app: 0|req: 321/640] 10.0.0.30 () {38 vars in 912 bytes} [Wed Feb 25 23:23:17 2026] PUT /allocations/d252e936-392a-4892-af6b-25e46b3fd474 => generated 0 bytes in 64 msecs (HTTP/1.1 204) 5 headers in 199 bytes (1 switches on core 0)
2026-02-25 23:23:18.006 8 INFO placement.requestlog [None req-606f262b-7e8b-439b-9645-a7331bfd7219 48badc9f4a534eb58aeaf4c07d9a74e9 be78f35d93494319bbb7ae3b9fbc7c65 - - 23a2b1b2710b42feb9084ac13e40058b 23a2b1b2710b42feb9084ac13e40058b] 10.0.0.154 "GET /resource_providers/7d1bf100-f86b-4c58-8024-13b4a3bb426d/aggregates" status: 404 len: 235 microversion: 1.1 [pid: 8|app: 0|req: 322/641] 10.0.0.154 () {32 vars in 815 bytes} [Wed Feb 25 23:23:17 2026] GET /resource_providers/7d1bf100-f86b-4c58-8024-13b4a3bb426d/aggregates => generated 235 bytes in 8 msecs (HTTP/1.1 404) 5 headers in 202 bytes (1 switches on core 0)
2026-02-25 23:23:18.016 7 INFO placement.requestlog [None req-45c53011-5f28-442e-9a77-71fd80806c67 48badc9f4a534eb58aeaf4c07d9a74e9 be78f35d93494319bbb7ae3b9fbc7c65 - - 23a2b1b2710b42feb9084ac13e40058b 23a2b1b2710b42feb9084ac13e40058b] 10.0.0.154 "GET /resource_providers/7d1bf100-f86b-4c58-8024-13b4a3bb426d/aggregates" status: 404 len: 235 microversion: 1.1 [pid: 7|app: 0|req: 320/642] 10.0.0.154 () {32 vars in 815 bytes} [Wed Feb 25 23:23:17 2026] GET /resource_providers/7d1bf100-f86b-4c58-8024-13b4a3bb426d/aggregates => generated 235 bytes in 18 msecs (HTTP/1.1 404) 5 headers in 202 bytes (1 switches on core 0)
2026-02-25 23:23:18.026 8 INFO placement.requestlog [None req-b98c2cca-e44c-467c-acc7-c49359ecd97a 48badc9f4a534eb58aeaf4c07d9a74e9 be78f35d93494319bbb7ae3b9fbc7c65 - - 23a2b1b2710b42feb9084ac13e40058b 23a2b1b2710b42feb9084ac13e40058b] 10.0.0.154 "DELETE /resource_providers/7d1bf100-f86b-4c58-8024-13b4a3bb426d" status: 404 len: 246 microversion: 1.1 [pid: 8|app: 0|req: 323/643] 10.0.0.154 () {34 vars in 815 bytes} [Wed Feb 25 23:23:18 2026] DELETE /resource_providers/7d1bf100-f86b-4c58-8024-13b4a3bb426d => generated 246 bytes in 9 msecs (HTTP/1.1 404) 6 headers in 231 bytes (1 switches on core 0)
2026-02-25 23:23:18.038 7 INFO placement.requestlog [None req-75ed8420-467b-440d-8ba7-bfe62dfe508a 48badc9f4a534eb58aeaf4c07d9a74e9 be78f35d93494319bbb7ae3b9fbc7c65 - - 23a2b1b2710b42feb9084ac13e40058b 23a2b1b2710b42feb9084ac13e40058b] 10.0.0.154 "DELETE /resource_providers/7d1bf100-f86b-4c58-8024-13b4a3bb426d" status: 404 len: 246 microversion: 1.1 [pid: 7|app: 0|req: 321/644] 10.0.0.154 () {34 vars in 815 bytes} [Wed Feb 25 23:23:18 2026] DELETE /resource_providers/7d1bf100-f86b-4c58-8024-13b4a3bb426d => generated 246 bytes in 12 msecs (HTTP/1.1 404) 6 headers in 231 bytes (1 switches on core 0)
2026-02-25 23:23:18.044 8 INFO placement.requestlog [None req-3e521dd8-bd1c-4cec-ba06-ad80fb737808 48badc9f4a534eb58aeaf4c07d9a74e9 be78f35d93494319bbb7ae3b9fbc7c65 - - 23a2b1b2710b42feb9084ac13e40058b 23a2b1b2710b42feb9084ac13e40058b] 10.0.0.154 "GET /resource_providers/8274d227-71cf-41f8-a1b6-00210fe6f25b/aggregates" status: 404 len: 235 microversion: 1.1 [pid: 8|app: 0|req: 324/645] 10.0.0.154 () {32 vars in 815 bytes} [Wed Feb 25 23:23:18 2026] GET /resource_providers/8274d227-71cf-41f8-a1b6-00210fe6f25b/aggregates => generated 235 bytes in 9 msecs (HTTP/1.1 404) 5 headers in 202 bytes (1 switches on core 0)
2026-02-25 23:23:18.064 7 INFO placement.requestlog [None req-bd1028cf-53ce-4526-b875-8f21dfcd95a3 48badc9f4a534eb58aeaf4c07d9a74e9 be78f35d93494319bbb7ae3b9fbc7c65 - - 23a2b1b2710b42feb9084ac13e40058b 23a2b1b2710b42feb9084ac13e40058b] 10.0.0.154 "GET /resource_providers/8274d227-71cf-41f8-a1b6-00210fe6f25b/aggregates" status: 404 len: 235 microversion: 1.1
2026-02-25 23:23:18.065 8 INFO placement.requestlog [None req-1cb0ff62-a2df-4d43-b703-729c2335f2dc 48badc9f4a534eb58aeaf4c07d9a74e9 be78f35d93494319bbb7ae3b9fbc7c65 - - 23a2b1b2710b42feb9084ac13e40058b 23a2b1b2710b42feb9084ac13e40058b] 10.0.0.154 "DELETE /resource_providers/8274d227-71cf-41f8-a1b6-00210fe6f25b" status: 404 len: 246 microversion: 1.1 [pid: 7|app: 0|req: 322/646] 10.0.0.154 () {32 vars in 815 bytes} [Wed Feb 25 23:23:18 2026] GET /resource_providers/8274d227-71cf-41f8-a1b6-00210fe6f25b/aggregates => generated 235 bytes in 9 msecs (HTTP/1.1 404) 5 headers in 202 bytes (1 switches on core 0) [pid: 8|app: 0|req: 325/647] 10.0.0.154 () {34 vars in 815 bytes} [Wed Feb 25 23:23:18 2026] DELETE /resource_providers/8274d227-71cf-41f8-a1b6-00210fe6f25b => generated 246 bytes in 7 msecs (HTTP/1.1 404) 6 headers in 231 bytes (1 switches on core 0)
2026-02-25 23:23:18.083 7 INFO placement.requestlog [None req-80072b48-3ed0-4a8f-8afa-07b7be88356f 48badc9f4a534eb58aeaf4c07d9a74e9 be78f35d93494319bbb7ae3b9fbc7c65 - - 23a2b1b2710b42feb9084ac13e40058b 23a2b1b2710b42feb9084ac13e40058b] 10.0.0.154 "DELETE /resource_providers/8274d227-71cf-41f8-a1b6-00210fe6f25b" status: 404 len: 246 microversion: 1.1 [pid: 7|app: 0|req: 323/648] 10.0.0.154 () {34 vars in 815 bytes} [Wed Feb 25 23:23:18 2026] DELETE /resource_providers/8274d227-71cf-41f8-a1b6-00210fe6f25b => generated 246 bytes in 9 msecs (HTTP/1.1 404) 6 headers in 231 bytes (1 switches on core 0)
2026-02-25 23:23:18.088 8 INFO placement.requestlog [None req-1927b22e-bd26-4383-94a1-2b62848cb737 48badc9f4a534eb58aeaf4c07d9a74e9 be78f35d93494319bbb7ae3b9fbc7c65 - - 23a2b1b2710b42feb9084ac13e40058b 23a2b1b2710b42feb9084ac13e40058b] 10.0.0.154 "GET /resource_providers/4be95dcf-c923-4d4c-a1a9-353a9fa55a1a/aggregates" status: 404 len: 235 microversion: 1.1 [pid: 8|app: 0|req: 326/649] 10.0.0.154 () {32 vars in 815 bytes} [Wed Feb 25 23:23:18 2026] GET /resource_providers/4be95dcf-c923-4d4c-a1a9-353a9fa55a1a/aggregates => generated 235 bytes in 12 msecs (HTTP/1.1 404) 5 headers in 202 bytes (1 switches on core 0)
2026-02-25 23:23:18.098 7 INFO placement.requestlog [None req-0d8f4da4-2801-41cd-9213-830013f86899 48badc9f4a534eb58aeaf4c07d9a74e9 be78f35d93494319bbb7ae3b9fbc7c65 - - 23a2b1b2710b42feb9084ac13e40058b 23a2b1b2710b42feb9084ac13e40058b] 10.0.0.154 "GET /resource_providers/4be95dcf-c923-4d4c-a1a9-353a9fa55a1a/aggregates" status: 404 len: 235 microversion: 1.1 [pid: 7|app: 0|req: 324/650] 10.0.0.154 () {32 vars in 815 bytes} [Wed Feb 25 23:23:18 2026] GET /resource_providers/4be95dcf-c923-4d4c-a1a9-353a9fa55a1a/aggregates => generated 235 bytes in 10 msecs (HTTP/1.1 404) 5 headers in 202 bytes (1 switches on core 0)
2026-02-25 23:23:18.111 8 INFO placement.requestlog [None req-8d0a4993-ebef-47a0-b563-9994a598f150 48badc9f4a534eb58aeaf4c07d9a74e9 be78f35d93494319bbb7ae3b9fbc7c65 - - 23a2b1b2710b42feb9084ac13e40058b 23a2b1b2710b42feb9084ac13e40058b] 10.0.0.154 "DELETE /resource_providers/4be95dcf-c923-4d4c-a1a9-353a9fa55a1a" status: 404 len: 246 microversion: 1.1 [pid: 8|app: 0|req: 327/651] 10.0.0.154 () {34 vars in 815 bytes} [Wed Feb 25 23:23:18 2026] DELETE /resource_providers/4be95dcf-c923-4d4c-a1a9-353a9fa55a1a => generated 246 bytes in 13 msecs (HTTP/1.1 404) 6 headers in 231 bytes (1 switches on core 0)
2026-02-25 23:23:18.114 7 INFO placement.requestlog [None req-e1e11126-92cc-423d-8d5b-6cf8ba77eda0 48badc9f4a534eb58aeaf4c07d9a74e9 be78f35d93494319bbb7ae3b9fbc7c65 - - 23a2b1b2710b42feb9084ac13e40058b 23a2b1b2710b42feb9084ac13e40058b] 10.0.0.154 "DELETE /resource_providers/4be95dcf-c923-4d4c-a1a9-353a9fa55a1a" status: 404 len: 246 microversion: 1.1 [pid: 7|app: 0|req: 325/652] 10.0.0.154 () {34 vars in 815 bytes} [Wed Feb 25 23:23:18 2026] DELETE /resource_providers/4be95dcf-c923-4d4c-a1a9-353a9fa55a1a => generated 246 bytes in 9 msecs (HTTP/1.1 404) 6 headers in 231 bytes (1 switches on core 0)
2026-02-25 23:23:18.272 8 INFO placement.requestlog [req-931811e8-1ef4-43dc-9366-6fabaf19db6e req-4b9bbcee-10f5-4cdc-8b70-ba21ce7d457b e08791c46a604fe0b95738f6e9b62207 be78f35d93494319bbb7ae3b9fbc7c65 - - 23a2b1b2710b42feb9084ac13e40058b 23a2b1b2710b42feb9084ac13e40058b] 10.0.0.30 "GET /allocation_candidates?limit=1000&resources=DISK_GB%3A1%2CMEMORY_MB%3A512%2CVCPU%3A1&root_required=%21COMPUTE_STATUS_DISABLED" status: 200 len: 2783 microversion: 1.36 [pid: 8|app: 0|req: 328/653] 10.0.0.30 () {34 vars in 1010 bytes} [Wed Feb 25 23:23:18 2026] GET /allocation_candidates?limit=1000&resources=DISK_GB%3A1%2CMEMORY_MB%3A512%2CVCPU%3A1&root_required=%21COMPUTE_STATUS_DISABLED => generated 2783 bytes in 52 msecs (HTTP/1.1 200) 8 headers in 297 bytes (1 switches on core 0)
2026-02-25 23:23:18.336 7 INFO placement.requestlog [req-931811e8-1ef4-43dc-9366-6fabaf19db6e req-e22b31fd-8d80-40d0-8ac0-b22db90dd3d6 e08791c46a604fe0b95738f6e9b62207 be78f35d93494319bbb7ae3b9fbc7c65 - - 23a2b1b2710b42feb9084ac13e40058b 23a2b1b2710b42feb9084ac13e40058b] 10.0.0.30 "GET /allocations/497f43ab-b654-4957-9d4f-3c20020f44ae" status: 200 len: 19 microversion: 1.28 [pid: 7|app: 0|req: 326/654] 10.0.0.30 () {34 vars in 859 bytes} [Wed Feb 25 23:23:18 2026] GET /allocations/497f43ab-b654-4957-9d4f-3c20020f44ae => generated 19 bytes in 12 msecs (HTTP/1.1 200) 8 headers in 295 bytes (1 switches on core 0)
2026-02-25 23:23:18.536 8 INFO placement.requestlog [req-931811e8-1ef4-43dc-9366-6fabaf19db6e req-b774362b-1580-403b-bd8e-d39e0430b086 e08791c46a604fe0b95738f6e9b62207 be78f35d93494319bbb7ae3b9fbc7c65 - - 23a2b1b2710b42feb9084ac13e40058b 23a2b1b2710b42feb9084ac13e40058b] 10.0.0.30 "PUT /allocations/497f43ab-b654-4957-9d4f-3c20020f44ae" status: 204 len: 0 microversion: 1.36 [pid: 8|app: 0|req: 329/655] 10.0.0.30 () {38 vars in 912 bytes} [Wed Feb 25 23:23:18 2026] PUT /allocations/497f43ab-b654-4957-9d4f-3c20020f44ae => generated 0 bytes in 193 msecs (HTTP/1.1 204) 5 headers in 199 bytes (1 switches on core 0)
2026-02-25 23:23:18.721 7 INFO placement.requestlog [req-0194cca9-f87a-408a-9501-7b52f402649b req-bcfe798f-37ba-4e32-be79-b66563b30343 e08791c46a604fe0b95738f6e9b62207 be78f35d93494319bbb7ae3b9fbc7c65 - - 23a2b1b2710b42feb9084ac13e40058b 23a2b1b2710b42feb9084ac13e40058b] 162.253.55.52 "GET /allocations/d252e936-392a-4892-af6b-25e46b3fd474" status: 200 len: 257 microversion: 1.28 [pid: 7|app: 0|req: 327/656] 162.253.55.52 () {34 vars in 861 bytes} [Wed Feb 25 23:23:18 2026] GET /allocations/d252e936-392a-4892-af6b-25e46b3fd474 => generated 257 bytes in 19 msecs (HTTP/1.1 200) 8 headers in 296 bytes (1 switches on core 0)
2026-02-25 23:23:19.772 8 INFO placement.requestlog [req-0194cca9-f87a-408a-9501-7b52f402649b req-3ad2782d-1843-40e9-9871-11d59305c722 e08791c46a604fe0b95738f6e9b62207 be78f35d93494319bbb7ae3b9fbc7c65 - - 23a2b1b2710b42feb9084ac13e40058b 23a2b1b2710b42feb9084ac13e40058b] 162.253.55.52 "GET /resource_providers/60a58c8c-2714-4aa8-94e2-0e7351cea748/allocations" status: 200 len: 252 microversion: 1.0 [pid: 8|app: 0|req: 330/657] 162.253.55.52 () {32 vars in 855 bytes} [Wed Feb 25 23:23:19 2026] GET /resource_providers/60a58c8c-2714-4aa8-94e2-0e7351cea748/allocations => generated 252 bytes in 20 msecs (HTTP/1.1 200) 6 headers in 224 bytes (1 switches on core 0)
2026-02-25 23:23:19.804 7 INFO placement.requestlog [req-0194cca9-f87a-408a-9501-7b52f402649b req-ee467763-2d08-4fe9-af2e-a687e3abb52f e08791c46a604fe0b95738f6e9b62207 be78f35d93494319bbb7ae3b9fbc7c65 - - 23a2b1b2710b42feb9084ac13e40058b 23a2b1b2710b42feb9084ac13e40058b] 162.253.55.52 "GET /allocations/d252e936-392a-4892-af6b-25e46b3fd474" status: 200 len: 257 microversion: 1.28 [pid: 7|app: 0|req: 328/658] 162.253.55.52 () {34 vars in 861 bytes} [Wed Feb 25 23:23:19 2026] GET /allocations/d252e936-392a-4892-af6b-25e46b3fd474 => generated 257 bytes in 14 msecs (HTTP/1.1 200) 8 headers in 296 bytes (1 switches on core 0)
2026-02-25 23:23:19.830 8 INFO placement.requestlog [req-0194cca9-f87a-408a-9501-7b52f402649b req-65945110-7721-42ad-a2c7-6cdb509bd044 e08791c46a604fe0b95738f6e9b62207 be78f35d93494319bbb7ae3b9fbc7c65 - - 23a2b1b2710b42feb9084ac13e40058b 23a2b1b2710b42feb9084ac13e40058b] 162.253.55.52 "GET /allocations/497f43ab-b654-4957-9d4f-3c20020f44ae" status: 200 len: 257 microversion: 1.28 [pid: 8|app: 0|req: 331/659] 162.253.55.52 () {34 vars in 861 bytes} [Wed Feb 25 23:23:19 2026] GET /allocations/497f43ab-b654-4957-9d4f-3c20020f44ae => generated 257 bytes in 14 msecs (HTTP/1.1 200) 8 headers in 296 bytes (1 switches on core 0)
2026-02-25 23:23:19.903 7 INFO placement.requestlog [req-931811e8-1ef4-43dc-9366-6fabaf19db6e req-096fa852-90f1-474c-b615-6a5f1c592f51 e08791c46a604fe0b95738f6e9b62207 be78f35d93494319bbb7ae3b9fbc7c65 - - 23a2b1b2710b42feb9084ac13e40058b 23a2b1b2710b42feb9084ac13e40058b] 162.253.55.52 "GET /allocations/497f43ab-b654-4957-9d4f-3c20020f44ae" status: 200 len: 257 microversion: 1.28 [pid: 7|app: 0|req: 329/660] 162.253.55.52 () {34 vars in 861 bytes} [Wed Feb 25 23:23:19 2026] GET /allocations/497f43ab-b654-4957-9d4f-3c20020f44ae => generated 257 bytes in 11 msecs (HTTP/1.1 200) 8 headers in 296 bytes (1 switches on core 0)
2026-02-25 23:23:21.931 8 INFO placement.requestlog [req-931811e8-1ef4-43dc-9366-6fabaf19db6e req-ea735afe-917f-423c-8769-ff70a92bc0bf e08791c46a604fe0b95738f6e9b62207 be78f35d93494319bbb7ae3b9fbc7c65 - - 23a2b1b2710b42feb9084ac13e40058b 23a2b1b2710b42feb9084ac13e40058b] 162.253.55.52 "GET /resource_providers/60a58c8c-2714-4aa8-94e2-0e7351cea748/allocations" status: 200 len: 252 microversion: 1.0 [pid: 8|app: 0|req: 332/661] 162.253.55.52 () {32 vars in 855 bytes} [Wed Feb 25 23:23:21 2026] GET /resource_providers/60a58c8c-2714-4aa8-94e2-0e7351cea748/allocations => generated 252 bytes in 20 msecs (HTTP/1.1 200) 6 headers in 224 bytes (1 switches on core 0)
2026-02-25 23:23:21.950 7 INFO placement.requestlog [req-931811e8-1ef4-43dc-9366-6fabaf19db6e req-0b8f56d7-e096-4b8b-bcbb-d53dc771348d e08791c46a604fe0b95738f6e9b62207 be78f35d93494319bbb7ae3b9fbc7c65 - - 23a2b1b2710b42feb9084ac13e40058b 23a2b1b2710b42feb9084ac13e40058b] 162.253.55.52 "GET /allocations/d252e936-392a-4892-af6b-25e46b3fd474" status: 200 len: 257 microversion: 1.28 [pid: 7|app: 0|req: 330/662] 162.253.55.52 () {34 vars in 861 bytes} [Wed Feb 25 23:23:21 2026] GET /allocations/d252e936-392a-4892-af6b-25e46b3fd474 => generated 257 bytes in 11 msecs (HTTP/1.1 200) 8 headers in 296 bytes (1 switches on core 0)
2026-02-25 23:23:21.975 8 INFO placement.requestlog [req-931811e8-1ef4-43dc-9366-6fabaf19db6e req-2ac190e4-ba78-4d54-a156-768af0338853 e08791c46a604fe0b95738f6e9b62207 be78f35d93494319bbb7ae3b9fbc7c65 - - 23a2b1b2710b42feb9084ac13e40058b 23a2b1b2710b42feb9084ac13e40058b] 162.253.55.52 "GET /allocations/497f43ab-b654-4957-9d4f-3c20020f44ae" status: 200 len: 257 microversion: 1.28 [pid: 8|app: 0|req: 333/663] 162.253.55.52 () {34 vars in 861 bytes} [Wed Feb 25 23:23:21 2026] GET /allocations/497f43ab-b654-4957-9d4f-3c20020f44ae => generated 257 bytes in 20 msecs (HTTP/1.1 200) 8 headers in 296 bytes (1 switches on core 0)
2026-02-25 23:23:24.686 7 INFO placement.requestlog [None req-2c6cfc2d-0bc6-42c1-ad23-d0744bf914bb - - - - - -] 10.0.0.40 "GET /" status: 200 len: 136 microversion: 1.0
2026-02-25 23:23:24.689 8 INFO placement.requestlog [None req-67519f08-0cf7-448e-975b-ade6e71d53b0 - - - - - -] 10.0.0.40 "GET /" status: 200 len: 136 microversion: 1.0
2026-02-25 23:23:26.656 7 INFO placement.requestlog [req-45ba25af-7491-4acf-abe0-d49da7a623be req-2a43135c-8cb3-4a18-932e-ead6f0deafd8 e08791c46a604fe0b95738f6e9b62207 be78f35d93494319bbb7ae3b9fbc7c65 - - 23a2b1b2710b42feb9084ac13e40058b 23a2b1b2710b42feb9084ac13e40058b] 10.0.0.30 "GET /allocation_candidates?limit=1000&resources=DISK_GB%3A1%2CMEMORY_MB%3A512%2CVCPU%3A1&root_required=%21COMPUTE_STATUS_DISABLED" status: 200 len: 2784 microversion: 1.36 [pid: 7|app: 0|req: 332/666] 10.0.0.30 () {34 vars in 1010 bytes} [Wed Feb 25 23:23:26 2026] GET /allocation_candidates?limit=1000&resources=DISK_GB%3A1%2CMEMORY_MB%3A512%2CVCPU%3A1&root_required=%21COMPUTE_STATUS_DISABLED => generated 2784 bytes in 66 msecs (HTTP/1.1 200) 8 headers in 297 bytes (1 switches on core 0)
2026-02-25 23:23:26.681 8 INFO placement.requestlog [req-45ba25af-7491-4acf-abe0-d49da7a623be req-3e1b6ec0-100d-4e47-83b5-463366b6c5e8 e08791c46a604fe0b95738f6e9b62207 be78f35d93494319bbb7ae3b9fbc7c65 - - 23a2b1b2710b42feb9084ac13e40058b 23a2b1b2710b42feb9084ac13e40058b] 10.0.0.30 "GET /allocations/150ea1aa-ee9c-4fb0-89dc-f20e261163fd" status: 200 len: 19 microversion: 1.28 [pid: 8|app: 0|req: 335/667] 10.0.0.30 () {34 vars in 859 bytes} [Wed Feb 25 23:23:26 2026] GET /allocations/150ea1aa-ee9c-4fb0-89dc-f20e261163fd => generated 19 bytes in 9 msecs (HTTP/1.1 200) 8 headers in 295 bytes (1 switches on core 0)
2026-02-25 23:23:26.785 7 INFO placement.requestlog [req-45ba25af-7491-4acf-abe0-d49da7a623be req-437a7131-9d10-4384-b091-dc8364ed83ee e08791c46a604fe0b95738f6e9b62207 be78f35d93494319bbb7ae3b9fbc7c65 - - 23a2b1b2710b42feb9084ac13e40058b 23a2b1b2710b42feb9084ac13e40058b] 10.0.0.30 "PUT /allocations/150ea1aa-ee9c-4fb0-89dc-f20e261163fd" status: 204 len: 0 microversion: 1.36 [pid: 7|app: 0|req: 333/668] 10.0.0.30 () {38 vars in 912 bytes} [Wed Feb 25 23:23:26 2026] PUT /allocations/150ea1aa-ee9c-4fb0-89dc-f20e261163fd => generated 0 bytes in 99 msecs (HTTP/1.1 204) 5 headers in 199 bytes (1 switches on core 0)
2026-02-25 23:23:28.355 8 INFO placement.requestlog [req-45ba25af-7491-4acf-abe0-d49da7a623be req-cf7d0ebd-42da-4060-96fd-bd8ca73405a1 e08791c46a604fe0b95738f6e9b62207 be78f35d93494319bbb7ae3b9fbc7c65 - - 23a2b1b2710b42feb9084ac13e40058b 23a2b1b2710b42feb9084ac13e40058b] 162.253.55.52 "GET /allocations/150ea1aa-ee9c-4fb0-89dc-f20e261163fd" status: 200 len: 257 microversion: 1.28 [pid: 8|app: 0|req: 336/669] 162.253.55.52 () {34 vars in 861 bytes} [Wed Feb 25 23:23:28 2026] GET /allocations/150ea1aa-ee9c-4fb0-89dc-f20e261163fd => generated 257 bytes in 16 msecs (HTTP/1.1 200) 8 headers in 296 bytes (1 switches on core 0)
2026-02-25 23:23:29.403 7 INFO placement.requestlog [req-45ba25af-7491-4acf-abe0-d49da7a623be req-16d8485a-4ae8-4e33-bd6b-edc81a9cce3f e08791c46a604fe0b95738f6e9b62207 be78f35d93494319bbb7ae3b9fbc7c65 - - 23a2b1b2710b42feb9084ac13e40058b 23a2b1b2710b42feb9084ac13e40058b] 162.253.55.52 "GET /resource_providers/60a58c8c-2714-4aa8-94e2-0e7351cea748/allocations" status: 200 len: 352 microversion: 1.0 [pid: 7|app: 0|req: 334/670] 162.253.55.52 () {32 vars in 855 bytes} [Wed Feb 25 23:23:29 2026] GET /resource_providers/60a58c8c-2714-4aa8-94e2-0e7351cea748/allocations => generated 352 bytes in 22 msecs (HTTP/1.1 200) 6 headers in 224 bytes (1 switches on core 0)
2026-02-25 23:23:29.419 8 INFO placement.requestlog [req-45ba25af-7491-4acf-abe0-d49da7a623be req-acf51c45-5762-4b7b-8b59-b5c5a65aae4a e08791c46a604fe0b95738f6e9b62207 be78f35d93494319bbb7ae3b9fbc7c65 - - 23a2b1b2710b42feb9084ac13e40058b 23a2b1b2710b42feb9084ac13e40058b] 162.253.55.52 "GET /allocations/150ea1aa-ee9c-4fb0-89dc-f20e261163fd" status: 200 len: 257 microversion: 1.28 [pid: 8|app: 0|req: 337/671] 162.253.55.52 () {34 vars in 861 bytes} [Wed Feb 25 23:23:29 2026] GET /allocations/150ea1aa-ee9c-4fb0-89dc-f20e261163fd => generated 257 bytes in 10 msecs (HTTP/1.1 200) 8 headers in 296 bytes (1 switches on core 0)
2026-02-25 23:23:29.444 7 INFO placement.requestlog [req-45ba25af-7491-4acf-abe0-d49da7a623be req-bec3a658-31a5-4a1d-b181-8a09844f52ea e08791c46a604fe0b95738f6e9b62207 be78f35d93494319bbb7ae3b9fbc7c65 - - 23a2b1b2710b42feb9084ac13e40058b 23a2b1b2710b42feb9084ac13e40058b] 162.253.55.52 "GET /allocations/d252e936-392a-4892-af6b-25e46b3fd474" status: 200 len: 257 microversion: 1.28 [pid: 7|app: 0|req: 335/672] 162.253.55.52 () {34 vars in 861 bytes} [Wed Feb 25 23:23:29 2026] GET /allocations/d252e936-392a-4892-af6b-25e46b3fd474 => generated 257 bytes in 20 msecs (HTTP/1.1 200) 8 headers in 296 bytes (1 switches on core 0)
