2026-03-19 19:05:40.195 8 INFO cinder.api.openstack.wsgi [None req-b79bc4c2-849f-49bd-95a1-53a40176f2dd 596f0424127d4809a1b5d02f31312a25 37fea8d3175548cda434bbad4a095e17 - - default default] http://10.0.0.3:8776/ returned with HTTP 300
2026-03-19 19:05:40.812 7 INFO cinder.api.openstack.wsgi [None req-efb569fb-4601-4457-a22e-d78da3f8e0f8 4145f422ed2842688ac4781039345275 ad427d87087d4b42932488912e6231d7 - - default default] POST http://cinder-api.openstack.svc.cluster.local:8776/v3/ad427d87087d4b42932488912e6231d7/volumes
2026-03-19 19:05:41.505 7 INFO cinder.api.v3.volumes [None req-efb569fb-4601-4457-a22e-d78da3f8e0f8 4145f422ed2842688ac4781039345275 ad427d87087d4b42932488912e6231d7 - - default default] Create volume of 1 GB
2026-03-19 19:05:41.524 7 INFO cinder.volume.api [None req-efb569fb-4601-4457-a22e-d78da3f8e0f8 4145f422ed2842688ac4781039345275 ad427d87087d4b42932488912e6231d7 - - default default] Availability Zones retrieved successfully.
2026-03-19 19:05:41.855 7 INFO cinder.volume.api [None req-efb569fb-4601-4457-a22e-d78da3f8e0f8 4145f422ed2842688ac4781039345275 ad427d87087d4b42932488912e6231d7 - - default default] Create volume request issued successfully.
2026-03-19 19:05:41.856 7 INFO cinder.api.openstack.wsgi [None req-efb569fb-4601-4457-a22e-d78da3f8e0f8 4145f422ed2842688ac4781039345275 ad427d87087d4b42932488912e6231d7 - - default default] http://cinder-api.openstack.svc.cluster.local:8776/v3/ad427d87087d4b42932488912e6231d7/volumes returned with HTTP 202 [pid: 7|app: 0|req: 346/690] 10.0.0.185 () {34 vars in 723 bytes} [Thu Mar 19 19:05:40 2026] POST /v3/ad427d87087d4b42932488912e6231d7/volumes => generated 864 bytes in 1049 msecs (HTTP/1.1 202) 7 headers in 291 bytes (1 switches on core 0)
2026-03-19 19:05:41.878 8 INFO cinder.api.openstack.wsgi [None req-b7c707d1-6044-4ca7-867d-8f217298df15 4145f422ed2842688ac4781039345275 ad427d87087d4b42932488912e6231d7 - - default default] GET http://cinder-api.openstack.svc.cluster.local:8776/v3/ad427d87087d4b42932488912e6231d7/volumes/6b4e058f-019b-47da-9f4a-4080b997b12c /var/lib/openstack/lib/python3.12/site-packages/oslo_context/context.py:101: DeprecationWarning: Policy enforcement is depending on the value of is_admin. This key is deprecated. Please update your policy file to use the standard policy values. warnings.warn(
2026-03-19 19:05:41.915 8 INFO cinder.volume.api [None req-b7c707d1-6044-4ca7-867d-8f217298df15 4145f422ed2842688ac4781039345275 ad427d87087d4b42932488912e6231d7 - - default default] Volume info retrieved successfully.
2026-03-19 19:05:41.924 8 INFO cinder.api.openstack.wsgi [None req-b7c707d1-6044-4ca7-867d-8f217298df15 4145f422ed2842688ac4781039345275 ad427d87087d4b42932488912e6231d7 - - default default] http://cinder-api.openstack.svc.cluster.local:8776/v3/ad427d87087d4b42932488912e6231d7/volumes/6b4e058f-019b-47da-9f4a-4080b997b12c returned with HTTP 200 [pid: 8|app: 0|req: 345/691] 10.0.0.185 () {32 vars in 775 bytes} [Thu Mar 19 19:05:41 2026] GET /v3/ad427d87087d4b42932488912e6231d7/volumes/6b4e058f-019b-47da-9f4a-4080b997b12c => generated 932 bytes in 54 msecs (HTTP/1.1 200) 7 headers in 285 bytes (1 switches on core 0) /var/lib/openstack/lib/python3.12/site-packages/pycadf/identifier.py:70: UserWarning: Invalid uuid: cinderv3. To ensure interoperability, identifiers should be a valid uuid. warnings.warn(('Invalid uuid: %s. To ensure interoperability, '
2026-03-19 19:05:42.948 7 INFO cinder.api.openstack.wsgi [None req-b8a164ef-e33b-4f62-8255-d61058b2b996 4145f422ed2842688ac4781039345275 ad427d87087d4b42932488912e6231d7 - - default default] GET http://cinder-api.openstack.svc.cluster.local:8776/v3/ad427d87087d4b42932488912e6231d7/volumes/6b4e058f-019b-47da-9f4a-4080b997b12c /var/lib/openstack/lib/python3.12/site-packages/oslo_context/context.py:101: DeprecationWarning: Policy enforcement is depending on the value of is_admin. This key is deprecated. Please update your policy file to use the standard policy values. warnings.warn(
2026-03-19 19:05:42.967 7 INFO cinder.volume.api [None req-b8a164ef-e33b-4f62-8255-d61058b2b996 4145f422ed2842688ac4781039345275 ad427d87087d4b42932488912e6231d7 - - default default] Volume info retrieved successfully.
2026-03-19 19:05:42.973 7 INFO cinder.api.openstack.wsgi [None req-b8a164ef-e33b-4f62-8255-d61058b2b996 4145f422ed2842688ac4781039345275 ad427d87087d4b42932488912e6231d7 - - default default] http://cinder-api.openstack.svc.cluster.local:8776/v3/ad427d87087d4b42932488912e6231d7/volumes/6b4e058f-019b-47da-9f4a-4080b997b12c returned with HTTP 200 [pid: 7|app: 0|req: 347/692] 10.0.0.185 () {32 vars in 775 bytes} [Thu Mar 19 19:05:42 2026] GET /v3/ad427d87087d4b42932488912e6231d7/volumes/6b4e058f-019b-47da-9f4a-4080b997b12c => generated 956 bytes in 32 msecs (HTTP/1.1 200) 7 headers in 285 bytes (1 switches on core 0) /var/lib/openstack/lib/python3.12/site-packages/pycadf/identifier.py:70: UserWarning: Invalid uuid: cinderv3. To ensure interoperability, identifiers should be a valid uuid. warnings.warn(('Invalid uuid: %s. To ensure interoperability, '
2026-03-19 19:05:43.994 8 INFO cinder.api.openstack.wsgi [None req-eeb46c7a-35dc-478d-adaa-07102314027b 4145f422ed2842688ac4781039345275 ad427d87087d4b42932488912e6231d7 - - default default] GET http://cinder-api.openstack.svc.cluster.local:8776/v3/ad427d87087d4b42932488912e6231d7/volumes/6b4e058f-019b-47da-9f4a-4080b997b12c /var/lib/openstack/lib/python3.12/site-packages/oslo_context/context.py:101: DeprecationWarning: Policy enforcement is depending on the value of is_admin. This key is deprecated. Please update your policy file to use the standard policy values. warnings.warn(
2026-03-19 19:05:44.010 8 INFO cinder.volume.api [None req-eeb46c7a-35dc-478d-adaa-07102314027b 4145f422ed2842688ac4781039345275 ad427d87087d4b42932488912e6231d7 - - default default] Volume info retrieved successfully.
2026-03-19 19:05:44.015 8 INFO cinder.api.openstack.wsgi [None req-eeb46c7a-35dc-478d-adaa-07102314027b 4145f422ed2842688ac4781039345275 ad427d87087d4b42932488912e6231d7 - - default default] http://cinder-api.openstack.svc.cluster.local:8776/v3/ad427d87087d4b42932488912e6231d7/volumes/6b4e058f-019b-47da-9f4a-4080b997b12c returned with HTTP 200 [pid: 8|app: 0|req: 346/693] 10.0.0.185 () {32 vars in 775 bytes} [Thu Mar 19 19:05:43 2026] GET /v3/ad427d87087d4b42932488912e6231d7/volumes/6b4e058f-019b-47da-9f4a-4080b997b12c => generated 956 bytes in 28 msecs (HTTP/1.1 200) 7 headers in 285 bytes (1 switches on core 0) /var/lib/openstack/lib/python3.12/site-packages/pycadf/identifier.py:70: UserWarning: Invalid uuid: cinderv3. To ensure interoperability, identifiers should be a valid uuid. warnings.warn(('Invalid uuid: %s. To ensure interoperability, '
2026-03-19 19:05:45.048 7 INFO cinder.api.openstack.wsgi [None req-c8c3e295-20c4-43ae-b821-2bc5547ec798 4145f422ed2842688ac4781039345275 ad427d87087d4b42932488912e6231d7 - - default default] GET http://cinder-api.openstack.svc.cluster.local:8776/v3/ad427d87087d4b42932488912e6231d7/volumes/6b4e058f-019b-47da-9f4a-4080b997b12c /var/lib/openstack/lib/python3.12/site-packages/oslo_context/context.py:101: DeprecationWarning: Policy enforcement is depending on the value of is_admin. This key is deprecated. Please update your policy file to use the standard policy values. warnings.warn(
2026-03-19 19:05:45.063 7 INFO cinder.volume.api [None req-c8c3e295-20c4-43ae-b821-2bc5547ec798 4145f422ed2842688ac4781039345275 ad427d87087d4b42932488912e6231d7 - - default default] Volume info retrieved successfully.
2026-03-19 19:05:45.072 7 INFO cinder.api.openstack.wsgi [None req-c8c3e295-20c4-43ae-b821-2bc5547ec798 4145f422ed2842688ac4781039345275 ad427d87087d4b42932488912e6231d7 - - default default] http://cinder-api.openstack.svc.cluster.local:8776/v3/ad427d87087d4b42932488912e6231d7/volumes/6b4e058f-019b-47da-9f4a-4080b997b12c returned with HTTP 200 [pid: 7|app: 0|req: 348/694] 10.0.0.185 () {32 vars in 775 bytes} [Thu Mar 19 19:05:45 2026] GET /v3/ad427d87087d4b42932488912e6231d7/volumes/6b4e058f-019b-47da-9f4a-4080b997b12c => generated 956 bytes in 29 msecs (HTTP/1.1 200) 7 headers in 285 bytes (1 switches on core 0) /var/lib/openstack/lib/python3.12/site-packages/pycadf/identifier.py:70: UserWarning: Invalid uuid: cinderv3. To ensure interoperability, identifiers should be a valid uuid. warnings.warn(('Invalid uuid: %s. To ensure interoperability, '
2026-03-19 19:05:46.096 8 INFO cinder.api.openstack.wsgi [None req-2e040575-564d-4780-b01b-2f6657b8378e 4145f422ed2842688ac4781039345275 ad427d87087d4b42932488912e6231d7 - - default default] GET http://cinder-api.openstack.svc.cluster.local:8776/v3/ad427d87087d4b42932488912e6231d7/volumes/6b4e058f-019b-47da-9f4a-4080b997b12c /var/lib/openstack/lib/python3.12/site-packages/oslo_context/context.py:101: DeprecationWarning: Policy enforcement is depending on the value of is_admin. This key is deprecated. Please update your policy file to use the standard policy values. warnings.warn(
2026-03-19 19:05:46.117 8 INFO cinder.volume.api [None req-2e040575-564d-4780-b01b-2f6657b8378e 4145f422ed2842688ac4781039345275 ad427d87087d4b42932488912e6231d7 - - default default] Volume info retrieved successfully.
2026-03-19 19:05:46.123 8 INFO cinder.api.openstack.wsgi [None req-2e040575-564d-4780-b01b-2f6657b8378e 4145f422ed2842688ac4781039345275 ad427d87087d4b42932488912e6231d7 - - default default] http://cinder-api.openstack.svc.cluster.local:8776/v3/ad427d87087d4b42932488912e6231d7/volumes/6b4e058f-019b-47da-9f4a-4080b997b12c returned with HTTP 200 [pid: 8|app: 0|req: 347/695] 10.0.0.185 () {32 vars in 775 bytes} [Thu Mar 19 19:05:46 2026] GET /v3/ad427d87087d4b42932488912e6231d7/volumes/6b4e058f-019b-47da-9f4a-4080b997b12c => generated 1341 bytes in 36 msecs (HTTP/1.1 200) 7 headers in 286 bytes (1 switches on core 0) /var/lib/openstack/lib/python3.12/site-packages/pycadf/identifier.py:70: UserWarning: Invalid uuid: cinderv3. To ensure interoperability, identifiers should be a valid uuid. warnings.warn(('Invalid uuid: %s. To ensure interoperability, '
2026-03-19 19:05:46.207 7 INFO cinder.api.openstack.wsgi [req-3560f834-41db-45a6-ba3c-3c62303fb49a req-79205487-bd0e-4988-8aca-853eed4c2abd 4145f422ed2842688ac4781039345275 ad427d87087d4b42932488912e6231d7 - - default default] GET http://cinder-api.openstack.svc.cluster.local:8776/v3/ad427d87087d4b42932488912e6231d7/volumes/6b4e058f-019b-47da-9f4a-4080b997b12c /var/lib/openstack/lib/python3.12/site-packages/oslo_context/context.py:101: DeprecationWarning: Policy enforcement is depending on the value of is_admin. This key is deprecated. Please update your policy file to use the standard policy values. warnings.warn(
2026-03-19 19:05:46.227 7 INFO cinder.volume.api [req-3560f834-41db-45a6-ba3c-3c62303fb49a req-79205487-bd0e-4988-8aca-853eed4c2abd 4145f422ed2842688ac4781039345275 ad427d87087d4b42932488912e6231d7 - - default default] Volume info retrieved successfully.
2026-03-19 19:05:46.233 7 INFO cinder.api.openstack.wsgi [req-3560f834-41db-45a6-ba3c-3c62303fb49a req-79205487-bd0e-4988-8aca-853eed4c2abd 4145f422ed2842688ac4781039345275 ad427d87087d4b42932488912e6231d7 - - default default] http://cinder-api.openstack.svc.cluster.local:8776/v3/ad427d87087d4b42932488912e6231d7/volumes/6b4e058f-019b-47da-9f4a-4080b997b12c returned with HTTP 200 [pid: 7|app: 0|req: 349/696] 10.0.0.148 () {34 vars in 1028 bytes} [Thu Mar 19 19:05:46 2026] GET /v3/ad427d87087d4b42932488912e6231d7/volumes/6b4e058f-019b-47da-9f4a-4080b997b12c => generated 1341 bytes in 32 msecs (HTTP/1.1 200) 7 headers in 286 bytes (1 switches on core 0) /var/lib/openstack/lib/python3.12/site-packages/pycadf/identifier.py:70: UserWarning: Invalid uuid: cinderv3. To ensure interoperability, identifiers should be a valid uuid. warnings.warn(('Invalid uuid: %s. To ensure interoperability, '
2026-03-19 19:05:46.598 8 INFO cinder.api.openstack.wsgi [req-3560f834-41db-45a6-ba3c-3c62303fb49a req-6facd740-f4c0-4798-a2bd-7c2ae6a81939 4145f422ed2842688ac4781039345275 ad427d87087d4b42932488912e6231d7 - - default default] GET http://cinder-api.openstack.svc.cluster.local:8776/v3/ad427d87087d4b42932488912e6231d7/volumes/6b4e058f-019b-47da-9f4a-4080b997b12c /var/lib/openstack/lib/python3.12/site-packages/oslo_context/context.py:101: DeprecationWarning: Policy enforcement is depending on the value of is_admin. This key is deprecated. Please update your policy file to use the standard policy values. warnings.warn(
2026-03-19 19:05:46.613 8 INFO cinder.volume.api [req-3560f834-41db-45a6-ba3c-3c62303fb49a req-6facd740-f4c0-4798-a2bd-7c2ae6a81939 4145f422ed2842688ac4781039345275 ad427d87087d4b42932488912e6231d7 - - default default] Volume info retrieved successfully.
2026-03-19 19:05:46.619 8 INFO cinder.api.openstack.wsgi [req-3560f834-41db-45a6-ba3c-3c62303fb49a req-6facd740-f4c0-4798-a2bd-7c2ae6a81939 4145f422ed2842688ac4781039345275 ad427d87087d4b42932488912e6231d7 - - default default] http://cinder-api.openstack.svc.cluster.local:8776/v3/ad427d87087d4b42932488912e6231d7/volumes/6b4e058f-019b-47da-9f4a-4080b997b12c returned with HTTP 200 [pid: 8|app: 0|req: 348/697] 10.0.0.148 () {34 vars in 1028 bytes} [Thu Mar 19 19:05:46 2026] GET /v3/ad427d87087d4b42932488912e6231d7/volumes/6b4e058f-019b-47da-9f4a-4080b997b12c => generated 1341 bytes in 29 msecs (HTTP/1.1 200) 7 headers in 286 bytes (1 switches on core 0)
2026-03-19 19:05:46.630 7 INFO cinder.api.openstack.wsgi [req-3560f834-41db-45a6-ba3c-3c62303fb49a req-79205487-bd0e-4988-8aca-853eed4c2abd 4145f422ed2842688ac4781039345275 ad427d87087d4b42932488912e6231d7 - - default default] GET http://cinder-api.openstack.svc.cluster.local:8776/
2026-03-19 19:05:46.631 7 INFO cinder.api.openstack.wsgi [req-3560f834-41db-45a6-ba3c-3c62303fb49a req-79205487-bd0e-4988-8aca-853eed4c2abd 4145f422ed2842688ac4781039345275 ad427d87087d4b42932488912e6231d7 - - default default] http://cinder-api.openstack.svc.cluster.local:8776/ returned with HTTP 300 [pid: 7|app: 0|req: 350/698] 10.0.0.148 () {32 vars in 829 bytes} [Thu Mar 19 19:05:46 2026] GET / => generated 411 bytes in 2 msecs (HTTP/1.1 300) 5 headers in 169 bytes (1 switches on core 0) /var/lib/openstack/lib/python3.12/site-packages/pycadf/identifier.py:70: UserWarning: Invalid uuid: cinderv3. To ensure interoperability, identifiers should be a valid uuid. warnings.warn(('Invalid uuid: %s. To ensure interoperability, '
2026-03-19 19:05:46.643 8 INFO cinder.api.openstack.wsgi [req-3560f834-41db-45a6-ba3c-3c62303fb49a req-56ba6974-f9df-448d-a5de-57d1287ac81d 4145f422ed2842688ac4781039345275 ad427d87087d4b42932488912e6231d7 - - default default] POST http://cinder-api.openstack.svc.cluster.local:8776/v3/ad427d87087d4b42932488912e6231d7/attachments /var/lib/openstack/lib/python3.12/site-packages/oslo_context/context.py:101: DeprecationWarning: Policy enforcement is depending on the value of is_admin. This key is deprecated. Please update your policy file to use the standard policy values. warnings.warn(
2026-03-19 19:05:46.701 8 INFO cinder.api.openstack.wsgi [req-3560f834-41db-45a6-ba3c-3c62303fb49a req-56ba6974-f9df-448d-a5de-57d1287ac81d 4145f422ed2842688ac4781039345275 ad427d87087d4b42932488912e6231d7 - - default default] http://cinder-api.openstack.svc.cluster.local:8776/v3/ad427d87087d4b42932488912e6231d7/attachments returned with HTTP 200 [pid: 8|app: 0|req: 349/699] 10.0.0.148 () {40 vars in 1057 bytes} [Thu Mar 19 19:05:46 2026] POST /v3/ad427d87087d4b42932488912e6231d7/attachments => generated 273 bytes in 66 msecs (HTTP/1.1 200) 7 headers in 286 bytes (1 switches on core 0)
2026-03-19 19:05:50.194 7 INFO cinder.api.openstack.wsgi [req-3560f834-41db-45a6-ba3c-3c62303fb49a req-79205487-bd0e-4988-8aca-853eed4c2abd 4145f422ed2842688ac4781039345275 ad427d87087d4b42932488912e6231d7 - - default default] GET http://10.0.0.3:8776/
2026-03-19 19:05:50.194 8 INFO cinder.api.openstack.wsgi [req-3560f834-41db-45a6-ba3c-3c62303fb49a req-56ba6974-f9df-448d-a5de-57d1287ac81d 4145f422ed2842688ac4781039345275 ad427d87087d4b42932488912e6231d7 - - default default] GET http://10.0.0.3:8776/
2026-03-19 19:05:50.195 7 INFO cinder.api.openstack.wsgi [req-3560f834-41db-45a6-ba3c-3c62303fb49a req-79205487-bd0e-4988-8aca-853eed4c2abd 4145f422ed2842688ac4781039345275 ad427d87087d4b42932488912e6231d7 - - default default] http://10.0.0.3:8776/ returned with HTTP 300
2026-03-19 19:05:50.195 8 INFO cinder.api.openstack.wsgi [req-3560f834-41db-45a6-ba3c-3c62303fb49a req-56ba6974-f9df-448d-a5de-57d1287ac81d 4145f422ed2842688ac4781039345275 ad427d87087d4b42932488912e6231d7 - - default default] http://10.0.0.3:8776/ returned with HTTP 300
2026-03-19 19:05:52.863 8 INFO cinder.api.openstack.wsgi [req-3560f834-41db-45a6-ba3c-3c62303fb49a req-56ba6974-f9df-448d-a5de-57d1287ac81d 4145f422ed2842688ac4781039345275 ad427d87087d4b42932488912e6231d7 - - default default] GET http://cinder-api.openstack.svc.cluster.local:8776/
2026-03-19 19:05:52.865 8 INFO cinder.api.openstack.wsgi [req-3560f834-41db-45a6-ba3c-3c62303fb49a req-56ba6974-f9df-448d-a5de-57d1287ac81d 4145f422ed2842688ac4781039345275 ad427d87087d4b42932488912e6231d7 - - default default] http://cinder-api.openstack.svc.cluster.local:8776/ returned with HTTP 300 [pid: 8|app: 0|req: 351/702] 199.19.213.220 () {32 vars in 840 bytes} [Thu Mar 19 19:05:52 2026] GET / => generated 411 bytes in 2 msecs (HTTP/1.1 300) 5 headers in 169 bytes (1 switches on core 0) /var/lib/openstack/lib/python3.12/site-packages/pycadf/identifier.py:70: UserWarning: Invalid uuid: cinderv3. To ensure interoperability, identifiers should be a valid uuid. warnings.warn(('Invalid uuid: %s. To ensure interoperability, '
2026-03-19 19:05:52.877 7 INFO cinder.api.openstack.wsgi [req-3560f834-41db-45a6-ba3c-3c62303fb49a req-a4f1b252-0e03-4d99-8ee5-3c73eb41019a 4145f422ed2842688ac4781039345275 ad427d87087d4b42932488912e6231d7 - - default default] GET http://cinder-api.openstack.svc.cluster.local:8776/v3/ad427d87087d4b42932488912e6231d7/volumes/6b4e058f-019b-47da-9f4a-4080b997b12c /var/lib/openstack/lib/python3.12/site-packages/oslo_context/context.py:101: DeprecationWarning: Policy enforcement is depending on the value of is_admin. This key is deprecated. Please update your policy file to use the standard policy values. warnings.warn(
2026-03-19 19:05:52.902 7 INFO cinder.volume.api [req-3560f834-41db-45a6-ba3c-3c62303fb49a req-a4f1b252-0e03-4d99-8ee5-3c73eb41019a 4145f422ed2842688ac4781039345275 ad427d87087d4b42932488912e6231d7 - - default default] Volume info retrieved successfully.
2026-03-19 19:05:52.909 7 INFO cinder.api.openstack.wsgi [req-3560f834-41db-45a6-ba3c-3c62303fb49a req-a4f1b252-0e03-4d99-8ee5-3c73eb41019a 4145f422ed2842688ac4781039345275 ad427d87087d4b42932488912e6231d7 - - default default] http://cinder-api.openstack.svc.cluster.local:8776/v3/ad427d87087d4b42932488912e6231d7/volumes/6b4e058f-019b-47da-9f4a-4080b997b12c returned with HTTP 200 [pid: 7|app: 0|req: 352/703] 199.19.213.220 () {36 vars in 1073 bytes} [Thu Mar 19 19:05:52 2026] GET /v3/ad427d87087d4b42932488912e6231d7/volumes/6b4e058f-019b-47da-9f4a-4080b997b12c => generated 1521 bytes in 40 msecs (HTTP/1.1 200) 7 headers in 287 bytes (1 switches on core 0) /var/lib/openstack/lib/python3.12/site-packages/pycadf/identifier.py:70: UserWarning: Invalid uuid: cinderv3. To ensure interoperability, identifiers should be a valid uuid. warnings.warn(('Invalid uuid: %s. To ensure interoperability, '
2026-03-19 19:05:54.820 8 INFO cinder.api.openstack.wsgi [req-3560f834-41db-45a6-ba3c-3c62303fb49a req-a9201efe-ffea-4ced-8517-13284a613530 4145f422ed2842688ac4781039345275 ad427d87087d4b42932488912e6231d7 - - default default] PUT http://cinder-api.openstack.svc.cluster.local:8776/v3/ad427d87087d4b42932488912e6231d7/attachments/d8b8b85d-cf46-48cd-8267-ea850eaad340 /var/lib/openstack/lib/python3.12/site-packages/oslo_context/context.py:101: DeprecationWarning: Policy enforcement is depending on the value of is_admin. This key is deprecated. Please update your policy file to use the standard policy values. warnings.warn(
2026-03-19 19:05:55.864 8 INFO cinder.api.openstack.wsgi [req-3560f834-41db-45a6-ba3c-3c62303fb49a req-a9201efe-ffea-4ced-8517-13284a613530 4145f422ed2842688ac4781039345275 ad427d87087d4b42932488912e6231d7 - - default default] http://cinder-api.openstack.svc.cluster.local:8776/v3/ad427d87087d4b42932488912e6231d7/attachments/d8b8b85d-cf46-48cd-8267-ea850eaad340 returned with HTTP 200 [pid: 8|app: 0|req: 352/704] 199.19.213.220 () {40 vars in 1135 bytes} [Thu Mar 19 19:05:54 2026] PUT /v3/ad427d87087d4b42932488912e6231d7/attachments/d8b8b85d-cf46-48cd-8267-ea850eaad340 => generated 802 bytes in 1052 msecs (HTTP/1.1 200) 7 headers in 286 bytes (1 switches on core 0) /var/lib/openstack/lib/python3.12/site-packages/pycadf/identifier.py:70: UserWarning: Invalid uuid: cinderv3. To ensure interoperability, identifiers should be a valid uuid. warnings.warn(('Invalid uuid: %s. To ensure interoperability, '
2026-03-19 19:05:56.380 7 INFO cinder.api.openstack.wsgi [req-3560f834-41db-45a6-ba3c-3c62303fb49a req-07230fbc-6f26-43d9-a30c-c8ab59926c7a 4145f422ed2842688ac4781039345275 ad427d87087d4b42932488912e6231d7 - - default default] POST http://cinder-api.openstack.svc.cluster.local:8776/v3/ad427d87087d4b42932488912e6231d7/attachments/d8b8b85d-cf46-48cd-8267-ea850eaad340/action /var/lib/openstack/lib/python3.12/site-packages/oslo_context/context.py:101: DeprecationWarning: Policy enforcement is depending on the value of is_admin. This key is deprecated. Please update your policy file to use the standard policy values. warnings.warn(
2026-03-19 19:05:56.429 7 INFO cinder.api.openstack.wsgi [req-3560f834-41db-45a6-ba3c-3c62303fb49a req-07230fbc-6f26-43d9-a30c-c8ab59926c7a 4145f422ed2842688ac4781039345275 ad427d87087d4b42932488912e6231d7 - - default default] http://cinder-api.openstack.svc.cluster.local:8776/v3/ad427d87087d4b42932488912e6231d7/attachments/d8b8b85d-cf46-48cd-8267-ea850eaad340/action returned with HTTP 204 [pid: 7|app: 0|req: 353/705] 199.19.213.220 () {40 vars in 1148 bytes} [Thu Mar 19 19:05:56 2026] POST /v3/ad427d87087d4b42932488912e6231d7/attachments/d8b8b85d-cf46-48cd-8267-ea850eaad340/action => generated 0 bytes in 56 msecs (HTTP/1.1 204) 7 headers in 292 bytes (1 switches on core 0) /var/lib/openstack/lib/python3.12/site-packages/pycadf/identifier.py:70: UserWarning: Invalid uuid: cinderv3. To ensure interoperability, identifiers should be a valid uuid. warnings.warn(('Invalid uuid: %s. To ensure interoperability, '
2026-03-19 19:05:57.315 8 INFO cinder.api.openstack.wsgi [None req-8a79f406-6f68-4cca-b989-2702b7e630f8 596f0424127d4809a1b5d02f31312a25 37fea8d3175548cda434bbad4a095e17 - - default default] GET http://cinder-api.openstack.svc.cluster.local:8776/v3/37fea8d3175548cda434bbad4a095e17/volumes/detail?all_tenants=true /var/lib/openstack/lib/python3.12/site-packages/oslo_context/context.py:101: DeprecationWarning: Policy enforcement is depending on the value of is_admin. This key is deprecated. Please update your policy file to use the standard policy values. warnings.warn(
2026-03-19 19:05:57.327 8 INFO cinder.volume.api [None req-8a79f406-6f68-4cca-b989-2702b7e630f8 596f0424127d4809a1b5d02f31312a25 37fea8d3175548cda434bbad4a095e17 - - default default] Get all volumes completed successfully. /var/lib/openstack/lib/python3.12/site-packages/oslo_context/context.py:101: DeprecationWarning: Policy enforcement is depending on the value of is_admin. This key is deprecated. Please update your policy file to use the standard policy values. warnings.warn(
2026-03-19 19:05:57.332 8 INFO cinder.api.openstack.wsgi [None req-8a79f406-6f68-4cca-b989-2702b7e630f8 596f0424127d4809a1b5d02f31312a25 37fea8d3175548cda434bbad4a095e17 - - default default] http://cinder-api.openstack.svc.cluster.local:8776/v3/37fea8d3175548cda434bbad4a095e17/volumes/detail?all_tenants=true returned with HTTP 200 [pid: 8|app: 0|req: 353/706] 10.0.0.46 () {28 vars in 683 bytes} [Thu Mar 19 19:05:57 2026] GET /v3/37fea8d3175548cda434bbad4a095e17/volumes/detail?all_tenants=true => generated 1807 bytes in 193 msecs (HTTP/1.1 200) 7 headers in 286 bytes (1 switches on core 0) /var/lib/openstack/lib/python3.12/site-packages/pycadf/identifier.py:70: UserWarning: Invalid uuid: cinderv3. To ensure interoperability, identifiers should be a valid uuid. warnings.warn(('Invalid uuid: %s. To ensure interoperability, '
2026-03-19 19:05:57.427 7 INFO cinder.api.openstack.wsgi [None req-ed89976b-b980-4ab7-9ecd-e631e24aedcf 596f0424127d4809a1b5d02f31312a25 37fea8d3175548cda434bbad4a095e17 - - default default] GET http://cinder-api.openstack.svc.cluster.local:8776/v3/37fea8d3175548cda434bbad4a095e17/os-quota-sets/37fea8d3175548cda434bbad4a095e17?usage=true
2026-03-19 19:05:57.443 7 INFO cinder.api.openstack.wsgi [None req-ed89976b-b980-4ab7-9ecd-e631e24aedcf 596f0424127d4809a1b5d02f31312a25 37fea8d3175548cda434bbad4a095e17 - - default default] http://cinder-api.openstack.svc.cluster.local:8776/v3/37fea8d3175548cda434bbad4a095e17/os-quota-sets/37fea8d3175548cda434bbad4a095e17?usage=true returned with HTTP 200 [pid: 7|app: 0|req: 354/707] 10.0.0.46 () {28 vars in 735 bytes} [Thu Mar 19 19:05:57 2026] GET /v3/37fea8d3175548cda434bbad4a095e17/os-quota-sets/37fea8d3175548cda434bbad4a095e17?usage=true => generated 845 bytes in 24 msecs (HTTP/1.1 200) 7 headers in 285 bytes (1 switches on core 0) /var/lib/openstack/lib/python3.12/site-packages/pycadf/identifier.py:70: UserWarning: Invalid uuid: cinderv3. To ensure interoperability, identifiers should be a valid uuid. warnings.warn(('Invalid uuid: %s. To ensure interoperability, '
2026-03-19 19:05:57.454 8 INFO cinder.api.openstack.wsgi [None req-e724c58c-6e31-42cd-b251-1430440c8796 596f0424127d4809a1b5d02f31312a25 37fea8d3175548cda434bbad4a095e17 - - default default] GET http://cinder-api.openstack.svc.cluster.local:8776/v3/37fea8d3175548cda434bbad4a095e17/os-quota-sets/7a6018a0561740c4b99c686921797081?usage=true
2026-03-19 19:05:57.477 8 INFO cinder.api.openstack.wsgi [None req-e724c58c-6e31-42cd-b251-1430440c8796 596f0424127d4809a1b5d02f31312a25 37fea8d3175548cda434bbad4a095e17 - - default default] http://cinder-api.openstack.svc.cluster.local:8776/v3/37fea8d3175548cda434bbad4a095e17/os-quota-sets/7a6018a0561740c4b99c686921797081?usage=true returned with HTTP 200 [pid: 8|app: 0|req: 354/708] 10.0.0.46 () {28 vars in 735 bytes} [Thu Mar 19 19:05:57 2026] GET /v3/37fea8d3175548cda434bbad4a095e17/os-quota-sets/7a6018a0561740c4b99c686921797081?usage=true => generated 847 bytes in 30 msecs (HTTP/1.1 200) 7 headers in 285 bytes (1 switches on core 0)
2026-03-19 19:05:57.491 7 INFO cinder.api.openstack.wsgi [None req-518cc255-4592-46f7-aae2-6d0776bad578 596f0424127d4809a1b5d02f31312a25 37fea8d3175548cda434bbad4a095e17 - - default default] GET http://cinder-api.openstack.svc.cluster.local:8776/v3/37fea8d3175548cda434bbad4a095e17/os-quota-sets/99a71e451541469ab9f6679227ddbf4f?usage=true
2026-03-19 19:05:57.521 7 INFO cinder.api.openstack.wsgi [None req-518cc255-4592-46f7-aae2-6d0776bad578 596f0424127d4809a1b5d02f31312a25 37fea8d3175548cda434bbad4a095e17 - - default default] http://cinder-api.openstack.svc.cluster.local:8776/v3/37fea8d3175548cda434bbad4a095e17/os-quota-sets/99a71e451541469ab9f6679227ddbf4f?usage=true returned with HTTP 200 [pid: 7|app: 0|req: 355/709] 10.0.0.46 () {28 vars in 735 bytes} [Thu Mar 19 19:05:57 2026] GET /v3/37fea8d3175548cda434bbad4a095e17/os-quota-sets/99a71e451541469ab9f6679227ddbf4f?usage=true => generated 847 bytes in 37 msecs (HTTP/1.1 200) 7 headers in 285 bytes (1 switches on core 0)
2026-03-19 19:05:57.533 8 INFO cinder.api.openstack.wsgi [None req-0ff7bfef-6351-4135-922e-ccff5542c32b 596f0424127d4809a1b5d02f31312a25 37fea8d3175548cda434bbad4a095e17 - - default default] GET http://cinder-api.openstack.svc.cluster.local:8776/v3/37fea8d3175548cda434bbad4a095e17/os-quota-sets/ad427d87087d4b42932488912e6231d7?usage=true
2026-03-19 19:05:57.557 8 INFO cinder.api.openstack.wsgi [None req-0ff7bfef-6351-4135-922e-ccff5542c32b 596f0424127d4809a1b5d02f31312a25 37fea8d3175548cda434bbad4a095e17 - - default default] http://cinder-api.openstack.svc.cluster.local:8776/v3/37fea8d3175548cda434bbad4a095e17/os-quota-sets/ad427d87087d4b42932488912e6231d7?usage=true returned with HTTP 200 [pid: 8|app: 0|req: 355/710] 10.0.0.46 () {28 vars in 735 bytes} [Thu Mar 19 19:05:57 2026] GET /v3/37fea8d3175548cda434bbad4a095e17/os-quota-sets/ad427d87087d4b42932488912e6231d7?usage=true => generated 847 bytes in 30 msecs (HTTP/1.1 200) 7 headers in 285 bytes (1 switches on core 0)
2026-03-19 19:05:57.572 7 INFO cinder.api.openstack.wsgi [None req-852ebd56-f71a-44e7-be2f-3f36212c812d 596f0424127d4809a1b5d02f31312a25 37fea8d3175548cda434bbad4a095e17 - - default default] GET http://cinder-api.openstack.svc.cluster.local:8776/v3/37fea8d3175548cda434bbad4a095e17/os-quota-sets/b16543f6cc624d32af39531bb7b21e12?usage=true
2026-03-19 19:05:57.614 7 INFO cinder.api.openstack.wsgi [None req-852ebd56-f71a-44e7-be2f-3f36212c812d 596f0424127d4809a1b5d02f31312a25 37fea8d3175548cda434bbad4a095e17 - - default default] http://cinder-api.openstack.svc.cluster.local:8776/v3/37fea8d3175548cda434bbad4a095e17/os-quota-sets/b16543f6cc624d32af39531bb7b21e12?usage=true returned with HTTP 200 [pid: 7|app: 0|req: 356/711] 10.0.0.46 () {28 vars in 735 bytes} [Thu Mar 19 19:05:57 2026] GET /v3/37fea8d3175548cda434bbad4a095e17/os-quota-sets/b16543f6cc624d32af39531bb7b21e12?usage=true => generated 847 bytes in 49 msecs (HTTP/1.1 200) 7 headers in 285 bytes (1 switches on core 0)
2026-03-19 19:05:57.629 8 INFO cinder.api.openstack.wsgi [None req-0c4dae00-e204-4e28-9f52-04d1b711726e 596f0424127d4809a1b5d02f31312a25 37fea8d3175548cda434bbad4a095e17 - - default default] GET http://cinder-api.openstack.svc.cluster.local:8776/v3/37fea8d3175548cda434bbad4a095e17/os-quota-sets/c56edaa8ab0842dea14d2420d43bcdd8?usage=true
2026-03-19 19:05:57.655 8 INFO cinder.api.openstack.wsgi [None req-0c4dae00-e204-4e28-9f52-04d1b711726e 596f0424127d4809a1b5d02f31312a25 37fea8d3175548cda434bbad4a095e17 - - default default] http://cinder-api.openstack.svc.cluster.local:8776/v3/37fea8d3175548cda434bbad4a095e17/os-quota-sets/c56edaa8ab0842dea14d2420d43bcdd8?usage=true returned with HTTP 200 [pid: 8|app: 0|req: 356/712] 10.0.0.46 () {28 vars in 735 bytes} [Thu Mar 19 19:05:57 2026] GET /v3/37fea8d3175548cda434bbad4a095e17/os-quota-sets/c56edaa8ab0842dea14d2420d43bcdd8?usage=true => generated 845 bytes in 31 msecs (HTTP/1.1 200) 7 headers in 285 bytes (1 switches on core 0)
2026-03-19 19:05:57.665 7 INFO cinder.api.openstack.wsgi [None req-289d554a-8ac4-4f89-9b7a-40fcce2c0f04 596f0424127d4809a1b5d02f31312a25 37fea8d3175548cda434bbad4a095e17 - - default default] GET http://cinder-api.openstack.svc.cluster.local:8776/v3/37fea8d3175548cda434bbad4a095e17/os-quota-sets/f3406c544b1a4b5e9c0d977bc80c7ddd?usage=true
2026-03-19 19:05:57.689 7 INFO cinder.api.openstack.wsgi [None req-289d554a-8ac4-4f89-9b7a-40fcce2c0f04 596f0424127d4809a1b5d02f31312a25 37fea8d3175548cda434bbad4a095e17 - - default default] http://cinder-api.openstack.svc.cluster.local:8776/v3/37fea8d3175548cda434bbad4a095e17/os-quota-sets/f3406c544b1a4b5e9c0d977bc80c7ddd?usage=true returned with HTTP 200 [pid: 7|app: 0|req: 357/713] 10.0.0.46 () {28 vars in 735 bytes} [Thu Mar 19 19:05:57 2026] GET /v3/37fea8d3175548cda434bbad4a095e17/os-quota-sets/f3406c544b1a4b5e9c0d977bc80c7ddd?usage=true => generated 847 bytes in 31 msecs (HTTP/1.1 200) 7 headers in 285 bytes (1 switches on core 0)
2026-03-19 19:05:57.698 8 INFO cinder.api.openstack.wsgi [None req-f366d739-ab5f-4ae9-abe9-5e2ef0e9b51d 596f0424127d4809a1b5d02f31312a25 37fea8d3175548cda434bbad4a095e17 - - default default] GET http://cinder-api.openstack.svc.cluster.local:8776/v3/37fea8d3175548cda434bbad4a095e17/os-services
2026-03-19 19:05:57.702 8 INFO cinder.api.openstack.wsgi [None req-f366d739-ab5f-4ae9-abe9-5e2ef0e9b51d 596f0424127d4809a1b5d02f31312a25 37fea8d3175548cda434bbad4a095e17 - - default default] http://cinder-api.openstack.svc.cluster.local:8776/v3/37fea8d3175548cda434bbad4a095e17/os-services returned with HTTP 200 [pid: 8|app: 0|req: 357/714] 10.0.0.46 () {28 vars in 644 bytes} [Thu Mar 19 19:05:57 2026] GET /v3/37fea8d3175548cda434bbad4a095e17/os-services => generated 646 bytes in 9 msecs (HTTP/1.1 200) 7 headers in 285 bytes (1 switches on core 0)
2026-03-19 19:05:57.712 7 INFO cinder.api.openstack.wsgi [None req-3d2b0a55-aaf3-40d4-8775-4cdc2c47cdf5 596f0424127d4809a1b5d02f31312a25 37fea8d3175548cda434bbad4a095e17 - - default default] GET http://cinder-api.openstack.svc.cluster.local:8776/v3/37fea8d3175548cda434bbad4a095e17/volumes/detail?all_tenants=true
2026-03-19 19:05:57.726 7 INFO cinder.volume.api [None req-3d2b0a55-aaf3-40d4-8775-4cdc2c47cdf5 596f0424127d4809a1b5d02f31312a25 37fea8d3175548cda434bbad4a095e17 - - default default] Get all volumes completed successfully. /var/lib/openstack/lib/python3.12/site-packages/oslo_context/context.py:101: DeprecationWarning: Policy enforcement is depending on the value of is_admin. This key is deprecated. Please update your policy file to use the standard policy values. warnings.warn(
2026-03-19 19:05:57.732 7 INFO cinder.api.openstack.wsgi [None req-3d2b0a55-aaf3-40d4-8775-4cdc2c47cdf5 596f0424127d4809a1b5d02f31312a25 37fea8d3175548cda434bbad4a095e17 - - default default] http://cinder-api.openstack.svc.cluster.local:8776/v3/37fea8d3175548cda434bbad4a095e17/volumes/detail?all_tenants=true returned with HTTP 200 [pid: 7|app: 0|req: 358/715] 10.0.0.46 () {28 vars in 683 bytes} [Thu Mar 19 19:05:57 2026] GET /v3/37fea8d3175548cda434bbad4a095e17/volumes/detail?all_tenants=true => generated 1807 bytes in 27 msecs (HTTP/1.1 200) 7 headers in 286 bytes (1 switches on core 0)
2026-03-19 19:05:57.742 8 INFO cinder.api.openstack.wsgi [None req-cab975a3-4b6c-4804-a14b-e8d9010bc87e 596f0424127d4809a1b5d02f31312a25 37fea8d3175548cda434bbad4a095e17 - - default default] GET http://cinder-api.openstack.svc.cluster.local:8776/v3/37fea8d3175548cda434bbad4a095e17/snapshots?all_tenants=true
2026-03-19 19:05:57.747 8 INFO cinder.volume.api [None req-cab975a3-4b6c-4804-a14b-e8d9010bc87e 596f0424127d4809a1b5d02f31312a25 37fea8d3175548cda434bbad4a095e17 - - default default] Get all snapshots completed successfully.
2026-03-19 19:05:57.748 8 INFO cinder.api.openstack.wsgi [None req-cab975a3-4b6c-4804-a14b-e8d9010bc87e 596f0424127d4809a1b5d02f31312a25 37fea8d3175548cda434bbad4a095e17 - - default default] http://cinder-api.openstack.svc.cluster.local:8776/v3/37fea8d3175548cda434bbad4a095e17/snapshots?all_tenants=true returned with HTTP 200 [pid: 8|app: 0|req: 358/716] 10.0.0.46 () {28 vars in 673 bytes} [Thu Mar 19 19:05:57 2026] GET /v3/37fea8d3175548cda434bbad4a095e17/snapshots?all_tenants=true => generated 17 bytes in 12 msecs (HTTP/1.1 200) 7 headers in 284 bytes (1 switches on core 0) /var/lib/openstack/lib/python3.12/site-packages/pycadf/identifier.py:70: UserWarning: Invalid uuid: cinderv3. To ensure interoperability, identifiers should be a valid uuid. warnings.warn(('Invalid uuid: %s. To ensure interoperability, '
2026-03-19 19:05:57.769 7 INFO cinder.api.openstack.wsgi [None req-05264c7c-d2f6-4883-afc4-d6cb2b59ae80 596f0424127d4809a1b5d02f31312a25 37fea8d3175548cda434bbad4a095e17 - - default default] GET http://cinder-api.openstack.svc.cluster.local:8776/v3/37fea8d3175548cda434bbad4a095e17/scheduler-stats/get_pools?detail=true
2026-03-19 19:05:58.274 7 INFO cinder.api.openstack.wsgi [None req-05264c7c-d2f6-4883-afc4-d6cb2b59ae80 596f0424127d4809a1b5d02f31312a25 37fea8d3175548cda434bbad4a095e17 - - default default] http://cinder-api.openstack.svc.cluster.local:8776/v3/37fea8d3175548cda434bbad4a095e17/scheduler-stats/get_pools?detail=true returned with HTTP 200 [pid: 7|app: 0|req: 359/717] 10.0.0.46 () {28 vars in 695 bytes} [Thu Mar 19 19:05:57 2026] GET /v3/37fea8d3175548cda434bbad4a095e17/scheduler-stats/get_pools?detail=true => generated 670 bytes in 518 msecs (HTTP/1.1 200) 7 headers in 285 bytes (1 switches on core 0)
2026-03-19 19:06:00.193 8 INFO cinder.api.openstack.wsgi [None req-cab975a3-4b6c-4804-a14b-e8d9010bc87e 596f0424127d4809a1b5d02f31312a25 37fea8d3175548cda434bbad4a095e17 - - default default] GET http://10.0.0.3:8776/
2026-03-19 19:06:00.194 7 INFO cinder.api.openstack.wsgi [None req-05264c7c-d2f6-4883-afc4-d6cb2b59ae80 596f0424127d4809a1b5d02f31312a25 37fea8d3175548cda434bbad4a095e17 - - default default] GET http://10.0.0.3:8776/
2026-03-19 19:06:00.195 8 INFO cinder.api.openstack.wsgi [None req-cab975a3-4b6c-4804-a14b-e8d9010bc87e 596f0424127d4809a1b5d02f31312a25 37fea8d3175548cda434bbad4a095e17 - - default default] http://10.0.0.3:8776/ returned with HTTP 300
2026-03-19 19:06:00.195 7 INFO cinder.api.openstack.wsgi [None req-05264c7c-d2f6-4883-afc4-d6cb2b59ae80 596f0424127d4809a1b5d02f31312a25 37fea8d3175548cda434bbad4a095e17 - - default default] http://10.0.0.3:8776/ returned with HTTP 300
2026-03-19 19:06:07.955 8 INFO cinder.api.openstack.wsgi [req-9ff6870b-ffc6-42d6-b4e3-15e545d695c3 req-e2bd67e7-6397-4568-ae0d-67e9b06affe1 4145f422ed2842688ac4781039345275 ad427d87087d4b42932488912e6231d7 - - default default] DELETE http://cinder-api.openstack.svc.cluster.local:8776/v3/ad427d87087d4b42932488912e6231d7/attachments/d8b8b85d-cf46-48cd-8267-ea850eaad340 /var/lib/openstack/lib/python3.12/site-packages/oslo_context/context.py:101: DeprecationWarning: Policy enforcement is depending on the value of is_admin. This key is deprecated. Please update your policy file to use the standard policy values. warnings.warn(
2026-03-19 19:06:08.525 8 INFO cinder.api.openstack.wsgi [req-9ff6870b-ffc6-42d6-b4e3-15e545d695c3 req-e2bd67e7-6397-4568-ae0d-67e9b06affe1 4145f422ed2842688ac4781039345275 ad427d87087d4b42932488912e6231d7 - - default default] http://cinder-api.openstack.svc.cluster.local:8776/v3/ad427d87087d4b42932488912e6231d7/attachments/d8b8b85d-cf46-48cd-8267-ea850eaad340 returned with HTTP 200 [pid: 8|app: 0|req: 360/720] 199.19.213.220 () {38 vars in 1103 bytes} [Thu Mar 19 19:06:07 2026] DELETE /v3/ad427d87087d4b42932488912e6231d7/attachments/d8b8b85d-cf46-48cd-8267-ea850eaad340 => generated 19 bytes in 589 msecs (HTTP/1.1 200) 7 headers in 285 bytes (1 switches on core 0)
2026-03-19 19:06:08.543 7 INFO cinder.api.openstack.wsgi [req-9ff6870b-ffc6-42d6-b4e3-15e545d695c3 req-bf9965c0-3635-4b77-b174-d0bb0ac6e197 4145f422ed2842688ac4781039345275 ad427d87087d4b42932488912e6231d7 - - default default] DELETE http://cinder-api.openstack.svc.cluster.local:8776/v3/ad427d87087d4b42932488912e6231d7/volumes/6b4e058f-019b-47da-9f4a-4080b997b12c
2026-03-19 19:06:08.544 7 INFO cinder.api.v3.volumes [req-9ff6870b-ffc6-42d6-b4e3-15e545d695c3 req-bf9965c0-3635-4b77-b174-d0bb0ac6e197 4145f422ed2842688ac4781039345275 ad427d87087d4b42932488912e6231d7 - - default default] Delete volume with id: 6b4e058f-019b-47da-9f4a-4080b997b12c /var/lib/openstack/lib/python3.12/site-packages/oslo_context/context.py:101: DeprecationWarning: Policy enforcement is depending on the value of is_admin. This key is deprecated. Please update your policy file to use the standard policy values. warnings.warn(
2026-03-19 19:06:08.555 7 INFO cinder.volume.api [req-9ff6870b-ffc6-42d6-b4e3-15e545d695c3 req-bf9965c0-3635-4b77-b174-d0bb0ac6e197 4145f422ed2842688ac4781039345275 ad427d87087d4b42932488912e6231d7 - - default default] Volume info retrieved successfully.
2026-03-19 19:06:08.588 7 INFO cinder.volume.api [req-9ff6870b-ffc6-42d6-b4e3-15e545d695c3 req-bf9965c0-3635-4b77-b174-d0bb0ac6e197 4145f422ed2842688ac4781039345275 ad427d87087d4b42932488912e6231d7 - - default default] Delete volume request issued successfully.
2026-03-19 19:06:08.588 7 INFO cinder.api.openstack.wsgi [req-9ff6870b-ffc6-42d6-b4e3-15e545d695c3 req-bf9965c0-3635-4b77-b174-d0bb0ac6e197 4145f422ed2842688ac4781039345275 ad427d87087d4b42932488912e6231d7 - - default default] http://cinder-api.openstack.svc.cluster.local:8776/v3/ad427d87087d4b42932488912e6231d7/volumes/6b4e058f-019b-47da-9f4a-4080b997b12c returned with HTTP 202 [pid: 7|app: 0|req: 361/721] 199.19.213.220 () {36 vars in 1054 bytes} [Thu Mar 19 19:06:08 2026] DELETE /v3/ad427d87087d4b42932488912e6231d7/volumes/6b4e058f-019b-47da-9f4a-4080b997b12c => generated 0 bytes in 54 msecs (HTTP/1.1 202) 6 headers in 233 bytes (1 switches on core 0)
2026-03-19 19:06:10.194 7 INFO cinder.api.openstack.wsgi [req-9ff6870b-ffc6-42d6-b4e3-15e545d695c3 req-bf9965c0-3635-4b77-b174-d0bb0ac6e197 4145f422ed2842688ac4781039345275 ad427d87087d4b42932488912e6231d7 - - default default] GET http://10.0.0.3:8776/
2026-03-19 19:06:10.194 8 INFO cinder.api.openstack.wsgi [req-9ff6870b-ffc6-42d6-b4e3-15e545d695c3 req-e2bd67e7-6397-4568-ae0d-67e9b06affe1 4145f422ed2842688ac4781039345275 ad427d87087d4b42932488912e6231d7 - - default default] GET http://10.0.0.3:8776/
2026-03-19 19:06:10.195 7 INFO cinder.api.openstack.wsgi [req-9ff6870b-ffc6-42d6-b4e3-15e545d695c3 req-bf9965c0-3635-4b77-b174-d0bb0ac6e197 4145f422ed2842688ac4781039345275 ad427d87087d4b42932488912e6231d7 - - default default] http://10.0.0.3:8776/ returned with HTTP 300
2026-03-19 19:06:10.195 8 INFO cinder.api.openstack.wsgi [req-9ff6870b-ffc6-42d6-b4e3-15e545d695c3 req-e2bd67e7-6397-4568-ae0d-67e9b06affe1 4145f422ed2842688ac4781039345275 ad427d87087d4b42932488912e6231d7 - - default default] http://10.0.0.3:8776/ returned with HTTP 300 /var/lib/openstack/lib/python3.12/site-packages/pycadf/identifier.py:70: UserWarning: Invalid uuid: cinderv3. To ensure interoperability, identifiers should be a valid uuid. warnings.warn(('Invalid uuid: %s. To ensure interoperability, '
2026-03-19 19:06:20.086 7 INFO cinder.api.openstack.wsgi [None req-b6d36007-baba-4512-b9b1-1d439f12a3f6 8556ef7a7ae74ae2a80a4367ac0dceea 2c88de7246484569a28e5d64b700f60d - - default default] POST http://cinder-api.openstack.svc.cluster.local:8776/v3/2c88de7246484569a28e5d64b700f60d/volumes
2026-03-19 19:06:20.090 7 INFO cinder.api.v3.volumes [None req-b6d36007-baba-4512-b9b1-1d439f12a3f6 8556ef7a7ae74ae2a80a4367ac0dceea 2c88de7246484569a28e5d64b700f60d - - default default] Create volume of 1 GB
2026-03-19 19:06:20.101 7 INFO cinder.volume.api [None req-b6d36007-baba-4512-b9b1-1d439f12a3f6 8556ef7a7ae74ae2a80a4367ac0dceea 2c88de7246484569a28e5d64b700f60d - - default default] Availability Zones retrieved successfully.
2026-03-19 19:06:20.193 8 INFO cinder.api.openstack.wsgi [req-9ff6870b-ffc6-42d6-b4e3-15e545d695c3 req-e2bd67e7-6397-4568-ae0d-67e9b06affe1 4145f422ed2842688ac4781039345275 ad427d87087d4b42932488912e6231d7 - - default default] GET http://10.0.0.3:8776/
2026-03-19 19:06:20.194 8 INFO cinder.api.openstack.wsgi [req-9ff6870b-ffc6-42d6-b4e3-15e545d695c3 req-e2bd67e7-6397-4568-ae0d-67e9b06affe1 4145f422ed2842688ac4781039345275 ad427d87087d4b42932488912e6231d7 - - default default] http://10.0.0.3:8776/ returned with HTTP 300
2026-03-19 19:06:20.195 8 INFO cinder.api.openstack.wsgi [req-9ff6870b-ffc6-42d6-b4e3-15e545d695c3 req-e2bd67e7-6397-4568-ae0d-67e9b06affe1 4145f422ed2842688ac4781039345275 ad427d87087d4b42932488912e6231d7 - - default default] GET http://10.0.0.3:8776/
2026-03-19 19:06:20.196 8 INFO cinder.api.openstack.wsgi [req-9ff6870b-ffc6-42d6-b4e3-15e545d695c3 req-e2bd67e7-6397-4568-ae0d-67e9b06affe1 4145f422ed2842688ac4781039345275 ad427d87087d4b42932488912e6231d7 - - default default] http://10.0.0.3:8776/ returned with HTTP 300
2026-03-19 19:06:20.326 7 INFO cinder.volume.api [None req-b6d36007-baba-4512-b9b1-1d439f12a3f6 8556ef7a7ae74ae2a80a4367ac0dceea 2c88de7246484569a28e5d64b700f60d - - default default] Create volume request issued successfully.
2026-03-19 19:06:20.327 7 INFO cinder.api.openstack.wsgi [None req-b6d36007-baba-4512-b9b1-1d439f12a3f6 8556ef7a7ae74ae2a80a4367ac0dceea 2c88de7246484569a28e5d64b700f60d - - default default] http://cinder-api.openstack.svc.cluster.local:8776/v3/2c88de7246484569a28e5d64b700f60d/volumes returned with HTTP 202 [pid: 7|app: 0|req: 363/726] 10.0.0.185 () {34 vars in 722 bytes} [Thu Mar 19 19:06:19 2026] POST /v3/2c88de7246484569a28e5d64b700f60d/volumes => generated 861 bytes in 356 msecs (HTTP/1.1 202) 7 headers in 291 bytes (1 switches on core 0) /var/lib/openstack/lib/python3.12/site-packages/pycadf/identifier.py:70: UserWarning: Invalid uuid: cinderv3. To ensure interoperability, identifiers should be a valid uuid. warnings.warn(('Invalid uuid: %s. To ensure interoperability, '
2026-03-19 19:06:20.357 8 INFO cinder.api.openstack.wsgi [None req-aadd6437-aba7-489f-87c9-386e416b1569 8556ef7a7ae74ae2a80a4367ac0dceea 2c88de7246484569a28e5d64b700f60d - - default default] GET http://cinder-api.openstack.svc.cluster.local:8776/v3/2c88de7246484569a28e5d64b700f60d/volumes/a8935940-69a8-493e-94ea-b85ded625056 /var/lib/openstack/lib/python3.12/site-packages/oslo_context/context.py:101: DeprecationWarning: Policy enforcement is depending on the value of is_admin. This key is deprecated. Please update your policy file to use the standard policy values. warnings.warn(
2026-03-19 19:06:20.375 8 INFO cinder.volume.api [None req-aadd6437-aba7-489f-87c9-386e416b1569 8556ef7a7ae74ae2a80a4367ac0dceea 2c88de7246484569a28e5d64b700f60d - - default default] Volume info retrieved successfully.
2026-03-19 19:06:20.384 8 INFO cinder.api.openstack.wsgi [None req-aadd6437-aba7-489f-87c9-386e416b1569 8556ef7a7ae74ae2a80a4367ac0dceea 2c88de7246484569a28e5d64b700f60d - - default default] http://cinder-api.openstack.svc.cluster.local:8776/v3/2c88de7246484569a28e5d64b700f60d/volumes/a8935940-69a8-493e-94ea-b85ded625056 returned with HTTP 200 [pid: 8|app: 0|req: 364/727] 10.0.0.185 () {32 vars in 775 bytes} [Thu Mar 19 19:06:20 2026] GET /v3/2c88de7246484569a28e5d64b700f60d/volumes/a8935940-69a8-493e-94ea-b85ded625056 => generated 929 bytes in 33 msecs (HTTP/1.1 200) 7 headers in 285 bytes (1 switches on core 0) /var/lib/openstack/lib/python3.12/site-packages/pycadf/identifier.py:70: UserWarning: Invalid uuid: cinderv3. To ensure interoperability, identifiers should be a valid uuid. warnings.warn(('Invalid uuid: %s. To ensure interoperability, '
2026-03-19 19:06:21.411 7 INFO cinder.api.openstack.wsgi [None req-16182690-a636-4913-99b8-4124fbc979cc 8556ef7a7ae74ae2a80a4367ac0dceea 2c88de7246484569a28e5d64b700f60d - - default default] GET http://cinder-api.openstack.svc.cluster.local:8776/v3/2c88de7246484569a28e5d64b700f60d/volumes/a8935940-69a8-493e-94ea-b85ded625056 /var/lib/openstack/lib/python3.12/site-packages/oslo_context/context.py:101: DeprecationWarning: Policy enforcement is depending on the value of is_admin. This key is deprecated. Please update your policy file to use the standard policy values. warnings.warn(
2026-03-19 19:06:21.426 7 INFO cinder.volume.api [None req-16182690-a636-4913-99b8-4124fbc979cc 8556ef7a7ae74ae2a80a4367ac0dceea 2c88de7246484569a28e5d64b700f60d - - default default] Volume info retrieved successfully.
2026-03-19 19:06:21.431 7 INFO cinder.api.openstack.wsgi [None req-16182690-a636-4913-99b8-4124fbc979cc 8556ef7a7ae74ae2a80a4367ac0dceea 2c88de7246484569a28e5d64b700f60d - - default default] http://cinder-api.openstack.svc.cluster.local:8776/v3/2c88de7246484569a28e5d64b700f60d/volumes/a8935940-69a8-493e-94ea-b85ded625056 returned with HTTP 200 [pid: 7|app: 0|req: 364/728] 10.0.0.185 () {32 vars in 775 bytes} [Thu Mar 19 19:06:21 2026] GET /v3/2c88de7246484569a28e5d64b700f60d/volumes/a8935940-69a8-493e-94ea-b85ded625056 => generated 954 bytes in 29 msecs (HTTP/1.1 200) 7 headers in 285 bytes (1 switches on core 0)
2026-03-19 19:06:30.193 8 INFO cinder.api.openstack.wsgi [None req-aadd6437-aba7-489f-87c9-386e416b1569 8556ef7a7ae74ae2a80a4367ac0dceea 2c88de7246484569a28e5d64b700f60d - - default default] GET http://10.0.0.3:8776/
2026-03-19 19:06:30.193 7 INFO cinder.api.openstack.wsgi [None req-16182690-a636-4913-99b8-4124fbc979cc 8556ef7a7ae74ae2a80a4367ac0dceea 2c88de7246484569a28e5d64b700f60d - - default default] GET http://10.0.0.3:8776/
2026-03-19 19:06:30.194 8 INFO cinder.api.openstack.wsgi [None req-aadd6437-aba7-489f-87c9-386e416b1569 8556ef7a7ae74ae2a80a4367ac0dceea 2c88de7246484569a28e5d64b700f60d - - default default] http://10.0.0.3:8776/ returned with HTTP 300
2026-03-19 19:06:30.194 7 INFO cinder.api.openstack.wsgi [None req-16182690-a636-4913-99b8-4124fbc979cc 8556ef7a7ae74ae2a80a4367ac0dceea 2c88de7246484569a28e5d64b700f60d - - default default] http://10.0.0.3:8776/ returned with HTTP 300
2026-03-19 19:06:33.098 7 INFO cinder.api.openstack.wsgi [None req-16182690-a636-4913-99b8-4124fbc979cc 8556ef7a7ae74ae2a80a4367ac0dceea 2c88de7246484569a28e5d64b700f60d - - default default] GET http://cinder-api.openstack.svc.cluster.local:8776/
2026-03-19 19:06:33.099 7 INFO cinder.api.openstack.wsgi [None req-16182690-a636-4913-99b8-4124fbc979cc 8556ef7a7ae74ae2a80a4367ac0dceea 2c88de7246484569a28e5d64b700f60d - - default default] http://cinder-api.openstack.svc.cluster.local:8776/ returned with HTTP 300 [pid: 7|app: 0|req: 366/731] 10.0.0.185 () {30 vars in 411 bytes} [Thu Mar 19 19:06:33 2026] GET / => generated 411 bytes in 1 msecs (HTTP/1.1 300) 5 headers in 169 bytes (1 switches on core 0) /var/lib/openstack/lib/python3.12/site-packages/pycadf/identifier.py:70: UserWarning: Invalid uuid: cinderv3. To ensure interoperability, identifiers should be a valid uuid. warnings.warn(('Invalid uuid: %s. To ensure interoperability, '
2026-03-19 19:06:36.155 8 INFO cinder.api.openstack.wsgi [None req-3bad5154-a4d7-436e-8c59-548958adec59 538bb8eb3fb644aca2f315b8c9d9fd98 58c28a4fa89e466a958f0704a4773709 - - default default] POST http://cinder-api.openstack.svc.cluster.local:8776/v3/58c28a4fa89e466a958f0704a4773709/volumes
2026-03-19 19:06:36.158 8 INFO cinder.api.v3.volumes [None req-3bad5154-a4d7-436e-8c59-548958adec59 538bb8eb3fb644aca2f315b8c9d9fd98 58c28a4fa89e466a958f0704a4773709 - - default default] Create volume of 1 GB
