May 09 09:08:04.483281 np0000173036 devstack@neutron-api.service[103975]: DEBUG dbcounter [-] [103975] Writing DB stats neutron:UPDATE=1,neutron:SELECT=1 {{(pid=103975) stat_writer /opt/stack/data/venv/lib/python3.12/site-packages/dbcounter.py:115}}
May 09 09:08:04.577551 np0000173036 devstack@neutron-api.service[103978]: DEBUG dbcounter [-] [103978] Writing DB stats neutron:UPDATE=1,neutron:SELECT=1 {{(pid=103978) stat_writer /opt/stack/data/venv/lib/python3.12/site-packages/dbcounter.py:115}}
May 09 09:08:08.720778 np0000173036 devstack@neutron-api.service[103976]: DEBUG futurist.periodics [-] Submitting periodic callback 'neutron.plugins.ml2.drivers.ovn.mech_driver.ovsdb.maintenance.HashRingHealthCheckPeriodics.touch_hash_ring_node' {{(pid=103976) _process_scheduled /opt/stack/data/venv/lib/python3.12/site-packages/futurist/periodics.py:784}}
May 09 09:08:08.721646 np0000173036 devstack@neutron-api.service[103976]: DEBUG neutron.plugins.ml2.drivers.ovn.mech_driver.ovsdb.maintenance [-] Touching Hash Ring node "ed87e5ab579659c09bd6258b38158427" from periodic health check thread {{(pid=103976) touch_hash_ring_node /opt/stack/neutron/neutron/plugins/ml2/drivers/ovn/mech_driver/ovsdb/maintenance.py:1466}}
May 09 09:08:09.458781 np0000173036 devstack@neutron-api.service[103977]: DEBUG futurist.periodics [-] Submitting periodic callback 'neutron.plugins.ml2.drivers.ovn.mech_driver.ovsdb.maintenance.HashRingHealthCheckPeriodics.touch_hash_ring_node' {{(pid=103977) _process_scheduled /opt/stack/data/venv/lib/python3.12/site-packages/futurist/periodics.py:784}}
May 09 09:08:09.459558 np0000173036 devstack@neutron-api.service[103977]: DEBUG neutron.plugins.ml2.drivers.ovn.mech_driver.ovsdb.maintenance [-] Touching Hash Ring node "73fb84ff2f8051d6b4e056e2f0f754c6" from periodic health check thread {{(pid=103977) touch_hash_ring_node /opt/stack/neutron/neutron/plugins/ml2/drivers/ovn/mech_driver/ovsdb/maintenance.py:1466}}
May 09 09:08:09.472656 np0000173036 devstack@neutron-api.service[103975]: DEBUG futurist.periodics [-] Submitting periodic callback 'neutron.plugins.ml2.drivers.ovn.mech_driver.ovsdb.maintenance.HashRingHealthCheckPeriodics.touch_hash_ring_node' {{(pid=103975) _process_scheduled /opt/stack/data/venv/lib/python3.12/site-packages/futurist/periodics.py:784}}
May 09 09:08:09.473532 np0000173036 devstack@neutron-api.service[103975]: DEBUG neutron.plugins.ml2.drivers.ovn.mech_driver.ovsdb.maintenance [-] Touching Hash Ring node "d4fd8047220e58b6abbe2dcf03877543" from periodic health check thread {{(pid=103975) touch_hash_ring_node /opt/stack/neutron/neutron/plugins/ml2/drivers/ovn/mech_driver/ovsdb/maintenance.py:1466}}
May 09 09:08:09.567586 np0000173036 devstack@neutron-api.service[103978]: DEBUG futurist.periodics [-] Submitting periodic callback 'neutron.plugins.ml2.drivers.ovn.mech_driver.ovsdb.maintenance.HashRingHealthCheckPeriodics.touch_hash_ring_node' {{(pid=103978) _process_scheduled /opt/stack/data/venv/lib/python3.12/site-packages/futurist/periodics.py:784}}
May 09 09:08:09.568296 np0000173036 devstack@neutron-api.service[103978]: DEBUG neutron.plugins.ml2.drivers.ovn.mech_driver.ovsdb.maintenance [-] Touching Hash Ring node "9b30775a8d8f51849cc2c6ac4f1489dd" from periodic health check thread {{(pid=103978) touch_hash_ring_node /opt/stack/neutron/neutron/plugins/ml2/drivers/ovn/mech_driver/ovsdb/maintenance.py:1466}}
May 09 09:08:18.731803 np0000173036 devstack@neutron-api.service[103976]: DEBUG dbcounter [-] [103976] Writing DB stats neutron:UPDATE=1,neutron:SELECT=1 {{(pid=103976) stat_writer /opt/stack/data/venv/lib/python3.12/site-packages/dbcounter.py:115}}
May 09 09:08:19.472423 np0000173036 devstack@neutron-api.service[103977]: DEBUG dbcounter [-] [103977] Writing DB stats neutron:UPDATE=1,neutron:SELECT=1 {{(pid=103977) stat_writer /opt/stack/data/venv/lib/python3.12/site-packages/dbcounter.py:115}}
May 09 09:08:19.485297 np0000173036 devstack@neutron-api.service[103975]: DEBUG dbcounter [-] [103975] Writing DB stats neutron:UPDATE=1,neutron:SELECT=1 {{(pid=103975) stat_writer /opt/stack/data/venv/lib/python3.12/site-packages/dbcounter.py:115}}
May 09 09:08:19.579070 np0000173036 devstack@neutron-api.service[103978]: DEBUG dbcounter [-] [103978] Writing DB stats neutron:UPDATE=1,neutron:SELECT=1 {{(pid=103978) stat_writer /opt/stack/data/venv/lib/python3.12/site-packages/dbcounter.py:115}}
May 09 09:08:23.721850 np0000173036 devstack@neutron-api.service[103976]: DEBUG futurist.periodics [-] Submitting periodic callback 'neutron.plugins.ml2.drivers.ovn.mech_driver.ovsdb.maintenance.HashRingHealthCheckPeriodics.touch_hash_ring_node' {{(pid=103976) _process_scheduled /opt/stack/data/venv/lib/python3.12/site-packages/futurist/periodics.py:784}}
May 09 09:08:23.722976 np0000173036 devstack@neutron-api.service[103976]: DEBUG neutron.plugins.ml2.drivers.ovn.mech_driver.ovsdb.maintenance [-] Touching Hash Ring node "ed87e5ab579659c09bd6258b38158427" from periodic health check thread {{(pid=103976) touch_hash_ring_node /opt/stack/neutron/neutron/plugins/ml2/drivers/ovn/mech_driver/ovsdb/maintenance.py:1466}}
May 09 09:08:24.459620 np0000173036 devstack@neutron-api.service[103977]: DEBUG futurist.periodics [-] Submitting periodic callback 'neutron.plugins.ml2.drivers.ovn.mech_driver.ovsdb.maintenance.HashRingHealthCheckPeriodics.touch_hash_ring_node' {{(pid=103977) _process_scheduled /opt/stack/data/venv/lib/python3.12/site-packages/futurist/periodics.py:784}}
May 09 09:08:24.460112 np0000173036 devstack@neutron-api.service[103977]: DEBUG neutron.plugins.ml2.drivers.ovn.mech_driver.ovsdb.maintenance [-] Touching Hash Ring node "73fb84ff2f8051d6b4e056e2f0f754c6" from periodic health check thread {{(pid=103977) touch_hash_ring_node /opt/stack/neutron/neutron/plugins/ml2/drivers/ovn/mech_driver/ovsdb/maintenance.py:1466}}
May 09 09:08:24.473698 np0000173036 devstack@neutron-api.service[103975]: DEBUG futurist.periodics [-] Submitting periodic callback 'neutron.plugins.ml2.drivers.ovn.mech_driver.ovsdb.maintenance.HashRingHealthCheckPeriodics.touch_hash_ring_node' {{(pid=103975) _process_scheduled /opt/stack/data/venv/lib/python3.12/site-packages/futurist/periodics.py:784}}
May 09 09:08:24.474257 np0000173036 devstack@neutron-api.service[103975]: DEBUG neutron.plugins.ml2.drivers.ovn.mech_driver.ovsdb.maintenance [-] Touching Hash Ring node "d4fd8047220e58b6abbe2dcf03877543" from periodic health check thread {{(pid=103975) touch_hash_ring_node /opt/stack/neutron/neutron/plugins/ml2/drivers/ovn/mech_driver/ovsdb/maintenance.py:1466}}
May 09 09:08:24.568585 np0000173036 devstack@neutron-api.service[103978]: DEBUG futurist.periodics [-] Submitting periodic callback 'neutron.plugins.ml2.drivers.ovn.mech_driver.ovsdb.maintenance.HashRingHealthCheckPeriodics.touch_hash_ring_node' {{(pid=103978) _process_scheduled /opt/stack/data/venv/lib/python3.12/site-packages/futurist/periodics.py:784}}
May 09 09:08:24.569258 np0000173036 devstack@neutron-api.service[103978]: DEBUG neutron.plugins.ml2.drivers.ovn.mech_driver.ovsdb.maintenance [-] Touching Hash Ring node "9b30775a8d8f51849cc2c6ac4f1489dd" from periodic health check thread {{(pid=103978) touch_hash_ring_node /opt/stack/neutron/neutron/plugins/ml2/drivers/ovn/mech_driver/ovsdb/maintenance.py:1466}}
May 09 09:08:33.739055 np0000173036 devstack@neutron-api.service[103976]: DEBUG dbcounter [-] [103976] Writing DB stats neutron:UPDATE=1,neutron:SELECT=1 {{(pid=103976) stat_writer /opt/stack/data/venv/lib/python3.12/site-packages/dbcounter.py:115}}
May 09 09:08:34.592136 np0000173036 devstack@neutron-api.service[103977]: DEBUG dbcounter [-] [103977] Writing DB stats neutron:UPDATE=1,neutron:SELECT=1 {{(pid=103977) stat_writer /opt/stack/data/venv/lib/python3.12/site-packages/dbcounter.py:115}}
May 09 09:08:34.645897 np0000173036 devstack@neutron-api.service[103975]: DEBUG dbcounter [-] [103975] Writing DB stats neutron:UPDATE=1,neutron:SELECT=1 {{(pid=103975) stat_writer /opt/stack/data/venv/lib/python3.12/site-packages/dbcounter.py:115}}
May 09 09:08:34.780313 np0000173036 devstack@neutron-api.service[103978]: DEBUG dbcounter [-] [103978] Writing DB stats neutron:UPDATE=1,neutron:SELECT=1 {{(pid=103978) stat_writer /opt/stack/data/venv/lib/python3.12/site-packages/dbcounter.py:115}}
May 09 09:08:38.723717 np0000173036 devstack@neutron-api.service[103976]: DEBUG futurist.periodics [-] Submitting periodic callback 'neutron.plugins.ml2.drivers.ovn.mech_driver.ovsdb.maintenance.HashRingHealthCheckPeriodics.touch_hash_ring_node' {{(pid=103976) _process_scheduled /opt/stack/data/venv/lib/python3.12/site-packages/futurist/periodics.py:784}}
May 09 09:08:38.723717 np0000173036 devstack@neutron-api.service[103976]: DEBUG neutron.plugins.ml2.drivers.ovn.mech_driver.ovsdb.maintenance [-] Touching Hash Ring node "ed87e5ab579659c09bd6258b38158427" from periodic health check thread {{(pid=103976) touch_hash_ring_node /opt/stack/neutron/neutron/plugins/ml2/drivers/ovn/mech_driver/ovsdb/maintenance.py:1466}}
May 09 09:08:39.460421 np0000173036 devstack@neutron-api.service[103977]: DEBUG futurist.periodics [-] Submitting periodic callback 'neutron.plugins.ml2.drivers.ovn.mech_driver.ovsdb.maintenance.HashRingHealthCheckPeriodics.touch_hash_ring_node' {{(pid=103977) _process_scheduled /opt/stack/data/venv/lib/python3.12/site-packages/futurist/periodics.py:784}}
May 09 09:08:39.461142 np0000173036 devstack@neutron-api.service[103977]: DEBUG neutron.plugins.ml2.drivers.ovn.mech_driver.ovsdb.maintenance [-] Touching Hash Ring node "73fb84ff2f8051d6b4e056e2f0f754c6" from periodic health check thread {{(pid=103977) touch_hash_ring_node /opt/stack/neutron/neutron/plugins/ml2/drivers/ovn/mech_driver/ovsdb/maintenance.py:1466}}
May 09 09:08:39.474611 np0000173036 devstack@neutron-api.service[103975]: DEBUG futurist.periodics [-] Submitting periodic callback 'neutron.plugins.ml2.drivers.ovn.mech_driver.ovsdb.maintenance.HashRingHealthCheckPeriodics.touch_hash_ring_node' {{(pid=103975) _process_scheduled /opt/stack/data/venv/lib/python3.12/site-packages/futurist/periodics.py:784}}
May 09 09:08:39.475164 np0000173036 devstack@neutron-api.service[103975]: DEBUG neutron.plugins.ml2.drivers.ovn.mech_driver.ovsdb.maintenance [-] Touching Hash Ring node "d4fd8047220e58b6abbe2dcf03877543" from periodic health check thread {{(pid=103975) touch_hash_ring_node /opt/stack/neutron/neutron/plugins/ml2/drivers/ovn/mech_driver/ovsdb/maintenance.py:1466}}
May 09 09:08:39.569289 np0000173036 devstack@neutron-api.service[103978]: DEBUG futurist.periodics [-] Submitting periodic callback 'neutron.plugins.ml2.drivers.ovn.mech_driver.ovsdb.maintenance.HashRingHealthCheckPeriodics.touch_hash_ring_node' {{(pid=103978) _process_scheduled /opt/stack/data/venv/lib/python3.12/site-packages/futurist/periodics.py:784}}
May 09 09:08:39.570201 np0000173036 devstack@neutron-api.service[103978]: DEBUG neutron.plugins.ml2.drivers.ovn.mech_driver.ovsdb.maintenance [-] Touching Hash Ring node "9b30775a8d8f51849cc2c6ac4f1489dd" from periodic health check thread {{(pid=103978) touch_hash_ring_node /opt/stack/neutron/neutron/plugins/ml2/drivers/ovn/mech_driver/ovsdb/maintenance.py:1466}}
May 09 09:08:48.737797 np0000173036 devstack@neutron-api.service[103976]: DEBUG dbcounter [-] [103976] Writing DB stats neutron:UPDATE=1,neutron:SELECT=1 {{(pid=103976) stat_writer /opt/stack/data/venv/lib/python3.12/site-packages/dbcounter.py:115}}
May 09 09:08:49.471863 np0000173036 devstack@neutron-api.service[103977]: DEBUG dbcounter [-] [103977] Writing DB stats neutron:UPDATE=1,neutron:SELECT=1 {{(pid=103977) stat_writer /opt/stack/data/venv/lib/python3.12/site-packages/dbcounter.py:115}}
May 09 09:08:49.484489 np0000173036 devstack@neutron-api.service[103975]: DEBUG dbcounter [-] [103975] Writing DB stats neutron:UPDATE=1,neutron:SELECT=1 {{(pid=103975) stat_writer /opt/stack/data/venv/lib/python3.12/site-packages/dbcounter.py:115}}
May 09 09:08:50.379491 np0000173036 devstack@neutron-api.service[103978]: DEBUG dbcounter [-] [103978] Writing DB stats neutron:UPDATE=1,neutron:SELECT=1 {{(pid=103978) stat_writer /opt/stack/data/venv/lib/python3.12/site-packages/dbcounter.py:115}}
May 09 09:08:53.723973 np0000173036 devstack@neutron-api.service[103976]: DEBUG futurist.periodics [-] Submitting periodic callback 'neutron.plugins.ml2.drivers.ovn.mech_driver.ovsdb.maintenance.HashRingHealthCheckPeriodics.touch_hash_ring_node' {{(pid=103976) _process_scheduled /opt/stack/data/venv/lib/python3.12/site-packages/futurist/periodics.py:784}}
May 09 09:08:53.724702 np0000173036 devstack@neutron-api.service[103976]: DEBUG neutron.plugins.ml2.drivers.ovn.mech_driver.ovsdb.maintenance [-] Touching Hash Ring node "ed87e5ab579659c09bd6258b38158427" from periodic health check thread {{(pid=103976) touch_hash_ring_node /opt/stack/neutron/neutron/plugins/ml2/drivers/ovn/mech_driver/ovsdb/maintenance.py:1466}}
May 09 09:08:54.461422 np0000173036 devstack@neutron-api.service[103977]: DEBUG futurist.periodics [-] Submitting periodic callback 'neutron.plugins.ml2.drivers.ovn.mech_driver.ovsdb.maintenance.HashRingHealthCheckPeriodics.touch_hash_ring_node' {{(pid=103977) _process_scheduled /opt/stack/data/venv/lib/python3.12/site-packages/futurist/periodics.py:784}}
May 09 09:08:54.462134 np0000173036 devstack@neutron-api.service[103977]: DEBUG neutron.plugins.ml2.drivers.ovn.mech_driver.ovsdb.maintenance [-] Touching Hash Ring node "73fb84ff2f8051d6b4e056e2f0f754c6" from periodic health check thread {{(pid=103977) touch_hash_ring_node /opt/stack/neutron/neutron/plugins/ml2/drivers/ovn/mech_driver/ovsdb/maintenance.py:1466}}
May 09 09:08:54.475474 np0000173036 devstack@neutron-api.service[103975]: DEBUG futurist.periodics [-] Submitting periodic callback 'neutron.plugins.ml2.drivers.ovn.mech_driver.ovsdb.maintenance.HashRingHealthCheckPeriodics.touch_hash_ring_node' {{(pid=103975) _process_scheduled /opt/stack/data/venv/lib/python3.12/site-packages/futurist/periodics.py:784}}
May 09 09:08:54.476157 np0000173036 devstack@neutron-api.service[103975]: DEBUG neutron.plugins.ml2.drivers.ovn.mech_driver.ovsdb.maintenance [-] Touching Hash Ring node "d4fd8047220e58b6abbe2dcf03877543" from periodic health check thread {{(pid=103975) touch_hash_ring_node /opt/stack/neutron/neutron/plugins/ml2/drivers/ovn/mech_driver/ovsdb/maintenance.py:1466}}
May 09 09:08:54.570080 np0000173036 devstack@neutron-api.service[103978]: DEBUG futurist.periodics [-] Submitting periodic callback 'neutron.plugins.ml2.drivers.ovn.mech_driver.ovsdb.maintenance.HashRingHealthCheckPeriodics.touch_hash_ring_node' {{(pid=103978) _process_scheduled /opt/stack/data/venv/lib/python3.12/site-packages/futurist/periodics.py:784}}
May 09 09:08:54.570653 np0000173036 devstack@neutron-api.service[103978]: DEBUG neutron.plugins.ml2.drivers.ovn.mech_driver.ovsdb.maintenance [-] Touching Hash Ring node "9b30775a8d8f51849cc2c6ac4f1489dd" from periodic health check thread {{(pid=103978) touch_hash_ring_node /opt/stack/neutron/neutron/plugins/ml2/drivers/ovn/mech_driver/ovsdb/maintenance.py:1466}}
May 09 09:09:02.766157 np0000173036 devstack@neutron-api.service[103976]: DEBUG neutron.common.ovn.hash_ring_manager [None req-b62953d4-73be-46db-b2da-4414956ecb24 None None] Hash Ring loaded. 4 active nodes. 0 offline nodes {{(pid=103976) _load_hash_ring /opt/stack/neutron/neutron/common/ovn/hash_ring_manager.py:102}}
May 09 09:09:02.766954 np0000173036 devstack@neutron-api.service[103977]: DEBUG neutron.common.ovn.hash_ring_manager [None req-aca82b7b-c503-4202-a09b-1bd1e4767e8c None None] Hash Ring loaded. 4 active nodes. 0 offline nodes {{(pid=103977) _load_hash_ring /opt/stack/neutron/neutron/common/ovn/hash_ring_manager.py:102}}
May 09 09:09:02.767228 np0000173036 devstack@neutron-api.service[103977]: DEBUG neutron.plugins.ml2.drivers.ovn.mech_driver.ovsdb.ovsdb_monitor [None req-aca82b7b-c503-4202-a09b-1bd1e4767e8c None None] Hash Ring: Node 73fb84ff2f8051d6b4e056e2f0f754c6 (host: np0000173036) handling event "update" for row 5589c1b5-e86e-41cb-948b-3c58662e07e0 (table: Logical_Switch) {{(pid=103977) notify /opt/stack/neutron/neutron/plugins/ml2/drivers/ovn/mech_driver/ovsdb/ovsdb_monitor.py:942}}
May 09 09:09:02.767279 np0000173036 devstack@neutron-api.service[103975]: DEBUG neutron.common.ovn.hash_ring_manager [None req-482a18c9-dacd-4fc6-af7f-08b821f98bf9 None None] Hash Ring loaded. 4 active nodes. 0 offline nodes {{(pid=103975) _load_hash_ring /opt/stack/neutron/neutron/common/ovn/hash_ring_manager.py:102}}
May 09 09:09:02.767543 np0000173036 devstack@neutron-api.service[103978]: DEBUG neutron.common.ovn.hash_ring_manager [None req-1a151bb6-63d2-4858-b268-2fec746b2b4b None None] Hash Ring loaded. 4 active nodes. 0 offline nodes {{(pid=103978) _load_hash_ring /opt/stack/neutron/neutron/common/ovn/hash_ring_manager.py:102}}
May 09 09:09:02.829992 np0000173036 devstack@neutron-api.service[103976]: DEBUG neutron.plugins.ml2.drivers.ovn.mech_driver.ovsdb.ovsdb_monitor [None req-b62953d4-73be-46db-b2da-4414956ecb24 None None] Hash Ring: Node ed87e5ab579659c09bd6258b38158427 (host: np0000173036) handling event "update" for row d3fce912-96df-42ed-9ce3-5259d34ba48d (table: Logical_Switch) {{(pid=103976) notify /opt/stack/neutron/neutron/plugins/ml2/drivers/ovn/mech_driver/ovsdb/ovsdb_monitor.py:942}}
May 09 09:09:08.724812 np0000173036 devstack@neutron-api.service[103976]: DEBUG futurist.periodics [-] Submitting periodic callback 'neutron.plugins.ml2.drivers.ovn.mech_driver.ovsdb.maintenance.HashRingHealthCheckPeriodics.touch_hash_ring_node' {{(pid=103976) _process_scheduled /opt/stack/data/venv/lib/python3.12/site-packages/futurist/periodics.py:784}}
May 09 09:09:08.726607 np0000173036 devstack@neutron-api.service[103976]: DEBUG neutron.plugins.ml2.drivers.ovn.mech_driver.ovsdb.maintenance [-] Touching Hash Ring node "ed87e5ab579659c09bd6258b38158427" from periodic health check thread {{(pid=103976) touch_hash_ring_node /opt/stack/neutron/neutron/plugins/ml2/drivers/ovn/mech_driver/ovsdb/maintenance.py:1466}}
May 09 09:09:09.462414 np0000173036 devstack@neutron-api.service[103977]: DEBUG futurist.periodics [-] Submitting periodic callback 'neutron.plugins.ml2.drivers.ovn.mech_driver.ovsdb.maintenance.HashRingHealthCheckPeriodics.touch_hash_ring_node' {{(pid=103977) _process_scheduled /opt/stack/data/venv/lib/python3.12/site-packages/futurist/periodics.py:784}}
May 09 09:09:09.463320 np0000173036 devstack@neutron-api.service[103977]: DEBUG neutron.plugins.ml2.drivers.ovn.mech_driver.ovsdb.maintenance [-] Touching Hash Ring node "73fb84ff2f8051d6b4e056e2f0f754c6" from periodic health check thread {{(pid=103977) touch_hash_ring_node /opt/stack/neutron/neutron/plugins/ml2/drivers/ovn/mech_driver/ovsdb/maintenance.py:1466}}
May 09 09:09:09.476267 np0000173036 devstack@neutron-api.service[103975]: DEBUG futurist.periodics [-] Submitting periodic callback 'neutron.plugins.ml2.drivers.ovn.mech_driver.ovsdb.maintenance.HashRingHealthCheckPeriodics.touch_hash_ring_node' {{(pid=103975) _process_scheduled /opt/stack/data/venv/lib/python3.12/site-packages/futurist/periodics.py:784}}
May 09 09:09:09.476791 np0000173036 devstack@neutron-api.service[103975]: DEBUG neutron.plugins.ml2.drivers.ovn.mech_driver.ovsdb.maintenance [-] Touching Hash Ring node "d4fd8047220e58b6abbe2dcf03877543" from periodic health check thread {{(pid=103975) touch_hash_ring_node /opt/stack/neutron/neutron/plugins/ml2/drivers/ovn/mech_driver/ovsdb/maintenance.py:1466}}
May 09 09:09:09.570743 np0000173036 devstack@neutron-api.service[103978]: DEBUG futurist.periodics [-] Submitting periodic callback 'neutron.plugins.ml2.drivers.ovn.mech_driver.ovsdb.maintenance.HashRingHealthCheckPeriodics.touch_hash_ring_node' {{(pid=103978) _process_scheduled /opt/stack/data/venv/lib/python3.12/site-packages/futurist/periodics.py:784}}
May 09 09:09:09.571296 np0000173036 devstack@neutron-api.service[103978]: DEBUG neutron.plugins.ml2.drivers.ovn.mech_driver.ovsdb.maintenance [-] Touching Hash Ring node "9b30775a8d8f51849cc2c6ac4f1489dd" from periodic health check thread {{(pid=103978) touch_hash_ring_node /opt/stack/neutron/neutron/plugins/ml2/drivers/ovn/mech_driver/ovsdb/maintenance.py:1466}}
May 09 09:09:09.863536 np0000173036 devstack@neutron-api.service[103978]: INFO neutron.pecan_wsgi.hooks.translation [None req-776a51e5-720f-4acc-a76e-4acd55a03c16 admin admin] GET failed (client error): The resource could not be found.
May 09 09:09:09.864102 np0000173036 devstack@neutron-api.service[103978]: [pid: 103978|app: 0|req: 23/91] 199.204.45.216 () {64 vars in 1334 bytes} [Sat May 9 09:09:09 2026] GET /networking/v2.0/networks/admin_net => generated 111 bytes in 105 msecs (HTTP/1.1 404) 4 headers in 164 bytes (1 switches on core 0)
May 09 09:09:09.895170 np0000173036 devstack@neutron-api.service[103977]: [pid: 103977|app: 0|req: 23/92] 199.204.45.216 () {64 vars in 1346 bytes} [Sat May 9 09:09:09 2026] GET /networking/v2.0/networks?name=admin_net => generated 15 bytes in 20 msecs (HTTP/1.1 200) 4 headers in 156 bytes (1 switches on core 0)
May 09 09:09:10.151194 np0000173036 devstack@neutron-api.service[103975]: DEBUG neutron.api.v2.base [None req-7b2b88d3-2026-4d24-af5a-8419d3d65e6c admin admin] Request body: {'network': {'project_id': '71e2b3339b0d413f851b9ab8cca3adf7', 'admin_state_up': True, 'name': 'admin_net'}} {{(pid=103975) prepare_request_body /opt/stack/neutron/neutron/api/v2/base.py:727}}
May 09 09:09:10.168596 np0000173036 devstack@neutron-api.service[103975]: DEBUG neutron.pecan_wsgi.hooks.quota_enforcement [None req-7b2b88d3-2026-4d24-af5a-8419d3d65e6c admin admin] Made reservation on behalf of 71e2b3339b0d413f851b9ab8cca3adf7 for: {'network': 1} {{(pid=103975) before /opt/stack/neutron/neutron/pecan_wsgi/hooks/quota_enforcement.py:66}}
May 09 09:09:10.171749 np0000173036 devstack@neutron-api.service[103975]: DEBUG neutron_lib.callbacks.manager [None req-7b2b88d3-2026-4d24-af5a-8419d3d65e6c admin admin] Publish callbacks ['neutron.plugins.ml2.plugin.SecurityGroupDbMixin._ensure_default_security_group_handler-130697'] for network (None), before_create {{(pid=103975) _notify_loop /opt/stack/data/venv/lib/python3.12/site-packages/neutron_lib/callbacks/manager.py:184}}
May 09 09:09:10.177597 np0000173036 devstack@neutron-api.service[103975]: DEBUG neutron_lib.callbacks.manager [None req-7b2b88d3-2026-4d24-af5a-8419d3d65e6c admin admin] Publish callbacks [] for security_group (None), before_create {{(pid=103975) _notify_loop /opt/stack/data/venv/lib/python3.12/site-packages/neutron_lib/callbacks/manager.py:184}}
May 09 09:09:10.268630 np0000173036 devstack@neutron-api.service[103975]: DEBUG neutron_lib.callbacks.manager [None req-7b2b88d3-2026-4d24-af5a-8419d3d65e6c admin admin] Publish callbacks ['neutron.plugins.ml2.drivers.ovn.mech_driver.mech_driver.OVNMechanismDriver._create_security_group_precommit-317295'] for security_group (1ec1de08-eff1-4c70-a22f-46b8f8c5adde), precommit_create {{(pid=103975) _notify_loop /opt/stack/data/venv/lib/python3.12/site-packages/neutron_lib/callbacks/manager.py:184}}
May 09 09:09:10.268970 np0000173036 devstack@neutron-api.service[103975]: DEBUG neutron.db.ovn_revision_numbers_db [None req-7b2b88d3-2026-4d24-af5a-8419d3d65e6c admin admin] create_initial_revision uuid=1ec1de08-eff1-4c70-a22f-46b8f8c5adde, type=security_groups, rev=-1 {{(pid=103975) create_initial_revision /opt/stack/neutron/neutron/db/ovn_revision_numbers_db.py:98}}
May 09 09:09:10.270086 np0000173036 devstack@neutron-api.service[103975]: DEBUG neutron.db.ovn_revision_numbers_db [None req-7b2b88d3-2026-4d24-af5a-8419d3d65e6c admin admin] create_initial_revision uuid=41d61a52-cecd-40ae-b092-2a4d403c5e8c, type=security_group_rules, rev=-1 {{(pid=103975) create_initial_revision /opt/stack/neutron/neutron/db/ovn_revision_numbers_db.py:98}}
May 09 09:09:10.271417 np0000173036 devstack@neutron-api.service[103975]: DEBUG neutron.db.ovn_revision_numbers_db [None req-7b2b88d3-2026-4d24-af5a-8419d3d65e6c admin admin] create_initial_revision uuid=7e8b7601-5b7a-46d9-a6d9-6fcbe0c16a37, type=security_group_rules, rev=-1 {{(pid=103975) create_initial_revision /opt/stack/neutron/neutron/db/ovn_revision_numbers_db.py:98}}
May 09 09:09:10.272679 np0000173036 devstack@neutron-api.service[103975]: DEBUG neutron.db.ovn_revision_numbers_db [None req-7b2b88d3-2026-4d24-af5a-8419d3d65e6c admin admin] create_initial_revision uuid=abcc5847-375a-4743-a6cd-9ded7539fdd9, type=security_group_rules, rev=-1 {{(pid=103975) create_initial_revision /opt/stack/neutron/neutron/db/ovn_revision_numbers_db.py:98}}
May 09 09:09:10.273950 np0000173036 devstack@neutron-api.service[103975]: DEBUG neutron.db.ovn_revision_numbers_db [None req-7b2b88d3-2026-4d24-af5a-8419d3d65e6c admin admin] create_initial_revision uuid=e581ca78-c963-4e90-8086-7e98f0dfbf61, type=security_group_rules, rev=-1 {{(pid=103975) create_initial_revision /opt/stack/neutron/neutron/db/ovn_revision_numbers_db.py:98}}
May 09 09:09:10.281267 np0000173036 devstack@neutron-api.service[103975]: DEBUG neutron_lib.callbacks.manager [None req-7b2b88d3-2026-4d24-af5a-8419d3d65e6c admin admin] Publish callbacks ['neutron.plugins.ml2.drivers.ovn.mech_driver.mech_driver.OVNMechanismDriver._create_security_group-317285', 'neutron.plugins.ml2.ovo_rpc._ObjectChangeHandler.handle_event-31669869'] for security_group (1ec1de08-eff1-4c70-a22f-46b8f8c5adde), after_create {{(pid=103975) _notify_loop /opt/stack/data/venv/lib/python3.12/site-packages/neutron_lib/callbacks/manager.py:184}}
May 09 09:09:10.281828 np0000173036 devstack@neutron-api.service[103975]: DEBUG ovsdbapp.backend.ovs_idl.transaction [None req-482a18c9-dacd-4fc6-af7f-08b821f98bf9 None None] Running txn n=1 command(idx=0): PgAddCommand(_result=None, name=pg_1ec1de08_eff1_4c70_a22f_46b8f8c5adde, may_exist=False, columns={'acls': [], 'external_ids': {'neutron:security_group_id': '1ec1de08-eff1-4c70-a22f-46b8f8c5adde'}}) {{(pid=103975) do_commit /opt/stack/data/venv/lib/python3.12/site-packages/ovsdbapp/backend/ovs_idl/transaction.py:89}}
May 09 09:09:10.282052 np0000173036 devstack@neutron-api.service[103975]: DEBUG ovsdbapp.backend.ovs_idl.transaction [None req-482a18c9-dacd-4fc6-af7f-08b821f98bf9 None None] Running txn n=1 command(idx=1): PgAclAddCommand(_result=None, entity=pg_1ec1de08_eff1_4c70_a22f_46b8f8c5adde, direction=to-lport, priority=1002, match=outport == @pg_1ec1de08_eff1_4c70_a22f_46b8f8c5adde && ip6 && ip6.src == $pg_1ec1de08_eff1_4c70_a22f_46b8f8c5adde_ip6, action=allow-related, log=False, may_exist=True, severity=[], name=[], meter=[], external_ids={'neutron:security_group_rule_id': '41d61a52-cecd-40ae-b092-2a4d403c5e8c'}) {{(pid=103975) do_commit /opt/stack/data/venv/lib/python3.12/site-packages/ovsdbapp/backend/ovs_idl/transaction.py:89}}
May 09 09:09:10.282438 np0000173036 devstack@neutron-api.service[103975]: DEBUG ovsdbapp.backend.ovs_idl.transaction [None req-482a18c9-dacd-4fc6-af7f-08b821f98bf9 None None] Running txn n=1 command(idx=2): PgAclAddCommand(_result=None, entity=pg_1ec1de08_eff1_4c70_a22f_46b8f8c5adde, direction=from-lport, priority=1002, match=inport == @pg_1ec1de08_eff1_4c70_a22f_46b8f8c5adde && ip6, action=allow-related, log=False, may_exist=True, severity=[], name=[], meter=[], external_ids={'neutron:security_group_rule_id': '7e8b7601-5b7a-46d9-a6d9-6fcbe0c16a37'}) {{(pid=103975) do_commit /opt/stack/data/venv/lib/python3.12/site-packages/ovsdbapp/backend/ovs_idl/transaction.py:89}}
May 09 09:09:10.283078 np0000173036 devstack@neutron-api.service[103975]: DEBUG ovsdbapp.backend.ovs_idl.transaction [None req-482a18c9-dacd-4fc6-af7f-08b821f98bf9 None None] Running txn n=1 command(idx=3): PgAclAddCommand(_result=None, entity=pg_1ec1de08_eff1_4c70_a22f_46b8f8c5adde, direction=from-lport, priority=1002, match=inport == @pg_1ec1de08_eff1_4c70_a22f_46b8f8c5adde && ip4, action=allow-related, log=False, may_exist=True, severity=[], name=[], meter=[], external_ids={'neutron:security_group_rule_id': 'abcc5847-375a-4743-a6cd-9ded7539fdd9'}) {{(pid=103975) do_commit /opt/stack/data/venv/lib/python3.12/site-packages/ovsdbapp/backend/ovs_idl/transaction.py:89}}
May 09 09:09:10.283685 np0000173036 devstack@neutron-api.service[103975]: DEBUG ovsdbapp.backend.ovs_idl.transaction [None req-482a18c9-dacd-4fc6-af7f-08b821f98bf9 None None] Running txn n=1 command(idx=4): PgAclAddCommand(_result=None, entity=pg_1ec1de08_eff1_4c70_a22f_46b8f8c5adde, direction=to-lport, priority=1002, match=outport == @pg_1ec1de08_eff1_4c70_a22f_46b8f8c5adde && ip4 && ip4.src == $pg_1ec1de08_eff1_4c70_a22f_46b8f8c5adde_ip4, action=allow-related, log=False, may_exist=True, severity=[], name=[], meter=[], external_ids={'neutron:security_group_rule_id': 'e581ca78-c963-4e90-8086-7e98f0dfbf61'}) {{(pid=103975) do_commit /opt/stack/data/venv/lib/python3.12/site-packages/ovsdbapp/backend/ovs_idl/transaction.py:89}}
May 09 09:09:10.293551 np0000173036 devstack@neutron-api.service[103976]: DEBUG neutron.plugins.ml2.drivers.ovn.mech_driver.ovsdb.ovsdb_monitor [None req-b62953d4-73be-46db-b2da-4414956ecb24 None None] Touching Hash Ring node "ed87e5ab579659c09bd6258b38158427" from IDL notify handler {{(pid=103976) notify /opt/stack/neutron/neutron/plugins/ml2/drivers/ovn/mech_driver/ovsdb/ovsdb_monitor.py:934}}
May 09 09:09:10.295099 np0000173036 devstack@neutron-api.service[103978]: DEBUG neutron.plugins.ml2.drivers.ovn.mech_driver.ovsdb.ovsdb_monitor [None req-1a151bb6-63d2-4858-b268-2fec746b2b4b None None] Touching Hash Ring node "9b30775a8d8f51849cc2c6ac4f1489dd" from IDL notify handler {{(pid=103978) notify /opt/stack/neutron/neutron/plugins/ml2/drivers/ovn/mech_driver/ovsdb/ovsdb_monitor.py:934}}
May 09 09:09:10.296541 np0000173036 devstack@neutron-api.service[103977]: DEBUG neutron.plugins.ml2.drivers.ovn.mech_driver.ovsdb.ovsdb_monitor [None req-aca82b7b-c503-4202-a09b-1bd1e4767e8c None None] Touching Hash Ring node "73fb84ff2f8051d6b4e056e2f0f754c6" from IDL notify handler {{(pid=103977) notify /opt/stack/neutron/neutron/plugins/ml2/drivers/ovn/mech_driver/ovsdb/ovsdb_monitor.py:934}}
May 09 09:09:10.297173 np0000173036 devstack@neutron-api.service[103978]: DEBUG neutron.plugins.ml2.drivers.ovn.mech_driver.ovsdb.ovsdb_monitor [None req-1a151bb6-63d2-4858-b268-2fec746b2b4b None None] Hash Ring: Node 9b30775a8d8f51849cc2c6ac4f1489dd (host: np0000173036) handling event "create" for row e650204e-c2f9-4bd5-8964-781dd97058cc (table: ACL) {{(pid=103978) notify /opt/stack/neutron/neutron/plugins/ml2/drivers/ovn/mech_driver/ovsdb/ovsdb_monitor.py:942}}
May 09 09:09:10.321099 np0000173036 devstack@neutron-api.service[103976]: DEBUG neutron.plugins.ml2.drivers.ovn.mech_driver.ovsdb.ovsdb_monitor [None req-b62953d4-73be-46db-b2da-4414956ecb24 None None] Hash Ring: Node ed87e5ab579659c09bd6258b38158427 (host: np0000173036) handling event "create" for row 22e0cfd8-1c78-4e17-bc83-90a94bd3aa01 (table: ACL) {{(pid=103976) notify /opt/stack/neutron/neutron/plugins/ml2/drivers/ovn/mech_driver/ovsdb/ovsdb_monitor.py:942}}
May 09 09:09:10.322976 np0000173036 devstack@neutron-api.service[103976]: DEBUG neutron.plugins.ml2.drivers.ovn.mech_driver.ovsdb.ovsdb_monitor [None req-b62953d4-73be-46db-b2da-4414956ecb24 None None] Touching Hash Ring node "ed87e5ab579659c09bd6258b38158427" from IDL notify handler {{(pid=103976) notify /opt/stack/neutron/neutron/plugins/ml2/drivers/ovn/mech_driver/ovsdb/ovsdb_monitor.py:934}}
May 09 09:09:10.328237 np0000173036 devstack@neutron-api.service[103976]: DEBUG neutron.plugins.ml2.drivers.ovn.mech_driver.ovsdb.ovsdb_monitor [None req-b62953d4-73be-46db-b2da-4414956ecb24 None None] Hash Ring: Node ed87e5ab579659c09bd6258b38158427 (host: np0000173036) handling event "create" for row ebb275d3-1a33-4f18-a7c2-2ec49d592fb4 (table: ACL) {{(pid=103976) notify /opt/stack/neutron/neutron/plugins/ml2/drivers/ovn/mech_driver/ovsdb/ovsdb_monitor.py:942}}
May 09 09:09:10.339688 np0000173036 devstack@neutron-api.service[103977]: DEBUG neutron.plugins.ml2.drivers.ovn.mech_driver.ovsdb.ovsdb_monitor [None req-aca82b7b-c503-4202-a09b-1bd1e4767e8c None None] Hash Ring: Node 73fb84ff2f8051d6b4e056e2f0f754c6 (host: np0000173036) handling event "create" for row 59b377dd-5779-434e-b350-1e6427ad603b (table: ACL) {{(pid=103977) notify /opt/stack/neutron/neutron/plugins/ml2/drivers/ovn/mech_driver/ovsdb/ovsdb_monitor.py:942}}
May 09 09:09:10.339838 np0000173036 devstack@neutron-api.service[103975]: INFO neutron.db.ovn_revision_numbers_db [None req-7b2b88d3-2026-4d24-af5a-8419d3d65e6c admin admin] Successfully bumped revision number for resource 1ec1de08-eff1-4c70-a22f-46b8f8c5adde (type: security_groups) to 1
May 09 09:09:10.342157 np0000173036 devstack@neutron-api.service[103977]: DEBUG neutron.plugins.ml2.drivers.ovn.mech_driver.ovsdb.ovsdb_monitor [None req-aca82b7b-c503-4202-a09b-1bd1e4767e8c None None] Touching Hash Ring node "73fb84ff2f8051d6b4e056e2f0f754c6" from IDL notify handler {{(pid=103977) notify /opt/stack/neutron/neutron/plugins/ml2/drivers/ovn/mech_driver/ovsdb/ovsdb_monitor.py:934}}
May 09 09:09:10.345949 np0000173036 devstack@neutron-api.service[103977]: DEBUG neutron.plugins.ml2.drivers.ovn.mech_driver.ovsdb.ovsdb_monitor [None req-aca82b7b-c503-4202-a09b-1bd1e4767e8c None None] Hash Ring: Node 73fb84ff2f8051d6b4e056e2f0f754c6 (host: np0000173036) handling event "create" for row 60811e61-7ca6-4a22-b02a-32591a3cc4d9 (table: Port_Group) {{(pid=103977) notify /opt/stack/neutron/neutron/plugins/ml2/drivers/ovn/mech_driver/ovsdb/ovsdb_monitor.py:942}}
May 09 09:09:10.386737 np0000173036 devstack@neutron-api.service[103975]: INFO neutron.db.ovn_revision_numbers_db [None req-7b2b88d3-2026-4d24-af5a-8419d3d65e6c admin admin] Successfully bumped revision number for resource 41d61a52-cecd-40ae-b092-2a4d403c5e8c (type: security_group_rules) to 0
May 09 09:09:10.416035 np0000173036 devstack@neutron-api.service[103975]: INFO neutron.db.ovn_revision_numbers_db [None req-7b2b88d3-2026-4d24-af5a-8419d3d65e6c admin admin] Successfully bumped revision number for resource 7e8b7601-5b7a-46d9-a6d9-6fcbe0c16a37 (type: security_group_rules) to 0
May 09 09:09:10.450508 np0000173036 devstack@neutron-api.service[103975]: INFO neutron.db.ovn_revision_numbers_db [None req-7b2b88d3-2026-4d24-af5a-8419d3d65e6c admin admin] Successfully bumped revision number for resource abcc5847-375a-4743-a6cd-9ded7539fdd9 (type: security_group_rules) to 0
May 09 09:09:10.481484 np0000173036 devstack@neutron-api.service[103975]: INFO neutron.db.ovn_revision_numbers_db [None req-7b2b88d3-2026-4d24-af5a-8419d3d65e6c admin admin] Successfully bumped revision number for resource e581ca78-c963-4e90-8086-7e98f0dfbf61 (type: security_group_rules) to 0
May 09 09:09:10.511992 np0000173036 devstack@neutron-api.service[103975]: DEBUG neutron.api.rpc.handlers.resources_rpc [None req-7b2b88d3-2026-4d24-af5a-8419d3d65e6c admin admin] Pushing event updated for resources: {'SecurityGroup': ['ID=1ec1de08-eff1-4c70-a22f-46b8f8c5adde,revision_number=1']} {{(pid=103975) push /opt/stack/neutron/neutron/api/rpc/handlers/resources_rpc.py:237}}
May 09 09:09:10.518156 np0000173036 devstack@neutron-api.service[103975]: DEBUG ovsdbapp.backend.ovs_idl.transaction [None req-482a18c9-dacd-4fc6-af7f-08b821f98bf9 None None] Running txn n=1 command(idx=0): CheckLivenessCommand(_result=None) {{(pid=103975) do_commit /opt/stack/data/venv/lib/python3.12/site-packages/ovsdbapp/backend/ovs_idl/transaction.py:89}}
May 09 09:09:10.524901 np0000173036 devstack@neutron-api.service[103978]: DEBUG neutron.plugins.ml2.drivers.ovn.mech_driver.ovsdb.ovsdb_monitor [None req-1a151bb6-63d2-4858-b268-2fec746b2b4b None None] Touching Hash Ring node "9b30775a8d8f51849cc2c6ac4f1489dd" from IDL notify handler {{(pid=103978) notify /opt/stack/neutron/neutron/plugins/ml2/drivers/ovn/mech_driver/ovsdb/ovsdb_monitor.py:934}}
May 09 09:09:10.527585 np0000173036 devstack@neutron-api.service[103977]: DEBUG neutron.plugins.ml2.drivers.ovn.mech_driver.ovsdb.ovsdb_monitor [None req-affc0df7-99d0-48e9-98cb-fcf1c11d7523 None None] ChassisAgentWriteEvent : Matched Chassis_Private, update, None None {{(pid=103977) matches /opt/stack/neutron/neutron/plugins/ml2/drivers/ovn/mech_driver/ovsdb/ovsdb_monitor.py:64}}
May 09 09:09:10.528026 np0000173036 devstack@neutron-api.service[103975]: DEBUG neutron.api.rpc.callbacks.version_manager [None req-7b2b88d3-2026-4d24-af5a-8419d3d65e6c admin admin] Tracked resource versions report:
May 09 09:09:10.528026 np0000173036 devstack@neutron-api.service[103975]: pushed versions:
May 09 09:09:10.528026 np0000173036 devstack@neutron-api.service[103975]: { 'AddressGroup': {'1.2'},
May 09 09:09:10.528026 np0000173036 devstack@neutron-api.service[103975]: 'Agent': {'1.1'},
May 09 09:09:10.528026 np0000173036 devstack@neutron-api.service[103975]: 'ConntrackHelper': {'1.0'},
May 09 09:09:10.528026 np0000173036 devstack@neutron-api.service[103975]: 'LocalIPAssociation': {'1.0'},
May 09 09:09:10.528026 np0000173036 devstack@neutron-api.service[103975]: 'Log': {'1.0'},
May 09 09:09:10.528026 np0000173036 devstack@neutron-api.service[103975]: 'NDPProxy': {'1.0'},
May 09 09:09:10.528026 np0000173036 devstack@neutron-api.service[103975]: 'Network': {'1.2'},
May 09 09:09:10.528026 np0000173036 devstack@neutron-api.service[103975]: 'Port': {'1.10'},
May 09 09:09:10.528026 np0000173036 devstack@neutron-api.service[103975]: 'PortForwarding': {'1.3'},
May 09 09:09:10.528026 np0000173036 devstack@neutron-api.service[103975]: 'QosPolicy': {'1.10'},
May 09 09:09:10.528026 np0000173036 devstack@neutron-api.service[103975]: 'SecurityGroup': {'1.6'},
May 09 09:09:10.528026 np0000173036 devstack@neutron-api.service[103975]: 'SecurityGroupRule': {'1.3'},
May 09 09:09:10.528026 np0000173036 devstack@neutron-api.service[103975]: 'SubPort': {'1.0'},
May 09 09:09:10.528026 np0000173036 devstack@neutron-api.service[103975]: 'Subnet': {'1.2'},
May 09 09:09:10.528026 np0000173036 devstack@neutron-api.service[103975]: 'Trunk': {'1.1'}}
May 09 09:09:10.528026 np0000173036 devstack@neutron-api.service[103975]: consumer versions:
May 09 09:09:10.528026 np0000173036 devstack@neutron-api.service[103975]: {}
May 09 09:09:10.528026 np0000173036 devstack@neutron-api.service[103975]: {{(pid=103975) report /opt/stack/neutron/neutron/api/rpc/callbacks/version_manager.py:183}}
May 09 09:09:10.529409 np0000173036 devstack@neutron-api.service[103976]: DEBUG neutron.plugins.ml2.drivers.ovn.mech_driver.ovsdb.ovsdb_monitor [None req-192aad72-dcd7-4a63-bc8f-91cfbab36d79 None None] ChassisAgentWriteEvent : Matched Chassis_Private, update, None None {{(pid=103976) matches /opt/stack/neutron/neutron/plugins/ml2/drivers/ovn/mech_driver/ovsdb/ovsdb_monitor.py:64}}
May 09 09:09:10.530165 np0000173036 devstack@neutron-api.service[103978]: DEBUG neutron.plugins.ml2.drivers.ovn.mech_driver.ovsdb.ovsdb_monitor [None req-65b74160-738d-4b86-b581-d4f07674e962 None None] ChassisAgentWriteEvent : Matched Chassis_Private, update, None None {{(pid=103978) matches /opt/stack/neutron/neutron/plugins/ml2/drivers/ovn/mech_driver/ovsdb/ovsdb_monitor.py:64}}
May 09 09:09:10.533370 np0000173036 devstack@neutron-api.service[103975]: DEBUG neutron.plugins.ml2.drivers.ovn.mech_driver.ovsdb.ovsdb_monitor [None req-906c0b16-4529-4489-bbfe-def82778057e None None] ChassisAgentWriteEvent : Matched Chassis_Private, update, None None {{(pid=103975) matches /opt/stack/neutron/neutron/plugins/ml2/drivers/ovn/mech_driver/ovsdb/ovsdb_monitor.py:64}}
May 09 09:09:10.533726 np0000173036 devstack@neutron-api.service[103977]: DEBUG neutron.common.ovn.hash_ring_manager [None req-affc0df7-99d0-48e9-98cb-fcf1c11d7523 None None] Hash Ring loaded. 4 active nodes. 0 offline nodes {{(pid=103977) _load_hash_ring /opt/stack/neutron/neutron/common/ovn/hash_ring_manager.py:102}}
May 09 09:09:10.536997 np0000173036 devstack@neutron-api.service[103976]: DEBUG neutron.common.ovn.hash_ring_manager [None req-192aad72-dcd7-4a63-bc8f-91cfbab36d79 None None] Hash Ring loaded. 4 active nodes. 0 offline nodes {{(pid=103976) _load_hash_ring /opt/stack/neutron/neutron/common/ovn/hash_ring_manager.py:102}}
May 09 09:09:10.537157 np0000173036 devstack@neutron-api.service[103976]: DEBUG neutron.plugins.ml2.drivers.ovn.mech_driver.ovsdb.ovsdb_monitor [None req-192aad72-dcd7-4a63-bc8f-91cfbab36d79 None None] Hash Ring: Node ed87e5ab579659c09bd6258b38158427 (host: np0000173036) handling event "update" for row 29081746-6a86-41c1-9542-a4ba345d1c4d (table: Chassis_Private) {{(pid=103976) notify /opt/stack/neutron/neutron/plugins/ml2/drivers/ovn/mech_driver/ovsdb/ovsdb_monitor.py:942}}
May 09 09:09:10.538222 np0000173036 devstack@neutron-api.service[103978]: DEBUG neutron.plugins.ml2.drivers.ovn.mech_driver.ovsdb.ovsdb_monitor [None req-1a151bb6-63d2-4858-b268-2fec746b2b4b None None] Hash Ring: Node 9b30775a8d8f51849cc2c6ac4f1489dd (host: np0000173036) handling event "update" for row fc739d7a-6dfc-4a35-ba86-1f958fc71fa2 (table: NB_Global) {{(pid=103978) notify /opt/stack/neutron/neutron/plugins/ml2/drivers/ovn/mech_driver/ovsdb/ovsdb_monitor.py:942}}
May 09 09:09:10.540258 np0000173036 devstack@neutron-api.service[103978]: DEBUG neutron.common.ovn.hash_ring_manager [None req-65b74160-738d-4b86-b581-d4f07674e962 None None] Hash Ring loaded. 4 active nodes. 0 offline nodes {{(pid=103978) _load_hash_ring /opt/stack/neutron/neutron/common/ovn/hash_ring_manager.py:102}}
May 09 09:09:10.541223 np0000173036 devstack@neutron-api.service[103978]: DEBUG neutron.plugins.ml2.drivers.ovn.mech_driver.ovsdb.ovsdb_monitor [None req-1a151bb6-63d2-4858-b268-2fec746b2b4b None None] Touching Hash Ring node "9b30775a8d8f51849cc2c6ac4f1489dd" from IDL notify handler {{(pid=103978) notify /opt/stack/neutron/neutron/plugins/ml2/drivers/ovn/mech_driver/ovsdb/ovsdb_monitor.py:934}}
May 09 09:09:10.543338 np0000173036 devstack@neutron-api.service[103978]: DEBUG neutron.plugins.ml2.drivers.ovn.mech_driver.ovsdb.ovsdb_monitor [None req-1a151bb6-63d2-4858-b268-2fec746b2b4b None None] Hash Ring: Node 9b30775a8d8f51849cc2c6ac4f1489dd (host: np0000173036) handling event "update" for row fc739d7a-6dfc-4a35-ba86-1f958fc71fa2 (table: NB_Global) {{(pid=103978) notify /opt/stack/neutron/neutron/plugins/ml2/drivers/ovn/mech_driver/ovsdb/ovsdb_monitor.py:942}}
May 09 09:09:10.544513 np0000173036 devstack@neutron-api.service[103978]: DEBUG neutron.plugins.ml2.drivers.ovn.mech_driver.ovsdb.ovsdb_monitor [None req-1a151bb6-63d2-4858-b268-2fec746b2b4b None None] Touching Hash Ring node "9b30775a8d8f51849cc2c6ac4f1489dd" from IDL notify handler {{(pid=103978) notify /opt/stack/neutron/neutron/plugins/ml2/drivers/ovn/mech_driver/ovsdb/ovsdb_monitor.py:934}}
May 09 09:09:10.546360 np0000173036 devstack@neutron-api.service[103978]: DEBUG neutron.plugins.ml2.drivers.ovn.mech_driver.ovsdb.ovsdb_monitor [None req-1a151bb6-63d2-4858-b268-2fec746b2b4b None None] Hash Ring: Node 9b30775a8d8f51849cc2c6ac4f1489dd (host: np0000173036) handling event "update" for row fc739d7a-6dfc-4a35-ba86-1f958fc71fa2 (table: NB_Global) {{(pid=103978) notify /opt/stack/neutron/neutron/plugins/ml2/drivers/ovn/mech_driver/ovsdb/ovsdb_monitor.py:942}}
May 09 09:09:10.547370 np0000173036 devstack@neutron-api.service[103978]: DEBUG neutron.plugins.ml2.drivers.ovn.mech_driver.ovsdb.ovsdb_monitor [None req-1a151bb6-63d2-4858-b268-2fec746b2b4b None None] Touching Hash Ring node "9b30775a8d8f51849cc2c6ac4f1489dd" from IDL notify handler {{(pid=103978) notify /opt/stack/neutron/neutron/plugins/ml2/drivers/ovn/mech_driver/ovsdb/ovsdb_monitor.py:934}}
May 09 09:09:10.548921 np0000173036 devstack@neutron-api.service[103978]: DEBUG neutron.plugins.ml2.drivers.ovn.mech_driver.ovsdb.ovsdb_monitor [None req-1a151bb6-63d2-4858-b268-2fec746b2b4b None None] Hash Ring: Node 9b30775a8d8f51849cc2c6ac4f1489dd (host: np0000173036) handling event "update" for row fc739d7a-6dfc-4a35-ba86-1f958fc71fa2 (table: NB_Global) {{(pid=103978) notify /opt/stack/neutron/neutron/plugins/ml2/drivers/ovn/mech_driver/ovsdb/ovsdb_monitor.py:942}}
May 09 09:09:10.551494 np0000173036 devstack@neutron-api.service[103975]: DEBUG neutron.common.ovn.hash_ring_manager [None req-906c0b16-4529-4489-bbfe-def82778057e None None] Hash Ring loaded. 4 active nodes. 0 offline nodes {{(pid=103975) _load_hash_ring /opt/stack/neutron/neutron/common/ovn/hash_ring_manager.py:102}}
May 09 09:09:10.576883 np0000173036 devstack@neutron-api.service[103975]: DEBUG neutron.plugins.ml2.drivers.helpers [None req-7b2b88d3-2026-4d24-af5a-8419d3d65e6c admin admin] geneve segment allocate from pool success with {'geneve_vni': 23295} {{(pid=103975) allocate_partially_specified_segment /opt/stack/neutron/neutron/plugins/ml2/drivers/helpers.py:142}}
May 09 09:09:10.585338 np0000173036 devstack@neutron-api.service[103975]: DEBUG neutron_lib.callbacks.manager [None req-7b2b88d3-2026-4d24-af5a-8419d3d65e6c admin admin] Publish callbacks ['neutron.services.segments.db._add_segment_host_mapping_for_segment-8054691193346', 'neutron.plugins.ml2.plugin.Ml2Plugin._handle_segment_change-33308715'] for segment (de3559da-5e7f-41b9-bb90-9b7373ff00bc), precommit_create {{(pid=103975) _notify_loop /opt/stack/data/venv/lib/python3.12/site-packages/neutron_lib/callbacks/manager.py:184}}
May 09 09:09:10.585553 np0000173036 devstack@neutron-api.service[103975]: INFO neutron.db.segments_db [None req-7b2b88d3-2026-4d24-af5a-8419d3d65e6c admin admin] Added segment de3559da-5e7f-41b9-bb90-9b7373ff00bc of type geneve for network 09865135-c069-4fd8-809e-ee7b685b1c22
May 09 09:09:10.598965 np0000173036 devstack@neutron-api.service[103975]: DEBUG neutron_lib.callbacks.manager [None req-7b2b88d3-2026-4d24-af5a-8419d3d65e6c admin admin] Publish callbacks ['neutron.services.auto_allocate.db._ensure_external_network_default_value_callback-8054689193604'] for network (09865135-c069-4fd8-809e-ee7b685b1c22), precommit_create {{(pid=103975) _notify_loop /opt/stack/data/venv/lib/python3.12/site-packages/neutron_lib/callbacks/manager.py:184}}
May 09 09:09:10.610629 np0000173036 devstack@neutron-api.service[103975]: DEBUG neutron.plugins.ml2.drivers.ovn.mech_driver.mech_driver [None req-7b2b88d3-2026-4d24-af5a-8419d3d65e6c admin admin] Validating network segment with type geneve, segmentation ID 23295, physical network None {{(pid=103975) _validate_network_segments /opt/stack/neutron/neutron/plugins/ml2/drivers/ovn/mech_driver/mech_driver.py:641}}
May 09 09:09:10.610762 np0000173036 devstack@neutron-api.service[103975]: DEBUG neutron.db.ovn_revision_numbers_db [None req-7b2b88d3-2026-4d24-af5a-8419d3d65e6c admin admin] create_initial_revision uuid=09865135-c069-4fd8-809e-ee7b685b1c22, type=networks, rev=-1 {{(pid=103975) create_initial_revision /opt/stack/neutron/neutron/db/ovn_revision_numbers_db.py:98}}
May 09 09:09:10.620112 np0000173036 devstack@neutron-api.service[103975]: DEBUG neutron_lib.callbacks.manager [None req-7b2b88d3-2026-4d24-af5a-8419d3d65e6c admin admin] Publish callbacks ['neutron.plugins.ml2.ovo_rpc._ObjectChangeHandler.handle_event-31669856'] for network (09865135-c069-4fd8-809e-ee7b685b1c22), after_create {{(pid=103975) _notify_loop /opt/stack/data/venv/lib/python3.12/site-packages/neutron_lib/callbacks/manager.py:184}}
May 09 09:09:10.637277 np0000173036 devstack@neutron-api.service[103975]: DEBUG neutron.api.rpc.handlers.resources_rpc [None req-7b2b88d3-2026-4d24-af5a-8419d3d65e6c admin admin] Pushing event updated for resources: {'Network': ['ID=09865135-c069-4fd8-809e-ee7b685b1c22,revision_number=1']} {{(pid=103975) push /opt/stack/neutron/neutron/api/rpc/handlers/resources_rpc.py:237}}
May 09 09:09:10.644614 np0000173036 devstack@neutron-api.service[103975]: DEBUG ovsdbapp.backend.ovs_idl.transaction [None req-482a18c9-dacd-4fc6-af7f-08b821f98bf9 None None] Running txn n=1 command(idx=0): AddNetworkCommand(_result=None, network_uuid=09865135-c069-4fd8-809e-ee7b685b1c22, may_exist=True, columns={'external_ids': {'neutron:network_name': 'admin_net', 'neutron:mtu': '1372', 'neutron:revision_number': '1', 'neutron:availability_zone_hints': '', 'neutron:provnet-network-type': 'geneve'}, 'other_config': {'mcast_snoop': 'false', 'mcast_flood_unregistered': 'false', 'vlan-passthru': 'false'}}) {{(pid=103975) do_commit /opt/stack/data/venv/lib/python3.12/site-packages/ovsdbapp/backend/ovs_idl/transaction.py:89}}
May 09 09:09:10.654046 np0000173036 devstack@neutron-api.service[103978]: DEBUG neutron.plugins.ml2.drivers.ovn.mech_driver.ovsdb.ovsdb_monitor [None req-1a151bb6-63d2-4858-b268-2fec746b2b4b None None] Touching Hash Ring node "9b30775a8d8f51849cc2c6ac4f1489dd" from IDL notify handler {{(pid=103978) notify /opt/stack/neutron/neutron/plugins/ml2/drivers/ovn/mech_driver/ovsdb/ovsdb_monitor.py:934}}
May 09 09:09:10.656957 np0000173036 devstack@neutron-api.service[103978]: DEBUG neutron.plugins.ml2.drivers.ovn.mech_driver.ovsdb.ovsdb_monitor [None req-65b74160-738d-4b86-b581-d4f07674e962 None None] Hash Ring: Node 9b30775a8d8f51849cc2c6ac4f1489dd (host: np0000173036) handling event "create" for row 9fc5cf3f-41f8-45fd-bc0c-7658025f091d (table: Datapath_Binding) {{(pid=103978) notify /opt/stack/neutron/neutron/plugins/ml2/drivers/ovn/mech_driver/ovsdb/ovsdb_monitor.py:942}}
May 09 09:09:10.658304 np0000173036 devstack@neutron-api.service[103978]: DEBUG neutron.plugins.ml2.drivers.ovn.mech_driver.ovsdb.ovsdb_monitor [None req-1a151bb6-63d2-4858-b268-2fec746b2b4b None None] Hash Ring: Node 9b30775a8d8f51849cc2c6ac4f1489dd (host: np0000173036) handling event "create" for row 09865135-c069-4fd8-809e-ee7b685b1c22 (table: Logical_Switch) {{(pid=103978) notify /opt/stack/neutron/neutron/plugins/ml2/drivers/ovn/mech_driver/ovsdb/ovsdb_monitor.py:942}}
May 09 09:09:10.673936 np0000173036 devstack@neutron-api.service[103975]: INFO neutron.db.ovn_revision_numbers_db [None req-7b2b88d3-2026-4d24-af5a-8419d3d65e6c admin admin] Successfully bumped revision number for resource 09865135-c069-4fd8-809e-ee7b685b1c22 (type: networks) to 1
