May 09 09:03:39.206220 np0000173036 devstack@neutron-api.service[103978]: DEBUG neutron.api.extensions [None req-85921c48-0700-4652-81b1-519cfb239266 None None] Ext name="Auto Allocated Topology Services" alias="auto-allocated-topology" description="Auto Allocated Topology Services." updated="2016-01-01T00:00:00-00:00" {{(pid=103978) _check_extension /opt/stack/neutron/neutron/api/extensions.py:415}}
May 09 09:03:39.206472 np0000173036 devstack@neutron-api.service[103978]: INFO neutron.api.extensions [None req-85921c48-0700-4652-81b1-519cfb239266 None None] Loaded extension: auto-allocated-topology
May 09 09:03:39.206637 np0000173036 devstack@neutron-api.service[103978]: DEBUG neutron.api.extensions [None req-85921c48-0700-4652-81b1-519cfb239266 None None] Loading extension file: availability_zone.py {{(pid=103978) _load_all_extensions_from_path /opt/stack/neutron/neutron/api/extensions.py:449}}
May 09 09:03:39.207016 np0000173036 devstack@neutron-api.service[103978]: DEBUG neutron.api.extensions [None req-85921c48-0700-4652-81b1-519cfb239266 None None] Ext name="Availability Zone" alias="availability_zone" description="The availability zone extension." updated="2015-01-01T10:00:00-00:00" {{(pid=103978) _check_extension /opt/stack/neutron/neutron/api/extensions.py:415}}
May 09 09:03:39.207196 np0000173036 devstack@neutron-api.service[103978]: INFO neutron.api.extensions [None req-85921c48-0700-4652-81b1-519cfb239266 None None] Loaded extension: availability_zone
May 09 09:03:39.207289 np0000173036 devstack@neutron-api.service[103978]: DEBUG neutron.api.extensions [None req-85921c48-0700-4652-81b1-519cfb239266 None None] Loading extension file: availability_zone_filter.py {{(pid=103978) _load_all_extensions_from_path /opt/stack/neutron/neutron/api/extensions.py:449}}
May 09 09:03:39.207549 np0000173036 devstack@neutron-api.service[103978]: DEBUG neutron.api.extensions [None req-85921c48-0700-4652-81b1-519cfb239266 None None] Ext name="Availability Zone Filter Extension" alias="availability_zone_filter" description="Add filter parameters to AvailabilityZone resource" updated="2018-06-22T10:00:00-00:00" {{(pid=103978) _check_extension /opt/stack/neutron/neutron/api/extensions.py:415}}
May 09 09:03:39.207698 np0000173036 devstack@neutron-api.service[103977]: DEBUG neutron.services.provider_configuration [None req-9275dbc2-e130-42ec-b0f6-1f383eb9c454 None None] Service providers = [] {{(pid=103977) parse_service_provider_opt /opt/stack/neutron/neutron/services/provider_configuration.py:170}}
May 09 09:03:39.207754 np0000173036 devstack@neutron-api.service[103978]: INFO neutron.api.extensions [None req-85921c48-0700-4652-81b1-519cfb239266 None None] Extension availability_zone_filter not supported by any of loaded plugins
May 09 09:03:39.207810 np0000173036 devstack@neutron-api.service[103977]: DEBUG neutron.db.servicetype_db [None req-9275dbc2-e130-42ec-b0f6-1f383eb9c454 None None] Adding provider configuration for service L3_ROUTER_NAT {{(pid=103977) add_provider_configuration /opt/stack/neutron/neutron/db/servicetype_db.py:45}}
May 09 09:03:39.207856 np0000173036 devstack@neutron-api.service[103978]: DEBUG neutron.api.extensions [None req-85921c48-0700-4652-81b1-519cfb239266 None None] Loading extension file: data_plane_status.py {{(pid=103978) _load_all_extensions_from_path /opt/stack/neutron/neutron/api/extensions.py:449}}
May 09 09:03:39.208099 np0000173036 devstack@neutron-api.service[103978]: DEBUG neutron.api.extensions [None req-85921c48-0700-4652-81b1-519cfb239266 None None] Ext name="Port data plane status extension" alias="data-plane-status" description="Expose status of underlying data plane" updated="2017-01-24T10:00:00-00:00" {{(pid=103978) _check_extension /opt/stack/neutron/neutron/api/extensions.py:415}}
May 09 09:03:39.208269 np0000173036 devstack@neutron-api.service[103978]: INFO neutron.api.extensions [None req-85921c48-0700-4652-81b1-519cfb239266 None None] Extension data-plane-status not supported by any of loaded plugins
May 09 09:03:39.208358 np0000173036 devstack@neutron-api.service[103978]: DEBUG neutron.api.extensions [None req-85921c48-0700-4652-81b1-519cfb239266 None None] Loading extension file: default_subnetpools.py {{(pid=103978) _load_all_extensions_from_path /opt/stack/neutron/neutron/api/extensions.py:449}}
May 09 09:03:39.208620 np0000173036 devstack@neutron-api.service[103978]: DEBUG neutron.api.extensions [None req-85921c48-0700-4652-81b1-519cfb239266 None None] Ext name="Default Subnetpools" alias="default-subnetpools" description="Provides ability to mark and use a subnetpool as the default." updated="2016-02-18T18:00:00-00:00" {{(pid=103978) _check_extension /opt/stack/neutron/neutron/api/extensions.py:415}}
May 09 09:03:39.208848 np0000173036 devstack@neutron-api.service[103978]: INFO neutron.api.extensions [None req-85921c48-0700-4652-81b1-519cfb239266 None None] Loaded extension: default-subnetpools
May 09 09:03:39.208958 np0000173036 devstack@neutron-api.service[103978]: DEBUG neutron.api.extensions [None req-85921c48-0700-4652-81b1-519cfb239266 None None] Loading extension file: dhcpagentscheduler.py {{(pid=103978) _load_all_extensions_from_path /opt/stack/neutron/neutron/api/extensions.py:449}}
May 09 09:03:39.209302 np0000173036 devstack@neutron-api.service[103977]: DEBUG neutron_lib.callbacks.manager [None req-9275dbc2-e130-42ec-b0f6-1f383eb9c454 None None] Subscribe: > router precommit_create 55549900, False {{(pid=103977) subscribe /opt/stack/data/venv/lib/python3.12/site-packages/neutron_lib/callbacks/manager.py:52}}
May 09 09:03:39.209370 np0000173036 devstack@neutron-api.service[103978]: DEBUG neutron.api.extensions [None req-85921c48-0700-4652-81b1-519cfb239266 None None] Ext name="DHCP Agent Scheduler" alias="dhcp_agent_scheduler" description="Schedule networks among dhcp agents" updated="2013-02-07T10:00:00-00:00" {{(pid=103978) _check_extension /opt/stack/neutron/neutron/api/extensions.py:415}}
May 09 09:03:39.209434 np0000173036 devstack@neutron-api.service[103977]: DEBUG neutron_lib.callbacks.manager [None req-9275dbc2-e130-42ec-b0f6-1f383eb9c454 None None] Subscribe: > router_interface after_create 55550000, False {{(pid=103977) subscribe /opt/stack/data/venv/lib/python3.12/site-packages/neutron_lib/callbacks/manager.py:52}}
May 09 09:03:39.209577 np0000173036 devstack@neutron-api.service[103978]: INFO neutron.api.extensions [None req-85921c48-0700-4652-81b1-519cfb239266 None None] Loaded extension: dhcp_agent_scheduler
May 09 09:03:39.209663 np0000173036 devstack@neutron-api.service[103977]: DEBUG neutron_lib.callbacks.manager [None req-9275dbc2-e130-42ec-b0f6-1f383eb9c454 None None] Subscribe: > floatingip after_create 55550000, False {{(pid=103977) subscribe /opt/stack/data/venv/lib/python3.12/site-packages/neutron_lib/callbacks/manager.py:52}}
May 09 09:03:39.209723 np0000173036 devstack@neutron-api.service[103978]: DEBUG neutron.api.extensions [None req-85921c48-0700-4652-81b1-519cfb239266 None None] Loading extension file: dns.py {{(pid=103978) _load_all_extensions_from_path /opt/stack/neutron/neutron/api/extensions.py:449}}
May 09 09:03:39.209818 np0000173036 devstack@neutron-api.service[103977]: DEBUG neutron_lib.callbacks.manager [None req-9275dbc2-e130-42ec-b0f6-1f383eb9c454 None None] Subscribe: > floatingip precommit_create 55550000, False {{(pid=103977) subscribe /opt/stack/data/venv/lib/python3.12/site-packages/neutron_lib/callbacks/manager.py:52}}
May 09 09:03:39.209936 np0000173036 devstack@neutron-api.service[103977]: DEBUG neutron_lib.callbacks.manager [None req-9275dbc2-e130-42ec-b0f6-1f383eb9c454 None None] Subscribe: > floatingip precommit_update 55550000, False {{(pid=103977) subscribe /opt/stack/data/venv/lib/python3.12/site-packages/neutron_lib/callbacks/manager.py:52}}
May 09 09:03:39.209990 np0000173036 devstack@neutron-api.service[103978]: DEBUG neutron.api.extensions [None req-85921c48-0700-4652-81b1-519cfb239266 None None] Ext name="DNS Integration" alias="dns-integration" description="Provides integration with DNS." updated="2015-08-15T18:00:00-00:00" {{(pid=103978) _check_extension /opt/stack/neutron/neutron/api/extensions.py:415}}
May 09 09:03:39.210107 np0000173036 devstack@neutron-api.service[103977]: DEBUG neutron_lib.callbacks.manager [None req-9275dbc2-e130-42ec-b0f6-1f383eb9c454 None None] Subscribe: > floatingip after_delete 55550000, False {{(pid=103977) subscribe /opt/stack/data/venv/lib/python3.12/site-packages/neutron_lib/callbacks/manager.py:52}}
May 09 09:03:39.210155 np0000173036 devstack@neutron-api.service[103978]: INFO neutron.api.extensions [None req-85921c48-0700-4652-81b1-519cfb239266 None None] Loaded extension: dns-integration
May 09 09:03:39.210197 np0000173036 devstack@neutron-api.service[103977]: DEBUG neutron_lib.callbacks.manager [None req-9275dbc2-e130-42ec-b0f6-1f383eb9c454 None None] Subscribe: > floatingip after_status_update 55550000, False {{(pid=103977) subscribe /opt/stack/data/venv/lib/python3.12/site-packages/neutron_lib/callbacks/manager.py:52}}
May 09 09:03:39.210247 np0000173036 devstack@neutron-api.service[103978]: DEBUG neutron.api.extensions [None req-85921c48-0700-4652-81b1-519cfb239266 None None] Loading extension file: dns_domain_ports.py {{(pid=103978) _load_all_extensions_from_path /opt/stack/neutron/neutron/api/extensions.py:449}}
May 09 09:03:39.210298 np0000173036 devstack@neutron-api.service[103977]: DEBUG neutron_lib.callbacks.manager [None req-9275dbc2-e130-42ec-b0f6-1f383eb9c454 None None] Subscribe: > floatingip after_update 55550000, False {{(pid=103977) subscribe /opt/stack/data/venv/lib/python3.12/site-packages/neutron_lib/callbacks/manager.py:52}}
May 09 09:03:39.210344 np0000173036 devstack@neutron-api.service[103977]: DEBUG neutron_lib.callbacks.manager [None req-9275dbc2-e130-42ec-b0f6-1f383eb9c454 None None] Subscribe: > port_forwarding after_create 55550000, False {{(pid=103977) subscribe /opt/stack/data/venv/lib/python3.12/site-packages/neutron_lib/callbacks/manager.py:52}}
May 09 09:03:39.210461 np0000173036 devstack@neutron-api.service[103978]: DEBUG neutron.api.extensions [None req-85921c48-0700-4652-81b1-519cfb239266 None None] Ext name="dns_domain for ports" alias="dns-domain-ports" description="Allows the DNS domain to be specified for a network port." updated="2017-04-24T10:00:00-00:00" {{(pid=103978) _check_extension /opt/stack/neutron/neutron/api/extensions.py:415}}
May 09 09:03:39.210528 np0000173036 devstack@neutron-api.service[103977]: DEBUG neutron_lib.callbacks.manager [None req-9275dbc2-e130-42ec-b0f6-1f383eb9c454 None None] Subscribe: > router_interface after_delete 55550000, False {{(pid=103977) subscribe /opt/stack/data/venv/lib/python3.12/site-packages/neutron_lib/callbacks/manager.py:52}}
May 09 09:03:39.210573 np0000173036 devstack@neutron-api.service[103977]: DEBUG neutron_lib.callbacks.manager [None req-9275dbc2-e130-42ec-b0f6-1f383eb9c454 None None] Subscribe: > router after_create 55550000, False {{(pid=103977) subscribe /opt/stack/data/venv/lib/python3.12/site-packages/neutron_lib/callbacks/manager.py:52}}
May 09 09:03:39.210659 np0000173036 devstack@neutron-api.service[103978]: INFO neutron.api.extensions [None req-85921c48-0700-4652-81b1-519cfb239266 None None] Loaded extension: dns-domain-ports
May 09 09:03:39.210712 np0000173036 devstack@neutron-api.service[103977]: DEBUG neutron_lib.callbacks.manager [None req-9275dbc2-e130-42ec-b0f6-1f383eb9c454 None None] Subscribe: > router precommit_create 55550000, False {{(pid=103977) subscribe /opt/stack/data/venv/lib/python3.12/site-packages/neutron_lib/callbacks/manager.py:52}}
May 09 09:03:39.210781 np0000173036 devstack@neutron-api.service[103978]: DEBUG neutron.api.extensions [None req-85921c48-0700-4652-81b1-519cfb239266 None None] Loading extension file: dns_integration_domain_keywords.py {{(pid=103978) _load_all_extensions_from_path /opt/stack/neutron/neutron/api/extensions.py:449}}
May 09 09:03:39.210826 np0000173036 devstack@neutron-api.service[103977]: DEBUG neutron_lib.callbacks.manager [None req-9275dbc2-e130-42ec-b0f6-1f383eb9c454 None None] Subscribe: > router after_delete 55550000, False {{(pid=103977) subscribe /opt/stack/data/venv/lib/python3.12/site-packages/neutron_lib/callbacks/manager.py:52}}
May 09 09:03:39.210898 np0000173036 devstack@neutron-api.service[103977]: DEBUG neutron_lib.callbacks.manager [None req-9275dbc2-e130-42ec-b0f6-1f383eb9c454 None None] Subscribe: > router after_update 55550000, False {{(pid=103977) subscribe /opt/stack/data/venv/lib/python3.12/site-packages/neutron_lib/callbacks/manager.py:52}}
May 09 09:03:39.211054 np0000173036 devstack@neutron-api.service[103978]: DEBUG neutron.api.extensions [None req-85921c48-0700-4652-81b1-519cfb239266 None None] Ext name="DNS domain names with keywords allowed" alias="dns-integration-domain-keywords" description="Allows to use keywords like , , and as DNS domain name" updated="2020-06-15T18:00:00-00:00" {{(pid=103978) _check_extension /opt/stack/neutron/neutron/api/extensions.py:415}}
May 09 09:03:39.211109 np0000173036 devstack@neutron-api.service[103977]: DEBUG neutron.services.service_base [None req-9275dbc2-e130-42ec-b0f6-1f383eb9c454 None None] Loaded 'neutron.services.ovn_l3.service_providers.ovn.OvnDriver' provider for service L3_ROUTER_NAT {{(pid=103977) load_drivers /opt/stack/neutron/neutron/services/service_base.py:49}}
May 09 09:03:39.211206 np0000173036 devstack@neutron-api.service[103977]: DEBUG neutron_lib.callbacks.manager [None req-9275dbc2-e130-42ec-b0f6-1f383eb9c454 None None] Subscribe: > process after_init 55550001, True {{(pid=103977) subscribe /opt/stack/data/venv/lib/python3.12/site-packages/neutron_lib/callbacks/manager.py:52}}
May 09 09:03:39.211254 np0000173036 devstack@neutron-api.service[103978]: INFO neutron.api.extensions [None req-85921c48-0700-4652-81b1-519cfb239266 None None] Loaded extension: dns-integration-domain-keywords
May 09 09:03:39.211309 np0000173036 devstack@neutron-api.service[103978]: DEBUG neutron.api.extensions [None req-85921c48-0700-4652-81b1-519cfb239266 None None] Loading extension file: dvr.py {{(pid=103978) _load_all_extensions_from_path /opt/stack/neutron/neutron/api/extensions.py:449}}
May 09 09:03:39.211385 np0000173036 devstack@neutron-api.service[103977]: DEBUG neutron.manager [None req-9275dbc2-e130-42ec-b0f6-1f383eb9c454 None None] Successfully loaded L3_ROUTER_NAT plugin. Description: L3 Router Service Plugin for basic L3 forwarding using OVN {{(pid=103977) _create_and_add_service_plugin /opt/stack/neutron/neutron/manager.py:239}}
May 09 09:03:39.211531 np0000173036 devstack@neutron-api.service[103977]: INFO neutron.manager [None req-9275dbc2-e130-42ec-b0f6-1f383eb9c454 None None] Loading Plugin: auto_allocate
May 09 09:03:39.211583 np0000173036 devstack@neutron-api.service[103978]: DEBUG neutron.api.extensions [None req-85921c48-0700-4652-81b1-519cfb239266 None None] Ext name="Distributed Virtual Router" alias="dvr" description="Enables configuration of Distributed Virtual Routers." updated="2014-06-1T10:00:00-00:00" {{(pid=103978) _check_extension /opt/stack/neutron/neutron/api/extensions.py:415}}
May 09 09:03:39.211817 np0000173036 devstack@neutron-api.service[103978]: INFO neutron.api.extensions [None req-85921c48-0700-4652-81b1-519cfb239266 None None] Extension dvr not supported by any of loaded plugins
May 09 09:03:39.211912 np0000173036 devstack@neutron-api.service[103978]: DEBUG neutron.api.extensions [None req-85921c48-0700-4652-81b1-519cfb239266 None None] Loading extension file: ecmp_routes.py {{(pid=103978) _load_all_extensions_from_path /opt/stack/neutron/neutron/api/extensions.py:449}}
May 09 09:03:39.212160 np0000173036 devstack@neutron-api.service[103978]: DEBUG neutron.api.extensions [None req-85921c48-0700-4652-81b1-519cfb239266 None None] Ext name="Equal Cost Multipath Routing" alias="ecmp_routes" description="Allows traffic to reach thesame destination via multiple different links " updated="2020-11-26T18:00:00-00:00" {{(pid=103978) _check_extension /opt/stack/neutron/neutron/api/extensions.py:415}}
May 09 09:03:39.212324 np0000173036 devstack@neutron-api.service[103978]: INFO neutron.api.extensions [None req-85921c48-0700-4652-81b1-519cfb239266 None None] Extension ecmp_routes not supported by any of loaded plugins
May 09 09:03:39.212488 np0000173036 devstack@neutron-api.service[103978]: DEBUG neutron.api.extensions [None req-85921c48-0700-4652-81b1-519cfb239266 None None] Loading extension file: empty_string_filtering.py {{(pid=103978) _load_all_extensions_from_path /opt/stack/neutron/neutron/api/extensions.py:449}}
May 09 09:03:39.212583 np0000173036 devstack@neutron-api.service[103977]: DEBUG neutron_lib.callbacks.manager [None req-9275dbc2-e130-42ec-b0f6-1f383eb9c454 None None] Subscribe: network precommit_update 55550000, False {{(pid=103977) subscribe /opt/stack/data/venv/lib/python3.12/site-packages/neutron_lib/callbacks/manager.py:52}}
May 09 09:03:39.212690 np0000173036 devstack@neutron-api.service[103977]: DEBUG neutron_lib.callbacks.manager [None req-9275dbc2-e130-42ec-b0f6-1f383eb9c454 None None] Subscribe: network precommit_create 55550000, False {{(pid=103977) subscribe /opt/stack/data/venv/lib/python3.12/site-packages/neutron_lib/callbacks/manager.py:52}}
May 09 09:03:39.212787 np0000173036 devstack@neutron-api.service[103978]: DEBUG neutron.api.extensions [None req-85921c48-0700-4652-81b1-519cfb239266 None None] Ext name="Empty String Filtering Extension" alias="empty-string-filtering" description="Allow filtering by attributes with empty string value" updated="2018-05-01T10:00:00-00:00" {{(pid=103978) _check_extension /opt/stack/neutron/neutron/api/extensions.py:415}}
May 09 09:03:39.212906 np0000173036 devstack@neutron-api.service[103977]: DEBUG neutron.manager [None req-9275dbc2-e130-42ec-b0f6-1f383eb9c454 None None] Successfully loaded auto-allocated-topology plugin. Description: Auto Allocated Topology - aka get me a network. {{(pid=103977) _create_and_add_service_plugin /opt/stack/neutron/neutron/manager.py:239}}
May 09 09:03:39.212971 np0000173036 devstack@neutron-api.service[103978]: INFO neutron.api.extensions [None req-85921c48-0700-4652-81b1-519cfb239266 None None] Loaded extension: empty-string-filtering
May 09 09:03:39.213008 np0000173036 devstack@neutron-api.service[103977]: INFO neutron.manager [None req-9275dbc2-e130-42ec-b0f6-1f383eb9c454 None None] Loading Plugin: tag
May 09 09:03:39.213094 np0000173036 devstack@neutron-api.service[103978]: DEBUG neutron.api.extensions [None req-85921c48-0700-4652-81b1-519cfb239266 None None] Loading extension file: expose_l3_conntrack_helper.py {{(pid=103978) _load_all_extensions_from_path /opt/stack/neutron/neutron/api/extensions.py:449}}
May 09 09:03:39.213352 np0000173036 devstack@neutron-api.service[103978]: DEBUG neutron.api.extensions [None req-85921c48-0700-4652-81b1-519cfb239266 None None] Ext name="Expose CT target rules for conntrack helper" alias="expose-l3-conntrack-helper" description="Expose allow adding CT target rules for conntrack helper" updated="2019-04-04T10:00:00-00:00" {{(pid=103978) _check_extension /opt/stack/neutron/neutron/api/extensions.py:415}}
May 09 09:03:39.213408 np0000173036 devstack@neutron-api.service[103975]: DEBUG neutron_lib.callbacks.manager [None req-fe760526-976f-4c8e-98ea-3f497f48cc64 None None] Subscribe: > router before_delete 55550000, False {{(pid=103975) subscribe /opt/stack/data/venv/lib/python3.12/site-packages/neutron_lib/callbacks/manager.py:52}}
May 09 09:03:39.213556 np0000173036 devstack@neutron-api.service[103978]: INFO neutron.api.extensions [None req-85921c48-0700-4652-81b1-519cfb239266 None None] Extension expose-l3-conntrack-helper not supported by any of loaded plugins
May 09 09:03:39.213696 np0000173036 devstack@neutron-api.service[103978]: DEBUG neutron.api.extensions [None req-85921c48-0700-4652-81b1-519cfb239266 None None] Loading extension file: expose_port_forwarding_in_fip.py {{(pid=103978) _load_all_extensions_from_path /opt/stack/neutron/neutron/api/extensions.py:449}}
May 09 09:03:39.213751 np0000173036 devstack@neutron-api.service[103975]: DEBUG neutron_lib.callbacks.manager [None req-fe760526-976f-4c8e-98ea-3f497f48cc64 None None] Subscribe: port after_update 55550000, False {{(pid=103975) subscribe /opt/stack/data/venv/lib/python3.12/site-packages/neutron_lib/callbacks/manager.py:52}}
May 09 09:03:39.213857 np0000173036 devstack@neutron-api.service[103975]: DEBUG neutron_lib.callbacks.manager [None req-fe760526-976f-4c8e-98ea-3f497f48cc64 None None] Subscribe: port after_delete 55550000, False {{(pid=103975) subscribe /opt/stack/data/venv/lib/python3.12/site-packages/neutron_lib/callbacks/manager.py:52}}
May 09 09:03:39.213964 np0000173036 devstack@neutron-api.service[103978]: DEBUG neutron.api.extensions [None req-85921c48-0700-4652-81b1-519cfb239266 None None] Ext name="Expose Floating IP port forwardings" alias="expose-port-forwarding-in-fip" description="Expose port forwarding fields in floating IP response" updated="2018-06-28T16:00:00-00:00" {{(pid=103978) _check_extension /opt/stack/neutron/neutron/api/extensions.py:415}}
May 09 09:03:39.214026 np0000173036 devstack@neutron-api.service[103975]: DEBUG neutron_lib.callbacks.manager [None req-fe760526-976f-4c8e-98ea-3f497f48cc64 None None] Subscribe: subnet after_update 55550000, False {{(pid=103975) subscribe /opt/stack/data/venv/lib/python3.12/site-packages/neutron_lib/callbacks/manager.py:52}}
May 09 09:03:39.214139 np0000173036 devstack@neutron-api.service[103978]: INFO neutron.api.extensions [None req-85921c48-0700-4652-81b1-519cfb239266 None None] Extension expose-port-forwarding-in-fip not supported by any of loaded plugins
May 09 09:03:39.214190 np0000173036 devstack@neutron-api.service[103975]: DEBUG neutron_lib.callbacks.manager [None req-fe760526-976f-4c8e-98ea-3f497f48cc64 None None] Subscribe: subnetpool_address_scope after_update 55550000, False {{(pid=103975) subscribe /opt/stack/data/venv/lib/python3.12/site-packages/neutron_lib/callbacks/manager.py:52}}
May 09 09:03:39.214244 np0000173036 devstack@neutron-api.service[103978]: DEBUG neutron.api.extensions [None req-85921c48-0700-4652-81b1-519cfb239266 None None] Loading extension file: external_net.py {{(pid=103978) _load_all_extensions_from_path /opt/stack/neutron/neutron/api/extensions.py:449}}
May 09 09:03:39.214295 np0000173036 devstack@neutron-api.service[103975]: DEBUG neutron_lib.callbacks.manager [None req-fe760526-976f-4c8e-98ea-3f497f48cc64 None None] Subscribe: port before_update 55550000, False {{(pid=103975) subscribe /opt/stack/data/venv/lib/python3.12/site-packages/neutron_lib/callbacks/manager.py:52}}
May 09 09:03:39.214460 np0000173036 devstack@neutron-api.service[103975]: DEBUG neutron_lib.callbacks.manager [None req-fe760526-976f-4c8e-98ea-3f497f48cc64 None None] Subscribe: port after_update 55550000, False {{(pid=103975) subscribe /opt/stack/data/venv/lib/python3.12/site-packages/neutron_lib/callbacks/manager.py:52}}
May 09 09:03:39.214509 np0000173036 devstack@neutron-api.service[103978]: DEBUG neutron.api.extensions [None req-85921c48-0700-4652-81b1-519cfb239266 None None] Ext name="Neutron external network" alias="external-net" description="Adds external network attribute to network resource." updated="2013-01-14T10:00:00-00:00" {{(pid=103978) _check_extension /opt/stack/neutron/neutron/api/extensions.py:415}}
May 09 09:03:39.214614 np0000173036 devstack@neutron-api.service[103975]: DEBUG neutron_lib.callbacks.manager [None req-fe760526-976f-4c8e-98ea-3f497f48cc64 None None] Subscribe: > port precommit_delete 55550000, False {{(pid=103975) subscribe /opt/stack/data/venv/lib/python3.12/site-packages/neutron_lib/callbacks/manager.py:52}}
May 09 09:03:39.214682 np0000173036 devstack@neutron-api.service[103978]: INFO neutron.api.extensions [None req-85921c48-0700-4652-81b1-519cfb239266 None None] Loaded extension: external-net
May 09 09:03:39.214737 np0000173036 devstack@neutron-api.service[103978]: DEBUG neutron.api.extensions [None req-85921c48-0700-4652-81b1-519cfb239266 None None] Loading extension file: extra_dhcp_opt.py {{(pid=103978) _load_all_extensions_from_path /opt/stack/neutron/neutron/api/extensions.py:449}}
May 09 09:03:39.214780 np0000173036 devstack@neutron-api.service[103975]: DEBUG neutron_lib.callbacks.manager [None req-fe760526-976f-4c8e-98ea-3f497f48cc64 None None] Subscribe: port before_update 55550000, False {{(pid=103975) subscribe /opt/stack/data/venv/lib/python3.12/site-packages/neutron_lib/callbacks/manager.py:52}}
May 09 09:03:39.214916 np0000173036 devstack@neutron-api.service[103975]: DEBUG neutron_lib.callbacks.manager [None req-fe760526-976f-4c8e-98ea-3f497f48cc64 None None] Subscribe: port before_delete 55550000, False {{(pid=103975) subscribe /opt/stack/data/venv/lib/python3.12/site-packages/neutron_lib/callbacks/manager.py:52}}
May 09 09:03:39.214967 np0000173036 devstack@neutron-api.service[103978]: DEBUG neutron.api.extensions [None req-85921c48-0700-4652-81b1-519cfb239266 None None] Ext name="Neutron Extra DHCP options" alias="extra_dhcp_opt" description="Extra options configuration for DHCP. For example PXE boot options to DHCP clients can be specified (e.g. tftp-server, server-ip-address, bootfile-name)" updated="2013-03-17T12:00:00-00:00" {{(pid=103978) _check_extension /opt/stack/neutron/neutron/api/extensions.py:415}}
May 09 09:03:39.215067 np0000173036 devstack@neutron-api.service[103975]: DEBUG neutron_lib.callbacks.manager [None req-fe760526-976f-4c8e-98ea-3f497f48cc64 None None] Subscribe: > router precommit_create 55550000, False {{(pid=103975) subscribe /opt/stack/data/venv/lib/python3.12/site-packages/neutron_lib/callbacks/manager.py:52}}
May 09 09:03:39.215126 np0000173036 devstack@neutron-api.service[103978]: INFO neutron.api.extensions [None req-85921c48-0700-4652-81b1-519cfb239266 None None] Loaded extension: extra_dhcp_opt
May 09 09:03:39.215224 np0000173036 devstack@neutron-api.service[103975]: DEBUG neutron_lib.callbacks.manager [None req-fe760526-976f-4c8e-98ea-3f497f48cc64 None None] Subscribe: > router precommit_create 55550000, False {{(pid=103975) subscribe /opt/stack/data/venv/lib/python3.12/site-packages/neutron_lib/callbacks/manager.py:52}}
May 09 09:03:39.215275 np0000173036 devstack@neutron-api.service[103978]: DEBUG neutron.api.extensions [None req-85921c48-0700-4652-81b1-519cfb239266 None None] Loading extension file: extraroute.py {{(pid=103978) _load_all_extensions_from_path /opt/stack/neutron/neutron/api/extensions.py:449}}
May 09 09:03:39.215373 np0000173036 devstack@neutron-api.service[103975]: DEBUG neutron_lib.callbacks.manager [None req-fe760526-976f-4c8e-98ea-3f497f48cc64 None None] Subscribe: > router precommit_update 55550000, False {{(pid=103975) subscribe /opt/stack/data/venv/lib/python3.12/site-packages/neutron_lib/callbacks/manager.py:52}}
May 09 09:03:39.215460 np0000173036 devstack@neutron-api.service[103978]: DEBUG neutron.api.extensions [None req-85921c48-0700-4652-81b1-519cfb239266 None None] Ext name="Neutron Extra Route" alias="extraroute" description="Extra routes configuration for L3 router" updated="2013-02-01T10:00:00-00:00" {{(pid=103978) _check_extension /opt/stack/neutron/neutron/api/extensions.py:415}}
May 09 09:03:39.215554 np0000173036 devstack@neutron-api.service[103975]: DEBUG neutron_lib.callbacks.manager [None req-fe760526-976f-4c8e-98ea-3f497f48cc64 None None] Subscribe: subnet after_update 55550000, False {{(pid=103975) subscribe /opt/stack/data/venv/lib/python3.12/site-packages/neutron_lib/callbacks/manager.py:52}}
May 09 09:03:39.215644 np0000173036 devstack@neutron-api.service[103978]: INFO neutron.api.extensions [None req-85921c48-0700-4652-81b1-519cfb239266 None None] Loaded extension: extraroute
May 09 09:03:39.215735 np0000173036 devstack@neutron-api.service[103978]: DEBUG neutron.api.extensions [None req-85921c48-0700-4652-81b1-519cfb239266 None None] Loading extension file: extraroute_atomic.py {{(pid=103978) _load_all_extensions_from_path /opt/stack/neutron/neutron/api/extensions.py:449}}
May 09 09:03:39.216008 np0000173036 devstack@neutron-api.service[103978]: DEBUG neutron.api.extensions [None req-85921c48-0700-4652-81b1-519cfb239266 None None] Ext name="Atomically add/remove extra routes" alias="extraroute-atomic" description="Edit extra routes of a router on server side by atomically adding/removing extra routes" updated="2019-07-10T00:00:00+00:00" {{(pid=103978) _check_extension /opt/stack/neutron/neutron/api/extensions.py:415}}
May 09 09:03:39.216182 np0000173036 devstack@neutron-api.service[103978]: INFO neutron.api.extensions [None req-85921c48-0700-4652-81b1-519cfb239266 None None] Loaded extension: extraroute-atomic
May 09 09:03:39.216273 np0000173036 devstack@neutron-api.service[103978]: DEBUG neutron.api.extensions [None req-85921c48-0700-4652-81b1-519cfb239266 None None] Loading extension file: filter_validation.py {{(pid=103978) _load_all_extensions_from_path /opt/stack/neutron/neutron/api/extensions.py:449}}
May 09 09:03:39.216396 np0000173036 devstack@neutron-api.service[103977]: DEBUG neutron.manager [None req-9275dbc2-e130-42ec-b0f6-1f383eb9c454 None None] Successfully loaded TAG plugin. Description: Tag support {{(pid=103977) _create_and_add_service_plugin /opt/stack/neutron/neutron/manager.py:239}}
May 09 09:03:39.216526 np0000173036 devstack@neutron-api.service[103975]: DEBUG neutron.quota.resource_registry [None req-fe760526-976f-4c8e-98ea-3f497f48cc64 None None] Tracking information for resource: router configured {{(pid=103975) set_tracked_resource /opt/stack/neutron/neutron/quota/resource_registry.py:203}}
May 09 09:03:39.216580 np0000173036 devstack@neutron-api.service[103978]: DEBUG neutron.api.extensions [None req-85921c48-0700-4652-81b1-519cfb239266 None None] Ext name="Filter parameters validation" alias="filter-validation" description="Provides validation on filter parameters." updated="2018-07-04T10:00:00-00:00" {{(pid=103978) _check_extension /opt/stack/neutron/neutron/api/extensions.py:415}}
May 09 09:03:39.216622 np0000173036 devstack@neutron-api.service[103977]: INFO neutron.manager [None req-9275dbc2-e130-42ec-b0f6-1f383eb9c454 None None] Loading Plugin: timestamp
May 09 09:03:39.216677 np0000173036 devstack@neutron-api.service[103975]: DEBUG neutron.quota.resource_registry [None req-fe760526-976f-4c8e-98ea-3f497f48cc64 None None] Tracking information for resource: floatingip configured {{(pid=103975) set_tracked_resource /opt/stack/neutron/neutron/quota/resource_registry.py:203}}
May 09 09:03:39.216733 np0000173036 devstack@neutron-api.service[103978]: INFO neutron.api.extensions [None req-85921c48-0700-4652-81b1-519cfb239266 None None] Loaded extension: filter-validation
May 09 09:03:39.216808 np0000173036 devstack@neutron-api.service[103975]: INFO neutron.services.ovn_l3.plugin [None req-fe760526-976f-4c8e-98ea-3f497f48cc64 None None] Starting OVNL3RouterPlugin
May 09 09:03:39.216865 np0000173036 devstack@neutron-api.service[103978]: DEBUG neutron.api.extensions [None req-85921c48-0700-4652-81b1-519cfb239266 None None] Loading extension file: fip_pf_description.py {{(pid=103978) _load_all_extensions_from_path /opt/stack/neutron/neutron/api/extensions.py:449}}
May 09 09:03:39.217114 np0000173036 devstack@neutron-api.service[103975]: DEBUG neutron_lib.callbacks.manager [None req-fe760526-976f-4c8e-98ea-3f497f48cc64 None None] Subscribe: > port_forwarding_plugin after_init 55550000, False {{(pid=103975) subscribe /opt/stack/data/venv/lib/python3.12/site-packages/neutron_lib/callbacks/manager.py:52}}
May 09 09:03:39.217172 np0000173036 devstack@neutron-api.service[103978]: DEBUG neutron.api.extensions [None req-85921c48-0700-4652-81b1-519cfb239266 None None] Ext name="Floating IP Port Forwarding new attribute description" alias="floating-ip-port-forwarding-description" description="Add a description field to Port Forwarding rules" updated="2019-11-01T10:00:00-00:00" {{(pid=103978) _check_extension /opt/stack/neutron/neutron/api/extensions.py:415}}
May 09 09:03:39.217321 np0000173036 devstack@neutron-api.service[103978]: INFO neutron.api.extensions [None req-85921c48-0700-4652-81b1-519cfb239266 None None] Extension floating-ip-port-forwarding-description not supported by any of loaded plugins
May 09 09:03:39.217390 np0000173036 devstack@neutron-api.service[103975]: DEBUG neutron_lib.callbacks.manager [None req-fe760526-976f-4c8e-98ea-3f497f48cc64 None None] Subscribe: > router before_create 55550100, False {{(pid=103975) subscribe /opt/stack/data/venv/lib/python3.12/site-packages/neutron_lib/callbacks/manager.py:52}}
May 09 09:03:39.217439 np0000173036 devstack@neutron-api.service[103978]: DEBUG neutron.api.extensions [None req-85921c48-0700-4652-81b1-519cfb239266 None None] Loading extension file: fip_pf_detail.py {{(pid=103978) _load_all_extensions_from_path /opt/stack/neutron/neutron/api/extensions.py:449}}
May 09 09:03:39.217569 np0000173036 devstack@neutron-api.service[103975]: DEBUG neutron_lib.callbacks.manager [None req-fe760526-976f-4c8e-98ea-3f497f48cc64 None None] Subscribe: > router precommit_delete 55550100, False {{(pid=103975) subscribe /opt/stack/data/venv/lib/python3.12/site-packages/neutron_lib/callbacks/manager.py:52}}
May 09 09:03:39.217703 np0000173036 devstack@neutron-api.service[103978]: DEBUG neutron.api.extensions [None req-85921c48-0700-4652-81b1-519cfb239266 None None] Ext name="Floating IP port forwarding detail" alias="floating-ip-port-forwarding-detail" description="Allow list floating ip return more port forwarding data, include'id' and 'internal_port_id'" updated="2022-05-06T10:00:00-00:00" {{(pid=103978) _check_extension /opt/stack/neutron/neutron/api/extensions.py:415}}
May 09 09:03:39.217761 np0000173036 devstack@neutron-api.service[103975]: DEBUG neutron_lib.callbacks.manager [None req-fe760526-976f-4c8e-98ea-3f497f48cc64 None None] Subscribe: > router precommit_create 55550100, False {{(pid=103975) subscribe /opt/stack/data/venv/lib/python3.12/site-packages/neutron_lib/callbacks/manager.py:52}}
May 09 09:03:39.217910 np0000173036 devstack@neutron-api.service[103978]: INFO neutron.api.extensions [None req-85921c48-0700-4652-81b1-519cfb239266 None None] Loaded extension: floating-ip-port-forwarding-detail
May 09 09:03:39.217971 np0000173036 devstack@neutron-api.service[103975]: DEBUG neutron_lib.callbacks.manager [None req-fe760526-976f-4c8e-98ea-3f497f48cc64 None None] Subscribe: > router precommit_update 55550100, False {{(pid=103975) subscribe /opt/stack/data/venv/lib/python3.12/site-packages/neutron_lib/callbacks/manager.py:52}}
May 09 09:03:39.218014 np0000173036 devstack@neutron-api.service[103978]: DEBUG neutron.api.extensions [None req-85921c48-0700-4652-81b1-519cfb239266 None None] Loading extension file: fip_pf_port_range.py {{(pid=103978) _load_all_extensions_from_path /opt/stack/neutron/neutron/api/extensions.py:449}}
May 09 09:03:39.218200 np0000173036 devstack@neutron-api.service[103977]: DEBUG neutron.manager [None req-9275dbc2-e130-42ec-b0f6-1f383eb9c454 None None] Successfully loaded timestamp plugin. Description: Adds timestamps to Neutron resources with standard attributes {{(pid=103977) _create_and_add_service_plugin /opt/stack/neutron/neutron/manager.py:239}}
May 09 09:03:39.218264 np0000173036 devstack@neutron-api.service[103978]: DEBUG neutron.api.extensions [None req-85921c48-0700-4652-81b1-519cfb239266 None None] Ext name="Floating IP Port Forwarding support port ranges" alias="floating-ip-port-forwarding-port-ranges" description="Add support to port ranges" updated="2020-07-01T10:00:00-00:00" {{(pid=103978) _check_extension /opt/stack/neutron/neutron/api/extensions.py:415}}
May 09 09:03:39.218329 np0000173036 devstack@neutron-api.service[103977]: INFO neutron.manager [None req-9275dbc2-e130-42ec-b0f6-1f383eb9c454 None None] Loading Plugin: network_ip_availability
May 09 09:03:39.218411 np0000173036 devstack@neutron-api.service[103978]: INFO neutron.api.extensions [None req-85921c48-0700-4652-81b1-519cfb239266 None None] Extension floating-ip-port-forwarding-port-ranges not supported by any of loaded plugins
May 09 09:03:39.218521 np0000173036 devstack@neutron-api.service[103978]: DEBUG neutron.api.extensions [None req-85921c48-0700-4652-81b1-519cfb239266 None None] Loading extension file: fip_port_details.py {{(pid=103978) _load_all_extensions_from_path /opt/stack/neutron/neutron/api/extensions.py:449}}
May 09 09:03:39.218935 np0000173036 devstack@neutron-api.service[103978]: DEBUG neutron.api.extensions [None req-85921c48-0700-4652-81b1-519cfb239266 None None] Ext name="Floating IP Port Details Extension" alias="fip-port-details" description="Add port_details attribute to Floating IP resource" updated="2018-04-09T10:00:00-00:00" {{(pid=103978) _check_extension /opt/stack/neutron/neutron/api/extensions.py:415}}
May 09 09:03:39.219137 np0000173036 devstack@neutron-api.service[103978]: INFO neutron.api.extensions [None req-85921c48-0700-4652-81b1-519cfb239266 None None] Loaded extension: fip-port-details
May 09 09:03:39.219231 np0000173036 devstack@neutron-api.service[103978]: DEBUG neutron.api.extensions [None req-85921c48-0700-4652-81b1-519cfb239266 None None] Loading extension file: flavors.py {{(pid=103978) _load_all_extensions_from_path /opt/stack/neutron/neutron/api/extensions.py:449}}
May 09 09:03:39.219504 np0000173036 devstack@neutron-api.service[103978]: DEBUG neutron.api.extensions [None req-85921c48-0700-4652-81b1-519cfb239266 None None] Ext name="Neutron Service Flavors" alias="flavors" description="Flavor specification for Neutron advanced services." updated="2015-09-17T10:00:00-00:00" {{(pid=103978) _check_extension /opt/stack/neutron/neutron/api/extensions.py:415}}
May 09 09:03:39.219689 np0000173036 devstack@neutron-api.service[103978]: INFO neutron.api.extensions [None req-85921c48-0700-4652-81b1-519cfb239266 None None] Loaded extension: flavors
May 09 09:03:39.219777 np0000173036 devstack@neutron-api.service[103978]: DEBUG neutron.api.extensions [None req-85921c48-0700-4652-81b1-519cfb239266 None None] Loading extension file: floating_ip_port_forwarding.py {{(pid=103978) _load_all_extensions_from_path /opt/stack/neutron/neutron/api/extensions.py:449}}
May 09 09:03:39.220128 np0000173036 devstack@neutron-api.service[103978]: DEBUG neutron.api.extensions [None req-85921c48-0700-4652-81b1-519cfb239266 None None] Ext name="Floating IP Port Forwarding" alias="floating-ip-port-forwarding" description="Allow port forwarding from floating IP port to an internal port" updated="2018-01-19T10:00:00-00:00" {{(pid=103978) _check_extension /opt/stack/neutron/neutron/api/extensions.py:415}}
May 09 09:03:39.220223 np0000173036 devstack@neutron-api.service[103977]: DEBUG neutron.manager [None req-9275dbc2-e130-42ec-b0f6-1f383eb9c454 None None] Successfully loaded network-ip-availability plugin. Description: Provides IP availability data for each network and subnet. {{(pid=103977) _create_and_add_service_plugin /opt/stack/neutron/neutron/manager.py:239}}
May 09 09:03:39.220296 np0000173036 devstack@neutron-api.service[103978]: INFO neutron.api.extensions [None req-85921c48-0700-4652-81b1-519cfb239266 None None] Extension floating-ip-port-forwarding not supported by any of loaded plugins
May 09 09:03:39.220335 np0000173036 devstack@neutron-api.service[103977]: INFO neutron.manager [None req-9275dbc2-e130-42ec-b0f6-1f383eb9c454 None None] Loading Plugin: flavors
May 09 09:03:39.220385 np0000173036 devstack@neutron-api.service[103978]: DEBUG neutron.api.extensions [None req-85921c48-0700-4652-81b1-519cfb239266 None None] Loading extension file: floatingip_pools.py {{(pid=103978) _load_all_extensions_from_path /opt/stack/neutron/neutron/api/extensions.py:449}}
May 09 09:03:39.220690 np0000173036 devstack@neutron-api.service[103978]: DEBUG neutron.api.extensions [None req-85921c48-0700-4652-81b1-519cfb239266 None None] Ext name="Floating IP Pools Extension" alias="floatingip-pools" description="Provides a floating IP pools API." updated="2018-03-21T10:00:00-00:00" {{(pid=103978) _check_extension /opt/stack/neutron/neutron/api/extensions.py:415}}
May 09 09:03:39.220862 np0000173036 devstack@neutron-api.service[103978]: INFO neutron.api.extensions [None req-85921c48-0700-4652-81b1-519cfb239266 None None] Loaded extension: floatingip-pools
May 09 09:03:39.220983 np0000173036 devstack@neutron-api.service[103978]: DEBUG neutron.api.extensions [None req-85921c48-0700-4652-81b1-519cfb239266 None None] Loading extension file: ip_allocation.py {{(pid=103978) _load_all_extensions_from_path /opt/stack/neutron/neutron/api/extensions.py:449}}
May 09 09:03:39.221258 np0000173036 devstack@neutron-api.service[103978]: DEBUG neutron.api.extensions [None req-85921c48-0700-4652-81b1-519cfb239266 None None] Ext name="IP Allocation" alias="ip_allocation" description="IP allocation extension." updated="2016-06-10T23:00:00-00:00" {{(pid=103978) _check_extension /opt/stack/neutron/neutron/api/extensions.py:415}}
May 09 09:03:39.221434 np0000173036 devstack@neutron-api.service[103978]: INFO neutron.api.extensions [None req-85921c48-0700-4652-81b1-519cfb239266 None None] Extension ip_allocation not supported by any of loaded plugins
May 09 09:03:39.221541 np0000173036 devstack@neutron-api.service[103978]: DEBUG neutron.api.extensions [None req-85921c48-0700-4652-81b1-519cfb239266 None None] Loading extension file: ip_substring_port_filtering.py {{(pid=103978) _load_all_extensions_from_path /opt/stack/neutron/neutron/api/extensions.py:449}}
May 09 09:03:39.221807 np0000173036 devstack@neutron-api.service[103978]: DEBUG neutron.api.extensions [None req-85921c48-0700-4652-81b1-519cfb239266 None None] Ext name="IP address substring filtering" alias="ip-substring-filtering" description="Provides IP address substring filtering when listing ports" updated="2017-11-28T09:00:00-00:00" {{(pid=103978) _check_extension /opt/stack/neutron/neutron/api/extensions.py:415}}
May 09 09:03:39.222506 np0000173036 devstack@neutron-api.service[103978]: INFO neutron.api.extensions [None req-85921c48-0700-4652-81b1-519cfb239266 None None] Extension ip-substring-filtering not supported by any of loaded plugins
May 09 09:03:39.222625 np0000173036 devstack@neutron-api.service[103975]: DEBUG neutron.services.provider_configuration [None req-fe760526-976f-4c8e-98ea-3f497f48cc64 None None] Service providers = [] {{(pid=103975) parse_service_provider_opt /opt/stack/neutron/neutron/services/provider_configuration.py:170}}
May 09 09:03:39.222675 np0000173036 devstack@neutron-api.service[103978]: DEBUG neutron.api.extensions [None req-85921c48-0700-4652-81b1-519cfb239266 None None] Loading extension file: l2_adjacency.py {{(pid=103978) _load_all_extensions_from_path /opt/stack/neutron/neutron/api/extensions.py:449}}
May 09 09:03:39.222776 np0000173036 devstack@neutron-api.service[103975]: DEBUG neutron.db.servicetype_db [None req-fe760526-976f-4c8e-98ea-3f497f48cc64 None None] Adding provider configuration for service L3_ROUTER_NAT {{(pid=103975) add_provider_configuration /opt/stack/neutron/neutron/db/servicetype_db.py:45}}
May 09 09:03:39.222863 np0000173036 devstack@neutron-api.service[103978]: DEBUG neutron.api.extensions [None req-85921c48-0700-4652-81b1-519cfb239266 None None] Ext name="L2 Adjacency" alias="l2_adjacency" description="Display L2 Adjacency for Neutron Networks." updated="2016-04-12T16:00:00-00:00" {{(pid=103978) _check_extension /opt/stack/neutron/neutron/api/extensions.py:415}}
May 09 09:03:39.222908 np0000173036 devstack@neutron-api.service[103977]: DEBUG neutron.manager [None req-9275dbc2-e130-42ec-b0f6-1f383eb9c454 None None] Successfully loaded FLAVORS plugin. Description: Neutron Flavors and Service Profiles manager plugin {{(pid=103977) _create_and_add_service_plugin /opt/stack/neutron/neutron/manager.py:239}}
May 09 09:03:39.222991 np0000173036 devstack@neutron-api.service[103978]: INFO neutron.api.extensions [None req-85921c48-0700-4652-81b1-519cfb239266 None None] Extension l2_adjacency not supported by any of loaded plugins
May 09 09:03:39.223031 np0000173036 devstack@neutron-api.service[103977]: INFO neutron.manager [None req-9275dbc2-e130-42ec-b0f6-1f383eb9c454 None None] Loading Plugin: revisions
May 09 09:03:39.223064 np0000173036 devstack@neutron-api.service[103978]: DEBUG neutron.api.extensions [None req-85921c48-0700-4652-81b1-519cfb239266 None None] Loading extension file: l3.py {{(pid=103978) _load_all_extensions_from_path /opt/stack/neutron/neutron/api/extensions.py:449}}
May 09 09:03:39.223064 np0000173036 devstack@neutron-api.service[103978]: DEBUG neutron.api.extensions [None req-85921c48-0700-4652-81b1-519cfb239266 None None] Ext name="Neutron L3 Router" alias="router" description="Router abstraction for basic L3 forwarding between L2 Neutron networks and access to external networks via a NAT gateway." updated="2012-07-20T10:00:00-00:00" {{(pid=103978) _check_extension /opt/stack/neutron/neutron/api/extensions.py:415}}
May 09 09:03:39.223194 np0000173036 devstack@neutron-api.service[103978]: INFO neutron.api.extensions [None req-85921c48-0700-4652-81b1-519cfb239266 None None] Loaded extension: router
May 09 09:03:39.223316 np0000173036 devstack@neutron-api.service[103978]: DEBUG neutron.api.extensions [None req-85921c48-0700-4652-81b1-519cfb239266 None None] Loading extension file: l3_conntrack_helper.py {{(pid=103978) _load_all_extensions_from_path /opt/stack/neutron/neutron/api/extensions.py:449}}
May 09 09:03:39.223962 np0000173036 devstack@neutron-api.service[103975]: DEBUG neutron_lib.callbacks.manager [None req-fe760526-976f-4c8e-98ea-3f497f48cc64 None None] Subscribe: > router precommit_create 55549900, False {{(pid=103975) subscribe /opt/stack/data/venv/lib/python3.12/site-packages/neutron_lib/callbacks/manager.py:52}}
May 09 09:03:39.224005 np0000173036 devstack@neutron-api.service[103978]: DEBUG neutron.api.extensions [None req-85921c48-0700-4652-81b1-519cfb239266 None None] Ext name="L3 Conntrack helper" alias="l3-conntrack-helper" description="Allow adding CT target rules for conntrack helper" updated="2019-04-04T10:00:00-00:00" {{(pid=103978) _check_extension /opt/stack/neutron/neutron/api/extensions.py:415}}
May 09 09:03:39.224054 np0000173036 devstack@neutron-api.service[103977]: DEBUG neutron.manager [None req-9275dbc2-e130-42ec-b0f6-1f383eb9c454 None None] Successfully loaded revision_plugin plugin. Description: Adds revision numbers to resources. {{(pid=103977) _create_and_add_service_plugin /opt/stack/neutron/neutron/manager.py:239}}
May 09 09:03:39.224127 np0000173036 devstack@neutron-api.service[103975]: DEBUG neutron_lib.callbacks.manager [None req-fe760526-976f-4c8e-98ea-3f497f48cc64 None None] Subscribe: > router_interface after_create 55550000, False {{(pid=103975) subscribe /opt/stack/data/venv/lib/python3.12/site-packages/neutron_lib/callbacks/manager.py:52}}
May 09 09:03:39.224181 np0000173036 devstack@neutron-api.service[103978]: INFO neutron.api.extensions [None req-85921c48-0700-4652-81b1-519cfb239266 None None] Extension l3-conntrack-helper not supported by any of loaded plugins
May 09 09:03:39.224220 np0000173036 devstack@neutron-api.service[103977]: DEBUG oslo_concurrency.lockutils [None req-9275dbc2-e130-42ec-b0f6-1f383eb9c454 None None] Lock "manager" "released" by "neutron.manager.NeutronManager._create_instance" :: held 4.855s {{(pid=103977) inner /opt/stack/data/venv/lib/python3.12/site-packages/oslo_concurrency/lockutils.py:538}}
May 09 09:03:39.224314 np0000173036 devstack@neutron-api.service[103978]: DEBUG neutron.api.extensions [None req-85921c48-0700-4652-81b1-519cfb239266 None None] Loading extension file: l3_enable_default_route_bfd.py {{(pid=103978) _load_all_extensions_from_path /opt/stack/neutron/neutron/api/extensions.py:449}}
May 09 09:03:39.224354 np0000173036 devstack@neutron-api.service[103975]: DEBUG neutron_lib.callbacks.manager [None req-fe760526-976f-4c8e-98ea-3f497f48cc64 None None] Subscribe: > floatingip after_create 55550000, False {{(pid=103975) subscribe /opt/stack/data/venv/lib/python3.12/site-packages/neutron_lib/callbacks/manager.py:52}}
May 09 09:03:39.224439 np0000173036 devstack@neutron-api.service[103975]: DEBUG neutron_lib.callbacks.manager [None req-fe760526-976f-4c8e-98ea-3f497f48cc64 None None] Subscribe: > floatingip precommit_create 55550000, False {{(pid=103975) subscribe /opt/stack/data/venv/lib/python3.12/site-packages/neutron_lib/callbacks/manager.py:52}}
May 09 09:03:39.224539 np0000173036 devstack@neutron-api.service[103978]: DEBUG neutron.api.extensions [None req-85921c48-0700-4652-81b1-519cfb239266 None None] Ext name="Enable Default Route BFD" alias="enable-default-route-bfd" description="Enables configurable BFD behavior for default routes" updated="2023-02-27T00:00:00-00:00" {{(pid=103978) _check_extension /opt/stack/neutron/neutron/api/extensions.py:415}}
May 09 09:03:39.224581 np0000173036 devstack@neutron-api.service[103977]: DEBUG neutron.api.extensions [None req-9275dbc2-e130-42ec-b0f6-1f383eb9c454 None None] get_extension_paths = OrderedDict({'/opt/stack/neutron/neutron/extensions': 1}) {{(pid=103977) get_extensions_path /opt/stack/neutron/neutron/api/extensions.py:640}}
May 09 09:03:39.224634 np0000173036 devstack@neutron-api.service[103975]: DEBUG neutron_lib.callbacks.manager [None req-fe760526-976f-4c8e-98ea-3f497f48cc64 None None] Subscribe: > floatingip precommit_update 55550000, False {{(pid=103975) subscribe /opt/stack/data/venv/lib/python3.12/site-packages/neutron_lib/callbacks/manager.py:52}}
May 09 09:03:39.224716 np0000173036 devstack@neutron-api.service[103978]: INFO neutron.api.extensions [None req-85921c48-0700-4652-81b1-519cfb239266 None None] Loaded extension: enable-default-route-bfd
