May 09 09:03:40.019093 np0000173036 neutron-periodic-workers[105774]: DEBUG cotyledon.oslo_config_glue [-] network_log.rate_limit = 100 {{(pid=105774) log_opt_values /opt/stack/data/venv/lib/python3.12/site-packages/oslo_config/cfg.py:3006}}
May 09 09:03:40.019157 np0000173036 neutron-periodic-workers[105774]: DEBUG cotyledon.oslo_config_glue [-] database.asyncio_connection = **** {{(pid=105774) log_opt_values /opt/stack/data/venv/lib/python3.12/site-packages/oslo_config/cfg.py:3006}}
May 09 09:03:40.019225 np0000173036 neutron-periodic-workers[105774]: DEBUG cotyledon.oslo_config_glue [-] database.asyncio_slave_connection = **** {{(pid=105774) log_opt_values /opt/stack/data/venv/lib/python3.12/site-packages/oslo_config/cfg.py:3006}}
May 09 09:03:40.019256 np0000173036 neutron-periodic-workers[105774]: DEBUG cotyledon.oslo_config_glue [-] database.backend = sqlalchemy {{(pid=105774) log_opt_values /opt/stack/data/venv/lib/python3.12/site-packages/oslo_config/cfg.py:3006}}
May 09 09:03:40.019282 np0000173036 neutron-periodic-workers[105774]: DEBUG cotyledon.oslo_config_glue [-] database.connection = **** {{(pid=105774) log_opt_values /opt/stack/data/venv/lib/python3.12/site-packages/oslo_config/cfg.py:3006}}
May 09 09:03:40.019328 np0000173036 neutron-periodic-workers[105774]: DEBUG cotyledon.oslo_config_glue [-] database.connection_debug = 0 {{(pid=105774) log_opt_values /opt/stack/data/venv/lib/python3.12/site-packages/oslo_config/cfg.py:3006}}
May 09 09:03:40.019370 np0000173036 neutron-periodic-workers[105774]: DEBUG cotyledon.oslo_config_glue [-] database.connection_parameters = {{(pid=105774) log_opt_values /opt/stack/data/venv/lib/python3.12/site-packages/oslo_config/cfg.py:3006}}
May 09 09:03:40.019418 np0000173036 neutron-periodic-workers[105774]: DEBUG cotyledon.oslo_config_glue [-] database.connection_recycle_time = 3600 {{(pid=105774) log_opt_values /opt/stack/data/venv/lib/python3.12/site-packages/oslo_config/cfg.py:3006}}
May 09 09:03:40.019475 np0000173036 neutron-periodic-workers[105774]: DEBUG cotyledon.oslo_config_glue [-] database.connection_trace = False {{(pid=105774) log_opt_values /opt/stack/data/venv/lib/python3.12/site-packages/oslo_config/cfg.py:3006}}
May 09 09:03:40.019520 np0000173036 neutron-periodic-workers[105774]: DEBUG cotyledon.oslo_config_glue [-] database.db_inc_retry_interval = True {{(pid=105774) log_opt_values /opt/stack/data/venv/lib/python3.12/site-packages/oslo_config/cfg.py:3006}}
May 09 09:03:40.019564 np0000173036 neutron-periodic-workers[105774]: DEBUG cotyledon.oslo_config_glue [-] database.db_max_retries = 20 {{(pid=105774) log_opt_values /opt/stack/data/venv/lib/python3.12/site-packages/oslo_config/cfg.py:3006}}
May 09 09:03:40.019600 np0000173036 neutron-periodic-workers[105774]: DEBUG cotyledon.oslo_config_glue [-] database.db_max_retry_interval = 10 {{(pid=105774) log_opt_values /opt/stack/data/venv/lib/python3.12/site-packages/oslo_config/cfg.py:3006}}
May 09 09:03:40.019642 np0000173036 neutron-periodic-workers[105774]: DEBUG cotyledon.oslo_config_glue [-] database.db_retry_interval = 1 {{(pid=105774) log_opt_values /opt/stack/data/venv/lib/python3.12/site-packages/oslo_config/cfg.py:3006}}
May 09 09:03:40.019683 np0000173036 neutron-periodic-workers[105774]: DEBUG cotyledon.oslo_config_glue [-] database.max_overflow = 50 {{(pid=105774) log_opt_values /opt/stack/data/venv/lib/python3.12/site-packages/oslo_config/cfg.py:3006}}
May 09 09:03:40.019724 np0000173036 neutron-periodic-workers[105774]: DEBUG cotyledon.oslo_config_glue [-] database.max_pool_size = 5 {{(pid=105774) log_opt_values /opt/stack/data/venv/lib/python3.12/site-packages/oslo_config/cfg.py:3006}}
May 09 09:03:40.019766 np0000173036 neutron-periodic-workers[105774]: DEBUG cotyledon.oslo_config_glue [-] database.max_retries = 10 {{(pid=105774) log_opt_values /opt/stack/data/venv/lib/python3.12/site-packages/oslo_config/cfg.py:3006}}
May 09 09:03:40.019819 np0000173036 neutron-periodic-workers[105774]: DEBUG cotyledon.oslo_config_glue [-] database.mysql_sql_mode = TRADITIONAL {{(pid=105774) log_opt_values /opt/stack/data/venv/lib/python3.12/site-packages/oslo_config/cfg.py:3006}}
May 09 09:03:40.019862 np0000173036 neutron-periodic-workers[105774]: DEBUG cotyledon.oslo_config_glue [-] database.mysql_wsrep_sync_wait = None {{(pid=105774) log_opt_values /opt/stack/data/venv/lib/python3.12/site-packages/oslo_config/cfg.py:3006}}
May 09 09:03:40.019903 np0000173036 neutron-periodic-workers[105774]: DEBUG cotyledon.oslo_config_glue [-] database.pool_timeout = None {{(pid=105774) log_opt_values /opt/stack/data/venv/lib/python3.12/site-packages/oslo_config/cfg.py:3006}}
May 09 09:03:40.019945 np0000173036 neutron-periodic-workers[105774]: DEBUG cotyledon.oslo_config_glue [-] database.retry_interval = 10 {{(pid=105774) log_opt_values /opt/stack/data/venv/lib/python3.12/site-packages/oslo_config/cfg.py:3006}}
May 09 09:03:40.019994 np0000173036 neutron-periodic-workers[105774]: DEBUG cotyledon.oslo_config_glue [-] database.slave_connection = **** {{(pid=105774) log_opt_values /opt/stack/data/venv/lib/python3.12/site-packages/oslo_config/cfg.py:3006}}
May 09 09:03:40.020035 np0000173036 neutron-periodic-workers[105774]: DEBUG cotyledon.oslo_config_glue [-] database.sqlite_synchronous = True {{(pid=105774) log_opt_values /opt/stack/data/venv/lib/python3.12/site-packages/oslo_config/cfg.py:3006}}
May 09 09:03:40.020084 np0000173036 neutron-periodic-workers[105774]: DEBUG cotyledon.oslo_config_glue [-] database.synchronous_reader = True {{(pid=105774) log_opt_values /opt/stack/data/venv/lib/python3.12/site-packages/oslo_config/cfg.py:3006}}
May 09 09:03:40.020126 np0000173036 neutron-periodic-workers[105774]: DEBUG cotyledon.oslo_config_glue [-] database.use_db_reconnect = False {{(pid=105774) log_opt_values /opt/stack/data/venv/lib/python3.12/site-packages/oslo_config/cfg.py:3006}}
May 09 09:03:40.020198 np0000173036 neutron-periodic-workers[105774]: DEBUG cotyledon.oslo_config_glue [-] ovn.bfd_min_rx = 1000 {{(pid=105774) log_opt_values /opt/stack/data/venv/lib/python3.12/site-packages/oslo_config/cfg.py:3006}}
May 09 09:03:40.020239 np0000173036 neutron-periodic-workers[105774]: DEBUG cotyledon.oslo_config_glue [-] ovn.bfd_min_tx = 100 {{(pid=105774) log_opt_values /opt/stack/data/venv/lib/python3.12/site-packages/oslo_config/cfg.py:3006}}
May 09 09:03:40.020281 np0000173036 neutron-periodic-workers[105774]: DEBUG cotyledon.oslo_config_glue [-] ovn.bfd_mult = 3 {{(pid=105774) log_opt_values /opt/stack/data/venv/lib/python3.12/site-packages/oslo_config/cfg.py:3006}}
May 09 09:03:40.020330 np0000173036 neutron-periodic-workers[105774]: DEBUG cotyledon.oslo_config_glue [-] ovn.broadcast_arps_to_all_routers = True {{(pid=105774) log_opt_values /opt/stack/data/venv/lib/python3.12/site-packages/oslo_config/cfg.py:3006}}
May 09 09:03:40.020373 np0000173036 neutron-periodic-workers[105774]: DEBUG cotyledon.oslo_config_glue [-] ovn.dhcp_default_lease_time = 43200 {{(pid=105774) log_opt_values /opt/stack/data/venv/lib/python3.12/site-packages/oslo_config/cfg.py:3006}}
May 09 09:03:40.020414 np0000173036 neutron-periodic-workers[105774]: DEBUG cotyledon.oslo_config_glue [-] ovn.disable_ovn_dhcp_for_baremetal_ports = False {{(pid=105774) log_opt_values /opt/stack/data/venv/lib/python3.12/site-packages/oslo_config/cfg.py:3006}}
May 09 09:03:40.020469 np0000173036 neutron-periodic-workers[105774]: DEBUG cotyledon.oslo_config_glue [-] ovn.dns_records_ovn_owned = False {{(pid=105774) log_opt_values /opt/stack/data/venv/lib/python3.12/site-packages/oslo_config/cfg.py:3006}}
May 09 09:03:40.020517 np0000173036 neutron-periodic-workers[105774]: DEBUG cotyledon.oslo_config_glue [-] ovn.dns_servers = [] {{(pid=105774) log_opt_values /opt/stack/data/venv/lib/python3.12/site-packages/oslo_config/cfg.py:3006}}
May 09 09:03:40.020560 np0000173036 neutron-periodic-workers[105774]: DEBUG cotyledon.oslo_config_glue [-] ovn.enable_distributed_floating_ip = False {{(pid=105774) log_opt_values /opt/stack/data/venv/lib/python3.12/site-packages/oslo_config/cfg.py:3006}}
May 09 09:03:40.020601 np0000173036 neutron-periodic-workers[105774]: DEBUG cotyledon.oslo_config_glue [-] ovn.fdb_age_threshold = 300 {{(pid=105774) log_opt_values /opt/stack/data/venv/lib/python3.12/site-packages/oslo_config/cfg.py:3006}}
May 09 09:03:40.020653 np0000173036 neutron-periodic-workers[105774]: DEBUG cotyledon.oslo_config_glue [-] ovn.ha_failover_strategy = normal {{(pid=105774) log_opt_values /opt/stack/data/venv/lib/python3.12/site-packages/oslo_config/cfg.py:3006}}
May 09 09:03:40.020694 np0000173036 neutron-periodic-workers[105774]: DEBUG cotyledon.oslo_config_glue [-] ovn.live_migration_activation_strategy = rarp {{(pid=105774) log_opt_values /opt/stack/data/venv/lib/python3.12/site-packages/oslo_config/cfg.py:3006}}
May 09 09:03:40.020736 np0000173036 neutron-periodic-workers[105774]: DEBUG cotyledon.oslo_config_glue [-] ovn.localnet_learn_fdb = False {{(pid=105774) log_opt_values /opt/stack/data/venv/lib/python3.12/site-packages/oslo_config/cfg.py:3006}}
May 09 09:03:40.020776 np0000173036 neutron-periodic-workers[105774]: DEBUG cotyledon.oslo_config_glue [-] ovn.mac_binding_age_threshold = 300 {{(pid=105774) log_opt_values /opt/stack/data/venv/lib/python3.12/site-packages/oslo_config/cfg.py:3006}}
May 09 09:03:40.020860 np0000173036 neutron-periodic-workers[105774]: DEBUG cotyledon.oslo_config_glue [-] ovn.neutron_sync_mode = log {{(pid=105774) log_opt_values /opt/stack/data/venv/lib/python3.12/site-packages/oslo_config/cfg.py:3006}}
May 09 09:03:40.020937 np0000173036 neutron-periodic-workers[105774]: DEBUG cotyledon.oslo_config_glue [-] ovn.ovn_dhcp4_global_options = {} {{(pid=105774) log_opt_values /opt/stack/data/venv/lib/python3.12/site-packages/oslo_config/cfg.py:3006}}
May 09 09:03:40.020984 np0000173036 neutron-periodic-workers[105774]: DEBUG cotyledon.oslo_config_glue [-] ovn.ovn_dhcp6_global_options = {} {{(pid=105774) log_opt_values /opt/stack/data/venv/lib/python3.12/site-packages/oslo_config/cfg.py:3006}}
May 09 09:03:40.021032 np0000173036 neutron-periodic-workers[105774]: DEBUG cotyledon.oslo_config_glue [-] ovn.ovn_l3_scheduler = leastloaded {{(pid=105774) log_opt_values /opt/stack/data/venv/lib/python3.12/site-packages/oslo_config/cfg.py:3006}}
May 09 09:03:40.021074 np0000173036 neutron-periodic-workers[105774]: DEBUG cotyledon.oslo_config_glue [-] ovn.ovn_metadata_enabled = True {{(pid=105774) log_opt_values /opt/stack/data/venv/lib/python3.12/site-packages/oslo_config/cfg.py:3006}}
May 09 09:03:40.021122 np0000173036 neutron-periodic-workers[105774]: DEBUG cotyledon.oslo_config_glue [-] ovn.ovn_nb_ca_cert = /opt/stack/data/CA/int-ca/ca-chain.pem {{(pid=105774) log_opt_values /opt/stack/data/venv/lib/python3.12/site-packages/oslo_config/cfg.py:3006}}
May 09 09:03:40.021173 np0000173036 neutron-periodic-workers[105774]: DEBUG cotyledon.oslo_config_glue [-] ovn.ovn_nb_certificate = /opt/stack/data/CA/int-ca/devstack-cert.crt {{(pid=105774) log_opt_values /opt/stack/data/venv/lib/python3.12/site-packages/oslo_config/cfg.py:3006}}
May 09 09:03:40.021215 np0000173036 neutron-periodic-workers[105774]: DEBUG cotyledon.oslo_config_glue [-] ovn.ovn_nb_connection = ['ssl:199.204.45.216:6641'] {{(pid=105774) log_opt_values /opt/stack/data/venv/lib/python3.12/site-packages/oslo_config/cfg.py:3006}}
May 09 09:03:40.021256 np0000173036 neutron-periodic-workers[105774]: DEBUG cotyledon.oslo_config_glue [-] ovn.ovn_nb_private_key = /opt/stack/data/CA/int-ca/private/devstack-cert.key {{(pid=105774) log_opt_values /opt/stack/data/venv/lib/python3.12/site-packages/oslo_config/cfg.py:3006}}
May 09 09:03:40.021297 np0000173036 neutron-periodic-workers[105774]: DEBUG cotyledon.oslo_config_glue [-] ovn.ovn_router_indirect_snat = False {{(pid=105774) log_opt_values /opt/stack/data/venv/lib/python3.12/site-packages/oslo_config/cfg.py:3006}}
May 09 09:03:40.021338 np0000173036 neutron-periodic-workers[105774]: DEBUG cotyledon.oslo_config_glue [-] ovn.ovn_sb_ca_cert = /opt/stack/data/CA/int-ca/ca-chain.pem {{(pid=105774) log_opt_values /opt/stack/data/venv/lib/python3.12/site-packages/oslo_config/cfg.py:3006}}
May 09 09:03:40.021380 np0000173036 neutron-periodic-workers[105774]: DEBUG cotyledon.oslo_config_glue [-] ovn.ovn_sb_certificate = /opt/stack/data/CA/int-ca/devstack-cert.crt {{(pid=105774) log_opt_values /opt/stack/data/venv/lib/python3.12/site-packages/oslo_config/cfg.py:3006}}
May 09 09:03:40.021422 np0000173036 neutron-periodic-workers[105774]: DEBUG cotyledon.oslo_config_glue [-] ovn.ovn_sb_connection = ['ssl:199.204.45.216:6642'] {{(pid=105774) log_opt_values /opt/stack/data/venv/lib/python3.12/site-packages/oslo_config/cfg.py:3006}}
May 09 09:03:40.021478 np0000173036 neutron-periodic-workers[105774]: DEBUG cotyledon.oslo_config_glue [-] ovn.ovn_sb_private_key = /opt/stack/data/CA/int-ca/private/devstack-cert.key {{(pid=105774) log_opt_values /opt/stack/data/venv/lib/python3.12/site-packages/oslo_config/cfg.py:3006}}
May 09 09:03:40.021521 np0000173036 neutron-periodic-workers[105774]: DEBUG cotyledon.oslo_config_glue [-] ovn.ovs_create_tap = False {{(pid=105774) log_opt_values /opt/stack/data/venv/lib/python3.12/site-packages/oslo_config/cfg.py:3006}}
May 09 09:03:40.021562 np0000173036 neutron-periodic-workers[105774]: DEBUG cotyledon.oslo_config_glue [-] ovn.ovsdb_connection_timeout = 180 {{(pid=105774) log_opt_values /opt/stack/data/venv/lib/python3.12/site-packages/oslo_config/cfg.py:3006}}
May 09 09:03:40.021605 np0000173036 neutron-periodic-workers[105774]: DEBUG cotyledon.oslo_config_glue [-] ovn.ovsdb_log_level = INFO {{(pid=105774) log_opt_values /opt/stack/data/venv/lib/python3.12/site-packages/oslo_config/cfg.py:3006}}
May 09 09:03:40.021648 np0000173036 neutron-periodic-workers[105774]: DEBUG cotyledon.oslo_config_glue [-] ovn.ovsdb_probe_interval = 60000 {{(pid=105774) log_opt_values /opt/stack/data/venv/lib/python3.12/site-packages/oslo_config/cfg.py:3006}}
May 09 09:03:40.021688 np0000173036 neutron-periodic-workers[105774]: DEBUG cotyledon.oslo_config_glue [-] ovn.ovsdb_retry_max_interval = 180 {{(pid=105774) log_opt_values /opt/stack/data/venv/lib/python3.12/site-packages/oslo_config/cfg.py:3006}}
May 09 09:03:40.021728 np0000173036 neutron-periodic-workers[105774]: DEBUG cotyledon.oslo_config_glue [-] ovn.stateless_nat_enabled = False {{(pid=105774) log_opt_values /opt/stack/data/venv/lib/python3.12/site-packages/oslo_config/cfg.py:3006}}
May 09 09:03:40.021780 np0000173036 neutron-periodic-workers[105774]: DEBUG cotyledon.oslo_config_glue [-] ovn.vhost_sock_dir = /var/run/openvswitch {{(pid=105774) log_opt_values /opt/stack/data/venv/lib/python3.12/site-packages/oslo_config/cfg.py:3006}}
May 09 09:03:40.021837 np0000173036 neutron-periodic-workers[105774]: DEBUG cotyledon.oslo_config_glue [-] OVS.bridge_mac_table_size = 50000 {{(pid=105774) log_opt_values /opt/stack/data/venv/lib/python3.12/site-packages/oslo_config/cfg.py:3006}}
May 09 09:03:40.021885 np0000173036 neutron-periodic-workers[105774]: DEBUG cotyledon.oslo_config_glue [-] OVS.igmp_flood = False {{(pid=105774) log_opt_values /opt/stack/data/venv/lib/python3.12/site-packages/oslo_config/cfg.py:3006}}
May 09 09:03:40.022023 np0000173036 neutron-periodic-workers[105774]: DEBUG cotyledon.oslo_config_glue [-] OVS.igmp_flood_reports = True {{(pid=105774) log_opt_values /opt/stack/data/venv/lib/python3.12/site-packages/oslo_config/cfg.py:3006}}
May 09 09:03:40.022082 np0000173036 neutron-periodic-workers[105774]: DEBUG cotyledon.oslo_config_glue [-] OVS.igmp_flood_unregistered = False {{(pid=105774) log_opt_values /opt/stack/data/venv/lib/python3.12/site-packages/oslo_config/cfg.py:3006}}
May 09 09:03:40.022123 np0000173036 neutron-periodic-workers[105774]: DEBUG cotyledon.oslo_config_glue [-] OVS.igmp_snooping_enable = False {{(pid=105774) log_opt_values /opt/stack/data/venv/lib/python3.12/site-packages/oslo_config/cfg.py:3006}}
May 09 09:03:40.022164 np0000173036 neutron-periodic-workers[105774]: DEBUG cotyledon.oslo_config_glue [-] OVS.ovsdb_timeout = 10 {{(pid=105774) log_opt_values /opt/stack/data/venv/lib/python3.12/site-packages/oslo_config/cfg.py:3006}}
May 09 09:03:40.022210 np0000173036 neutron-periodic-workers[105774]: DEBUG cotyledon.oslo_config_glue [-] ovn_nb_global.fdb_removal_limit = 0 {{(pid=105774) log_opt_values /opt/stack/data/venv/lib/python3.12/site-packages/oslo_config/cfg.py:3006}}
May 09 09:03:40.022257 np0000173036 neutron-periodic-workers[105774]: DEBUG cotyledon.oslo_config_glue [-] ovn_nb_global.ignore_lsp_down = False {{(pid=105774) log_opt_values /opt/stack/data/venv/lib/python3.12/site-packages/oslo_config/cfg.py:3006}}
May 09 09:03:40.022296 np0000173036 neutron-periodic-workers[105774]: DEBUG cotyledon.oslo_config_glue [-] ovn_nb_global.mac_binding_removal_limit = 0 {{(pid=105774) log_opt_values /opt/stack/data/venv/lib/python3.12/site-packages/oslo_config/cfg.py:3006}}
May 09 09:03:40.022336 np0000173036 neutron-periodic-workers[105774]: DEBUG cotyledon.oslo_config_glue [-] ******************************************************************************** {{(pid=105774) log_opt_values /opt/stack/data/venv/lib/python3.12/site-packages/oslo_config/cfg.py:3013}}
May 09 09:03:40.022519 np0000173036 neutron-periodic-workers[105774]: DEBUG cotyledon._service_worker [-] Run service ServiceWrapper(0) [105774] {{(pid=105774) wait_forever /opt/stack/data/venv/lib/python3.12/site-packages/cotyledon/_service_worker.py:218}}
May 09 09:03:49.643711 np0000173036 neutron-periodic-workers[104960]: DEBUG dbcounter [-] [104960] Writing DB stats neutron:SELECT=4 {{(pid=104960) stat_writer /opt/stack/data/venv/lib/python3.12/site-packages/dbcounter.py:115}}
May 09 09:04:24.970847 np0000173036 neutron-periodic-workers[105755]: DEBUG oslo_db.sqlalchemy.engines [None req-f3b194a4-b696-44ac-a422-66b10cabe0cc None None] Parent process 104960 forked (105755) with an open database connection, which is being discarded and recreated. {{(pid=105755) checkout /opt/stack/data/venv/lib/python3.12/site-packages/oslo_db/sqlalchemy/engines.py:402}}
May 09 09:04:24.978772 np0000173036 neutron-periodic-workers[105755]: DEBUG dbcounter [-] [105755] Writer thread running {{(pid=105755) stat_writer /opt/stack/data/venv/lib/python3.12/site-packages/dbcounter.py:102}}
May 09 09:04:24.986931 np0000173036 neutron-periodic-workers[105755]: DEBUG oslo.service.backend._threading.loopingcall [None req-f3b194a4-b696-44ac-a422-66b10cabe0cc None None] Fixed interval looping call 'neutron.plugins.ml2.plugin.DhcpAgentSchedulerDbMixin.remove_networks_from_down_agents' sleeping for 36.98 seconds {{(pid=105755) _run_loop /opt/stack/data/venv/lib/python3.12/site-packages/oslo_service/backend/_threading/loopingcall.py:125}}
May 09 09:04:34.986358 np0000173036 neutron-periodic-workers[105755]: DEBUG dbcounter [-] [105755] Writing DB stats neutron:SELECT=3 {{(pid=105755) stat_writer /opt/stack/data/venv/lib/python3.12/site-packages/dbcounter.py:115}}
May 09 09:04:36.010872 np0000173036 neutron-periodic-workers[105759]: DEBUG dbcounter [-] [105759] Writer thread running {{(pid=105759) stat_writer /opt/stack/data/venv/lib/python3.12/site-packages/dbcounter.py:102}}
May 09 09:04:36.013951 np0000173036 neutron-periodic-workers[105759]: DEBUG neutron.db.agents_db [None req-231e8af4-e29b-4e71-86f1-82fce150929b None None] Agent healthcheck: found 0 active agents {{(pid=105759) agent_health_check /opt/stack/neutron/neutron/db/agents_db.py:322}}
May 09 09:04:36.014125 np0000173036 neutron-periodic-workers[105759]: DEBUG oslo.service.backend._threading.loopingcall [None req-231e8af4-e29b-4e71-86f1-82fce150929b None None] Fixed interval looping call 'neutron.plugins.ml2.plugin.AgentDbMixin.agent_health_check' sleeping for 36.98 seconds {{(pid=105759) _run_loop /opt/stack/data/venv/lib/python3.12/site-packages/oslo_service/backend/_threading/loopingcall.py:125}}
May 09 09:04:46.011522 np0000173036 neutron-periodic-workers[105759]: DEBUG dbcounter [-] [105759] Writing DB stats neutron:SELECT=1 {{(pid=105759) stat_writer /opt/stack/data/venv/lib/python3.12/site-packages/dbcounter.py:115}}
May 09 09:05:01.976771 np0000173036 neutron-periodic-workers[105755]: DEBUG oslo.service.backend._threading.loopingcall [None req-f3b194a4-b696-44ac-a422-66b10cabe0cc None None] Fixed interval looping call 'neutron.plugins.ml2.plugin.DhcpAgentSchedulerDbMixin.remove_networks_from_down_agents' sleeping for 36.99 seconds {{(pid=105755) _run_loop /opt/stack/data/venv/lib/python3.12/site-packages/oslo_service/backend/_threading/loopingcall.py:125}}
May 09 09:05:11.977994 np0000173036 neutron-periodic-workers[105755]: DEBUG dbcounter [-] [105755] Writing DB stats neutron:SELECT=3 {{(pid=105755) stat_writer /opt/stack/data/venv/lib/python3.12/site-packages/dbcounter.py:115}}
May 09 09:05:13.000138 np0000173036 neutron-periodic-workers[105759]: DEBUG neutron.db.agents_db [None req-231e8af4-e29b-4e71-86f1-82fce150929b None None] Agent healthcheck: found 0 active agents {{(pid=105759) agent_health_check /opt/stack/neutron/neutron/db/agents_db.py:322}}
May 09 09:05:13.001130 np0000173036 neutron-periodic-workers[105759]: DEBUG oslo.service.backend._threading.loopingcall [None req-231e8af4-e29b-4e71-86f1-82fce150929b None None] Fixed interval looping call 'neutron.plugins.ml2.plugin.AgentDbMixin.agent_health_check' sleeping for 36.99 seconds {{(pid=105759) _run_loop /opt/stack/data/venv/lib/python3.12/site-packages/oslo_service/backend/_threading/loopingcall.py:125}}
May 09 09:05:22.998173 np0000173036 neutron-periodic-workers[105759]: DEBUG dbcounter [-] [105759] Writing DB stats neutron:SELECT=1 {{(pid=105759) stat_writer /opt/stack/data/venv/lib/python3.12/site-packages/dbcounter.py:115}}
May 09 09:05:38.976303 np0000173036 neutron-periodic-workers[105755]: DEBUG oslo.service.backend._threading.loopingcall [None req-f3b194a4-b696-44ac-a422-66b10cabe0cc None None] Fixed interval looping call 'neutron.plugins.ml2.plugin.DhcpAgentSchedulerDbMixin.remove_networks_from_down_agents' sleeping for 36.99 seconds {{(pid=105755) _run_loop /opt/stack/data/venv/lib/python3.12/site-packages/oslo_service/backend/_threading/loopingcall.py:125}}
May 09 09:05:40.030570 np0000173036 neutron-periodic-workers[105769]: DEBUG dbcounter [-] [105769] Writer thread running {{(pid=105769) stat_writer /opt/stack/data/venv/lib/python3.12/site-packages/dbcounter.py:102}}
May 09 09:05:40.034881 np0000173036 neutron-periodic-workers[105769]: DEBUG oslo.service.backend._threading.loopingcall [None req-5b14ea57-e363-47d6-bb57-f161d8f07c22 None None] Fixed interval looping call 'neutron.db.quota.driver_nolock.DbQuotaNoLockDriver._remove_expired_reservations' sleeping for 119.98 seconds {{(pid=105769) _run_loop /opt/stack/data/venv/lib/python3.12/site-packages/oslo_service/backend/_threading/loopingcall.py:125}}
May 09 09:05:48.975203 np0000173036 neutron-periodic-workers[105755]: DEBUG dbcounter [-] [105755] Writing DB stats neutron:SELECT=3 {{(pid=105755) stat_writer /opt/stack/data/venv/lib/python3.12/site-packages/dbcounter.py:115}}
May 09 09:05:49.996327 np0000173036 neutron-periodic-workers[105759]: DEBUG neutron.db.agents_db [None req-231e8af4-e29b-4e71-86f1-82fce150929b None None] Agent healthcheck: found 0 active agents {{(pid=105759) agent_health_check /opt/stack/neutron/neutron/db/agents_db.py:322}}
May 09 09:05:49.996953 np0000173036 neutron-periodic-workers[105759]: DEBUG oslo.service.backend._threading.loopingcall [None req-231e8af4-e29b-4e71-86f1-82fce150929b None None] Fixed interval looping call 'neutron.plugins.ml2.plugin.AgentDbMixin.agent_health_check' sleeping for 36.99 seconds {{(pid=105759) _run_loop /opt/stack/data/venv/lib/python3.12/site-packages/oslo_service/backend/_threading/loopingcall.py:125}}
May 09 09:05:50.031260 np0000173036 neutron-periodic-workers[105769]: DEBUG dbcounter [-] [105769] Writing DB stats neutron:DELETE=1 {{(pid=105769) stat_writer /opt/stack/data/venv/lib/python3.12/site-packages/dbcounter.py:115}}
May 09 09:05:59.995293 np0000173036 neutron-periodic-workers[105759]: DEBUG dbcounter [-] [105759] Writing DB stats neutron:SELECT=1 {{(pid=105759) stat_writer /opt/stack/data/venv/lib/python3.12/site-packages/dbcounter.py:115}}
May 09 09:06:15.976640 np0000173036 neutron-periodic-workers[105755]: DEBUG oslo.service.backend._threading.loopingcall [None req-f3b194a4-b696-44ac-a422-66b10cabe0cc None None] Fixed interval looping call 'neutron.plugins.ml2.plugin.DhcpAgentSchedulerDbMixin.remove_networks_from_down_agents' sleeping for 36.99 seconds {{(pid=105755) _run_loop /opt/stack/data/venv/lib/python3.12/site-packages/oslo_service/backend/_threading/loopingcall.py:125}}
May 09 09:06:25.975480 np0000173036 neutron-periodic-workers[105755]: DEBUG dbcounter [-] [105755] Writing DB stats neutron:SELECT=3 {{(pid=105755) stat_writer /opt/stack/data/venv/lib/python3.12/site-packages/dbcounter.py:115}}
May 09 09:06:26.991869 np0000173036 neutron-periodic-workers[105759]: DEBUG neutron.db.agents_db [None req-231e8af4-e29b-4e71-86f1-82fce150929b None None] Agent healthcheck: found 0 active agents {{(pid=105759) agent_health_check /opt/stack/neutron/neutron/db/agents_db.py:322}}
May 09 09:06:26.992558 np0000173036 neutron-periodic-workers[105759]: DEBUG oslo.service.backend._threading.loopingcall [None req-231e8af4-e29b-4e71-86f1-82fce150929b None None] Fixed interval looping call 'neutron.plugins.ml2.plugin.AgentDbMixin.agent_health_check' sleeping for 36.99 seconds {{(pid=105759) _run_loop /opt/stack/data/venv/lib/python3.12/site-packages/oslo_service/backend/_threading/loopingcall.py:125}}
May 09 09:06:36.990661 np0000173036 neutron-periodic-workers[105759]: DEBUG dbcounter [-] [105759] Writing DB stats neutron:SELECT=1 {{(pid=105759) stat_writer /opt/stack/data/venv/lib/python3.12/site-packages/dbcounter.py:115}}
May 09 09:06:52.978605 np0000173036 neutron-periodic-workers[105755]: DEBUG oslo.service.backend._threading.loopingcall [None req-f3b194a4-b696-44ac-a422-66b10cabe0cc None None] Fixed interval looping call 'neutron.plugins.ml2.plugin.DhcpAgentSchedulerDbMixin.remove_networks_from_down_agents' sleeping for 36.99 seconds {{(pid=105755) _run_loop /opt/stack/data/venv/lib/python3.12/site-packages/oslo_service/backend/_threading/loopingcall.py:125}}
May 09 09:07:02.977205 np0000173036 neutron-periodic-workers[105755]: DEBUG dbcounter [-] [105755] Writing DB stats neutron:SELECT=3 {{(pid=105755) stat_writer /opt/stack/data/venv/lib/python3.12/site-packages/dbcounter.py:115}}
May 09 09:07:03.988704 np0000173036 neutron-periodic-workers[105759]: DEBUG neutron.db.agents_db [None req-231e8af4-e29b-4e71-86f1-82fce150929b None None] Agent healthcheck: found 0 active agents {{(pid=105759) agent_health_check /opt/stack/neutron/neutron/db/agents_db.py:322}}
May 09 09:07:03.988704 np0000173036 neutron-periodic-workers[105759]: DEBUG oslo.service.backend._threading.loopingcall [None req-231e8af4-e29b-4e71-86f1-82fce150929b None None] Fixed interval looping call 'neutron.plugins.ml2.plugin.AgentDbMixin.agent_health_check' sleeping for 36.99 seconds {{(pid=105759) _run_loop /opt/stack/data/venv/lib/python3.12/site-packages/oslo_service/backend/_threading/loopingcall.py:125}}
May 09 09:07:06.059226 np0000173036 neutron-periodic-workers[105774]: DEBUG dbcounter [-] [105774] Writer thread running {{(pid=105774) stat_writer /opt/stack/data/venv/lib/python3.12/site-packages/dbcounter.py:102}}
May 09 09:07:06.090642 np0000173036 neutron-periodic-workers[105774]: DEBUG oslo.service.backend._threading.loopingcall [None req-009736b1-653e-4a25-9040-53486ddca370 None None] Fixed interval looping call 'neutron.services.ovn_l3.plugin.L3_NAT_dbonly_mixin._clean_garbage' sleeping for 299.94 seconds {{(pid=105774) _run_loop /opt/stack/data/venv/lib/python3.12/site-packages/oslo_service/backend/_threading/loopingcall.py:125}}
May 09 09:07:13.986889 np0000173036 neutron-periodic-workers[105759]: DEBUG dbcounter [-] [105759] Writing DB stats neutron:SELECT=1 {{(pid=105759) stat_writer /opt/stack/data/venv/lib/python3.12/site-packages/dbcounter.py:115}}
May 09 09:07:16.059884 np0000173036 neutron-periodic-workers[105774]: DEBUG dbcounter [-] [105774] Writing DB stats neutron:SELECT=1 {{(pid=105774) stat_writer /opt/stack/data/venv/lib/python3.12/site-packages/dbcounter.py:115}}
May 09 09:07:29.979298 np0000173036 neutron-periodic-workers[105755]: DEBUG oslo.service.backend._threading.loopingcall [None req-f3b194a4-b696-44ac-a422-66b10cabe0cc None None] Fixed interval looping call 'neutron.plugins.ml2.plugin.DhcpAgentSchedulerDbMixin.remove_networks_from_down_agents' sleeping for 36.99 seconds {{(pid=105755) _run_loop /opt/stack/data/venv/lib/python3.12/site-packages/oslo_service/backend/_threading/loopingcall.py:125}}
May 09 09:07:39.978699 np0000173036 neutron-periodic-workers[105755]: DEBUG dbcounter [-] [105755] Writing DB stats neutron:SELECT=3 {{(pid=105755) stat_writer /opt/stack/data/venv/lib/python3.12/site-packages/dbcounter.py:115}}
May 09 09:07:40.020952 np0000173036 neutron-periodic-workers[105769]: DEBUG oslo.service.backend._threading.loopingcall [None req-5b14ea57-e363-47d6-bb57-f161d8f07c22 None None] Fixed interval looping call 'neutron.db.quota.driver_nolock.DbQuotaNoLockDriver._remove_expired_reservations' sleeping for 119.99 seconds {{(pid=105769) _run_loop /opt/stack/data/venv/lib/python3.12/site-packages/oslo_service/backend/_threading/loopingcall.py:125}}
May 09 09:07:40.983946 np0000173036 neutron-periodic-workers[105759]: DEBUG neutron.db.agents_db [None req-231e8af4-e29b-4e71-86f1-82fce150929b None None] Agent healthcheck: found 0 active agents {{(pid=105759) agent_health_check /opt/stack/neutron/neutron/db/agents_db.py:322}}
May 09 09:07:40.984779 np0000173036 neutron-periodic-workers[105759]: DEBUG oslo.service.backend._threading.loopingcall [None req-231e8af4-e29b-4e71-86f1-82fce150929b None None] Fixed interval looping call 'neutron.plugins.ml2.plugin.AgentDbMixin.agent_health_check' sleeping for 36.99 seconds {{(pid=105759) _run_loop /opt/stack/data/venv/lib/python3.12/site-packages/oslo_service/backend/_threading/loopingcall.py:125}}
May 09 09:07:50.019772 np0000173036 neutron-periodic-workers[105769]: DEBUG dbcounter [-] [105769] Writing DB stats neutron:DELETE=1 {{(pid=105769) stat_writer /opt/stack/data/venv/lib/python3.12/site-packages/dbcounter.py:115}}
May 09 09:07:50.982248 np0000173036 neutron-periodic-workers[105759]: DEBUG dbcounter [-] [105759] Writing DB stats neutron:SELECT=1 {{(pid=105759) stat_writer /opt/stack/data/venv/lib/python3.12/site-packages/dbcounter.py:115}}
May 09 09:08:06.979037 np0000173036 neutron-periodic-workers[105755]: DEBUG oslo.service.backend._threading.loopingcall [None req-f3b194a4-b696-44ac-a422-66b10cabe0cc None None] Fixed interval looping call 'neutron.plugins.ml2.plugin.DhcpAgentSchedulerDbMixin.remove_networks_from_down_agents' sleeping for 36.99 seconds {{(pid=105755) _run_loop /opt/stack/data/venv/lib/python3.12/site-packages/oslo_service/backend/_threading/loopingcall.py:125}}
May 09 09:08:16.977976 np0000173036 neutron-periodic-workers[105755]: DEBUG dbcounter [-] [105755] Writing DB stats neutron:SELECT=3 {{(pid=105755) stat_writer /opt/stack/data/venv/lib/python3.12/site-packages/dbcounter.py:115}}
May 09 09:08:17.980771 np0000173036 neutron-periodic-workers[105759]: DEBUG neutron.db.agents_db [None req-231e8af4-e29b-4e71-86f1-82fce150929b None None] Agent healthcheck: found 0 active agents {{(pid=105759) agent_health_check /opt/stack/neutron/neutron/db/agents_db.py:322}}
May 09 09:08:17.981400 np0000173036 neutron-periodic-workers[105759]: DEBUG oslo.service.backend._threading.loopingcall [None req-231e8af4-e29b-4e71-86f1-82fce150929b None None] Fixed interval looping call 'neutron.plugins.ml2.plugin.AgentDbMixin.agent_health_check' sleeping for 36.99 seconds {{(pid=105759) _run_loop /opt/stack/data/venv/lib/python3.12/site-packages/oslo_service/backend/_threading/loopingcall.py:125}}
May 09 09:08:27.978475 np0000173036 neutron-periodic-workers[105759]: DEBUG dbcounter [-] [105759] Writing DB stats neutron:SELECT=1 {{(pid=105759) stat_writer /opt/stack/data/venv/lib/python3.12/site-packages/dbcounter.py:115}}
May 09 09:08:43.976843 np0000173036 neutron-periodic-workers[105755]: DEBUG oslo.service.backend._threading.loopingcall [None req-f3b194a4-b696-44ac-a422-66b10cabe0cc None None] Fixed interval looping call 'neutron.plugins.ml2.plugin.DhcpAgentSchedulerDbMixin.remove_networks_from_down_agents' sleeping for 36.99 seconds {{(pid=105755) _run_loop /opt/stack/data/venv/lib/python3.12/site-packages/oslo_service/backend/_threading/loopingcall.py:125}}
May 09 09:08:53.975775 np0000173036 neutron-periodic-workers[105755]: DEBUG dbcounter [-] [105755] Writing DB stats neutron:SELECT=3 {{(pid=105755) stat_writer /opt/stack/data/venv/lib/python3.12/site-packages/dbcounter.py:115}}
May 09 09:08:54.977066 np0000173036 neutron-periodic-workers[105759]: DEBUG neutron.db.agents_db [None req-231e8af4-e29b-4e71-86f1-82fce150929b None None] Agent healthcheck: found 0 active agents {{(pid=105759) agent_health_check /opt/stack/neutron/neutron/db/agents_db.py:322}}
May 09 09:08:54.977674 np0000173036 neutron-periodic-workers[105759]: DEBUG oslo.service.backend._threading.loopingcall [None req-231e8af4-e29b-4e71-86f1-82fce150929b None None] Fixed interval looping call 'neutron.plugins.ml2.plugin.AgentDbMixin.agent_health_check' sleeping for 36.99 seconds {{(pid=105759) _run_loop /opt/stack/data/venv/lib/python3.12/site-packages/oslo_service/backend/_threading/loopingcall.py:125}}
May 09 09:09:04.976978 np0000173036 neutron-periodic-workers[105759]: DEBUG dbcounter [-] [105759] Writing DB stats neutron:SELECT=1 {{(pid=105759) stat_writer /opt/stack/data/venv/lib/python3.12/site-packages/dbcounter.py:115}}
May 09 09:09:20.975769 np0000173036 neutron-periodic-workers[105755]: DEBUG oslo.service.backend._threading.loopingcall [None req-f3b194a4-b696-44ac-a422-66b10cabe0cc None None] Fixed interval looping call 'neutron.plugins.ml2.plugin.DhcpAgentSchedulerDbMixin.remove_networks_from_down_agents' sleeping for 36.99 seconds {{(pid=105755) _run_loop /opt/stack/data/venv/lib/python3.12/site-packages/oslo_service/backend/_threading/loopingcall.py:125}}
May 09 09:09:30.975485 np0000173036 neutron-periodic-workers[105755]: DEBUG dbcounter [-] [105755] Writing DB stats neutron:SELECT=3 {{(pid=105755) stat_writer /opt/stack/data/venv/lib/python3.12/site-packages/dbcounter.py:115}}
May 09 09:09:31.973825 np0000173036 neutron-periodic-workers[105759]: DEBUG neutron.db.agents_db [None req-231e8af4-e29b-4e71-86f1-82fce150929b None None] Agent healthcheck: found 0 active agents {{(pid=105759) agent_health_check /opt/stack/neutron/neutron/db/agents_db.py:322}}
May 09 09:09:31.974304 np0000173036 neutron-periodic-workers[105759]: DEBUG oslo.service.backend._threading.loopingcall [None req-231e8af4-e29b-4e71-86f1-82fce150929b None None] Fixed interval looping call 'neutron.plugins.ml2.plugin.AgentDbMixin.agent_health_check' sleeping for 36.99 seconds {{(pid=105759) _run_loop /opt/stack/data/venv/lib/python3.12/site-packages/oslo_service/backend/_threading/loopingcall.py:125}}
May 09 09:09:40.015658 np0000173036 neutron-periodic-workers[105769]: DEBUG oslo.service.backend._threading.loopingcall [None req-5b14ea57-e363-47d6-bb57-f161d8f07c22 None None] Fixed interval looping call 'neutron.db.quota.driver_nolock.DbQuotaNoLockDriver._remove_expired_reservations' sleeping for 120.00 seconds {{(pid=105769) _run_loop /opt/stack/data/venv/lib/python3.12/site-packages/oslo_service/backend/_threading/loopingcall.py:125}}
May 09 09:09:41.970569 np0000173036 neutron-periodic-workers[105759]: DEBUG dbcounter [-] [105759] Writing DB stats neutron:SELECT=1 {{(pid=105759) stat_writer /opt/stack/data/venv/lib/python3.12/site-packages/dbcounter.py:115}}
May 09 09:09:50.014390 np0000173036 neutron-periodic-workers[105769]: DEBUG dbcounter [-] [105769] Writing DB stats neutron:DELETE=1 {{(pid=105769) stat_writer /opt/stack/data/venv/lib/python3.12/site-packages/dbcounter.py:115}}
May 09 09:09:57.976713 np0000173036 neutron-periodic-workers[105755]: DEBUG oslo.service.backend._threading.loopingcall [None req-f3b194a4-b696-44ac-a422-66b10cabe0cc None None] Fixed interval looping call 'neutron.plugins.ml2.plugin.DhcpAgentSchedulerDbMixin.remove_networks_from_down_agents' sleeping for 36.99 seconds {{(pid=105755) _run_loop /opt/stack/data/venv/lib/python3.12/site-packages/oslo_service/backend/_threading/loopingcall.py:125}}
May 09 09:10:07.974653 np0000173036 neutron-periodic-workers[105755]: DEBUG dbcounter [-] [105755] Writing DB stats neutron:SELECT=3 {{(pid=105755) stat_writer /opt/stack/data/venv/lib/python3.12/site-packages/dbcounter.py:115}}
May 09 09:10:08.970736 np0000173036 neutron-periodic-workers[105759]: DEBUG neutron.db.agents_db [None req-231e8af4-e29b-4e71-86f1-82fce150929b None None] Agent healthcheck: found 0 active agents {{(pid=105759) agent_health_check /opt/stack/neutron/neutron/db/agents_db.py:322}}
May 09 09:10:08.971538 np0000173036 neutron-periodic-workers[105759]: DEBUG oslo.service.backend._threading.loopingcall [None req-231e8af4-e29b-4e71-86f1-82fce150929b None None] Fixed interval looping call 'neutron.plugins.ml2.plugin.AgentDbMixin.agent_health_check' sleeping for 36.99 seconds {{(pid=105759) _run_loop /opt/stack/data/venv/lib/python3.12/site-packages/oslo_service/backend/_threading/loopingcall.py:125}}
May 09 09:10:18.968226 np0000173036 neutron-periodic-workers[105759]: DEBUG dbcounter [-] [105759] Writing DB stats neutron:SELECT=1 {{(pid=105759) stat_writer /opt/stack/data/venv/lib/python3.12/site-packages/dbcounter.py:115}}
May 09 09:10:34.977877 np0000173036 neutron-periodic-workers[105755]: DEBUG oslo.service.backend._threading.loopingcall [None req-f3b194a4-b696-44ac-a422-66b10cabe0cc None None] Fixed interval looping call 'neutron.plugins.ml2.plugin.DhcpAgentSchedulerDbMixin.remove_networks_from_down_agents' sleeping for 36.99 seconds {{(pid=105755) _run_loop /opt/stack/data/venv/lib/python3.12/site-packages/oslo_service/backend/_threading/loopingcall.py:125}}
May 09 09:10:44.975929 np0000173036 neutron-periodic-workers[105755]: DEBUG dbcounter [-] [105755] Writing DB stats neutron:SELECT=3 {{(pid=105755) stat_writer /opt/stack/data/venv/lib/python3.12/site-packages/dbcounter.py:115}}
May 09 09:10:45.966621 np0000173036 neutron-periodic-workers[105759]: DEBUG neutron.db.agents_db [None req-231e8af4-e29b-4e71-86f1-82fce150929b None None] Agent healthcheck: found 0 active agents {{(pid=105759) agent_health_check /opt/stack/neutron/neutron/db/agents_db.py:322}}
May 09 09:10:45.967374 np0000173036 neutron-periodic-workers[105759]: DEBUG oslo.service.backend._threading.loopingcall [None req-231e8af4-e29b-4e71-86f1-82fce150929b None None] Fixed interval looping call 'neutron.plugins.ml2.plugin.AgentDbMixin.agent_health_check' sleeping for 36.99 seconds {{(pid=105759) _run_loop /opt/stack/data/venv/lib/python3.12/site-packages/oslo_service/backend/_threading/loopingcall.py:125}}
May 09 09:10:55.965436 np0000173036 neutron-periodic-workers[105759]: DEBUG dbcounter [-] [105759] Writing DB stats neutron:SELECT=1 {{(pid=105759) stat_writer /opt/stack/data/venv/lib/python3.12/site-packages/dbcounter.py:115}}
May 09 09:11:11.977306 np0000173036 neutron-periodic-workers[105755]: DEBUG oslo.service.backend._threading.loopingcall [None req-f3b194a4-b696-44ac-a422-66b10cabe0cc None None] Fixed interval looping call 'neutron.plugins.ml2.plugin.DhcpAgentSchedulerDbMixin.remove_networks_from_down_agents' sleeping for 36.99 seconds {{(pid=105755) _run_loop /opt/stack/data/venv/lib/python3.12/site-packages/oslo_service/backend/_threading/loopingcall.py:125}}
May 09 09:11:21.976295 np0000173036 neutron-periodic-workers[105755]: DEBUG dbcounter [-] [105755] Writing DB stats neutron:SELECT=3 {{(pid=105755) stat_writer /opt/stack/data/venv/lib/python3.12/site-packages/dbcounter.py:115}}
May 09 09:11:22.965639 np0000173036 neutron-periodic-workers[105759]: DEBUG neutron.db.agents_db [None req-231e8af4-e29b-4e71-86f1-82fce150929b None None] Agent healthcheck: found 0 active agents {{(pid=105759) agent_health_check /opt/stack/neutron/neutron/db/agents_db.py:322}}
May 09 09:11:22.966343 np0000173036 neutron-periodic-workers[105759]: DEBUG oslo.service.backend._threading.loopingcall [None req-231e8af4-e29b-4e71-86f1-82fce150929b None None] Fixed interval looping call 'neutron.plugins.ml2.plugin.AgentDbMixin.agent_health_check' sleeping for 36.99 seconds {{(pid=105759) _run_loop /opt/stack/data/venv/lib/python3.12/site-packages/oslo_service/backend/_threading/loopingcall.py:125}}
May 09 09:11:32.962392 np0000173036 neutron-periodic-workers[105759]: DEBUG dbcounter [-] [105759] Writing DB stats neutron:SELECT=1 {{(pid=105759) stat_writer /opt/stack/data/venv/lib/python3.12/site-packages/dbcounter.py:115}}
May 09 09:11:40.020968 np0000173036 neutron-periodic-workers[105769]: DEBUG oslo.service.backend._threading.loopingcall [None req-5b14ea57-e363-47d6-bb57-f161d8f07c22 None None] Fixed interval looping call 'neutron.db.quota.driver_nolock.DbQuotaNoLockDriver._remove_expired_reservations' sleeping for 120.00 seconds {{(pid=105769) _run_loop /opt/stack/data/venv/lib/python3.12/site-packages/oslo_service/backend/_threading/loopingcall.py:125}}
May 09 09:11:48.981224 np0000173036 neutron-periodic-workers[105755]: DEBUG oslo.service.backend._threading.loopingcall [None req-f3b194a4-b696-44ac-a422-66b10cabe0cc None None] Fixed interval looping call 'neutron.plugins.ml2.plugin.DhcpAgentSchedulerDbMixin.remove_networks_from_down_agents' sleeping for 36.99 seconds {{(pid=105755) _run_loop /opt/stack/data/venv/lib/python3.12/site-packages/oslo_service/backend/_threading/loopingcall.py:125}}
May 09 09:11:50.019842 np0000173036 neutron-periodic-workers[105769]: DEBUG dbcounter [-] [105769] Writing DB stats neutron:DELETE=1 {{(pid=105769) stat_writer /opt/stack/data/venv/lib/python3.12/site-packages/dbcounter.py:115}}
May 09 09:11:58.978904 np0000173036 neutron-periodic-workers[105755]: DEBUG dbcounter [-] [105755] Writing DB stats neutron:SELECT=3 {{(pid=105755) stat_writer /opt/stack/data/venv/lib/python3.12/site-packages/dbcounter.py:115}}
May 09 09:11:59.962357 np0000173036 neutron-periodic-workers[105759]: DEBUG neutron.db.agents_db [None req-231e8af4-e29b-4e71-86f1-82fce150929b None None] Agent healthcheck: found 0 active agents {{(pid=105759) agent_health_check /opt/stack/neutron/neutron/db/agents_db.py:322}}
May 09 09:11:59.963375 np0000173036 neutron-periodic-workers[105759]: DEBUG oslo.service.backend._threading.loopingcall [None req-231e8af4-e29b-4e71-86f1-82fce150929b None None] Fixed interval looping call 'neutron.plugins.ml2.plugin.AgentDbMixin.agent_health_check' sleeping for 36.99 seconds {{(pid=105759) _run_loop /opt/stack/data/venv/lib/python3.12/site-packages/oslo_service/backend/_threading/loopingcall.py:125}}
May 09 09:12:07.002373 np0000173036 neutron-periodic-workers[105774]: DEBUG oslo.service.backend._threading.loopingcall [None req-009736b1-653e-4a25-9040-53486ddca370 None None] Fixed interval looping call 'neutron.services.ovn_l3.plugin.L3_NAT_dbonly_mixin._clean_garbage' sleeping for 299.04 seconds {{(pid=105774) _run_loop /opt/stack/data/venv/lib/python3.12/site-packages/oslo_service/backend/_threading/loopingcall.py:125}}
May 09 09:12:09.961094 np0000173036 neutron-periodic-workers[105759]: DEBUG dbcounter [-] [105759] Writing DB stats neutron:SELECT=1 {{(pid=105759) stat_writer /opt/stack/data/venv/lib/python3.12/site-packages/dbcounter.py:115}}
May 09 09:12:16.035024 np0000173036 neutron-periodic-workers[105774]: DEBUG dbcounter [-] [105774] Writing DB stats neutron:SELECT=1 {{(pid=105774) stat_writer /opt/stack/data/venv/lib/python3.12/site-packages/dbcounter.py:115}}
May 09 09:12:25.979911 np0000173036 neutron-periodic-workers[105755]: DEBUG oslo.service.backend._threading.loopingcall [None req-f3b194a4-b696-44ac-a422-66b10cabe0cc None None] Fixed interval looping call 'neutron.plugins.ml2.plugin.DhcpAgentSchedulerDbMixin.remove_networks_from_down_agents' sleeping for 36.99 seconds {{(pid=105755) _run_loop /opt/stack/data/venv/lib/python3.12/site-packages/oslo_service/backend/_threading/loopingcall.py:125}}
May 09 09:12:35.979041 np0000173036 neutron-periodic-workers[105755]: DEBUG dbcounter [-] [105755] Writing DB stats neutron:SELECT=3 {{(pid=105755) stat_writer /opt/stack/data/venv/lib/python3.12/site-packages/dbcounter.py:115}}
May 09 09:12:36.958272 np0000173036 neutron-periodic-workers[105759]: DEBUG neutron.db.agents_db [None req-231e8af4-e29b-4e71-86f1-82fce150929b None None] Agent healthcheck: found 0 active agents {{(pid=105759) agent_health_check /opt/stack/neutron/neutron/db/agents_db.py:322}}
May 09 09:12:36.959056 np0000173036 neutron-periodic-workers[105759]: DEBUG oslo.service.backend._threading.loopingcall [None req-231e8af4-e29b-4e71-86f1-82fce150929b None None] Fixed interval looping call 'neutron.plugins.ml2.plugin.AgentDbMixin.agent_health_check' sleeping for 36.99 seconds {{(pid=105759) _run_loop /opt/stack/data/venv/lib/python3.12/site-packages/oslo_service/backend/_threading/loopingcall.py:125}}
May 09 09:12:46.956683 np0000173036 neutron-periodic-workers[105759]: DEBUG dbcounter [-] [105759] Writing DB stats neutron:SELECT=1 {{(pid=105759) stat_writer /opt/stack/data/venv/lib/python3.12/site-packages/dbcounter.py:115}}
May 09 09:13:02.981647 np0000173036 neutron-periodic-workers[105755]: DEBUG oslo.service.backend._threading.loopingcall [None req-f3b194a4-b696-44ac-a422-66b10cabe0cc None None] Fixed interval looping call 'neutron.plugins.ml2.plugin.DhcpAgentSchedulerDbMixin.remove_networks_from_down_agents' sleeping for 36.99 seconds {{(pid=105755) _run_loop /opt/stack/data/venv/lib/python3.12/site-packages/oslo_service/backend/_threading/loopingcall.py:125}}
May 09 09:13:12.980616 np0000173036 neutron-periodic-workers[105755]: DEBUG dbcounter [-] [105755] Writing DB stats neutron:SELECT=3 {{(pid=105755) stat_writer /opt/stack/data/venv/lib/python3.12/site-packages/dbcounter.py:115}}
May 09 09:13:13.954527 np0000173036 neutron-periodic-workers[105759]: DEBUG neutron.db.agents_db [None req-231e8af4-e29b-4e71-86f1-82fce150929b None None] Agent healthcheck: found 0 active agents {{(pid=105759) agent_health_check /opt/stack/neutron/neutron/db/agents_db.py:322}}
May 09 09:13:13.955442 np0000173036 neutron-periodic-workers[105759]: DEBUG oslo.service.backend._threading.loopingcall [None req-231e8af4-e29b-4e71-86f1-82fce150929b None None] Fixed interval looping call 'neutron.plugins.ml2.plugin.AgentDbMixin.agent_health_check' sleeping for 36.99 seconds {{(pid=105759) _run_loop /opt/stack/data/venv/lib/python3.12/site-packages/oslo_service/backend/_threading/loopingcall.py:125}}
May 09 09:13:23.952844 np0000173036 neutron-periodic-workers[105759]: DEBUG dbcounter [-] [105759] Writing DB stats neutron:SELECT=1 {{(pid=105759) stat_writer /opt/stack/data/venv/lib/python3.12/site-packages/dbcounter.py:115}}
May 09 09:13:39.981981 np0000173036 neutron-periodic-workers[105755]: DEBUG oslo.service.backend._threading.loopingcall [None req-f3b194a4-b696-44ac-a422-66b10cabe0cc None None] Fixed interval looping call 'neutron.plugins.ml2.plugin.DhcpAgentSchedulerDbMixin.remove_networks_from_down_agents' sleeping for 36.99 seconds {{(pid=105755) _run_loop /opt/stack/data/venv/lib/python3.12/site-packages/oslo_service/backend/_threading/loopingcall.py:125}}
May 09 09:13:40.026928 np0000173036 neutron-periodic-workers[105769]: DEBUG oslo.service.backend._threading.loopingcall [None req-5b14ea57-e363-47d6-bb57-f161d8f07c22 None None] Fixed interval looping call 'neutron.db.quota.driver_nolock.DbQuotaNoLockDriver._remove_expired_reservations' sleeping for 119.99 seconds {{(pid=105769) _run_loop /opt/stack/data/venv/lib/python3.12/site-packages/oslo_service/backend/_threading/loopingcall.py:125}}
May 09 09:13:49.980136 np0000173036 neutron-periodic-workers[105755]: DEBUG dbcounter [-] [105755] Writing DB stats neutron:SELECT=3 {{(pid=105755) stat_writer /opt/stack/data/venv/lib/python3.12/site-packages/dbcounter.py:115}}
May 09 09:13:50.025686 np0000173036 neutron-periodic-workers[105769]: DEBUG dbcounter [-] [105769] Writing DB stats neutron:DELETE=1 {{(pid=105769) stat_writer /opt/stack/data/venv/lib/python3.12/site-packages/dbcounter.py:115}}
May 09 09:13:50.950291 np0000173036 neutron-periodic-workers[105759]: DEBUG neutron.db.agents_db [None req-231e8af4-e29b-4e71-86f1-82fce150929b None None] Agent healthcheck: found 0 active agents {{(pid=105759) agent_health_check /opt/stack/neutron/neutron/db/agents_db.py:322}}
May 09 09:13:50.951078 np0000173036 neutron-periodic-workers[105759]: DEBUG oslo.service.backend._threading.loopingcall [None req-231e8af4-e29b-4e71-86f1-82fce150929b None None] Fixed interval looping call 'neutron.plugins.ml2.plugin.AgentDbMixin.agent_health_check' sleeping for 36.99 seconds {{(pid=105759) _run_loop /opt/stack/data/venv/lib/python3.12/site-packages/oslo_service/backend/_threading/loopingcall.py:125}}
May 09 09:14:00.948832 np0000173036 neutron-periodic-workers[105759]: DEBUG dbcounter [-] [105759] Writing DB stats neutron:SELECT=1 {{(pid=105759) stat_writer /opt/stack/data/venv/lib/python3.12/site-packages/dbcounter.py:115}}
May 09 09:14:16.979225 np0000173036 neutron-periodic-workers[105755]: DEBUG oslo.service.backend._threading.loopingcall [None req-f3b194a4-b696-44ac-a422-66b10cabe0cc None None] Fixed interval looping call 'neutron.plugins.ml2.plugin.DhcpAgentSchedulerDbMixin.remove_networks_from_down_agents' sleeping for 36.99 seconds {{(pid=105755) _run_loop /opt/stack/data/venv/lib/python3.12/site-packages/oslo_service/backend/_threading/loopingcall.py:125}}
