2026-05-28 22:59:14.426 10 INFO neutron.wsgi [None req-e14eb070-0757-4873-befe-67eb6cae3210 35a555ac23a94e57a9f79dda8c4a66e2 abca2eff1ea64991bf932e12c550617f - - default default] 10.0.0.99 "DELETE /v2.0/floatingips/0d4312a3-82cd-45b8-9418-f684ca6838ae HTTP/1.1" status: 404 len: 345 time: 0.0278435
2026-05-28 22:59:14.787 9 INFO neutron.wsgi [req-0d74ccbd-116a-456f-ae20-87cb38825665 req-81ccf0e0-539e-44c4-a5aa-c4cb0b6b9323 0d90fa8f3ebc4c6aae72d87acd7d1054 674dde6c762847b5815c0421ea488ea1 - - default default] 10.0.0.30 "GET /v2.0/ports?device_id=cba1bc3f-8534-4309-8b7a-437769af825e HTTP/1.1" status: 200 len: 1174 time: 0.1922626
2026-05-28 22:59:14.791 9 INFO neutron.wsgi [req-26d96d05-608c-4610-aa8d-a6111560fc5b req-1f2be0c0-5e0f-4243-846d-bae9419fc7b9 bf746973377e4125bf0fdaf48551a4ca 96f8db49fcda430eb1a26f68333f37f8 - - f90c3c6d40d74f4b8e4ad62d3d4b34e2 f90c3c6d40d74f4b8e4ad62d3d4b34e2] 199.204.45.140 "GET /v2.0/ports?device_id=cba1bc3f-8534-4309-8b7a-437769af825e&fields=binding%3Ahost_id&fields=binding%3Avif_type HTTP/1.1" status: 200 len: 265 time: 0.0875051
2026-05-28 22:59:14.912 10 INFO neutron.wsgi [None req-8ed24350-0838-42db-a877-3ac0fb700894 35a555ac23a94e57a9f79dda8c4a66e2 abca2eff1ea64991bf932e12c550617f - - default default] 10.0.0.99 "DELETE /v2.0/ports/c21929ba-03c2-453e-969b-1c9d6009bc60 HTTP/1.1" status: 204 len: 168 time: 0.4788880
2026-05-28 22:59:14.929 9 INFO neutron.wsgi [req-0d74ccbd-116a-456f-ae20-87cb38825665 req-da076c9b-d90a-42a4-a451-d0738ecd2836 0d90fa8f3ebc4c6aae72d87acd7d1054 674dde6c762847b5815c0421ea488ea1 - - default default] 10.0.0.30 "GET /v2.0/security-groups?id=8e7eba74-1fa5-464d-abe1-7cdb83775273&fields=id&fields=name HTTP/1.1" status: 200 len: 312 time: 0.1306343
2026-05-28 22:59:14.936 9 INFO neutron.wsgi [req-26d96d05-608c-4610-aa8d-a6111560fc5b req-8d4aa323-43c7-4a99-8522-41e6c0e1046c bf746973377e4125bf0fdaf48551a4ca 96f8db49fcda430eb1a26f68333f37f8 - - f90c3c6d40d74f4b8e4ad62d3d4b34e2 f90c3c6d40d74f4b8e4ad62d3d4b34e2] 199.204.45.140 "GET /v2.0/ports?tenant_id=674dde6c762847b5815c0421ea488ea1&device_id=cba1bc3f-8534-4309-8b7a-437769af825e HTTP/1.1" status: 200 len: 1413 time: 0.0862603
2026-05-28 22:59:15.112 9 INFO neutron.wsgi [req-26d96d05-608c-4610-aa8d-a6111560fc5b req-0375f75b-d182-4d2d-9f9f-8f5f6a4d0736 bf746973377e4125bf0fdaf48551a4ca 96f8db49fcda430eb1a26f68333f37f8 - - f90c3c6d40d74f4b8e4ad62d3d4b34e2 f90c3c6d40d74f4b8e4ad62d3d4b34e2] 199.204.45.140 "GET /v2.0/networks?id=28488771-4ac9-4c0c-b5b0-f4fceb18088c HTTP/1.1" status: 200 len: 973 time: 0.1436982
2026-05-28 22:59:15.223 10 INFO neutron.plugins.ml2.drivers.ovn.mech_driver.mech_driver [None req-f20f73ee-6b86-4f38-ba18-6326d533e0b2 - - - - - -] OVN reports status down for port: 83653442-d6ca-435b-baf6-f764ca6f2957
2026-05-28 22:59:15.440 10 INFO neutron.wsgi [None req-fcb96cee-0389-444e-94db-d5664f06cbd9 35a555ac23a94e57a9f79dda8c4a66e2 abca2eff1ea64991bf932e12c550617f - - default default] 10.0.0.99 "DELETE /v2.0/ports/2b1438da-82f7-44ff-a585-5941919581bf HTTP/1.1" status: 204 len: 168 time: 0.5213306
2026-05-28 22:59:15.511 10 INFO neutron.wsgi [None req-da87a6eb-47a8-42a0-9080-395494273788 35a555ac23a94e57a9f79dda8c4a66e2 abca2eff1ea64991bf932e12c550617f - - default default] 10.0.0.99 "GET /v2.0/ports?device_id=93f861f2-5698-442a-aa39-9276b4bcf9c3 HTTP/1.1" status: 200 len: 1140 time: 0.0648532
2026-05-28 22:59:15.582 9 INFO neutron.wsgi [req-26d96d05-608c-4610-aa8d-a6111560fc5b req-8a55d87d-1e91-44d0-a62d-ab15926869e4 bf746973377e4125bf0fdaf48551a4ca 96f8db49fcda430eb1a26f68333f37f8 - - f90c3c6d40d74f4b8e4ad62d3d4b34e2 f90c3c6d40d74f4b8e4ad62d3d4b34e2] 199.204.45.140 "GET /v2.0/floatingips?fixed_ip_address=10.100.0.14&port_id=83653442-d6ca-435b-baf6-f764ca6f2957 HTTP/1.1" status: 200 len: 1060 time: 0.4620972
2026-05-28 22:59:15.599 9 INFO neutron.wsgi [req-aeb26f26-4412-4b9f-8fdc-083c65a7e0c4 req-ce07a854-273b-48c1-9aef-70542fb8ae7a 0d90fa8f3ebc4c6aae72d87acd7d1054 674dde6c762847b5815c0421ea488ea1 - - default default] 10.0.0.30 "GET /v2.0/ports?device_id=cba1bc3f-8534-4309-8b7a-437769af825e HTTP/1.1" status: 200 len: 1172 time: 0.1190104
2026-05-28 22:59:15.610 9 INFO neutron.wsgi [req-12f689ac-8792-4d8a-90b0-d86723ee1121 req-cf74eef4-beb0-46a4-86ca-ff67392ba0d3 7468dc1562e540f98beb09c489e76389 dbefbf8f561640febb9e098f32cd088f - - default default] 10.0.0.30 "GET /v2.0/ports?device_id=3c726d6c-b622-443d-a792-e768c6643a57 HTTP/1.1" status: 200 len: 1168 time: 0.1288936
2026-05-28 22:59:15.675 9 INFO neutron.wsgi [req-26d96d05-608c-4610-aa8d-a6111560fc5b req-10432be7-0ef7-4de7-85a5-36b97eb0a58b bf746973377e4125bf0fdaf48551a4ca 96f8db49fcda430eb1a26f68333f37f8 - - f90c3c6d40d74f4b8e4ad62d3d4b34e2 f90c3c6d40d74f4b8e4ad62d3d4b34e2] 199.204.45.140 "GET /v2.0/subnets?id=81f516e5-b5df-4ee7-86cd-d569017bbbd5 HTTP/1.1" status: 200 len: 868 time: 0.0836542
2026-05-28 22:59:15.708 9 INFO neutron.wsgi [req-aeb26f26-4412-4b9f-8fdc-083c65a7e0c4 req-4547a6e3-c5af-410e-b1fb-8da6a6d37ad8 0d90fa8f3ebc4c6aae72d87acd7d1054 674dde6c762847b5815c0421ea488ea1 - - default default] 10.0.0.30 "GET /v2.0/security-groups?id=8e7eba74-1fa5-464d-abe1-7cdb83775273&fields=id&fields=name HTTP/1.1" status: 200 len: 312 time: 0.0964088
2026-05-28 22:59:15.719 9 INFO neutron.wsgi [req-26d96d05-608c-4610-aa8d-a6111560fc5b req-10c3c9ed-fd8f-485f-ab28-8e356fd05314 bf746973377e4125bf0fdaf48551a4ca 96f8db49fcda430eb1a26f68333f37f8 - - f90c3c6d40d74f4b8e4ad62d3d4b34e2 f90c3c6d40d74f4b8e4ad62d3d4b34e2] 199.204.45.140 "GET /v2.0/ports?network_id=28488771-4ac9-4c0c-b5b0-f4fceb18088c&device_owner=network%3Adhcp HTTP/1.1" status: 200 len: 210 time: 0.0355172
2026-05-28 22:59:15.723 9 INFO neutron.wsgi [req-12f689ac-8792-4d8a-90b0-d86723ee1121 req-49557136-9695-4951-8636-115dcbaf4208 7468dc1562e540f98beb09c489e76389 dbefbf8f561640febb9e098f32cd088f - - default default] 10.0.0.30 "GET /v2.0/security-groups?id=6b2117ef-0257-4e0b-adea-2b4187a5b017&fields=id&fields=name HTTP/1.1" status: 200 len: 286 time: 0.0961781
2026-05-28 22:59:15.749 10 INFO neutron.wsgi [req-12dc6fc9-02fc-498c-8f65-50829bd9e358 req-21e67f0a-2666-43e8-8f70-38c19728ad49 0d90fa8f3ebc4c6aae72d87acd7d1054 674dde6c762847b5815c0421ea488ea1 - - default default] 199.204.45.140 "GET /v2.0/ports?device_id=cba1bc3f-8534-4309-8b7a-437769af825e HTTP/1.1" status: 200 len: 1172 time: 0.2247281
2026-05-28 22:59:15.752 10 INFO neutron.notifiers.nova [-] Nova event matching ['req-1234b839-903e-43f1-b662-01ff01234dae'] response: {'server_uuid': 'cba1bc3f-8534-4309-8b7a-437769af825e', 'name': 'network-vif-unplugged', 'status': 'completed', 'tag': '83653442-d6ca-435b-baf6-f764ca6f2957', 'code': 200}
2026-05-28 22:59:15.831 10 INFO neutron.db.ovn_revision_numbers_db [None req-f20f73ee-6b86-4f38-ba18-6326d533e0b2 - - - - - -] Successfully bumped revision number for resource 83653442-d6ca-435b-baf6-f764ca6f2957 (type: ports) to 7
2026-05-28 22:59:15.836 9 INFO neutron.wsgi [req-26d96d05-608c-4610-aa8d-a6111560fc5b req-b76b0760-1a59-4429-a59d-fa381771d4d0 bf746973377e4125bf0fdaf48551a4ca 96f8db49fcda430eb1a26f68333f37f8 - - f90c3c6d40d74f4b8e4ad62d3d4b34e2 f90c3c6d40d74f4b8e4ad62d3d4b34e2] 199.204.45.140 "GET /v2.0/networks/28488771-4ac9-4c0c-b5b0-f4fceb18088c?fields=segments HTTP/1.1" status: 200 len: 212 time: 0.1043603
2026-05-28 22:59:15.955 9 INFO neutron.wsgi [req-26d96d05-608c-4610-aa8d-a6111560fc5b req-b6a10469-52ca-4b8c-aa9e-fe92faa68f17 bf746973377e4125bf0fdaf48551a4ca 96f8db49fcda430eb1a26f68333f37f8 - - f90c3c6d40d74f4b8e4ad62d3d4b34e2 f90c3c6d40d74f4b8e4ad62d3d4b34e2] 199.204.45.140 "GET /v2.0/networks/28488771-4ac9-4c0c-b5b0-f4fceb18088c?fields=provider%3Aphysical_network&fields=provider%3Anetwork_type HTTP/1.1" status: 200 len: 277 time: 0.1114564
2026-05-28 22:59:16.515 10 INFO neutron.db.l3_db [req-12dc6fc9-02fc-498c-8f65-50829bd9e358 req-21459c6e-0aaa-4e0e-9b33-448a756b4ffa 0d90fa8f3ebc4c6aae72d87acd7d1054 674dde6c762847b5815c0421ea488ea1 - - default default] Floating IP aa5093c0-1229-4455-93ec-38269ad07b43 disassociated. External IP: 10.96.250.217, port: 83653442-d6ca-435b-baf6-f764ca6f2957.
2026-05-28 22:59:16.718 10 INFO neutron.wsgi [req-12dc6fc9-02fc-498c-8f65-50829bd9e358 req-21459c6e-0aaa-4e0e-9b33-448a756b4ffa 0d90fa8f3ebc4c6aae72d87acd7d1054 674dde6c762847b5815c0421ea488ea1 - - default default] 199.204.45.140 "DELETE /v2.0/ports/83653442-d6ca-435b-baf6-f764ca6f2957 HTTP/1.1" status: 204 len: 173 time: 0.9542396
2026-05-28 22:59:16.843 9 INFO neutron.wsgi [req-13de7bbc-8a7f-4a2d-82f6-4f6bedaa1fa3 req-1b4ea10a-4e7b-4ae7-8466-cc0d1853e3c5 0d90fa8f3ebc4c6aae72d87acd7d1054 674dde6c762847b5815c0421ea488ea1 - - default default] 10.0.0.30 "GET /v2.0/ports?device_id=cba1bc3f-8534-4309-8b7a-437769af825e HTTP/1.1" status: 200 len: 210 time: 0.0478265
2026-05-28 22:59:16.879 9 INFO neutron.wsgi [req-cc05652d-66bb-4883-be77-d065466c71bb req-eae8d250-559a-479c-a245-acb0cf40892c 7468dc1562e540f98beb09c489e76389 dbefbf8f561640febb9e098f32cd088f - - default default] 10.0.0.30 "GET /v2.0/ports?device_id=3c726d6c-b622-443d-a792-e768c6643a57 HTTP/1.1" status: 200 len: 1168 time: 0.0848906
2026-05-28 22:59:16.957 9 INFO neutron.wsgi [req-cc05652d-66bb-4883-be77-d065466c71bb req-f4c73552-d7c5-40af-a514-4bf8dbf469b9 7468dc1562e540f98beb09c489e76389 dbefbf8f561640febb9e098f32cd088f - - default default] 10.0.0.30 "GET /v2.0/security-groups?id=6b2117ef-0257-4e0b-adea-2b4187a5b017&fields=id&fields=name HTTP/1.1" status: 200 len: 286 time: 0.0567598
2026-05-28 22:59:17.106 9 INFO neutron.wsgi [None req-c31bb1f3-1505-45a3-8aff-c3aa83a3796d f12e61e4e00c4884a2149d8b62c222a5 e81ddcfb6cb24c6695923dcab8829e85 - - default default] 10.0.0.99 "PUT /v2.0/routers/006baada-3765-4e41-991b-877eef769a85/remove_router_interface HTTP/1.1" status: 200 len: 503 time: 2.4938138 /var/lib/openstack/lib/python3.10/site-packages/pycadf/identifier.py:71: UserWarning: Invalid uuid: neutron. To ensure interoperability, identifiers should be a valid uuid. warnings.warn(('Invalid uuid: %s. To ensure interoperability, '
2026-05-28 22:59:17.225 10 INFO neutron.wsgi [None req-78c99a25-ab69-417f-ab75-59f4744d4907 35a555ac23a94e57a9f79dda8c4a66e2 abca2eff1ea64991bf932e12c550617f - - default default] 10.0.0.99 "PUT /v2.0/routers/93f861f2-5698-442a-aa39-9276b4bcf9c3/remove_router_interface HTTP/1.1" status: 200 len: 503 time: 1.7075541 /var/lib/openstack/lib/python3.10/site-packages/pycadf/identifier.py:71: UserWarning: Invalid uuid: neutron. To ensure interoperability, identifiers should be a valid uuid. warnings.warn(('Invalid uuid: %s. To ensure interoperability, '
2026-05-28 22:59:17.809 10 INFO neutron.notifiers.nova [-] Nova event matching ['req-1400f873-34c8-490f-9d56-538e8851a8ec'] response: {'server_uuid': 'cba1bc3f-8534-4309-8b7a-437769af825e', 'name': 'network-vif-unplugged', 'status': 'completed', 'tag': '83653442-d6ca-435b-baf6-f764ca6f2957', 'code': 200}
2026-05-28 22:59:17.809 10 INFO neutron.notifiers.nova [-] Nova event matching ['req-1400f873-34c8-490f-9d56-538e8851a8ec'] response: {'server_uuid': 'cba1bc3f-8534-4309-8b7a-437769af825e', 'name': 'network-vif-deleted', 'tag': '83653442-d6ca-435b-baf6-f764ca6f2957', 'status': 'completed', 'code': 200}
2026-05-28 22:59:18.142 9 INFO neutron.wsgi [req-08926703-401f-49d3-a93b-3df1ebf620db req-e4a14d24-7ef1-4d3b-9927-41be0773b614 7468dc1562e540f98beb09c489e76389 dbefbf8f561640febb9e098f32cd088f - - default default] 10.0.0.30 "GET /v2.0/ports?device_id=3c726d6c-b622-443d-a792-e768c6643a57 HTTP/1.1" status: 200 len: 1168 time: 0.0625570
2026-05-28 22:59:18.252 9 INFO neutron.wsgi [req-08926703-401f-49d3-a93b-3df1ebf620db req-17b46e52-0127-43d5-9140-f0b25e49d49f 7468dc1562e540f98beb09c489e76389 dbefbf8f561640febb9e098f32cd088f - - default default] 10.0.0.30 "GET /v2.0/security-groups?id=6b2117ef-0257-4e0b-adea-2b4187a5b017&fields=id&fields=name HTTP/1.1" status: 200 len: 286 time: 0.0965171
2026-05-28 22:59:18.331 9 INFO neutron.wsgi [None req-ba7e5085-5d9a-41b4-b2f9-2c110bdf9b47 f12e61e4e00c4884a2149d8b62c222a5 e81ddcfb6cb24c6695923dcab8829e85 - - default default] 10.0.0.99 "DELETE /v2.0/routers/006baada-3765-4e41-991b-877eef769a85 HTTP/1.1" status: 204 len: 168 time: 1.2196221
2026-05-28 22:59:18.381 10 INFO neutron.wsgi [None req-76cab000-96f6-4e27-b2f2-22673a6a1063 35a555ac23a94e57a9f79dda8c4a66e2 abca2eff1ea64991bf932e12c550617f - - default default] 10.0.0.99 "DELETE /v2.0/routers/93f861f2-5698-442a-aa39-9276b4bcf9c3 HTTP/1.1" status: 204 len: 168 time: 1.1494637
2026-05-28 22:59:18.411 10 INFO neutron.wsgi [None req-e155071c-5f7b-49c5-8953-148eeaa7258f 0d90fa8f3ebc4c6aae72d87acd7d1054 674dde6c762847b5815c0421ea488ea1 - - default default] 10.0.0.99 "DELETE /v2.0/security-groups/8e7eba74-1fa5-464d-abe1-7cdb83775273 HTTP/1.1" status: 204 len: 168 time: 0.4722297
2026-05-28 22:59:18.428 10 INFO neutron.api.v2.resource [None req-41a1faf8-d708-4286-88f5-4603f5dcf510 0d90fa8f3ebc4c6aae72d87acd7d1054 674dde6c762847b5815c0421ea488ea1 - - default default] show failed (client error): The resource could not be found.
2026-05-28 22:59:18.430 10 INFO neutron.wsgi [None req-41a1faf8-d708-4286-88f5-4603f5dcf510 0d90fa8f3ebc4c6aae72d87acd7d1054 674dde6c762847b5815c0421ea488ea1 - - default default] 10.0.0.99 "GET /v2.0/security-groups/8e7eba74-1fa5-464d-abe1-7cdb83775273 HTTP/1.1" status: 404 len: 347 time: 0.0116975
2026-05-28 22:59:18.607 9 WARNING neutron.plugins.ml2.drivers.ovn.mech_driver.ovsdb.ovn_client [None req-ef87392d-284c-4696-a878-2dbe87bf039a - - - - - -] No port found with ID ae9a858f-1dd4-4672-ad01-0c6fccd5c08c: RuntimeError: No port found with ID ae9a858f-1dd4-4672-ad01-0c6fccd5c08c
2026-05-28 22:59:18.608 9 INFO neutron.plugins.ml2.drivers.ovn.mech_driver.mech_driver [None req-ef87392d-284c-4696-a878-2dbe87bf039a - - - - - -] OVN reports status up for port: db559334-50d5-4722-9523-66ee55ee2765
2026-05-28 22:59:18.624 9 INFO neutron.wsgi [None req-56f97e5b-022e-405f-9798-50d487ea3053 35a555ac23a94e57a9f79dda8c4a66e2 abca2eff1ea64991bf932e12c550617f - - default default] 10.0.0.99 "DELETE /v2.0/subnets/c0d48009-4c5d-4a84-b4c8-20884c9359e5 HTTP/1.1" status: 204 len: 168 time: 0.2375484
2026-05-28 22:59:18.630 9 INFO neutron.wsgi [None req-30c28878-2926-4a13-8d97-c4e0f80e4f9b f12e61e4e00c4884a2149d8b62c222a5 e81ddcfb6cb24c6695923dcab8829e85 - - default default] 10.0.0.99 "DELETE /v2.0/subnets/fd99448b-2f7b-4ce8-8cda-f98339a2e5ef HTTP/1.1" status: 204 len: 168 time: 0.2793272
2026-05-28 22:59:18.632 9 INFO neutron.plugins.ml2.plugin [None req-ef87392d-284c-4696-a878-2dbe87bf039a - - - - - -] Attempt 1 to provision port db559334-50d5-4722-9523-66ee55ee2765
2026-05-28 22:59:18.865 10 INFO neutron.wsgi [None req-d67efc33-5329-4fa3-b30a-f75fc690c96a 0d90fa8f3ebc4c6aae72d87acd7d1054 674dde6c762847b5815c0421ea488ea1 - - default default] 10.0.0.99 "DELETE /v2.0/floatingips/aa5093c0-1229-4455-93ec-38269ad07b43 HTTP/1.1" status: 204 len: 168 time: 0.4303882
2026-05-28 22:59:19.160 9 INFO neutron.services.segments.plugin [-] Segment cb386947-75e6-443f-ad86-7a6ac4f726e8 resource provider aggregate not found
2026-05-28 22:59:19.165 9 INFO neutron.services.segments.plugin [-] Segment cb386947-75e6-443f-ad86-7a6ac4f726e8 resource provider aggregate not found
2026-05-28 22:59:19.179 10 INFO neutron.services.segments.plugin [-] Segment 158e1285-9e52-4af8-9518-8b20a9e365c7 resource provider aggregate not found
2026-05-28 22:59:19.186 10 INFO neutron.services.segments.plugin [-] Segment 158e1285-9e52-4af8-9518-8b20a9e365c7 resource provider aggregate not found
2026-05-28 22:59:19.187 9 INFO neutron.services.segments.plugin [-] Segment cb386947-75e6-443f-ad86-7a6ac4f726e8 resource provider not found; error: Placement Client Error (4xx): {"errors": [{"status": 404, "title": "Not Found", "detail": "The resource could not be found.\n\n No resource provider with uuid cb386947-75e6-443f-ad86-7a6ac4f726e8 found for delete ", "request_id": "req-c9aa51e5-ccb3-48e2-92b1-e6f64fc452db"}]}
2026-05-28 22:59:19.193 9 INFO neutron.wsgi [None req-99d278d0-ba00-4ad7-8ec7-ec7d05668866 f12e61e4e00c4884a2149d8b62c222a5 e81ddcfb6cb24c6695923dcab8829e85 - - default default] 10.0.0.99 "DELETE /v2.0/networks/ca4dac67-115d-4712-b1ae-383fac2deb2f HTTP/1.1" status: 204 len: 168 time: 0.5475442
2026-05-28 22:59:19.200 9 INFO neutron.services.segments.plugin [-] Segment cb386947-75e6-443f-ad86-7a6ac4f726e8 resource provider not found; error: Placement Client Error (4xx): {"errors": [{"status": 404, "title": "Not Found", "detail": "The resource could not be found.\n\n No resource provider with uuid cb386947-75e6-443f-ad86-7a6ac4f726e8 found for delete ", "request_id": "req-e223bb44-43df-4436-85a6-54f38bfde747"}]}
2026-05-28 22:59:19.201 10 INFO neutron.services.segments.plugin [-] Segment 158e1285-9e52-4af8-9518-8b20a9e365c7 resource provider not found; error: Placement Client Error (4xx): {"errors": [{"status": 404, "title": "Not Found", "detail": "The resource could not be found.\n\n No resource provider with uuid 158e1285-9e52-4af8-9518-8b20a9e365c7 found for delete ", "request_id": "req-8edd1f4c-47d9-4955-8e61-0697e9fbc292"}]}
2026-05-28 22:59:19.216 9 INFO neutron.db.ovn_revision_numbers_db [None req-ef87392d-284c-4696-a878-2dbe87bf039a - - - - - -] Successfully bumped revision number for resource db559334-50d5-4722-9523-66ee55ee2765 (type: ports) to 2
2026-05-28 22:59:19.220 10 INFO neutron.services.segments.plugin [-] Segment 158e1285-9e52-4af8-9518-8b20a9e365c7 resource provider not found; error: Placement Client Error (4xx): {"errors": [{"status": 404, "title": "Not Found", "detail": "The resource could not be found.\n\n No resource provider with uuid 158e1285-9e52-4af8-9518-8b20a9e365c7 found for delete ", "request_id": "req-e5c36f85-42d2-44b3-ae0d-dcac7e0c02d0"}]}
2026-05-28 22:59:19.256 10 INFO neutron.wsgi [None req-8ec59a1f-8619-49a2-81f7-ff383df2ff99 35a555ac23a94e57a9f79dda8c4a66e2 abca2eff1ea64991bf932e12c550617f - - default default] 10.0.0.99 "DELETE /v2.0/networks/357d80f3-2907-4c6b-ac37-2589f4490784 HTTP/1.1" status: 204 len: 168 time: 0.6199293
2026-05-28 22:59:19.394 9 INFO neutron.db.ovn_revision_numbers_db [None req-ef87392d-284c-4696-a878-2dbe87bf039a - - - - - -] Successfully bumped revision number for resource db559334-50d5-4722-9523-66ee55ee2765 (type: router_ports) to 2
2026-05-28 22:59:19.399 10 INFO neutron.wsgi [None req-a0478728-29a9-4869-9bb7-20658b354623 f12e61e4e00c4884a2149d8b62c222a5 e81ddcfb6cb24c6695923dcab8829e85 - - default default] 10.0.0.99 "GET /v2.0/security-groups?tenant_id=845284fa99e745efa3842521884dbc6c&name=default HTTP/1.1" status: 200 len: 3120 time: 0.0753934
2026-05-28 22:59:19.432 9 INFO neutron.wsgi [req-0e23ce0d-e518-4b5f-ac70-5baba50c6b62 req-b63bc7f4-294f-4cac-a0c7-5c0f345b9c32 7468dc1562e540f98beb09c489e76389 dbefbf8f561640febb9e098f32cd088f - - default default] 10.0.0.30 "GET /v2.0/ports?device_id=3c726d6c-b622-443d-a792-e768c6643a57 HTTP/1.1" status: 200 len: 1168 time: 0.1164684
2026-05-28 22:59:19.508 9 INFO neutron.wsgi [req-0e23ce0d-e518-4b5f-ac70-5baba50c6b62 req-47d6698b-f610-4751-9cb3-e224986a20db 7468dc1562e540f98beb09c489e76389 dbefbf8f561640febb9e098f32cd088f - - default default] 10.0.0.30 "GET /v2.0/security-groups?id=6b2117ef-0257-4e0b-adea-2b4187a5b017&fields=id&fields=name HTTP/1.1" status: 200 len: 286 time: 0.0670164
2026-05-28 22:59:19.713 10 INFO neutron.wsgi [None req-26d02fbe-b26c-4184-89cf-cdbd39d26cb1 f12e61e4e00c4884a2149d8b62c222a5 e81ddcfb6cb24c6695923dcab8829e85 - - default default] 10.0.0.99 "DELETE /v2.0/security-groups/2abfd22f-cb6a-4064-b43e-dc462bbc31a1 HTTP/1.1" status: 204 len: 168 time: 0.3062477
2026-05-28 22:59:20.087 9 INFO neutron.wsgi [None req-c2f7236c-59e5-4d8c-9484-f5aad8815535 f12e61e4e00c4884a2149d8b62c222a5 e81ddcfb6cb24c6695923dcab8829e85 - - default default] 10.0.0.99 "GET /v2.0/security-groups?tenant_id=abca2eff1ea64991bf932e12c550617f&name=default HTTP/1.1" status: 200 len: 3120 time: 0.2704711
2026-05-28 22:59:20.300 10 INFO neutron.wsgi [None req-e4dec26f-f372-4bf6-9de6-509e53e0d54f f12e61e4e00c4884a2149d8b62c222a5 e81ddcfb6cb24c6695923dcab8829e85 - - default default] 10.0.0.99 "PUT /v2.0/routers/93c34f41-8bbc-4846-bec5-f54f2a88f19c/remove_router_interface HTTP/1.1" status: 200 len: 503 time: 1.4281454 /var/lib/openstack/lib/python3.10/site-packages/pycadf/identifier.py:71: UserWarning: Invalid uuid: neutron. To ensure interoperability, identifiers should be a valid uuid. warnings.warn(('Invalid uuid: %s. To ensure interoperability, '
2026-05-28 22:59:20.328 9 INFO neutron.wsgi [None req-ff21e454-4baf-4e6b-b620-89ce6c5aba7c f12e61e4e00c4884a2149d8b62c222a5 e81ddcfb6cb24c6695923dcab8829e85 - - default default] 10.0.0.99 "DELETE /v2.0/security-groups/c56d106e-44dc-4f74-96e0-c6a777bae983 HTTP/1.1" status: 204 len: 168 time: 0.2358725
2026-05-28 22:59:20.630 9 INFO neutron.wsgi [req-7e1c10e9-d9db-4541-b9c8-4c23fdf07e43 req-06bcc05c-a987-42b9-b624-413e7b760ee5 7468dc1562e540f98beb09c489e76389 dbefbf8f561640febb9e098f32cd088f - - default default] 10.0.0.30 "GET /v2.0/ports?device_id=3c726d6c-b622-443d-a792-e768c6643a57 HTTP/1.1" status: 200 len: 1168 time: 0.0438011
2026-05-28 22:59:20.680 9 INFO neutron.wsgi [req-7e1c10e9-d9db-4541-b9c8-4c23fdf07e43 req-82aa0a13-2949-46d1-82d3-f082a76d4189 7468dc1562e540f98beb09c489e76389 dbefbf8f561640febb9e098f32cd088f - - default default] 10.0.0.30 "GET /v2.0/security-groups?id=6b2117ef-0257-4e0b-adea-2b4187a5b017&fields=id&fields=name HTTP/1.1" status: 200 len: 286 time: 0.0405951
2026-05-28 22:59:21.475 10 INFO neutron.wsgi [None req-64ab5811-75b8-4bc5-a1db-a1892ef26ab4 f12e61e4e00c4884a2149d8b62c222a5 e81ddcfb6cb24c6695923dcab8829e85 - - default default] 10.0.0.99 "DELETE /v2.0/routers/93c34f41-8bbc-4846-bec5-f54f2a88f19c HTTP/1.1" status: 204 len: 168 time: 1.1664338
2026-05-28 22:59:21.749 10 INFO neutron.wsgi [None req-eee61b5a-955c-4cca-ad4e-70bb327c2a50 f12e61e4e00c4884a2149d8b62c222a5 e81ddcfb6cb24c6695923dcab8829e85 - - default default] 10.0.0.99 "DELETE /v2.0/subnets/81f516e5-b5df-4ee7-86cd-d569017bbbd5 HTTP/1.1" status: 204 len: 168 time: 0.2623909
2026-05-28 22:59:21.796 9 INFO neutron.wsgi [req-53037a8d-6f9c-4656-ba74-d1f64c8cff08 req-fe925e16-d344-4b8a-a23b-f0331f45513d 7468dc1562e540f98beb09c489e76389 dbefbf8f561640febb9e098f32cd088f - - default default] 10.0.0.30 "GET /v2.0/ports?device_id=3c726d6c-b622-443d-a792-e768c6643a57 HTTP/1.1" status: 200 len: 1168 time: 0.0436902
2026-05-28 22:59:21.848 9 INFO neutron.wsgi [req-53037a8d-6f9c-4656-ba74-d1f64c8cff08 req-6d0c383e-e04d-4acd-8487-002df715f421 7468dc1562e540f98beb09c489e76389 dbefbf8f561640febb9e098f32cd088f - - default default] 10.0.0.30 "GET /v2.0/security-groups?id=6b2117ef-0257-4e0b-adea-2b4187a5b017&fields=id&fields=name HTTP/1.1" status: 200 len: 286 time: 0.0430717
2026-05-28 22:59:22.164 10 INFO neutron.services.segments.plugin [-] Segment 483ce537-6462-4a74-a00e-bfeed7df3539 resource provider aggregate not found
2026-05-28 22:59:22.169 10 INFO neutron.services.segments.plugin [-] Segment 483ce537-6462-4a74-a00e-bfeed7df3539 resource provider aggregate not found
2026-05-28 22:59:22.180 10 INFO neutron.services.segments.plugin [-] Segment 483ce537-6462-4a74-a00e-bfeed7df3539 resource provider not found; error: Placement Client Error (4xx): {"errors": [{"status": 404, "title": "Not Found", "detail": "The resource could not be found.\n\n No resource provider with uuid 483ce537-6462-4a74-a00e-bfeed7df3539 found for delete ", "request_id": "req-cdb2b8f5-fd06-4cef-81ca-df5a0b68029c"}]}
2026-05-28 22:59:22.184 10 INFO neutron.services.segments.plugin [-] Segment 483ce537-6462-4a74-a00e-bfeed7df3539 resource provider not found; error: Placement Client Error (4xx): {"errors": [{"status": 404, "title": "Not Found", "detail": "The resource could not be found.\n\n No resource provider with uuid 483ce537-6462-4a74-a00e-bfeed7df3539 found for delete ", "request_id": "req-c1524033-5558-4d56-a204-0d077e41ae59"}]}
2026-05-28 22:59:22.216 10 INFO neutron.wsgi [None req-58822f36-3e6e-42f4-a8fe-5081acbdc8fc f12e61e4e00c4884a2149d8b62c222a5 e81ddcfb6cb24c6695923dcab8829e85 - - default default] 10.0.0.99 "DELETE /v2.0/networks/28488771-4ac9-4c0c-b5b0-f4fceb18088c HTTP/1.1" status: 204 len: 168 time: 0.4569829
2026-05-28 22:59:22.340 9 WARNING neutron_lib.context [None req-d7715184-6b05-4753-8efd-a12978d7af12 48b8ebd1162342749b70fd3e4d9e4065 62d0e03b1d7b4874963ba6a7aa7a3a58 - - default default] Method 'is_advsvc' is deprecated since 2023.2 release (neutron-lib 3.8.0) and will be removed once support for the old RBAC API policies will be removed from Neutron. Please use method 'is_service_role' instead.
2026-05-28 22:59:22.437 10 INFO neutron.wsgi [None req-b7105dc3-65e4-4d51-b0f9-92f28b0fe486 f12e61e4e00c4884a2149d8b62c222a5 e81ddcfb6cb24c6695923dcab8829e85 - - default default] 10.0.0.99 "GET /v2.0/security-groups?tenant_id=674dde6c762847b5815c0421ea488ea1&name=default HTTP/1.1" status: 200 len: 3120 time: 0.0508723
2026-05-28 22:59:22.489 9 INFO neutron.db.ovn_revision_numbers_db [None req-d7715184-6b05-4753-8efd-a12978d7af12 48b8ebd1162342749b70fd3e4d9e4065 62d0e03b1d7b4874963ba6a7aa7a3a58 - - default default] Successfully bumped revision number for resource e22af613-8847-48b5-a107-8e7bd757ea28 (type: security_groups) to 1
2026-05-28 22:59:22.504 9 INFO neutron.db.ovn_revision_numbers_db [None req-d7715184-6b05-4753-8efd-a12978d7af12 48b8ebd1162342749b70fd3e4d9e4065 62d0e03b1d7b4874963ba6a7aa7a3a58 - - default default] Successfully bumped revision number for resource 01468a92-1979-46d5-a186-9b0a89957c3a (type: security_group_rules) to 0
2026-05-28 22:59:22.522 9 INFO neutron.db.ovn_revision_numbers_db [None req-d7715184-6b05-4753-8efd-a12978d7af12 48b8ebd1162342749b70fd3e4d9e4065 62d0e03b1d7b4874963ba6a7aa7a3a58 - - default default] Successfully bumped revision number for resource a4783a49-8174-4337-a41b-5d671649201d (type: security_group_rules) to 0
2026-05-28 22:59:22.538 9 INFO neutron.db.ovn_revision_numbers_db [None req-d7715184-6b05-4753-8efd-a12978d7af12 48b8ebd1162342749b70fd3e4d9e4065 62d0e03b1d7b4874963ba6a7aa7a3a58 - - default default] Successfully bumped revision number for resource b8945219-36f2-41bb-8150-c94c546328ae (type: security_group_rules) to 0
2026-05-28 22:59:22.556 9 INFO neutron.db.ovn_revision_numbers_db [None req-d7715184-6b05-4753-8efd-a12978d7af12 48b8ebd1162342749b70fd3e4d9e4065 62d0e03b1d7b4874963ba6a7aa7a3a58 - - default default] Successfully bumped revision number for resource c4c8df1d-757e-428b-b5ff-77c1b6ab2dd2 (type: security_group_rules) to 0
2026-05-28 22:59:22.635 9 INFO neutron.db.segments_db [None req-d7715184-6b05-4753-8efd-a12978d7af12 48b8ebd1162342749b70fd3e4d9e4065 62d0e03b1d7b4874963ba6a7aa7a3a58 - - default default] Added segment afccc1f7-9f6e-4beb-9e18-62bf0c4b6086 of type geneve for network 91f03e2e-cd74-4690-8413-704431cd8507
2026-05-28 22:59:22.724 9 INFO neutron.wsgi [None req-82a81b77-e126-4012-99a7-db45723d0ab4 f12e61e4e00c4884a2149d8b62c222a5 e81ddcfb6cb24c6695923dcab8829e85 - - default default] 10.0.0.99 "DELETE /v2.0/security-groups/e7b5b6a6-ab86-4ac0-bc92-ff2a4757befe HTTP/1.1" status: 204 len: 168 time: 0.2807894
2026-05-28 22:59:22.790 9 INFO neutron.db.ovn_revision_numbers_db [None req-d7715184-6b05-4753-8efd-a12978d7af12 48b8ebd1162342749b70fd3e4d9e4065 62d0e03b1d7b4874963ba6a7aa7a3a58 - - default default] Successfully bumped revision number for resource 91f03e2e-cd74-4690-8413-704431cd8507 (type: networks) to 1
2026-05-28 22:59:22.999 9 INFO neutron.wsgi [req-8d5b5a24-e075-4317-9979-4897c822894d req-b491cebb-5551-43dc-b4df-8dc98f6d47f0 7468dc1562e540f98beb09c489e76389 dbefbf8f561640febb9e098f32cd088f - - default default] 10.0.0.30 "GET /v2.0/ports?device_id=3c726d6c-b622-443d-a792-e768c6643a57 HTTP/1.1" status: 200 len: 1168 time: 0.0833406
2026-05-28 22:59:23.037 9 WARNING neutron.scheduler.dhcp_agent_scheduler [None req-d7715184-6b05-4753-8efd-a12978d7af12 48b8ebd1162342749b70fd3e4d9e4065 62d0e03b1d7b4874963ba6a7aa7a3a58 - - default default] No more DHCP agents
2026-05-28 22:59:23.041 9 WARNING neutron.api.rpc.agentnotifiers.dhcp_rpc_agent_api [None req-d7715184-6b05-4753-8efd-a12978d7af12 48b8ebd1162342749b70fd3e4d9e4065 62d0e03b1d7b4874963ba6a7aa7a3a58 - - default default] Unable to schedule network 91f03e2e-cd74-4690-8413-704431cd8507: no agents available; will retry on subsequent port and subnet creation events.
2026-05-28 22:59:23.069 9 INFO neutron.wsgi [req-8d5b5a24-e075-4317-9979-4897c822894d req-b087d802-5003-47d4-9fe9-1f2f80f9f62a 7468dc1562e540f98beb09c489e76389 dbefbf8f561640febb9e098f32cd088f - - default default] 10.0.0.30 "GET /v2.0/security-groups?id=6b2117ef-0257-4e0b-adea-2b4187a5b017&fields=id&fields=name HTTP/1.1" status: 200 len: 286 time: 0.0569673
2026-05-28 22:59:23.156 9 INFO neutron.db.ovn_revision_numbers_db [None req-d7715184-6b05-4753-8efd-a12978d7af12 48b8ebd1162342749b70fd3e4d9e4065 62d0e03b1d7b4874963ba6a7aa7a3a58 - - default default] Successfully bumped revision number for resource 08cf0066-7ac2-44ef-9096-9e758d16123c (type: ports) to 1
2026-05-28 22:59:23.188 9 INFO neutron.wsgi [None req-d7715184-6b05-4753-8efd-a12978d7af12 48b8ebd1162342749b70fd3e4d9e4065 62d0e03b1d7b4874963ba6a7aa7a3a58 - - default default] 10.0.0.99 "POST /v2.0/networks HTTP/1.1" status: 201 len: 847 time: 1.0706120
2026-05-28 22:59:23.629 9 INFO neutron.wsgi [-] 10.0.0.134 "GET / HTTP/1.1" status: 200 len: 247 time: 0.0021896
2026-05-28 22:59:23.634 9 INFO neutron.wsgi [-] 10.0.0.134 "GET / HTTP/1.1" status: 200 len: 247 time: 0.0018799
2026-05-28 22:59:23.752 9 WARNING neutron_lib.context [None req-7a984058-77c3-43b3-8bd5-37d32a777e43 48b8ebd1162342749b70fd3e4d9e4065 62d0e03b1d7b4874963ba6a7aa7a3a58 - - default default] Method 'is_advsvc' is deprecated since 2023.2 release (neutron-lib 3.8.0) and will be removed once support for the old RBAC API policies will be removed from Neutron. Please use method 'is_service_role' instead.
2026-05-28 22:59:24.027 9 WARNING neutron.scheduler.dhcp_agent_scheduler [None req-7a984058-77c3-43b3-8bd5-37d32a777e43 48b8ebd1162342749b70fd3e4d9e4065 62d0e03b1d7b4874963ba6a7aa7a3a58 - - default default] No more DHCP agents
2026-05-28 22:59:24.029 9 WARNING neutron.plugins.ml2.drivers.ovn.mech_driver.ovsdb.ovn_client [None req-ef87392d-284c-4696-a878-2dbe87bf039a - - - - - -] No hosting information found for port db559334-50d5-4722-9523-66ee55ee2765: RuntimeError: No hosting information found for port db559334-50d5-4722-9523-66ee55ee2765
2026-05-28 22:59:24.064 9 WARNING neutron.api.rpc.agentnotifiers.dhcp_rpc_agent_api [None req-7a984058-77c3-43b3-8bd5-37d32a777e43 48b8ebd1162342749b70fd3e4d9e4065 62d0e03b1d7b4874963ba6a7aa7a3a58 - - default default] Unable to schedule network 91f03e2e-cd74-4690-8413-704431cd8507: no agents available; will retry on subsequent port and subnet creation events.
2026-05-28 22:59:24.111 9 INFO neutron.plugins.ml2.drivers.ovn.mech_driver.mech_driver [None req-ef87392d-284c-4696-a878-2dbe87bf039a - - - - - -] OVN reports status down for port: b3bdb808-82fb-4d61-855f-2d72364e7f4d
2026-05-28 22:59:24.134 9 INFO neutron.plugins.ml2.drivers.ovn.mech_driver.mech_driver [None req-ef87392d-284c-4696-a878-2dbe87bf039a - - - - - -] OVN reports status up for port: 8918f378-e429-4aa9-8c6d-0de8678babcf
2026-05-28 22:59:24.151 9 INFO neutron.plugins.ml2.plugin [None req-ef87392d-284c-4696-a878-2dbe87bf039a - - - - - -] Attempt 1 to provision port 8918f378-e429-4aa9-8c6d-0de8678babcf /var/lib/openstack/lib/python3.10/site-packages/pycadf/identifier.py:71: UserWarning: Invalid uuid: neutron. To ensure interoperability, identifiers should be a valid uuid. warnings.warn(('Invalid uuid: %s. To ensure interoperability, '
2026-05-28 22:59:24.178 9 INFO neutron.db.ovn_revision_numbers_db [None req-7a984058-77c3-43b3-8bd5-37d32a777e43 48b8ebd1162342749b70fd3e4d9e4065 62d0e03b1d7b4874963ba6a7aa7a3a58 - - default default] Successfully bumped revision number for resource 67ec502b-f365-4502-be3b-abbfb40e0248 (type: subnets) to 0
2026-05-28 22:59:24.211 9 INFO neutron.wsgi [req-8f114eb3-13fa-4e90-84f7-e869b405cdc5 req-08252393-ea38-409b-93da-b0f4e1952730 7468dc1562e540f98beb09c489e76389 dbefbf8f561640febb9e098f32cd088f - - default default] 10.0.0.30 "GET /v2.0/ports?device_id=3c726d6c-b622-443d-a792-e768c6643a57 HTTP/1.1" status: 200 len: 1168 time: 0.0650785
2026-05-28 22:59:24.214 9 INFO neutron.wsgi [None req-7a984058-77c3-43b3-8bd5-37d32a777e43 48b8ebd1162342749b70fd3e4d9e4065 62d0e03b1d7b4874963ba6a7aa7a3a58 - - default default] 10.0.0.99 "POST /v2.0/subnets HTTP/1.1" status: 201 len: 848 time: 0.4687827
2026-05-28 22:59:24.229 10 WARNING neutron_lib.context [None req-f377697e-b808-4033-8574-ee4aa08fbb14 48b8ebd1162342749b70fd3e4d9e4065 62d0e03b1d7b4874963ba6a7aa7a3a58 - - default default] Method 'is_advsvc' is deprecated since 2023.2 release (neutron-lib 3.8.0) and will be removed once support for the old RBAC API policies will be removed from Neutron. Please use method 'is_service_role' instead.
2026-05-28 22:59:24.276 9 INFO neutron.wsgi [req-8f114eb3-13fa-4e90-84f7-e869b405cdc5 req-b00ffa3d-b218-4146-ac04-183e1a6132b6 7468dc1562e540f98beb09c489e76389 dbefbf8f561640febb9e098f32cd088f - - default default] 10.0.0.30 "GET /v2.0/security-groups?id=6b2117ef-0257-4e0b-adea-2b4187a5b017&fields=id&fields=name HTTP/1.1" status: 200 len: 286 time: 0.0548353
2026-05-28 22:59:24.336 10 INFO neutron.db.segments_db [None req-f377697e-b808-4033-8574-ee4aa08fbb14 48b8ebd1162342749b70fd3e4d9e4065 62d0e03b1d7b4874963ba6a7aa7a3a58 - - default default] Added segment 275cec2f-17d0-46eb-ac7f-90e38dcea168 of type geneve for network 43c92f03-5a05-4c44-a78f-402560a31a14
2026-05-28 22:59:24.337 9 INFO neutron.notifiers.nova [-] Nova event matching ['req-ec4571b6-8d3f-47df-8a10-e6daf6593057'] response: {'server_uuid': '3c726d6c-b622-443d-a792-e768c6643a57', 'name': 'network-vif-plugged', 'status': 'completed', 'tag': '8918f378-e429-4aa9-8c6d-0de8678babcf', 'code': 200}
2026-05-28 22:59:24.546 10 INFO neutron.db.ovn_revision_numbers_db [None req-f377697e-b808-4033-8574-ee4aa08fbb14 48b8ebd1162342749b70fd3e4d9e4065 62d0e03b1d7b4874963ba6a7aa7a3a58 - - default default] Successfully bumped revision number for resource 43c92f03-5a05-4c44-a78f-402560a31a14 (type: networks) to 1
2026-05-28 22:59:24.562 9 INFO neutron.db.ovn_revision_numbers_db [None req-ef87392d-284c-4696-a878-2dbe87bf039a - - - - - -] Successfully bumped revision number for resource 8918f378-e429-4aa9-8c6d-0de8678babcf (type: ports) to 4
2026-05-28 22:59:24.760 10 WARNING neutron.scheduler.dhcp_agent_scheduler [None req-f377697e-b808-4033-8574-ee4aa08fbb14 48b8ebd1162342749b70fd3e4d9e4065 62d0e03b1d7b4874963ba6a7aa7a3a58 - - default default] No more DHCP agents
2026-05-28 22:59:24.762 10 WARNING neutron.api.rpc.agentnotifiers.dhcp_rpc_agent_api [None req-f377697e-b808-4033-8574-ee4aa08fbb14 48b8ebd1162342749b70fd3e4d9e4065 62d0e03b1d7b4874963ba6a7aa7a3a58 - - default default] Unable to schedule network 43c92f03-5a05-4c44-a78f-402560a31a14: no agents available; will retry on subsequent port and subnet creation events.
2026-05-28 22:59:24.841 10 INFO neutron.db.ovn_revision_numbers_db [None req-f377697e-b808-4033-8574-ee4aa08fbb14 48b8ebd1162342749b70fd3e4d9e4065 62d0e03b1d7b4874963ba6a7aa7a3a58 - - default default] Successfully bumped revision number for resource 0ecf3d98-f96a-4ed6-a7be-ca2e353d664c (type: ports) to 1
2026-05-28 22:59:24.861 10 INFO neutron.wsgi [None req-f377697e-b808-4033-8574-ee4aa08fbb14 48b8ebd1162342749b70fd3e4d9e4065 62d0e03b1d7b4874963ba6a7aa7a3a58 - - default default] 10.0.0.99 "POST /v2.0/networks HTTP/1.1" status: 201 len: 847 time: 0.6389344
2026-05-28 22:59:25.115 10 INFO neutron.db.ovn_revision_numbers_db [None req-d3ca57e6-4d69-498e-8bb3-3d4c3ccc8b9b 48b8ebd1162342749b70fd3e4d9e4065 62d0e03b1d7b4874963ba6a7aa7a3a58 - - default default] Successfully bumped revision number for resource 43c92f03-5a05-4c44-a78f-402560a31a14 (type: networks) to 2
2026-05-28 22:59:25.121 10 INFO neutron.wsgi [None req-d3ca57e6-4d69-498e-8bb3-3d4c3ccc8b9b 48b8ebd1162342749b70fd3e4d9e4065 62d0e03b1d7b4874963ba6a7aa7a3a58 - - default default] 10.0.0.99 "PUT /v2.0/networks/43c92f03-5a05-4c44-a78f-402560a31a14 HTTP/1.1" status: 200 len: 792 time: 0.2539735
2026-05-28 22:59:25.128 10 INFO neutron.db.ovn_revision_numbers_db [None req-dec2fd81-ff61-4844-b478-6703fc2ce916 f12e61e4e00c4884a2149d8b62c222a5 e81ddcfb6cb24c6695923dcab8829e85 - - default default] Successfully bumped revision number for resource 6ef9b594-671d-47bd-b6ce-5334f894e0bd (type: security_groups) to 1
2026-05-28 22:59:25.135 10 WARNING neutron_lib.context [None req-0856e011-4785-4fea-827b-c1b4c96315bf 48b8ebd1162342749b70fd3e4d9e4065 62d0e03b1d7b4874963ba6a7aa7a3a58 - - default default] Method 'is_advsvc' is deprecated since 2023.2 release (neutron-lib 3.8.0) and will be removed once support for the old RBAC API policies will be removed from Neutron. Please use method 'is_service_role' instead.
2026-05-28 22:59:25.164 10 INFO neutron.db.ovn_revision_numbers_db [None req-dec2fd81-ff61-4844-b478-6703fc2ce916 f12e61e4e00c4884a2149d8b62c222a5 e81ddcfb6cb24c6695923dcab8829e85 - - default default] Successfully bumped revision number for resource 0627d41f-f414-4b6c-a321-71b5f916732d (type: security_group_rules) to 0
2026-05-28 22:59:25.182 10 INFO neutron.db.ovn_revision_numbers_db [None req-dec2fd81-ff61-4844-b478-6703fc2ce916 f12e61e4e00c4884a2149d8b62c222a5 e81ddcfb6cb24c6695923dcab8829e85 - - default default] Successfully bumped revision number for resource 0a07dfb7-ed05-4a3f-80e6-bf7938f2c51e (type: security_group_rules) to 0
2026-05-28 22:59:25.211 10 INFO neutron.db.ovn_revision_numbers_db [None req-dec2fd81-ff61-4844-b478-6703fc2ce916 f12e61e4e00c4884a2149d8b62c222a5 e81ddcfb6cb24c6695923dcab8829e85 - - default default] Successfully bumped revision number for resource 435bc7ed-df25-4b92-994e-cadae3f29b3f (type: security_group_rules) to 0
2026-05-28 22:59:25.243 10 INFO neutron.db.ovn_revision_numbers_db [None req-dec2fd81-ff61-4844-b478-6703fc2ce916 f12e61e4e00c4884a2149d8b62c222a5 e81ddcfb6cb24c6695923dcab8829e85 - - default default] Successfully bumped revision number for resource 96a93044-59f3-4e41-ab7b-3761c973d197 (type: security_group_rules) to 0
2026-05-28 22:59:25.283 10 INFO neutron.wsgi [None req-dec2fd81-ff61-4844-b478-6703fc2ce916 f12e61e4e00c4884a2149d8b62c222a5 e81ddcfb6cb24c6695923dcab8829e85 - - default default] 10.0.0.99 "GET /v2.0/security-groups?tenant_id=b7f1b2182a5b4ad4ac2a44008f038824&name=default HTTP/1.1" status: 200 len: 3120 time: 0.6665068 /var/lib/openstack/lib/python3.10/site-packages/pycadf/identifier.py:71: UserWarning: Invalid uuid: neutron. To ensure interoperability, identifiers should be a valid uuid. warnings.warn(('Invalid uuid: %s. To ensure interoperability, '
2026-05-28 22:59:25.412 10 WARNING neutron.scheduler.dhcp_agent_scheduler [None req-0856e011-4785-4fea-827b-c1b4c96315bf 48b8ebd1162342749b70fd3e4d9e4065 62d0e03b1d7b4874963ba6a7aa7a3a58 - - default default] No more DHCP agents
2026-05-28 22:59:25.415 10 WARNING neutron.api.rpc.agentnotifiers.dhcp_rpc_agent_api [None req-0856e011-4785-4fea-827b-c1b4c96315bf 48b8ebd1162342749b70fd3e4d9e4065 62d0e03b1d7b4874963ba6a7aa7a3a58 - - default default] Unable to schedule network 43c92f03-5a05-4c44-a78f-402560a31a14: no agents available; will retry on subsequent port and subnet creation events.
2026-05-28 22:59:25.449 10 INFO neutron.db.ovn_revision_numbers_db [None req-0856e011-4785-4fea-827b-c1b4c96315bf 48b8ebd1162342749b70fd3e4d9e4065 62d0e03b1d7b4874963ba6a7aa7a3a58 - - default default] Successfully bumped revision number for resource 07626197-a0c9-494c-b7bb-969aa97dd40a (type: subnets) to 0
2026-05-28 22:59:25.466 10 INFO neutron.wsgi [None req-0856e011-4785-4fea-827b-c1b4c96315bf 48b8ebd1162342749b70fd3e4d9e4065 62d0e03b1d7b4874963ba6a7aa7a3a58 - - default default] 10.0.0.99 "POST /v2.0/subnets HTTP/1.1" status: 201 len: 821 time: 0.3363314
2026-05-28 22:59:25.875 9 INFO neutron.wsgi [req-50f372e0-1a30-4f41-9cae-40bf1ad8ea3a req-985fd095-59eb-4e4f-8e74-ffb01774bbc4 7468dc1562e540f98beb09c489e76389 dbefbf8f561640febb9e098f32cd088f - - default default] 10.0.0.30 "GET /v2.0/ports?device_id=3c726d6c-b622-443d-a792-e768c6643a57 HTTP/1.1" status: 200 len: 1170 time: 0.5156822
2026-05-28 22:59:25.938 9 INFO neutron.wsgi [req-50f372e0-1a30-4f41-9cae-40bf1ad8ea3a req-5242517b-6010-4efb-9ac8-e65226aa4d59 7468dc1562e540f98beb09c489e76389 dbefbf8f561640febb9e098f32cd088f - - default default] 10.0.0.30 "GET /v2.0/security-groups?id=6b2117ef-0257-4e0b-adea-2b4187a5b017&fields=id&fields=name HTTP/1.1" status: 200 len: 286 time: 0.0551083
2026-05-28 22:59:25.943 9 INFO neutron.db.ovn_revision_numbers_db [None req-2e2e2571-dcf5-478d-b1a3-6c579c0138cc f12e61e4e00c4884a2149d8b62c222a5 e81ddcfb6cb24c6695923dcab8829e85 - - default default] Successfully bumped revision number for resource df7794fc-3809-49c9-8047-b642438da58a (type: security_groups) to 1
2026-05-28 22:59:25.976 9 INFO neutron.db.ovn_revision_numbers_db [None req-2e2e2571-dcf5-478d-b1a3-6c579c0138cc f12e61e4e00c4884a2149d8b62c222a5 e81ddcfb6cb24c6695923dcab8829e85 - - default default] Successfully bumped revision number for resource 0450f944-974b-45f0-bcdd-f96257b9d753 (type: security_group_rules) to 0
2026-05-28 22:59:26.004 9 INFO neutron.db.ovn_revision_numbers_db [None req-2e2e2571-dcf5-478d-b1a3-6c579c0138cc f12e61e4e00c4884a2149d8b62c222a5 e81ddcfb6cb24c6695923dcab8829e85 - - default default] Successfully bumped revision number for resource 1ed70268-f09c-488f-86d2-8fbebca9af9c (type: security_group_rules) to 0
2026-05-28 22:59:26.023 9 INFO neutron.wsgi [None req-b93370a8-b788-4684-bd60-18a1b4400fac f12e61e4e00c4884a2149d8b62c222a5 e81ddcfb6cb24c6695923dcab8829e85 - - default default] 10.0.0.99 "DELETE /v2.0/security-groups/6ef9b594-671d-47bd-b6ce-5334f894e0bd HTTP/1.1" status: 204 len: 168 time: 0.7337918
2026-05-28 22:59:26.029 9 INFO neutron.db.ovn_revision_numbers_db [None req-2e2e2571-dcf5-478d-b1a3-6c579c0138cc f12e61e4e00c4884a2149d8b62c222a5 e81ddcfb6cb24c6695923dcab8829e85 - - default default] Successfully bumped revision number for resource 2cb41c99-56db-4eef-8e2e-b2145f5e10a0 (type: security_group_rules) to 0
2026-05-28 22:59:26.048 9 INFO neutron.db.ovn_revision_numbers_db [None req-2e2e2571-dcf5-478d-b1a3-6c579c0138cc f12e61e4e00c4884a2149d8b62c222a5 e81ddcfb6cb24c6695923dcab8829e85 - - default default] Successfully bumped revision number for resource c3e04c5b-9245-49ae-8e3c-72a540e9dc21 (type: security_group_rules) to 0
2026-05-28 22:59:26.074 9 INFO neutron.wsgi [None req-2e2e2571-dcf5-478d-b1a3-6c579c0138cc f12e61e4e00c4884a2149d8b62c222a5 e81ddcfb6cb24c6695923dcab8829e85 - - default default] 10.0.0.99 "GET /v2.0/security-groups?tenant_id=14dd70d87519439aa7d05cf9a6c94bad&name=default HTTP/1.1" status: 200 len: 3120 time: 0.9176793
2026-05-28 22:59:26.297 10 INFO neutron.db.ovn_revision_numbers_db [None req-2ae9d14f-594a-45d1-bd01-dbec8d6d81b4 48b8ebd1162342749b70fd3e4d9e4065 62d0e03b1d7b4874963ba6a7aa7a3a58 - - default default] Successfully bumped revision number for resource 0ecf3d98-f96a-4ed6-a7be-ca2e353d664c (type: ports) to 2
2026-05-28 22:59:26.331 9 INFO neutron.db.ovn_revision_numbers_db [None req-a6899849-2de3-4f1b-b6e0-c10614aa2d78 f12e61e4e00c4884a2149d8b62c222a5 e81ddcfb6cb24c6695923dcab8829e85 - - default default] Successfully bumped revision number for resource 3347ad8f-db62-4206-8d09-a52f6b183e28 (type: security_groups) to 1
2026-05-28 22:59:26.362 9 INFO neutron.db.ovn_revision_numbers_db [None req-a6899849-2de3-4f1b-b6e0-c10614aa2d78 f12e61e4e00c4884a2149d8b62c222a5 e81ddcfb6cb24c6695923dcab8829e85 - - default default] Successfully bumped revision number for resource 04ab1b72-94e9-40a8-8e65-92673cd9b8fe (type: security_group_rules) to 0
2026-05-28 22:59:26.370 10 INFO neutron.db.ovn_revision_numbers_db [None req-2ae9d14f-594a-45d1-bd01-dbec8d6d81b4 48b8ebd1162342749b70fd3e4d9e4065 62d0e03b1d7b4874963ba6a7aa7a3a58 - - default default] Successfully bumped revision number for resource 07626197-a0c9-494c-b7bb-969aa97dd40a (type: subnets) to 1
2026-05-28 22:59:26.374 9 INFO neutron.db.ovn_revision_numbers_db [None req-a6899849-2de3-4f1b-b6e0-c10614aa2d78 f12e61e4e00c4884a2149d8b62c222a5 e81ddcfb6cb24c6695923dcab8829e85 - - default default] Successfully bumped revision number for resource 1619cbc8-1ec6-4856-b6dd-fdca15e4219f (type: security_group_rules) to 0
2026-05-28 22:59:26.375 10 INFO neutron.wsgi [None req-2ae9d14f-594a-45d1-bd01-dbec8d6d81b4 48b8ebd1162342749b70fd3e4d9e4065 62d0e03b1d7b4874963ba6a7aa7a3a58 - - default default] 10.0.0.99 "PUT /v2.0/subnets/07626197-a0c9-494c-b7bb-969aa97dd40a HTTP/1.1" status: 200 len: 826 time: 0.9016516
2026-05-28 22:59:26.402 9 INFO neutron.notifiers.nova [-] Nova event matching ['req-29ccf9f8-5ba0-4600-a29a-63dff369c1e3'] response: {'server_uuid': '3c726d6c-b622-443d-a792-e768c6643a57', 'name': 'network-vif-plugged', 'status': 'completed', 'tag': '8918f378-e429-4aa9-8c6d-0de8678babcf', 'code': 200}
2026-05-28 22:59:26.402 9 INFO neutron.db.ovn_revision_numbers_db [None req-a6899849-2de3-4f1b-b6e0-c10614aa2d78 f12e61e4e00c4884a2149d8b62c222a5 e81ddcfb6cb24c6695923dcab8829e85 - - default default] Successfully bumped revision number for resource 527e012b-6173-4650-af9e-b4c26c29e6fe (type: security_group_rules) to 0
2026-05-28 22:59:26.429 9 INFO neutron.db.ovn_revision_numbers_db [None req-a6899849-2de3-4f1b-b6e0-c10614aa2d78 f12e61e4e00c4884a2149d8b62c222a5 e81ddcfb6cb24c6695923dcab8829e85 - - default default] Successfully bumped revision number for resource 5dc7e3c5-94df-4dcb-bbfe-39c7cc76888e (type: security_group_rules) to 0
2026-05-28 22:59:26.437 9 INFO neutron.wsgi [None req-52b936c0-904e-4ed1-8da7-6adc5bce97db f12e61e4e00c4884a2149d8b62c222a5 e81ddcfb6cb24c6695923dcab8829e85 - - default default] 10.0.0.99 "DELETE /v2.0/security-groups/df7794fc-3809-49c9-8047-b642438da58a HTTP/1.1" status: 204 len: 168 time: 0.3570368
2026-05-28 22:59:26.460 9 INFO neutron.wsgi [None req-a6899849-2de3-4f1b-b6e0-c10614aa2d78 f12e61e4e00c4884a2149d8b62c222a5 e81ddcfb6cb24c6695923dcab8829e85 - - default default] 10.0.0.99 "GET /v2.0/security-groups?tenant_id=3b6faf25fd71431ca8ad03d9e48ebfa7&name=default HTTP/1.1" status: 200 len: 3120 time: 0.2996821
2026-05-28 22:59:26.583 9 INFO neutron.plugins.ml2.drivers.ovn.mech_driver.mech_driver [None req-ef87392d-284c-4696-a878-2dbe87bf039a - - - - - -] OVN reports status down for port: 8918f378-e429-4aa9-8c6d-0de8678babcf
2026-05-28 22:59:26.620 9 INFO neutron.wsgi [req-83424ca1-b549-4464-806e-9d0784b1e716 req-aecb3cba-7d59-4b65-bf36-2812f3553904 7468dc1562e540f98beb09c489e76389 dbefbf8f561640febb9e098f32cd088f - - default default] 10.0.0.30 "GET /v2.0/ports?device_id=3c726d6c-b622-443d-a792-e768c6643a57 HTTP/1.1" status: 200 len: 1170 time: 0.0786309
2026-05-28 22:59:26.708 9 INFO neutron.wsgi [req-83424ca1-b549-4464-806e-9d0784b1e716 req-281a1a6f-7749-41ae-ae35-1d47d0593a6a 7468dc1562e540f98beb09c489e76389 dbefbf8f561640febb9e098f32cd088f - - default default] 10.0.0.30 "GET /v2.0/security-groups?id=6b2117ef-0257-4e0b-adea-2b4187a5b017&fields=id&fields=name HTTP/1.1" status: 200 len: 286 time: 0.0816712
2026-05-28 22:59:26.811 10 INFO neutron.wsgi [None req-06d39d30-5310-42a7-bffc-23ee3fe0c8b0 f12e61e4e00c4884a2149d8b62c222a5 e81ddcfb6cb24c6695923dcab8829e85 - - default default] 10.0.0.99 "DELETE /v2.0/security-groups/3347ad8f-db62-4206-8d09-a52f6b183e28 HTTP/1.1" status: 204 len: 168 time: 0.3439708
2026-05-28 22:59:26.984 10 INFO neutron.wsgi [req-7d30b2d7-c5e4-491e-b0fa-dc2028ffad11 req-784593ec-6c3f-46c3-9e91-ad2d5723d652 7468dc1562e540f98beb09c489e76389 dbefbf8f561640febb9e098f32cd088f - - default default] 199.204.45.140 "GET /v2.0/ports?device_id=3c726d6c-b622-443d-a792-e768c6643a57 HTTP/1.1" status: 200 len: 1168 time: 0.0973804
2026-05-28 22:59:27.081 9 INFO neutron.db.ovn_revision_numbers_db [None req-ef87392d-284c-4696-a878-2dbe87bf039a - - - - - -] Successfully bumped revision number for resource 8918f378-e429-4aa9-8c6d-0de8678babcf (type: ports) to 5
2026-05-28 22:59:27.206 9 INFO neutron.services.segments.plugin [-] Segment 275cec2f-17d0-46eb-ac7f-90e38dcea168 resource provider aggregate not found
2026-05-28 22:59:27.211 9 INFO neutron.services.segments.plugin [-] Segment 275cec2f-17d0-46eb-ac7f-90e38dcea168 resource provider aggregate not found
2026-05-28 22:59:27.230 9 INFO neutron.services.segments.plugin [-] Segment 275cec2f-17d0-46eb-ac7f-90e38dcea168 resource provider not found; error: Placement Client Error (4xx): {"errors": [{"status": 404, "title": "Not Found", "detail": "The resource could not be found.\n\n No resource provider with uuid 275cec2f-17d0-46eb-ac7f-90e38dcea168 found for delete ", "request_id": "req-ea763d7e-b0e7-4401-bc48-6a28e509056b"}]}
2026-05-28 22:59:27.235 9 INFO neutron.services.segments.plugin [-] Segment 275cec2f-17d0-46eb-ac7f-90e38dcea168 resource provider not found; error: Placement Client Error (4xx): {"errors": [{"status": 404, "title": "Not Found", "detail": "The resource could not be found.\n\n No resource provider with uuid 275cec2f-17d0-46eb-ac7f-90e38dcea168 found for delete ", "request_id": "req-5bb11bb4-511e-431a-9163-2961f151f713"}]}
2026-05-28 22:59:27.244 9 INFO neutron.wsgi [None req-d2392ce5-99f5-4012-aae3-2c6275718e0e 48b8ebd1162342749b70fd3e4d9e4065 62d0e03b1d7b4874963ba6a7aa7a3a58 - - default default] 10.0.0.99 "DELETE /v2.0/networks/43c92f03-5a05-4c44-a78f-402560a31a14 HTTP/1.1" status: 204 len: 168 time: 0.8628950
2026-05-28 22:59:27.267 10 INFO neutron.pecan_wsgi.hooks.translation [None req-62da5184-fb1c-4cf8-8bf2-dd109578476a 48b8ebd1162342749b70fd3e4d9e4065 62d0e03b1d7b4874963ba6a7aa7a3a58 - - default default] DELETE failed (client error): The resource could not be found.
