2026-05-28 22:59:55.429 10 ERROR neutron_lib.callbacks.manager [None req-1faef8d2-4da1-4c43-92e4-430cacfd3727 b52c071e5574492ca99dac47c388a759 a1dc1024322e4c278ee90099a7cb45a7 - - default default] Error during notification for neutron.services.ovn_l3.plugin.OVNL3RouterPlugin._port_update-8769301162735 port, after_update: ovsdbapp.backend.ovs_idl.idlutils.RowNotFound: Cannot find Logical_Router_Port with name=lrp-819a6390-d96f-4cf3-aa92-b884b5b9532f
2026-05-28 22:59:55.429 10 ERROR neutron_lib.callbacks.manager
Traceback (most recent call last):
2026-05-28 22:59:55.429 10 ERROR neutron_lib.callbacks.manager
File "/var/lib/openstack/lib/python3.10/site-packages/neutron_lib/callbacks/manager.py", line 189, in _notify_loop
2026-05-28 22:59:55.429 10 ERROR neutron_lib.callbacks.manager callback.method(resource, event, trigger, payload=payload)
2026-05-28 22:59:55.429 10 ERROR neutron_lib.callbacks.manager
File "/var/lib/openstack/lib/python3.10/site-packages/neutron/services/ovn_l3/plugin.py", line 391, in _port_update
2026-05-28 22:59:55.429 10 ERROR neutron_lib.callbacks.manager l3plugin._ovn_client.update_router_port(context,
2026-05-28 22:59:55.429 10 ERROR neutron_lib.callbacks.manager
File "/var/lib/openstack/lib/python3.10/site-packages/neutron/plugins/ml2/drivers/ovn/mech_driver/ovsdb/ovn_client.py", line 1878, in update_router_port
2026-05-28 22:59:55.429 10 ERROR neutron_lib.callbacks.manager self._update_lrouter_port(context, port, if_exists=if_exists,
2026-05-28 22:59:55.429 10 ERROR neutron_lib.callbacks.manager
File "/var/lib/openstack/lib/python3.10/site-packages/neutron/plugins/ml2/drivers/ovn/mech_driver/ovsdb/ovn_client.py", line 1855, in _update_lrouter_port
2026-05-28 22:59:55.429 10 ERROR neutron_lib.callbacks.manager external_ids = self._nb_idl.db_get(
2026-05-28 22:59:55.429 10 ERROR neutron_lib.callbacks.manager
File "/var/lib/openstack/lib/python3.10/site-packages/ovsdbapp/backend/ovs_idl/command.py", line 47, in execute
2026-05-28 22:59:55.429 10 ERROR neutron_lib.callbacks.manager self.run_idl(None)
2026-05-28 22:59:55.429 10 ERROR neutron_lib.callbacks.manager
File "/var/lib/openstack/lib/python3.10/site-packages/ovsdbapp/backend/ovs_idl/command.py", line 235, in run_idl
2026-05-28 22:59:55.429 10 ERROR neutron_lib.callbacks.manager record = self.api.lookup(self.table, self.record)
2026-05-28 22:59:55.429 10 ERROR neutron_lib.callbacks.manager
File "/var/lib/openstack/lib/python3.10/site-packages/ovsdbapp/backend/ovs_idl/__init__.py", line 184, in lookup
2026-05-28 22:59:55.429 10 ERROR neutron_lib.callbacks.manager return self._lookup(table, record)
2026-05-28 22:59:55.429 10 ERROR neutron_lib.callbacks.manager
File "/var/lib/openstack/lib/python3.10/site-packages/ovsdbapp/backend/ovs_idl/__init__.py", line 235, in _lookup
2026-05-28 22:59:55.429 10 ERROR neutron_lib.callbacks.manager row = idlutils.row_by_value(self, rl.table, rl.column, record)
2026-05-28 22:59:55.429 10 ERROR neutron_lib.callbacks.manager
File "/var/lib/openstack/lib/python3.10/site-packages/ovsdbapp/backend/ovs_idl/idlutils.py", line 114, in row_by_value
2026-05-28 22:59:55.429 10 ERROR neutron_lib.callbacks.manager raise RowNotFound(table=table, col=column, match=match)
2026-05-28 22:59:55.429 10 ERROR neutron_lib.callbacks.manager ovsdbapp.backend.ovs_idl.idlutils.RowNotFound: Cannot find Logical_Router_Port with name=lrp-819a6390-d96f-4cf3-aa92-b884b5b9532f
2026-05-28 22:59:55.429 10 ERROR neutron_lib.callbacks.manager 
2026-05-28 22:59:55.434 9 INFO neutron.wsgi [None req-24028857-f4bf-45ac-ae53-44c7194dd42b 806c3e05355249b6bbd7648b71b05ab1 b4853f7e576a4e0e971d923054682948 - - default default] 10.0.0.99 "DELETE /v2.0/security-groups/95f47c39-988b-4487-80b4-60440b8b6ad9/tags HTTP/1.1" status: 204 len: 168 time: 0.0608318
2026-05-28 22:59:55.488 9 INFO neutron.wsgi [None req-e0f140c3-4b34-46b5-b0e1-137903f91703 806c3e05355249b6bbd7648b71b05ab1 b4853f7e576a4e0e971d923054682948 - - default default] 10.0.0.99 "GET /v2.0/security-groups/95f47c39-988b-4487-80b4-60440b8b6ad9/tags HTTP/1.1" status: 200 len: 205 time: 0.0475492
2026-05-28 22:59:55.521 9 INFO neutron.db.ovn_revision_numbers_db [None req-86fca293-51da-47ad-b144-c880ddc900c2 b4a9ce3c1af3474d8c24dc399e747397 dfcd877038e84ab1a1d519c1b54841e7 - - default default] Successfully bumped revision number for resource 730b21ce-9213-448b-bc12-0fd14dc59a62 (type: networks) to 1
2026-05-28 22:59:55.616 10 INFO neutron.plugins.ml2.drivers.ovn.mech_driver.mech_driver [None req-f20f73ee-6b86-4f38-ba18-6326d533e0b2 - - - - - -] OVN reports status up for port: 819a6390-d96f-4cf3-aa92-b884b5b9532f
2026-05-28 22:59:55.638 10 INFO neutron.plugins.ml2.plugin [None req-f20f73ee-6b86-4f38-ba18-6326d533e0b2 - - - - - -] Attempt 1 to provision port 819a6390-d96f-4cf3-aa92-b884b5b9532f
2026-05-28 22:59:55.661 10 INFO neutron.db.ovn_revision_numbers_db [None req-1faef8d2-4da1-4c43-92e4-430cacfd3727 b52c071e5574492ca99dac47c388a759 a1dc1024322e4c278ee90099a7cb45a7 - - default default] Successfully bumped revision number for resource 819a6390-d96f-4cf3-aa92-b884b5b9532f (type: ports) to 1
2026-05-28 22:59:55.714 10 INFO neutron.wsgi [None req-5c92e355-e803-4009-92c4-a381c4efca20 806c3e05355249b6bbd7648b71b05ab1 b4853f7e576a4e0e971d923054682948 - - default default] 10.0.0.99 "DELETE /v2.0/security-groups/95f47c39-988b-4487-80b4-60440b8b6ad9 HTTP/1.1" status: 204 len: 168 time: 0.2142015
2026-05-28 22:59:55.729 9 WARNING neutron.scheduler.dhcp_agent_scheduler [None req-86fca293-51da-47ad-b144-c880ddc900c2 b4a9ce3c1af3474d8c24dc399e747397 dfcd877038e84ab1a1d519c1b54841e7 - - default default] No more DHCP agents
2026-05-28 22:59:55.730 9 WARNING neutron.api.rpc.agentnotifiers.dhcp_rpc_agent_api [None req-86fca293-51da-47ad-b144-c880ddc900c2 b4a9ce3c1af3474d8c24dc399e747397 dfcd877038e84ab1a1d519c1b54841e7 - - default default] Unable to schedule network 730b21ce-9213-448b-bc12-0fd14dc59a62: no agents available; will retry on subsequent port and subnet creation events.
2026-05-28 22:59:55.760 10 WARNING neutron.scheduler.dhcp_agent_scheduler [None req-1faef8d2-4da1-4c43-92e4-430cacfd3727 b52c071e5574492ca99dac47c388a759 a1dc1024322e4c278ee90099a7cb45a7 - - default default] No more DHCP agents
2026-05-28 22:59:55.764 10 WARNING neutron.api.rpc.agentnotifiers.dhcp_rpc_agent_api [None req-1faef8d2-4da1-4c43-92e4-430cacfd3727 b52c071e5574492ca99dac47c388a759 a1dc1024322e4c278ee90099a7cb45a7 - - default default] Unable to schedule network dcd37d13-ecef-443a-8394-1e766b7325f1: no agents available; will retry on subsequent port and subnet creation events.
2026-05-28 22:59:55.821 9 INFO neutron.db.ovn_revision_numbers_db [None req-86fca293-51da-47ad-b144-c880ddc900c2 b4a9ce3c1af3474d8c24dc399e747397 dfcd877038e84ab1a1d519c1b54841e7 - - default default] Successfully bumped revision number for resource f8dc8f37-cdc6-4a45-9d84-d439c25abaf2 (type: ports) to 1
2026-05-28 22:59:55.853 9 INFO neutron.wsgi [None req-86fca293-51da-47ad-b144-c880ddc900c2 b4a9ce3c1af3474d8c24dc399e747397 dfcd877038e84ab1a1d519c1b54841e7 - - default default] 10.0.0.99 "POST /v2.0/networks HTTP/1.1" status: 201 len: 848 time: 0.6045337
2026-05-28 22:59:55.864 9 WARNING neutron_lib.context [None req-40dd0e03-8ccb-406e-84b7-0c99417a1e10 b4a9ce3c1af3474d8c24dc399e747397 dfcd877038e84ab1a1d519c1b54841e7 - - default default] Method 'is_advsvc' is deprecated since 2023.2 release (neutron-lib 3.8.0) and will be removed once support for the old RBAC API policies will be removed from Neutron. Please use method 'is_service_role' instead.
2026-05-28 22:59:55.952 9 INFO neutron.db.segments_db [None req-40dd0e03-8ccb-406e-84b7-0c99417a1e10 b4a9ce3c1af3474d8c24dc399e747397 dfcd877038e84ab1a1d519c1b54841e7 - - default default] Added segment def29358-681a-40d4-9d4a-eea80e25650b of type geneve for network cbb16201-d4be-47a8-ba78-16cd580c3b50
2026-05-28 22:59:55.968 10 INFO neutron.db.ovn_revision_numbers_db [None req-1faef8d2-4da1-4c43-92e4-430cacfd3727 b52c071e5574492ca99dac47c388a759 a1dc1024322e4c278ee90099a7cb45a7 - - default default] Successfully bumped revision number for resource 819a6390-d96f-4cf3-aa92-b884b5b9532f (type: router_ports) to 1
2026-05-28 22:59:55.975 10 INFO neutron.wsgi [None req-1faef8d2-4da1-4c43-92e4-430cacfd3727 b52c071e5574492ca99dac47c388a759 a1dc1024322e4c278ee90099a7cb45a7 - - default default] 10.0.0.99 "PUT /v2.0/routers/2b7342bd-a527-4b02-baa8-caffd2ec8af1/add_router_interface HTTP/1.1" status: 200 len: 503 time: 2.2527285
2026-05-28 22:59:56.027 10 INFO neutron.wsgi [None req-5e7e9dfe-2281-4303-bb58-f4d050ca7ca5 b52c071e5574492ca99dac47c388a759 a1dc1024322e4c278ee90099a7cb45a7 - - default default] 10.0.0.99 "GET /v2.0/ports/819a6390-d96f-4cf3-aa92-b884b5b9532f HTTP/1.1" status: 200 len: 1141 time: 0.0465648
2026-05-28 22:59:56.107 9 INFO neutron.db.ovn_revision_numbers_db [None req-40dd0e03-8ccb-406e-84b7-0c99417a1e10 b4a9ce3c1af3474d8c24dc399e747397 dfcd877038e84ab1a1d519c1b54841e7 - - default default] Successfully bumped revision number for resource cbb16201-d4be-47a8-ba78-16cd580c3b50 (type: networks) to 1
2026-05-28 22:59:56.110 10 INFO neutron.wsgi [None req-f09f34f7-5264-4319-b09a-68da7aff8064 b52c071e5574492ca99dac47c388a759 a1dc1024322e4c278ee90099a7cb45a7 - - default default] 10.0.0.99 "GET /v2.0/ports/819a6390-d96f-4cf3-aa92-b884b5b9532f HTTP/1.1" status: 200 len: 1141 time: 0.0757463
2026-05-28 22:59:56.226 10 INFO neutron.db.ovn_revision_numbers_db [None req-f20f73ee-6b86-4f38-ba18-6326d533e0b2 - - - - - -] Successfully bumped revision number for resource 819a6390-d96f-4cf3-aa92-b884b5b9532f (type: ports) to 2
2026-05-28 22:59:56.588 9 WARNING neutron.scheduler.dhcp_agent_scheduler [None req-40dd0e03-8ccb-406e-84b7-0c99417a1e10 b4a9ce3c1af3474d8c24dc399e747397 dfcd877038e84ab1a1d519c1b54841e7 - - default default] No more DHCP agents
2026-05-28 22:59:56.591 9 WARNING neutron.api.rpc.agentnotifiers.dhcp_rpc_agent_api [None req-40dd0e03-8ccb-406e-84b7-0c99417a1e10 b4a9ce3c1af3474d8c24dc399e747397 dfcd877038e84ab1a1d519c1b54841e7 - - default default] Unable to schedule network cbb16201-d4be-47a8-ba78-16cd580c3b50: no agents available; will retry on subsequent port and subnet creation events.
2026-05-28 22:59:56.654 9 INFO neutron.services.segments.plugin [-] Segment 005651d6-c80b-4aba-b5dc-2b5a616fa4b8 resource provider aggregate not found
2026-05-28 22:59:56.659 10 INFO neutron.db.ovn_revision_numbers_db [None req-f20f73ee-6b86-4f38-ba18-6326d533e0b2 - - - - - -] Successfully bumped revision number for resource 819a6390-d96f-4cf3-aa92-b884b5b9532f (type: router_ports) to 2
2026-05-28 22:59:56.674 9 INFO neutron.services.segments.plugin [-] Segment 005651d6-c80b-4aba-b5dc-2b5a616fa4b8 resource provider aggregate not found
2026-05-28 22:59:56.683 9 INFO neutron.services.segments.plugin [-] Segment 005651d6-c80b-4aba-b5dc-2b5a616fa4b8 resource provider not found; error: Placement Client Error (4xx): {"errors": [{"status": 404, "title": "Not Found", "detail": "The resource could not be found.\n\n No resource provider with uuid 005651d6-c80b-4aba-b5dc-2b5a616fa4b8 found for delete ", "request_id": "req-172ffbc8-f479-4587-b185-9a4eb6f1e2cb"}]}
2026-05-28 22:59:56.693 9 INFO neutron.services.segments.plugin [-] Segment 005651d6-c80b-4aba-b5dc-2b5a616fa4b8 resource provider not found; error: Placement Client Error (4xx): {"errors": [{"status": 404, "title": "Not Found", "detail": "The resource could not be found.\n\n No resource provider with uuid 005651d6-c80b-4aba-b5dc-2b5a616fa4b8 found for delete ", "request_id": "req-27b51fce-4e70-44d1-a34e-5c5db6ea9598"}]}
2026-05-28 22:59:56.714 9 INFO neutron.db.ovn_revision_numbers_db [None req-40dd0e03-8ccb-406e-84b7-0c99417a1e10 b4a9ce3c1af3474d8c24dc399e747397 dfcd877038e84ab1a1d519c1b54841e7 - - default default] Successfully bumped revision number for resource 7e17431d-95af-4555-8410-d8aaf3399656 (type: ports) to 1
2026-05-28 22:59:56.735 9 INFO neutron.wsgi [None req-40dd0e03-8ccb-406e-84b7-0c99417a1e10 b4a9ce3c1af3474d8c24dc399e747397 dfcd877038e84ab1a1d519c1b54841e7 - - default default] 10.0.0.99 "POST /v2.0/networks HTTP/1.1" status: 201 len: 849 time: 0.8759789
2026-05-28 22:59:56.745 9 WARNING neutron_lib.context [None req-144261a7-ab9c-49c8-b4e3-929b3de1fa5a b4a9ce3c1af3474d8c24dc399e747397 dfcd877038e84ab1a1d519c1b54841e7 - - default default] Method 'is_advsvc' is deprecated since 2023.2 release (neutron-lib 3.8.0) and will be removed once support for the old RBAC API policies will be removed from Neutron. Please use method 'is_service_role' instead.
2026-05-28 22:59:56.788 9 WARNING neutron_lib.context [None req-144261a7-ab9c-49c8-b4e3-929b3de1fa5a b4a9ce3c1af3474d8c24dc399e747397 dfcd877038e84ab1a1d519c1b54841e7 - - default default] Method 'is_advsvc' is deprecated since 2023.2 release (neutron-lib 3.8.0) and will be removed once support for the old RBAC API policies will be removed from Neutron. Please use method 'is_service_role' instead.
2026-05-28 22:59:56.812 10 INFO neutron.wsgi [None req-99c74e3c-60f9-4c5d-849b-89660b3c77b1 f12e61e4e00c4884a2149d8b62c222a5 e81ddcfb6cb24c6695923dcab8829e85 - - default default] 10.0.0.99 "GET /v2.0/security-groups?tenant_id=b4853f7e576a4e0e971d923054682948&name=default HTTP/1.1" status: 200 len: 3120 time: 0.2734852
2026-05-28 22:59:57.129 9 INFO neutron.wsgi [None req-ae794cd5-c74b-41ac-94ff-74f2bc134b9e f12e61e4e00c4884a2149d8b62c222a5 e81ddcfb6cb24c6695923dcab8829e85 - - default default] 10.0.0.99 "DELETE /v2.0/security-groups/6e238d38-ab9d-49b8-b088-06258296727b HTTP/1.1" status: 204 len: 168 time: 0.3127882
2026-05-28 22:59:57.148 10 INFO neutron.wsgi [None req-790185a6-d298-463b-82a0-b7feeb594532 b52c071e5574492ca99dac47c388a759 a1dc1024322e4c278ee90099a7cb45a7 - - default default] 10.0.0.99 "PUT /v2.0/routers/2b7342bd-a527-4b02-baa8-caffd2ec8af1/remove_router_interface HTTP/1.1" status: 200 len: 503 time: 1.0283592 /var/lib/openstack/lib/python3.10/site-packages/pycadf/identifier.py:71: UserWarning: Invalid uuid: neutron. To ensure interoperability, identifiers should be a valid uuid. warnings.warn(('Invalid uuid: %s. To ensure interoperability, '
2026-05-28 22:59:57.175 10 INFO neutron.wsgi [None req-a0712f13-823b-4b41-9b65-c626204f38f7 b52c071e5574492ca99dac47c388a759 a1dc1024322e4c278ee90099a7cb45a7 - - default default] 10.0.0.99 "GET /v2.0/ports?device_id=2b7342bd-a527-4b02-baa8-caffd2ec8af1 HTTP/1.1" status: 200 len: 205 time: 0.0225534 /var/lib/openstack/lib/python3.10/site-packages/pycadf/identifier.py:71: UserWarning: Invalid uuid: neutron. To ensure interoperability, identifiers should be a valid uuid. warnings.warn(('Invalid uuid: %s. To ensure interoperability, '
2026-05-28 22:59:57.338 9 WARNING neutron.scheduler.dhcp_agent_scheduler [None req-144261a7-ab9c-49c8-b4e3-929b3de1fa5a b4a9ce3c1af3474d8c24dc399e747397 dfcd877038e84ab1a1d519c1b54841e7 - - default default] No more DHCP agents
2026-05-28 22:59:57.342 9 WARNING neutron.api.rpc.agentnotifiers.dhcp_rpc_agent_api [None req-144261a7-ab9c-49c8-b4e3-929b3de1fa5a b4a9ce3c1af3474d8c24dc399e747397 dfcd877038e84ab1a1d519c1b54841e7 - - default default] Unable to schedule network 730b21ce-9213-448b-bc12-0fd14dc59a62: no agents available; will retry on subsequent port and subnet creation events.
2026-05-28 22:59:57.410 10 INFO neutron.wsgi [None req-371932bc-e1a1-426c-aaf5-293f8cdb7e56 b52c071e5574492ca99dac47c388a759 a1dc1024322e4c278ee90099a7cb45a7 - - default default] 10.0.0.99 "DELETE /v2.0/routers/2b7342bd-a527-4b02-baa8-caffd2ec8af1 HTTP/1.1" status: 204 len: 168 time: 0.2309377
2026-05-28 22:59:57.466 9 INFO neutron.db.ovn_revision_numbers_db [None req-144261a7-ab9c-49c8-b4e3-929b3de1fa5a b4a9ce3c1af3474d8c24dc399e747397 dfcd877038e84ab1a1d519c1b54841e7 - - default default] Successfully bumped revision number for resource 774f4e41-54ef-4eb4-8309-4b61d42ccbbd (type: ports) to 1
2026-05-28 22:59:57.514 9 WARNING neutron.scheduler.dhcp_agent_scheduler [None req-144261a7-ab9c-49c8-b4e3-929b3de1fa5a b4a9ce3c1af3474d8c24dc399e747397 dfcd877038e84ab1a1d519c1b54841e7 - - default default] No more DHCP agents
2026-05-28 22:59:57.515 9 INFO neutron.db.ovn_revision_numbers_db [None req-7829cb69-09d4-464d-846a-393731c974d3 f12e61e4e00c4884a2149d8b62c222a5 e81ddcfb6cb24c6695923dcab8829e85 - - default default] Successfully bumped revision number for resource e4fa8223-3f77-4eb6-8852-50a639eb5875 (type: security_groups) to 1
2026-05-28 22:59:57.518 9 WARNING neutron.api.rpc.agentnotifiers.dhcp_rpc_agent_api [None req-144261a7-ab9c-49c8-b4e3-929b3de1fa5a b4a9ce3c1af3474d8c24dc399e747397 dfcd877038e84ab1a1d519c1b54841e7 - - default default] Unable to schedule network cbb16201-d4be-47a8-ba78-16cd580c3b50: no agents available; will retry on subsequent port and subnet creation events.
2026-05-28 22:59:57.537 9 INFO neutron.db.ovn_revision_numbers_db [None req-7829cb69-09d4-464d-846a-393731c974d3 f12e61e4e00c4884a2149d8b62c222a5 e81ddcfb6cb24c6695923dcab8829e85 - - default default] Successfully bumped revision number for resource 4a7d1c23-0026-4983-b4b2-f2bac039a5af (type: security_group_rules) to 0
2026-05-28 22:59:57.564 9 INFO neutron.db.ovn_revision_numbers_db [None req-7829cb69-09d4-464d-846a-393731c974d3 f12e61e4e00c4884a2149d8b62c222a5 e81ddcfb6cb24c6695923dcab8829e85 - - default default] Successfully bumped revision number for resource 7df64d87-3ab3-4a7f-ae29-c75656e7456a (type: security_group_rules) to 0
2026-05-28 22:59:57.582 9 INFO neutron.db.ovn_revision_numbers_db [None req-7829cb69-09d4-464d-846a-393731c974d3 f12e61e4e00c4884a2149d8b62c222a5 e81ddcfb6cb24c6695923dcab8829e85 - - default default] Successfully bumped revision number for resource c94fa795-5cb9-4f90-813a-5f1a3cf0fe46 (type: security_group_rules) to 0
2026-05-28 22:59:57.608 9 INFO neutron.db.ovn_revision_numbers_db [None req-7829cb69-09d4-464d-846a-393731c974d3 f12e61e4e00c4884a2149d8b62c222a5 e81ddcfb6cb24c6695923dcab8829e85 - - default default] Successfully bumped revision number for resource f079d186-7667-400c-9dbd-7f2cf4f8f3f2 (type: security_group_rules) to 0
2026-05-28 22:59:57.619 10 INFO neutron.wsgi [None req-b8759b6c-d7a5-4aa3-a21d-ccf7546c41b4 b52c071e5574492ca99dac47c388a759 a1dc1024322e4c278ee90099a7cb45a7 - - default default] 10.0.0.99 "DELETE /v2.0/subnets/9dba754f-d6c2-4dca-8cea-580f0df03394 HTTP/1.1" status: 204 len: 168 time: 0.2021110
2026-05-28 22:59:57.620 9 INFO neutron.db.ovn_revision_numbers_db [None req-144261a7-ab9c-49c8-b4e3-929b3de1fa5a b4a9ce3c1af3474d8c24dc399e747397 dfcd877038e84ab1a1d519c1b54841e7 - - default default] Successfully bumped revision number for resource 44a841b8-57ed-40a9-91c5-cfb3e412dcc7 (type: ports) to 1
2026-05-28 22:59:57.630 9 INFO neutron.wsgi [None req-7829cb69-09d4-464d-846a-393731c974d3 f12e61e4e00c4884a2149d8b62c222a5 e81ddcfb6cb24c6695923dcab8829e85 - - default default] 10.0.0.99 "GET /v2.0/security-groups?tenant_id=700edaac282649fcb4faf67f2e3deb7d&name=default HTTP/1.1" status: 200 len: 3120 time: 0.3291345
2026-05-28 22:59:57.656 9 INFO neutron.wsgi [None req-144261a7-ab9c-49c8-b4e3-929b3de1fa5a b4a9ce3c1af3474d8c24dc399e747397 dfcd877038e84ab1a1d519c1b54841e7 - - default default] 10.0.0.99 "POST /v2.0/ports HTTP/1.1" status: 201 len: 1705 time: 0.9163060 /var/lib/openstack/lib/python3.10/site-packages/pycadf/identifier.py:71: UserWarning: Invalid uuid: neutron. To ensure interoperability, identifiers should be a valid uuid. warnings.warn(('Invalid uuid: %s. To ensure interoperability, '
2026-05-28 22:59:57.839 9 INFO neutron.wsgi [None req-9877ef18-1503-4211-bfd4-3afac3b81e8c b4a9ce3c1af3474d8c24dc399e747397 dfcd877038e84ab1a1d519c1b54841e7 - - default default] 10.0.0.99 "GET /v2.0/ports HTTP/1.1" status: 200 len: 3212 time: 0.1771698
2026-05-28 22:59:57.930 10 INFO neutron.wsgi [None req-d1a38f8c-4298-46b7-94ce-12161dc18998 f12e61e4e00c4884a2149d8b62c222a5 e81ddcfb6cb24c6695923dcab8829e85 - - default default] 10.0.0.99 "DELETE /v2.0/security-groups/e4fa8223-3f77-4eb6-8852-50a639eb5875 HTTP/1.1" status: 204 len: 168 time: 0.2905495
2026-05-28 22:59:58.059 10 INFO neutron.services.segments.plugin [-] Segment 9c4f618d-93c0-4559-8ded-d080716f81d1 resource provider aggregate not found
2026-05-28 22:59:58.063 10 INFO neutron.services.segments.plugin [-] Segment 9c4f618d-93c0-4559-8ded-d080716f81d1 resource provider aggregate not found
2026-05-28 22:59:58.075 10 INFO neutron.services.segments.plugin [-] Segment 9c4f618d-93c0-4559-8ded-d080716f81d1 resource provider not found; error: Placement Client Error (4xx): {"errors": [{"status": 404, "title": "Not Found", "detail": "The resource could not be found.\n\n No resource provider with uuid 9c4f618d-93c0-4559-8ded-d080716f81d1 found for delete ", "request_id": "req-c25e36c6-f8ff-461c-8d7e-c4370ebd78c7"}]}
2026-05-28 22:59:58.081 10 INFO neutron.services.segments.plugin [-] Segment 9c4f618d-93c0-4559-8ded-d080716f81d1 resource provider not found; error: Placement Client Error (4xx): {"errors": [{"status": 404, "title": "Not Found", "detail": "The resource could not be found.\n\n No resource provider with uuid 9c4f618d-93c0-4559-8ded-d080716f81d1 found for delete ", "request_id": "req-02012904-0f64-4ef3-a8cf-1bc3e87df3e5"}]}
2026-05-28 22:59:58.105 10 INFO neutron.wsgi [None req-dd54de7f-388c-498b-93c5-c2b111034478 b52c071e5574492ca99dac47c388a759 a1dc1024322e4c278ee90099a7cb45a7 - - default default] 10.0.0.99 "DELETE /v2.0/networks/dcd37d13-ecef-443a-8394-1e766b7325f1 HTTP/1.1" status: 204 len: 168 time: 0.4811776
2026-05-28 22:59:58.110 9 INFO neutron.wsgi [None req-bbdc7b70-ebfa-444a-9bca-e243a916fce1 b4a9ce3c1af3474d8c24dc399e747397 dfcd877038e84ab1a1d519c1b54841e7 - - default default] 10.0.0.99 "DELETE /v2.0/ports/774f4e41-54ef-4eb4-8309-4b61d42ccbbd HTTP/1.1" status: 204 len: 168 time: 0.2646339
2026-05-28 22:59:58.118 9 WARNING neutron_lib.context [None req-8c923c3a-9e96-47b8-8a9c-21f21ea19957 b52c071e5574492ca99dac47c388a759 a1dc1024322e4c278ee90099a7cb45a7 - - default default] Method 'is_advsvc' is deprecated since 2023.2 release (neutron-lib 3.8.0) and will be removed once support for the old RBAC API policies will be removed from Neutron. Please use method 'is_service_role' instead.
2026-05-28 22:59:58.415 10 INFO neutron.wsgi [None req-9a5acc02-ed64-4797-a0ff-96448a65a24b b4a9ce3c1af3474d8c24dc399e747397 dfcd877038e84ab1a1d519c1b54841e7 - - default default] 10.0.0.99 "DELETE /v2.0/ports/44a841b8-57ed-40a9-91c5-cfb3e412dcc7 HTTP/1.1" status: 204 len: 168 time: 0.2989264
2026-05-28 22:59:58.519 10 INFO neutron.wsgi [None req-90976634-380e-40c2-b563-fab0d2628c48 b4a9ce3c1af3474d8c24dc399e747397 dfcd877038e84ab1a1d519c1b54841e7 - - default default] 10.0.0.99 "GET /v2.0/ports HTTP/1.1" status: 200 len: 1718 time: 0.0982866
2026-05-28 22:59:58.534 10 WARNING neutron_lib.context [None req-43071826-d9ea-44f0-abad-f1b2f5bfdcf9 b4a9ce3c1af3474d8c24dc399e747397 dfcd877038e84ab1a1d519c1b54841e7 - - default default] Method 'is_advsvc' is deprecated since 2023.2 release (neutron-lib 3.8.0) and will be removed once support for the old RBAC API policies will be removed from Neutron. Please use method 'is_service_role' instead.
2026-05-28 22:59:58.624 10 INFO neutron.db.segments_db [None req-43071826-d9ea-44f0-abad-f1b2f5bfdcf9 b4a9ce3c1af3474d8c24dc399e747397 dfcd877038e84ab1a1d519c1b54841e7 - - default default] Added segment 7cb62ce8-ac33-4048-b722-95b9f1ca23e3 of type geneve for network afda7f79-6cec-4f22-a980-5245ae26be80
2026-05-28 22:59:58.675 9 WARNING neutron.scheduler.dhcp_agent_scheduler [None req-8c923c3a-9e96-47b8-8a9c-21f21ea19957 b52c071e5574492ca99dac47c388a759 a1dc1024322e4c278ee90099a7cb45a7 - - default default] No more DHCP agents
2026-05-28 22:59:58.677 9 WARNING neutron.api.rpc.agentnotifiers.dhcp_rpc_agent_api [None req-8c923c3a-9e96-47b8-8a9c-21f21ea19957 b52c071e5574492ca99dac47c388a759 a1dc1024322e4c278ee90099a7cb45a7 - - default default] Unable to schedule network e503f241-b3e6-437b-a1b0-6da8a74cf70f: no agents available; will retry on subsequent port and subnet creation events.
2026-05-28 22:59:58.889 10 INFO neutron.db.ovn_revision_numbers_db [None req-43071826-d9ea-44f0-abad-f1b2f5bfdcf9 b4a9ce3c1af3474d8c24dc399e747397 dfcd877038e84ab1a1d519c1b54841e7 - - default default] Successfully bumped revision number for resource afda7f79-6cec-4f22-a980-5245ae26be80 (type: networks) to 1
2026-05-28 22:59:58.981 9 INFO neutron.db.ovn_revision_numbers_db [None req-8c923c3a-9e96-47b8-8a9c-21f21ea19957 b52c071e5574492ca99dac47c388a759 a1dc1024322e4c278ee90099a7cb45a7 - - default default] Successfully bumped revision number for resource ece9bf7c-501a-40c8-a932-529fa2553bb6 (type: ports) to 1
2026-05-28 22:59:59.116 10 WARNING neutron.scheduler.dhcp_agent_scheduler [None req-43071826-d9ea-44f0-abad-f1b2f5bfdcf9 b4a9ce3c1af3474d8c24dc399e747397 dfcd877038e84ab1a1d519c1b54841e7 - - default default] No more DHCP agents
2026-05-28 22:59:59.119 10 WARNING neutron.api.rpc.agentnotifiers.dhcp_rpc_agent_api [None req-43071826-d9ea-44f0-abad-f1b2f5bfdcf9 b4a9ce3c1af3474d8c24dc399e747397 dfcd877038e84ab1a1d519c1b54841e7 - - default default] Unable to schedule network afda7f79-6cec-4f22-a980-5245ae26be80: no agents available; will retry on subsequent port and subnet creation events.
2026-05-28 22:59:59.231 10 INFO neutron.db.ovn_revision_numbers_db [None req-43071826-d9ea-44f0-abad-f1b2f5bfdcf9 b4a9ce3c1af3474d8c24dc399e747397 dfcd877038e84ab1a1d519c1b54841e7 - - default default] Successfully bumped revision number for resource df988d1c-3a16-4eb1-9553-1e0011f2d021 (type: ports) to 1
2026-05-28 22:59:59.260 10 INFO neutron.wsgi [None req-43071826-d9ea-44f0-abad-f1b2f5bfdcf9 b4a9ce3c1af3474d8c24dc399e747397 dfcd877038e84ab1a1d519c1b54841e7 - - default default] 10.0.0.99 "POST /v2.0/networks HTTP/1.1" status: 201 len: 848 time: 0.7332675
2026-05-28 22:59:59.271 10 WARNING neutron_lib.context [None req-54ed61c6-bf7a-45e4-a82b-0784e57f8df8 b4a9ce3c1af3474d8c24dc399e747397 dfcd877038e84ab1a1d519c1b54841e7 - - default default] Method 'is_advsvc' is deprecated since 2023.2 release (neutron-lib 3.8.0) and will be removed once support for the old RBAC API policies will be removed from Neutron. Please use method 'is_service_role' instead.
2026-05-28 22:59:59.377 10 INFO neutron.db.segments_db [None req-54ed61c6-bf7a-45e4-a82b-0784e57f8df8 b4a9ce3c1af3474d8c24dc399e747397 dfcd877038e84ab1a1d519c1b54841e7 - - default default] Added segment 98fe02ba-c90e-4c5b-9d49-99ea4a337024 of type geneve for network f526e606-5e13-41f6-b468-bb210a519308
2026-05-28 22:59:59.551 10 INFO neutron.db.ovn_revision_numbers_db [None req-54ed61c6-bf7a-45e4-a82b-0784e57f8df8 b4a9ce3c1af3474d8c24dc399e747397 dfcd877038e84ab1a1d519c1b54841e7 - - default default] Successfully bumped revision number for resource f526e606-5e13-41f6-b468-bb210a519308 (type: networks) to 1
2026-05-28 22:59:59.775 10 WARNING neutron.scheduler.dhcp_agent_scheduler [None req-54ed61c6-bf7a-45e4-a82b-0784e57f8df8 b4a9ce3c1af3474d8c24dc399e747397 dfcd877038e84ab1a1d519c1b54841e7 - - default default] No more DHCP agents
2026-05-28 22:59:59.778 10 WARNING neutron.api.rpc.agentnotifiers.dhcp_rpc_agent_api [None req-54ed61c6-bf7a-45e4-a82b-0784e57f8df8 b4a9ce3c1af3474d8c24dc399e747397 dfcd877038e84ab1a1d519c1b54841e7 - - default default] Unable to schedule network f526e606-5e13-41f6-b468-bb210a519308: no agents available; will retry on subsequent port and subnet creation events.
2026-05-28 22:59:59.880 10 INFO neutron.db.ovn_revision_numbers_db [None req-54ed61c6-bf7a-45e4-a82b-0784e57f8df8 b4a9ce3c1af3474d8c24dc399e747397 dfcd877038e84ab1a1d519c1b54841e7 - - default default] Successfully bumped revision number for resource 6e012164-1262-4709-b55a-e1b1418c1980 (type: ports) to 1
2026-05-28 22:59:59.911 10 INFO neutron.wsgi [None req-54ed61c6-bf7a-45e4-a82b-0784e57f8df8 b4a9ce3c1af3474d8c24dc399e747397 dfcd877038e84ab1a1d519c1b54841e7 - - default default] 10.0.0.99 "POST /v2.0/networks HTTP/1.1" status: 201 len: 848 time: 0.6464386
2026-05-28 22:59:59.946 10 WARNING neutron_lib.context [None req-2185eb02-f556-46c6-86db-b9ed332895e9 b4a9ce3c1af3474d8c24dc399e747397 dfcd877038e84ab1a1d519c1b54841e7 - - default default] Method 'is_advsvc' is deprecated since 2023.2 release (neutron-lib 3.8.0) and will be removed once support for the old RBAC API policies will be removed from Neutron. Please use method 'is_service_role' instead.
2026-05-28 23:00:00.006 10 WARNING neutron_lib.context [None req-2185eb02-f556-46c6-86db-b9ed332895e9 b4a9ce3c1af3474d8c24dc399e747397 dfcd877038e84ab1a1d519c1b54841e7 - - default default] Method 'is_advsvc' is deprecated since 2023.2 release (neutron-lib 3.8.0) and will be removed once support for the old RBAC API policies will be removed from Neutron. Please use method 'is_service_role' instead.
2026-05-28 23:00:00.070 9 INFO neutron.plugins.ml2.drivers.ovn.mech_driver.ovsdb.commands [None req-317de097-a6c8-4d7e-8744-877097668de9 - - - - - -] Schedule LRP lrp-ece9bf7c-501a-40c8-a932-529fa2553bb6 on gateway 075c6be8-2f0c-40cd-9af8-dfed0fccb218 with priority 1
2026-05-28 23:00:00.164 9 INFO neutron.db.ovn_revision_numbers_db [None req-8c923c3a-9e96-47b8-8a9c-21f21ea19957 b52c071e5574492ca99dac47c388a759 a1dc1024322e4c278ee90099a7cb45a7 - - default default] Successfully bumped revision number for resource ece9bf7c-501a-40c8-a932-529fa2553bb6 (type: router_ports) to 1
2026-05-28 23:00:00.258 9 INFO neutron.db.ovn_revision_numbers_db [None req-8c923c3a-9e96-47b8-8a9c-21f21ea19957 b52c071e5574492ca99dac47c388a759 a1dc1024322e4c278ee90099a7cb45a7 - - default default] Successfully bumped revision number for resource 8f1edf30-f3c7-4ad4-86cb-24ab0073e759 (type: routers) to 2
2026-05-28 23:00:00.283 9 INFO neutron.wsgi [None req-8c923c3a-9e96-47b8-8a9c-21f21ea19957 b52c071e5574492ca99dac47c388a759 a1dc1024322e4c278ee90099a7cb45a7 - - default default] 10.0.0.99 "POST /v2.0/routers HTTP/1.1" status: 201 len: 1151 time: 2.1695969
2026-05-28 23:00:00.708 10 INFO neutron.wsgi [None req-b0bea5cf-3b65-45e1-aa96-c6a091b08a66 b52c071e5574492ca99dac47c388a759 a1dc1024322e4c278ee90099a7cb45a7 - - default default] 10.0.0.99 "GET /v2.0/routers/8f1edf30-f3c7-4ad4-86cb-24ab0073e759 HTTP/1.1" status: 200 len: 1152 time: 0.4201546
2026-05-28 23:00:00.907 10 INFO neutron.wsgi [None req-76b3441e-0ffc-4fed-ac0c-b6743bdc350d b52c071e5574492ca99dac47c388a759 a1dc1024322e4c278ee90099a7cb45a7 - - default default] 10.0.0.99 "GET /v2.0/routers HTTP/1.1" status: 200 len: 1155 time: 0.1918604
2026-05-28 23:00:00.953 10 WARNING neutron.scheduler.dhcp_agent_scheduler [None req-2185eb02-f556-46c6-86db-b9ed332895e9 b4a9ce3c1af3474d8c24dc399e747397 dfcd877038e84ab1a1d519c1b54841e7 - - default default] No more DHCP agents
2026-05-28 23:00:00.958 10 WARNING neutron.api.rpc.agentnotifiers.dhcp_rpc_agent_api [None req-2185eb02-f556-46c6-86db-b9ed332895e9 b4a9ce3c1af3474d8c24dc399e747397 dfcd877038e84ab1a1d519c1b54841e7 - - default default] Unable to schedule network afda7f79-6cec-4f22-a980-5245ae26be80: no agents available; will retry on subsequent port and subnet creation events.
2026-05-28 23:00:01.527 9 INFO neutron.db.ovn_revision_numbers_db [None req-5e937405-c4f8-430d-b9e2-abb24f7521bc b52c071e5574492ca99dac47c388a759 a1dc1024322e4c278ee90099a7cb45a7 - - default default] Successfully bumped revision number for resource 8f1edf30-f3c7-4ad4-86cb-24ab0073e759 (type: routers) to 3
2026-05-28 23:00:01.534 9 INFO neutron.wsgi [None req-5e937405-c4f8-430d-b9e2-abb24f7521bc b52c071e5574492ca99dac47c388a759 a1dc1024322e4c278ee90099a7cb45a7 - - default default] 10.0.0.99 "PUT /v2.0/routers/8f1edf30-f3c7-4ad4-86cb-24ab0073e759 HTTP/1.1" status: 200 len: 1159 time: 0.6203191
2026-05-28 23:00:01.575 10 INFO neutron.db.ovn_revision_numbers_db [None req-2185eb02-f556-46c6-86db-b9ed332895e9 b4a9ce3c1af3474d8c24dc399e747397 dfcd877038e84ab1a1d519c1b54841e7 - - default default] Successfully bumped revision number for resource df988d1c-3a16-4eb1-9553-1e0011f2d021 (type: ports) to 2
2026-05-28 23:00:01.625 10 INFO neutron.db.ovn_revision_numbers_db [None req-2185eb02-f556-46c6-86db-b9ed332895e9 b4a9ce3c1af3474d8c24dc399e747397 dfcd877038e84ab1a1d519c1b54841e7 - - default default] Successfully bumped revision number for resource f251c812-0e27-4a58-b450-a44bbaa287fd (type: subnets) to 0
2026-05-28 23:00:01.649 10 WARNING neutron.plugins.ml2.drivers.ovn.mech_driver.ovsdb.ovn_client [None req-f20f73ee-6b86-4f38-ba18-6326d533e0b2 - - - - - -] No port found with ID 819a6390-d96f-4cf3-aa92-b884b5b9532f: RuntimeError: No port found with ID 819a6390-d96f-4cf3-aa92-b884b5b9532f
2026-05-28 23:00:01.649 10 INFO neutron.plugins.ml2.drivers.ovn.mech_driver.mech_driver [None req-f20f73ee-6b86-4f38-ba18-6326d533e0b2 - - - - - -] OVN reports status up for port: ece9bf7c-501a-40c8-a932-529fa2553bb6
2026-05-28 23:00:01.655 9 INFO neutron.wsgi [None req-47214404-9c97-425d-83e2-9aa1884d0483 b52c071e5574492ca99dac47c388a759 a1dc1024322e4c278ee90099a7cb45a7 - - default default] 10.0.0.99 "GET /v2.0/routers/8f1edf30-f3c7-4ad4-86cb-24ab0073e759 HTTP/1.1" status: 200 len: 1159 time: 0.1130483
2026-05-28 23:00:01.667 10 WARNING neutron.scheduler.dhcp_agent_scheduler [None req-2185eb02-f556-46c6-86db-b9ed332895e9 b4a9ce3c1af3474d8c24dc399e747397 dfcd877038e84ab1a1d519c1b54841e7 - - default default] No more DHCP agents
2026-05-28 23:00:01.695 10 WARNING neutron_lib.context [None req-3bb71131-b169-4549-8640-b02567c64f3f 3f7c5a07742546d39238be0e7b2bfbf9 e09a8599fbc04bca80adcffa1a2d89e8 - - default default] Method 'is_advsvc' is deprecated since 2023.2 release (neutron-lib 3.8.0) and will be removed once support for the old RBAC API policies will be removed from Neutron. Please use method 'is_service_role' instead.
2026-05-28 23:00:01.699 10 INFO neutron.plugins.ml2.plugin [None req-f20f73ee-6b86-4f38-ba18-6326d533e0b2 - - - - - -] Attempt 1 to provision port ece9bf7c-501a-40c8-a932-529fa2553bb6
2026-05-28 23:00:01.700 10 WARNING neutron.api.rpc.agentnotifiers.dhcp_rpc_agent_api [None req-2185eb02-f556-46c6-86db-b9ed332895e9 b4a9ce3c1af3474d8c24dc399e747397 dfcd877038e84ab1a1d519c1b54841e7 - - default default] Unable to schedule network f526e606-5e13-41f6-b468-bb210a519308: no agents available; will retry on subsequent port and subnet creation events.
2026-05-28 23:00:01.737 10 INFO neutron.wsgi [None req-4445a70b-ac4d-42fe-b717-4d35e7e03a95 b52c071e5574492ca99dac47c388a759 a1dc1024322e4c278ee90099a7cb45a7 - - default default] 10.0.0.99 "GET /v2.0/ports?device_id=8f1edf30-f3c7-4ad4-86cb-24ab0073e759 HTTP/1.1" status: 200 len: 205 time: 0.0690396
2026-05-28 23:00:02.020 10 INFO neutron.db.ovn_revision_numbers_db [None req-3bb71131-b169-4549-8640-b02567c64f3f 3f7c5a07742546d39238be0e7b2bfbf9 e09a8599fbc04bca80adcffa1a2d89e8 - - default default] Successfully bumped revision number for resource 700da4f9-bcc9-4082-9b85-8b722161d7d4 (type: security_groups) to 1
2026-05-28 23:00:02.048 10 INFO neutron.db.ovn_revision_numbers_db [None req-3bb71131-b169-4549-8640-b02567c64f3f 3f7c5a07742546d39238be0e7b2bfbf9 e09a8599fbc04bca80adcffa1a2d89e8 - - default default] Successfully bumped revision number for resource 42961f4c-260a-4bf0-9438-fe78c81d791a (type: security_group_rules) to 0
2026-05-28 23:00:02.077 10 INFO neutron.db.ovn_revision_numbers_db [None req-3bb71131-b169-4549-8640-b02567c64f3f 3f7c5a07742546d39238be0e7b2bfbf9 e09a8599fbc04bca80adcffa1a2d89e8 - - default default] Successfully bumped revision number for resource 4e523d5a-290c-4bc3-9a24-d87e41c31470 (type: security_group_rules) to 0
2026-05-28 23:00:02.101 10 INFO neutron.db.ovn_revision_numbers_db [None req-3bb71131-b169-4549-8640-b02567c64f3f 3f7c5a07742546d39238be0e7b2bfbf9 e09a8599fbc04bca80adcffa1a2d89e8 - - default default] Successfully bumped revision number for resource 59b592c5-f9a5-4afa-a563-663600083c80 (type: security_group_rules) to 0
2026-05-28 23:00:02.139 10 INFO neutron.db.ovn_revision_numbers_db [None req-3bb71131-b169-4549-8640-b02567c64f3f 3f7c5a07742546d39238be0e7b2bfbf9 e09a8599fbc04bca80adcffa1a2d89e8 - - default default] Successfully bumped revision number for resource f9937737-e8d8-4726-9345-1193e5314a80 (type: security_group_rules) to 0
2026-05-28 23:00:02.216 10 INFO neutron.db.segments_db [None req-3bb71131-b169-4549-8640-b02567c64f3f 3f7c5a07742546d39238be0e7b2bfbf9 e09a8599fbc04bca80adcffa1a2d89e8 - - default default] Added segment 800ef1d2-3b11-48a0-a177-59ea02360696 of type geneve for network 2e1ad6aa-4752-4c54-8554-d208e37d8c50
2026-05-28 23:00:02.448 10 INFO neutron.db.ovn_revision_numbers_db [None req-3bb71131-b169-4549-8640-b02567c64f3f 3f7c5a07742546d39238be0e7b2bfbf9 e09a8599fbc04bca80adcffa1a2d89e8 - - default default] Successfully bumped revision number for resource 2e1ad6aa-4752-4c54-8554-d208e37d8c50 (type: networks) to 1
2026-05-28 23:00:02.646 10 INFO neutron.db.ovn_revision_numbers_db [None req-2185eb02-f556-46c6-86db-b9ed332895e9 b4a9ce3c1af3474d8c24dc399e747397 dfcd877038e84ab1a1d519c1b54841e7 - - default default] Successfully bumped revision number for resource 6e012164-1262-4709-b55a-e1b1418c1980 (type: ports) to 2
2026-05-28 23:00:02.705 10 INFO neutron.db.ovn_revision_numbers_db [None req-2185eb02-f556-46c6-86db-b9ed332895e9 b4a9ce3c1af3474d8c24dc399e747397 dfcd877038e84ab1a1d519c1b54841e7 - - default default] Successfully bumped revision number for resource 40860409-0121-4aec-ab31-02debc721aec (type: subnets) to 0
2026-05-28 23:00:02.721 9 INFO neutron.wsgi [None req-dbab0c0d-03df-473d-a3ef-145d4509b87d b52c071e5574492ca99dac47c388a759 a1dc1024322e4c278ee90099a7cb45a7 - - default default] 10.0.0.99 "DELETE /v2.0/routers/8f1edf30-f3c7-4ad4-86cb-24ab0073e759 HTTP/1.1" status: 204 len: 168 time: 0.9770100
2026-05-28 23:00:02.722 10 WARNING neutron.scheduler.dhcp_agent_scheduler [None req-3bb71131-b169-4549-8640-b02567c64f3f 3f7c5a07742546d39238be0e7b2bfbf9 e09a8599fbc04bca80adcffa1a2d89e8 - - default default] No more DHCP agents
2026-05-28 23:00:02.728 10 WARNING neutron.api.rpc.agentnotifiers.dhcp_rpc_agent_api [None req-3bb71131-b169-4549-8640-b02567c64f3f 3f7c5a07742546d39238be0e7b2bfbf9 e09a8599fbc04bca80adcffa1a2d89e8 - - default default] Unable to schedule network 2e1ad6aa-4752-4c54-8554-d208e37d8c50: no agents available; will retry on subsequent port and subnet creation events.
2026-05-28 23:00:02.736 10 INFO neutron.wsgi [None req-2185eb02-f556-46c6-86db-b9ed332895e9 b4a9ce3c1af3474d8c24dc399e747397 dfcd877038e84ab1a1d519c1b54841e7 - - default default] 10.0.0.99 "POST /v2.0/subnets HTTP/1.1" status: 201 len: 1426 time: 2.7981222
2026-05-28 23:00:02.759 9 INFO neutron.wsgi [None req-a52d1c14-8f16-471a-b822-45c337eda866 b52c071e5574492ca99dac47c388a759 a1dc1024322e4c278ee90099a7cb45a7 - - default default] 10.0.0.99 "GET /v2.0/ports?device_id=8f1edf30-f3c7-4ad4-86cb-24ab0073e759 HTTP/1.1" status: 200 len: 205 time: 0.0310624
2026-05-28 23:00:02.800 9 INFO neutron.api.v2.resource [None req-14181793-5e62-41f5-b281-143ea8e7c41b b52c071e5574492ca99dac47c388a759 a1dc1024322e4c278ee90099a7cb45a7 - - default default] delete failed (client error): The resource could not be found.
2026-05-28 23:00:02.802 9 INFO neutron.wsgi [None req-14181793-5e62-41f5-b281-143ea8e7c41b b52c071e5574492ca99dac47c388a759 a1dc1024322e4c278ee90099a7cb45a7 - - default default] 10.0.0.99 "DELETE /v2.0/routers/8f1edf30-f3c7-4ad4-86cb-24ab0073e759 HTTP/1.1" status: 404 len: 336 time: 0.0349433
2026-05-28 23:00:02.823 9 INFO neutron.wsgi [None req-ea8190fc-9f53-41fc-9992-d5278796eb02 b4a9ce3c1af3474d8c24dc399e747397 dfcd877038e84ab1a1d519c1b54841e7 - - default default] 10.0.0.99 "GET /v2.0/subnets HTTP/1.1" status: 200 len: 2034 time: 0.0823627
2026-05-28 23:00:02.833 10 INFO neutron.db.ovn_revision_numbers_db [None req-3bb71131-b169-4549-8640-b02567c64f3f 3f7c5a07742546d39238be0e7b2bfbf9 e09a8599fbc04bca80adcffa1a2d89e8 - - default default] Successfully bumped revision number for resource 126efaa9-25d8-40dc-a99d-9e9912950815 (type: ports) to 1
2026-05-28 23:00:02.848 9 INFO neutron.wsgi [None req-4683fc0a-e474-4510-a2db-de6b7a6c1590 b52c071e5574492ca99dac47c388a759 a1dc1024322e4c278ee90099a7cb45a7 - - default default] 10.0.0.99 "GET /v2.0/ports?device_id=2b7342bd-a527-4b02-baa8-caffd2ec8af1 HTTP/1.1" status: 200 len: 205 time: 0.0393500
2026-05-28 23:00:02.864 10 INFO neutron.wsgi [None req-3bb71131-b169-4549-8640-b02567c64f3f 3f7c5a07742546d39238be0e7b2bfbf9 e09a8599fbc04bca80adcffa1a2d89e8 - - default default] 10.0.0.99 "POST /v2.0/networks HTTP/1.1" status: 201 len: 830 time: 1.4195240
2026-05-28 23:00:02.877 9 WARNING neutron_lib.context [None req-0cbbf3eb-72d9-4a03-ad69-427b0997e133 3f7c5a07742546d39238be0e7b2bfbf9 e09a8599fbc04bca80adcffa1a2d89e8 - - default default] Method 'is_advsvc' is deprecated since 2023.2 release (neutron-lib 3.8.0) and will be removed once support for the old RBAC API policies will be removed from Neutron. Please use method 'is_service_role' instead.
2026-05-28 23:00:02.878 10 INFO neutron.api.v2.resource [None req-38e27e2a-6ddf-444e-884f-2bbb5824bcef b52c071e5574492ca99dac47c388a759 a1dc1024322e4c278ee90099a7cb45a7 - - default default] delete failed (client error): The resource could not be found.
2026-05-28 23:00:02.879 10 INFO neutron.wsgi [None req-38e27e2a-6ddf-444e-884f-2bbb5824bcef b52c071e5574492ca99dac47c388a759 a1dc1024322e4c278ee90099a7cb45a7 - - default default] 10.0.0.99 "DELETE /v2.0/routers/2b7342bd-a527-4b02-baa8-caffd2ec8af1 HTTP/1.1" status: 404 len: 336 time: 0.0251949
2026-05-28 23:00:02.900 10 INFO neutron.pecan_wsgi.hooks.translation [None req-cd31867e-dadb-4c62-93b3-720db463af46 b52c071e5574492ca99dac47c388a759 a1dc1024322e4c278ee90099a7cb45a7 - - default default] DELETE failed (client error): The resource could not be found.
2026-05-28 23:00:02.903 10 INFO neutron.wsgi [None req-cd31867e-dadb-4c62-93b3-720db463af46 b52c071e5574492ca99dac47c388a759 a1dc1024322e4c278ee90099a7cb45a7 - - default default] 10.0.0.99 "DELETE /v2.0/subnets/9dba754f-d6c2-4dca-8cea-580f0df03394 HTTP/1.1" status: 404 len: 337 time: 0.0175529
2026-05-28 23:00:02.930 10 INFO neutron.wsgi [None req-ccae38e5-fc9c-4c63-ab06-6f8e3eb2bd94 b52c071e5574492ca99dac47c388a759 a1dc1024322e4c278ee90099a7cb45a7 - - default default] 10.0.0.99 "GET /v2.0/ports?device_id=7f72b1be-b132-47e2-afba-8c16ae6054a1 HTTP/1.1" status: 200 len: 205 time: 0.0188608
2026-05-28 23:00:02.959 10 INFO neutron.api.v2.resource [None req-0f6ad773-7e59-448c-96db-d7cfe8206c15 b52c071e5574492ca99dac47c388a759 a1dc1024322e4c278ee90099a7cb45a7 - - default default] delete failed (client error): The resource could not be found.
2026-05-28 23:00:02.960 10 INFO neutron.wsgi [None req-0f6ad773-7e59-448c-96db-d7cfe8206c15 b52c071e5574492ca99dac47c388a759 a1dc1024322e4c278ee90099a7cb45a7 - - default default] 10.0.0.99 "DELETE /v2.0/routers/7f72b1be-b132-47e2-afba-8c16ae6054a1 HTTP/1.1" status: 404 len: 336 time: 0.0247734
2026-05-28 23:00:02.983 10 INFO neutron.pecan_wsgi.hooks.translation [None req-64aa8b27-f8f1-48dd-86b4-14f3da9e8b9e b52c071e5574492ca99dac47c388a759 a1dc1024322e4c278ee90099a7cb45a7 - - default default] DELETE failed (client error): The resource could not be found.
2026-05-28 23:00:02.985 10 INFO neutron.wsgi [None req-64aa8b27-f8f1-48dd-86b4-14f3da9e8b9e b52c071e5574492ca99dac47c388a759 a1dc1024322e4c278ee90099a7cb45a7 - - default default] 10.0.0.99 "DELETE /v2.0/subnets/2235a89b-dedb-4062-b750-90abdea63d0d HTTP/1.1" status: 404 len: 337 time: 0.0205278
2026-05-28 23:00:03.016 10 INFO neutron.wsgi [None req-5cb5cb37-cbe9-40e2-ac8d-f64d13aa3db5 b52c071e5574492ca99dac47c388a759 a1dc1024322e4c278ee90099a7cb45a7 - - default default] 10.0.0.99 "GET /v2.0/ports?device_id=09cbb5bf-4c56-4eab-9c36-4a09bb5baa2f HTTP/1.1" status: 200 len: 205 time: 0.0224993
2026-05-28 23:00:03.048 10 INFO neutron.api.v2.resource [None req-552d0f3d-aef7-4a78-9fe0-c0183833e7d3 b52c071e5574492ca99dac47c388a759 a1dc1024322e4c278ee90099a7cb45a7 - - default default] delete failed (client error): The resource could not be found.
2026-05-28 23:00:03.049 10 INFO neutron.wsgi [None req-552d0f3d-aef7-4a78-9fe0-c0183833e7d3 b52c071e5574492ca99dac47c388a759 a1dc1024322e4c278ee90099a7cb45a7 - - default default] 10.0.0.99 "DELETE /v2.0/routers/09cbb5bf-4c56-4eab-9c36-4a09bb5baa2f HTTP/1.1" status: 404 len: 336 time: 0.0246811
2026-05-28 23:00:03.069 10 INFO neutron.pecan_wsgi.hooks.translation [None req-0813779a-431c-4db3-93f2-d2f4d74a7a83 b52c071e5574492ca99dac47c388a759 a1dc1024322e4c278ee90099a7cb45a7 - - default default] DELETE failed (client error): The resource could not be found.
2026-05-28 23:00:03.072 10 INFO neutron.wsgi [None req-0813779a-431c-4db3-93f2-d2f4d74a7a83 b52c071e5574492ca99dac47c388a759 a1dc1024322e4c278ee90099a7cb45a7 - - default default] 10.0.0.99 "DELETE /v2.0/subnets/f55f3450-fec9-4f3e-a02a-d7c58c1263f6 HTTP/1.1" status: 404 len: 337 time: 0.0159152
2026-05-28 23:00:03.090 10 INFO neutron.pecan_wsgi.hooks.translation [None req-f0e38469-328c-44af-876b-4019a7e53cf1 b52c071e5574492ca99dac47c388a759 a1dc1024322e4c278ee90099a7cb45a7 - - default default] DELETE failed (client error): The resource could not be found.
2026-05-28 23:00:03.093 10 INFO neutron.wsgi [None req-f0e38469-328c-44af-876b-4019a7e53cf1 b52c071e5574492ca99dac47c388a759 a1dc1024322e4c278ee90099a7cb45a7 - - default default] 10.0.0.99 "DELETE /v2.0/subnets/ad5e4133-1f40-4c7d-965d-9cf7ff44b48c HTTP/1.1" status: 404 len: 337 time: 0.0161269
2026-05-28 23:00:03.160 9 INFO neutron.wsgi [None req-3d8635fd-99d3-46d0-bf54-31373f2aa1ff b4a9ce3c1af3474d8c24dc399e747397 dfcd877038e84ab1a1d519c1b54841e7 - - default default] 10.0.0.99 "DELETE /v2.0/subnets/f251c812-0e27-4a58-b450-a44bbaa287fd HTTP/1.1" status: 204 len: 168 time: 0.3205109
2026-05-28 23:00:03.194 9 WARNING neutron.scheduler.dhcp_agent_scheduler [None req-0cbbf3eb-72d9-4a03-ad69-427b0997e133 3f7c5a07742546d39238be0e7b2bfbf9 e09a8599fbc04bca80adcffa1a2d89e8 - - default default] No more DHCP agents
2026-05-28 23:00:03.197 9 WARNING neutron.api.rpc.agentnotifiers.dhcp_rpc_agent_api [None req-0cbbf3eb-72d9-4a03-ad69-427b0997e133 3f7c5a07742546d39238be0e7b2bfbf9 e09a8599fbc04bca80adcffa1a2d89e8 - - default default] Unable to schedule network 2e1ad6aa-4752-4c54-8554-d208e37d8c50: no agents available; will retry on subsequent port and subnet creation events.
2026-05-28 23:00:03.403 10 INFO neutron.wsgi [None req-f89346b2-edcd-4b1c-9dec-32733dee4b2b b4a9ce3c1af3474d8c24dc399e747397 dfcd877038e84ab1a1d519c1b54841e7 - - default default] 10.0.0.99 "DELETE /v2.0/subnets/40860409-0121-4aec-ab31-02debc721aec HTTP/1.1" status: 204 len: 168 time: 0.2379706
2026-05-28 23:00:03.476 10 INFO neutron.wsgi [None req-0fcd5ebd-d90c-4f43-b100-fe99036f0c76 b4a9ce3c1af3474d8c24dc399e747397 dfcd877038e84ab1a1d519c1b54841e7 - - default default] 10.0.0.99 "GET /v2.0/subnets HTTP/1.1" status: 200 len: 820 time: 0.0647855
2026-05-28 23:00:04.021 9 INFO neutron.wsgi [None req-4b6bdddb-1817-4063-abb6-f84147215b80 f12e61e4e00c4884a2149d8b62c222a5 e81ddcfb6cb24c6695923dcab8829e85 - - default default] 10.0.0.99 "GET /v2.0/security-groups?tenant_id=a1dc1024322e4c278ee90099a7cb45a7&name=default HTTP/1.1" status: 200 len: 3120 time: 0.2920504
2026-05-28 23:00:04.263 9 INFO neutron.db.ovn_revision_numbers_db [None req-0cbbf3eb-72d9-4a03-ad69-427b0997e133 3f7c5a07742546d39238be0e7b2bfbf9 e09a8599fbc04bca80adcffa1a2d89e8 - - default default] Successfully bumped revision number for resource 126efaa9-25d8-40dc-a99d-9e9912950815 (type: ports) to 2
2026-05-28 23:00:04.287 10 INFO neutron.services.segments.plugin [-] Segment 98fe02ba-c90e-4c5b-9d49-99ea4a337024 resource provider aggregate not found
2026-05-28 23:00:04.291 10 INFO neutron.services.segments.plugin [-] Segment 98fe02ba-c90e-4c5b-9d49-99ea4a337024 resource provider aggregate not found
2026-05-28 23:00:04.306 9 INFO neutron.db.ovn_revision_numbers_db [None req-0cbbf3eb-72d9-4a03-ad69-427b0997e133 3f7c5a07742546d39238be0e7b2bfbf9 e09a8599fbc04bca80adcffa1a2d89e8 - - default default] Successfully bumped revision number for resource 059b01b5-31c2-411a-adc5-8430118d2773 (type: subnets) to 0
2026-05-28 23:00:04.312 10 INFO neutron.services.segments.plugin [-] Segment 98fe02ba-c90e-4c5b-9d49-99ea4a337024 resource provider not found; error: Placement Client Error (4xx): {"errors": [{"status": 404, "title": "Not Found", "detail": "The resource could not be found.\n\n No resource provider with uuid 98fe02ba-c90e-4c5b-9d49-99ea4a337024 found for delete ", "request_id": "req-fda2d42f-8363-447a-a095-047085ff5647"}]}
2026-05-28 23:00:04.313 10 INFO neutron.services.segments.plugin [-] Segment 98fe02ba-c90e-4c5b-9d49-99ea4a337024 resource provider not found; error: Placement Client Error (4xx): {"errors": [{"status": 404, "title": "Not Found", "detail": "The resource could not be found.\n\n No resource provider with uuid 98fe02ba-c90e-4c5b-9d49-99ea4a337024 found for delete ", "request_id": "req-31445374-07f5-4c5f-983e-ef7c76dd5a69"}]}
2026-05-28 23:00:04.326 9 INFO neutron.wsgi [None req-0cbbf3eb-72d9-4a03-ad69-427b0997e133 3f7c5a07742546d39238be0e7b2bfbf9 e09a8599fbc04bca80adcffa1a2d89e8 - - default default] 10.0.0.99 "POST /v2.0/subnets HTTP/1.1" status: 201 len: 801 time: 1.4559720
2026-05-28 23:00:04.337 10 INFO neutron.wsgi [None req-7afba036-1346-4c66-baa0-e6186a1715ef b4a9ce3c1af3474d8c24dc399e747397 dfcd877038e84ab1a1d519c1b54841e7 - - default default] 10.0.0.99 "DELETE /v2.0/networks/f526e606-5e13-41f6-b468-bb210a519308 HTTP/1.1" status: 204 len: 168 time: 0.8484979
2026-05-28 23:00:04.398 9 INFO neutron.wsgi [None req-1b1ecedb-2d72-4810-900e-c4194c60d954 f12e61e4e00c4884a2149d8b62c222a5 e81ddcfb6cb24c6695923dcab8829e85 - - default default] 10.0.0.99 "DELETE /v2.0/security-groups/67b3f13e-3fa8-42e7-a613-5766dd8080d1 HTTP/1.1" status: 204 len: 168 time: 0.3564715
2026-05-28 23:00:04.462 9 INFO neutron.wsgi [None req-98c63191-b07d-499c-b654-cda6150f8b5d 3f7c5a07742546d39238be0e7b2bfbf9 e09a8599fbc04bca80adcffa1a2d89e8 - - default default] 10.0.0.99 "PUT /v2.0/subnets/059b01b5-31c2-411a-adc5-8430118d2773/tags HTTP/1.1" status: 200 len: 218 time: 0.1291020
