2026-05-28 22:58:26.973 9 INFO neutron.wsgi [req-341f579a-40e6-4850-b4e0-b27e0de29337 req-4b1eca2c-8521-41c8-856b-e16ee9ee41f6 0d90fa8f3ebc4c6aae72d87acd7d1054 674dde6c762847b5815c0421ea488ea1 - - default default] 10.0.0.30 "GET /v2.0/ports?device_id=cba1bc3f-8534-4309-8b7a-437769af825e HTTP/1.1" status: 200 len: 210 time: 0.0489717
2026-05-28 22:58:26.991 9 INFO neutron.notifiers.nova [-] Nova event matching ['req-f6e1dace-d759-403f-9ffe-71157d5686af'] response: {'server_uuid': 'a500813f-f028-4d79-bd75-1c8907a2b0f4', 'name': 'network-vif-deleted', 'tag': '4a27a00d-de5b-4b10-b8d4-4a3050d592f6', 'status': 'completed', 'code': 200}
2026-05-28 22:58:27.036 9 INFO neutron.db.ovn_revision_numbers_db [None req-df5e5143-7aef-4c11-847a-b402719a2400 - - - - - -] Successfully bumped revision number for resource a545189d-2c42-4ab3-9767-3fc7d8f5c2f6 (type: router_ports) to 4
2026-05-28 22:58:27.097 10 INFO neutron.db.ovn_revision_numbers_db [None req-334df9ed-15ae-48cb-ba4d-8d8fab981030 8d327ad6367c4b299c0e73ad36cfa4c4 cb1c56349dc7489cbe062bf488c6ffcf - - default default] Successfully bumped revision number for resource 2bb173d6-f03c-44b4-96ee-2c3f51a40993 (type: security_groups) to 1
2026-05-28 22:58:27.121 10 INFO neutron.db.ovn_revision_numbers_db [None req-334df9ed-15ae-48cb-ba4d-8d8fab981030 8d327ad6367c4b299c0e73ad36cfa4c4 cb1c56349dc7489cbe062bf488c6ffcf - - default default] Successfully bumped revision number for resource 4757f5b5-150d-415d-8cd7-b9a0c544ba3d (type: security_group_rules) to 0
2026-05-28 22:58:27.138 10 INFO neutron.db.ovn_revision_numbers_db [None req-334df9ed-15ae-48cb-ba4d-8d8fab981030 8d327ad6367c4b299c0e73ad36cfa4c4 cb1c56349dc7489cbe062bf488c6ffcf - - default default] Successfully bumped revision number for resource 9ba84e44-fd0c-47a7-a0e1-0724464cb6dc (type: security_group_rules) to 0
2026-05-28 22:58:27.158 10 INFO neutron.db.ovn_revision_numbers_db [None req-334df9ed-15ae-48cb-ba4d-8d8fab981030 8d327ad6367c4b299c0e73ad36cfa4c4 cb1c56349dc7489cbe062bf488c6ffcf - - default default] Successfully bumped revision number for resource af527742-54ab-44a6-afb6-5836cfb6a550 (type: security_group_rules) to 0
2026-05-28 22:58:27.192 10 INFO neutron.db.ovn_revision_numbers_db [None req-334df9ed-15ae-48cb-ba4d-8d8fab981030 8d327ad6367c4b299c0e73ad36cfa4c4 cb1c56349dc7489cbe062bf488c6ffcf - - default default] Successfully bumped revision number for resource b51b3441-3801-4870-a4cc-84c6df64b37a (type: security_group_rules) to 0
2026-05-28 22:58:27.250 10 INFO neutron.db.segments_db [None req-334df9ed-15ae-48cb-ba4d-8d8fab981030 8d327ad6367c4b299c0e73ad36cfa4c4 cb1c56349dc7489cbe062bf488c6ffcf - - default default] Added segment 43a71e25-c084-4e6a-8233-434df9cabb62 of type geneve for network f68c12b1-488f-4d68-8129-e63c19723c68
2026-05-28 22:58:27.281 10 INFO neutron.wsgi [None req-f2b1ffad-6f18-439d-8a45-562ca70d6c45 1b6c3f3c4df94672ac6cc9f96b5a4bef 495068e57584480880f5575fab45da83 - - default default] 10.0.0.99 "POST /v2.0/floatingips HTTP/1.1" status: 201 len: 751 time: 0.6865456
2026-05-28 22:58:27.394 10 INFO neutron.db.ovn_revision_numbers_db [None req-334df9ed-15ae-48cb-ba4d-8d8fab981030 8d327ad6367c4b299c0e73ad36cfa4c4 cb1c56349dc7489cbe062bf488c6ffcf - - default default] Successfully bumped revision number for resource f68c12b1-488f-4d68-8129-e63c19723c68 (type: networks) to 1
2026-05-28 22:58:27.614 10 WARNING neutron.scheduler.dhcp_agent_scheduler [None req-334df9ed-15ae-48cb-ba4d-8d8fab981030 8d327ad6367c4b299c0e73ad36cfa4c4 cb1c56349dc7489cbe062bf488c6ffcf - - default default] No more DHCP agents
2026-05-28 22:58:27.616 10 WARNING neutron.api.rpc.agentnotifiers.dhcp_rpc_agent_api [None req-334df9ed-15ae-48cb-ba4d-8d8fab981030 8d327ad6367c4b299c0e73ad36cfa4c4 cb1c56349dc7489cbe062bf488c6ffcf - - default default] Unable to schedule network f68c12b1-488f-4d68-8129-e63c19723c68: no agents available; will retry on subsequent port and subnet creation events.
2026-05-28 22:58:27.701 10 INFO neutron.db.ovn_revision_numbers_db [None req-334df9ed-15ae-48cb-ba4d-8d8fab981030 8d327ad6367c4b299c0e73ad36cfa4c4 cb1c56349dc7489cbe062bf488c6ffcf - - default default] Successfully bumped revision number for resource 6d281698-3b0b-4ff0-9d7c-e921f38b6941 (type: ports) to 1
2026-05-28 22:58:27.724 10 INFO neutron.wsgi [None req-334df9ed-15ae-48cb-ba4d-8d8fab981030 8d327ad6367c4b299c0e73ad36cfa4c4 cb1c56349dc7489cbe062bf488c6ffcf - - default default] 10.0.0.99 "POST /v2.0/networks HTTP/1.1" status: 201 len: 843 time: 1.1023602
2026-05-28 22:58:27.734 10 WARNING neutron_lib.context [None req-42b2a97b-46e7-4aea-b997-2f5ade56d1d4 8d327ad6367c4b299c0e73ad36cfa4c4 cb1c56349dc7489cbe062bf488c6ffcf - - default default] Method 'is_advsvc' is deprecated since 2023.2 release (neutron-lib 3.8.0) and will be removed once support for the old RBAC API policies will be removed from Neutron. Please use method 'is_service_role' instead.
2026-05-28 22:58:27.752 9 INFO neutron.wsgi [req-714a6732-bb2f-467a-b78e-f67de09befa6 req-c7c23131-b7c9-4124-99e3-2dd2565243e4 0d90fa8f3ebc4c6aae72d87acd7d1054 674dde6c762847b5815c0421ea488ea1 - - default default] 199.204.45.140 "GET /v2.0/networks?id=28488771-4ac9-4c0c-b5b0-f4fceb18088c HTTP/1.1" status: 200 len: 874 time: 0.0931220
2026-05-28 22:58:27.826 9 INFO neutron.wsgi [req-cac41a60-e629-4409-9adb-a64b603ecc98 req-ece2a5ea-e795-46cd-8b8b-7c519c2a85db 1b6c3f3c4df94672ac6cc9f96b5a4bef 495068e57584480880f5575fab45da83 - - default default] 10.0.0.30 "GET /v2.0/security-groups?name=tempest-securitygroup--898055192&fields=id&tenant_id=495068e57584480880f5575fab45da83 HTTP/1.1" status: 200 len: 267 time: 0.0948470
2026-05-28 22:58:27.841 9 INFO neutron.wsgi [req-714a6732-bb2f-467a-b78e-f67de09befa6 req-c8622f3b-2b02-4f16-8e62-e8b9960083b8 0d90fa8f3ebc4c6aae72d87acd7d1054 674dde6c762847b5815c0421ea488ea1 - - default default] 199.204.45.140 "GET /v2.0/security-groups?fields=id&fields=name&tenant_id=674dde6c762847b5815c0421ea488ea1 HTTP/1.1" status: 200 len: 379 time: 0.0792575
2026-05-28 22:58:27.857 9 WARNING neutron_lib.context [req-714a6732-bb2f-467a-b78e-f67de09befa6 req-5e6de993-ef82-4ee2-b69d-197d5f93decb 0d90fa8f3ebc4c6aae72d87acd7d1054 674dde6c762847b5815c0421ea488ea1 - - default default] Method 'is_advsvc' is deprecated since 2023.2 release (neutron-lib 3.8.0) and will be removed once support for the old RBAC API policies will be removed from Neutron. Please use method 'is_service_role' instead.
2026-05-28 22:58:27.931 9 INFO neutron.wsgi [req-cac41a60-e629-4409-9adb-a64b603ecc98 req-a2f35d62-a17c-4b24-a762-8511e8245a7e 1b6c3f3c4df94672ac6cc9f96b5a4bef 495068e57584480880f5575fab45da83 - - default default] 10.0.0.30 "GET /v2.0/networks?id=424cbcbb-0cc2-4e63-b6d9-503e4c6e3df8 HTTP/1.1" status: 200 len: 874 time: 0.0894041
2026-05-28 22:58:27.953 9 INFO neutron.wsgi [req-cac41a60-e629-4409-9adb-a64b603ecc98 req-0a06c607-0af4-4924-96c7-fbc608a8dd08 1b6c3f3c4df94672ac6cc9f96b5a4bef 495068e57584480880f5575fab45da83 - - default default] 10.0.0.30 "GET /v2.0/quotas/495068e57584480880f5575fab45da83 HTTP/1.1" status: 200 len: 491 time: 0.0129976
2026-05-28 22:58:28.027 10 WARNING neutron.scheduler.dhcp_agent_scheduler [None req-42b2a97b-46e7-4aea-b997-2f5ade56d1d4 8d327ad6367c4b299c0e73ad36cfa4c4 cb1c56349dc7489cbe062bf488c6ffcf - - default default] No more DHCP agents
2026-05-28 22:58:28.028 10 WARNING neutron.api.rpc.agentnotifiers.dhcp_rpc_agent_api [None req-42b2a97b-46e7-4aea-b997-2f5ade56d1d4 8d327ad6367c4b299c0e73ad36cfa4c4 cb1c56349dc7489cbe062bf488c6ffcf - - default default] Unable to schedule network f68c12b1-488f-4d68-8129-e63c19723c68: no agents available; will retry on subsequent port and subnet creation events.
2026-05-28 22:58:28.114 10 INFO neutron.db.ovn_revision_numbers_db [None req-42b2a97b-46e7-4aea-b997-2f5ade56d1d4 8d327ad6367c4b299c0e73ad36cfa4c4 cb1c56349dc7489cbe062bf488c6ffcf - - default default] Successfully bumped revision number for resource 55762ffa-4333-4195-bcb8-a030c41003aa (type: ports) to 1
2026-05-28 22:58:28.144 10 INFO neutron.wsgi [None req-42b2a97b-46e7-4aea-b997-2f5ade56d1d4 8d327ad6367c4b299c0e73ad36cfa4c4 cb1c56349dc7489cbe062bf488c6ffcf - - default default] 10.0.0.99 "POST /v2.0/ports HTTP/1.1" status: 201 len: 974 time: 0.4151897 /var/lib/openstack/lib/python3.10/site-packages/pycadf/identifier.py:71: UserWarning: Invalid uuid: neutron. To ensure interoperability, identifiers should be a valid uuid. warnings.warn(('Invalid uuid: %s. To ensure interoperability, '
2026-05-28 22:58:28.155 10 WARNING neutron_lib.context [None req-284a8a26-af9d-4315-bc35-699c5cc89b30 8d327ad6367c4b299c0e73ad36cfa4c4 cb1c56349dc7489cbe062bf488c6ffcf - - default default] Method 'is_advsvc' is deprecated since 2023.2 release (neutron-lib 3.8.0) and will be removed once support for the old RBAC API policies will be removed from Neutron. Please use method 'is_service_role' instead.
2026-05-28 22:58:28.259 10 INFO neutron.db.segments_db [None req-284a8a26-af9d-4315-bc35-699c5cc89b30 8d327ad6367c4b299c0e73ad36cfa4c4 cb1c56349dc7489cbe062bf488c6ffcf - - default default] Added segment 0794cefc-d65b-45f2-b205-72be1ec4dc6c of type geneve for network 48175809-ad1c-4a5e-8d67-b690cfd78da5
2026-05-28 22:58:28.387 9 INFO neutron.wsgi [req-9527ac7b-2285-43f7-9961-0cfb29bae3da req-3e204768-a123-416b-9f18-e45b8929403f 0d90fa8f3ebc4c6aae72d87acd7d1054 674dde6c762847b5815c0421ea488ea1 - - default default] 10.0.0.30 "GET /v2.0/ports?device_id=cba1bc3f-8534-4309-8b7a-437769af825e HTTP/1.1" status: 200 len: 210 time: 0.0355396
2026-05-28 22:58:28.411 10 INFO neutron.db.ovn_revision_numbers_db [None req-284a8a26-af9d-4315-bc35-699c5cc89b30 8d327ad6367c4b299c0e73ad36cfa4c4 cb1c56349dc7489cbe062bf488c6ffcf - - default default] Successfully bumped revision number for resource 48175809-ad1c-4a5e-8d67-b690cfd78da5 (type: networks) to 1
2026-05-28 22:58:28.418 9 INFO neutron.wsgi [req-cac41a60-e629-4409-9adb-a64b603ecc98 req-6ebf0a5d-0b6a-43bc-9790-c343802ef362 1b6c3f3c4df94672ac6cc9f96b5a4bef 495068e57584480880f5575fab45da83 - - default default] 10.0.0.30 "GET /v2.0/ports?tenant_id=495068e57584480880f5575fab45da83&fields=id HTTP/1.1" status: 200 len: 302 time: 0.4573565
2026-05-28 22:58:28.527 9 INFO neutron.wsgi [req-cac41a60-e629-4409-9adb-a64b603ecc98 req-0e4e258a-92f1-4b59-82f6-d36a1141d1ea bf746973377e4125bf0fdaf48551a4ca 96f8db49fcda430eb1a26f68333f37f8 - - f90c3c6d40d74f4b8e4ad62d3d4b34e2 f90c3c6d40d74f4b8e4ad62d3d4b34e2] 10.0.0.30 "GET /v2.0/networks/424cbcbb-0cc2-4e63-b6d9-503e4c6e3df8?fields=segments HTTP/1.1" status: 200 len: 212 time: 0.0918736
2026-05-28 22:58:28.601 10 WARNING neutron.scheduler.dhcp_agent_scheduler [None req-284a8a26-af9d-4315-bc35-699c5cc89b30 8d327ad6367c4b299c0e73ad36cfa4c4 cb1c56349dc7489cbe062bf488c6ffcf - - default default] No more DHCP agents
2026-05-28 22:58:28.603 10 WARNING neutron.api.rpc.agentnotifiers.dhcp_rpc_agent_api [None req-284a8a26-af9d-4315-bc35-699c5cc89b30 8d327ad6367c4b299c0e73ad36cfa4c4 cb1c56349dc7489cbe062bf488c6ffcf - - default default] Unable to schedule network 48175809-ad1c-4a5e-8d67-b690cfd78da5: no agents available; will retry on subsequent port and subnet creation events.
2026-05-28 22:58:28.637 9 INFO neutron.wsgi [req-cac41a60-e629-4409-9adb-a64b603ecc98 req-ba98d681-54fd-4a9b-82f0-8f012fa7d885 bf746973377e4125bf0fdaf48551a4ca 96f8db49fcda430eb1a26f68333f37f8 - - f90c3c6d40d74f4b8e4ad62d3d4b34e2 f90c3c6d40d74f4b8e4ad62d3d4b34e2] 10.0.0.30 "GET /v2.0/networks/424cbcbb-0cc2-4e63-b6d9-503e4c6e3df8?fields=provider%3Aphysical_network&fields=provider%3Anetwork_type HTTP/1.1" status: 200 len: 277 time: 0.1000626
2026-05-28 22:58:28.682 10 INFO neutron.db.ovn_revision_numbers_db [None req-284a8a26-af9d-4315-bc35-699c5cc89b30 8d327ad6367c4b299c0e73ad36cfa4c4 cb1c56349dc7489cbe062bf488c6ffcf - - default default] Successfully bumped revision number for resource fc685655-8a50-49d3-a35c-7b6c7b48f994 (type: ports) to 1
2026-05-28 22:58:28.687 9 INFO neutron.wsgi [None req-2017bc8d-23d4-4f01-a554-11086b1e1992 a417ddc3011846598fa36f876ceb8dd9 2d5c28439afb49549ffcea6f5b7f330f - - default default] 10.0.0.99 "DELETE /v2.0/security-groups/d2d901b8-e2e8-4fa0-ac68-807dbf36d491 HTTP/1.1" status: 204 len: 168 time: 0.2625260
2026-05-28 22:58:28.691 9 WARNING neutron.scheduler.dhcp_agent_scheduler [req-714a6732-bb2f-467a-b78e-f67de09befa6 req-5e6de993-ef82-4ee2-b69d-197d5f93decb 0d90fa8f3ebc4c6aae72d87acd7d1054 674dde6c762847b5815c0421ea488ea1 - - default default] No more DHCP agents
2026-05-28 22:58:28.695 9 WARNING neutron.api.rpc.agentnotifiers.dhcp_rpc_agent_api [req-714a6732-bb2f-467a-b78e-f67de09befa6 req-5e6de993-ef82-4ee2-b69d-197d5f93decb 0d90fa8f3ebc4c6aae72d87acd7d1054 674dde6c762847b5815c0421ea488ea1 - - default default] Unable to schedule network 28488771-4ac9-4c0c-b5b0-f4fceb18088c: no agents available; will retry on subsequent port and subnet creation events. /var/lib/openstack/lib/python3.10/site-packages/pycadf/identifier.py:71: UserWarning: Invalid uuid: neutron. To ensure interoperability, identifiers should be a valid uuid. warnings.warn(('Invalid uuid: %s. To ensure interoperability, '
2026-05-28 22:58:28.706 10 INFO neutron.wsgi [None req-284a8a26-af9d-4315-bc35-699c5cc89b30 8d327ad6367c4b299c0e73ad36cfa4c4 cb1c56349dc7489cbe062bf488c6ffcf - - default default] 10.0.0.99 "POST /v2.0/networks HTTP/1.1" status: 201 len: 830 time: 0.5563462
2026-05-28 22:58:28.710 9 INFO neutron.api.v2.resource [None req-aa4d8f8f-8f5e-48d9-94f7-2fe875725d41 a417ddc3011846598fa36f876ceb8dd9 2d5c28439afb49549ffcea6f5b7f330f - - default default] show failed (client error): The resource could not be found.
2026-05-28 22:58:28.711 9 INFO neutron.wsgi [None req-aa4d8f8f-8f5e-48d9-94f7-2fe875725d41 a417ddc3011846598fa36f876ceb8dd9 2d5c28439afb49549ffcea6f5b7f330f - - default default] 10.0.0.99 "GET /v2.0/security-groups/d2d901b8-e2e8-4fa0-ac68-807dbf36d491 HTTP/1.1" status: 404 len: 347 time: 0.0172157
2026-05-28 22:58:28.718 10 WARNING neutron_lib.context [None req-fc483760-0db3-4aaa-9380-96d1aa272657 8d327ad6367c4b299c0e73ad36cfa4c4 cb1c56349dc7489cbe062bf488c6ffcf - - default default] Method 'is_advsvc' is deprecated since 2023.2 release (neutron-lib 3.8.0) and will be removed once support for the old RBAC API policies will be removed from Neutron. Please use method 'is_service_role' instead.
2026-05-28 22:58:28.868 9 INFO neutron.wsgi [req-9a77a257-08df-4eaa-b58e-fa5ada9262e4 req-618b9579-9abe-436c-b14a-c2071c82ab06 1b6c3f3c4df94672ac6cc9f96b5a4bef 495068e57584480880f5575fab45da83 - - default default] 10.0.0.30 "GET /v2.0/ports?device_id=e2120125-b441-4aa9-aafe-19f976d9802f HTTP/1.1" status: 200 len: 210 time: 0.0638926
2026-05-28 22:58:28.976 10 WARNING neutron.scheduler.dhcp_agent_scheduler [None req-fc483760-0db3-4aaa-9380-96d1aa272657 8d327ad6367c4b299c0e73ad36cfa4c4 cb1c56349dc7489cbe062bf488c6ffcf - - default default] No more DHCP agents
2026-05-28 22:58:28.979 10 WARNING neutron.api.rpc.agentnotifiers.dhcp_rpc_agent_api [None req-fc483760-0db3-4aaa-9380-96d1aa272657 8d327ad6367c4b299c0e73ad36cfa4c4 cb1c56349dc7489cbe062bf488c6ffcf - - default default] Unable to schedule network 48175809-ad1c-4a5e-8d67-b690cfd78da5: no agents available; will retry on subsequent port and subnet creation events.
2026-05-28 22:58:29.029 9 INFO neutron.db.ovn_revision_numbers_db [req-714a6732-bb2f-467a-b78e-f67de09befa6 req-5e6de993-ef82-4ee2-b69d-197d5f93decb 0d90fa8f3ebc4c6aae72d87acd7d1054 674dde6c762847b5815c0421ea488ea1 - - default default] Successfully bumped revision number for resource 83653442-d6ca-435b-baf6-f764ca6f2957 (type: ports) to 1
2026-05-28 22:58:29.078 9 INFO neutron.wsgi [req-714a6732-bb2f-467a-b78e-f67de09befa6 req-5e6de993-ef82-4ee2-b69d-197d5f93decb 0d90fa8f3ebc4c6aae72d87acd7d1054 674dde6c762847b5815c0421ea488ea1 - - default default] 199.204.45.140 "POST /v2.0/ports HTTP/1.1" status: 201 len: 1162 time: 1.2272990
2026-05-28 22:58:29.304 9 INFO neutron.wsgi [None req-0555ce43-73c3-4e79-ac51-bb035f7529ce a417ddc3011846598fa36f876ceb8dd9 2d5c28439afb49549ffcea6f5b7f330f - - default default] 10.0.0.99 "DELETE /v2.0/floatingips/135ba522-f485-42a5-b46e-9d469d252e49 HTTP/1.1" status: 204 len: 168 time: 0.5874877
2026-05-28 22:58:29.521 9 INFO neutron.wsgi [req-5ac9a5a9-0d37-4930-b8ae-3ab68b33c70c req-323de130-a406-4078-9bd4-33ec4b624a9e 0d90fa8f3ebc4c6aae72d87acd7d1054 674dde6c762847b5815c0421ea488ea1 - - default default] 10.0.0.30 "GET /v2.0/ports?device_id=cba1bc3f-8534-4309-8b7a-437769af825e HTTP/1.1" status: 200 len: 1172 time: 0.0516591 /var/lib/openstack/lib/python3.10/site-packages/pycadf/identifier.py:71: UserWarning: Invalid uuid: neutron. To ensure interoperability, identifiers should be a valid uuid. warnings.warn(('Invalid uuid: %s. To ensure interoperability, '
2026-05-28 22:58:29.597 9 INFO neutron.wsgi [req-5ac9a5a9-0d37-4930-b8ae-3ab68b33c70c req-49c033ac-a12a-4bf5-a3e2-31115277a2c8 0d90fa8f3ebc4c6aae72d87acd7d1054 674dde6c762847b5815c0421ea488ea1 - - default default] 10.0.0.30 "GET /v2.0/security-groups?id=8e7eba74-1fa5-464d-abe1-7cdb83775273&fields=id&fields=name HTTP/1.1" status: 200 len: 312 time: 0.0668538
2026-05-28 22:58:29.689 9 INFO neutron.db.ovn_revision_numbers_db [req-714a6732-bb2f-467a-b78e-f67de09befa6 req-bc2c32c2-4177-44ab-a59e-14038375ef80 bf746973377e4125bf0fdaf48551a4ca 96f8db49fcda430eb1a26f68333f37f8 - - f90c3c6d40d74f4b8e4ad62d3d4b34e2 f90c3c6d40d74f4b8e4ad62d3d4b34e2] Successfully bumped revision number for resource 83653442-d6ca-435b-baf6-f764ca6f2957 (type: ports) to 2
2026-05-28 22:58:29.881 10 INFO neutron.wsgi [req-cac41a60-e629-4409-9adb-a64b603ecc98 req-28f0a30e-0594-408c-baba-da463ae1413b 1b6c3f3c4df94672ac6cc9f96b5a4bef 495068e57584480880f5575fab45da83 - - default default] 199.204.45.140 "GET /v2.0/networks?id=424cbcbb-0cc2-4e63-b6d9-503e4c6e3df8 HTTP/1.1" status: 200 len: 874 time: 0.1170633
2026-05-28 22:58:29.902 9 INFO neutron.db.ovn_revision_numbers_db [req-714a6732-bb2f-467a-b78e-f67de09befa6 req-bc2c32c2-4177-44ab-a59e-14038375ef80 bf746973377e4125bf0fdaf48551a4ca 96f8db49fcda430eb1a26f68333f37f8 - - f90c3c6d40d74f4b8e4ad62d3d4b34e2 f90c3c6d40d74f4b8e4ad62d3d4b34e2] Successfully bumped revision number for resource 83653442-d6ca-435b-baf6-f764ca6f2957 (type: ports) to 2
2026-05-28 22:58:29.921 9 INFO neutron.wsgi [req-714a6732-bb2f-467a-b78e-f67de09befa6 req-bc2c32c2-4177-44ab-a59e-14038375ef80 bf746973377e4125bf0fdaf48551a4ca 96f8db49fcda430eb1a26f68333f37f8 - - f90c3c6d40d74f4b8e4ad62d3d4b34e2 f90c3c6d40d74f4b8e4ad62d3d4b34e2] 199.204.45.140 "PUT /v2.0/ports/83653442-d6ca-435b-baf6-f764ca6f2957 HTTP/1.1" status: 200 len: 1380 time: 0.8282690 /var/lib/openstack/lib/python3.10/site-packages/pycadf/identifier.py:71: UserWarning: Invalid uuid: neutron. To ensure interoperability, identifiers should be a valid uuid. warnings.warn(('Invalid uuid: %s. To ensure interoperability, '
2026-05-28 22:58:29.986 9 INFO neutron.notifiers.nova [-] Nova event matching ['req-b5858e8a-5d3f-4573-8a68-33c1479273b5'] response: {'name': 'network-changed', 'server_uuid': 'cba1bc3f-8534-4309-8b7a-437769af825e', 'tag': '83653442-d6ca-435b-baf6-f764ca6f2957', 'status': 'completed', 'code': 200}
2026-05-28 22:58:29.997 9 INFO neutron.wsgi [req-8020a3cf-a8fc-435c-b372-942d3017d42a req-2b5067da-4234-4501-8fd6-7764bf5eb2ea 1b6c3f3c4df94672ac6cc9f96b5a4bef 495068e57584480880f5575fab45da83 - - default default] 10.0.0.30 "GET /v2.0/ports?device_id=e2120125-b441-4aa9-aafe-19f976d9802f HTTP/1.1" status: 200 len: 210 time: 0.0434780
2026-05-28 22:58:29.997 10 INFO neutron.wsgi [req-cac41a60-e629-4409-9adb-a64b603ecc98 req-8f9c6df8-b116-4dcf-a4f3-9301984386fb 1b6c3f3c4df94672ac6cc9f96b5a4bef 495068e57584480880f5575fab45da83 - - default default] 199.204.45.140 "GET /v2.0/security-groups?fields=id&fields=name&tenant_id=495068e57584480880f5575fab45da83 HTTP/1.1" status: 200 len: 379 time: 0.1033950
2026-05-28 22:58:29.998 10 INFO neutron.db.ovn_revision_numbers_db [None req-fc483760-0db3-4aaa-9380-96d1aa272657 8d327ad6367c4b299c0e73ad36cfa4c4 cb1c56349dc7489cbe062bf488c6ffcf - - default default] Successfully bumped revision number for resource fc685655-8a50-49d3-a35c-7b6c7b48f994 (type: ports) to 2
2026-05-28 22:58:30.008 10 WARNING neutron_lib.context [req-cac41a60-e629-4409-9adb-a64b603ecc98 req-0dde460e-5c17-4575-93df-7fa8aaf80548 1b6c3f3c4df94672ac6cc9f96b5a4bef 495068e57584480880f5575fab45da83 - - default default] Method 'is_advsvc' is deprecated since 2023.2 release (neutron-lib 3.8.0) and will be removed once support for the old RBAC API policies will be removed from Neutron. Please use method 'is_service_role' instead.
2026-05-28 22:58:30.065 9 INFO neutron.wsgi [req-714a6732-bb2f-467a-b78e-f67de09befa6 req-0e4ce625-a975-4861-965a-3db173d6d4d8 bf746973377e4125bf0fdaf48551a4ca 96f8db49fcda430eb1a26f68333f37f8 - - f90c3c6d40d74f4b8e4ad62d3d4b34e2 f90c3c6d40d74f4b8e4ad62d3d4b34e2] 199.204.45.140 "GET /v2.0/ports?tenant_id=674dde6c762847b5815c0421ea488ea1&device_id=cba1bc3f-8534-4309-8b7a-437769af825e HTTP/1.1" status: 200 len: 1411 time: 0.0630774
2026-05-28 22:58:30.087 10 INFO neutron.db.ovn_revision_numbers_db [None req-fc483760-0db3-4aaa-9380-96d1aa272657 8d327ad6367c4b299c0e73ad36cfa4c4 cb1c56349dc7489cbe062bf488c6ffcf - - default default] Successfully bumped revision number for resource f674bd17-fd2c-4295-b828-ff580a35bd33 (type: subnets) to 0
2026-05-28 22:58:30.102 9 INFO neutron.wsgi [req-714a6732-bb2f-467a-b78e-f67de09befa6 req-6c21abe5-767c-4439-bcb6-8c771f26b82e bf746973377e4125bf0fdaf48551a4ca 96f8db49fcda430eb1a26f68333f37f8 - - f90c3c6d40d74f4b8e4ad62d3d4b34e2 f90c3c6d40d74f4b8e4ad62d3d4b34e2] 199.204.45.140 "GET /v2.0/floatingips?fixed_ip_address=10.100.0.14&port_id=83653442-d6ca-435b-baf6-f764ca6f2957 HTTP/1.1" status: 200 len: 217 time: 0.0293324
2026-05-28 22:58:30.119 10 INFO neutron.wsgi [None req-fc483760-0db3-4aaa-9380-96d1aa272657 8d327ad6367c4b299c0e73ad36cfa4c4 cb1c56349dc7489cbe062bf488c6ffcf - - default default] 10.0.0.99 "POST /v2.0/subnets HTTP/1.1" status: 201 len: 801 time: 1.4072332
2026-05-28 22:58:30.135 10 WARNING neutron_lib.context [None req-b5205608-d817-4f76-b3c7-5c5b81cd792e 8d327ad6367c4b299c0e73ad36cfa4c4 cb1c56349dc7489cbe062bf488c6ffcf - - default default] Method 'is_advsvc' is deprecated since 2023.2 release (neutron-lib 3.8.0) and will be removed once support for the old RBAC API policies will be removed from Neutron. Please use method 'is_service_role' instead.
2026-05-28 22:58:30.148 9 INFO neutron.wsgi [req-714a6732-bb2f-467a-b78e-f67de09befa6 req-df9c9e5b-6baa-4fd9-942f-38e8fa287f04 bf746973377e4125bf0fdaf48551a4ca 96f8db49fcda430eb1a26f68333f37f8 - - f90c3c6d40d74f4b8e4ad62d3d4b34e2 f90c3c6d40d74f4b8e4ad62d3d4b34e2] 199.204.45.140 "GET /v2.0/subnets?id=81f516e5-b5df-4ee7-86cd-d569017bbbd5 HTTP/1.1" status: 200 len: 868 time: 0.0396495
2026-05-28 22:58:30.177 9 INFO neutron.wsgi [req-714a6732-bb2f-467a-b78e-f67de09befa6 req-ed771ef4-b94e-4547-aa3a-c6859145236b bf746973377e4125bf0fdaf48551a4ca 96f8db49fcda430eb1a26f68333f37f8 - - f90c3c6d40d74f4b8e4ad62d3d4b34e2 f90c3c6d40d74f4b8e4ad62d3d4b34e2] 199.204.45.140 "GET /v2.0/ports?network_id=28488771-4ac9-4c0c-b5b0-f4fceb18088c&device_owner=network%3Adhcp HTTP/1.1" status: 200 len: 210 time: 0.0236933
2026-05-28 22:58:30.246 9 INFO neutron.wsgi [req-714a6732-bb2f-467a-b78e-f67de09befa6 req-e56a53be-26b9-45cf-bf85-eb415348fd39 bf746973377e4125bf0fdaf48551a4ca 96f8db49fcda430eb1a26f68333f37f8 - - f90c3c6d40d74f4b8e4ad62d3d4b34e2 f90c3c6d40d74f4b8e4ad62d3d4b34e2] 199.204.45.140 "GET /v2.0/networks/28488771-4ac9-4c0c-b5b0-f4fceb18088c?fields=segments HTTP/1.1" status: 200 len: 212 time: 0.0646772
2026-05-28 22:58:30.316 9 INFO neutron.wsgi [req-714a6732-bb2f-467a-b78e-f67de09befa6 req-cd7ea9b6-74b1-492f-b24c-2184e69c2110 bf746973377e4125bf0fdaf48551a4ca 96f8db49fcda430eb1a26f68333f37f8 - - f90c3c6d40d74f4b8e4ad62d3d4b34e2 f90c3c6d40d74f4b8e4ad62d3d4b34e2] 199.204.45.140 "GET /v2.0/networks/28488771-4ac9-4c0c-b5b0-f4fceb18088c?fields=provider%3Aphysical_network&fields=provider%3Anetwork_type HTTP/1.1" status: 200 len: 277 time: 0.0656738
2026-05-28 22:58:30.419 9 INFO neutron.wsgi [req-5a6a1c09-888e-4d7c-902e-a1228700174b req-0c7913ce-4f9f-48ee-9b8d-d50e5439ea41 bf746973377e4125bf0fdaf48551a4ca 96f8db49fcda430eb1a26f68333f37f8 - - f90c3c6d40d74f4b8e4ad62d3d4b34e2 f90c3c6d40d74f4b8e4ad62d3d4b34e2] 199.204.45.140 "GET /v2.0/ports?tenant_id=674dde6c762847b5815c0421ea488ea1&device_id=cba1bc3f-8534-4309-8b7a-437769af825e HTTP/1.1" status: 200 len: 1411 time: 0.0499938
2026-05-28 22:58:30.510 9 INFO neutron.wsgi [req-5a6a1c09-888e-4d7c-902e-a1228700174b req-e5a1e97d-dd18-4400-b464-661ae0179260 bf746973377e4125bf0fdaf48551a4ca 96f8db49fcda430eb1a26f68333f37f8 - - f90c3c6d40d74f4b8e4ad62d3d4b34e2 f90c3c6d40d74f4b8e4ad62d3d4b34e2] 199.204.45.140 "GET /v2.0/networks?id=28488771-4ac9-4c0c-b5b0-f4fceb18088c HTTP/1.1" status: 200 len: 973 time: 0.0834119
2026-05-28 22:58:30.558 9 INFO neutron.wsgi [req-5a6a1c09-888e-4d7c-902e-a1228700174b req-4b69349a-25b1-4e87-8215-8cb8c9e9bf96 bf746973377e4125bf0fdaf48551a4ca 96f8db49fcda430eb1a26f68333f37f8 - - f90c3c6d40d74f4b8e4ad62d3d4b34e2 f90c3c6d40d74f4b8e4ad62d3d4b34e2] 199.204.45.140 "GET /v2.0/floatingips?fixed_ip_address=10.100.0.14&port_id=83653442-d6ca-435b-baf6-f764ca6f2957 HTTP/1.1" status: 200 len: 217 time: 0.0379174
2026-05-28 22:58:30.609 9 INFO neutron.wsgi [req-5a6a1c09-888e-4d7c-902e-a1228700174b req-d231dbfd-ed19-47a9-8429-b7d92581f1bc bf746973377e4125bf0fdaf48551a4ca 96f8db49fcda430eb1a26f68333f37f8 - - f90c3c6d40d74f4b8e4ad62d3d4b34e2 f90c3c6d40d74f4b8e4ad62d3d4b34e2] 199.204.45.140 "GET /v2.0/subnets?id=81f516e5-b5df-4ee7-86cd-d569017bbbd5 HTTP/1.1" status: 200 len: 868 time: 0.0442903
2026-05-28 22:58:30.630 10 WARNING neutron.scheduler.dhcp_agent_scheduler [req-cac41a60-e629-4409-9adb-a64b603ecc98 req-0dde460e-5c17-4575-93df-7fa8aaf80548 1b6c3f3c4df94672ac6cc9f96b5a4bef 495068e57584480880f5575fab45da83 - - default default] No more DHCP agents
2026-05-28 22:58:30.635 10 WARNING neutron.plugins.ml2.drivers.ovn.mech_driver.ovsdb.ovn_client [None req-f20f73ee-6b86-4f38-ba18-6326d533e0b2 - - - - - -] No hosting information found for port 16384fca-2bd8-4a80-9edc-8bcd6405d06f: RuntimeError: No hosting information found for port 16384fca-2bd8-4a80-9edc-8bcd6405d06f
2026-05-28 22:58:30.635 10 INFO neutron.plugins.ml2.drivers.ovn.mech_driver.mech_driver [None req-f20f73ee-6b86-4f38-ba18-6326d533e0b2 - - - - - -] OVN reports status down for port: 8991a515-1a2c-4954-837c-07d1a339c8dd
2026-05-28 22:58:30.638 10 WARNING neutron.api.rpc.agentnotifiers.dhcp_rpc_agent_api [req-cac41a60-e629-4409-9adb-a64b603ecc98 req-0dde460e-5c17-4575-93df-7fa8aaf80548 1b6c3f3c4df94672ac6cc9f96b5a4bef 495068e57584480880f5575fab45da83 - - default default] Unable to schedule network 424cbcbb-0cc2-4e63-b6d9-503e4c6e3df8: no agents available; will retry on subsequent port and subnet creation events.
2026-05-28 22:58:30.652 9 INFO neutron.wsgi [req-5a6a1c09-888e-4d7c-902e-a1228700174b req-d69e2033-26f6-4052-b666-0531ec5fe9cc bf746973377e4125bf0fdaf48551a4ca 96f8db49fcda430eb1a26f68333f37f8 - - f90c3c6d40d74f4b8e4ad62d3d4b34e2 f90c3c6d40d74f4b8e4ad62d3d4b34e2] 199.204.45.140 "GET /v2.0/ports?network_id=28488771-4ac9-4c0c-b5b0-f4fceb18088c&device_owner=network%3Adhcp HTTP/1.1" status: 200 len: 210 time: 0.0379267
2026-05-28 22:58:30.675 10 INFO neutron.plugins.ml2.drivers.ovn.mech_driver.mech_driver [None req-f20f73ee-6b86-4f38-ba18-6326d533e0b2 - - - - - -] OVN reports status up for port: 5423c791-901c-4ca3-a810-fe40eda00808
2026-05-28 22:58:30.710 10 INFO neutron.plugins.ml2.plugin [None req-f20f73ee-6b86-4f38-ba18-6326d533e0b2 - - - - - -] Attempt 1 to provision port 5423c791-901c-4ca3-a810-fe40eda00808
2026-05-28 22:58:30.731 9 INFO neutron.wsgi [req-5a6a1c09-888e-4d7c-902e-a1228700174b req-f12ae36f-1823-4821-9441-7e0fd7edba81 bf746973377e4125bf0fdaf48551a4ca 96f8db49fcda430eb1a26f68333f37f8 - - f90c3c6d40d74f4b8e4ad62d3d4b34e2 f90c3c6d40d74f4b8e4ad62d3d4b34e2] 199.204.45.140 "GET /v2.0/networks/28488771-4ac9-4c0c-b5b0-f4fceb18088c?fields=segments HTTP/1.1" status: 200 len: 212 time: 0.0735824
2026-05-28 22:58:30.739 9 INFO neutron.wsgi [req-9630532b-e4b2-4c9a-a4cf-9545112fd349 req-a20d674e-1e96-4fbd-80f6-8c67cfe25b61 0d90fa8f3ebc4c6aae72d87acd7d1054 674dde6c762847b5815c0421ea488ea1 - - default default] 10.0.0.30 "GET /v2.0/ports?device_id=cba1bc3f-8534-4309-8b7a-437769af825e HTTP/1.1" status: 200 len: 1172 time: 0.0575635
2026-05-28 22:58:30.809 9 INFO neutron.wsgi [req-9630532b-e4b2-4c9a-a4cf-9545112fd349 req-2b9ab011-88ef-4dcd-aeee-69494105334f 0d90fa8f3ebc4c6aae72d87acd7d1054 674dde6c762847b5815c0421ea488ea1 - - default default] 10.0.0.30 "GET /v2.0/security-groups?id=8e7eba74-1fa5-464d-abe1-7cdb83775273&fields=id&fields=name HTTP/1.1" status: 200 len: 312 time: 0.0559061
2026-05-28 22:58:30.838 9 INFO neutron.wsgi [req-5a6a1c09-888e-4d7c-902e-a1228700174b req-b9b180db-f1fe-4d98-9480-4ca5e2be25a7 bf746973377e4125bf0fdaf48551a4ca 96f8db49fcda430eb1a26f68333f37f8 - - f90c3c6d40d74f4b8e4ad62d3d4b34e2 f90c3c6d40d74f4b8e4ad62d3d4b34e2] 199.204.45.140 "GET /v2.0/networks/28488771-4ac9-4c0c-b5b0-f4fceb18088c?fields=provider%3Aphysical_network&fields=provider%3Anetwork_type HTTP/1.1" status: 200 len: 277 time: 0.0987291
2026-05-28 22:58:30.867 10 WARNING neutron.scheduler.dhcp_agent_scheduler [None req-b5205608-d817-4f76-b3c7-5c5b81cd792e 8d327ad6367c4b299c0e73ad36cfa4c4 cb1c56349dc7489cbe062bf488c6ffcf - - default default] No more DHCP agents
2026-05-28 22:58:30.884 10 WARNING neutron.api.rpc.agentnotifiers.dhcp_rpc_agent_api [None req-b5205608-d817-4f76-b3c7-5c5b81cd792e 8d327ad6367c4b299c0e73ad36cfa4c4 cb1c56349dc7489cbe062bf488c6ffcf - - default default] Unable to schedule network 48175809-ad1c-4a5e-8d67-b690cfd78da5: no agents available; will retry on subsequent port and subnet creation events.
2026-05-28 22:58:31.082 10 INFO neutron.db.ovn_revision_numbers_db [req-cac41a60-e629-4409-9adb-a64b603ecc98 req-0dde460e-5c17-4575-93df-7fa8aaf80548 1b6c3f3c4df94672ac6cc9f96b5a4bef 495068e57584480880f5575fab45da83 - - default default] Successfully bumped revision number for resource 3fc203e9-c180-41bf-8660-2832b446638c (type: ports) to 1
2026-05-28 22:58:31.112 9 INFO neutron.wsgi [req-4aa939e0-cf2b-4cac-86a5-9c68bc145a73 req-80a0e5a3-2e14-403e-8294-e27ca880460a 1b6c3f3c4df94672ac6cc9f96b5a4bef 495068e57584480880f5575fab45da83 - - default default] 10.0.0.30 "GET /v2.0/ports?device_id=e2120125-b441-4aa9-aafe-19f976d9802f HTTP/1.1" status: 200 len: 1156 time: 0.0422161
2026-05-28 22:58:31.167 10 INFO neutron.wsgi [req-cac41a60-e629-4409-9adb-a64b603ecc98 req-0dde460e-5c17-4575-93df-7fa8aaf80548 1b6c3f3c4df94672ac6cc9f96b5a4bef 495068e57584480880f5575fab45da83 - - default default] 199.204.45.140 "POST /v2.0/ports HTTP/1.1" status: 201 len: 1158 time: 1.1640103
2026-05-28 22:58:31.174 9 INFO neutron.wsgi [req-4aa939e0-cf2b-4cac-86a5-9c68bc145a73 req-362f8750-527d-4587-bbec-f80d345f93f3 1b6c3f3c4df94672ac6cc9f96b5a4bef 495068e57584480880f5575fab45da83 - - default default] 10.0.0.30 "GET /v2.0/security-groups?id=929a6c1d-327c-426a-9d8d-74f3de25ed1a&fields=id&fields=name HTTP/1.1" status: 200 len: 312 time: 0.0534713 /var/lib/openstack/lib/python3.10/site-packages/pycadf/identifier.py:71: UserWarning: Invalid uuid: neutron. To ensure interoperability, identifiers should be a valid uuid. warnings.warn(('Invalid uuid: %s. To ensure interoperability, '
2026-05-28 22:58:31.308 10 INFO neutron.db.ovn_revision_numbers_db [None req-b5205608-d817-4f76-b3c7-5c5b81cd792e 8d327ad6367c4b299c0e73ad36cfa4c4 cb1c56349dc7489cbe062bf488c6ffcf - - default default] Successfully bumped revision number for resource c87ab2a9-348c-435b-ba44-06c590b916d1 (type: ports) to 1
2026-05-28 22:58:31.373 10 INFO neutron.wsgi [None req-b5205608-d817-4f76-b3c7-5c5b81cd792e 8d327ad6367c4b299c0e73ad36cfa4c4 cb1c56349dc7489cbe062bf488c6ffcf - - default default] 10.0.0.99 "POST /v2.0/ports HTTP/1.1" status: 201 len: 1153 time: 1.2481394
2026-05-28 22:58:31.830 9 INFO neutron.wsgi [None req-894a1ffa-ca2d-4128-bf6b-2ab4d129e4c2 8d327ad6367c4b299c0e73ad36cfa4c4 cb1c56349dc7489cbe062bf488c6ffcf - - default default] 10.0.0.99 "DELETE /v2.0/ports/c87ab2a9-348c-435b-ba44-06c590b916d1 HTTP/1.1" status: 204 len: 168 time: 0.4520710
2026-05-28 22:58:31.863 9 INFO neutron.pecan_wsgi.hooks.translation [None req-457e0f2e-5aa4-4ff1-beda-a9b7c7649a26 8d327ad6367c4b299c0e73ad36cfa4c4 cb1c56349dc7489cbe062bf488c6ffcf - - default default] DELETE failed (client error): The resource could not be found.
2026-05-28 22:58:31.867 9 INFO neutron.wsgi [None req-457e0f2e-5aa4-4ff1-beda-a9b7c7649a26 8d327ad6367c4b299c0e73ad36cfa4c4 cb1c56349dc7489cbe062bf488c6ffcf - - default default] 10.0.0.99 "DELETE /v2.0/ports/c87ab2a9-348c-435b-ba44-06c590b916d1 HTTP/1.1" status: 404 len: 333 time: 0.0311799
2026-05-28 22:58:31.914 9 INFO neutron.pecan_wsgi.hooks.translation [None req-abbd02be-dfa5-42cb-8d64-52052973da1c 8d327ad6367c4b299c0e73ad36cfa4c4 cb1c56349dc7489cbe062bf488c6ffcf - - default default] GET failed (client error): The resource could not be found.
2026-05-28 22:58:31.916 9 INFO neutron.wsgi [None req-abbd02be-dfa5-42cb-8d64-52052973da1c 8d327ad6367c4b299c0e73ad36cfa4c4 cb1c56349dc7489cbe062bf488c6ffcf - - default default] 10.0.0.99 "GET /v2.0/ports/c87ab2a9-348c-435b-ba44-06c590b916d1 HTTP/1.1" status: 404 len: 333 time: 0.0429776
2026-05-28 22:58:32.029 9 INFO neutron.wsgi [req-4132efff-03fb-4a8b-9371-13953d242566 req-84f85b10-df9a-44fa-8b67-00364829af86 0d90fa8f3ebc4c6aae72d87acd7d1054 674dde6c762847b5815c0421ea488ea1 - - default default] 10.0.0.30 "GET /v2.0/ports?device_id=cba1bc3f-8534-4309-8b7a-437769af825e HTTP/1.1" status: 200 len: 1172 time: 0.1454594
2026-05-28 22:58:32.089 10 INFO neutron.db.ovn_revision_numbers_db [None req-f20f73ee-6b86-4f38-ba18-6326d533e0b2 - - - - - -] Successfully bumped revision number for resource 5423c791-901c-4ca3-a810-fe40eda00808 (type: ports) to 2
2026-05-28 22:58:32.099 9 INFO neutron.wsgi [req-4132efff-03fb-4a8b-9371-13953d242566 req-9d48d835-b4f0-4a69-a2d4-2c4b251b5315 0d90fa8f3ebc4c6aae72d87acd7d1054 674dde6c762847b5815c0421ea488ea1 - - default default] 10.0.0.30 "GET /v2.0/security-groups?id=8e7eba74-1fa5-464d-abe1-7cdb83775273&fields=id&fields=name HTTP/1.1" status: 200 len: 312 time: 0.0610783
2026-05-28 22:58:32.200 9 INFO neutron.wsgi [None req-d8ba5449-1db5-45ad-9065-a69b48e992b5 8d327ad6367c4b299c0e73ad36cfa4c4 cb1c56349dc7489cbe062bf488c6ffcf - - default default] 10.0.0.99 "DELETE /v2.0/subnets/f674bd17-fd2c-4295-b828-ff580a35bd33 HTTP/1.1" status: 204 len: 168 time: 0.2731316
2026-05-28 22:58:32.306 9 INFO neutron.wsgi [req-d60cff39-fe54-4a7c-9278-decacaf7acfd req-517d7ec4-811c-4590-b58e-4c64a23df69f 1b6c3f3c4df94672ac6cc9f96b5a4bef 495068e57584480880f5575fab45da83 - - default default] 10.0.0.30 "GET /v2.0/ports?device_id=e2120125-b441-4aa9-aafe-19f976d9802f HTTP/1.1" status: 200 len: 1168 time: 0.0533133
2026-05-28 22:58:32.362 9 INFO neutron.wsgi [req-d60cff39-fe54-4a7c-9278-decacaf7acfd req-c3551c77-9095-4992-8fb3-3662ea27af0b 1b6c3f3c4df94672ac6cc9f96b5a4bef 495068e57584480880f5575fab45da83 - - default default] 10.0.0.30 "GET /v2.0/security-groups?id=929a6c1d-327c-426a-9d8d-74f3de25ed1a&fields=id&fields=name HTTP/1.1" status: 200 len: 312 time: 0.0511618
2026-05-28 22:58:32.386 10 INFO neutron.db.ovn_revision_numbers_db [None req-f20f73ee-6b86-4f38-ba18-6326d533e0b2 - - - - - -] Successfully bumped revision number for resource 5423c791-901c-4ca3-a810-fe40eda00808 (type: router_ports) to 2
2026-05-28 22:58:32.425 10 INFO neutron.db.ovn_revision_numbers_db [req-cac41a60-e629-4409-9adb-a64b603ecc98 req-e7cf9c8c-fe59-4aee-988c-f5773b6b8bc5 bf746973377e4125bf0fdaf48551a4ca 96f8db49fcda430eb1a26f68333f37f8 - - f90c3c6d40d74f4b8e4ad62d3d4b34e2 f90c3c6d40d74f4b8e4ad62d3d4b34e2] Successfully bumped revision number for resource 3fc203e9-c180-41bf-8660-2832b446638c (type: ports) to 2
2026-05-28 22:58:32.642 10 INFO neutron.wsgi [None req-e3c2cf9e-772f-421c-ab5d-575173b338f1 f12e61e4e00c4884a2149d8b62c222a5 e81ddcfb6cb24c6695923dcab8829e85 - - default default] 10.0.0.99 "PUT /v2.0/routers/19019974-40b3-4dba-98b1-44a73d9cc054/remove_router_interface HTTP/1.1" status: 200 len: 503 time: 3.2393274 /var/lib/openstack/lib/python3.10/site-packages/pycadf/identifier.py:71: UserWarning: Invalid uuid: neutron. To ensure interoperability, identifiers should be a valid uuid. warnings.warn(('Invalid uuid: %s. To ensure interoperability, '
2026-05-28 22:58:32.676 9 INFO neutron.services.segments.plugin [-] Segment 0794cefc-d65b-45f2-b205-72be1ec4dc6c resource provider aggregate not found
2026-05-28 22:58:32.684 9 INFO neutron.services.segments.plugin [-] Segment 0794cefc-d65b-45f2-b205-72be1ec4dc6c resource provider aggregate not found
2026-05-28 22:58:32.698 9 INFO neutron.services.segments.plugin [-] Segment 0794cefc-d65b-45f2-b205-72be1ec4dc6c resource provider not found; error: Placement Client Error (4xx): {"errors": [{"status": 404, "title": "Not Found", "detail": "The resource could not be found.\n\n No resource provider with uuid 0794cefc-d65b-45f2-b205-72be1ec4dc6c found for delete ", "request_id": "req-7e24ef2d-0c2e-4524-9d66-95b59802e96d"}]}
2026-05-28 22:58:32.709 9 INFO neutron.wsgi [None req-b341dc7d-66ac-4509-8e12-8435bea15282 8d327ad6367c4b299c0e73ad36cfa4c4 cb1c56349dc7489cbe062bf488c6ffcf - - default default] 10.0.0.99 "DELETE /v2.0/networks/48175809-ad1c-4a5e-8d67-b690cfd78da5 HTTP/1.1" status: 204 len: 168 time: 0.5018389
2026-05-28 22:58:32.709 9 INFO neutron.services.segments.plugin [-] Segment 0794cefc-d65b-45f2-b205-72be1ec4dc6c resource provider not found; error: Placement Client Error (4xx): {"errors": [{"status": 404, "title": "Not Found", "detail": "The resource could not be found.\n\n No resource provider with uuid 0794cefc-d65b-45f2-b205-72be1ec4dc6c found for delete ", "request_id": "req-e3890bc5-e8f5-4708-a036-7be9df86d65c"}]}
2026-05-28 22:58:32.721 9 WARNING neutron_lib.context [None req-50a61de0-8a93-4dee-afd4-43451162adfa 8d327ad6367c4b299c0e73ad36cfa4c4 cb1c56349dc7489cbe062bf488c6ffcf - - default default] Method 'is_advsvc' is deprecated since 2023.2 release (neutron-lib 3.8.0) and will be removed once support for the old RBAC API policies will be removed from Neutron. Please use method 'is_service_role' instead.
2026-05-28 22:58:32.802 10 INFO neutron.db.ovn_revision_numbers_db [req-cac41a60-e629-4409-9adb-a64b603ecc98 req-e7cf9c8c-fe59-4aee-988c-f5773b6b8bc5 bf746973377e4125bf0fdaf48551a4ca 96f8db49fcda430eb1a26f68333f37f8 - - f90c3c6d40d74f4b8e4ad62d3d4b34e2 f90c3c6d40d74f4b8e4ad62d3d4b34e2] Successfully bumped revision number for resource 3fc203e9-c180-41bf-8660-2832b446638c (type: ports) to 2
2026-05-28 22:58:32.807 9 INFO neutron.db.segments_db [None req-50a61de0-8a93-4dee-afd4-43451162adfa 8d327ad6367c4b299c0e73ad36cfa4c4 cb1c56349dc7489cbe062bf488c6ffcf - - default default] Added segment 8f359975-9618-4117-93b1-ef935f65bf91 of type geneve for network aee0faca-6602-44d4-a22c-e04dfa9d3bd1
2026-05-28 22:58:32.835 10 INFO neutron.wsgi [req-cac41a60-e629-4409-9adb-a64b603ecc98 req-e7cf9c8c-fe59-4aee-988c-f5773b6b8bc5 bf746973377e4125bf0fdaf48551a4ca 96f8db49fcda430eb1a26f68333f37f8 - - f90c3c6d40d74f4b8e4ad62d3d4b34e2 f90c3c6d40d74f4b8e4ad62d3d4b34e2] 199.204.45.140 "PUT /v2.0/ports/3fc203e9-c180-41bf-8660-2832b446638c HTTP/1.1" status: 200 len: 1376 time: 1.6516457 /var/lib/openstack/lib/python3.10/site-packages/pycadf/identifier.py:71: UserWarning: Invalid uuid: neutron. To ensure interoperability, identifiers should be a valid uuid. warnings.warn(('Invalid uuid: %s. To ensure interoperability, '
2026-05-28 22:58:32.890 10 INFO neutron.notifiers.nova [-] Nova event matching ['req-78a52f31-b93e-4d9f-b619-54a41806ef26'] response: {'name': 'network-changed', 'server_uuid': 'e2120125-b441-4aa9-aafe-19f976d9802f', 'tag': '3fc203e9-c180-41bf-8660-2832b446638c', 'status': 'completed', 'code': 200}
2026-05-28 22:58:32.949 10 INFO neutron.wsgi [req-cac41a60-e629-4409-9adb-a64b603ecc98 req-07c8cbb9-f3f6-46c2-ba63-7638dd999c59 bf746973377e4125bf0fdaf48551a4ca 96f8db49fcda430eb1a26f68333f37f8 - - f90c3c6d40d74f4b8e4ad62d3d4b34e2 f90c3c6d40d74f4b8e4ad62d3d4b34e2] 199.204.45.140 "GET /v2.0/ports?tenant_id=495068e57584480880f5575fab45da83&device_id=e2120125-b441-4aa9-aafe-19f976d9802f HTTP/1.1" status: 200 len: 1407 time: 0.0718553
2026-05-28 22:58:32.993 9 INFO neutron.db.ovn_revision_numbers_db [None req-50a61de0-8a93-4dee-afd4-43451162adfa 8d327ad6367c4b299c0e73ad36cfa4c4 cb1c56349dc7489cbe062bf488c6ffcf - - default default] Successfully bumped revision number for resource aee0faca-6602-44d4-a22c-e04dfa9d3bd1 (type: networks) to 1
2026-05-28 22:58:32.998 10 INFO neutron.wsgi [req-cac41a60-e629-4409-9adb-a64b603ecc98 req-65485e59-0dc3-4b16-8729-eda6083d2470 bf746973377e4125bf0fdaf48551a4ca 96f8db49fcda430eb1a26f68333f37f8 - - f90c3c6d40d74f4b8e4ad62d3d4b34e2 f90c3c6d40d74f4b8e4ad62d3d4b34e2] 199.204.45.140 "GET /v2.0/floatingips?fixed_ip_address=10.100.0.5&port_id=3fc203e9-c180-41bf-8660-2832b446638c HTTP/1.1" status: 200 len: 217 time: 0.0421758
2026-05-28 22:58:33.052 10 INFO neutron.wsgi [req-cac41a60-e629-4409-9adb-a64b603ecc98 req-ecc17427-8fb5-4732-9e0b-42a4c74acc90 bf746973377e4125bf0fdaf48551a4ca 96f8db49fcda430eb1a26f68333f37f8 - - f90c3c6d40d74f4b8e4ad62d3d4b34e2 f90c3c6d40d74f4b8e4ad62d3d4b34e2] 199.204.45.140 "GET /v2.0/subnets?id=a7bc077b-0142-4a97-884b-796bfece6feb HTTP/1.1" status: 200 len: 868 time: 0.0457783
2026-05-28 22:58:33.088 10 INFO neutron.wsgi [req-cac41a60-e629-4409-9adb-a64b603ecc98 req-b5fb87e8-1713-450b-bc9c-4fb2064de2c8 bf746973377e4125bf0fdaf48551a4ca 96f8db49fcda430eb1a26f68333f37f8 - - f90c3c6d40d74f4b8e4ad62d3d4b34e2 f90c3c6d40d74f4b8e4ad62d3d4b34e2] 199.204.45.140 "GET /v2.0/ports?network_id=424cbcbb-0cc2-4e63-b6d9-503e4c6e3df8&device_owner=network%3Adhcp HTTP/1.1" status: 200 len: 210 time: 0.0195923
2026-05-28 22:58:33.158 10 INFO neutron.wsgi [req-cac41a60-e629-4409-9adb-a64b603ecc98 req-5929b76f-e57c-497a-8e30-45ad966c84af bf746973377e4125bf0fdaf48551a4ca 96f8db49fcda430eb1a26f68333f37f8 - - f90c3c6d40d74f4b8e4ad62d3d4b34e2 f90c3c6d40d74f4b8e4ad62d3d4b34e2] 199.204.45.140 "GET /v2.0/networks/424cbcbb-0cc2-4e63-b6d9-503e4c6e3df8?fields=segments HTTP/1.1" status: 200 len: 212 time: 0.0631385
2026-05-28 22:58:33.213 9 WARNING neutron.scheduler.dhcp_agent_scheduler [None req-50a61de0-8a93-4dee-afd4-43451162adfa 8d327ad6367c4b299c0e73ad36cfa4c4 cb1c56349dc7489cbe062bf488c6ffcf - - default default] No more DHCP agents
2026-05-28 22:58:33.217 9 WARNING neutron.api.rpc.agentnotifiers.dhcp_rpc_agent_api [None req-50a61de0-8a93-4dee-afd4-43451162adfa 8d327ad6367c4b299c0e73ad36cfa4c4 cb1c56349dc7489cbe062bf488c6ffcf - - default default] Unable to schedule network aee0faca-6602-44d4-a22c-e04dfa9d3bd1: no agents available; will retry on subsequent port and subnet creation events.
2026-05-28 22:58:33.236 9 INFO neutron.wsgi [req-d853b914-c0f3-47dd-acc7-668e1814b1be req-d8091583-493b-4664-860c-8d34f85d64da 0d90fa8f3ebc4c6aae72d87acd7d1054 674dde6c762847b5815c0421ea488ea1 - - default default] 10.0.0.30 "GET /v2.0/ports?device_id=cba1bc3f-8534-4309-8b7a-437769af825e HTTP/1.1" status: 200 len: 1172 time: 0.0498326
2026-05-28 22:58:33.320 9 INFO neutron.wsgi [req-d853b914-c0f3-47dd-acc7-668e1814b1be req-ac5010f7-03c7-447f-adda-0732e101ff9b 0d90fa8f3ebc4c6aae72d87acd7d1054 674dde6c762847b5815c0421ea488ea1 - - default default] 10.0.0.30 "GET /v2.0/security-groups?id=8e7eba74-1fa5-464d-abe1-7cdb83775273&fields=id&fields=name HTTP/1.1" status: 200 len: 312 time: 0.0676439
2026-05-28 22:58:33.329 9 INFO neutron.db.ovn_revision_numbers_db [None req-50a61de0-8a93-4dee-afd4-43451162adfa 8d327ad6367c4b299c0e73ad36cfa4c4 cb1c56349dc7489cbe062bf488c6ffcf - - default default] Successfully bumped revision number for resource 80c08b21-03a7-4a94-8ff5-4243196d65a4 (type: ports) to 1
2026-05-28 22:58:33.358 9 INFO neutron.wsgi [None req-50a61de0-8a93-4dee-afd4-43451162adfa 8d327ad6367c4b299c0e73ad36cfa4c4 cb1c56349dc7489cbe062bf488c6ffcf - - default default] 10.0.0.99 "POST /v2.0/networks HTTP/1.1" status: 201 len: 830 time: 0.6423943
2026-05-28 22:58:33.370 9 WARNING neutron_lib.context [None req-d6d3f4c7-ddae-41c7-ae6f-8266b842a644 8d327ad6367c4b299c0e73ad36cfa4c4 cb1c56349dc7489cbe062bf488c6ffcf - - default default] Method 'is_advsvc' is deprecated since 2023.2 release (neutron-lib 3.8.0) and will be removed once support for the old RBAC API policies will be removed from Neutron. Please use method 'is_service_role' instead.
2026-05-28 22:58:33.561 10 INFO neutron.wsgi [req-cac41a60-e629-4409-9adb-a64b603ecc98 req-44420269-a763-4a41-8a52-fdae1ff80fb9 bf746973377e4125bf0fdaf48551a4ca 96f8db49fcda430eb1a26f68333f37f8 - - f90c3c6d40d74f4b8e4ad62d3d4b34e2 f90c3c6d40d74f4b8e4ad62d3d4b34e2] 199.204.45.140 "GET /v2.0/networks/424cbcbb-0cc2-4e63-b6d9-503e4c6e3df8?fields=provider%3Aphysical_network&fields=provider%3Anetwork_type HTTP/1.1" status: 200 len: 277 time: 0.3943045
2026-05-28 22:58:33.592 9 INFO neutron.wsgi [req-cfd56892-7ad3-4a09-9761-42563cab0e2c req-ea77b058-f1d7-4bdc-8fcc-f58006e05099 1b6c3f3c4df94672ac6cc9f96b5a4bef 495068e57584480880f5575fab45da83 - - default default] 10.0.0.30 "GET /v2.0/ports?device_id=e2120125-b441-4aa9-aafe-19f976d9802f HTTP/1.1" status: 200 len: 1168 time: 0.1511428
2026-05-28 22:58:33.663 10 INFO neutron.wsgi [req-7d195be2-1a78-41eb-bd4b-fe3be67f7f75 req-42f9e058-7c5c-44f7-b19d-d039129212c4 bf746973377e4125bf0fdaf48551a4ca 96f8db49fcda430eb1a26f68333f37f8 - - f90c3c6d40d74f4b8e4ad62d3d4b34e2 f90c3c6d40d74f4b8e4ad62d3d4b34e2] 199.204.45.140 "GET /v2.0/ports?tenant_id=495068e57584480880f5575fab45da83&device_id=e2120125-b441-4aa9-aafe-19f976d9802f HTTP/1.1" status: 200 len: 1407 time: 0.0454023
2026-05-28 22:58:33.680 9 INFO neutron.wsgi [req-cfd56892-7ad3-4a09-9761-42563cab0e2c req-8e7f948b-29b2-4159-b17d-2f72e389a082 1b6c3f3c4df94672ac6cc9f96b5a4bef 495068e57584480880f5575fab45da83 - - default default] 10.0.0.30 "GET /v2.0/security-groups?id=929a6c1d-327c-426a-9d8d-74f3de25ed1a&fields=id&fields=name HTTP/1.1" status: 200 len: 312 time: 0.0778837
2026-05-28 22:58:33.723 9 WARNING neutron.scheduler.dhcp_agent_scheduler [None req-d6d3f4c7-ddae-41c7-ae6f-8266b842a644 8d327ad6367c4b299c0e73ad36cfa4c4 cb1c56349dc7489cbe062bf488c6ffcf - - default default] No more DHCP agents
2026-05-28 22:58:33.727 9 WARNING neutron.api.rpc.agentnotifiers.dhcp_rpc_agent_api [None req-d6d3f4c7-ddae-41c7-ae6f-8266b842a644 8d327ad6367c4b299c0e73ad36cfa4c4 cb1c56349dc7489cbe062bf488c6ffcf - - default default] Unable to schedule network aee0faca-6602-44d4-a22c-e04dfa9d3bd1: no agents available; will retry on subsequent port and subnet creation events.
2026-05-28 22:58:33.758 10 INFO neutron.wsgi [req-7d195be2-1a78-41eb-bd4b-fe3be67f7f75 req-e8986c21-6e72-4532-b53e-54fe4ce348ff bf746973377e4125bf0fdaf48551a4ca 96f8db49fcda430eb1a26f68333f37f8 - - f90c3c6d40d74f4b8e4ad62d3d4b34e2 f90c3c6d40d74f4b8e4ad62d3d4b34e2] 199.204.45.140 "GET /v2.0/networks?id=424cbcbb-0cc2-4e63-b6d9-503e4c6e3df8 HTTP/1.1" status: 200 len: 973 time: 0.0897231
2026-05-28 22:58:33.799 10 INFO neutron.wsgi [req-7d195be2-1a78-41eb-bd4b-fe3be67f7f75 req-56e404d6-53f7-47b7-8129-e090f7e83667 bf746973377e4125bf0fdaf48551a4ca 96f8db49fcda430eb1a26f68333f37f8 - - f90c3c6d40d74f4b8e4ad62d3d4b34e2 f90c3c6d40d74f4b8e4ad62d3d4b34e2] 199.204.45.140 "GET /v2.0/floatingips?fixed_ip_address=10.100.0.5&port_id=3fc203e9-c180-41bf-8660-2832b446638c HTTP/1.1" status: 200 len: 217 time: 0.0295496
2026-05-28 22:58:33.847 10 INFO neutron.wsgi [req-7d195be2-1a78-41eb-bd4b-fe3be67f7f75 req-45c0c267-10b5-4e84-afd1-ce379bda5cf7 bf746973377e4125bf0fdaf48551a4ca 96f8db49fcda430eb1a26f68333f37f8 - - f90c3c6d40d74f4b8e4ad62d3d4b34e2 f90c3c6d40d74f4b8e4ad62d3d4b34e2] 199.204.45.140 "GET /v2.0/subnets?id=a7bc077b-0142-4a97-884b-796bfece6feb HTTP/1.1" status: 200 len: 868 time: 0.0392075
2026-05-28 22:58:33.905 10 INFO neutron.wsgi [req-7d195be2-1a78-41eb-bd4b-fe3be67f7f75 req-167fd8b5-7fa8-43ac-96b1-f87c9a90dea3 bf746973377e4125bf0fdaf48551a4ca 96f8db49fcda430eb1a26f68333f37f8 - - f90c3c6d40d74f4b8e4ad62d3d4b34e2 f90c3c6d40d74f4b8e4ad62d3d4b34e2] 199.204.45.140 "GET /v2.0/ports?network_id=424cbcbb-0cc2-4e63-b6d9-503e4c6e3df8&device_owner=network%3Adhcp HTTP/1.1" status: 200 len: 210 time: 0.0492988
2026-05-28 22:58:34.038 10 INFO neutron.wsgi [req-7d195be2-1a78-41eb-bd4b-fe3be67f7f75 req-020aec8c-e9ae-4c1c-832e-2ddca8d50dec bf746973377e4125bf0fdaf48551a4ca 96f8db49fcda430eb1a26f68333f37f8 - - f90c3c6d40d74f4b8e4ad62d3d4b34e2 f90c3c6d40d74f4b8e4ad62d3d4b34e2] 199.204.45.140 "GET /v2.0/networks/424cbcbb-0cc2-4e63-b6d9-503e4c6e3df8?fields=segments HTTP/1.1" status: 200 len: 212 time: 0.1089985
2026-05-28 22:58:34.148 10 INFO neutron.wsgi [req-7d195be2-1a78-41eb-bd4b-fe3be67f7f75 req-ce8a6d46-f694-462a-944f-a96fdabfaf85 bf746973377e4125bf0fdaf48551a4ca 96f8db49fcda430eb1a26f68333f37f8 - - f90c3c6d40d74f4b8e4ad62d3d4b34e2 f90c3c6d40d74f4b8e4ad62d3d4b34e2] 199.204.45.140 "GET /v2.0/networks/424cbcbb-0cc2-4e63-b6d9-503e4c6e3df8?fields=provider%3Aphysical_network&fields=provider%3Anetwork_type HTTP/1.1" status: 200 len: 277 time: 0.0992749
2026-05-28 22:58:34.155 10 INFO neutron.wsgi [None req-111daaf2-4726-43ac-a124-4a8cbb2b745b f12e61e4e00c4884a2149d8b62c222a5 e81ddcfb6cb24c6695923dcab8829e85 - - default default] 10.0.0.99 "DELETE /v2.0/routers/19019974-40b3-4dba-98b1-44a73d9cc054 HTTP/1.1" status: 204 len: 168 time: 1.5045619
2026-05-28 22:58:34.366 10 INFO neutron.wsgi [None req-32b7622e-852b-4c54-8334-e8fa4cfade14 f12e61e4e00c4884a2149d8b62c222a5 e81ddcfb6cb24c6695923dcab8829e85 - - default default] 10.0.0.99 "DELETE /v2.0/subnets/74df5d27-9eaa-4b44-989c-5c504d9d61d0 HTTP/1.1" status: 204 len: 168 time: 0.2054007
