2026-05-28 23:02:06.761 10 INFO neutron.notifiers.nova [-] Nova event matching ['req-35504bed-2b54-428a-94bf-a51665034ac2'] response: {'server_uuid': '03ac6737-5330-4824-ba01-ccb127e89bb1', 'name': 'network-vif-deleted', 'tag': '4c247577-7db9-45b7-ad54-cddeccf3498a', 'status': 'completed', 'code': 200}
2026-05-28 23:02:07.032 9 INFO neutron.db.ovn_revision_numbers_db [req-0f8fcd93-4ed4-4ffc-8ef7-8d6f3343e3c7 req-eeb44ed6-c994-454a-b9ad-1e70ec60817d bf746973377e4125bf0fdaf48551a4ca 96f8db49fcda430eb1a26f68333f37f8 - - f90c3c6d40d74f4b8e4ad62d3d4b34e2 f90c3c6d40d74f4b8e4ad62d3d4b34e2] Successfully bumped revision number for resource 110c6063-5fe0-4af7-a0e0-d1ef76691a8f (type: ports) to 2
2026-05-28 23:02:07.072 10 INFO neutron.wsgi [None req-26dbf218-90b3-47d3-9ae4-192971f47db5 2294852d2b024d71a32a973887741466 8074865042f045d9968f5c2352a7ac48 - - default default] 10.0.0.99 "DELETE /v2.0/networks/d5d6024d-a420-4a92-8428-8bdb7530ba14 HTTP/1.1" status: 204 len: 168 time: 0.4250753
2026-05-28 23:02:07.308 9 INFO neutron.db.ovn_revision_numbers_db [req-0f8fcd93-4ed4-4ffc-8ef7-8d6f3343e3c7 req-eeb44ed6-c994-454a-b9ad-1e70ec60817d bf746973377e4125bf0fdaf48551a4ca 96f8db49fcda430eb1a26f68333f37f8 - - f90c3c6d40d74f4b8e4ad62d3d4b34e2 f90c3c6d40d74f4b8e4ad62d3d4b34e2] Successfully bumped revision number for resource 110c6063-5fe0-4af7-a0e0-d1ef76691a8f (type: ports) to 2
2026-05-28 23:02:07.337 9 INFO neutron.wsgi [req-0f8fcd93-4ed4-4ffc-8ef7-8d6f3343e3c7 req-eeb44ed6-c994-454a-b9ad-1e70ec60817d bf746973377e4125bf0fdaf48551a4ca 96f8db49fcda430eb1a26f68333f37f8 - - f90c3c6d40d74f4b8e4ad62d3d4b34e2 f90c3c6d40d74f4b8e4ad62d3d4b34e2] 199.204.45.140 "PUT /v2.0/ports/110c6063-5fe0-4af7-a0e0-d1ef76691a8f HTTP/1.1" status: 200 len: 1601 time: 0.8082926 /var/lib/openstack/lib/python3.10/site-packages/pycadf/identifier.py:71: UserWarning: Invalid uuid: neutron. To ensure interoperability, identifiers should be a valid uuid. warnings.warn(('Invalid uuid: %s. To ensure interoperability, '
2026-05-28 23:02:07.422 9 INFO neutron.wsgi [req-0f8fcd93-4ed4-4ffc-8ef7-8d6f3343e3c7 req-30e3956a-ae4b-457c-8ad2-750d7c04bc55 bf746973377e4125bf0fdaf48551a4ca 96f8db49fcda430eb1a26f68333f37f8 - - f90c3c6d40d74f4b8e4ad62d3d4b34e2 f90c3c6d40d74f4b8e4ad62d3d4b34e2] 199.204.45.140 "GET /v2.0/ports?tenant_id=a1c1b83a1e2d48748590ef3ea3746d95&device_id=b80137bc-02bb-48ff-964c-6e7ce502fce1 HTTP/1.1" status: 200 len: 1632 time: 0.0435240
2026-05-28 23:02:07.454 9 INFO neutron.wsgi [req-0f8fcd93-4ed4-4ffc-8ef7-8d6f3343e3c7 req-81535061-edfc-4983-864d-2859c38ccd5a bf746973377e4125bf0fdaf48551a4ca 96f8db49fcda430eb1a26f68333f37f8 - - f90c3c6d40d74f4b8e4ad62d3d4b34e2 f90c3c6d40d74f4b8e4ad62d3d4b34e2] 199.204.45.140 "GET /v2.0/floatingips?fixed_ip_address=10.2.2.63&port_id=110c6063-5fe0-4af7-a0e0-d1ef76691a8f HTTP/1.1" status: 200 len: 217 time: 0.0260112
2026-05-28 23:02:07.475 10 INFO neutron.wsgi [None req-39924e3c-4398-4433-8b77-6dd111127734 2294852d2b024d71a32a973887741466 8074865042f045d9968f5c2352a7ac48 - - default default] 10.0.0.99 "DELETE /v2.0/networks/1d4c0f5c-abb0-4f22-967b-dbd15f7e81e7 HTTP/1.1" status: 204 len: 168 time: 0.3964331
2026-05-28 23:02:07.480 9 INFO neutron.wsgi [req-0f8fcd93-4ed4-4ffc-8ef7-8d6f3343e3c7 req-871ab98d-4728-4724-b0b4-91b6e5f661bd bf746973377e4125bf0fdaf48551a4ca 96f8db49fcda430eb1a26f68333f37f8 - - f90c3c6d40d74f4b8e4ad62d3d4b34e2 f90c3c6d40d74f4b8e4ad62d3d4b34e2] 199.204.45.140 "GET /v2.0/floatingips?fixed_ip_address=fd77%3A1457%3A4cf0%3A26a8%3A%3A1d&port_id=110c6063-5fe0-4af7-a0e0-d1ef76691a8f HTTP/1.1" status: 200 len: 217 time: 0.0202196
2026-05-28 23:02:07.559 9 INFO neutron.wsgi [req-0f8fcd93-4ed4-4ffc-8ef7-8d6f3343e3c7 req-bface970-c521-4687-b574-574bfec6cde3 bf746973377e4125bf0fdaf48551a4ca 96f8db49fcda430eb1a26f68333f37f8 - - f90c3c6d40d74f4b8e4ad62d3d4b34e2 f90c3c6d40d74f4b8e4ad62d3d4b34e2] 199.204.45.140 "GET /v2.0/subnets?id=8520706d-85b8-4b93-8738-3415a7c427a5&id=6201b139-b019-4e74-83aa-88e60d351109 HTTP/1.1" status: 200 len: 1567 time: 0.0703986
2026-05-28 23:02:07.590 9 INFO neutron.wsgi [req-0f8fcd93-4ed4-4ffc-8ef7-8d6f3343e3c7 req-7fb03692-f22d-49ed-a755-c4ac666189e6 bf746973377e4125bf0fdaf48551a4ca 96f8db49fcda430eb1a26f68333f37f8 - - f90c3c6d40d74f4b8e4ad62d3d4b34e2 f90c3c6d40d74f4b8e4ad62d3d4b34e2] 199.204.45.140 "GET /v2.0/ports?network_id=0a5192dd-f9d2-484a-a95c-f1ec0ffa07de&device_owner=network%3Adhcp HTTP/1.1" status: 200 len: 210 time: 0.0246029
2026-05-28 23:02:07.640 9 INFO neutron.wsgi [req-0f8fcd93-4ed4-4ffc-8ef7-8d6f3343e3c7 req-b962e08c-5e36-4034-8c99-f50b140fed47 bf746973377e4125bf0fdaf48551a4ca 96f8db49fcda430eb1a26f68333f37f8 - - f90c3c6d40d74f4b8e4ad62d3d4b34e2 f90c3c6d40d74f4b8e4ad62d3d4b34e2] 199.204.45.140 "GET /v2.0/ports?network_id=0a5192dd-f9d2-484a-a95c-f1ec0ffa07de&device_owner=network%3Adhcp HTTP/1.1" status: 200 len: 210 time: 0.0333941
2026-05-28 23:02:07.665 9 INFO neutron.notifiers.nova [-] Nova event matching ['req-bb164008-4664-43f7-bda7-15f7446fbb9b'] response: {'server_uuid': '03ac6737-5330-4824-ba01-ccb127e89bb1', 'name': 'network-vif-unplugged', 'status': 'completed', 'tag': '4c247577-7db9-45b7-ad54-cddeccf3498a', 'code': 200}
2026-05-28 23:02:07.665 9 INFO neutron.notifiers.nova [-] Nova event matching ['req-bb164008-4664-43f7-bda7-15f7446fbb9b'] response: {'name': 'network-changed', 'server_uuid': 'b80137bc-02bb-48ff-964c-6e7ce502fce1', 'tag': '110c6063-5fe0-4af7-a0e0-d1ef76691a8f', 'status': 'completed', 'code': 200}
2026-05-28 23:02:07.720 9 INFO neutron.wsgi [req-0f8fcd93-4ed4-4ffc-8ef7-8d6f3343e3c7 req-2aa2cc40-d022-4193-9162-2bdc3e420a1f bf746973377e4125bf0fdaf48551a4ca 96f8db49fcda430eb1a26f68333f37f8 - - f90c3c6d40d74f4b8e4ad62d3d4b34e2 f90c3c6d40d74f4b8e4ad62d3d4b34e2] 199.204.45.140 "GET /v2.0/networks/0a5192dd-f9d2-484a-a95c-f1ec0ffa07de?fields=segments HTTP/1.1" status: 200 len: 212 time: 0.0744600
2026-05-28 23:02:07.821 9 INFO neutron.wsgi [req-0f8fcd93-4ed4-4ffc-8ef7-8d6f3343e3c7 req-f4b54c71-b1b0-487a-a2b4-c013dc2099c9 bf746973377e4125bf0fdaf48551a4ca 96f8db49fcda430eb1a26f68333f37f8 - - f90c3c6d40d74f4b8e4ad62d3d4b34e2 f90c3c6d40d74f4b8e4ad62d3d4b34e2] 199.204.45.140 "GET /v2.0/networks/0a5192dd-f9d2-484a-a95c-f1ec0ffa07de?fields=provider%3Aphysical_network&fields=provider%3Anetwork_type HTTP/1.1" status: 200 len: 277 time: 0.0915086
2026-05-28 23:02:07.850 10 INFO neutron.wsgi [None req-d70a0b7e-546e-474e-a124-fbe87d8e6e03 6091167b287f47658923de16a96b6c56 4b5356a636eb4a6faebd75d061261d91 - - default default] 10.0.0.99 "DELETE /v2.0/security-groups/623806a9-4ff5-4a6a-b844-a0e117ddc660 HTTP/1.1" status: 204 len: 168 time: 0.1985524
2026-05-28 23:02:07.924 9 INFO neutron.wsgi [req-d43c6970-d319-47d3-8f1c-1142ed569449 req-86afb3ae-83bd-40a7-a3ad-8bcee59f4b11 bf746973377e4125bf0fdaf48551a4ca 96f8db49fcda430eb1a26f68333f37f8 - - f90c3c6d40d74f4b8e4ad62d3d4b34e2 f90c3c6d40d74f4b8e4ad62d3d4b34e2] 199.204.45.140 "GET /v2.0/ports?tenant_id=a1c1b83a1e2d48748590ef3ea3746d95&device_id=b80137bc-02bb-48ff-964c-6e7ce502fce1 HTTP/1.1" status: 200 len: 1632 time: 0.0540037
2026-05-28 23:02:08.030 9 INFO neutron.wsgi [req-d43c6970-d319-47d3-8f1c-1142ed569449 req-e8d109de-5bb0-4988-a65a-1481f544e15b bf746973377e4125bf0fdaf48551a4ca 96f8db49fcda430eb1a26f68333f37f8 - - f90c3c6d40d74f4b8e4ad62d3d4b34e2 f90c3c6d40d74f4b8e4ad62d3d4b34e2] 199.204.45.140 "GET /v2.0/networks?id=0a5192dd-f9d2-484a-a95c-f1ec0ffa07de HTTP/1.1" status: 200 len: 1002 time: 0.0955794
2026-05-28 23:02:08.061 10 INFO neutron.plugins.ml2.drivers.ovn.mech_driver.mech_driver [None req-f20f73ee-6b86-4f38-ba18-6326d533e0b2 - - - - - -] OVN reports status up for port: 110c6063-5fe0-4af7-a0e0-d1ef76691a8f
2026-05-28 23:02:08.076 10 INFO neutron.plugins.ml2.plugin [None req-f20f73ee-6b86-4f38-ba18-6326d533e0b2 - - - - - -] Attempt 1 to provision port 110c6063-5fe0-4af7-a0e0-d1ef76691a8f
2026-05-28 23:02:08.090 9 INFO neutron.services.segments.plugin [-] Segment 1cd6c138-0f56-489f-af4f-567b43bd4fe9 resource provider aggregate not found
2026-05-28 23:02:08.097 9 INFO neutron.wsgi [req-d43c6970-d319-47d3-8f1c-1142ed569449 req-3815f5df-450a-41d5-bf4f-3ac0baba29c6 bf746973377e4125bf0fdaf48551a4ca 96f8db49fcda430eb1a26f68333f37f8 - - f90c3c6d40d74f4b8e4ad62d3d4b34e2 f90c3c6d40d74f4b8e4ad62d3d4b34e2] 199.204.45.140 "GET /v2.0/floatingips?fixed_ip_address=10.2.2.63&port_id=110c6063-5fe0-4af7-a0e0-d1ef76691a8f HTTP/1.1" status: 200 len: 217 time: 0.0582583
2026-05-28 23:02:08.103 9 INFO neutron.services.segments.plugin [-] Segment 1cd6c138-0f56-489f-af4f-567b43bd4fe9 resource provider aggregate not found
2026-05-28 23:02:08.107 9 INFO neutron.services.segments.plugin [-] Segment 1cd6c138-0f56-489f-af4f-567b43bd4fe9 resource provider not found; error: Placement Client Error (4xx): {"errors": [{"status": 404, "title": "Not Found", "detail": "The resource could not be found.\n\n No resource provider with uuid 1cd6c138-0f56-489f-af4f-567b43bd4fe9 found for delete ", "request_id": "req-a7c12b00-fac3-4a6f-8ebf-e90a8d8711f5"}]}
2026-05-28 23:02:08.394 10 INFO neutron.wsgi [None req-3974d0c0-be94-4a01-b350-af89793586da 6091167b287f47658923de16a96b6c56 4b5356a636eb4a6faebd75d061261d91 - - default default] 10.0.0.99 "DELETE /v2.0/floatingips/7296072c-ca17-48af-a16e-8c44a6940c8d HTTP/1.1" status: 204 len: 168 time: 0.5085521
2026-05-28 23:02:08.450 10 INFO neutron.db.ovn_revision_numbers_db [None req-f20f73ee-6b86-4f38-ba18-6326d533e0b2 - - - - - -] Successfully bumped revision number for resource 110c6063-5fe0-4af7-a0e0-d1ef76691a8f (type: ports) to 4
2026-05-28 23:02:08.477 9 INFO neutron.services.segments.plugin [-] Segment 1cd6c138-0f56-489f-af4f-567b43bd4fe9 resource provider not found; error: Placement Client Error (4xx): {"errors": [{"status": 404, "title": "Not Found", "detail": "The resource could not be found.\n\n No resource provider with uuid 1cd6c138-0f56-489f-af4f-567b43bd4fe9 found for delete ", "request_id": "req-49e3d964-29db-446e-9e04-69030a1b0f0f"}]}
2026-05-28 23:02:08.482 9 INFO neutron.wsgi [req-d43c6970-d319-47d3-8f1c-1142ed569449 req-48e2c80c-d59d-49e7-9a8a-b0dd2ba995e8 bf746973377e4125bf0fdaf48551a4ca 96f8db49fcda430eb1a26f68333f37f8 - - f90c3c6d40d74f4b8e4ad62d3d4b34e2 f90c3c6d40d74f4b8e4ad62d3d4b34e2] 199.204.45.140 "GET /v2.0/floatingips?fixed_ip_address=fd77%3A1457%3A4cf0%3A26a8%3A%3A1d&port_id=110c6063-5fe0-4af7-a0e0-d1ef76691a8f HTTP/1.1" status: 200 len: 217 time: 0.3765721
2026-05-28 23:02:08.507 9 INFO neutron.wsgi [None req-b026cf18-2e9d-4ce9-978e-3471b6ede970 2294852d2b024d71a32a973887741466 8074865042f045d9968f5c2352a7ac48 - - default default] 10.0.0.99 "DELETE /v2.0/networks/6c38ad57-2230-4017-89db-73093b40a124 HTTP/1.1" status: 204 len: 168 time: 1.0256732
2026-05-28 23:02:08.567 9 INFO neutron.wsgi [req-d43c6970-d319-47d3-8f1c-1142ed569449 req-b90bbe2a-f020-433a-8091-c5e1a15a7625 bf746973377e4125bf0fdaf48551a4ca 96f8db49fcda430eb1a26f68333f37f8 - - f90c3c6d40d74f4b8e4ad62d3d4b34e2 f90c3c6d40d74f4b8e4ad62d3d4b34e2] 199.204.45.140 "GET /v2.0/subnets?id=8520706d-85b8-4b93-8738-3415a7c427a5&id=6201b139-b019-4e74-83aa-88e60d351109 HTTP/1.1" status: 200 len: 1567 time: 0.0788677
2026-05-28 23:02:08.604 9 INFO neutron.wsgi [req-d43c6970-d319-47d3-8f1c-1142ed569449 req-484453bd-9e69-408b-a49b-35f77191cdb7 bf746973377e4125bf0fdaf48551a4ca 96f8db49fcda430eb1a26f68333f37f8 - - f90c3c6d40d74f4b8e4ad62d3d4b34e2 f90c3c6d40d74f4b8e4ad62d3d4b34e2] 199.204.45.140 "GET /v2.0/ports?network_id=0a5192dd-f9d2-484a-a95c-f1ec0ffa07de&device_owner=network%3Adhcp HTTP/1.1" status: 200 len: 210 time: 0.0285537
2026-05-28 23:02:08.613 9 INFO neutron.wsgi [req-eb3c3906-3783-45bc-9b12-8ff6461a233e req-cfa48b3c-c1c3-43bc-9a82-387dc27069ea 6091167b287f47658923de16a96b6c56 4b5356a636eb4a6faebd75d061261d91 - - default default] 10.0.0.30 "GET /v2.0/ports?device_id=a1318956-b9de-4118-aa80-aa7716b573ae HTTP/1.1" status: 200 len: 1170 time: 0.0596235
2026-05-28 23:02:08.625 9 INFO neutron.wsgi [-] 10.0.0.134 "GET / HTTP/1.1" status: 200 len: 247 time: 0.0012038
2026-05-28 23:02:08.632 10 INFO neutron.wsgi [-] 10.0.0.134 "GET / HTTP/1.1" status: 200 len: 247 time: 0.0024636
2026-05-28 23:02:08.645 9 INFO neutron.wsgi [req-d43c6970-d319-47d3-8f1c-1142ed569449 req-38d7bb51-c268-4ddb-b52e-c2b4c5c365c9 bf746973377e4125bf0fdaf48551a4ca 96f8db49fcda430eb1a26f68333f37f8 - - f90c3c6d40d74f4b8e4ad62d3d4b34e2 f90c3c6d40d74f4b8e4ad62d3d4b34e2] 199.204.45.140 "GET /v2.0/ports?network_id=0a5192dd-f9d2-484a-a95c-f1ec0ffa07de&device_owner=network%3Adhcp HTTP/1.1" status: 200 len: 210 time: 0.0312965
2026-05-28 23:02:08.650 9 INFO neutron.plugins.ml2.drivers.ovn.mech_driver.mech_driver [None req-ef87392d-284c-4696-a878-2dbe87bf039a - - - - - -] OVN reports status down for port: 7eda97cc-8f7a-44b3-ac1f-754245038338
2026-05-28 23:02:08.652 10 INFO neutron.services.segments.plugin [-] Segment c99d727d-be89-4030-ad14-55ce6cb7a5a6 resource provider aggregate not found
2026-05-28 23:02:08.656 10 INFO neutron.services.segments.plugin [-] Segment c99d727d-be89-4030-ad14-55ce6cb7a5a6 resource provider aggregate not found
2026-05-28 23:02:08.672 10 INFO neutron.services.segments.plugin [-] Segment c99d727d-be89-4030-ad14-55ce6cb7a5a6 resource provider not found; error: Placement Client Error (4xx): {"errors": [{"status": 404, "title": "Not Found", "detail": "The resource could not be found.\n\n No resource provider with uuid c99d727d-be89-4030-ad14-55ce6cb7a5a6 found for delete ", "request_id": "req-598eda3f-656b-46a4-b372-74fe96d41a72"}]}
2026-05-28 23:02:08.679 10 INFO neutron.services.segments.plugin [-] Segment c99d727d-be89-4030-ad14-55ce6cb7a5a6 resource provider not found; error: Placement Client Error (4xx): {"errors": [{"status": 404, "title": "Not Found", "detail": "The resource could not be found.\n\n No resource provider with uuid c99d727d-be89-4030-ad14-55ce6cb7a5a6 found for delete ", "request_id": "req-659369c9-eb58-480c-9df4-5ac4c563d730"}]}
2026-05-28 23:02:08.693 10 INFO neutron.services.segments.plugin [-] Segment cacd1346-54f3-4922-94e4-ed4d2c013b17 resource provider aggregate not found
2026-05-28 23:02:08.697 10 INFO neutron.services.segments.plugin [-] Segment cacd1346-54f3-4922-94e4-ed4d2c013b17 resource provider aggregate not found
2026-05-28 23:02:08.705 10 INFO neutron.services.segments.plugin [-] Segment cacd1346-54f3-4922-94e4-ed4d2c013b17 resource provider not found; error: Placement Client Error (4xx): {"errors": [{"status": 404, "title": "Not Found", "detail": "The resource could not be found.\n\n No resource provider with uuid cacd1346-54f3-4922-94e4-ed4d2c013b17 found for delete ", "request_id": "req-eb3596b7-cec6-482b-9aff-45556e1ae56f"}]}
2026-05-28 23:02:08.710 10 INFO neutron.services.segments.plugin [-] Segment cacd1346-54f3-4922-94e4-ed4d2c013b17 resource provider not found; error: Placement Client Error (4xx): {"errors": [{"status": 404, "title": "Not Found", "detail": "The resource could not be found.\n\n No resource provider with uuid cacd1346-54f3-4922-94e4-ed4d2c013b17 found for delete ", "request_id": "req-79c030e4-c193-45d7-b805-79710bfe3b6d"}]}
2026-05-28 23:02:08.734 9 INFO neutron.wsgi [req-eb3c3906-3783-45bc-9b12-8ff6461a233e req-069404eb-3498-4787-9b99-0a2f27c1e9a9 6091167b287f47658923de16a96b6c56 4b5356a636eb4a6faebd75d061261d91 - - default default] 10.0.0.30 "GET /v2.0/security-groups?id=58251b46-9c0d-4d0d-a8df-00e7af943bc1&fields=id&fields=name HTTP/1.1" status: 200 len: 313 time: 0.1111772 /var/lib/openstack/lib/python3.10/site-packages/pycadf/identifier.py:71: UserWarning: Invalid uuid: neutron. To ensure interoperability, identifiers should be a valid uuid. warnings.warn(('Invalid uuid: %s. To ensure interoperability, '
2026-05-28 23:02:08.765 9 INFO neutron.wsgi [req-d43c6970-d319-47d3-8f1c-1142ed569449 req-f7b6f8dd-c02d-4c32-9443-5fd7ad4ae42b bf746973377e4125bf0fdaf48551a4ca 96f8db49fcda430eb1a26f68333f37f8 - - f90c3c6d40d74f4b8e4ad62d3d4b34e2 f90c3c6d40d74f4b8e4ad62d3d4b34e2] 199.204.45.140 "GET /v2.0/networks/0a5192dd-f9d2-484a-a95c-f1ec0ffa07de?fields=segments HTTP/1.1" status: 200 len: 212 time: 0.1105072
2026-05-28 23:02:08.799 10 INFO neutron.notifiers.nova [-] Nova event matching ['req-11971afb-96ff-4b1a-a6cf-0e3877f3efc1'] response: {'server_uuid': 'b80137bc-02bb-48ff-964c-6e7ce502fce1', 'name': 'network-vif-plugged', 'status': 'completed', 'tag': '110c6063-5fe0-4af7-a0e0-d1ef76691a8f', 'code': 200}
2026-05-28 23:02:08.799 10 INFO neutron.notifiers.nova [-] Nova event matching ['req-11971afb-96ff-4b1a-a6cf-0e3877f3efc1'] response: {'server_uuid': 'b80137bc-02bb-48ff-964c-6e7ce502fce1', 'name': 'network-vif-plugged', 'status': 'completed', 'tag': '110c6063-5fe0-4af7-a0e0-d1ef76691a8f', 'code': 200}
2026-05-28 23:02:08.807 10 INFO neutron.wsgi [req-3e2794de-e527-4bb2-8bd6-530e6a92961d req-55d79b4f-1135-4def-bb3e-b350146d7bb7 bf746973377e4125bf0fdaf48551a4ca 96f8db49fcda430eb1a26f68333f37f8 - - f90c3c6d40d74f4b8e4ad62d3d4b34e2 f90c3c6d40d74f4b8e4ad62d3d4b34e2] 10.0.0.130 "GET /v2.0/ports?device_id=a7387edc-a7a8-4b4f-8cbb-091f8c31e0a4 HTTP/1.1" status: 200 len: 1634 time: 0.0536306
2026-05-28 23:02:08.867 10 INFO neutron.wsgi [req-3e2794de-e527-4bb2-8bd6-530e6a92961d req-88f87acc-e621-489c-b273-6b31a9668556 bf746973377e4125bf0fdaf48551a4ca 96f8db49fcda430eb1a26f68333f37f8 - - f90c3c6d40d74f4b8e4ad62d3d4b34e2 f90c3c6d40d74f4b8e4ad62d3d4b34e2] 10.0.0.130 "GET /v2.0/security-groups?id=edb501f2-eeaa-4db7-8ef2-9d484ab339e6&fields=id&fields=name HTTP/1.1" status: 200 len: 311 time: 0.0472100
2026-05-28 23:02:08.918 9 INFO neutron.wsgi [req-d43c6970-d319-47d3-8f1c-1142ed569449 req-5a484908-e29d-463a-9d32-d7ca85d990c3 bf746973377e4125bf0fdaf48551a4ca 96f8db49fcda430eb1a26f68333f37f8 - - f90c3c6d40d74f4b8e4ad62d3d4b34e2 f90c3c6d40d74f4b8e4ad62d3d4b34e2] 199.204.45.140 "GET /v2.0/networks/0a5192dd-f9d2-484a-a95c-f1ec0ffa07de?fields=provider%3Aphysical_network&fields=provider%3Anetwork_type HTTP/1.1" status: 200 len: 277 time: 0.1437488
2026-05-28 23:02:08.947 10 INFO neutron.wsgi [req-47892871-0160-4123-b92e-89da26ac4fcf req-9d9c098c-6957-4cea-ae2d-ddaec74d1557 6091167b287f47658923de16a96b6c56 4b5356a636eb4a6faebd75d061261d91 - - default default] 199.204.45.140 "GET /v2.0/ports?device_id=a1318956-b9de-4118-aa80-aa7716b573ae HTTP/1.1" status: 200 len: 1170 time: 0.0679762
2026-05-28 23:02:09.209 9 INFO neutron.db.ovn_revision_numbers_db [None req-ef87392d-284c-4696-a878-2dbe87bf039a - - - - - -] Successfully bumped revision number for resource 7eda97cc-8f7a-44b3-ac1f-754245038338 (type: ports) to 5
2026-05-28 23:02:09.230 9 INFO neutron.wsgi [None req-9e08ca78-33d3-41b6-8177-24c7735b56fb 2294852d2b024d71a32a973887741466 8074865042f045d9968f5c2352a7ac48 - - default default] 10.0.0.99 "DELETE /v2.0/networks/7c368929-4f6e-47cb-882a-e334ecef252c HTTP/1.1" status: 204 len: 168 time: 0.7116587
2026-05-28 23:02:09.323 10 INFO neutron.wsgi [req-47892871-0160-4123-b92e-89da26ac4fcf req-5576642b-d50e-4b90-bdc0-63c3c8efd4ab 6091167b287f47658923de16a96b6c56 4b5356a636eb4a6faebd75d061261d91 - - default default] 199.204.45.140 "DELETE /v2.0/ports/7eda97cc-8f7a-44b3-ac1f-754245038338 HTTP/1.1" status: 204 len: 173 time: 0.3698845
2026-05-28 23:02:09.708 9 INFO neutron.notifiers.nova [-] Nova event matching ['req-66b7e29f-5a1e-426a-8244-059fa5f6015e'] response: {'server_uuid': 'a1318956-b9de-4118-aa80-aa7716b573ae', 'name': 'network-vif-unplugged', 'status': 'completed', 'tag': '7eda97cc-8f7a-44b3-ac1f-754245038338', 'code': 200}
2026-05-28 23:02:09.708 9 INFO neutron.notifiers.nova [-] Nova event matching ['req-66b7e29f-5a1e-426a-8244-059fa5f6015e'] response: {'server_uuid': 'a1318956-b9de-4118-aa80-aa7716b573ae', 'name': 'network-vif-unplugged', 'status': 'completed', 'tag': '7eda97cc-8f7a-44b3-ac1f-754245038338', 'code': 200} /var/lib/openstack/lib/python3.10/site-packages/pycadf/identifier.py:71: UserWarning: Invalid uuid: neutron. To ensure interoperability, identifiers should be a valid uuid. warnings.warn(('Invalid uuid: %s. To ensure interoperability, '
2026-05-28 23:02:09.979 9 INFO neutron.wsgi [req-82a6bad0-9efc-460a-b920-7fb14e7dee50 req-2800a4c4-d08d-4c09-981b-f2e7837106f0 e98898f859ea45aa926971d39342f028 a1c1b83a1e2d48748590ef3ea3746d95 - - default default] 10.0.0.30 "GET /v2.0/ports?device_id=b80137bc-02bb-48ff-964c-6e7ce502fce1 HTTP/1.1" status: 200 len: 1396 time: 0.0994146
2026-05-28 23:02:10.023 9 INFO neutron.wsgi [None req-ec848442-3632-4572-8607-fad329fd25b5 6091167b287f47658923de16a96b6c56 4b5356a636eb4a6faebd75d061261d91 - - default default] 10.0.0.99 "DELETE /v2.0/security-groups/58251b46-9c0d-4d0d-a8df-00e7af943bc1 HTTP/1.1" status: 204 len: 168 time: 0.2093778
2026-05-28 23:02:10.048 9 INFO neutron.wsgi [req-82a6bad0-9efc-460a-b920-7fb14e7dee50 req-9a244471-efa7-4700-926e-5fa913e15c53 e98898f859ea45aa926971d39342f028 a1c1b83a1e2d48748590ef3ea3746d95 - - default default] 10.0.0.30 "GET /v2.0/security-groups?id=edb501f2-eeaa-4db7-8ef2-9d484ab339e6&fields=id&fields=name HTTP/1.1" status: 200 len: 311 time: 0.0608244
2026-05-28 23:02:10.130 9 INFO neutron.services.segments.plugin [-] Segment afcf3ce4-ddd9-4d8d-aebc-7ccdba194d1a resource provider aggregate not found
2026-05-28 23:02:10.166 9 INFO neutron.services.segments.plugin [-] Segment afcf3ce4-ddd9-4d8d-aebc-7ccdba194d1a resource provider not found; error: Placement Client Error (4xx): {"errors": [{"status": 404, "title": "Not Found", "detail": "The resource could not be found.\n\n No resource provider with uuid afcf3ce4-ddd9-4d8d-aebc-7ccdba194d1a found for delete ", "request_id": "req-f3879cf9-af0e-46d5-9e0c-2ddc7bcf5884"}]}
2026-05-28 23:02:10.219 10 INFO neutron.wsgi [None req-7e71037a-73f9-4fa7-8d7c-463bb4d514f3 e98898f859ea45aa926971d39342f028 a1c1b83a1e2d48748590ef3ea3746d95 - - default default] 10.0.0.99 "GET /v2.0/ports?network_id=0a5192dd-f9d2-484a-a95c-f1ec0ffa07de&mac_address=fa%3A16%3A3e%3Af6%3A6e%3A5a HTTP/1.1" status: 200 len: 1391 time: 0.1388569
2026-05-28 23:02:10.232 10 WARNING neutron_lib.context [None req-bdb8c26a-b8f3-4eee-9170-3986369143f6 e98898f859ea45aa926971d39342f028 a1c1b83a1e2d48748590ef3ea3746d95 - - default default] Method 'is_advsvc' is deprecated since 2023.2 release (neutron-lib 3.8.0) and will be removed once support for the old RBAC API policies will be removed from Neutron. Please use method 'is_service_role' instead.
2026-05-28 23:02:10.469 10 INFO neutron.wsgi [None req-4b8f7a99-4b83-4aec-b61c-b8b8f4d6fd9a f12e61e4e00c4884a2149d8b62c222a5 e81ddcfb6cb24c6695923dcab8829e85 - - default default] 10.0.0.99 "GET /v2.0/security-groups?tenant_id=8074865042f045d9968f5c2352a7ac48&name=default HTTP/1.1" status: 200 len: 3120 time: 0.2771080
2026-05-28 23:02:10.525 9 INFO neutron.services.segments.plugin [-] Segment afcf3ce4-ddd9-4d8d-aebc-7ccdba194d1a resource provider aggregate not found
2026-05-28 23:02:10.623 9 INFO neutron.services.segments.plugin [-] Segment afcf3ce4-ddd9-4d8d-aebc-7ccdba194d1a resource provider not found; error: Placement Client Error (4xx): {"errors": [{"status": 404, "title": "Not Found", "detail": "The resource could not be found.\n\n No resource provider with uuid afcf3ce4-ddd9-4d8d-aebc-7ccdba194d1a found for delete ", "request_id": "req-3c263e6b-6489-4030-93fc-3313ecb9f9ca"}]}
2026-05-28 23:02:10.869 10 INFO neutron.notifiers.nova [-] Nova event matching ['req-2df3a4a9-9ccd-4c67-a701-e3b24aa01bd5'] response: {'server_uuid': 'a1318956-b9de-4118-aa80-aa7716b573ae', 'name': 'network-vif-deleted', 'tag': '7eda97cc-8f7a-44b3-ac1f-754245038338', 'status': 'completed', 'code': 200}
2026-05-28 23:02:10.932 10 WARNING neutron.scheduler.dhcp_agent_scheduler [None req-bdb8c26a-b8f3-4eee-9170-3986369143f6 e98898f859ea45aa926971d39342f028 a1c1b83a1e2d48748590ef3ea3746d95 - - default default] No more DHCP agents
2026-05-28 23:02:10.933 10 WARNING neutron.api.rpc.agentnotifiers.dhcp_rpc_agent_api [None req-bdb8c26a-b8f3-4eee-9170-3986369143f6 e98898f859ea45aa926971d39342f028 a1c1b83a1e2d48748590ef3ea3746d95 - - default default] Unable to schedule network e503f241-b3e6-437b-a1b0-6da8a74cf70f: no agents available; will retry on subsequent port and subnet creation events.
2026-05-28 23:02:11.184 10 INFO neutron.wsgi [None req-568dce78-99c0-4ad3-a44a-f7fe9079bc76 f12e61e4e00c4884a2149d8b62c222a5 e81ddcfb6cb24c6695923dcab8829e85 - - default default] 10.0.0.99 "DELETE /v2.0/security-groups/c9920d53-f3d6-4681-ac33-62795fd54ac7 HTTP/1.1" status: 204 len: 168 time: 0.7105470
2026-05-28 23:02:11.505 10 INFO neutron.db.ovn_revision_numbers_db [None req-45227c10-b658-4477-a3d7-6701fb1dcb5b f12e61e4e00c4884a2149d8b62c222a5 e81ddcfb6cb24c6695923dcab8829e85 - - default default] Successfully bumped revision number for resource 7d607da2-696d-4422-8759-c01ddcd1e08c (type: security_groups) to 1
2026-05-28 23:02:11.540 10 INFO neutron.db.ovn_revision_numbers_db [None req-45227c10-b658-4477-a3d7-6701fb1dcb5b f12e61e4e00c4884a2149d8b62c222a5 e81ddcfb6cb24c6695923dcab8829e85 - - default default] Successfully bumped revision number for resource 1e7b9097-2aa2-472d-ba4a-f2dcec41b4e5 (type: security_group_rules) to 0
2026-05-28 23:02:11.570 10 INFO neutron.db.ovn_revision_numbers_db [None req-45227c10-b658-4477-a3d7-6701fb1dcb5b f12e61e4e00c4884a2149d8b62c222a5 e81ddcfb6cb24c6695923dcab8829e85 - - default default] Successfully bumped revision number for resource 3d84dfb8-4b0e-4137-b80e-01784122b72c (type: security_group_rules) to 0
2026-05-28 23:02:11.594 10 INFO neutron.db.ovn_revision_numbers_db [None req-45227c10-b658-4477-a3d7-6701fb1dcb5b f12e61e4e00c4884a2149d8b62c222a5 e81ddcfb6cb24c6695923dcab8829e85 - - default default] Successfully bumped revision number for resource a26504f4-b2ee-4dd7-a5bd-c51e1774378c (type: security_group_rules) to 0
2026-05-28 23:02:11.610 10 INFO neutron.db.ovn_revision_numbers_db [None req-45227c10-b658-4477-a3d7-6701fb1dcb5b f12e61e4e00c4884a2149d8b62c222a5 e81ddcfb6cb24c6695923dcab8829e85 - - default default] Successfully bumped revision number for resource a33c0319-0c77-4a99-965b-e6dc96c7a429 (type: security_group_rules) to 0
2026-05-28 23:02:11.648 10 INFO neutron.wsgi [None req-45227c10-b658-4477-a3d7-6701fb1dcb5b f12e61e4e00c4884a2149d8b62c222a5 e81ddcfb6cb24c6695923dcab8829e85 - - default default] 10.0.0.99 "GET /v2.0/security-groups?tenant_id=6187b8aaa5a94f6ea2a96f5850a827f1&name=default HTTP/1.1" status: 200 len: 3124 time: 0.3415437 /var/lib/openstack/lib/python3.10/site-packages/pycadf/identifier.py:71: UserWarning: Invalid uuid: neutron. To ensure interoperability, identifiers should be a valid uuid. warnings.warn(('Invalid uuid: %s. To ensure interoperability, '
2026-05-28 23:02:11.686 9 INFO neutron.wsgi [None req-cc751172-e9ba-4283-b81f-c97c5ee3e165 6091167b287f47658923de16a96b6c56 4b5356a636eb4a6faebd75d061261d91 - - default default] 10.0.0.99 "PUT /v2.0/routers/172750b7-c558-42d1-a036-5f31f66fe5a6/remove_router_interface HTTP/1.1" status: 200 len: 503 time: 1.6241417
2026-05-28 23:02:11.823 10 INFO neutron.db.ovn_revision_numbers_db [None req-bdb8c26a-b8f3-4eee-9170-3986369143f6 e98898f859ea45aa926971d39342f028 a1c1b83a1e2d48748590ef3ea3746d95 - - default default] Successfully bumped revision number for resource a4be3f5e-47a9-4c59-b138-98b351948b3c (type: floatingips) to -1
2026-05-28 23:02:11.957 10 INFO neutron.db.ovn_revision_numbers_db [None req-bdb8c26a-b8f3-4eee-9170-3986369143f6 e98898f859ea45aa926971d39342f028 a1c1b83a1e2d48748590ef3ea3746d95 - - default default] Successfully bumped revision number for resource a4be3f5e-47a9-4c59-b138-98b351948b3c (type: floatingips) to 1
2026-05-28 23:02:11.958 10 INFO neutron.db.l3_db [None req-bdb8c26a-b8f3-4eee-9170-3986369143f6 e98898f859ea45aa926971d39342f028 a1c1b83a1e2d48748590ef3ea3746d95 - - default default] Floating IP a4be3f5e-47a9-4c59-b138-98b351948b3c associated. External IP: 10.96.250.212, port: 110c6063-5fe0-4af7-a0e0-d1ef76691a8f.
2026-05-28 23:02:12.003 10 INFO neutron.wsgi [None req-bdb8c26a-b8f3-4eee-9170-3986369143f6 e98898f859ea45aa926971d39342f028 a1c1b83a1e2d48748590ef3ea3746d95 - - default default] 10.0.0.99 "POST /v2.0/floatingips HTTP/1.1" status: 201 len: 1053 time: 1.7755201
2026-05-28 23:02:12.006 9 INFO neutron.wsgi [None req-64ecc71b-0b8d-45aa-956f-22a12678235a 6091167b287f47658923de16a96b6c56 4b5356a636eb4a6faebd75d061261d91 - - default default] 10.0.0.99 "DELETE /v2.0/subnets/f10c16ea-4866-411c-bcfd-2e92eeeacb29 HTTP/1.1" status: 204 len: 168 time: 0.3147311 /var/lib/openstack/lib/python3.10/site-packages/pycadf/identifier.py:71: UserWarning: Invalid uuid: neutron. To ensure interoperability, identifiers should be a valid uuid. warnings.warn(('Invalid uuid: %s. To ensure interoperability, '
2026-05-28 23:02:12.028 9 INFO neutron.wsgi [None req-6b7c8ec6-568a-4885-ab86-626ac0b4a27e f12e61e4e00c4884a2149d8b62c222a5 e81ddcfb6cb24c6695923dcab8829e85 - - default default] 10.0.0.99 "DELETE /v2.0/security-groups/7d607da2-696d-4422-8759-c01ddcd1e08c HTTP/1.1" status: 204 len: 168 time: 0.3733475
2026-05-28 23:02:12.384 10 INFO neutron.db.ovn_revision_numbers_db [None req-c205f8f6-127f-43e6-aa8a-0af57a6cebe1 f12e61e4e00c4884a2149d8b62c222a5 e81ddcfb6cb24c6695923dcab8829e85 - - default default] Successfully bumped revision number for resource b6eef8c6-2244-414e-90da-2b567767e51f (type: security_groups) to 1
2026-05-28 23:02:12.406 10 INFO neutron.db.ovn_revision_numbers_db [None req-c205f8f6-127f-43e6-aa8a-0af57a6cebe1 f12e61e4e00c4884a2149d8b62c222a5 e81ddcfb6cb24c6695923dcab8829e85 - - default default] Successfully bumped revision number for resource 0758ad48-4ad3-4bbf-af9d-8e667d11d120 (type: security_group_rules) to 0
2026-05-28 23:02:12.444 10 INFO neutron.db.ovn_revision_numbers_db [None req-c205f8f6-127f-43e6-aa8a-0af57a6cebe1 f12e61e4e00c4884a2149d8b62c222a5 e81ddcfb6cb24c6695923dcab8829e85 - - default default] Successfully bumped revision number for resource 137edf2b-33d5-413d-9c20-2e2b069f6d9b (type: security_group_rules) to 0
2026-05-28 23:02:12.462 10 INFO neutron.db.ovn_revision_numbers_db [None req-c205f8f6-127f-43e6-aa8a-0af57a6cebe1 f12e61e4e00c4884a2149d8b62c222a5 e81ddcfb6cb24c6695923dcab8829e85 - - default default] Successfully bumped revision number for resource da4d9e8e-190d-4ceb-8a1d-b5d071612ac0 (type: security_group_rules) to 0
2026-05-28 23:02:12.489 10 INFO neutron.db.ovn_revision_numbers_db [None req-c205f8f6-127f-43e6-aa8a-0af57a6cebe1 f12e61e4e00c4884a2149d8b62c222a5 e81ddcfb6cb24c6695923dcab8829e85 - - default default] Successfully bumped revision number for resource de984ca6-db61-463a-95b9-52083bbd0ad6 (type: security_group_rules) to 0
2026-05-28 23:02:12.514 10 INFO neutron.wsgi [None req-c205f8f6-127f-43e6-aa8a-0af57a6cebe1 f12e61e4e00c4884a2149d8b62c222a5 e81ddcfb6cb24c6695923dcab8829e85 - - default default] 10.0.0.99 "GET /v2.0/security-groups?tenant_id=a0e761f2959b4c69b9d0a232dea67b60&name=default HTTP/1.1" status: 200 len: 3124 time: 0.3111737
2026-05-28 23:02:12.762 9 INFO neutron.wsgi [None req-b7e53f78-85b1-4090-b8ae-4866b0f346b0 f12e61e4e00c4884a2149d8b62c222a5 e81ddcfb6cb24c6695923dcab8829e85 - - default default] 10.0.0.99 "DELETE /v2.0/security-groups/b6eef8c6-2244-414e-90da-2b567767e51f HTTP/1.1" status: 204 len: 168 time: 0.2405517
2026-05-28 23:02:12.943 10 INFO neutron.notifiers.nova [-] Nova event matching ['req-7d6f960f-be98-4d88-923f-da86407e23db'] response: {'name': 'network-changed', 'server_uuid': 'b80137bc-02bb-48ff-964c-6e7ce502fce1', 'tag': '110c6063-5fe0-4af7-a0e0-d1ef76691a8f', 'status': 'completed', 'code': 200}
2026-05-28 23:02:12.985 10 INFO neutron.wsgi [None req-879fed6c-e14f-4915-acd6-93ea07fbd9b8 6091167b287f47658923de16a96b6c56 4b5356a636eb4a6faebd75d061261d91 - - default default] 10.0.0.99 "DELETE /v2.0/routers/172750b7-c558-42d1-a036-5f31f66fe5a6 HTTP/1.1" status: 204 len: 168 time: 0.9724712
2026-05-28 23:02:13.039 10 INFO neutron.wsgi [req-99e33a01-ca5e-453e-b22b-362fe9294b09 req-721adace-d931-4d1c-b2af-e2230c97467c bf746973377e4125bf0fdaf48551a4ca 96f8db49fcda430eb1a26f68333f37f8 - - f90c3c6d40d74f4b8e4ad62d3d4b34e2 f90c3c6d40d74f4b8e4ad62d3d4b34e2] 199.204.45.140 "GET /v2.0/ports?tenant_id=a1c1b83a1e2d48748590ef3ea3746d95&device_id=b80137bc-02bb-48ff-964c-6e7ce502fce1 HTTP/1.1" status: 200 len: 1634 time: 0.0698533
2026-05-28 23:02:13.108 10 INFO neutron.wsgi [req-99e33a01-ca5e-453e-b22b-362fe9294b09 req-dd09e06b-47c1-4e2b-b7bf-0f24b71beb76 bf746973377e4125bf0fdaf48551a4ca 96f8db49fcda430eb1a26f68333f37f8 - - f90c3c6d40d74f4b8e4ad62d3d4b34e2 f90c3c6d40d74f4b8e4ad62d3d4b34e2] 199.204.45.140 "GET /v2.0/networks?id=0a5192dd-f9d2-484a-a95c-f1ec0ffa07de HTTP/1.1" status: 200 len: 1002 time: 0.0630183
2026-05-28 23:02:13.170 10 INFO neutron.wsgi [req-99e33a01-ca5e-453e-b22b-362fe9294b09 req-e7d755a2-0baf-4737-ad87-5edfaf0f621c bf746973377e4125bf0fdaf48551a4ca 96f8db49fcda430eb1a26f68333f37f8 - - f90c3c6d40d74f4b8e4ad62d3d4b34e2 f90c3c6d40d74f4b8e4ad62d3d4b34e2] 199.204.45.140 "GET /v2.0/floatingips?fixed_ip_address=10.2.2.63&port_id=110c6063-5fe0-4af7-a0e0-d1ef76691a8f HTTP/1.1" status: 200 len: 1058 time: 0.0535395
2026-05-28 23:02:13.210 10 INFO neutron.wsgi [req-99e33a01-ca5e-453e-b22b-362fe9294b09 req-07c70359-8f6c-4cd4-8498-7c6fb7ee957c bf746973377e4125bf0fdaf48551a4ca 96f8db49fcda430eb1a26f68333f37f8 - - f90c3c6d40d74f4b8e4ad62d3d4b34e2 f90c3c6d40d74f4b8e4ad62d3d4b34e2] 199.204.45.140 "GET /v2.0/floatingips?fixed_ip_address=fd77%3A1457%3A4cf0%3A26a8%3A%3A1d&port_id=110c6063-5fe0-4af7-a0e0-d1ef76691a8f HTTP/1.1" status: 200 len: 217 time: 0.0308118
2026-05-28 23:02:13.266 10 INFO neutron.wsgi [req-99e33a01-ca5e-453e-b22b-362fe9294b09 req-f4ff247a-38d8-4dd2-85d8-844ce79583c7 bf746973377e4125bf0fdaf48551a4ca 96f8db49fcda430eb1a26f68333f37f8 - - f90c3c6d40d74f4b8e4ad62d3d4b34e2 f90c3c6d40d74f4b8e4ad62d3d4b34e2] 199.204.45.140 "GET /v2.0/subnets?id=8520706d-85b8-4b93-8738-3415a7c427a5&id=6201b139-b019-4e74-83aa-88e60d351109 HTTP/1.1" status: 200 len: 1567 time: 0.0482614
2026-05-28 23:02:13.299 10 INFO neutron.wsgi [req-99e33a01-ca5e-453e-b22b-362fe9294b09 req-fc915716-6870-40b6-b45e-d604b9d1736d bf746973377e4125bf0fdaf48551a4ca 96f8db49fcda430eb1a26f68333f37f8 - - f90c3c6d40d74f4b8e4ad62d3d4b34e2 f90c3c6d40d74f4b8e4ad62d3d4b34e2] 199.204.45.140 "GET /v2.0/ports?network_id=0a5192dd-f9d2-484a-a95c-f1ec0ffa07de&device_owner=network%3Adhcp HTTP/1.1" status: 200 len: 210 time: 0.0252163
2026-05-28 23:02:13.346 10 INFO neutron.wsgi [req-99e33a01-ca5e-453e-b22b-362fe9294b09 req-b73214d5-717e-477f-a9c5-f9ce0e584f91 bf746973377e4125bf0fdaf48551a4ca 96f8db49fcda430eb1a26f68333f37f8 - - f90c3c6d40d74f4b8e4ad62d3d4b34e2 f90c3c6d40d74f4b8e4ad62d3d4b34e2] 199.204.45.140 "GET /v2.0/ports?network_id=0a5192dd-f9d2-484a-a95c-f1ec0ffa07de&device_owner=network%3Adhcp HTTP/1.1" status: 200 len: 210 time: 0.0332503
2026-05-28 23:02:13.437 10 INFO neutron.wsgi [req-99e33a01-ca5e-453e-b22b-362fe9294b09 req-f3972540-f71d-478e-8b92-3fbb5a6b1148 bf746973377e4125bf0fdaf48551a4ca 96f8db49fcda430eb1a26f68333f37f8 - - f90c3c6d40d74f4b8e4ad62d3d4b34e2 f90c3c6d40d74f4b8e4ad62d3d4b34e2] 199.204.45.140 "GET /v2.0/networks/0a5192dd-f9d2-484a-a95c-f1ec0ffa07de?fields=segments HTTP/1.1" status: 200 len: 212 time: 0.0837557
2026-05-28 23:02:13.525 10 INFO neutron.services.segments.plugin [-] Segment 7921d281-1c68-4f23-9800-36bcd7a7cb47 resource provider aggregate not found
2026-05-28 23:02:13.532 10 INFO neutron.services.segments.plugin [-] Segment 7921d281-1c68-4f23-9800-36bcd7a7cb47 resource provider aggregate not found
2026-05-28 23:02:13.555 10 INFO neutron.services.segments.plugin [-] Segment 7921d281-1c68-4f23-9800-36bcd7a7cb47 resource provider not found; error: Placement Client Error (4xx): {"errors": [{"status": 404, "title": "Not Found", "detail": "The resource could not be found.\n\n No resource provider with uuid 7921d281-1c68-4f23-9800-36bcd7a7cb47 found for delete ", "request_id": "req-001db0c9-35b0-4818-b871-67d4d489e264"}]}
2026-05-28 23:02:13.556 10 INFO neutron.services.segments.plugin [-] Segment 7921d281-1c68-4f23-9800-36bcd7a7cb47 resource provider not found; error: Placement Client Error (4xx): {"errors": [{"status": 404, "title": "Not Found", "detail": "The resource could not be found.\n\n No resource provider with uuid 7921d281-1c68-4f23-9800-36bcd7a7cb47 found for delete ", "request_id": "req-16956ad1-7e4a-4e53-91dc-8264b07594ac"}]}
2026-05-28 23:02:13.563 10 INFO neutron.wsgi [req-99e33a01-ca5e-453e-b22b-362fe9294b09 req-95564661-a412-4cef-b537-54fde6d69977 bf746973377e4125bf0fdaf48551a4ca 96f8db49fcda430eb1a26f68333f37f8 - - f90c3c6d40d74f4b8e4ad62d3d4b34e2 f90c3c6d40d74f4b8e4ad62d3d4b34e2] 199.204.45.140 "GET /v2.0/networks/0a5192dd-f9d2-484a-a95c-f1ec0ffa07de?fields=provider%3Aphysical_network&fields=provider%3Anetwork_type HTTP/1.1" status: 200 len: 277 time: 0.1197236
2026-05-28 23:02:13.577 10 INFO neutron.wsgi [None req-148db5d1-0ef5-442e-b258-42e3c3cc83c0 6091167b287f47658923de16a96b6c56 4b5356a636eb4a6faebd75d061261d91 - - default default] 10.0.0.99 "DELETE /v2.0/networks/87390f26-3a76-4b3c-a9f7-6e3cc2c14398 HTTP/1.1" status: 204 len: 168 time: 0.5816295
2026-05-28 23:02:14.672 10 INFO neutron.wsgi [None req-33e05ac9-7653-4383-adf2-1da6e31749f5 f12e61e4e00c4884a2149d8b62c222a5 e81ddcfb6cb24c6695923dcab8829e85 - - default default] 10.0.0.99 "GET /v2.0/security-groups?tenant_id=4b5356a636eb4a6faebd75d061261d91&name=default HTTP/1.1" status: 200 len: 3120 time: 0.3298616
2026-05-28 23:02:14.968 10 INFO neutron.wsgi [None req-9de6ba4f-e607-42af-846d-8d89f2ab063b f12e61e4e00c4884a2149d8b62c222a5 e81ddcfb6cb24c6695923dcab8829e85 - - default default] 10.0.0.99 "DELETE /v2.0/security-groups/cd0053a7-4bf0-49f4-afa2-da206624be94 HTTP/1.1" status: 204 len: 168 time: 0.2854705
2026-05-28 23:02:15.300 9 INFO neutron.db.ovn_revision_numbers_db [None req-ac4b2aae-0943-483b-b49a-80163ed506ed f12e61e4e00c4884a2149d8b62c222a5 e81ddcfb6cb24c6695923dcab8829e85 - - default default] Successfully bumped revision number for resource e9247d0d-a87a-4d59-9dd0-a89ce0660e0c (type: security_groups) to 1
2026-05-28 23:02:15.315 9 INFO neutron.db.ovn_revision_numbers_db [None req-ac4b2aae-0943-483b-b49a-80163ed506ed f12e61e4e00c4884a2149d8b62c222a5 e81ddcfb6cb24c6695923dcab8829e85 - - default default] Successfully bumped revision number for resource 431bcc8d-b948-429e-877a-3e6435f24c82 (type: security_group_rules) to 0
2026-05-28 23:02:15.329 9 INFO neutron.db.ovn_revision_numbers_db [None req-ac4b2aae-0943-483b-b49a-80163ed506ed f12e61e4e00c4884a2149d8b62c222a5 e81ddcfb6cb24c6695923dcab8829e85 - - default default] Successfully bumped revision number for resource 628f1e00-cbf5-43ce-bfe2-57095a0ffd64 (type: security_group_rules) to 0
2026-05-28 23:02:15.345 9 INFO neutron.db.ovn_revision_numbers_db [None req-ac4b2aae-0943-483b-b49a-80163ed506ed f12e61e4e00c4884a2149d8b62c222a5 e81ddcfb6cb24c6695923dcab8829e85 - - default default] Successfully bumped revision number for resource 6880ee01-1d22-4bd1-bf93-49091907f0e5 (type: security_group_rules) to 0
2026-05-28 23:02:15.363 9 INFO neutron.db.ovn_revision_numbers_db [None req-ac4b2aae-0943-483b-b49a-80163ed506ed f12e61e4e00c4884a2149d8b62c222a5 e81ddcfb6cb24c6695923dcab8829e85 - - default default] Successfully bumped revision number for resource 7315b7c6-bbc1-4475-ad9c-71478acd9005 (type: security_group_rules) to 0
2026-05-28 23:02:15.396 9 INFO neutron.wsgi [None req-ac4b2aae-0943-483b-b49a-80163ed506ed f12e61e4e00c4884a2149d8b62c222a5 e81ddcfb6cb24c6695923dcab8829e85 - - default default] 10.0.0.99 "GET /v2.0/security-groups?tenant_id=0c398195c05f4ccb954833d1bf257e46&name=default HTTP/1.1" status: 200 len: 3124 time: 0.2446485
2026-05-28 23:02:15.656 10 INFO neutron.wsgi [None req-9c217478-5d08-44db-bbfd-a8d24c8530e6 f12e61e4e00c4884a2149d8b62c222a5 e81ddcfb6cb24c6695923dcab8829e85 - - default default] 10.0.0.99 "DELETE /v2.0/security-groups/e9247d0d-a87a-4d59-9dd0-a89ce0660e0c HTTP/1.1" status: 204 len: 168 time: 0.2541468
2026-05-28 23:02:15.732 10 INFO neutron.wsgi [req-2dd23aff-5786-4148-8b1f-3f54c63a8101 req-9ea1d9d4-fc1c-46bc-b3f3-ab78f905bba4 bf746973377e4125bf0fdaf48551a4ca 96f8db49fcda430eb1a26f68333f37f8 - - f90c3c6d40d74f4b8e4ad62d3d4b34e2 f90c3c6d40d74f4b8e4ad62d3d4b34e2] 199.204.45.140 "GET /v2.0/ports?device_id=a7387edc-a7a8-4b4f-8cbb-091f8c31e0a4&fields=binding%3Ahost_id&fields=binding%3Avif_type HTTP/1.1" status: 200 len: 265 time: 0.0525172
2026-05-28 23:02:15.853 10 INFO neutron.wsgi [req-2dd23aff-5786-4148-8b1f-3f54c63a8101 req-64c6dc24-1cc6-4234-a5be-cd396586c632 bf746973377e4125bf0fdaf48551a4ca 96f8db49fcda430eb1a26f68333f37f8 - - f90c3c6d40d74f4b8e4ad62d3d4b34e2 f90c3c6d40d74f4b8e4ad62d3d4b34e2] 199.204.45.140 "GET /v2.0/ports?tenant_id=a1c1b83a1e2d48748590ef3ea3746d95&device_id=a7387edc-a7a8-4b4f-8cbb-091f8c31e0a4 HTTP/1.1" status: 200 len: 1634 time: 0.0543518
2026-05-28 23:02:15.963 10 INFO neutron.wsgi [req-2dd23aff-5786-4148-8b1f-3f54c63a8101 req-1e0a672d-1fa1-48ba-80cb-c8584d922b79 bf746973377e4125bf0fdaf48551a4ca 96f8db49fcda430eb1a26f68333f37f8 - - f90c3c6d40d74f4b8e4ad62d3d4b34e2 f90c3c6d40d74f4b8e4ad62d3d4b34e2] 199.204.45.140 "GET /v2.0/networks?id=2c13d77d-3dc0-477e-8229-8c4cc3801de2 HTTP/1.1" status: 200 len: 1003 time: 0.0851812
2026-05-28 23:02:16.362 10 INFO neutron.wsgi [req-2dd23aff-5786-4148-8b1f-3f54c63a8101 req-f9061a55-87be-4d36-8221-9e6df2f6aeaf bf746973377e4125bf0fdaf48551a4ca 96f8db49fcda430eb1a26f68333f37f8 - - f90c3c6d40d74f4b8e4ad62d3d4b34e2 f90c3c6d40d74f4b8e4ad62d3d4b34e2] 199.204.45.140 "GET /v2.0/floatingips?fixed_ip_address=10.2.1.88&port_id=7ed37c87-b22b-400e-af4c-dabce5fcfa48 HTTP/1.1" status: 200 len: 1058 time: 0.3923545
2026-05-28 23:02:16.395 10 INFO neutron.wsgi [req-2dd23aff-5786-4148-8b1f-3f54c63a8101 req-b154a37b-630d-4e18-a8bc-2db85cb94413 bf746973377e4125bf0fdaf48551a4ca 96f8db49fcda430eb1a26f68333f37f8 - - f90c3c6d40d74f4b8e4ad62d3d4b34e2 f90c3c6d40d74f4b8e4ad62d3d4b34e2] 199.204.45.140 "GET /v2.0/floatingips?fixed_ip_address=fd7b%3Af9f7%3Afff%3A4eca%3A%3A32a&port_id=7ed37c87-b22b-400e-af4c-dabce5fcfa48 HTTP/1.1" status: 200 len: 217 time: 0.0250452
2026-05-28 23:02:16.442 10 INFO neutron.wsgi [req-2dd23aff-5786-4148-8b1f-3f54c63a8101 req-3958e890-9312-44d6-8c08-f70c9c6ffb0f bf746973377e4125bf0fdaf48551a4ca 96f8db49fcda430eb1a26f68333f37f8 - - f90c3c6d40d74f4b8e4ad62d3d4b34e2 f90c3c6d40d74f4b8e4ad62d3d4b34e2] 199.204.45.140 "GET /v2.0/subnets?id=0911bec5-e3e5-4809-a3d7-74fc72e0c58a&id=8a665a0e-2b01-4814-9f74-74e7a8c745c7 HTTP/1.1" status: 200 len: 1563 time: 0.0395451
2026-05-28 23:02:16.475 10 INFO neutron.wsgi [req-2dd23aff-5786-4148-8b1f-3f54c63a8101 req-98ad8da1-0a1f-46de-b4f9-287b306b8c12 bf746973377e4125bf0fdaf48551a4ca 96f8db49fcda430eb1a26f68333f37f8 - - f90c3c6d40d74f4b8e4ad62d3d4b34e2 f90c3c6d40d74f4b8e4ad62d3d4b34e2] 199.204.45.140 "GET /v2.0/ports?network_id=2c13d77d-3dc0-477e-8229-8c4cc3801de2&device_owner=network%3Adhcp HTTP/1.1" status: 200 len: 210 time: 0.0254576
2026-05-28 23:02:16.504 10 INFO neutron.wsgi [req-2dd23aff-5786-4148-8b1f-3f54c63a8101 req-9d2adba4-f247-44aa-91e7-163bc81b2bf4 bf746973377e4125bf0fdaf48551a4ca 96f8db49fcda430eb1a26f68333f37f8 - - f90c3c6d40d74f4b8e4ad62d3d4b34e2 f90c3c6d40d74f4b8e4ad62d3d4b34e2] 199.204.45.140 "GET /v2.0/ports?network_id=2c13d77d-3dc0-477e-8229-8c4cc3801de2&device_owner=network%3Adhcp HTTP/1.1" status: 200 len: 210 time: 0.0227704
2026-05-28 23:02:16.519 9 WARNING neutron_lib.context [None req-e88b85d9-1e37-4eba-b2c1-d5ca0cbcde3a b26a451e903a443580a1323638dca78d 58c1567d106b4bb8b640b9f0cd297ce4 - - default default] Method 'is_advsvc' is deprecated since 2023.2 release (neutron-lib 3.8.0) and will be removed once support for the old RBAC API policies will be removed from Neutron. Please use method 'is_service_role' instead.
2026-05-28 23:02:16.575 10 INFO neutron.wsgi [req-2dd23aff-5786-4148-8b1f-3f54c63a8101 req-145c613a-4215-4817-92ee-121b4b81a6c6 bf746973377e4125bf0fdaf48551a4ca 96f8db49fcda430eb1a26f68333f37f8 - - f90c3c6d40d74f4b8e4ad62d3d4b34e2 f90c3c6d40d74f4b8e4ad62d3d4b34e2] 199.204.45.140 "GET /v2.0/networks/2c13d77d-3dc0-477e-8229-8c4cc3801de2?fields=segments HTTP/1.1" status: 200 len: 212 time: 0.0634508
2026-05-28 23:02:16.583 9 INFO neutron.wsgi [None req-e88b85d9-1e37-4eba-b2c1-d5ca0cbcde3a b26a451e903a443580a1323638dca78d 58c1567d106b4bb8b640b9f0cd297ce4 - - default default] 10.0.0.99 "POST /v2.0/subnetpools HTTP/1.1" status: 201 len: 715 time: 0.1732805
2026-05-28 23:02:16.652 9 INFO neutron.wsgi [None req-dda075ec-c928-4b1d-8923-92f5dbefdc6d b26a451e903a443580a1323638dca78d 58c1567d106b4bb8b640b9f0cd297ce4 - - default default] 10.0.0.99 "PUT /v2.0/subnetpools/59c1b311-e852-4c6a-ab90-0359c1d499dd/tags HTTP/1.1" status: 200 len: 218 time: 0.0610962
2026-05-28 23:02:16.660 10 INFO neutron.wsgi [req-2dd23aff-5786-4148-8b1f-3f54c63a8101 req-32e70fab-bc0f-4442-a4ab-044397de2432 bf746973377e4125bf0fdaf48551a4ca 96f8db49fcda430eb1a26f68333f37f8 - - f90c3c6d40d74f4b8e4ad62d3d4b34e2 f90c3c6d40d74f4b8e4ad62d3d4b34e2] 199.204.45.140 "GET /v2.0/networks/2c13d77d-3dc0-477e-8229-8c4cc3801de2?fields=provider%3Aphysical_network&fields=provider%3Anetwork_type HTTP/1.1" status: 200 len: 277 time: 0.0775409
2026-05-28 23:02:16.688 9 INFO neutron.wsgi [None req-73026d89-9c2b-442e-a2e6-25189c3e2fab b26a451e903a443580a1323638dca78d 58c1567d106b4bb8b640b9f0cd297ce4 - - default default] 10.0.0.99 "GET /v2.0/subnetpools/59c1b311-e852-4c6a-ab90-0359c1d499dd/tags HTTP/1.1" status: 200 len: 218 time: 0.0310035
2026-05-28 23:02:16.733 9 INFO neutron.wsgi [None req-6756dc2d-90eb-4a44-b39c-f24838d9b4ba b26a451e903a443580a1323638dca78d 58c1567d106b4bb8b640b9f0cd297ce4 - - default default] 10.0.0.99 "PUT /v2.0/subnetpools/59c1b311-e852-4c6a-ab90-0359c1d499dd/tags/green HTTP/1.1" status: 201 len: 201 time: 0.0398118
2026-05-28 23:02:16.764 9 INFO neutron.wsgi [None req-01d19503-ebbc-45ed-8c8f-72758b941b30 b26a451e903a443580a1323638dca78d 58c1567d106b4bb8b640b9f0cd297ce4 - - default default] 10.0.0.99 "GET /v2.0/subnetpools/59c1b311-e852-4c6a-ab90-0359c1d499dd/tags HTTP/1.1" status: 200 len: 227 time: 0.0261843
2026-05-28 23:02:16.790 9 INFO neutron.wsgi [None req-144b093f-c7e2-4d27-998e-52cd94c278be b26a451e903a443580a1323638dca78d 58c1567d106b4bb8b640b9f0cd297ce4 - - default default] 10.0.0.99 "PUT /v2.0/subnetpools/59c1b311-e852-4c6a-ab90-0359c1d499dd/tags/red HTTP/1.1" status: 201 len: 201 time: 0.0221784
2026-05-28 23:02:16.818 9 INFO neutron.wsgi [None req-c7a27839-baf9-4fea-b7a6-397751e3f2f9 b26a451e903a443580a1323638dca78d 58c1567d106b4bb8b640b9f0cd297ce4 - - default default] 10.0.0.99 "GET /v2.0/subnetpools/59c1b311-e852-4c6a-ab90-0359c1d499dd/tags HTTP/1.1" status: 200 len: 227 time: 0.0232637
2026-05-28 23:02:16.864 9 INFO neutron.wsgi [None req-1a0cb1c8-6e79-48a6-93ef-489a7bcfe5f1 b26a451e903a443580a1323638dca78d 58c1567d106b4bb8b640b9f0cd297ce4 - - default default] 10.0.0.99 "PUT /v2.0/subnetpools/59c1b311-e852-4c6a-ab90-0359c1d499dd/tags/black.or.white HTTP/1.1" status: 201 len: 201 time: 0.0411041
2026-05-28 23:02:16.892 9 INFO neutron.wsgi [None req-c5fd2e40-9c92-4221-8d3c-251012753630 b26a451e903a443580a1323638dca78d 58c1567d106b4bb8b640b9f0cd297ce4 - - default default] 10.0.0.99 "GET /v2.0/subnetpools/59c1b311-e852-4c6a-ab90-0359c1d499dd/tags HTTP/1.1" status: 200 len: 245 time: 0.0232577
2026-05-28 23:02:16.938 9 INFO neutron.wsgi [None req-8a5c44b3-d6a4-47ef-baae-7a7084e6fc9b b26a451e903a443580a1323638dca78d 58c1567d106b4bb8b640b9f0cd297ce4 - - default default] 10.0.0.99 "PUT /v2.0/subnetpools/59c1b311-e852-4c6a-ab90-0359c1d499dd/tags HTTP/1.1" status: 200 len: 230 time: 0.0418854
2026-05-28 23:02:16.971 9 INFO neutron.wsgi [None req-bb1556de-2aee-498b-9f45-e39752e54a38 b26a451e903a443580a1323638dca78d 58c1567d106b4bb8b640b9f0cd297ce4 - - default default] 10.0.0.99 "GET /v2.0/subnetpools/59c1b311-e852-4c6a-ab90-0359c1d499dd/tags HTTP/1.1" status: 200 len: 230 time: 0.0292451
2026-05-28 23:02:16.998 9 INFO neutron.wsgi [None req-9d7db9c3-9708-42c4-bb95-4734ef3630d2 b26a451e903a443580a1323638dca78d 58c1567d106b4bb8b640b9f0cd297ce4 - - default default] 10.0.0.99 "GET /v2.0/subnetpools/59c1b311-e852-4c6a-ab90-0359c1d499dd/tags/red HTTP/1.1" status: 204 len: 168 time: 0.0219855
2026-05-28 23:02:17.037 10 INFO neutron.api.v2.resource [None req-6cea8894-41d7-45f5-a052-eda89db795ec b26a451e903a443580a1323638dca78d 58c1567d106b4bb8b640b9f0cd297ce4 - - default default] show failed (client error): The resource could not be found.
2026-05-28 23:02:17.038 10 INFO neutron.wsgi [None req-6cea8894-41d7-45f5-a052-eda89db795ec b26a451e903a443580a1323638dca78d 58c1567d106b4bb8b640b9f0cd297ce4 - - default default] 10.0.0.99 "GET /v2.0/subnetpools/59c1b311-e852-4c6a-ab90-0359c1d499dd/tags/green HTTP/1.1" status: 404 len: 299 time: 0.0349631
2026-05-28 23:02:17.085 10 INFO neutron.wsgi [None req-6253c0b1-f895-48a0-9e13-3ed8e3538afe b26a451e903a443580a1323638dca78d 58c1567d106b4bb8b640b9f0cd297ce4 - - default default] 10.0.0.99 "DELETE /v2.0/subnetpools/59c1b311-e852-4c6a-ab90-0359c1d499dd/tags/red HTTP/1.1" status: 204 len: 168 time: 0.0417809
2026-05-28 23:02:17.111 10 INFO neutron.wsgi [None req-756ae0ca-93ff-48d6-9648-b7fb0fb8c5ae b26a451e903a443580a1323638dca78d 58c1567d106b4bb8b640b9f0cd297ce4 - - default default] 10.0.0.99 "GET /v2.0/subnetpools/59c1b311-e852-4c6a-ab90-0359c1d499dd/tags HTTP/1.1" status: 200 len: 223 time: 0.0212502
2026-05-28 23:02:17.139 10 INFO neutron.api.v2.resource [None req-25acf0ba-ee48-4aa8-b510-1cb9ea2d495d b26a451e903a443580a1323638dca78d 58c1567d106b4bb8b640b9f0cd297ce4 - - default default] delete failed (client error): The resource could not be found.
2026-05-28 23:02:17.141 10 INFO neutron.wsgi [None req-25acf0ba-ee48-4aa8-b510-1cb9ea2d495d b26a451e903a443580a1323638dca78d 58c1567d106b4bb8b640b9f0cd297ce4 - - default default] 10.0.0.99 "DELETE /v2.0/subnetpools/59c1b311-e852-4c6a-ab90-0359c1d499dd/tags/green HTTP/1.1" status: 404 len: 299 time: 0.0249362
