2026-05-28 22:35:08.627 10 INFO neutron.wsgi [-] 10.0.0.134 "GET / HTTP/1.1" status: 200 len: 247 time: 0.0009511
2026-05-28 22:35:23.627 10 INFO neutron.wsgi [-] 10.0.0.134 "GET / HTTP/1.1" status: 200 len: 247 time: 0.0027559
2026-05-28 22:35:23.628 9 INFO neutron.wsgi [-] 10.0.0.134 "GET / HTTP/1.1" status: 200 len: 247 time: 0.0031264
2026-05-28 22:35:38.628 9 INFO neutron.wsgi [-] 10.0.0.134 "GET / HTTP/1.1" status: 200 len: 247 time: 0.0025976
2026-05-28 22:35:38.629 10 INFO neutron.wsgi [-] 10.0.0.134 "GET / HTTP/1.1" status: 200 len: 247 time: 0.0039971
2026-05-28 22:35:53.626 10 INFO neutron.wsgi [-] 10.0.0.134 "GET / HTTP/1.1" status: 200 len: 247 time: 0.0018282
2026-05-28 22:35:53.627 9 INFO neutron.wsgi [-] 10.0.0.134 "GET / HTTP/1.1" status: 200 len: 247 time: 0.0023122
2026-05-28 22:36:08.628 9 INFO neutron.wsgi [-] 10.0.0.134 "GET / HTTP/1.1" status: 200 len: 247 time: 0.0027261
2026-05-28 22:36:08.628 10 INFO neutron.wsgi [-] 10.0.0.134 "GET / HTTP/1.1" status: 200 len: 247 time: 0.0031006
2026-05-28 22:36:23.629 9 INFO neutron.wsgi [-] 10.0.0.134 "GET / HTTP/1.1" status: 200 len: 247 time: 0.0030224
2026-05-28 22:36:23.630 10 INFO neutron.wsgi [-] 10.0.0.134 "GET / HTTP/1.1" status: 200 len: 247 time: 0.0041456
2026-05-28 22:36:38.628 10 INFO neutron.wsgi [-] 10.0.0.134 "GET / HTTP/1.1" status: 200 len: 247 time: 0.0027020
2026-05-28 22:36:38.629 9 INFO neutron.wsgi [-] 10.0.0.134 "GET / HTTP/1.1" status: 200 len: 247 time: 0.0040231
2026-05-28 22:36:53.626 10 INFO neutron.wsgi [-] 10.0.0.134 "GET / HTTP/1.1" status: 200 len: 247 time: 0.0015752
2026-05-28 22:36:53.627 9 INFO neutron.wsgi [-] 10.0.0.134 "GET / HTTP/1.1" status: 200 len: 247 time: 0.0025263
2026-05-28 22:37:08.628 9 INFO neutron.wsgi [-] 10.0.0.134 "GET / HTTP/1.1" status: 200 len: 247 time: 0.0030272
2026-05-28 22:37:08.628 10 INFO neutron.wsgi [-] 10.0.0.134 "GET / HTTP/1.1" status: 200 len: 247 time: 0.0034485
2026-05-28 22:37:23.628 10 INFO neutron.wsgi [-] 10.0.0.134 "GET / HTTP/1.1" status: 200 len: 247 time: 0.0026417
2026-05-28 22:37:23.630 9 INFO neutron.wsgi [-] 10.0.0.134 "GET / HTTP/1.1" status: 200 len: 247 time: 0.0042865
2026-05-28 22:37:38.628 10 INFO neutron.wsgi [-] 10.0.0.134 "GET / HTTP/1.1" status: 200 len: 247 time: 0.0027506
2026-05-28 22:37:38.629 9 INFO neutron.wsgi [-] 10.0.0.134 "GET / HTTP/1.1" status: 200 len: 247 time: 0.0030930
2026-05-28 22:37:53.628 10 INFO neutron.wsgi [-] 10.0.0.134 "GET / HTTP/1.1" status: 200 len: 247 time: 0.0029871
2026-05-28 22:37:53.630 10 INFO neutron.wsgi [-] 10.0.0.134 "GET / HTTP/1.1" status: 200 len: 247 time: 0.0013437
2026-05-28 22:38:08.627 10 INFO neutron.wsgi [-] 10.0.0.134 "GET / HTTP/1.1" status: 200 len: 247 time: 0.0023746
2026-05-28 22:38:08.630 10 INFO neutron.wsgi [-] 10.0.0.134 "GET / HTTP/1.1" status: 200 len: 247 time: 0.0020349
2026-05-28 22:38:22.641 9 INFO neutron.api.v2.resource [None req-1abe5bde-6823-44bd-a6b2-2b606a3bab28 f12e61e4e00c4884a2149d8b62c222a5 e81ddcfb6cb24c6695923dcab8829e85 - - default default] show failed (client error): The resource could not be found.
2026-05-28 22:38:22.642 9 INFO neutron.wsgi [None req-1abe5bde-6823-44bd-a6b2-2b606a3bab28 f12e61e4e00c4884a2149d8b62c222a5 e81ddcfb6cb24c6695923dcab8829e85 - - default default] 199.204.45.140,10.0.0.134 "GET /v2.0/security-groups/manila-service-security-group?project_id=96f8db49fcda430eb1a26f68333f37f8 HTTP/1.1" status: 404 len: 321 time: 0.1561081
2026-05-28 22:38:22.814 9 INFO neutron.db.ovn_revision_numbers_db [None req-2963ebe6-5340-4665-8a8d-34d48cf50e24 f12e61e4e00c4884a2149d8b62c222a5 e81ddcfb6cb24c6695923dcab8829e85 - - default default] Successfully bumped revision number for resource 52ea5685-d40d-45e6-b09a-7248be7f3818 (type: security_groups) to 1
2026-05-28 22:38:22.831 9 INFO neutron.db.ovn_revision_numbers_db [None req-2963ebe6-5340-4665-8a8d-34d48cf50e24 f12e61e4e00c4884a2149d8b62c222a5 e81ddcfb6cb24c6695923dcab8829e85 - - default default] Successfully bumped revision number for resource 444be5fe-b226-47d4-8c9d-25f16b875403 (type: security_group_rules) to 0
2026-05-28 22:38:22.846 9 INFO neutron.db.ovn_revision_numbers_db [None req-2963ebe6-5340-4665-8a8d-34d48cf50e24 f12e61e4e00c4884a2149d8b62c222a5 e81ddcfb6cb24c6695923dcab8829e85 - - default default] Successfully bumped revision number for resource 4da6f90c-2296-4c95-8124-2eab681326ac (type: security_group_rules) to 0
2026-05-28 22:38:22.860 9 INFO neutron.db.ovn_revision_numbers_db [None req-2963ebe6-5340-4665-8a8d-34d48cf50e24 f12e61e4e00c4884a2149d8b62c222a5 e81ddcfb6cb24c6695923dcab8829e85 - - default default] Successfully bumped revision number for resource c9c70e72-5d6f-43d6-81a6-ecc771530647 (type: security_group_rules) to 0
2026-05-28 22:38:22.873 9 INFO neutron.db.ovn_revision_numbers_db [None req-2963ebe6-5340-4665-8a8d-34d48cf50e24 f12e61e4e00c4884a2149d8b62c222a5 e81ddcfb6cb24c6695923dcab8829e85 - - default default] Successfully bumped revision number for resource fb42cea8-82d3-4ba7-9aff-462e4cd7d4e4 (type: security_group_rules) to 0
2026-05-28 22:38:22.888 9 INFO neutron.wsgi [None req-2963ebe6-5340-4665-8a8d-34d48cf50e24 f12e61e4e00c4884a2149d8b62c222a5 e81ddcfb6cb24c6695923dcab8829e85 - - default default] 199.204.45.140,10.0.0.134 "GET /v2.0/security-groups?name=manila-service-security-group&project_id=96f8db49fcda430eb1a26f68333f37f8 HTTP/1.1" status: 200 len: 197 time: 0.2410760
2026-05-28 22:38:23.108 9 INFO neutron.db.ovn_revision_numbers_db [None req-75bcc51e-9146-4096-b27a-7dccc101bc10 f12e61e4e00c4884a2149d8b62c222a5 e81ddcfb6cb24c6695923dcab8829e85 - - default default] Successfully bumped revision number for resource 8989f8f5-1159-4b8e-9e0f-18432d9075ff (type: security_groups) to 1
2026-05-28 22:38:23.121 9 INFO neutron.db.ovn_revision_numbers_db [None req-75bcc51e-9146-4096-b27a-7dccc101bc10 f12e61e4e00c4884a2149d8b62c222a5 e81ddcfb6cb24c6695923dcab8829e85 - - default default] Successfully bumped revision number for resource 3621633a-f0c0-4c04-b330-02651b6ee122 (type: security_group_rules) to 0
2026-05-28 22:38:23.134 9 INFO neutron.db.ovn_revision_numbers_db [None req-75bcc51e-9146-4096-b27a-7dccc101bc10 f12e61e4e00c4884a2149d8b62c222a5 e81ddcfb6cb24c6695923dcab8829e85 - - default default] Successfully bumped revision number for resource 3f001138-70d6-4c96-a949-afae0a3f3a2a (type: security_group_rules) to 0
2026-05-28 22:38:23.154 9 INFO neutron.wsgi [None req-75bcc51e-9146-4096-b27a-7dccc101bc10 f12e61e4e00c4884a2149d8b62c222a5 e81ddcfb6cb24c6695923dcab8829e85 - - default default] 199.204.45.140,10.0.0.134 "POST /v2.0/security-groups HTTP/1.1" status: 201 len: 1805 time: 0.1852872
2026-05-28 22:38:23.628 10 INFO neutron.wsgi [-] 10.0.0.134 "GET / HTTP/1.1" status: 200 len: 247 time: 0.0028293
2026-05-28 22:38:23.628 9 INFO neutron.wsgi [-] 10.0.0.134 "GET / HTTP/1.1" status: 200 len: 247 time: 0.0029294
2026-05-28 22:38:24.237 9 INFO neutron.wsgi [None req-a5beed32-046a-4c06-be27-a7bc7cf98833 f12e61e4e00c4884a2149d8b62c222a5 e81ddcfb6cb24c6695923dcab8829e85 - - default default] 199.204.45.140,10.0.0.134 "GET /v2.0/security-groups/8989f8f5-1159-4b8e-9e0f-18432d9075ff?project_id=96f8db49fcda430eb1a26f68333f37f8 HTTP/1.1" status: 200 len: 1800 time: 0.0577655
2026-05-28 22:38:24.268 9 INFO neutron.wsgi [None req-2d5d3ec7-d6dc-4a3d-b09a-a49706ac8fce f12e61e4e00c4884a2149d8b62c222a5 e81ddcfb6cb24c6695923dcab8829e85 - - default default] 199.204.45.140,10.0.0.134 "GET /v2.0/security-groups/8989f8f5-1159-4b8e-9e0f-18432d9075ff HTTP/1.1" status: 200 len: 1800 time: 0.0230918
2026-05-28 22:38:24.373 9 INFO neutron.wsgi [None req-59ea2035-3f20-42c5-97d0-ba1b6241ea0b f12e61e4e00c4884a2149d8b62c222a5 e81ddcfb6cb24c6695923dcab8829e85 - - default default] 199.204.45.140,10.0.0.134 "GET /v2.0/security-groups/8989f8f5-1159-4b8e-9e0f-18432d9075ff?project_id=96f8db49fcda430eb1a26f68333f37f8 HTTP/1.1" status: 200 len: 1800 time: 0.0252478
2026-05-28 22:38:24.488 9 INFO neutron.db.ovn_revision_numbers_db [None req-15174231-f7ec-4939-802b-03c01bf9c4e5 f12e61e4e00c4884a2149d8b62c222a5 e81ddcfb6cb24c6695923dcab8829e85 - - default default] Successfully bumped revision number for resource 93c130e1-2e60-4c6f-b702-668b50804934 (type: security_group_rules) to 0
2026-05-28 22:38:24.512 9 INFO neutron.wsgi [None req-15174231-f7ec-4939-802b-03c01bf9c4e5 f12e61e4e00c4884a2149d8b62c222a5 e81ddcfb6cb24c6695923dcab8829e85 - - default default] 199.204.45.140,10.0.0.134 "POST /v2.0/security-group-rules HTTP/1.1" status: 201 len: 777 time: 0.1324475
2026-05-28 22:38:25.501 9 INFO neutron.wsgi [None req-a02d1fd5-cf44-48c5-94fd-8b7edff8bbb2 f12e61e4e00c4884a2149d8b62c222a5 e81ddcfb6cb24c6695923dcab8829e85 - - default default] 199.204.45.140,10.0.0.134 "GET /v2.0/security-groups/8989f8f5-1159-4b8e-9e0f-18432d9075ff?project_id=96f8db49fcda430eb1a26f68333f37f8 HTTP/1.1" status: 200 len: 2410 time: 0.0612767
2026-05-28 22:38:25.541 9 INFO neutron.wsgi [None req-989fec04-bc1f-41fb-96ef-9f75a31b7728 f12e61e4e00c4884a2149d8b62c222a5 e81ddcfb6cb24c6695923dcab8829e85 - - default default] 199.204.45.140,10.0.0.134 "GET /v2.0/security-groups/8989f8f5-1159-4b8e-9e0f-18432d9075ff HTTP/1.1" status: 200 len: 2410 time: 0.0333087
2026-05-28 22:38:25.643 9 INFO neutron.wsgi [None req-ae790598-7535-4119-8a70-fb23f3066197 f12e61e4e00c4884a2149d8b62c222a5 e81ddcfb6cb24c6695923dcab8829e85 - - default default] 199.204.45.140,10.0.0.134 "GET /v2.0/security-groups/8989f8f5-1159-4b8e-9e0f-18432d9075ff?project_id=96f8db49fcda430eb1a26f68333f37f8 HTTP/1.1" status: 200 len: 2410 time: 0.0295897
2026-05-28 22:38:25.798 9 INFO neutron.db.ovn_revision_numbers_db [None req-0962f015-8fce-41f5-b763-8ef078557ac8 f12e61e4e00c4884a2149d8b62c222a5 e81ddcfb6cb24c6695923dcab8829e85 - - default default] Successfully bumped revision number for resource 70bc513f-6e43-4915-849d-4127d4473396 (type: security_group_rules) to 0
2026-05-28 22:38:25.836 9 INFO neutron.wsgi [None req-0962f015-8fce-41f5-b763-8ef078557ac8 f12e61e4e00c4884a2149d8b62c222a5 e81ddcfb6cb24c6695923dcab8829e85 - - default default] 199.204.45.140,10.0.0.134 "POST /v2.0/security-group-rules HTTP/1.1" status: 201 len: 779 time: 0.1857281 /var/lib/openstack/lib/python3.10/site-packages/pycadf/identifier.py:71: UserWarning: Invalid uuid: unknown. To ensure interoperability, identifiers should be a valid uuid. warnings.warn(('Invalid uuid: %s. To ensure interoperability, '
2026-05-28 22:38:26.876 10 INFO neutron.wsgi [None req-8a9cd4ba-62e8-45d3-93d1-dca8b8008e35 f12e61e4e00c4884a2149d8b62c222a5 e81ddcfb6cb24c6695923dcab8829e85 - - default default] 199.204.45.140,10.0.0.134 "GET /v2.0/security-groups/8989f8f5-1159-4b8e-9e0f-18432d9075ff?project_id=96f8db49fcda430eb1a26f68333f37f8 HTTP/1.1" status: 200 len: 3022 time: 0.0939946
2026-05-28 22:38:26.930 10 INFO neutron.wsgi [None req-f5db05b7-4c0c-4be6-a9c6-afde796a346a f12e61e4e00c4884a2149d8b62c222a5 e81ddcfb6cb24c6695923dcab8829e85 - - default default] 199.204.45.140,10.0.0.134 "GET /v2.0/security-groups/8989f8f5-1159-4b8e-9e0f-18432d9075ff HTTP/1.1" status: 200 len: 3022 time: 0.0469553
2026-05-28 22:38:27.056 10 INFO neutron.wsgi [None req-21f81c02-9b5f-4d0e-9076-deabc08e87dc f12e61e4e00c4884a2149d8b62c222a5 e81ddcfb6cb24c6695923dcab8829e85 - - default default] 199.204.45.140,10.0.0.134 "GET /v2.0/security-groups/8989f8f5-1159-4b8e-9e0f-18432d9075ff?project_id=96f8db49fcda430eb1a26f68333f37f8 HTTP/1.1" status: 200 len: 3022 time: 0.0362082
2026-05-28 22:38:27.219 10 INFO neutron.db.ovn_revision_numbers_db [None req-c424f743-a36d-4b1f-98a7-3fa50c0c1a19 f12e61e4e00c4884a2149d8b62c222a5 e81ddcfb6cb24c6695923dcab8829e85 - - default default] Successfully bumped revision number for resource eff3ee1b-bce3-433c-ae38-5d22d1f7688a (type: security_group_rules) to 0
2026-05-28 22:38:27.254 10 INFO neutron.wsgi [None req-c424f743-a36d-4b1f-98a7-3fa50c0c1a19 f12e61e4e00c4884a2149d8b62c222a5 e81ddcfb6cb24c6695923dcab8829e85 - - default default] 199.204.45.140,10.0.0.134 "POST /v2.0/security-group-rules HTTP/1.1" status: 201 len: 781 time: 0.1901219
2026-05-28 22:38:28.369 10 INFO neutron.wsgi [None req-de152dfd-d353-41b3-9869-d67d0f140303 f12e61e4e00c4884a2149d8b62c222a5 e81ddcfb6cb24c6695923dcab8829e85 - - default default] 199.204.45.140,10.0.0.134 "GET /v2.0/security-groups/8989f8f5-1159-4b8e-9e0f-18432d9075ff?project_id=96f8db49fcda430eb1a26f68333f37f8 HTTP/1.1" status: 200 len: 3636 time: 0.0697799
2026-05-28 22:38:28.413 10 INFO neutron.wsgi [None req-225c3403-9e6c-45f3-b590-bc278cdf2ced f12e61e4e00c4884a2149d8b62c222a5 e81ddcfb6cb24c6695923dcab8829e85 - - default default] 199.204.45.140,10.0.0.134 "GET /v2.0/security-groups/8989f8f5-1159-4b8e-9e0f-18432d9075ff HTTP/1.1" status: 200 len: 3636 time: 0.0360899
2026-05-28 22:38:28.528 10 INFO neutron.wsgi [None req-31afc3a3-68b1-4331-a98c-42a1b3577908 f12e61e4e00c4884a2149d8b62c222a5 e81ddcfb6cb24c6695923dcab8829e85 - - default default] 199.204.45.140,10.0.0.134 "GET /v2.0/security-groups/8989f8f5-1159-4b8e-9e0f-18432d9075ff?project_id=96f8db49fcda430eb1a26f68333f37f8 HTTP/1.1" status: 200 len: 3636 time: 0.0391862
2026-05-28 22:38:28.681 10 INFO neutron.db.ovn_revision_numbers_db [None req-521c6b6b-c163-449d-9b47-f1716ee90a6b f12e61e4e00c4884a2149d8b62c222a5 e81ddcfb6cb24c6695923dcab8829e85 - - default default] Successfully bumped revision number for resource 83f9287d-6497-4650-9802-45f61b7668da (type: security_group_rules) to 0
2026-05-28 22:38:28.709 10 INFO neutron.wsgi [None req-521c6b6b-c163-449d-9b47-f1716ee90a6b f12e61e4e00c4884a2149d8b62c222a5 e81ddcfb6cb24c6695923dcab8829e85 - - default default] 199.204.45.140,10.0.0.134 "POST /v2.0/security-group-rules HTTP/1.1" status: 201 len: 782 time: 0.1722329
2026-05-28 22:38:38.627 9 INFO neutron.wsgi [-] 10.0.0.134 "GET / HTTP/1.1" status: 200 len: 247 time: 0.0026615
2026-05-28 22:38:38.627 10 INFO neutron.wsgi [-] 10.0.0.134 "GET / HTTP/1.1" status: 200 len: 247 time: 0.0023661
2026-05-28 22:38:53.628 9 INFO neutron.wsgi [-] 10.0.0.134 "GET / HTTP/1.1" status: 200 len: 247 time: 0.0026720
2026-05-28 22:38:53.630 10 INFO neutron.wsgi [-] 10.0.0.134 "GET / HTTP/1.1" status: 200 len: 247 time: 0.0042307
2026-05-28 22:39:08.630 10 INFO neutron.wsgi [-] 10.0.0.134 "GET / HTTP/1.1" status: 200 len: 247 time: 0.0048382
2026-05-28 22:39:08.668 9 INFO neutron.wsgi [-] 10.0.0.134 "GET / HTTP/1.1" status: 200 len: 247 time: 0.0428469
2026-05-28 22:39:23.626 10 INFO neutron.wsgi [-] 10.0.0.134 "GET / HTTP/1.1" status: 200 len: 247 time: 0.0021055
2026-05-28 22:39:23.627 9 INFO neutron.wsgi [-] 10.0.0.134 "GET / HTTP/1.1" status: 200 len: 247 time: 0.0027094
2026-05-28 22:39:38.628 9 INFO neutron.wsgi [-] 10.0.0.134 "GET / HTTP/1.1" status: 200 len: 247 time: 0.0034187
2026-05-28 22:39:38.631 9 INFO neutron.wsgi [-] 10.0.0.134 "GET / HTTP/1.1" status: 200 len: 247 time: 0.0014579
2026-05-28 22:39:53.627 10 INFO neutron.wsgi [-] 10.0.0.134 "GET / HTTP/1.1" status: 200 len: 247 time: 0.0027561
2026-05-28 22:39:53.628 9 INFO neutron.wsgi [-] 10.0.0.134 "GET / HTTP/1.1" status: 200 len: 247 time: 0.0036616
2026-05-28 22:40:08.627 10 INFO neutron.wsgi [-] 10.0.0.134 "GET / HTTP/1.1" status: 200 len: 247 time: 0.0015659
2026-05-28 22:40:08.629 10 INFO neutron.wsgi [-] 10.0.0.134 "GET / HTTP/1.1" status: 200 len: 247 time: 0.0013630
2026-05-28 22:40:23.629 9 INFO neutron.wsgi [-] 10.0.0.134 "GET / HTTP/1.1" status: 200 len: 247 time: 0.0032482
2026-05-28 22:40:23.629 10 INFO neutron.wsgi [-] 10.0.0.134 "GET / HTTP/1.1" status: 200 len: 247 time: 0.0043705
2026-05-28 22:40:38.627 9 INFO neutron.wsgi [-] 10.0.0.134 "GET / HTTP/1.1" status: 200 len: 247 time: 0.0019786
2026-05-28 22:40:38.629 10 INFO neutron.wsgi [-] 10.0.0.134 "GET / HTTP/1.1" status: 200 len: 247 time: 0.0032992 /var/lib/openstack/lib/python3.10/site-packages/pycadf/identifier.py:71: UserWarning: Invalid uuid: neutron. To ensure interoperability, identifiers should be a valid uuid. warnings.warn(('Invalid uuid: %s. To ensure interoperability, '
2026-05-28 22:40:41.694 9 INFO neutron.wsgi [None req-1dbf9202-31f6-42d9-8b2a-df97bf49aa51 08aced47a8034037851007988c59fa16 96f8db49fcda430eb1a26f68333f37f8 - - f90c3c6d40d74f4b8e4ad62d3d4b34e2 f90c3c6d40d74f4b8e4ad62d3d4b34e2] 199.204.45.140 "GET /v2.0/networks?tenant_id=96f8db49fcda430eb1a26f68333f37f8&shared=False HTTP/1.1" status: 200 len: 213 time: 0.1515667
2026-05-28 22:40:41.795 9 INFO neutron.db.segments_db [None req-cbda35f1-2041-4fe7-981c-fdf06fc1682b 08aced47a8034037851007988c59fa16 96f8db49fcda430eb1a26f68333f37f8 - - f90c3c6d40d74f4b8e4ad62d3d4b34e2 f90c3c6d40d74f4b8e4ad62d3d4b34e2] Added segment 01ffee4e-bfeb-463d-8a57-1288b2311dc0 of type geneve for network 8c13a30c-81f3-471a-bdc3-64d2666faeed
2026-05-28 22:40:41.996 9 INFO neutron.db.ovn_revision_numbers_db [None req-cbda35f1-2041-4fe7-981c-fdf06fc1682b 08aced47a8034037851007988c59fa16 96f8db49fcda430eb1a26f68333f37f8 - - f90c3c6d40d74f4b8e4ad62d3d4b34e2 f90c3c6d40d74f4b8e4ad62d3d4b34e2] Successfully bumped revision number for resource 8c13a30c-81f3-471a-bdc3-64d2666faeed (type: networks) to 1
2026-05-28 22:40:42.157 9 WARNING neutron.scheduler.dhcp_agent_scheduler [None req-cbda35f1-2041-4fe7-981c-fdf06fc1682b 08aced47a8034037851007988c59fa16 96f8db49fcda430eb1a26f68333f37f8 - - f90c3c6d40d74f4b8e4ad62d3d4b34e2 f90c3c6d40d74f4b8e4ad62d3d4b34e2] No more DHCP agents
2026-05-28 22:40:42.159 9 WARNING neutron.api.rpc.agentnotifiers.dhcp_rpc_agent_api [None req-cbda35f1-2041-4fe7-981c-fdf06fc1682b 08aced47a8034037851007988c59fa16 96f8db49fcda430eb1a26f68333f37f8 - - f90c3c6d40d74f4b8e4ad62d3d4b34e2 f90c3c6d40d74f4b8e4ad62d3d4b34e2] Unable to schedule network 8c13a30c-81f3-471a-bdc3-64d2666faeed: no agents available; will retry on subsequent port and subnet creation events.
2026-05-28 22:40:42.242 9 INFO neutron.db.ovn_revision_numbers_db [None req-cbda35f1-2041-4fe7-981c-fdf06fc1682b 08aced47a8034037851007988c59fa16 96f8db49fcda430eb1a26f68333f37f8 - - f90c3c6d40d74f4b8e4ad62d3d4b34e2 f90c3c6d40d74f4b8e4ad62d3d4b34e2] Successfully bumped revision number for resource 8f9a36a0-0626-4ccd-9bd3-29bca60e5259 (type: ports) to 1
2026-05-28 22:40:42.266 9 INFO neutron.wsgi [None req-cbda35f1-2041-4fe7-981c-fdf06fc1682b 08aced47a8034037851007988c59fa16 96f8db49fcda430eb1a26f68333f37f8 - - f90c3c6d40d74f4b8e4ad62d3d4b34e2 f90c3c6d40d74f4b8e4ad62d3d4b34e2] 199.204.45.140 "POST /v2.0/networks HTTP/1.1" status: 201 len: 925 time: 0.5627949
2026-05-28 22:40:42.316 9 INFO neutron.wsgi [None req-e2976586-1ba4-41fd-8e1b-f6ccd8d27477 08aced47a8034037851007988c59fa16 96f8db49fcda430eb1a26f68333f37f8 - - f90c3c6d40d74f4b8e4ad62d3d4b34e2 f90c3c6d40d74f4b8e4ad62d3d4b34e2] 199.204.45.140 "GET /v2.0/ports?device_id=manila-share&binding%3Ahost_id=instance HTTP/1.1" status: 200 len: 210 time: 0.0419772
2026-05-28 22:40:42.331 9 INFO neutron.wsgi [None req-cde2b246-c701-4d58-84f4-4e137d0db572 08aced47a8034037851007988c59fa16 96f8db49fcda430eb1a26f68333f37f8 - - f90c3c6d40d74f4b8e4ad62d3d4b34e2 f90c3c6d40d74f4b8e4ad62d3d4b34e2] 199.204.45.140 "GET /v2.0/extensions HTTP/1.1" status: 200 len: 18683 time: 0.0066562
2026-05-28 22:40:42.541 9 WARNING neutron.scheduler.dhcp_agent_scheduler [None req-490cd3ba-6e09-4f23-bd37-1199e5862511 08aced47a8034037851007988c59fa16 96f8db49fcda430eb1a26f68333f37f8 - - f90c3c6d40d74f4b8e4ad62d3d4b34e2 f90c3c6d40d74f4b8e4ad62d3d4b34e2] No more DHCP agents
2026-05-28 22:40:42.543 9 WARNING neutron.api.rpc.agentnotifiers.dhcp_rpc_agent_api [None req-490cd3ba-6e09-4f23-bd37-1199e5862511 08aced47a8034037851007988c59fa16 96f8db49fcda430eb1a26f68333f37f8 - - f90c3c6d40d74f4b8e4ad62d3d4b34e2 f90c3c6d40d74f4b8e4ad62d3d4b34e2] Unable to schedule network 8c13a30c-81f3-471a-bdc3-64d2666faeed: no agents available; will retry on subsequent port and subnet creation events.
2026-05-28 22:40:42.633 9 INFO neutron.db.ovn_revision_numbers_db [None req-490cd3ba-6e09-4f23-bd37-1199e5862511 08aced47a8034037851007988c59fa16 96f8db49fcda430eb1a26f68333f37f8 - - f90c3c6d40d74f4b8e4ad62d3d4b34e2 f90c3c6d40d74f4b8e4ad62d3d4b34e2] Successfully bumped revision number for resource 72dc0bf5-406a-4815-a1d7-12c19a8cbc32 (type: ports) to 1
2026-05-28 22:40:42.846 9 INFO neutron.db.ovn_revision_numbers_db [None req-490cd3ba-6e09-4f23-bd37-1199e5862511 08aced47a8034037851007988c59fa16 96f8db49fcda430eb1a26f68333f37f8 - - f90c3c6d40d74f4b8e4ad62d3d4b34e2 f90c3c6d40d74f4b8e4ad62d3d4b34e2] Successfully bumped revision number for resource 72dc0bf5-406a-4815-a1d7-12c19a8cbc32 (type: ports) to 1
2026-05-28 22:40:42.877 9 INFO neutron.wsgi [None req-490cd3ba-6e09-4f23-bd37-1199e5862511 08aced47a8034037851007988c59fa16 96f8db49fcda430eb1a26f68333f37f8 - - f90c3c6d40d74f4b8e4ad62d3d4b34e2 f90c3c6d40d74f4b8e4ad62d3d4b34e2] 199.204.45.140 "POST /v2.0/ports HTTP/1.1" status: 201 len: 1144 time: 0.5408325
2026-05-28 22:40:42.929 9 INFO neutron.wsgi [None req-5a7126da-c5af-4db7-83e4-427f70a27d76 08aced47a8034037851007988c59fa16 96f8db49fcda430eb1a26f68333f37f8 - - f90c3c6d40d74f4b8e4ad62d3d4b34e2 f90c3c6d40d74f4b8e4ad62d3d4b34e2] 199.204.45.140 "GET /v2.0/networks/8c13a30c-81f3-471a-bdc3-64d2666faeed HTTP/1.1" status: 200 len: 907 time: 0.0429511
2026-05-28 22:40:43.545 10 INFO neutron.plugins.ml2.drivers.ovn.mech_driver.mech_driver [None req-f20f73ee-6b86-4f38-ba18-6326d533e0b2 - - - - - -] OVN reports status up for port: 72dc0bf5-406a-4815-a1d7-12c19a8cbc32
2026-05-28 22:40:43.557 10 INFO neutron.plugins.ml2.plugin [None req-f20f73ee-6b86-4f38-ba18-6326d533e0b2 - - - - - -] Attempt 1 to provision port 72dc0bf5-406a-4815-a1d7-12c19a8cbc32
2026-05-28 22:40:43.823 10 INFO neutron.db.ovn_revision_numbers_db [None req-f20f73ee-6b86-4f38-ba18-6326d533e0b2 - - - - - -] Successfully bumped revision number for resource 72dc0bf5-406a-4815-a1d7-12c19a8cbc32 (type: ports) to 3
2026-05-28 22:40:44.862 9 INFO neutron.wsgi [None req-2d14093e-27ef-4f2e-b5a5-c34cad36e7dd 08aced47a8034037851007988c59fa16 96f8db49fcda430eb1a26f68333f37f8 - - f90c3c6d40d74f4b8e4ad62d3d4b34e2 f90c3c6d40d74f4b8e4ad62d3d4b34e2] 199.204.45.140 "GET /v2.0/ports?device_id=manila-share&binding%3Ahost_id=instance HTTP/1.1" status: 200 len: 1172 time: 0.0623763
2026-05-28 22:40:44.926 9 INFO neutron.wsgi [None req-3b103c15-d26c-46d0-9b14-3a9654f59500 08aced47a8034037851007988c59fa16 96f8db49fcda430eb1a26f68333f37f8 - - f90c3c6d40d74f4b8e4ad62d3d4b34e2 f90c3c6d40d74f4b8e4ad62d3d4b34e2] 199.204.45.140 "GET /v2.0/networks/8c13a30c-81f3-471a-bdc3-64d2666faeed HTTP/1.1" status: 200 len: 907 time: 0.0529389
2026-05-28 22:40:53.627 9 INFO neutron.wsgi [-] 10.0.0.134 "GET / HTTP/1.1" status: 200 len: 247 time: 0.0017440
2026-05-28 22:40:53.630 9 INFO neutron.wsgi [-] 10.0.0.134 "GET / HTTP/1.1" status: 200 len: 247 time: 0.0022860
2026-05-28 22:41:02.092 10 INFO neutron.wsgi [None req-94cf5e5e-1289-4462-adc8-53c3ba7a650b f12e61e4e00c4884a2149d8b62c222a5 e81ddcfb6cb24c6695923dcab8829e85 - - default default] 199.204.45.140,10.0.0.134 "GET /v2.0/quotas/96f8db49fcda430eb1a26f68333f37f8 HTTP/1.1" status: 200 len: 467 time: 0.0158184 /var/lib/openstack/lib/python3.10/site-packages/neutron/extensions/quotasv2.py:139: UserWarning: Neutron quota engine will require "--force" parameter to set a quota limit without checking the resource usage. warnings.warn('Neutron quota engine will require "--force" '
2026-05-28 22:41:02.646 10 INFO neutron.wsgi [None req-615ef4e8-93b2-48cd-98e1-2ba8e7a47fd4 f12e61e4e00c4884a2149d8b62c222a5 e81ddcfb6cb24c6695923dcab8829e85 - - default default] 199.204.45.140,10.0.0.134 "PUT /v2.0/quotas/96f8db49fcda430eb1a26f68333f37f8 HTTP/1.1" status: 200 len: 466 time: 0.0388837
2026-05-28 22:41:08.626 9 INFO neutron.wsgi [-] 10.0.0.134 "GET / HTTP/1.1" status: 200 len: 247 time: 0.0019393
2026-05-28 22:41:08.627 10 INFO neutron.wsgi [-] 10.0.0.134 "GET / HTTP/1.1" status: 200 len: 247 time: 0.0024352
2026-05-28 22:41:23.628 10 INFO neutron.wsgi [-] 10.0.0.134 "GET / HTTP/1.1" status: 200 len: 247 time: 0.0027206
2026-05-28 22:41:23.630 10 INFO neutron.wsgi [-] 10.0.0.134 "GET / HTTP/1.1" status: 200 len: 247 time: 0.0012395
2026-05-28 22:41:25.538 15 INFO neutron.db.ovn_revision_numbers_db [None req-9e5ca917-52af-46b8-88e3-430e4c8b174e - - - - - -] Successfully bumped revision number for resource 8989f8f5-1159-4b8e-9e0f-18432d9075ff (type: security_groups) to 5
2026-05-28 22:41:25.539 15 INFO neutron.plugins.ml2.drivers.ovn.mech_driver.ovsdb.maintenance [None req-9e5ca917-52af-46b8-88e3-430e4c8b174e - - - - - -] Maintenance task: Synchronization completed (took 0.07 seconds)
2026-05-28 22:41:38.626 9 INFO neutron.wsgi [-] 10.0.0.134 "GET / HTTP/1.1" status: 200 len: 247 time: 0.0019169
2026-05-28 22:41:38.627 10 INFO neutron.wsgi [-] 10.0.0.134 "GET / HTTP/1.1" status: 200 len: 247 time: 0.0029850
2026-05-28 22:41:53.628 10 INFO neutron.wsgi [-] 10.0.0.134 "GET / HTTP/1.1" status: 200 len: 247 time: 0.0029149
2026-05-28 22:41:53.632 10 INFO neutron.wsgi [-] 10.0.0.134 "GET / HTTP/1.1" status: 200 len: 247 time: 0.0026710
2026-05-28 22:42:08.629 9 INFO neutron.wsgi [-] 10.0.0.134 "GET / HTTP/1.1" status: 200 len: 247 time: 0.0029831
2026-05-28 22:42:08.630 10 INFO neutron.wsgi [-] 10.0.0.134 "GET / HTTP/1.1" status: 200 len: 247 time: 0.0044796
2026-05-28 22:42:23.628 10 INFO neutron.wsgi [-] 10.0.0.134 "GET / HTTP/1.1" status: 200 len: 247 time: 0.0025578
2026-05-28 22:42:23.630 9 INFO neutron.wsgi [-] 10.0.0.134 "GET / HTTP/1.1" status: 200 len: 247 time: 0.0038934
2026-05-28 22:42:38.627 10 INFO neutron.wsgi [-] 10.0.0.134 "GET / HTTP/1.1" status: 200 len: 247 time: 0.0028841
2026-05-28 22:42:38.630 10 INFO neutron.wsgi [-] 10.0.0.134 "GET / HTTP/1.1" status: 200 len: 247 time: 0.0015759
2026-05-28 22:42:38.633 9 INFO neutron.wsgi [None req-b2c96dc8-66b6-4988-8670-aa29b915c394 f12e61e4e00c4884a2149d8b62c222a5 e81ddcfb6cb24c6695923dcab8829e85 - - default default] 10.0.0.113 "GET /v2.0/subnets HTTP/1.1" status: 200 len: 1437 time: 0.0879869
2026-05-28 22:42:38.685 9 INFO neutron.wsgi [None req-aa8c71f6-33a0-4423-ae6b-5573aa11cced f12e61e4e00c4884a2149d8b62c222a5 e81ddcfb6cb24c6695923dcab8829e85 - - default default] 10.0.0.113 "GET /v2.0/ports HTTP/1.1" status: 200 len: 5343 time: 0.0514350
2026-05-28 22:42:38.763 9 INFO neutron.wsgi [None req-39235c2a-eff0-4cab-a763-b90153d329b0 f12e61e4e00c4884a2149d8b62c222a5 e81ddcfb6cb24c6695923dcab8829e85 - - default default] 10.0.0.113 "GET /v2.0/security-groups HTTP/1.1" status: 200 len: 17570 time: 0.0616539
2026-05-28 22:42:38.954 9 INFO neutron.wsgi [None req-ce1a8447-c022-428b-bda5-1ee5dbc5dc61 f12e61e4e00c4884a2149d8b62c222a5 e81ddcfb6cb24c6695923dcab8829e85 - - default default] 10.0.0.113 "GET /v2.0/networks HTTP/1.1" status: 200 len: 2350 time: 0.1842647
2026-05-28 22:42:38.988 9 INFO neutron.wsgi [None req-984f7c82-655e-4500-9ec0-910dc5357ef7 f12e61e4e00c4884a2149d8b62c222a5 e81ddcfb6cb24c6695923dcab8829e85 - - default default] 10.0.0.113 "GET /v2.0/agents HTTP/1.1" status: 200 len: 1390 time: 0.0320489
2026-05-28 22:42:39.009 9 INFO neutron.wsgi [None req-772e91fc-6129-486c-899e-b345806bf6df f12e61e4e00c4884a2149d8b62c222a5 e81ddcfb6cb24c6695923dcab8829e85 - - default default] 10.0.0.113 "GET /v2.0/network-ip-availabilities HTTP/1.1" status: 200 len: 1280 time: 0.0185196
2026-05-28 22:42:39.045 9 INFO neutron.wsgi [None req-b4318d57-2df3-4860-9a35-ad32962710ba f12e61e4e00c4884a2149d8b62c222a5 e81ddcfb6cb24c6695923dcab8829e85 - - default default] 10.0.0.113 "GET /v2.0/subnets HTTP/1.1" status: 200 len: 1437 time: 0.0333245
2026-05-28 22:42:39.057 9 INFO neutron.wsgi [None req-33577989-ee66-4ed4-bf90-ad94ffc7e615 f12e61e4e00c4884a2149d8b62c222a5 e81ddcfb6cb24c6695923dcab8829e85 - - default default] 10.0.0.113 "GET /v2.0/subnetpools HTTP/1.1" status: 200 len: 193 time: 0.0108500
2026-05-28 22:42:39.093 9 INFO neutron.wsgi [None req-9471e0c9-b028-4635-95e1-72ee2a425968 f12e61e4e00c4884a2149d8b62c222a5 e81ddcfb6cb24c6695923dcab8829e85 - - default default] 10.0.0.113 "GET /v2.0/floatingips HTTP/1.1" status: 200 len: 193 time: 0.0343220
2026-05-28 22:42:39.139 9 INFO neutron.wsgi [None req-5a9598b2-300f-4116-86a4-11afd9ccbe44 f12e61e4e00c4884a2149d8b62c222a5 e81ddcfb6cb24c6695923dcab8829e85 - - default default] 10.0.0.113 "GET /v2.0/routers HTTP/1.1" status: 200 len: 189 time: 0.0446093
2026-05-28 22:42:39.152 9 INFO neutron.wsgi [None req-ce2c4db2-a1f8-42c5-9402-ff7f2478d9fb f12e61e4e00c4884a2149d8b62c222a5 e81ddcfb6cb24c6695923dcab8829e85 - - default default] 10.0.0.113 "GET /v2.0/agents?binary=ovn-controller HTTP/1.1" status: 200 len: 591 time: 0.0123665
2026-05-28 22:42:53.627 9 INFO neutron.wsgi [-] 10.0.0.134 "GET / HTTP/1.1" status: 200 len: 247 time: 0.0029805
2026-05-28 22:42:53.628 10 INFO neutron.wsgi [-] 10.0.0.134 "GET / HTTP/1.1" status: 200 len: 247 time: 0.0029113
2026-05-28 22:43:08.627 9 INFO neutron.wsgi [-] 10.0.0.134 "GET / HTTP/1.1" status: 200 len: 247 time: 0.0018680
2026-05-28 22:43:08.629 9 INFO neutron.wsgi [-] 10.0.0.134 "GET / HTTP/1.1" status: 200 len: 247 time: 0.0014751
2026-05-28 22:43:23.627 10 INFO neutron.wsgi [-] 10.0.0.134 "GET / HTTP/1.1" status: 200 len: 247 time: 0.0018704
2026-05-28 22:43:23.627 9 INFO neutron.wsgi [-] 10.0.0.134 "GET / HTTP/1.1" status: 200 len: 247 time: 0.0018334
2026-05-28 22:43:38.595 9 INFO neutron.wsgi [None req-8ce7d976-2fad-420e-ac4e-f4df60b423c8 f12e61e4e00c4884a2149d8b62c222a5 e81ddcfb6cb24c6695923dcab8829e85 - - default default] 10.0.0.113 "GET /v2.0/routers HTTP/1.1" status: 200 len: 189 time: 0.0787809
2026-05-28 22:43:38.626 10 INFO neutron.wsgi [-] 10.0.0.134 "GET / HTTP/1.1" status: 200 len: 247 time: 0.0014479
2026-05-28 22:43:38.628 10 INFO neutron.wsgi [-] 10.0.0.134 "GET / HTTP/1.1" status: 200 len: 247 time: 0.0013511
2026-05-28 22:43:38.645 9 INFO neutron.wsgi [None req-d605b408-f2de-4cae-ae02-9441221a6256 f12e61e4e00c4884a2149d8b62c222a5 e81ddcfb6cb24c6695923dcab8829e85 - - default default] 10.0.0.113 "GET /v2.0/agents?binary=ovn-controller HTTP/1.1" status: 200 len: 591 time: 0.0491240
2026-05-28 22:43:38.685 9 INFO neutron.wsgi [None req-55787ad0-8d72-4708-ac73-8d99b9c58503 f12e61e4e00c4884a2149d8b62c222a5 e81ddcfb6cb24c6695923dcab8829e85 - - default default] 10.0.0.113 "GET /v2.0/subnets HTTP/1.1" status: 200 len: 1437 time: 0.0380168
2026-05-28 22:43:38.706 9 INFO neutron.wsgi [None req-cfb645f9-ec46-4734-9b55-e372979269d6 f12e61e4e00c4884a2149d8b62c222a5 e81ddcfb6cb24c6695923dcab8829e85 - - default default] 10.0.0.113 "GET /v2.0/agents HTTP/1.1" status: 200 len: 1390 time: 0.0202651
2026-05-28 22:43:38.731 9 INFO neutron.wsgi [None req-13852e73-4845-418c-a013-8b314a116f7b f12e61e4e00c4884a2149d8b62c222a5 e81ddcfb6cb24c6695923dcab8829e85 - - default default] 10.0.0.113 "GET /v2.0/floatingips HTTP/1.1" status: 200 len: 193 time: 0.0238619
2026-05-28 22:43:38.791 9 INFO neutron.wsgi [None req-c66ee8b8-ea66-45cc-b883-d5c5b3397539 f12e61e4e00c4884a2149d8b62c222a5 e81ddcfb6cb24c6695923dcab8829e85 - - default default] 10.0.0.113 "GET /v2.0/security-groups HTTP/1.1" status: 200 len: 17570 time: 0.0589812
2026-05-28 22:43:38.811 9 INFO neutron.wsgi [None req-55c52314-c5e2-4c81-bffb-ae826735731a f12e61e4e00c4884a2149d8b62c222a5 e81ddcfb6cb24c6695923dcab8829e85 - - default default] 10.0.0.113 "GET /v2.0/network-ip-availabilities HTTP/1.1" status: 200 len: 1280 time: 0.0137434
2026-05-28 22:43:38.879 9 INFO neutron.wsgi [None req-bcd17ce4-dc5c-420d-9248-9f07d2af738e f12e61e4e00c4884a2149d8b62c222a5 e81ddcfb6cb24c6695923dcab8829e85 - - default default] 10.0.0.113 "GET /v2.0/networks HTTP/1.1" status: 200 len: 2350 time: 0.0668759
2026-05-28 22:43:38.935 9 INFO neutron.wsgi [None req-a765ec46-ed9f-44fd-a804-32c5243b5c6d f12e61e4e00c4884a2149d8b62c222a5 e81ddcfb6cb24c6695923dcab8829e85 - - default default] 10.0.0.113 "GET /v2.0/ports HTTP/1.1" status: 200 len: 5343 time: 0.0518875
2026-05-28 22:43:38.983 9 INFO neutron.wsgi [None req-24a34a49-e5ee-47eb-981a-8f9b4b2c9bab f12e61e4e00c4884a2149d8b62c222a5 e81ddcfb6cb24c6695923dcab8829e85 - - default default] 10.0.0.113 "GET /v2.0/subnets HTTP/1.1" status: 200 len: 1437 time: 0.0402174
2026-05-28 22:43:38.993 9 INFO neutron.wsgi [None req-57a9efae-4102-479b-9db8-3527f0681032 f12e61e4e00c4884a2149d8b62c222a5 e81ddcfb6cb24c6695923dcab8829e85 - - default default] 10.0.0.113 "GET /v2.0/subnetpools HTTP/1.1" status: 200 len: 193 time: 0.0081234
2026-05-28 22:43:53.627 9 INFO neutron.wsgi [-] 10.0.0.134 "GET / HTTP/1.1" status: 200 len: 247 time: 0.0020697
2026-05-28 22:43:53.628 10 INFO neutron.wsgi [-] 10.0.0.134 "GET / HTTP/1.1" status: 200 len: 247 time: 0.0031147
2026-05-28 22:44:08.627 10 INFO neutron.wsgi [-] 10.0.0.134 "GET / HTTP/1.1" status: 200 len: 247 time: 0.0023525
2026-05-28 22:44:08.630 9 INFO neutron.wsgi [-] 10.0.0.134 "GET / HTTP/1.1" status: 200 len: 247 time: 0.0054722
2026-05-28 22:44:23.627 9 INFO neutron.wsgi [-] 10.0.0.134 "GET / HTTP/1.1" status: 200 len: 247 time: 0.0026755
2026-05-28 22:44:23.629 10 INFO neutron.wsgi [-] 10.0.0.134 "GET / HTTP/1.1" status: 200 len: 247 time: 0.0041494
2026-05-28 22:44:38.610 9 INFO neutron.wsgi [None req-dbfb10bf-ae5f-4571-9e8a-43eae22ad921 f12e61e4e00c4884a2149d8b62c222a5 e81ddcfb6cb24c6695923dcab8829e85 - - default default] 10.0.0.113 "GET /v2.0/agents HTTP/1.1" status: 200 len: 1390 time: 0.0866482
2026-05-28 22:44:38.625 9 INFO neutron.wsgi [-] 10.0.0.134 "GET / HTTP/1.1" status: 200 len: 247 time: 0.0016892
2026-05-28 22:44:38.627 10 INFO neutron.wsgi [-] 10.0.0.134 "GET / HTTP/1.1" status: 200 len: 247 time: 0.0029144
2026-05-28 22:44:38.667 9 INFO neutron.wsgi [None req-78f0c3d9-45d8-437c-b44b-d88aa4b41db5 f12e61e4e00c4884a2149d8b62c222a5 e81ddcfb6cb24c6695923dcab8829e85 - - default default] 10.0.0.113 "GET /v2.0/security-groups HTTP/1.1" status: 200 len: 17570 time: 0.0553794
2026-05-28 22:44:38.718 9 INFO neutron.wsgi [None req-cbf13a4b-d910-400b-a3db-6abebf0edaba f12e61e4e00c4884a2149d8b62c222a5 e81ddcfb6cb24c6695923dcab8829e85 - - default default] 10.0.0.113 "GET /v2.0/ports HTTP/1.1" status: 200 len: 5343 time: 0.0445867
2026-05-28 22:44:38.754 9 INFO neutron.wsgi [None req-640c12f6-23e0-4133-a5fa-f8339edf3351 f12e61e4e00c4884a2149d8b62c222a5 e81ddcfb6cb24c6695923dcab8829e85 - - default default] 10.0.0.113 "GET /v2.0/subnets HTTP/1.1" status: 200 len: 1437 time: 0.0297077
2026-05-28 22:44:38.763 9 INFO neutron.wsgi [None req-2a87dd44-7a72-416d-960f-ca6fd1f96707 f12e61e4e00c4884a2149d8b62c222a5 e81ddcfb6cb24c6695923dcab8829e85 - - default default] 10.0.0.113 "GET /v2.0/subnetpools HTTP/1.1" status: 200 len: 193 time: 0.0081096
2026-05-28 22:44:38.821 9 INFO neutron.wsgi [None req-a80b9d44-86f9-4ddb-bc4f-33f8bb54671a f12e61e4e00c4884a2149d8b62c222a5 e81ddcfb6cb24c6695923dcab8829e85 - - default default] 10.0.0.113 "GET /v2.0/networks HTTP/1.1" status: 200 len: 2350 time: 0.0576165
2026-05-28 22:44:38.849 9 INFO neutron.wsgi [None req-0975eb2c-0213-4352-9ce2-4edb04179b5e f12e61e4e00c4884a2149d8b62c222a5 e81ddcfb6cb24c6695923dcab8829e85 - - default default] 10.0.0.113 "GET /v2.0/routers HTTP/1.1" status: 200 len: 189 time: 0.0257375
2026-05-28 22:44:38.861 9 INFO neutron.wsgi [None req-05e746cc-fa6b-4c95-adc6-975b9197c532 f12e61e4e00c4884a2149d8b62c222a5 e81ddcfb6cb24c6695923dcab8829e85 - - default default] 10.0.0.113 "GET /v2.0/agents?binary=ovn-controller HTTP/1.1" status: 200 len: 591 time: 0.0106244
2026-05-28 22:44:38.873 9 INFO neutron.wsgi [None req-ee2c3aaa-447c-4e9f-ab2e-855329447bd4 f12e61e4e00c4884a2149d8b62c222a5 e81ddcfb6cb24c6695923dcab8829e85 - - default default] 10.0.0.113 "GET /v2.0/network-ip-availabilities HTTP/1.1" status: 200 len: 1280 time: 0.0108643
2026-05-28 22:44:38.893 9 INFO neutron.wsgi [None req-81a3430e-6c6c-4f89-8dbf-7c90944e76a3 f12e61e4e00c4884a2149d8b62c222a5 e81ddcfb6cb24c6695923dcab8829e85 - - default default] 10.0.0.113 "GET /v2.0/floatingips HTTP/1.1" status: 200 len: 193 time: 0.0198176
2026-05-28 22:44:38.929 9 INFO neutron.wsgi [None req-15104e4a-c787-4c0c-9205-9306a0193a23 f12e61e4e00c4884a2149d8b62c222a5 e81ddcfb6cb24c6695923dcab8829e85 - - default default] 10.0.0.113 "GET /v2.0/subnets HTTP/1.1" status: 200 len: 1437 time: 0.0344629
2026-05-28 22:44:53.628 9 INFO neutron.wsgi [-] 10.0.0.134 "GET / HTTP/1.1" status: 200 len: 247 time: 0.0019608
2026-05-28 22:44:53.631 10 INFO neutron.wsgi [-] 10.0.0.134 "GET / HTTP/1.1" status: 200 len: 247 time: 0.0042078
2026-05-28 22:45:08.627 9 INFO neutron.wsgi [-] 10.0.0.134 "GET / HTTP/1.1" status: 200 len: 247 time: 0.0023181
2026-05-28 22:45:08.628 10 INFO neutron.wsgi [-] 10.0.0.134 "GET / HTTP/1.1" status: 200 len: 247 time: 0.0037270
2026-05-28 22:45:23.628 10 INFO neutron.wsgi [-] 10.0.0.134 "GET / HTTP/1.1" status: 200 len: 247 time: 0.0026982
2026-05-28 22:45:23.630 9 INFO neutron.wsgi [-] 10.0.0.134 "GET / HTTP/1.1" status: 200 len: 247 time: 0.0042984
2026-05-28 22:45:38.605 9 INFO neutron.wsgi [None req-470afbe3-c8af-4c5e-a045-522f37090a99 f12e61e4e00c4884a2149d8b62c222a5 e81ddcfb6cb24c6695923dcab8829e85 - - default default] 10.0.0.113 "GET /v2.0/floatingips HTTP/1.1" status: 200 len: 193 time: 0.0683167
2026-05-28 22:45:38.628 10 INFO neutron.wsgi [-] 10.0.0.134 "GET / HTTP/1.1" status: 200 len: 247 time: 0.0028701
2026-05-28 22:45:38.630 10 INFO neutron.wsgi [-] 10.0.0.134 "GET / HTTP/1.1" status: 200 len: 247 time: 0.0018947
2026-05-28 22:45:38.642 9 INFO neutron.wsgi [None req-7430612c-d83c-41ba-8e12-889931990522 f12e61e4e00c4884a2149d8b62c222a5 e81ddcfb6cb24c6695923dcab8829e85 - - default default] 10.0.0.113 "GET /v2.0/subnets HTTP/1.1" status: 200 len: 1437 time: 0.0364919
2026-05-28 22:45:38.654 9 INFO neutron.wsgi [None req-59904b37-3df2-4a0b-8a92-76b540199ad7 f12e61e4e00c4884a2149d8b62c222a5 e81ddcfb6cb24c6695923dcab8829e85 - - default default] 10.0.0.113 "GET /v2.0/subnetpools HTTP/1.1" status: 200 len: 193 time: 0.0105183
2026-05-28 22:45:38.701 9 INFO neutron.wsgi [None req-36a68143-f2c9-4a6b-bd5f-21036f523c4a f12e61e4e00c4884a2149d8b62c222a5 e81ddcfb6cb24c6695923dcab8829e85 - - default default] 10.0.0.113 "GET /v2.0/ports HTTP/1.1" status: 200 len: 5343 time: 0.0464129
2026-05-28 22:45:38.748 9 INFO neutron.wsgi [None req-4f41a5e3-d0e1-4e6b-a8af-de6a9c820173 f12e61e4e00c4884a2149d8b62c222a5 e81ddcfb6cb24c6695923dcab8829e85 - - default default] 10.0.0.113 "GET /v2.0/security-groups HTTP/1.1" status: 200 len: 17570 time: 0.0439844
2026-05-28 22:45:38.827 9 INFO neutron.wsgi [None req-74a43c0b-f715-46fe-813a-6e00ce1a1e10 f12e61e4e00c4884a2149d8b62c222a5 e81ddcfb6cb24c6695923dcab8829e85 - - default default] 10.0.0.113 "GET /v2.0/networks HTTP/1.1" status: 200 len: 2350 time: 0.0709944
2026-05-28 22:45:38.869 9 INFO neutron.wsgi [None req-27aeb596-17c2-46e1-9202-f27ce973f810 f12e61e4e00c4884a2149d8b62c222a5 e81ddcfb6cb24c6695923dcab8829e85 - - default default] 10.0.0.113 "GET /v2.0/subnets HTTP/1.1" status: 200 len: 1437 time: 0.0358233
2026-05-28 22:45:38.891 9 INFO neutron.wsgi [None req-0e845363-8532-4604-8b9f-b4565b3b2889 f12e61e4e00c4884a2149d8b62c222a5 e81ddcfb6cb24c6695923dcab8829e85 - - default default] 10.0.0.113 "GET /v2.0/routers HTTP/1.1" status: 200 len: 189 time: 0.0215840
2026-05-28 22:45:38.942 9 INFO neutron.wsgi [None req-fdcef01a-b19f-48b7-a80d-c3e3cede7427 f12e61e4e00c4884a2149d8b62c222a5 e81ddcfb6cb24c6695923dcab8829e85 - - default default] 10.0.0.113 "GET /v2.0/agents?binary=ovn-controller HTTP/1.1" status: 200 len: 591 time: 0.0498533
2026-05-28 22:45:38.958 9 INFO neutron.wsgi [None req-98a4c9ba-3732-402c-9ab3-6e56241f920a f12e61e4e00c4884a2149d8b62c222a5 e81ddcfb6cb24c6695923dcab8829e85 - - default default] 10.0.0.113 "GET /v2.0/agents HTTP/1.1" status: 200 len: 1390 time: 0.0152340
2026-05-28 22:45:38.972 9 INFO neutron.wsgi [None req-d8811235-77f6-4b50-9323-bd4dde53678a f12e61e4e00c4884a2149d8b62c222a5 e81ddcfb6cb24c6695923dcab8829e85 - - default default] 10.0.0.113 "GET /v2.0/network-ip-availabilities HTTP/1.1" status: 200 len: 1280 time: 0.0125031
2026-05-28 22:45:53.628 9 INFO neutron.wsgi [-] 10.0.0.134 "GET / HTTP/1.1" status: 200 len: 247 time: 0.0026016
2026-05-28 22:45:53.633 10 INFO neutron.wsgi [-] 10.0.0.134 "GET / HTTP/1.1" status: 200 len: 247 time: 0.0020375
2026-05-28 22:46:08.627 9 INFO neutron.wsgi [-] 10.0.0.134 "GET / HTTP/1.1" status: 200 len: 247 time: 0.0021484
2026-05-28 22:46:08.630 10 INFO neutron.wsgi [-] 10.0.0.134 "GET / HTTP/1.1" status: 200 len: 247 time: 0.0042651
2026-05-28 22:46:23.632 9 INFO neutron.wsgi [-] 10.0.0.134 "GET / HTTP/1.1" status: 200 len: 247 time: 0.0069797
2026-05-28 22:46:23.633 10 INFO neutron.wsgi [-] 10.0.0.134 "GET / HTTP/1.1" status: 200 len: 247 time: 0.0070095
2026-05-28 22:46:38.608 9 INFO neutron.wsgi [None req-8bdcd34a-2dd7-42d9-8534-ee13d411a307 f12e61e4e00c4884a2149d8b62c222a5 e81ddcfb6cb24c6695923dcab8829e85 - - default default] 10.0.0.113 "GET /v2.0/routers HTTP/1.1" status: 200 len: 189 time: 0.0729759
2026-05-28 22:46:38.629 10 INFO neutron.wsgi [-] 10.0.0.134 "GET / HTTP/1.1" status: 200 len: 247 time: 0.0020027
2026-05-28 22:46:38.631 10 INFO neutron.wsgi [-] 10.0.0.134 "GET / HTTP/1.1" status: 200 len: 247 time: 0.0015364
2026-05-28 22:46:38.649 9 INFO neutron.wsgi [None req-713865f3-ac3f-4645-80be-7be921c1e228 f12e61e4e00c4884a2149d8b62c222a5 e81ddcfb6cb24c6695923dcab8829e85 - - default default] 10.0.0.113 "GET /v2.0/agents?binary=ovn-controller HTTP/1.1" status: 200 len: 591 time: 0.0399320
2026-05-28 22:46:38.672 9 INFO neutron.wsgi [None req-82a8bec0-f3f3-49f6-a6fd-9cd5654ba0d6 f12e61e4e00c4884a2149d8b62c222a5 e81ddcfb6cb24c6695923dcab8829e85 - - default default] 10.0.0.113 "GET /v2.0/network-ip-availabilities HTTP/1.1" status: 200 len: 1280 time: 0.0205927
2026-05-28 22:46:38.728 9 INFO neutron.wsgi [None req-37b9ed95-d5f7-4cc4-8bed-a3a66fdfa213 f12e61e4e00c4884a2149d8b62c222a5 e81ddcfb6cb24c6695923dcab8829e85 - - default default] 10.0.0.113 "GET /v2.0/ports HTTP/1.1" status: 200 len: 5343 time: 0.0549858
2026-05-28 22:46:38.758 9 INFO neutron.wsgi [None req-a941e9a8-7c23-453a-863d-165dacf74231 f12e61e4e00c4884a2149d8b62c222a5 e81ddcfb6cb24c6695923dcab8829e85 - - default default] 10.0.0.113 "GET /v2.0/floatingips HTTP/1.1" status: 200 len: 193 time: 0.0240378
2026-05-28 22:46:38.825 9 INFO neutron.wsgi [None req-c092d70a-19fd-4184-ac09-a3a039d80957 f12e61e4e00c4884a2149d8b62c222a5 e81ddcfb6cb24c6695923dcab8829e85 - - default default] 10.0.0.113 "GET /v2.0/networks HTTP/1.1" status: 200 len: 2350 time: 0.0654216
2026-05-28 22:46:38.866 9 INFO neutron.wsgi [None req-b31a3678-8cac-4203-a27b-4be096559891 f12e61e4e00c4884a2149d8b62c222a5 e81ddcfb6cb24c6695923dcab8829e85 - - default default] 10.0.0.113 "GET /v2.0/security-groups HTTP/1.1" status: 200 len: 17570 time: 0.0396593
2026-05-28 22:46:38.904 9 INFO neutron.wsgi [None req-23c1f6c6-7532-439c-aebf-63a0c3004a56 f12e61e4e00c4884a2149d8b62c222a5 e81ddcfb6cb24c6695923dcab8829e85 - - default default] 10.0.0.113 "GET /v2.0/subnets HTTP/1.1" status: 200 len: 1437 time: 0.0324843
2026-05-28 22:46:38.917 9 INFO neutron.wsgi [None req-ca622d56-0d1e-49b4-96da-32eb5a81b482 f12e61e4e00c4884a2149d8b62c222a5 e81ddcfb6cb24c6695923dcab8829e85 - - default default] 10.0.0.113 "GET /v2.0/agents HTTP/1.1" status: 200 len: 1390 time: 0.0109739
2026-05-28 22:46:38.946 9 INFO neutron.wsgi [None req-c461fd9c-6cd6-45e0-af0a-30d4624b81b6 f12e61e4e00c4884a2149d8b62c222a5 e81ddcfb6cb24c6695923dcab8829e85 - - default default] 10.0.0.113 "GET /v2.0/subnets HTTP/1.1" status: 200 len: 1437 time: 0.0281553
2026-05-28 22:46:38.954 9 INFO neutron.wsgi [None req-92d162d4-11b9-4c9f-b122-0e08dc4e7da7 f12e61e4e00c4884a2149d8b62c222a5 e81ddcfb6cb24c6695923dcab8829e85 - - default default] 10.0.0.113 "GET /v2.0/subnetpools HTTP/1.1" status: 200 len: 193 time: 0.0076435
2026-05-28 22:46:53.628 9 INFO neutron.wsgi [-] 10.0.0.134 "GET / HTTP/1.1" status: 200 len: 247 time: 0.0025635
2026-05-28 22:46:53.628 10 INFO neutron.wsgi [-] 10.0.0.134 "GET / HTTP/1.1" status: 200 len: 247 time: 0.0026848
2026-05-28 22:47:08.632 9 INFO neutron.wsgi [-] 10.0.0.134 "GET / HTTP/1.1" status: 200 len: 247 time: 0.0075121
2026-05-28 22:47:08.639 9 INFO neutron.wsgi [-] 10.0.0.134 "GET / HTTP/1.1" status: 200 len: 247 time: 0.0054190
2026-05-28 22:47:23.628 10 INFO neutron.wsgi [-] 10.0.0.134 "GET / HTTP/1.1" status: 200 len: 247 time: 0.0024681
2026-05-28 22:47:23.629 9 INFO neutron.wsgi [-] 10.0.0.134 "GET / HTTP/1.1" status: 200 len: 247 time: 0.0032864
2026-05-28 22:47:38.628 10 INFO neutron.wsgi [-] 10.0.0.134 "GET / HTTP/1.1" status: 200 len: 247 time: 0.0026836
2026-05-28 22:47:38.630 10 INFO neutron.wsgi [-] 10.0.0.134 "GET / HTTP/1.1" status: 200 len: 247 time: 0.0012650
2026-05-28 22:47:38.675 9 INFO neutron.wsgi [None req-92eace1c-2735-447a-bca8-011bde9b77fd f12e61e4e00c4884a2149d8b62c222a5 e81ddcfb6cb24c6695923dcab8829e85 - - default default] 10.0.0.113 "GET /v2.0/floatingips HTTP/1.1" status: 200 len: 193 time: 0.1514058
2026-05-28 22:47:38.736 9 INFO neutron.wsgi [None req-e71bf2cd-d10a-46eb-bf7f-e910ab48ce75 f12e61e4e00c4884a2149d8b62c222a5 e81ddcfb6cb24c6695923dcab8829e85 - - default default] 10.0.0.113 "GET /v2.0/networks HTTP/1.1" status: 200 len: 2350 time: 0.0599277
2026-05-28 22:47:38.764 9 INFO neutron.wsgi [None req-1258b6a0-3146-4d05-85e9-20ff1accbd3b f12e61e4e00c4884a2149d8b62c222a5 e81ddcfb6cb24c6695923dcab8829e85 - - default default] 10.0.0.113 "GET /v2.0/routers HTTP/1.1" status: 200 len: 189 time: 0.0242715
2026-05-28 22:47:38.801 9 INFO neutron.wsgi [None req-b91b7225-3b77-4872-8a33-79736730ace6 f12e61e4e00c4884a2149d8b62c222a5 e81ddcfb6cb24c6695923dcab8829e85 - - default default] 10.0.0.113 "GET /v2.0/agents?binary=ovn-controller HTTP/1.1" status: 200 len: 591 time: 0.0365236
2026-05-28 22:47:38.832 9 INFO neutron.wsgi [None req-01c044ea-1e18-4393-9980-c94049b91b31 f12e61e4e00c4884a2149d8b62c222a5 e81ddcfb6cb24c6695923dcab8829e85 - - default default] 10.0.0.113 "GET /v2.0/subnets HTTP/1.1" status: 200 len: 1437 time: 0.0296242
2026-05-28 22:47:38.841 9 INFO neutron.wsgi [None req-45a04bbe-de18-4414-8242-0bd05310cb96 f12e61e4e00c4884a2149d8b62c222a5 e81ddcfb6cb24c6695923dcab8829e85 - - default default] 10.0.0.113 "GET /v2.0/subnetpools HTTP/1.1" status: 200 len: 193 time: 0.0078988
2026-05-28 22:47:38.874 9 INFO neutron.wsgi [None req-7a04cf69-6318-452b-80da-18e07f1c918b f12e61e4e00c4884a2149d8b62c222a5 e81ddcfb6cb24c6695923dcab8829e85 - - default default] 10.0.0.113 "GET /v2.0/subnets HTTP/1.1" status: 200 len: 1437 time: 0.0324781
2026-05-28 22:47:38.925 9 INFO neutron.wsgi [None req-61c64564-5965-4b88-8f75-03be866d4a6f f12e61e4e00c4884a2149d8b62c222a5 e81ddcfb6cb24c6695923dcab8829e85 - - default default] 10.0.0.113 "GET /v2.0/ports HTTP/1.1" status: 200 len: 5343 time: 0.0500996
2026-05-28 22:47:38.974 9 INFO neutron.wsgi [None req-116d067e-b6bc-400d-a27a-d48c92047337 f12e61e4e00c4884a2149d8b62c222a5 e81ddcfb6cb24c6695923dcab8829e85 - - default default] 10.0.0.113 "GET /v2.0/security-groups HTTP/1.1" status: 200 len: 17570 time: 0.0462582
2026-05-28 22:47:38.995 9 INFO neutron.wsgi [None req-9a1d99d7-9657-4b70-bae4-30f3667e2777 f12e61e4e00c4884a2149d8b62c222a5 e81ddcfb6cb24c6695923dcab8829e85 - - default default] 10.0.0.113 "GET /v2.0/agents HTTP/1.1" status: 200 len: 1390 time: 0.0139461
2026-05-28 22:47:39.005 9 INFO neutron.wsgi [None req-37e2c950-2a7a-42c9-a0c5-774de9efda0c f12e61e4e00c4884a2149d8b62c222a5 e81ddcfb6cb24c6695923dcab8829e85 - - default default] 10.0.0.113 "GET /v2.0/network-ip-availabilities HTTP/1.1" status: 200 len: 1280 time: 0.0094092
2026-05-28 22:47:53.628 10 INFO neutron.wsgi [-] 10.0.0.134 "GET / HTTP/1.1" status: 200 len: 247 time: 0.0027127
2026-05-28 22:47:53.629 9 INFO neutron.wsgi [-] 10.0.0.134 "GET / HTTP/1.1" status: 200 len: 247 time: 0.0033488
2026-05-28 22:48:08.626 10 INFO neutron.wsgi [-] 10.0.0.134 "GET / HTTP/1.1" status: 200 len: 247 time: 0.0018654
2026-05-28 22:48:08.628 9 INFO neutron.wsgi [-] 10.0.0.134 "GET / HTTP/1.1" status: 200 len: 247 time: 0.0033300
2026-05-28 22:48:23.628 9 INFO neutron.wsgi [-] 10.0.0.134 "GET / HTTP/1.1" status: 200 len: 247 time: 0.0028954
2026-05-28 22:48:23.629 10 INFO neutron.wsgi [-] 10.0.0.134 "GET / HTTP/1.1" status: 200 len: 247 time: 0.0027325
2026-05-28 22:48:38.621 9 INFO neutron.wsgi [None req-00dc9837-773f-4feb-9026-f5696316538f f12e61e4e00c4884a2149d8b62c222a5 e81ddcfb6cb24c6695923dcab8829e85 - - default default] 10.0.0.113 "GET /v2.0/agents HTTP/1.1" status: 200 len: 1390 time: 0.1178572
2026-05-28 22:48:38.628 10 INFO neutron.wsgi [-] 10.0.0.134 "GET / HTTP/1.1" status: 200 len: 247 time: 0.0012672
2026-05-28 22:48:38.630 10 INFO neutron.wsgi [-] 10.0.0.134 "GET / HTTP/1.1" status: 200 len: 247 time: 0.0012674
2026-05-28 22:48:38.658 9 INFO neutron.wsgi [None req-05116fcb-cd92-46ce-ac0c-b960bf225f89 f12e61e4e00c4884a2149d8b62c222a5 e81ddcfb6cb24c6695923dcab8829e85 - - default default] 10.0.0.113 "GET /v2.0/subnets HTTP/1.1" status: 200 len: 1437 time: 0.0350773
2026-05-28 22:48:38.672 9 INFO neutron.wsgi [None req-1ac56c79-1714-45f4-a2f5-cb2887f124fe f12e61e4e00c4884a2149d8b62c222a5 e81ddcfb6cb24c6695923dcab8829e85 - - default default] 10.0.0.113 "GET /v2.0/subnetpools HTTP/1.1" status: 200 len: 193 time: 0.0133166
2026-05-28 22:48:38.714 9 INFO neutron.wsgi [None req-86e34fce-8368-4c7b-b71b-89a2fa84733d f12e61e4e00c4884a2149d8b62c222a5 e81ddcfb6cb24c6695923dcab8829e85 - - default default] 10.0.0.113 "GET /v2.0/security-groups HTTP/1.1" status: 200 len: 17570 time: 0.0408444
2026-05-28 22:48:38.746 9 INFO neutron.wsgi [None req-4e982590-bede-4f5b-baf3-05b7a2deecc1 f12e61e4e00c4884a2149d8b62c222a5 e81ddcfb6cb24c6695923dcab8829e85 - - default default] 10.0.0.113 "GET /v2.0/routers HTTP/1.1" status: 200 len: 189 time: 0.0231850
2026-05-28 22:48:38.758 9 INFO neutron.wsgi [None req-c5f1a6c6-919e-4e87-a104-88e7f8addea6 f12e61e4e00c4884a2149d8b62c222a5 e81ddcfb6cb24c6695923dcab8829e85 - - default default] 10.0.0.113 "GET /v2.0/agents?binary=ovn-controller HTTP/1.1" status: 200 len: 591 time: 0.0112648
