2026-05-28 22:59:27.270 10 INFO neutron.wsgi [None req-62da5184-fb1c-4cf8-8bf2-dd109578476a 48b8ebd1162342749b70fd3e4d9e4065 62d0e03b1d7b4874963ba6a7aa7a3a58 - - default default] 10.0.0.99 "DELETE /v2.0/networks/43c92f03-5a05-4c44-a78f-402560a31a14 HTTP/1.1" status: 404 len: 339 time: 0.0200670 /var/lib/openstack/lib/python3.10/site-packages/pycadf/identifier.py:71: UserWarning: Invalid uuid: neutron. To ensure interoperability, identifiers should be a valid uuid. warnings.warn(('Invalid uuid: %s. To ensure interoperability, '
2026-05-28 22:59:27.344 10 INFO neutron.wsgi [req-7d30b2d7-c5e4-491e-b0fa-dc2028ffad11 req-8781f565-ca49-401a-9182-0e819acbbbfe 7468dc1562e540f98beb09c489e76389 dbefbf8f561640febb9e098f32cd088f - - default default] 199.204.45.140 "DELETE /v2.0/ports/8918f378-e429-4aa9-8c6d-0de8678babcf HTTP/1.1" status: 204 len: 173 time: 0.3561437
2026-05-28 22:59:27.384 9 INFO neutron.wsgi [None req-25e9fa83-b726-4215-8db3-43724ba139f5 48b8ebd1162342749b70fd3e4d9e4065 62d0e03b1d7b4874963ba6a7aa7a3a58 - - default default] 10.0.0.99 "GET /v2.0/networks?router%3Aexternal=True HTTP/1.1" status: 200 len: 845 time: 0.1044335
2026-05-28 22:59:27.393 10 INFO neutron.notifiers.nova [-] Nova event matching ['req-5a0e2167-aefc-4776-bde0-89d49898df48'] response: {'server_uuid': '3c726d6c-b622-443d-a792-e768c6643a57', 'name': 'network-vif-deleted', 'tag': '8918f378-e429-4aa9-8c6d-0de8678babcf', 'status': 'completed', 'code': 200}
2026-05-28 22:59:27.436 9 INFO neutron.wsgi [None req-f9dc9fbe-b64d-4ad3-a463-ee0353fd75cd 48b8ebd1162342749b70fd3e4d9e4065 62d0e03b1d7b4874963ba6a7aa7a3a58 - - default default] 10.0.0.99 "GET /v2.0/subnets?network_id=e503f241-b3e6-437b-a1b0-6da8a74cf70f HTTP/1.1" status: 200 len: 820 time: 0.0441957
2026-05-28 22:59:27.447 9 INFO neutron.wsgi [None req-8c5ba60b-bfec-4fc7-94f4-230bdac4617f 48b8ebd1162342749b70fd3e4d9e4065 62d0e03b1d7b4874963ba6a7aa7a3a58 - - default default] 10.0.0.99 "GET /v2.0/extensions HTTP/1.1" status: 200 len: 18678 time: 0.0057490
2026-05-28 22:59:27.570 9 INFO neutron.wsgi [None req-55fe0613-bc43-4cf2-83cc-4d42257fb3cf 48b8ebd1162342749b70fd3e4d9e4065 62d0e03b1d7b4874963ba6a7aa7a3a58 - - default default] 10.0.0.99 "GET /v2.0/networks HTTP/1.1" status: 200 len: 1508 time: 0.1174259
2026-05-28 22:59:27.646 9 INFO neutron.wsgi [None req-12a8d148-c981-4ab9-bde2-7d41c5136b06 48b8ebd1162342749b70fd3e4d9e4065 62d0e03b1d7b4874963ba6a7aa7a3a58 - - default default] 10.0.0.99 "GET /v2.0/subnets HTTP/1.1" status: 200 len: 1460 time: 0.0704827
2026-05-28 22:59:27.730 9 INFO neutron.wsgi [None req-abd34090-9b32-4ce7-a381-64648a77b4c6 48b8ebd1162342749b70fd3e4d9e4065 62d0e03b1d7b4874963ba6a7aa7a3a58 - - default default] 10.0.0.99 "GET /v2.0/networks/91f03e2e-cd74-4690-8413-704431cd8507 HTTP/1.1" status: 200 len: 867 time: 0.0774350
2026-05-28 22:59:27.776 9 INFO neutron.wsgi [None req-4efa6de2-9dfb-4907-a45b-e5695516ff83 48b8ebd1162342749b70fd3e4d9e4065 62d0e03b1d7b4874963ba6a7aa7a3a58 - - default default] 10.0.0.99 "GET /v2.0/subnets/67ec502b-f365-4502-be3b-abbfb40e0248 HTTP/1.1" status: 200 len: 843 time: 0.0392730
2026-05-28 22:59:27.805 9 INFO neutron.pecan_wsgi.hooks.translation [None req-a1d327e4-590b-4001-b166-279e3fbc7fd3 48b8ebd1162342749b70fd3e4d9e4065 62d0e03b1d7b4874963ba6a7aa7a3a58 - - default default] DELETE failed (client error): The resource could not be found.
2026-05-28 22:59:27.808 9 INFO neutron.wsgi [None req-a1d327e4-590b-4001-b166-279e3fbc7fd3 48b8ebd1162342749b70fd3e4d9e4065 62d0e03b1d7b4874963ba6a7aa7a3a58 - - default default] 10.0.0.99 "DELETE /v2.0/subnets/07626197-a0c9-494c-b7bb-969aa97dd40a HTTP/1.1" status: 404 len: 337 time: 0.0220864
2026-05-28 22:59:27.830 9 INFO neutron.pecan_wsgi.hooks.translation [None req-18e91e0c-3d13-48fe-9c5f-a34883557d10 48b8ebd1162342749b70fd3e4d9e4065 62d0e03b1d7b4874963ba6a7aa7a3a58 - - default default] DELETE failed (client error): The resource could not be found.
2026-05-28 22:59:27.834 9 INFO neutron.wsgi [None req-18e91e0c-3d13-48fe-9c5f-a34883557d10 48b8ebd1162342749b70fd3e4d9e4065 62d0e03b1d7b4874963ba6a7aa7a3a58 - - default default] 10.0.0.99 "DELETE /v2.0/networks/43c92f03-5a05-4c44-a78f-402560a31a14 HTTP/1.1" status: 404 len: 339 time: 0.0204444
2026-05-28 22:59:28.051 9 INFO neutron.wsgi [None req-dcc715e6-2d1b-415e-9b07-5799ea9e4e51 48b8ebd1162342749b70fd3e4d9e4065 62d0e03b1d7b4874963ba6a7aa7a3a58 - - default default] 10.0.0.99 "DELETE /v2.0/subnets/67ec502b-f365-4502-be3b-abbfb40e0248 HTTP/1.1" status: 204 len: 168 time: 0.2133579
2026-05-28 22:59:28.447 9 INFO neutron.notifiers.nova [-] Nova event matching ['req-4492ea05-b32b-4782-8953-49d40c01cd56'] response: {'server_uuid': '3c726d6c-b622-443d-a792-e768c6643a57', 'name': 'network-vif-unplugged', 'status': 'completed', 'tag': '8918f378-e429-4aa9-8c6d-0de8678babcf', 'code': 200}
2026-05-28 22:59:28.448 9 INFO neutron.notifiers.nova [-] Nova event matching ['req-4492ea05-b32b-4782-8953-49d40c01cd56'] response: {'server_uuid': '3c726d6c-b622-443d-a792-e768c6643a57', 'name': 'network-vif-unplugged', 'status': 'completed', 'tag': '8918f378-e429-4aa9-8c6d-0de8678babcf', 'code': 200}
2026-05-28 22:59:28.476 10 INFO neutron.services.segments.plugin [-] Segment afccc1f7-9f6e-4beb-9e18-62bf0c4b6086 resource provider aggregate not found
2026-05-28 22:59:28.480 10 INFO neutron.services.segments.plugin [-] Segment afccc1f7-9f6e-4beb-9e18-62bf0c4b6086 resource provider aggregate not found
2026-05-28 22:59:28.496 10 INFO neutron.services.segments.plugin [-] Segment afccc1f7-9f6e-4beb-9e18-62bf0c4b6086 resource provider not found; error: Placement Client Error (4xx): {"errors": [{"status": 404, "title": "Not Found", "detail": "The resource could not be found.\n\n No resource provider with uuid afccc1f7-9f6e-4beb-9e18-62bf0c4b6086 found for delete ", "request_id": "req-f66690a2-98d6-4de4-992b-5e9087cf28e8"}]}
2026-05-28 22:59:28.502 10 INFO neutron.services.segments.plugin [-] Segment afccc1f7-9f6e-4beb-9e18-62bf0c4b6086 resource provider not found; error: Placement Client Error (4xx): {"errors": [{"status": 404, "title": "Not Found", "detail": "The resource could not be found.\n\n No resource provider with uuid afccc1f7-9f6e-4beb-9e18-62bf0c4b6086 found for delete ", "request_id": "req-2263d9e4-7f0f-4771-9b64-71f4db6ca66e"}]}
2026-05-28 22:59:28.523 10 INFO neutron.wsgi [None req-72133e7e-9946-48e5-bf55-a49507011e62 48b8ebd1162342749b70fd3e4d9e4065 62d0e03b1d7b4874963ba6a7aa7a3a58 - - default default] 10.0.0.99 "DELETE /v2.0/networks/91f03e2e-cd74-4690-8413-704431cd8507 HTTP/1.1" status: 204 len: 168 time: 0.4660180
2026-05-28 22:59:29.145 9 INFO neutron.wsgi [None req-dfa8f3f1-733f-4dce-a999-80985fc4afa3 f12e61e4e00c4884a2149d8b62c222a5 e81ddcfb6cb24c6695923dcab8829e85 - - default default] 10.0.0.99 "GET /v2.0/security-groups?tenant_id=62d0e03b1d7b4874963ba6a7aa7a3a58&name=default HTTP/1.1" status: 200 len: 3120 time: 0.1582065
2026-05-28 22:59:29.255 10 INFO neutron.db.ovn_revision_numbers_db [None req-34a5e84c-eb9e-48ab-b585-26fee17a4220 f12e61e4e00c4884a2149d8b62c222a5 e81ddcfb6cb24c6695923dcab8829e85 - - default default] Successfully bumped revision number for resource c311e30c-3f85-430b-8fe7-53a424209c3e (type: security_groups) to 1
2026-05-28 22:59:29.301 10 INFO neutron.db.ovn_revision_numbers_db [None req-34a5e84c-eb9e-48ab-b585-26fee17a4220 f12e61e4e00c4884a2149d8b62c222a5 e81ddcfb6cb24c6695923dcab8829e85 - - default default] Successfully bumped revision number for resource 50b8c16b-c540-4377-b2a2-b90ca9249671 (type: security_group_rules) to 0
2026-05-28 22:59:29.320 10 INFO neutron.db.ovn_revision_numbers_db [None req-34a5e84c-eb9e-48ab-b585-26fee17a4220 f12e61e4e00c4884a2149d8b62c222a5 e81ddcfb6cb24c6695923dcab8829e85 - - default default] Successfully bumped revision number for resource 9a0a1fd4-091c-446d-952d-40f5a4700f59 (type: security_group_rules) to 0
2026-05-28 22:59:29.345 10 INFO neutron.db.ovn_revision_numbers_db [None req-34a5e84c-eb9e-48ab-b585-26fee17a4220 f12e61e4e00c4884a2149d8b62c222a5 e81ddcfb6cb24c6695923dcab8829e85 - - default default] Successfully bumped revision number for resource e755383d-ad13-4ec3-8d7c-76be9c57eb27 (type: security_group_rules) to 0
2026-05-28 22:59:29.418 9 INFO neutron.wsgi [None req-6c15f221-4756-475d-be3f-f182f4f777fd f12e61e4e00c4884a2149d8b62c222a5 e81ddcfb6cb24c6695923dcab8829e85 - - default default] 10.0.0.99 "DELETE /v2.0/security-groups/e22af613-8847-48b5-a107-8e7bd757ea28 HTTP/1.1" status: 204 len: 168 time: 0.2642107
2026-05-28 22:59:29.730 10 INFO neutron.db.ovn_revision_numbers_db [None req-34a5e84c-eb9e-48ab-b585-26fee17a4220 f12e61e4e00c4884a2149d8b62c222a5 e81ddcfb6cb24c6695923dcab8829e85 - - default default] Successfully bumped revision number for resource f2aa3034-a5c9-48bb-bc75-9575721b885b (type: security_group_rules) to 0
2026-05-28 22:59:29.759 10 INFO neutron.wsgi [None req-34a5e84c-eb9e-48ab-b585-26fee17a4220 f12e61e4e00c4884a2149d8b62c222a5 e81ddcfb6cb24c6695923dcab8829e85 - - default default] 10.0.0.99 "GET /v2.0/security-groups?tenant_id=41597bc9bdb84955bb0888012a1dc582&name=default HTTP/1.1" status: 200 len: 3120 time: 0.8193645
2026-05-28 22:59:30.007 9 INFO neutron.wsgi [None req-27627f33-b087-4e01-b340-657fcaa9bb6b f12e61e4e00c4884a2149d8b62c222a5 e81ddcfb6cb24c6695923dcab8829e85 - - default default] 10.0.0.99 "DELETE /v2.0/security-groups/c311e30c-3f85-430b-8fe7-53a424209c3e HTTP/1.1" status: 204 len: 168 time: 0.2405450
2026-05-28 22:59:30.540 10 INFO neutron.wsgi [None req-1a767087-1148-48bf-9440-1aee8876d33b f12e61e4e00c4884a2149d8b62c222a5 e81ddcfb6cb24c6695923dcab8829e85 - - default default] 10.0.0.99 "PUT /v2.0/routers/b0e0332f-6be0-41ed-99ea-186dc6063e2b/remove_router_interface HTTP/1.1" status: 200 len: 503 time: 1.5688984 /var/lib/openstack/lib/python3.10/site-packages/pycadf/identifier.py:71: UserWarning: Invalid uuid: neutron. To ensure interoperability, identifiers should be a valid uuid. warnings.warn(('Invalid uuid: %s. To ensure interoperability, '
2026-05-28 22:59:31.387 10 WARNING neutron_lib.context [None req-8ef14347-17da-40bd-a5e9-13cb0fac9394 b52c071e5574492ca99dac47c388a759 a1dc1024322e4c278ee90099a7cb45a7 - - default default] Method 'is_advsvc' is deprecated since 2023.2 release (neutron-lib 3.8.0) and will be removed once support for the old RBAC API policies will be removed from Neutron. Please use method 'is_service_role' instead.
2026-05-28 22:59:31.406 10 INFO neutron.db.ovn_revision_numbers_db [None req-250eb9a6-1232-454e-8339-dc238c7c0bcc f12e61e4e00c4884a2149d8b62c222a5 e81ddcfb6cb24c6695923dcab8829e85 - - default default] Successfully bumped revision number for resource a85f2dc6-4d20-472b-bbc2-18e5795214ac (type: security_groups) to 1
2026-05-28 22:59:31.425 10 INFO neutron.db.ovn_revision_numbers_db [None req-250eb9a6-1232-454e-8339-dc238c7c0bcc f12e61e4e00c4884a2149d8b62c222a5 e81ddcfb6cb24c6695923dcab8829e85 - - default default] Successfully bumped revision number for resource 13c216b5-2ab2-4f4e-a902-c913fb06fbeb (type: security_group_rules) to 0
2026-05-28 22:59:31.448 10 INFO neutron.db.ovn_revision_numbers_db [None req-250eb9a6-1232-454e-8339-dc238c7c0bcc f12e61e4e00c4884a2149d8b62c222a5 e81ddcfb6cb24c6695923dcab8829e85 - - default default] Successfully bumped revision number for resource 7a1fb678-c68a-4012-be27-a005df94729d (type: security_group_rules) to 0
2026-05-28 22:59:31.468 10 INFO neutron.db.ovn_revision_numbers_db [None req-250eb9a6-1232-454e-8339-dc238c7c0bcc f12e61e4e00c4884a2149d8b62c222a5 e81ddcfb6cb24c6695923dcab8829e85 - - default default] Successfully bumped revision number for resource f3e51cf5-c673-4a7b-ad39-6e24f21e6a1c (type: security_group_rules) to 0
2026-05-28 22:59:31.490 10 INFO neutron.db.ovn_revision_numbers_db [None req-250eb9a6-1232-454e-8339-dc238c7c0bcc f12e61e4e00c4884a2149d8b62c222a5 e81ddcfb6cb24c6695923dcab8829e85 - - default default] Successfully bumped revision number for resource ff89875e-59ae-483c-ab34-04b3e061afc2 (type: security_group_rules) to 0
2026-05-28 22:59:31.502 9 INFO neutron.wsgi [None req-5641ed7e-13be-4825-91ae-888beda152cb f12e61e4e00c4884a2149d8b62c222a5 e81ddcfb6cb24c6695923dcab8829e85 - - default default] 10.0.0.99 "DELETE /v2.0/routers/b0e0332f-6be0-41ed-99ea-186dc6063e2b HTTP/1.1" status: 204 len: 168 time: 0.9562674
2026-05-28 22:59:31.526 10 INFO neutron.wsgi [None req-250eb9a6-1232-454e-8339-dc238c7c0bcc f12e61e4e00c4884a2149d8b62c222a5 e81ddcfb6cb24c6695923dcab8829e85 - - default default] 10.0.0.99 "GET /v2.0/security-groups?tenant_id=d388315ba9394b4db06732bbe62cef27&name=default HTTP/1.1" status: 200 len: 3120 time: 0.5083351
2026-05-28 22:59:31.582 10 INFO neutron.db.ovn_revision_numbers_db [None req-8ef14347-17da-40bd-a5e9-13cb0fac9394 b52c071e5574492ca99dac47c388a759 a1dc1024322e4c278ee90099a7cb45a7 - - default default] Successfully bumped revision number for resource 67b3f13e-3fa8-42e7-a613-5766dd8080d1 (type: security_groups) to 1
2026-05-28 22:59:31.599 10 INFO neutron.db.ovn_revision_numbers_db [None req-8ef14347-17da-40bd-a5e9-13cb0fac9394 b52c071e5574492ca99dac47c388a759 a1dc1024322e4c278ee90099a7cb45a7 - - default default] Successfully bumped revision number for resource 20c842c6-0856-4822-8989-3b9ba47809d6 (type: security_group_rules) to 0
2026-05-28 22:59:31.612 10 INFO neutron.db.ovn_revision_numbers_db [None req-8ef14347-17da-40bd-a5e9-13cb0fac9394 b52c071e5574492ca99dac47c388a759 a1dc1024322e4c278ee90099a7cb45a7 - - default default] Successfully bumped revision number for resource 5f7fa60b-f5d7-4bbf-a0ce-88e209e6a91f (type: security_group_rules) to 0
2026-05-28 22:59:31.625 10 INFO neutron.db.ovn_revision_numbers_db [None req-8ef14347-17da-40bd-a5e9-13cb0fac9394 b52c071e5574492ca99dac47c388a759 a1dc1024322e4c278ee90099a7cb45a7 - - default default] Successfully bumped revision number for resource 69d29f59-297d-4602-a181-3d9bb68e3cfa (type: security_group_rules) to 0
2026-05-28 22:59:31.637 10 INFO neutron.db.ovn_revision_numbers_db [None req-8ef14347-17da-40bd-a5e9-13cb0fac9394 b52c071e5574492ca99dac47c388a759 a1dc1024322e4c278ee90099a7cb45a7 - - default default] Successfully bumped revision number for resource a5c1e85d-db24-4e29-8579-4c475bdfa05f (type: security_group_rules) to 0
2026-05-28 22:59:31.693 10 INFO neutron.db.segments_db [None req-8ef14347-17da-40bd-a5e9-13cb0fac9394 b52c071e5574492ca99dac47c388a759 a1dc1024322e4c278ee90099a7cb45a7 - - default default] Added segment 4500c49d-4bd4-49a6-83ee-2a354b4eceb1 of type geneve for network 6ef3b05e-89fd-418e-8aab-961266722254
2026-05-28 22:59:31.762 9 INFO neutron.wsgi [None req-d33397ee-aba8-4082-9ed6-22386edd3e32 f12e61e4e00c4884a2149d8b62c222a5 e81ddcfb6cb24c6695923dcab8829e85 - - default default] 10.0.0.99 "DELETE /v2.0/subnets/9b094bad-5d7f-4f12-b037-77bba77aae0f HTTP/1.1" status: 204 len: 168 time: 0.2557852
2026-05-28 22:59:31.831 9 INFO neutron.wsgi [None req-92b53fbc-df16-41f9-97fd-3d931d6b97e4 f12e61e4e00c4884a2149d8b62c222a5 e81ddcfb6cb24c6695923dcab8829e85 - - default default] 10.0.0.99 "DELETE /v2.0/security-groups/a85f2dc6-4d20-472b-bbc2-18e5795214ac HTTP/1.1" status: 204 len: 168 time: 0.2975516
2026-05-28 22:59:31.880 10 INFO neutron.db.ovn_revision_numbers_db [None req-8ef14347-17da-40bd-a5e9-13cb0fac9394 b52c071e5574492ca99dac47c388a759 a1dc1024322e4c278ee90099a7cb45a7 - - default default] Successfully bumped revision number for resource 6ef3b05e-89fd-418e-8aab-961266722254 (type: networks) to 1
2026-05-28 22:59:32.144 10 INFO neutron.wsgi [None req-6c715791-5f34-4844-b303-d271844097eb 8d38ef929c7d499f8ef61f743116fe38 ad3a75163aed4ddf94e0d5ea284a21be - - default default] 10.0.0.99 "GET /v2.0/extensions HTTP/1.1" status: 200 len: 18678 time: 0.1961796
2026-05-28 22:59:32.161 9 INFO neutron.wsgi [None req-857492c1-8138-43c6-bc94-2f0dd7d6281e 8d38ef929c7d499f8ef61f743116fe38 ad3a75163aed4ddf94e0d5ea284a21be - - default default] 10.0.0.99 "GET /v2.0/extensions/address-group HTTP/1.1" status: 200 len: 353 time: 0.0094073
2026-05-28 22:59:32.164 10 WARNING neutron.scheduler.dhcp_agent_scheduler [None req-8ef14347-17da-40bd-a5e9-13cb0fac9394 b52c071e5574492ca99dac47c388a759 a1dc1024322e4c278ee90099a7cb45a7 - - default default] No more DHCP agents
2026-05-28 22:59:32.168 9 INFO neutron.wsgi [None req-25af3063-863d-4737-960f-9f95e43821a2 8d38ef929c7d499f8ef61f743116fe38 ad3a75163aed4ddf94e0d5ea284a21be - - default default] 10.0.0.99 "GET /v2.0/extensions/address-scope HTTP/1.1" status: 200 len: 357 time: 0.0034761
2026-05-28 22:59:32.170 10 WARNING neutron.api.rpc.agentnotifiers.dhcp_rpc_agent_api [None req-8ef14347-17da-40bd-a5e9-13cb0fac9394 b52c071e5574492ca99dac47c388a759 a1dc1024322e4c278ee90099a7cb45a7 - - default default] Unable to schedule network 6ef3b05e-89fd-418e-8aab-961266722254: no agents available; will retry on subsequent port and subnet creation events.
2026-05-28 22:59:32.175 9 INFO neutron.wsgi [None req-7c9498c7-9197-48cd-8099-bedbce318329 8d38ef929c7d499f8ef61f743116fe38 ad3a75163aed4ddf94e0d5ea284a21be - - default default] 10.0.0.99 "GET /v2.0/extensions/agent HTTP/1.1" status: 200 len: 347 time: 0.0031426
2026-05-28 22:59:32.181 9 INFO neutron.wsgi [None req-6b072f3e-697e-41d0-ae1b-942be4636948 8d38ef929c7d499f8ef61f743116fe38 ad3a75163aed4ddf94e0d5ea284a21be - - default default] 10.0.0.99 "GET /v2.0/extensions/allowed-address-pairs HTTP/1.1" status: 200 len: 378 time: 0.0030353
2026-05-28 22:59:32.182 9 INFO neutron.db.ovn_revision_numbers_db [None req-7b0b18a8-cb8f-491f-897e-27f42721efb9 f12e61e4e00c4884a2149d8b62c222a5 e81ddcfb6cb24c6695923dcab8829e85 - - default default] Successfully bumped revision number for resource c1e6903f-ebe1-4b29-b925-f1597a92a1b1 (type: security_groups) to 1
2026-05-28 22:59:32.194 9 INFO neutron.wsgi [None req-5efc43a3-c16f-4af1-99e9-fb1e3c9a50a8 8d38ef929c7d499f8ef61f743116fe38 ad3a75163aed4ddf94e0d5ea284a21be - - default default] 10.0.0.99 "GET /v2.0/extensions/auto-allocated-topology HTTP/1.1" status: 200 len: 394 time: 0.0073662
2026-05-28 22:59:32.204 9 INFO neutron.db.ovn_revision_numbers_db [None req-7b0b18a8-cb8f-491f-897e-27f42721efb9 f12e61e4e00c4884a2149d8b62c222a5 e81ddcfb6cb24c6695923dcab8829e85 - - default default] Successfully bumped revision number for resource 2dd8edfb-5a30-4c8c-8800-4e7fd4fb9116 (type: security_group_rules) to 0
2026-05-28 22:59:32.216 10 INFO neutron.wsgi [None req-e9b0c644-fb22-436c-a5f0-e5586204269b 8d38ef929c7d499f8ef61f743116fe38 ad3a75163aed4ddf94e0d5ea284a21be - - default default] 10.0.0.99 "GET /v2.0/extensions/availability_zone HTTP/1.1" status: 200 len: 372 time: 0.0179212
2026-05-28 22:59:32.218 9 INFO neutron.db.ovn_revision_numbers_db [None req-7b0b18a8-cb8f-491f-897e-27f42721efb9 f12e61e4e00c4884a2149d8b62c222a5 e81ddcfb6cb24c6695923dcab8829e85 - - default default] Successfully bumped revision number for resource 3c853673-f3f8-4d82-a440-cb5a773fdf14 (type: security_group_rules) to 0
2026-05-28 22:59:32.228 9 INFO neutron.wsgi [None req-a73dc2b5-5e88-48b4-b6b0-221d39f6fc2a 8d38ef929c7d499f8ef61f743116fe38 ad3a75163aed4ddf94e0d5ea284a21be - - default default] 10.0.0.99 "GET /v2.0/extensions/default-subnetpools HTTP/1.1" status: 200 len: 405 time: 0.0070889
2026-05-28 22:59:32.237 9 INFO neutron.wsgi [None req-fbe60147-17b4-4403-b727-a85afa05c7fe 8d38ef929c7d499f8ef61f743116fe38 ad3a75163aed4ddf94e0d5ea284a21be - - default default] 10.0.0.99 "GET /v2.0/extensions/dhcp_agent_scheduler HTTP/1.1" status: 200 len: 381 time: 0.0055220
2026-05-28 22:59:32.245 9 INFO neutron.wsgi [None req-3431f948-f8b5-4147-93e2-efc5808d2f33 8d38ef929c7d499f8ef61f743116fe38 ad3a75163aed4ddf94e0d5ea284a21be - - default default] 10.0.0.99 "GET /v2.0/extensions/dns-integration HTTP/1.1" status: 200 len: 366 time: 0.0036862
2026-05-28 22:59:32.246 9 INFO neutron.db.ovn_revision_numbers_db [None req-7b0b18a8-cb8f-491f-897e-27f42721efb9 f12e61e4e00c4884a2149d8b62c222a5 e81ddcfb6cb24c6695923dcab8829e85 - - default default] Successfully bumped revision number for resource 79a7a2a4-e99b-40e3-ac22-29e32aaf8c10 (type: security_group_rules) to 0
2026-05-28 22:59:32.262 9 INFO neutron.wsgi [None req-beea03ea-65b2-445d-a7d0-16f5707b9bb0 8d38ef929c7d499f8ef61f743116fe38 ad3a75163aed4ddf94e0d5ea284a21be - - default default] 10.0.0.99 "GET /v2.0/extensions/dns-domain-ports HTTP/1.1" status: 200 len: 399 time: 0.0105720
2026-05-28 22:59:32.274 9 INFO neutron.db.ovn_revision_numbers_db [None req-7b0b18a8-cb8f-491f-897e-27f42721efb9 f12e61e4e00c4884a2149d8b62c222a5 e81ddcfb6cb24c6695923dcab8829e85 - - default default] Successfully bumped revision number for resource fe00f205-d33d-4e59-957d-428dbf638965 (type: security_group_rules) to 0
2026-05-28 22:59:32.280 10 INFO neutron.wsgi [None req-54feb318-8376-40a2-96dd-2339f44cabea 8d38ef929c7d499f8ef61f743116fe38 ad3a75163aed4ddf94e0d5ea284a21be - - default default] 10.0.0.99 "GET /v2.0/extensions/dns-integration-domain-keywords HTTP/1.1" status: 200 len: 477 time: 0.0065467
2026-05-28 22:59:32.294 9 INFO neutron.wsgi [None req-2ea12dfd-e24a-400c-9004-249cd2e29c63 8d38ef929c7d499f8ef61f743116fe38 ad3a75163aed4ddf94e0d5ea284a21be - - default default] 10.0.0.99 "GET /v2.0/extensions/empty-string-filtering HTTP/1.1" status: 200 len: 413 time: 0.0073321
2026-05-28 22:59:32.304 9 INFO neutron.wsgi [None req-7b0b18a8-cb8f-491f-897e-27f42721efb9 f12e61e4e00c4884a2149d8b62c222a5 e81ddcfb6cb24c6695923dcab8829e85 - - default default] 10.0.0.99 "GET /v2.0/security-groups?tenant_id=549c380de8af4773b02429ba8945abd8&name=default HTTP/1.1" status: 200 len: 3120 time: 0.2815235
2026-05-28 22:59:32.309 10 INFO neutron.wsgi [None req-208a5007-1174-4108-a78a-508e625dcad9 8d38ef929c7d499f8ef61f743116fe38 ad3a75163aed4ddf94e0d5ea284a21be - - default default] 10.0.0.99 "GET /v2.0/extensions/external-net HTTP/1.1" status: 200 len: 394 time: 0.0098550
2026-05-28 22:59:32.318 9 INFO neutron.wsgi [None req-5261ca50-118e-4e44-baad-890522c08874 8d38ef929c7d499f8ef61f743116fe38 ad3a75163aed4ddf94e0d5ea284a21be - - default default] 10.0.0.99 "GET /v2.0/extensions/extra_dhcp_opt HTTP/1.1" status: 200 len: 498 time: 0.0041380
2026-05-28 22:59:32.326 10 INFO neutron.db.ovn_revision_numbers_db [None req-8ef14347-17da-40bd-a5e9-13cb0fac9394 b52c071e5574492ca99dac47c388a759 a1dc1024322e4c278ee90099a7cb45a7 - - default default] Successfully bumped revision number for resource ebc88da7-a957-40d0-b8fb-98149c815e5c (type: ports) to 1
2026-05-28 22:59:32.327 9 INFO neutron.wsgi [None req-89f3d69d-4421-4366-8da7-5bf5ce041630 8d38ef929c7d499f8ef61f743116fe38 ad3a75163aed4ddf94e0d5ea284a21be - - default default] 10.0.0.99 "GET /v2.0/extensions/extraroute HTTP/1.1" status: 200 len: 375 time: 0.0052605
2026-05-28 22:59:32.335 9 INFO neutron.wsgi [None req-2b235b7f-2b31-4699-9860-6cb655b42912 8d38ef929c7d499f8ef61f743116fe38 ad3a75163aed4ddf94e0d5ea284a21be - - default default] 10.0.0.99 "GET /v2.0/extensions/floating-ip-port-forwarding-detail HTTP/1.1" status: 200 len: 465 time: 0.0050488
2026-05-28 22:59:32.345 9 INFO neutron.wsgi [None req-4a0556eb-74cb-43dd-8574-6b06bd87f00f 8d38ef929c7d499f8ef61f743116fe38 ad3a75163aed4ddf94e0d5ea284a21be - - default default] 10.0.0.99 "GET /v2.0/extensions/fip-port-details HTTP/1.1" status: 200 len: 406 time: 0.0069656
2026-05-28 22:59:32.359 9 INFO neutron.wsgi [None req-a17e05b2-7b15-4613-9a24-3c498c99abc3 8d38ef929c7d499f8ef61f743116fe38 ad3a75163aed4ddf94e0d5ea284a21be - - default default] 10.0.0.99 "GET /v2.0/extensions/flavors HTTP/1.1" status: 200 len: 387 time: 0.0051320
2026-05-28 22:59:32.366 9 INFO neutron.wsgi [None req-d08ffedf-e13a-40cf-a9d7-5fd999bae1fa 8d38ef929c7d499f8ef61f743116fe38 ad3a75163aed4ddf94e0d5ea284a21be - - default default] 10.0.0.99 "GET /v2.0/extensions/floatingip-pools HTTP/1.1" status: 200 len: 382 time: 0.0031343
2026-05-28 22:59:32.367 10 INFO neutron.wsgi [None req-8ef14347-17da-40bd-a5e9-13cb0fac9394 b52c071e5574492ca99dac47c388a759 a1dc1024322e4c278ee90099a7cb45a7 - - default default] 10.0.0.99 "POST /v2.0/networks HTTP/1.1" status: 201 len: 832 time: 1.0223138
2026-05-28 22:59:32.376 9 INFO neutron.wsgi [None req-03a9a1b3-7716-44f2-9567-68c558b91f50 8d38ef929c7d499f8ef61f743116fe38 ad3a75163aed4ddf94e0d5ea284a21be - - default default] 10.0.0.99 "GET /v2.0/extensions/ip_allocation HTTP/1.1" status: 200 len: 356 time: 0.0048468
2026-05-28 22:59:32.380 9 WARNING neutron_lib.context [None req-3be4355b-524e-4b7a-8fb0-ade579d6d5eb b52c071e5574492ca99dac47c388a759 a1dc1024322e4c278ee90099a7cb45a7 - - default default] Method 'is_advsvc' is deprecated since 2023.2 release (neutron-lib 3.8.0) and will be removed once support for the old RBAC API policies will be removed from Neutron. Please use method 'is_service_role' instead.
2026-05-28 22:59:32.387 10 INFO neutron.wsgi [None req-f66cf8b8-2879-4d84-8649-7ca07d30601c 8d38ef929c7d499f8ef61f743116fe38 ad3a75163aed4ddf94e0d5ea284a21be - - default default] 10.0.0.99 "GET /v2.0/extensions/l2_adjacency HTTP/1.1" status: 200 len: 372 time: 0.0072992
2026-05-28 22:59:32.398 9 INFO neutron.wsgi [None req-ee64c94d-ddce-40be-aad2-896816219520 8d38ef929c7d499f8ef61f743116fe38 ad3a75163aed4ddf94e0d5ea284a21be - - default default] 10.0.0.99 "GET /v2.0/extensions/router HTTP/1.1" status: 200 len: 450 time: 0.0061638
2026-05-28 22:59:32.407 9 INFO neutron.wsgi [None req-f8de1daf-c2dd-4a31-a3a2-916ad327e9d9 8d38ef929c7d499f8ef61f743116fe38 ad3a75163aed4ddf94e0d5ea284a21be - - default default] 10.0.0.99 "GET /v2.0/extensions/enable-default-route-bfd HTTP/1.1" status: 200 len: 406 time: 0.0041342
2026-05-28 22:59:32.419 9 INFO neutron.wsgi [None req-52bda610-fee1-4b29-a62e-e062a3d965fe 8d38ef929c7d499f8ef61f743116fe38 ad3a75163aed4ddf94e0d5ea284a21be - - default default] 10.0.0.99 "GET /v2.0/extensions/enable-default-route-ecmp HTTP/1.1" status: 200 len: 409 time: 0.0052602
2026-05-28 22:59:32.431 9 INFO neutron.wsgi [None req-02d985e4-0d30-40bd-8aaf-1a9cccacf56a 8d38ef929c7d499f8ef61f743116fe38 ad3a75163aed4ddf94e0d5ea284a21be - - default default] 10.0.0.99 "GET /v2.0/extensions/ext-gw-mode HTTP/1.1" status: 200 len: 462 time: 0.0056744
2026-05-28 22:59:32.441 9 INFO neutron.wsgi [None req-5948ed77-c34a-49a3-a3ff-587ebfc2e518 8d38ef929c7d499f8ef61f743116fe38 ad3a75163aed4ddf94e0d5ea284a21be - - default default] 10.0.0.99 "GET /v2.0/extensions/l3-ha HTTP/1.1" status: 200 len: 360 time: 0.0062640
2026-05-28 22:59:32.444 10 INFO neutron.services.segments.plugin [-] Segment 4afa45fa-5150-4bc2-bba0-26d9d1296f79 resource provider aggregate not found
2026-05-28 22:59:32.450 10 INFO neutron.services.segments.plugin [-] Segment 4afa45fa-5150-4bc2-bba0-26d9d1296f79 resource provider aggregate not found
2026-05-28 22:59:32.456 9 INFO neutron.wsgi [None req-8e38a08b-e0a4-4efb-80f6-6c4d9a004488 8d38ef929c7d499f8ef61f743116fe38 ad3a75163aed4ddf94e0d5ea284a21be - - default default] 10.0.0.99 "GET /v2.0/extensions/external-gateway-multihoming HTTP/1.1" status: 200 len: 421 time: 0.0096800
2026-05-28 22:59:32.468 10 INFO neutron.wsgi [None req-4c250479-83de-4d91-b224-0dedbfc6a0a5 8d38ef929c7d499f8ef61f743116fe38 ad3a75163aed4ddf94e0d5ea284a21be - - default default] 10.0.0.99 "GET /v2.0/extensions/l3-flavors HTTP/1.1" status: 200 len: 366 time: 0.0071642
2026-05-28 22:59:32.471 10 INFO neutron.services.segments.plugin [-] Segment 4afa45fa-5150-4bc2-bba0-26d9d1296f79 resource provider not found; error: Placement Client Error (4xx): {"errors": [{"status": 404, "title": "Not Found", "detail": "The resource could not be found.\n\n No resource provider with uuid 4afa45fa-5150-4bc2-bba0-26d9d1296f79 found for delete ", "request_id": "req-a2125bd9-442f-4954-b139-dbb307ef9d7b"}]}
2026-05-28 22:59:32.473 10 INFO neutron.services.segments.plugin [-] Segment 4afa45fa-5150-4bc2-bba0-26d9d1296f79 resource provider not found; error: Placement Client Error (4xx): {"errors": [{"status": 404, "title": "Not Found", "detail": "The resource could not be found.\n\n No resource provider with uuid 4afa45fa-5150-4bc2-bba0-26d9d1296f79 found for delete ", "request_id": "req-a9fcff5c-7bf5-47a1-9b68-bbb15b8862da"}]}
2026-05-28 22:59:32.479 10 INFO neutron.wsgi [None req-726a9a73-077a-4a7e-a9bc-31f35a537133 8d38ef929c7d499f8ef61f743116fe38 ad3a75163aed4ddf94e0d5ea284a21be - - default default] 10.0.0.99 "GET /v2.0/extensions/logging HTTP/1.1" status: 200 len: 407 time: 0.0049522
2026-05-28 22:59:32.485 10 INFO neutron.wsgi [None req-73704dbe-3828-416e-b45a-4466f9b9fd07 8d38ef929c7d499f8ef61f743116fe38 ad3a75163aed4ddf94e0d5ea284a21be - - default default] 10.0.0.99 "GET /v2.0/extensions/multi-provider HTTP/1.1" status: 200 len: 406 time: 0.0031550
2026-05-28 22:59:32.493 10 INFO neutron.wsgi [None req-c4084623-6f38-43e5-8e60-6aad16c2040d f12e61e4e00c4884a2149d8b62c222a5 e81ddcfb6cb24c6695923dcab8829e85 - - default default] 10.0.0.99 "DELETE /v2.0/networks/f394de82-337c-43a7-8d70-30cf40b9f3ef HTTP/1.1" status: 204 len: 168 time: 0.7251458
2026-05-28 22:59:32.498 10 INFO neutron.wsgi [None req-59d9fd37-96f7-4ba8-8107-67ca08654ec7 8d38ef929c7d499f8ef61f743116fe38 ad3a75163aed4ddf94e0d5ea284a21be - - default default] 10.0.0.99 "GET /v2.0/extensions/net-mtu HTTP/1.1" status: 200 len: 370 time: 0.0042164
2026-05-28 22:59:32.506 10 INFO neutron.wsgi [None req-f7602e7e-637c-44e7-994b-8583e28ca37f 8d38ef929c7d499f8ef61f743116fe38 ad3a75163aed4ddf94e0d5ea284a21be - - default default] 10.0.0.99 "GET /v2.0/extensions/net-mtu-writable HTTP/1.1" status: 200 len: 401 time: 0.0035832
2026-05-28 22:59:32.513 10 INFO neutron.wsgi [None req-c506acc9-0e2d-4f7a-8ea6-abc9016b3fea 8d38ef929c7d499f8ef61f743116fe38 ad3a75163aed4ddf94e0d5ea284a21be - - default default] 10.0.0.99 "GET /v2.0/extensions/network_availability_zone HTTP/1.1" status: 200 len: 394 time: 0.0032563
2026-05-28 22:59:32.521 10 INFO neutron.wsgi [None req-fbdf7fbc-b840-4c24-8955-4d49cf8db170 8d38ef929c7d499f8ef61f743116fe38 ad3a75163aed4ddf94e0d5ea284a21be - - default default] 10.0.0.99 "GET /v2.0/extensions/network-ip-availability HTTP/1.1" status: 200 len: 410 time: 0.0042677
2026-05-28 22:59:32.534 10 INFO neutron.wsgi [None req-cee2eecf-02fb-445b-9463-058b2b2c170b 8d38ef929c7d499f8ef61f743116fe38 ad3a75163aed4ddf94e0d5ea284a21be - - default default] 10.0.0.99 "GET /v2.0/extensions/pagination HTTP/1.1" status: 200 len: 386 time: 0.0053415
2026-05-28 22:59:32.541 10 INFO neutron.wsgi [None req-b5dd6ca8-4300-4c5a-807a-9cb460ebcead 8d38ef929c7d499f8ef61f743116fe38 ad3a75163aed4ddf94e0d5ea284a21be - - default default] 10.0.0.99 "GET /v2.0/extensions/port-device-profile HTTP/1.1" status: 200 len: 383 time: 0.0043616
2026-05-28 22:59:32.549 10 INFO neutron.wsgi [None req-98092bde-2a93-4f6a-8807-e7199b710d5a 8d38ef929c7d499f8ef61f743116fe38 ad3a75163aed4ddf94e0d5ea284a21be - - default default] 10.0.0.99 "GET /v2.0/extensions/port-mac-address-regenerate HTTP/1.1" status: 200 len: 403 time: 0.0042367
2026-05-28 22:59:32.556 10 INFO neutron.wsgi [None req-c1d42c14-9348-4446-87ea-0ba428f3996b 8d38ef929c7d499f8ef61f743116fe38 ad3a75163aed4ddf94e0d5ea284a21be - - default default] 10.0.0.99 "GET /v2.0/extensions/port-numa-affinity-policy HTTP/1.1" status: 200 len: 392 time: 0.0041535
2026-05-28 22:59:32.564 10 INFO neutron.wsgi [None req-443aaaf2-6f64-403e-9260-0c3dcca9140d 8d38ef929c7d499f8ef61f743116fe38 ad3a75163aed4ddf94e0d5ea284a21be - - default default] 10.0.0.99 "GET /v2.0/extensions/port-resource-request HTTP/1.1" status: 200 len: 379 time: 0.0044668
2026-05-28 22:59:32.571 10 INFO neutron.wsgi [None req-8b7a17d5-f9fb-4532-a9dd-d49148b358d3 8d38ef929c7d499f8ef61f743116fe38 ad3a75163aed4ddf94e0d5ea284a21be - - default default] 10.0.0.99 "GET /v2.0/extensions/port-resource-request-groups HTTP/1.1" status: 200 len: 465 time: 0.0041354
2026-05-28 22:59:32.578 10 INFO neutron.wsgi [None req-78065db6-6add-4649-a6eb-96f268a43cf9 8d38ef929c7d499f8ef61f743116fe38 ad3a75163aed4ddf94e0d5ea284a21be - - default default] 10.0.0.99 "GET /v2.0/extensions/binding HTTP/1.1" status: 200 len: 387 time: 0.0031493
2026-05-28 22:59:32.585 10 INFO neutron.wsgi [None req-17580408-7b84-4676-a3fc-f180b4091d79 8d38ef929c7d499f8ef61f743116fe38 ad3a75163aed4ddf94e0d5ea284a21be - - default default] 10.0.0.99 "GET /v2.0/extensions/binding-extended HTTP/1.1" status: 200 len: 406 time: 0.0042076
2026-05-28 22:59:32.593 10 INFO neutron.wsgi [None req-4208babd-8542-4c59-bd73-d1e6dc296913 8d38ef929c7d499f8ef61f743116fe38 ad3a75163aed4ddf94e0d5ea284a21be - - default default] 10.0.0.99 "GET /v2.0/extensions/port-security HTTP/1.1" status: 200 len: 354 time: 0.0045328
2026-05-28 22:59:32.601 10 INFO neutron.wsgi [None req-802f843a-8997-4083-88a7-fb54fc1b3d68 8d38ef929c7d499f8ef61f743116fe38 ad3a75163aed4ddf94e0d5ea284a21be - - default default] 10.0.0.99 "GET /v2.0/extensions/project-id HTTP/1.1" status: 200 len: 398 time: 0.0041702
2026-05-28 22:59:32.609 10 INFO neutron.wsgi [None req-86fdad41-a934-44a5-8e89-9cfbe0dcd98a 8d38ef929c7d499f8ef61f743116fe38 ad3a75163aed4ddf94e0d5ea284a21be - - default default] 10.0.0.99 "GET /v2.0/extensions/provider HTTP/1.1" status: 200 len: 385 time: 0.0046630
2026-05-28 22:59:32.618 10 INFO neutron.wsgi [None req-5b07a3d5-3ca1-40e4-9785-16b0e9929cac 8d38ef929c7d499f8ef61f743116fe38 ad3a75163aed4ddf94e0d5ea284a21be - - default default] 10.0.0.99 "GET /v2.0/extensions/qos HTTP/1.1" status: 200 len: 360 time: 0.0055275
2026-05-28 22:59:32.626 10 INFO neutron.wsgi [None req-bfb5bbd8-577e-4393-8421-3cf6d346b8a8 8d38ef929c7d499f8ef61f743116fe38 ad3a75163aed4ddf94e0d5ea284a21be - - default default] 10.0.0.99 "GET /v2.0/extensions/qos-bw-limit-direction HTTP/1.1" status: 200 len: 452 time: 0.0050242
2026-05-28 22:59:32.634 10 INFO neutron.wsgi [None req-56524bc3-70cd-4d42-a638-31040306827a 8d38ef929c7d499f8ef61f743116fe38 ad3a75163aed4ddf94e0d5ea284a21be - - default default] 10.0.0.99 "GET /v2.0/extensions/qos-bw-minimum-ingress HTTP/1.1" status: 200 len: 445 time: 0.0045373
2026-05-28 22:59:32.642 10 INFO neutron.wsgi [None req-3f972e16-2d00-4002-8c9a-2c02ed076b65 8d38ef929c7d499f8ef61f743116fe38 ad3a75163aed4ddf94e0d5ea284a21be - - default default] 10.0.0.99 "GET /v2.0/extensions/qos-default HTTP/1.1" status: 200 len: 377 time: 0.0045962
2026-05-28 22:59:32.654 10 INFO neutron.wsgi [None req-85b881e1-26e4-4f1d-a9d5-e24714c1a6c1 8d38ef929c7d499f8ef61f743116fe38 ad3a75163aed4ddf94e0d5ea284a21be - - default default] 10.0.0.99 "GET /v2.0/extensions/qos-fip HTTP/1.1" status: 200 len: 372 time: 0.0046997
2026-05-28 22:59:32.671 10 INFO neutron.wsgi [None req-fdaf960a-6b9a-4291-a07c-abe15716adfa 8d38ef929c7d499f8ef61f743116fe38 ad3a75163aed4ddf94e0d5ea284a21be - - default default] 10.0.0.99 "GET /v2.0/extensions/qos-gateway-ip HTTP/1.1" status: 200 len: 391 time: 0.0095544
2026-05-28 22:59:32.684 10 INFO neutron.wsgi [None req-e3e77833-3aa1-430a-8a5a-72a736d198be 8d38ef929c7d499f8ef61f743116fe38 ad3a75163aed4ddf94e0d5ea284a21be - - default default] 10.0.0.99 "GET /v2.0/extensions/qos-port-network-policy HTTP/1.1" status: 200 len: 403 time: 0.0043430
2026-05-28 22:59:32.694 10 INFO neutron.wsgi [None req-4a4705a3-1941-4412-bdf4-9088e8ea8c16 8d38ef929c7d499f8ef61f743116fe38 ad3a75163aed4ddf94e0d5ea284a21be - - default default] 10.0.0.99 "GET /v2.0/extensions/qos-pps-minimum HTTP/1.1" status: 200 len: 397 time: 0.0046554
2026-05-28 22:59:32.703 10 INFO neutron.wsgi [None req-6a3d6545-1948-429b-b864-ed6b481867c3 8d38ef929c7d499f8ef61f743116fe38 ad3a75163aed4ddf94e0d5ea284a21be - - default default] 10.0.0.99 "GET /v2.0/extensions/qos-pps-minimum-rule-alias HTTP/1.1" status: 200 len: 471 time: 0.0052750
2026-05-28 22:59:32.710 10 INFO neutron.wsgi [None req-7046009a-15fc-478f-9230-068bc2c03b69 8d38ef929c7d499f8ef61f743116fe38 ad3a75163aed4ddf94e0d5ea284a21be - - default default] 10.0.0.99 "GET /v2.0/extensions/qos-pps HTTP/1.1" status: 200 len: 389 time: 0.0035567
2026-05-28 22:59:32.717 10 INFO neutron.wsgi [None req-321a63a2-9517-4bd2-b46d-2bc2f237cbd2 8d38ef929c7d499f8ef61f743116fe38 ad3a75163aed4ddf94e0d5ea284a21be - - default default] 10.0.0.99 "GET /v2.0/extensions/qos-rule-type-details HTTP/1.1" status: 200 len: 423 time: 0.0033448
2026-05-28 22:59:32.726 10 INFO neutron.wsgi [None req-a96411b2-64c6-4a5e-a47d-ad247e3a2cba 8d38ef929c7d499f8ef61f743116fe38 ad3a75163aed4ddf94e0d5ea284a21be - - default default] 10.0.0.99 "GET /v2.0/extensions/qos-rule-type-filter HTTP/1.1" status: 200 len: 567 time: 0.0040965
2026-05-28 22:59:32.731 10 INFO neutron.wsgi [None req-0d8be07e-dbb1-410f-858f-2aed83e76235 f12e61e4e00c4884a2149d8b62c222a5 e81ddcfb6cb24c6695923dcab8829e85 - - default default] 10.0.0.99 "GET /v2.0/security-groups?tenant_id=dbefbf8f561640febb9e098f32cd088f&name=default HTTP/1.1" status: 200 len: 3120 time: 0.0591784
2026-05-28 22:59:32.735 10 INFO neutron.wsgi [None req-ef8e2c19-5efb-4fd3-a569-bdb948e05c94 8d38ef929c7d499f8ef61f743116fe38 ad3a75163aed4ddf94e0d5ea284a21be - - default default] 10.0.0.99 "GET /v2.0/extensions/qos-rules-alias HTTP/1.1" status: 200 len: 448 time: 0.0034196
2026-05-28 22:59:32.745 10 INFO neutron.wsgi [None req-25769614-b047-4097-bbf5-dca7d01fbbce 8d38ef929c7d499f8ef61f743116fe38 ad3a75163aed4ddf94e0d5ea284a21be - - default default] 10.0.0.99 "GET /v2.0/extensions/quota-check-limit HTTP/1.1" status: 200 len: 420 time: 0.0041373
2026-05-28 22:59:32.753 10 INFO neutron.wsgi [None req-cbb7a240-9cd5-4bba-9f5b-21a6ffd5897b 8d38ef929c7d499f8ef61f743116fe38 ad3a75163aed4ddf94e0d5ea284a21be - - default default] 10.0.0.99 "GET /v2.0/extensions/quotas HTTP/1.1" status: 200 len: 386 time: 0.0042031
2026-05-28 22:59:32.762 10 INFO neutron.wsgi [None req-cfeb0b86-04bc-447f-8d4a-d9b26f54d901 8d38ef929c7d499f8ef61f743116fe38 ad3a75163aed4ddf94e0d5ea284a21be - - default default] 10.0.0.99 "GET /v2.0/extensions/quota_details HTTP/1.1" status: 200 len: 407 time: 0.0045710
2026-05-28 22:59:32.771 10 INFO neutron.wsgi [None req-47d36048-0e69-4c1d-a747-a0bc8bcdf86d 8d38ef929c7d499f8ef61f743116fe38 ad3a75163aed4ddf94e0d5ea284a21be - - default default] 10.0.0.99 "GET /v2.0/extensions/rbac-policies HTTP/1.1" status: 200 len: 417 time: 0.0043881
2026-05-28 22:59:32.780 10 INFO neutron.wsgi [None req-f4a6c92a-575f-4fbd-86d5-dbd9057c6e0f 8d38ef929c7d499f8ef61f743116fe38 ad3a75163aed4ddf94e0d5ea284a21be - - default default] 10.0.0.99 "GET /v2.0/extensions/rbac-address-scope HTTP/1.1" status: 200 len: 384 time: 0.0044525
2026-05-28 22:59:32.787 10 INFO neutron.wsgi [None req-da00e69f-49ad-4535-9e73-d1f598b5e175 8d38ef929c7d499f8ef61f743116fe38 ad3a75163aed4ddf94e0d5ea284a21be - - default default] 10.0.0.99 "GET /v2.0/extensions/rbac-security-groups HTTP/1.1" status: 200 len: 404 time: 0.0035598
2026-05-28 22:59:32.795 10 INFO neutron.wsgi [None req-1bd4a4ec-04a7-45cc-954a-432eeeb7d165 8d38ef929c7d499f8ef61f743116fe38 ad3a75163aed4ddf94e0d5ea284a21be - - default default] 10.0.0.99 "GET /v2.0/extensions/revision-if-match HTTP/1.1" status: 200 len: 441 time: 0.0039928
2026-05-28 22:59:32.803 10 INFO neutron.wsgi [None req-b56e6bb6-d648-4d4b-8141-a38fc68227fa 8d38ef929c7d499f8ef61f743116fe38 ad3a75163aed4ddf94e0d5ea284a21be - - default default] 10.0.0.99 "GET /v2.0/extensions/standard-attr-revisions HTTP/1.1" status: 200 len: 423 time: 0.0042224
2026-05-28 22:59:32.811 9 INFO neutron.wsgi [None req-8a128c29-e440-4359-b5b0-1272f0e4aa97 8d38ef929c7d499f8ef61f743116fe38 ad3a75163aed4ddf94e0d5ea284a21be - - default default] 10.0.0.99 "GET /v2.0/extensions/router_availability_zone HTTP/1.1" status: 200 len: 391 time: 0.0044730
2026-05-28 22:59:32.822 9 INFO neutron.wsgi [None req-39c3add6-fdb1-4fc5-acb5-bad4d2ec3b81 8d38ef929c7d499f8ef61f743116fe38 ad3a75163aed4ddf94e0d5ea284a21be - - default default] 10.0.0.99 "GET /v2.0/extensions/security-groups-default-rules HTTP/1.1" status: 200 len: 456 time: 0.0048001
2026-05-28 22:59:32.830 9 INFO neutron.wsgi [None req-8eb324fa-34e5-4bc5-8627-932bfdc2b7fe 8d38ef929c7d499f8ef61f743116fe38 ad3a75163aed4ddf94e0d5ea284a21be - - default default] 10.0.0.99 "GET /v2.0/extensions/security-groups-normalized-cidr HTTP/1.1" status: 200 len: 445 time: 0.0049462
2026-05-28 22:59:32.836 9 INFO neutron.db.segments_db [None req-3be4355b-524e-4b7a-8fb0-ade579d6d5eb b52c071e5574492ca99dac47c388a759 a1dc1024322e4c278ee90099a7cb45a7 - - default default] Added segment b591dd74-536a-45c0-b5ce-db4f8b728a4c of type geneve for network 5e238f4a-d420-428e-a95c-1087ed1ce42b
2026-05-28 22:59:32.843 10 INFO neutron.wsgi [None req-b46a16f6-ad64-423d-b02b-7d4727f830a3 8d38ef929c7d499f8ef61f743116fe38 ad3a75163aed4ddf94e0d5ea284a21be - - default default] 10.0.0.99 "GET /v2.0/extensions/security-groups-remote-address-group HTTP/1.1" status: 200 len: 448 time: 0.0061901
2026-05-28 22:59:32.851 10 INFO neutron.wsgi [None req-0b06d23d-9475-4de8-b376-1a1685256cfd 8d38ef929c7d499f8ef61f743116fe38 ad3a75163aed4ddf94e0d5ea284a21be - - default default] 10.0.0.99 "GET /v2.0/extensions/security-groups-rules-belongs-to-default-sg HTTP/1.1" status: 200 len: 508 time: 0.0046184
2026-05-28 22:59:32.881 9 INFO neutron.wsgi [None req-9a49ae31-55f5-4549-9d38-cc915d5e9701 8d38ef929c7d499f8ef61f743116fe38 ad3a75163aed4ddf94e0d5ea284a21be - - default default] 10.0.0.99 "GET /v2.0/extensions/security-groups-shared-filtering HTTP/1.1" status: 200 len: 435 time: 0.0064549
2026-05-28 22:59:32.896 9 INFO neutron.wsgi [None req-8979be66-cd42-413c-a4d5-bf8cd41444ac 8d38ef929c7d499f8ef61f743116fe38 ad3a75163aed4ddf94e0d5ea284a21be - - default default] 10.0.0.99 "GET /v2.0/extensions/security-group HTTP/1.1" status: 200 len: 364 time: 0.0062745
2026-05-28 22:59:32.909 10 INFO neutron.wsgi [None req-9b1badef-c80a-416d-b7d1-16da5b49de2b 8d38ef929c7d499f8ef61f743116fe38 ad3a75163aed4ddf94e0d5ea284a21be - - default default] 10.0.0.99 "GET /v2.0/extensions/segment HTTP/1.1" status: 200 len: 339 time: 0.0065496
2026-05-28 22:59:32.916 10 INFO neutron.wsgi [None req-0d325789-78ab-4231-998e-c5fb15be490c 8d38ef929c7d499f8ef61f743116fe38 ad3a75163aed4ddf94e0d5ea284a21be - - default default] 10.0.0.99 "GET /v2.0/extensions/segments-peer-subnet-host-routes HTTP/1.1" status: 200 len: 427 time: 0.0036838
2026-05-28 22:59:32.925 9 INFO neutron.wsgi [None req-f1ce8482-fd06-469e-ac50-66d3f86fe1d4 8d38ef929c7d499f8ef61f743116fe38 ad3a75163aed4ddf94e0d5ea284a21be - - default default] 10.0.0.99 "GET /v2.0/extensions/service-type HTTP/1.1" status: 200 len: 415 time: 0.0052319
2026-05-28 22:59:32.935 10 INFO neutron.wsgi [None req-edb84470-f1a5-4971-9519-2952d754a1f4 8d38ef929c7d499f8ef61f743116fe38 ad3a75163aed4ddf94e0d5ea284a21be - - default default] 10.0.0.99 "GET /v2.0/extensions/sorting HTTP/1.1" status: 200 len: 377 time: 0.0055342
2026-05-28 22:59:32.949 9 INFO neutron.wsgi [None req-56ad01cc-37ec-47ea-ada8-e18fa7b3abd5 8d38ef929c7d499f8ef61f743116fe38 ad3a75163aed4ddf94e0d5ea284a21be - - default default] 10.0.0.99 "GET /v2.0/extensions/standard-attr-segment HTTP/1.1" status: 200 len: 406 time: 0.0083859
2026-05-28 22:59:32.958 9 INFO neutron.wsgi [None req-3ab051cf-ab20-412d-9ac1-34c77e30faf4 8d38ef929c7d499f8ef61f743116fe38 ad3a75163aed4ddf94e0d5ea284a21be - - default default] 10.0.0.99 "GET /v2.0/extensions/standard-attr-description HTTP/1.1" status: 200 len: 408 time: 0.0040560
2026-05-28 22:59:32.969 10 INFO neutron.wsgi [None req-09391199-0649-4940-a6f5-aefca879eb38 8d38ef929c7d499f8ef61f743116fe38 ad3a75163aed4ddf94e0d5ea284a21be - - default default] 10.0.0.99 "GET /v2.0/extensions/stateful-security-group HTTP/1.1" status: 200 len: 402 time: 0.0063527
2026-05-28 22:59:32.979 10 INFO neutron.wsgi [None req-c9237226-fb6b-4640-b43b-fd961b2c9c7c 8d38ef929c7d499f8ef61f743116fe38 ad3a75163aed4ddf94e0d5ea284a21be - - default default] 10.0.0.99 "GET /v2.0/extensions/subnet-dns-publish-fixed-ip HTTP/1.1" status: 200 len: 421 time: 0.0059049
2026-05-28 22:59:32.993 10 INFO neutron.wsgi [None req-a080e2ae-9c9a-49e3-8a00-12f945099ea9 8d38ef929c7d499f8ef61f743116fe38 ad3a75163aed4ddf94e0d5ea284a21be - - default default] 10.0.0.99 "GET /v2.0/extensions/subnet-segmentid-writable HTTP/1.1" status: 200 len: 421 time: 0.0074964
2026-05-28 22:59:33.005 10 INFO neutron.wsgi [None req-87886dae-2b8c-4b07-9c6c-d58313074acf 8d38ef929c7d499f8ef61f743116fe38 ad3a75163aed4ddf94e0d5ea284a21be - - default default] 10.0.0.99 "GET /v2.0/extensions/subnet-service-types HTTP/1.1" status: 200 len: 400 time: 0.0048666
2026-05-28 22:59:33.019 10 INFO neutron.wsgi [None req-24db8912-f73e-43c9-a957-2f2bf2cbf052 8d38ef929c7d499f8ef61f743116fe38 ad3a75163aed4ddf94e0d5ea284a21be - - default default] 10.0.0.99 "GET /v2.0/extensions/subnet_allocation HTTP/1.1" status: 200 len: 388 time: 0.0052207
2026-05-28 22:59:33.029 10 INFO neutron.wsgi [None req-5446987c-b089-4bc4-8131-489cc0ca636f 8d38ef929c7d499f8ef61f743116fe38 ad3a75163aed4ddf94e0d5ea284a21be - - default default] 10.0.0.99 "GET /v2.0/extensions/subnetpool-prefix-ops HTTP/1.1" status: 200 len: 418 time: 0.0060408
2026-05-28 22:59:33.035 9 INFO neutron.wsgi [None req-c8a2cfdd-0e23-4193-8aa1-ce4e890fa802 f12e61e4e00c4884a2149d8b62c222a5 e81ddcfb6cb24c6695923dcab8829e85 - - default default] 10.0.0.99 "DELETE /v2.0/security-groups/c1e6903f-ebe1-4b29-b925-f1597a92a1b1 HTTP/1.1" status: 204 len: 168 time: 0.7274446
2026-05-28 22:59:33.036 10 INFO neutron.wsgi [None req-5b9edcfd-a1ad-4520-92a4-56c164dc24d2 8d38ef929c7d499f8ef61f743116fe38 ad3a75163aed4ddf94e0d5ea284a21be - - default default] 10.0.0.99 "GET /v2.0/extensions/standard-attr-tag HTTP/1.1" status: 200 len: 537 time: 0.0042295
2026-05-28 22:59:33.037 9 INFO neutron.db.ovn_revision_numbers_db [None req-3be4355b-524e-4b7a-8fb0-ade579d6d5eb b52c071e5574492ca99dac47c388a759 a1dc1024322e4c278ee90099a7cb45a7 - - default default] Successfully bumped revision number for resource 5e238f4a-d420-428e-a95c-1087ed1ce42b (type: networks) to 1
2026-05-28 22:59:33.046 10 INFO neutron.wsgi [None req-d2d755e1-ff29-45ea-b654-c72a36e35ce6 8d38ef929c7d499f8ef61f743116fe38 ad3a75163aed4ddf94e0d5ea284a21be - - default default] 10.0.0.99 "GET /v2.0/extensions/standard-attr-timestamp HTTP/1.1" status: 200 len: 449 time: 0.0055389
2026-05-28 22:59:33.054 10 INFO neutron.wsgi [None req-64740d4e-3b5b-457f-989e-0a6817707a56 8d38ef929c7d499f8ef61f743116fe38 ad3a75163aed4ddf94e0d5ea284a21be - - default default] 10.0.0.99 "GET /v2.0/extensions/trunk HTTP/1.1" status: 200 len: 358 time: 0.0047488
2026-05-28 22:59:33.063 10 INFO neutron.wsgi [None req-b23d0500-e6dc-41fd-8b78-a113a578bcf6 8d38ef929c7d499f8ef61f743116fe38 ad3a75163aed4ddf94e0d5ea284a21be - - default default] 10.0.0.99 "GET /v2.0/extensions/trunk-details HTTP/1.1" status: 200 len: 362 time: 0.0054457
2026-05-28 22:59:33.071 10 INFO neutron.wsgi [None req-a0841be9-d3e3-48ef-87a5-60d59bf917cb 8d38ef929c7d499f8ef61f743116fe38 ad3a75163aed4ddf94e0d5ea284a21be - - default default] 10.0.0.99 "GET /v2.0/extensions/vpn-agent-scheduler HTTP/1.1" status: 200 len: 393 time: 0.0043592
2026-05-28 22:59:33.082 9 INFO neutron.wsgi [None req-098e3158-e8c9-4d42-b3fb-cd109290cef5 8d38ef929c7d499f8ef61f743116fe38 ad3a75163aed4ddf94e0d5ea284a21be - - default default] 10.0.0.99 "GET /v2.0/extensions/vpn-endpoint-groups HTTP/1.1" status: 200 len: 371 time: 0.0063562
2026-05-28 22:59:33.094 10 INFO neutron.wsgi [None req-0268d77a-5a8e-41c6-ba57-6ae8fca827b2 8d38ef929c7d499f8ef61f743116fe38 ad3a75163aed4ddf94e0d5ea284a21be - - default default] 10.0.0.99 "GET /v2.0/extensions/vpn-flavors HTTP/1.1" status: 200 len: 376 time: 0.0075772
2026-05-28 22:59:33.098 10 INFO neutron.wsgi [None req-b988ed72-d0a5-4cad-91c9-6ad3b59f5cff f12e61e4e00c4884a2149d8b62c222a5 e81ddcfb6cb24c6695923dcab8829e85 - - default default] 10.0.0.99 "DELETE /v2.0/security-groups/6b2117ef-0257-4e0b-adea-2b4187a5b017 HTTP/1.1" status: 204 len: 168 time: 0.3613932
2026-05-28 22:59:33.103 9 INFO neutron.wsgi [None req-aa093a62-456c-490d-b4a3-ac1424a3d7e1 8d38ef929c7d499f8ef61f743116fe38 ad3a75163aed4ddf94e0d5ea284a21be - - default default] 10.0.0.99 "GET /v2.0/extensions/vpnaas HTTP/1.1" status: 200 len: 348 time: 0.0050008
2026-05-28 22:59:33.243 9 WARNING neutron.scheduler.dhcp_agent_scheduler [None req-3be4355b-524e-4b7a-8fb0-ade579d6d5eb b52c071e5574492ca99dac47c388a759 a1dc1024322e4c278ee90099a7cb45a7 - - default default] No more DHCP agents
2026-05-28 22:59:33.245 9 WARNING neutron.api.rpc.agentnotifiers.dhcp_rpc_agent_api [None req-3be4355b-524e-4b7a-8fb0-ade579d6d5eb b52c071e5574492ca99dac47c388a759 a1dc1024322e4c278ee90099a7cb45a7 - - default default] Unable to schedule network 5e238f4a-d420-428e-a95c-1087ed1ce42b: no agents available; will retry on subsequent port and subnet creation events.
2026-05-28 22:59:33.349 9 INFO neutron.db.ovn_revision_numbers_db [None req-3be4355b-524e-4b7a-8fb0-ade579d6d5eb b52c071e5574492ca99dac47c388a759 a1dc1024322e4c278ee90099a7cb45a7 - - default default] Successfully bumped revision number for resource 9a93eb9f-04eb-4fe4-933c-d4c6da961c40 (type: ports) to 1
2026-05-28 22:59:33.376 9 INFO neutron.wsgi [None req-3be4355b-524e-4b7a-8fb0-ade579d6d5eb b52c071e5574492ca99dac47c388a759 a1dc1024322e4c278ee90099a7cb45a7 - - default default] 10.0.0.99 "POST /v2.0/networks HTTP/1.1" status: 201 len: 833 time: 0.9996829
2026-05-28 22:59:33.389 9 WARNING neutron_lib.context [None req-6ab9389b-4738-4b01-a817-59e175bb2719 b52c071e5574492ca99dac47c388a759 a1dc1024322e4c278ee90099a7cb45a7 - - default default] Method 'is_advsvc' is deprecated since 2023.2 release (neutron-lib 3.8.0) and will be removed once support for the old RBAC API policies will be removed from Neutron. Please use method 'is_service_role' instead.
2026-05-28 22:59:33.667 9 WARNING neutron.scheduler.dhcp_agent_scheduler [None req-6ab9389b-4738-4b01-a817-59e175bb2719 b52c071e5574492ca99dac47c388a759 a1dc1024322e4c278ee90099a7cb45a7 - - default default] No more DHCP agents
2026-05-28 22:59:33.672 9 WARNING neutron.api.rpc.agentnotifiers.dhcp_rpc_agent_api [None req-6ab9389b-4738-4b01-a817-59e175bb2719 b52c071e5574492ca99dac47c388a759 a1dc1024322e4c278ee90099a7cb45a7 - - default default] Unable to schedule network 6ef3b05e-89fd-418e-8aab-961266722254: no agents available; will retry on subsequent port and subnet creation events.
