2026-05-28 22:58:43.049 10 INFO neutron.wsgi [None req-f32a2cb8-72ea-460c-a57b-292d91ec36d3 5c21e6360efe408fbda41a550ef53041 9f461f50773a4a8ab24344eda2ed7b32 - - default default] 10.0.0.99 "GET /v2.0/security-groups HTTP/1.1" status: 200 len: 4725 time: 0.0514252
2026-05-28 22:58:43.178 10 INFO neutron.db.ovn_revision_numbers_db [None req-13d7e324-382d-45d6-a3d8-4defbbef256e 5c21e6360efe408fbda41a550ef53041 9f461f50773a4a8ab24344eda2ed7b32 - - default default] Successfully bumped revision number for resource 27948f67-a824-4c4a-9d94-18ba3d0d59dc (type: security_groups) to 2
2026-05-28 22:58:43.184 10 INFO neutron.wsgi [None req-13d7e324-382d-45d6-a3d8-4defbbef256e 5c21e6360efe408fbda41a550ef53041 9f461f50773a4a8ab24344eda2ed7b32 - - default default] 10.0.0.99 "PUT /v2.0/security-groups/27948f67-a824-4c4a-9d94-18ba3d0d59dc HTTP/1.1" status: 200 len: 1858 time: 0.1293299
2026-05-28 22:58:43.224 9 INFO neutron.wsgi [None req-432b6f13-fc9e-40ac-b558-48a1fc4fcc87 5c21e6360efe408fbda41a550ef53041 9f461f50773a4a8ab24344eda2ed7b32 - - default default] 10.0.0.99 "GET /v2.0/security-groups/27948f67-a824-4c4a-9d94-18ba3d0d59dc HTTP/1.1" status: 200 len: 1858 time: 0.0325525
2026-05-28 22:58:43.369 9 INFO neutron.wsgi [None req-93896a40-a07e-4eaa-bc4e-bf41afa6923b 5c21e6360efe408fbda41a550ef53041 9f461f50773a4a8ab24344eda2ed7b32 - - default default] 10.0.0.99 "DELETE /v2.0/security-groups/27948f67-a824-4c4a-9d94-18ba3d0d59dc HTTP/1.1" status: 204 len: 168 time: 0.1396055
2026-05-28 22:58:43.420 9 INFO neutron.wsgi [None req-2f91b579-d9af-4256-846d-062cff916f81 5c21e6360efe408fbda41a550ef53041 9f461f50773a4a8ab24344eda2ed7b32 - - default default] 10.0.0.99 "GET /v2.0/security-groups HTTP/1.1" status: 200 len: 3120 time: 0.0457556
2026-05-28 22:58:43.442 9 INFO neutron.api.v2.resource [None req-bbd07598-de19-4eb4-b0af-872e2d4811dd 5c21e6360efe408fbda41a550ef53041 9f461f50773a4a8ab24344eda2ed7b32 - - default default] delete failed (client error): The resource could not be found.
2026-05-28 22:58:43.445 9 INFO neutron.wsgi [None req-bbd07598-de19-4eb4-b0af-872e2d4811dd 5c21e6360efe408fbda41a550ef53041 9f461f50773a4a8ab24344eda2ed7b32 - - default default] 10.0.0.99 "DELETE /v2.0/security-groups/27948f67-a824-4c4a-9d94-18ba3d0d59dc HTTP/1.1" status: 404 len: 347 time: 0.0187066
2026-05-28 22:58:43.461 10 WARNING neutron_lib.context [None req-c1e7150b-41e3-49df-86fc-5f4ba59ce286 5c21e6360efe408fbda41a550ef53041 9f461f50773a4a8ab24344eda2ed7b32 - - default default] Method 'is_advsvc' is deprecated since 2023.2 release (neutron-lib 3.8.0) and will be removed once support for the old RBAC API policies will be removed from Neutron. Please use method 'is_service_role' instead.
2026-05-28 22:58:43.594 10 INFO neutron.db.ovn_revision_numbers_db [None req-c1e7150b-41e3-49df-86fc-5f4ba59ce286 5c21e6360efe408fbda41a550ef53041 9f461f50773a4a8ab24344eda2ed7b32 - - default default] Successfully bumped revision number for resource 61472f95-8fec-4e80-9468-715905573a35 (type: security_groups) to 1
2026-05-28 22:58:43.609 10 INFO neutron.db.ovn_revision_numbers_db [None req-c1e7150b-41e3-49df-86fc-5f4ba59ce286 5c21e6360efe408fbda41a550ef53041 9f461f50773a4a8ab24344eda2ed7b32 - - default default] Successfully bumped revision number for resource 289fcc1b-eb42-455b-9d51-706644e83827 (type: security_group_rules) to 0
2026-05-28 22:58:43.623 10 INFO neutron.db.ovn_revision_numbers_db [None req-c1e7150b-41e3-49df-86fc-5f4ba59ce286 5c21e6360efe408fbda41a550ef53041 9f461f50773a4a8ab24344eda2ed7b32 - - default default] Successfully bumped revision number for resource 4957d46a-2a1d-4637-87f4-54c3b7943172 (type: security_group_rules) to 0
2026-05-28 22:58:43.641 10 INFO neutron.wsgi [None req-c1e7150b-41e3-49df-86fc-5f4ba59ce286 5c21e6360efe408fbda41a550ef53041 9f461f50773a4a8ab24344eda2ed7b32 - - default default] 10.0.0.99 "POST /v2.0/security-groups HTTP/1.1" status: 201 len: 1824 time: 0.1883864
2026-05-28 22:58:43.657 9 WARNING neutron_lib.context [None req-d47100d7-a49e-4a79-a8fe-5d93d9f09892 5c21e6360efe408fbda41a550ef53041 9f461f50773a4a8ab24344eda2ed7b32 - - default default] Method 'is_advsvc' is deprecated since 2023.2 release (neutron-lib 3.8.0) and will be removed once support for the old RBAC API policies will be removed from Neutron. Please use method 'is_service_role' instead.
2026-05-28 22:58:43.847 9 INFO neutron.db.ovn_revision_numbers_db [None req-d47100d7-a49e-4a79-a8fe-5d93d9f09892 5c21e6360efe408fbda41a550ef53041 9f461f50773a4a8ab24344eda2ed7b32 - - default default] Successfully bumped revision number for resource d187c52b-b9dc-4f7f-95a6-aa705e566920 (type: security_group_rules) to 0
2026-05-28 22:58:43.896 9 INFO neutron.wsgi [None req-d47100d7-a49e-4a79-a8fe-5d93d9f09892 5c21e6360efe408fbda41a550ef53041 9f461f50773a4a8ab24344eda2ed7b32 - - default default] 10.0.0.99 "POST /v2.0/security-group-rules HTTP/1.1" status: 201 len: 800 time: 0.2467203
2026-05-28 22:58:43.956 10 INFO neutron.wsgi [None req-e7317d5a-1266-4b71-b59e-f605ff9e49a6 5c21e6360efe408fbda41a550ef53041 9f461f50773a4a8ab24344eda2ed7b32 - - default default] 10.0.0.99 "GET /v2.0/security-group-rules/d187c52b-b9dc-4f7f-95a6-aa705e566920 HTTP/1.1" status: 200 len: 795 time: 0.0496542
2026-05-28 22:58:44.059 10 INFO neutron.notifiers.nova [-] Nova event matching ['req-f1d6becc-c09f-408d-9153-c61413a7fbdb'] response: {'server_uuid': 'e2120125-b441-4aa9-aafe-19f976d9802f', 'name': 'network-vif-unplugged', 'status': 'completed', 'tag': '3fc203e9-c180-41bf-8660-2832b446638c', 'code': 200}
2026-05-28 22:58:44.059 9 INFO neutron.notifiers.nova [-] Nova event matching ['req-1b21c41e-8a50-45f4-8542-0aad8a03437c'] response: {'server_uuid': 'e2120125-b441-4aa9-aafe-19f976d9802f', 'name': 'network-vif-deleted', 'tag': '3fc203e9-c180-41bf-8660-2832b446638c', 'status': 'completed', 'code': 200}
2026-05-28 22:58:44.089 9 INFO neutron.wsgi [None req-5964d363-5719-4e14-a86e-1f2d22e7d702 5c21e6360efe408fbda41a550ef53041 9f461f50773a4a8ab24344eda2ed7b32 - - default default] 10.0.0.99 "GET /v2.0/security-group-rules HTTP/1.1" status: 200 len: 4333 time: 0.1248677
2026-05-28 22:58:44.186 10 INFO neutron.wsgi [None req-35c7f1e5-51f6-4ae2-840c-db905df156c5 1b6c3f3c4df94672ac6cc9f96b5a4bef 495068e57584480880f5575fab45da83 - - default default] 10.0.0.99 "DELETE /v2.0/security-groups/929a6c1d-327c-426a-9d8d-74f3de25ed1a HTTP/1.1" status: 204 len: 168 time: 0.1593676
2026-05-28 22:58:44.210 10 INFO neutron.api.v2.resource [None req-d741e399-cf7a-4a10-8876-cfea163269b3 1b6c3f3c4df94672ac6cc9f96b5a4bef 495068e57584480880f5575fab45da83 - - default default] show failed (client error): The resource could not be found.
2026-05-28 22:58:44.211 10 INFO neutron.wsgi [None req-d741e399-cf7a-4a10-8876-cfea163269b3 1b6c3f3c4df94672ac6cc9f96b5a4bef 495068e57584480880f5575fab45da83 - - default default] 10.0.0.99 "GET /v2.0/security-groups/929a6c1d-327c-426a-9d8d-74f3de25ed1a HTTP/1.1" status: 404 len: 347 time: 0.0170858
2026-05-28 22:58:44.254 9 INFO neutron.wsgi [None req-f0df0d78-5230-4cb1-aea8-5c6bc7571254 5c21e6360efe408fbda41a550ef53041 9f461f50773a4a8ab24344eda2ed7b32 - - default default] 10.0.0.99 "DELETE /v2.0/security-group-rules/d187c52b-b9dc-4f7f-95a6-aa705e566920 HTTP/1.1" status: 204 len: 168 time: 0.1550674
2026-05-28 22:58:44.414 9 INFO neutron.wsgi [None req-c42e5bab-ead2-4bff-8634-d7b454274093 5c21e6360efe408fbda41a550ef53041 9f461f50773a4a8ab24344eda2ed7b32 - - default default] 10.0.0.99 "GET /v2.0/security-group-rules HTTP/1.1" status: 200 len: 3755 time: 0.1512716
2026-05-28 22:58:44.427 9 WARNING neutron_lib.context [None req-34845573-1fba-46e3-914c-33b1bc9d4320 5c21e6360efe408fbda41a550ef53041 9f461f50773a4a8ab24344eda2ed7b32 - - default default] Method 'is_advsvc' is deprecated since 2023.2 release (neutron-lib 3.8.0) and will be removed once support for the old RBAC API policies will be removed from Neutron. Please use method 'is_service_role' instead.
2026-05-28 22:58:44.615 9 INFO neutron.db.ovn_revision_numbers_db [None req-34845573-1fba-46e3-914c-33b1bc9d4320 5c21e6360efe408fbda41a550ef53041 9f461f50773a4a8ab24344eda2ed7b32 - - default default] Successfully bumped revision number for resource 8d1bd32d-b014-4bd0-8f38-67ebb4467a5d (type: security_group_rules) to 0
2026-05-28 22:58:44.653 9 INFO neutron.wsgi [None req-34845573-1fba-46e3-914c-33b1bc9d4320 5c21e6360efe408fbda41a550ef53041 9f461f50773a4a8ab24344eda2ed7b32 - - default default] 10.0.0.99 "POST /v2.0/security-group-rules HTTP/1.1" status: 201 len: 800 time: 0.2327363
2026-05-28 22:58:44.692 10 INFO neutron.wsgi [None req-c9b1b410-f5ad-43c0-b402-4a2d5eaeb3b1 5c21e6360efe408fbda41a550ef53041 9f461f50773a4a8ab24344eda2ed7b32 - - default default] 10.0.0.99 "GET /v2.0/security-group-rules/8d1bd32d-b014-4bd0-8f38-67ebb4467a5d HTTP/1.1" status: 200 len: 795 time: 0.0268257
2026-05-28 22:58:44.772 10 INFO neutron.wsgi [None req-90326755-9bd9-43a0-aa9e-151901596dcb 1b6c3f3c4df94672ac6cc9f96b5a4bef 495068e57584480880f5575fab45da83 - - default default] 10.0.0.99 "DELETE /v2.0/floatingips/5e9b5e43-d438-4632-9764-b54eb6c2830f HTTP/1.1" status: 204 len: 168 time: 0.5556850
2026-05-28 22:58:44.874 10 INFO neutron.wsgi [None req-f6693ba3-b9e8-4550-9d7e-e22baba94089 5c21e6360efe408fbda41a550ef53041 9f461f50773a4a8ab24344eda2ed7b32 - - default default] 10.0.0.99 "GET /v2.0/security-group-rules HTTP/1.1" status: 200 len: 4333 time: 0.1685927
2026-05-28 22:58:45.069 10 INFO neutron.wsgi [None req-923d7348-aa37-4eed-aabe-30640cec8697 5c21e6360efe408fbda41a550ef53041 9f461f50773a4a8ab24344eda2ed7b32 - - default default] 10.0.0.99 "DELETE /v2.0/security-group-rules/8d1bd32d-b014-4bd0-8f38-67ebb4467a5d HTTP/1.1" status: 204 len: 168 time: 0.1897104
2026-05-28 22:58:45.164 9 INFO neutron.wsgi [None req-eb15dd37-ad90-4156-8492-857f436f61a7 5c21e6360efe408fbda41a550ef53041 9f461f50773a4a8ab24344eda2ed7b32 - - default default] 10.0.0.99 "GET /v2.0/security-group-rules HTTP/1.1" status: 200 len: 3755 time: 0.0879407
2026-05-28 22:58:45.173 9 WARNING neutron_lib.context [None req-fd7005d1-8986-48cb-8415-1bbe8c3ec84f 5c21e6360efe408fbda41a550ef53041 9f461f50773a4a8ab24344eda2ed7b32 - - default default] Method 'is_advsvc' is deprecated since 2023.2 release (neutron-lib 3.8.0) and will be removed once support for the old RBAC API policies will be removed from Neutron. Please use method 'is_service_role' instead.
2026-05-28 22:58:45.329 9 INFO neutron.db.ovn_revision_numbers_db [None req-fd7005d1-8986-48cb-8415-1bbe8c3ec84f 5c21e6360efe408fbda41a550ef53041 9f461f50773a4a8ab24344eda2ed7b32 - - default default] Successfully bumped revision number for resource bce9e3a2-000c-49c8-b9e5-1675baa231c9 (type: security_group_rules) to 0
2026-05-28 22:58:45.357 9 INFO neutron.wsgi [None req-fd7005d1-8986-48cb-8415-1bbe8c3ec84f 5c21e6360efe408fbda41a550ef53041 9f461f50773a4a8ab24344eda2ed7b32 - - default default] 10.0.0.99 "POST /v2.0/security-group-rules HTTP/1.1" status: 201 len: 801 time: 0.1883686
2026-05-28 22:58:45.383 9 INFO neutron.wsgi [None req-57c74999-8ac2-4abb-8631-460918aa1fa6 5c21e6360efe408fbda41a550ef53041 9f461f50773a4a8ab24344eda2ed7b32 - - default default] 10.0.0.99 "GET /v2.0/security-group-rules/bce9e3a2-000c-49c8-b9e5-1675baa231c9 HTTP/1.1" status: 200 len: 796 time: 0.0213745
2026-05-28 22:58:45.484 10 INFO neutron.wsgi [None req-b6a4cb38-8391-4164-9bf6-e1fe9e951559 5c21e6360efe408fbda41a550ef53041 9f461f50773a4a8ab24344eda2ed7b32 - - default default] 10.0.0.99 "GET /v2.0/security-group-rules HTTP/1.1" status: 200 len: 4334 time: 0.0932026
2026-05-28 22:58:45.681 10 INFO neutron.wsgi [None req-91ac26d6-9002-4c05-9ad0-e9246454fbf5 5c21e6360efe408fbda41a550ef53041 9f461f50773a4a8ab24344eda2ed7b32 - - default default] 10.0.0.99 "DELETE /v2.0/security-group-rules/bce9e3a2-000c-49c8-b9e5-1675baa231c9 HTTP/1.1" status: 204 len: 168 time: 0.1895440
2026-05-28 22:58:45.762 9 INFO neutron.wsgi [None req-38a8268e-b8ac-4f15-ba6a-aee10d739612 5c21e6360efe408fbda41a550ef53041 9f461f50773a4a8ab24344eda2ed7b32 - - default default] 10.0.0.99 "GET /v2.0/security-group-rules HTTP/1.1" status: 200 len: 3755 time: 0.0751212
2026-05-28 22:58:45.905 9 INFO neutron.wsgi [None req-3c6181bb-75d3-4b97-a458-8f801c46d712 5c21e6360efe408fbda41a550ef53041 9f461f50773a4a8ab24344eda2ed7b32 - - default default] 10.0.0.99 "DELETE /v2.0/security-groups/61472f95-8fec-4e80-9468-715905573a35 HTTP/1.1" status: 204 len: 168 time: 0.1381557
2026-05-28 22:58:45.949 9 INFO neutron.wsgi [None req-836cf7b0-63c6-475b-b645-9be59e650244 5c21e6360efe408fbda41a550ef53041 9f461f50773a4a8ab24344eda2ed7b32 - - default default] 10.0.0.99 "GET /v2.0/security-groups HTTP/1.1" status: 200 len: 3120 time: 0.0395012
2026-05-28 22:58:45.992 9 INFO neutron.wsgi [None req-0d37641d-3484-4715-b410-f01784721d70 5c21e6360efe408fbda41a550ef53041 9f461f50773a4a8ab24344eda2ed7b32 - - default default] 10.0.0.99 "GET /v2.0/security-groups HTTP/1.1" status: 200 len: 3120 time: 0.0366817
2026-05-28 22:58:46.262 10 INFO neutron.wsgi [None req-77a2ba26-6c78-4441-b256-83b47eaa16f0 f12e61e4e00c4884a2149d8b62c222a5 e81ddcfb6cb24c6695923dcab8829e85 - - default default] 10.0.0.99 "PUT /v2.0/routers/bc221d41-44ad-4c40-af9e-6a8b72f96a53/remove_router_interface HTTP/1.1" status: 200 len: 503 time: 1.4787645 /var/lib/openstack/lib/python3.10/site-packages/pycadf/identifier.py:71: UserWarning: Invalid uuid: neutron. To ensure interoperability, identifiers should be a valid uuid. warnings.warn(('Invalid uuid: %s. To ensure interoperability, '
2026-05-28 22:58:46.956 10 INFO neutron.wsgi [None req-2b106b09-c8db-4502-a3f9-4abf8c837dc8 f12e61e4e00c4884a2149d8b62c222a5 e81ddcfb6cb24c6695923dcab8829e85 - - default default] 10.0.0.99 "GET /v2.0/security-groups?tenant_id=9f461f50773a4a8ab24344eda2ed7b32&name=default HTTP/1.1" status: 200 len: 3120 time: 0.2907147
2026-05-28 22:58:47.301 9 INFO neutron.wsgi [None req-3c08388e-f675-41e6-b52d-6ce50d7e46d7 f12e61e4e00c4884a2149d8b62c222a5 e81ddcfb6cb24c6695923dcab8829e85 - - default default] 10.0.0.99 "DELETE /v2.0/security-groups/a607ba00-15e9-42f7-8f64-5be7d3af13c6 HTTP/1.1" status: 204 len: 168 time: 0.3387864
2026-05-28 22:58:47.617 9 INFO neutron.wsgi [req-cb66a16e-2231-47ce-ac48-742a9da2b5b7 req-6df41fce-fcc5-4c8e-a8e8-a6136818c956 bf746973377e4125bf0fdaf48551a4ca 96f8db49fcda430eb1a26f68333f37f8 - - f90c3c6d40d74f4b8e4ad62d3d4b34e2 f90c3c6d40d74f4b8e4ad62d3d4b34e2] 10.0.0.130 "GET /v2.0/ports?device_id=cba1bc3f-8534-4309-8b7a-437769af825e HTTP/1.1" status: 200 len: 1413 time: 0.0981615
2026-05-28 22:58:47.642 9 INFO neutron.wsgi [None req-962bd26a-6aca-4319-a0b4-547b8c5dbec0 f12e61e4e00c4884a2149d8b62c222a5 e81ddcfb6cb24c6695923dcab8829e85 - - default default] 10.0.0.99 "DELETE /v2.0/routers/bc221d41-44ad-4c40-af9e-6a8b72f96a53 HTTP/1.1" status: 204 len: 168 time: 1.3764870
2026-05-28 22:58:47.699 9 INFO neutron.wsgi [req-cb66a16e-2231-47ce-ac48-742a9da2b5b7 req-9d8610f7-01db-4379-af98-4b86f42acf79 bf746973377e4125bf0fdaf48551a4ca 96f8db49fcda430eb1a26f68333f37f8 - - f90c3c6d40d74f4b8e4ad62d3d4b34e2 f90c3c6d40d74f4b8e4ad62d3d4b34e2] 10.0.0.130 "GET /v2.0/security-groups?id=8e7eba74-1fa5-464d-abe1-7cdb83775273&fields=id&fields=name HTTP/1.1" status: 200 len: 312 time: 0.0750988
2026-05-28 22:58:47.897 9 INFO neutron.wsgi [None req-ab47925f-dc5c-4773-912c-a48755400782 f12e61e4e00c4884a2149d8b62c222a5 e81ddcfb6cb24c6695923dcab8829e85 - - default default] 10.0.0.99 "DELETE /v2.0/subnets/a7bc077b-0142-4a97-884b-796bfece6feb HTTP/1.1" status: 204 len: 168 time: 0.2426128
2026-05-28 22:58:48.271 9 INFO neutron.services.segments.plugin [-] Segment f13f2f39-9572-467f-a323-d327496776af resource provider aggregate not found
2026-05-28 22:58:48.274 9 INFO neutron.services.segments.plugin [-] Segment f13f2f39-9572-467f-a323-d327496776af resource provider aggregate not found
2026-05-28 22:58:48.284 9 INFO neutron.services.segments.plugin [-] Segment f13f2f39-9572-467f-a323-d327496776af resource provider not found; error: Placement Client Error (4xx): {"errors": [{"status": 404, "title": "Not Found", "detail": "The resource could not be found.\n\n No resource provider with uuid f13f2f39-9572-467f-a323-d327496776af found for delete ", "request_id": "req-d8245cc6-fba7-4a64-b048-d67c9b8d3167"}]}
2026-05-28 22:58:48.291 9 INFO neutron.services.segments.plugin [-] Segment f13f2f39-9572-467f-a323-d327496776af resource provider not found; error: Placement Client Error (4xx): {"errors": [{"status": 404, "title": "Not Found", "detail": "The resource could not be found.\n\n No resource provider with uuid f13f2f39-9572-467f-a323-d327496776af found for delete ", "request_id": "req-5ec33ab4-c8dd-4df8-84d1-995b665e810d"}]}
2026-05-28 22:58:48.330 9 INFO neutron.wsgi [None req-6696efa2-1111-4270-8be9-eb8cde9e2525 f12e61e4e00c4884a2149d8b62c222a5 e81ddcfb6cb24c6695923dcab8829e85 - - default default] 10.0.0.99 "DELETE /v2.0/networks/424cbcbb-0cc2-4e63-b6d9-503e4c6e3df8 HTTP/1.1" status: 204 len: 168 time: 0.4291890
2026-05-28 22:58:48.574 9 INFO neutron.wsgi [None req-8da686c2-6035-4507-ae75-93b1c539e51a f12e61e4e00c4884a2149d8b62c222a5 e81ddcfb6cb24c6695923dcab8829e85 - - default default] 10.0.0.99 "GET /v2.0/security-groups?tenant_id=495068e57584480880f5575fab45da83&name=default HTTP/1.1" status: 200 len: 3120 time: 0.0438232
2026-05-28 22:58:48.820 10 INFO neutron.db.ovn_revision_numbers_db [None req-4bf5a4b4-7787-44a7-8941-abb3a6ce1a82 f12e61e4e00c4884a2149d8b62c222a5 e81ddcfb6cb24c6695923dcab8829e85 - - default default] Successfully bumped revision number for resource ed1f48d4-efd0-4c7b-80fe-be99f3641fc3 (type: security_groups) to 1
2026-05-28 22:58:48.840 10 INFO neutron.db.ovn_revision_numbers_db [None req-4bf5a4b4-7787-44a7-8941-abb3a6ce1a82 f12e61e4e00c4884a2149d8b62c222a5 e81ddcfb6cb24c6695923dcab8829e85 - - default default] Successfully bumped revision number for resource 0694fd54-b8e4-436f-a063-9a9c11d2032b (type: security_group_rules) to 0
2026-05-28 22:58:48.844 9 INFO neutron.wsgi [None req-6f07bb1f-a66a-405a-978d-dbaed0fb2b72 f12e61e4e00c4884a2149d8b62c222a5 e81ddcfb6cb24c6695923dcab8829e85 - - default default] 10.0.0.99 "DELETE /v2.0/security-groups/3822865c-0c50-4449-aaaf-47c2a72b5717 HTTP/1.1" status: 204 len: 168 time: 0.2630975
2026-05-28 22:58:48.857 10 INFO neutron.db.ovn_revision_numbers_db [None req-4bf5a4b4-7787-44a7-8941-abb3a6ce1a82 f12e61e4e00c4884a2149d8b62c222a5 e81ddcfb6cb24c6695923dcab8829e85 - - default default] Successfully bumped revision number for resource 65bc6c0d-bbb8-4a81-85ca-f91370104365 (type: security_group_rules) to 0
2026-05-28 22:58:48.874 10 INFO neutron.db.ovn_revision_numbers_db [None req-4bf5a4b4-7787-44a7-8941-abb3a6ce1a82 f12e61e4e00c4884a2149d8b62c222a5 e81ddcfb6cb24c6695923dcab8829e85 - - default default] Successfully bumped revision number for resource bd525f41-62db-4f7d-be4b-b98bf996f293 (type: security_group_rules) to 0
2026-05-28 22:58:48.893 10 INFO neutron.db.ovn_revision_numbers_db [None req-4bf5a4b4-7787-44a7-8941-abb3a6ce1a82 f12e61e4e00c4884a2149d8b62c222a5 e81ddcfb6cb24c6695923dcab8829e85 - - default default] Successfully bumped revision number for resource f830c197-c1cf-40ae-9b40-17d64670ca88 (type: security_group_rules) to 0
2026-05-28 22:58:48.920 10 INFO neutron.wsgi [None req-4bf5a4b4-7787-44a7-8941-abb3a6ce1a82 f12e61e4e00c4884a2149d8b62c222a5 e81ddcfb6cb24c6695923dcab8829e85 - - default default] 10.0.0.99 "GET /v2.0/security-groups?tenant_id=bfaa9c42b498443bb6dfb7f49c174efe&name=default HTTP/1.1" status: 200 len: 3120 time: 0.4689336
2026-05-28 22:58:49.244 10 INFO neutron.wsgi [None req-d0136dab-03a7-4ceb-9093-b24ef2edbf5a f12e61e4e00c4884a2149d8b62c222a5 e81ddcfb6cb24c6695923dcab8829e85 - - default default] 10.0.0.99 "DELETE /v2.0/security-groups/ed1f48d4-efd0-4c7b-80fe-be99f3641fc3 HTTP/1.1" status: 204 len: 168 time: 0.3177602
2026-05-28 22:58:49.378 10 WARNING neutron_lib.context [None req-188ac670-12a0-4ce5-b9a5-3dd3561a0849 f7ea8569f550413dacd503f3de2e049a 600d704d1d234355892692d5a889f7e2 - - default default] Method 'is_advsvc' is deprecated since 2023.2 release (neutron-lib 3.8.0) and will be removed once support for the old RBAC API policies will be removed from Neutron. Please use method 'is_service_role' instead.
2026-05-28 22:58:49.445 10 INFO neutron.wsgi [None req-188ac670-12a0-4ce5-b9a5-3dd3561a0849 f7ea8569f550413dacd503f3de2e049a 600d704d1d234355892692d5a889f7e2 - - default default] 10.0.0.99 "POST /v2.0/subnetpools HTTP/1.1" status: 201 len: 748 time: 0.1786976
2026-05-28 22:58:49.480 10 INFO neutron.wsgi [None req-5177f617-dd90-4bce-b9a5-e3fc41e08333 f7ea8569f550413dacd503f3de2e049a 600d704d1d234355892692d5a889f7e2 - - default default] 10.0.0.99 "GET /v2.0/subnetpools/8bbb4708-5a72-4c4b-84a3-d6ca4f9adb6f HTTP/1.1" status: 200 len: 743 time: 0.0276213
2026-05-28 22:58:49.548 9 INFO neutron.db.ovn_revision_numbers_db [None req-3a79cc73-3890-4844-94e9-90c1f280c3ff f12e61e4e00c4884a2149d8b62c222a5 e81ddcfb6cb24c6695923dcab8829e85 - - default default] Successfully bumped revision number for resource 471b0882-c802-402c-aa0a-651587d9d2a0 (type: security_groups) to 1
2026-05-28 22:58:49.561 10 INFO neutron.wsgi [None req-748ae50d-7d5e-44ea-9957-505a54095c39 f7ea8569f550413dacd503f3de2e049a 600d704d1d234355892692d5a889f7e2 - - default default] 10.0.0.99 "PUT /v2.0/subnetpools/8bbb4708-5a72-4c4b-84a3-d6ca4f9adb6f HTTP/1.1" status: 200 len: 694 time: 0.0757260
2026-05-28 22:58:49.563 9 INFO neutron.db.ovn_revision_numbers_db [None req-3a79cc73-3890-4844-94e9-90c1f280c3ff f12e61e4e00c4884a2149d8b62c222a5 e81ddcfb6cb24c6695923dcab8829e85 - - default default] Successfully bumped revision number for resource 475ac6a7-4c01-4e1f-8dd0-ef775cbf834c (type: security_group_rules) to 0
2026-05-28 22:58:49.578 9 INFO neutron.db.ovn_revision_numbers_db [None req-3a79cc73-3890-4844-94e9-90c1f280c3ff f12e61e4e00c4884a2149d8b62c222a5 e81ddcfb6cb24c6695923dcab8829e85 - - default default] Successfully bumped revision number for resource 8f1ae08e-1b76-4df4-967c-acba5346cba4 (type: security_group_rules) to 0
2026-05-28 22:58:49.591 9 INFO neutron.db.ovn_revision_numbers_db [None req-3a79cc73-3890-4844-94e9-90c1f280c3ff f12e61e4e00c4884a2149d8b62c222a5 e81ddcfb6cb24c6695923dcab8829e85 - - default default] Successfully bumped revision number for resource 910ada20-ce36-4733-ad5e-42040f09125e (type: security_group_rules) to 0
2026-05-28 22:58:49.605 9 INFO neutron.db.ovn_revision_numbers_db [None req-3a79cc73-3890-4844-94e9-90c1f280c3ff f12e61e4e00c4884a2149d8b62c222a5 e81ddcfb6cb24c6695923dcab8829e85 - - default default] Successfully bumped revision number for resource bb4d6705-6a3f-4a21-82f2-1f23e845d7fa (type: security_group_rules) to 0
2026-05-28 22:58:49.630 9 INFO neutron.wsgi [None req-3a79cc73-3890-4844-94e9-90c1f280c3ff f12e61e4e00c4884a2149d8b62c222a5 e81ddcfb6cb24c6695923dcab8829e85 - - default default] 10.0.0.99 "GET /v2.0/security-groups?tenant_id=d6307ed3e8b840eea27c205a6a69f7cc&name=default HTTP/1.1" status: 200 len: 3120 time: 0.2121160
2026-05-28 22:58:49.638 10 INFO neutron.wsgi [None req-7e856e7b-a538-4c85-988e-04b9c04bf9e2 f7ea8569f550413dacd503f3de2e049a 600d704d1d234355892692d5a889f7e2 - - default default] 10.0.0.99 "DELETE /v2.0/subnetpools/8bbb4708-5a72-4c4b-84a3-d6ca4f9adb6f HTTP/1.1" status: 204 len: 168 time: 0.0694590
2026-05-28 22:58:49.658 10 INFO neutron.api.v2.resource [None req-9c21fb77-61ff-400d-a026-0874c4e23270 f7ea8569f550413dacd503f3de2e049a 600d704d1d234355892692d5a889f7e2 - - default default] show failed (client error): The resource could not be found.
2026-05-28 22:58:49.660 10 INFO neutron.wsgi [None req-9c21fb77-61ff-400d-a026-0874c4e23270 f7ea8569f550413dacd503f3de2e049a 600d704d1d234355892692d5a889f7e2 - - default default] 10.0.0.99 "GET /v2.0/subnetpools/8bbb4708-5a72-4c4b-84a3-d6ca4f9adb6f HTTP/1.1" status: 404 len: 346 time: 0.0140216
2026-05-28 22:58:49.680 10 INFO neutron.api.v2.resource [None req-65ae9660-4d9c-4f49-8b36-80b0f0563359 f7ea8569f550413dacd503f3de2e049a 600d704d1d234355892692d5a889f7e2 - - default default] delete failed (client error): The resource could not be found.
2026-05-28 22:58:49.681 10 INFO neutron.wsgi [None req-65ae9660-4d9c-4f49-8b36-80b0f0563359 f7ea8569f550413dacd503f3de2e049a 600d704d1d234355892692d5a889f7e2 - - default default] 10.0.0.99 "DELETE /v2.0/subnetpools/8bbb4708-5a72-4c4b-84a3-d6ca4f9adb6f HTTP/1.1" status: 404 len: 346 time: 0.0148740
2026-05-28 22:58:49.875 9 INFO neutron.wsgi [None req-831def50-ed85-4d07-902f-fc5bcc470157 f12e61e4e00c4884a2149d8b62c222a5 e81ddcfb6cb24c6695923dcab8829e85 - - default default] 10.0.0.99 "DELETE /v2.0/security-groups/471b0882-c802-402c-aa0a-651587d9d2a0 HTTP/1.1" status: 204 len: 168 time: 0.2361782
2026-05-28 22:58:50.606 9 INFO neutron.db.ovn_revision_numbers_db [None req-3b48ab0c-a336-4c98-8652-0be3bb421d7f f12e61e4e00c4884a2149d8b62c222a5 e81ddcfb6cb24c6695923dcab8829e85 - - default default] Successfully bumped revision number for resource f9ddcf94-895d-4c67-b2d1-fd70a2853a29 (type: security_groups) to 1
2026-05-28 22:58:50.638 9 INFO neutron.db.ovn_revision_numbers_db [None req-3b48ab0c-a336-4c98-8652-0be3bb421d7f f12e61e4e00c4884a2149d8b62c222a5 e81ddcfb6cb24c6695923dcab8829e85 - - default default] Successfully bumped revision number for resource 742b71b3-a8a8-443c-a111-88ffbcefa46c (type: security_group_rules) to 0
2026-05-28 22:58:50.659 9 INFO neutron.db.ovn_revision_numbers_db [None req-3b48ab0c-a336-4c98-8652-0be3bb421d7f f12e61e4e00c4884a2149d8b62c222a5 e81ddcfb6cb24c6695923dcab8829e85 - - default default] Successfully bumped revision number for resource d00a959a-3cd0-4370-b7a2-89c94e354c67 (type: security_group_rules) to 0
2026-05-28 22:58:50.673 9 INFO neutron.db.ovn_revision_numbers_db [None req-3b48ab0c-a336-4c98-8652-0be3bb421d7f f12e61e4e00c4884a2149d8b62c222a5 e81ddcfb6cb24c6695923dcab8829e85 - - default default] Successfully bumped revision number for resource dafb7652-15e5-4eb0-9f47-ecfcc10f7432 (type: security_group_rules) to 0
2026-05-28 22:58:50.718 9 INFO neutron.db.ovn_revision_numbers_db [None req-3b48ab0c-a336-4c98-8652-0be3bb421d7f f12e61e4e00c4884a2149d8b62c222a5 e81ddcfb6cb24c6695923dcab8829e85 - - default default] Successfully bumped revision number for resource eaa82799-e967-4150-a827-60c09af1ec8b (type: security_group_rules) to 0
2026-05-28 22:58:50.759 9 INFO neutron.wsgi [None req-3b48ab0c-a336-4c98-8652-0be3bb421d7f f12e61e4e00c4884a2149d8b62c222a5 e81ddcfb6cb24c6695923dcab8829e85 - - default default] 10.0.0.99 "GET /v2.0/security-groups?tenant_id=600d704d1d234355892692d5a889f7e2&name=default HTTP/1.1" status: 200 len: 3120 time: 0.5354006
2026-05-28 22:58:50.891 9 INFO neutron.db.ovn_revision_numbers_db [None req-3f1f194e-e5c0-4e2d-995e-2af08a8af0d7 f12e61e4e00c4884a2149d8b62c222a5 e81ddcfb6cb24c6695923dcab8829e85 - - default default] Successfully bumped revision number for resource 2abfd22f-cb6a-4064-b43e-dc462bbc31a1 (type: security_groups) to 1
2026-05-28 22:58:50.910 9 INFO neutron.db.ovn_revision_numbers_db [None req-3f1f194e-e5c0-4e2d-995e-2af08a8af0d7 f12e61e4e00c4884a2149d8b62c222a5 e81ddcfb6cb24c6695923dcab8829e85 - - default default] Successfully bumped revision number for resource 03e7e7f8-b873-4ead-a895-dffa145dae2c (type: security_group_rules) to 0
2026-05-28 22:58:50.926 9 INFO neutron.db.ovn_revision_numbers_db [None req-3f1f194e-e5c0-4e2d-995e-2af08a8af0d7 f12e61e4e00c4884a2149d8b62c222a5 e81ddcfb6cb24c6695923dcab8829e85 - - default default] Successfully bumped revision number for resource 36761246-d78e-40e1-a476-47df210fc9de (type: security_group_rules) to 0
2026-05-28 22:58:50.944 9 INFO neutron.db.ovn_revision_numbers_db [None req-3f1f194e-e5c0-4e2d-995e-2af08a8af0d7 f12e61e4e00c4884a2149d8b62c222a5 e81ddcfb6cb24c6695923dcab8829e85 - - default default] Successfully bumped revision number for resource 4ae25b59-7d51-4565-9a56-eec487bd82b0 (type: security_group_rules) to 0
2026-05-28 22:58:50.964 9 INFO neutron.db.ovn_revision_numbers_db [None req-3f1f194e-e5c0-4e2d-995e-2af08a8af0d7 f12e61e4e00c4884a2149d8b62c222a5 e81ddcfb6cb24c6695923dcab8829e85 - - default default] Successfully bumped revision number for resource 5867f801-3524-4abe-b07b-516ab8aa1db0 (type: security_group_rules) to 0
2026-05-28 22:58:51.020 9 INFO neutron.db.segments_db [None req-3f1f194e-e5c0-4e2d-995e-2af08a8af0d7 f12e61e4e00c4884a2149d8b62c222a5 e81ddcfb6cb24c6695923dcab8829e85 - - default default] Added segment cb386947-75e6-443f-ad86-7a6ac4f726e8 of type geneve for network ca4dac67-115d-4712-b1ae-383fac2deb2f
2026-05-28 22:58:51.041 9 INFO neutron.wsgi [None req-9a81a1c6-822f-4cb7-a77f-f96773f78338 f12e61e4e00c4884a2149d8b62c222a5 e81ddcfb6cb24c6695923dcab8829e85 - - default default] 10.0.0.99 "DELETE /v2.0/security-groups/f9ddcf94-895d-4c67-b2d1-fd70a2853a29 HTTP/1.1" status: 204 len: 168 time: 0.2722578
2026-05-28 22:58:51.190 9 INFO neutron.db.ovn_revision_numbers_db [None req-3f1f194e-e5c0-4e2d-995e-2af08a8af0d7 f12e61e4e00c4884a2149d8b62c222a5 e81ddcfb6cb24c6695923dcab8829e85 - - default default] Successfully bumped revision number for resource ca4dac67-115d-4712-b1ae-383fac2deb2f (type: networks) to 1
2026-05-28 22:58:51.427 9 WARNING neutron.scheduler.dhcp_agent_scheduler [None req-3f1f194e-e5c0-4e2d-995e-2af08a8af0d7 f12e61e4e00c4884a2149d8b62c222a5 e81ddcfb6cb24c6695923dcab8829e85 - - default default] No more DHCP agents
2026-05-28 22:58:51.431 9 WARNING neutron.api.rpc.agentnotifiers.dhcp_rpc_agent_api [None req-3f1f194e-e5c0-4e2d-995e-2af08a8af0d7 f12e61e4e00c4884a2149d8b62c222a5 e81ddcfb6cb24c6695923dcab8829e85 - - default default] Unable to schedule network ca4dac67-115d-4712-b1ae-383fac2deb2f: no agents available; will retry on subsequent port and subnet creation events.
2026-05-28 22:58:51.550 9 INFO neutron.db.ovn_revision_numbers_db [None req-3f1f194e-e5c0-4e2d-995e-2af08a8af0d7 f12e61e4e00c4884a2149d8b62c222a5 e81ddcfb6cb24c6695923dcab8829e85 - - default default] Successfully bumped revision number for resource 268a5725-9b58-4efb-88bd-7edd825b04f6 (type: ports) to 1
2026-05-28 22:58:51.583 9 INFO neutron.wsgi [None req-3f1f194e-e5c0-4e2d-995e-2af08a8af0d7 f12e61e4e00c4884a2149d8b62c222a5 e81ddcfb6cb24c6695923dcab8829e85 - - default default] 10.0.0.99 "POST /v2.0/networks HTTP/1.1" status: 201 len: 946 time: 0.9418883
2026-05-28 22:58:51.771 9 WARNING neutron.scheduler.dhcp_agent_scheduler [None req-4ef4cec0-1131-44e4-8f35-cb1c4aa51d34 f12e61e4e00c4884a2149d8b62c222a5 e81ddcfb6cb24c6695923dcab8829e85 - - default default] No more DHCP agents
2026-05-28 22:58:51.774 9 WARNING neutron.api.rpc.agentnotifiers.dhcp_rpc_agent_api [None req-4ef4cec0-1131-44e4-8f35-cb1c4aa51d34 f12e61e4e00c4884a2149d8b62c222a5 e81ddcfb6cb24c6695923dcab8829e85 - - default default] Unable to schedule network ca4dac67-115d-4712-b1ae-383fac2deb2f: no agents available; will retry on subsequent port and subnet creation events.
2026-05-28 22:58:52.585 9 INFO neutron.db.ovn_revision_numbers_db [None req-4ef4cec0-1131-44e4-8f35-cb1c4aa51d34 f12e61e4e00c4884a2149d8b62c222a5 e81ddcfb6cb24c6695923dcab8829e85 - - default default] Successfully bumped revision number for resource 268a5725-9b58-4efb-88bd-7edd825b04f6 (type: ports) to 2
2026-05-28 22:58:52.630 9 INFO neutron.db.ovn_revision_numbers_db [None req-4ef4cec0-1131-44e4-8f35-cb1c4aa51d34 f12e61e4e00c4884a2149d8b62c222a5 e81ddcfb6cb24c6695923dcab8829e85 - - default default] Successfully bumped revision number for resource fd99448b-2f7b-4ce8-8cda-f98339a2e5ef (type: subnets) to 0
2026-05-28 22:58:52.652 9 INFO neutron.wsgi [None req-4ef4cec0-1131-44e4-8f35-cb1c4aa51d34 f12e61e4e00c4884a2149d8b62c222a5 e81ddcfb6cb24c6695923dcab8829e85 - - default default] 10.0.0.99 "POST /v2.0/subnets HTTP/1.1" status: 201 len: 867 time: 1.0632498
2026-05-28 22:58:53.269 9 WARNING neutron.scheduler.dhcp_agent_scheduler [None req-5fb81be1-a52a-4cf3-a0e5-5c9a86f9b4eb f12e61e4e00c4884a2149d8b62c222a5 e81ddcfb6cb24c6695923dcab8829e85 - - default default] No more DHCP agents
2026-05-28 22:58:53.272 9 WARNING neutron.api.rpc.agentnotifiers.dhcp_rpc_agent_api [None req-5fb81be1-a52a-4cf3-a0e5-5c9a86f9b4eb f12e61e4e00c4884a2149d8b62c222a5 e81ddcfb6cb24c6695923dcab8829e85 - - default default] Unable to schedule network e503f241-b3e6-437b-a1b0-6da8a74cf70f: no agents available; will retry on subsequent port and subnet creation events.
2026-05-28 22:58:53.447 9 INFO neutron.db.ovn_revision_numbers_db [None req-5fb81be1-a52a-4cf3-a0e5-5c9a86f9b4eb f12e61e4e00c4884a2149d8b62c222a5 e81ddcfb6cb24c6695923dcab8829e85 - - default default] Successfully bumped revision number for resource 286188bc-d419-45c1-aa36-bd04e668d22a (type: ports) to 1
2026-05-28 22:58:53.628 10 INFO neutron.wsgi [-] 10.0.0.134 "GET / HTTP/1.1" status: 200 len: 247 time: 0.0033550
2026-05-28 22:58:53.630 10 INFO neutron.wsgi [-] 10.0.0.134 "GET / HTTP/1.1" status: 200 len: 247 time: 0.0009658
2026-05-28 22:58:54.377 10 INFO neutron.db.ovn_revision_numbers_db [None req-3ed3bdde-252c-4f06-b44a-e6e46388f6e7 f12e61e4e00c4884a2149d8b62c222a5 e81ddcfb6cb24c6695923dcab8829e85 - - default default] Successfully bumped revision number for resource 20a6d038-669d-4595-8b99-60ed0130a0c5 (type: security_groups) to 1
2026-05-28 22:58:54.394 10 INFO neutron.db.ovn_revision_numbers_db [None req-3ed3bdde-252c-4f06-b44a-e6e46388f6e7 f12e61e4e00c4884a2149d8b62c222a5 e81ddcfb6cb24c6695923dcab8829e85 - - default default] Successfully bumped revision number for resource 202fbbe0-b11c-4506-b30b-c08a8f9e09ba (type: security_group_rules) to 0
2026-05-28 22:58:54.415 10 INFO neutron.db.ovn_revision_numbers_db [None req-3ed3bdde-252c-4f06-b44a-e6e46388f6e7 f12e61e4e00c4884a2149d8b62c222a5 e81ddcfb6cb24c6695923dcab8829e85 - - default default] Successfully bumped revision number for resource 23f03507-7e81-4a15-8c62-900f2d7bf3a4 (type: security_group_rules) to 0
2026-05-28 22:58:54.429 10 INFO neutron.db.ovn_revision_numbers_db [None req-3ed3bdde-252c-4f06-b44a-e6e46388f6e7 f12e61e4e00c4884a2149d8b62c222a5 e81ddcfb6cb24c6695923dcab8829e85 - - default default] Successfully bumped revision number for resource 2dade6fd-dd51-4035-93bc-3edbf6da0299 (type: security_group_rules) to 0
2026-05-28 22:58:54.443 10 INFO neutron.db.ovn_revision_numbers_db [None req-3ed3bdde-252c-4f06-b44a-e6e46388f6e7 f12e61e4e00c4884a2149d8b62c222a5 e81ddcfb6cb24c6695923dcab8829e85 - - default default] Successfully bumped revision number for resource 7c26ac64-c0b9-4570-8f69-0c7afd14203a (type: security_group_rules) to 0
2026-05-28 22:58:54.466 10 INFO neutron.wsgi [None req-3ed3bdde-252c-4f06-b44a-e6e46388f6e7 f12e61e4e00c4884a2149d8b62c222a5 e81ddcfb6cb24c6695923dcab8829e85 - - default default] 10.0.0.99 "GET /v2.0/security-groups?tenant_id=2f29e82e03bd46d9939af8b3d780c4a6&name=default HTTP/1.1" status: 200 len: 3120 time: 0.4000187
2026-05-28 22:58:54.468 9 INFO neutron.plugins.ml2.drivers.ovn.mech_driver.ovsdb.commands [None req-317de097-a6c8-4d7e-8744-877097668de9 - - - - - -] Schedule LRP lrp-286188bc-d419-45c1-aa36-bd04e668d22a on gateway 075c6be8-2f0c-40cd-9af8-dfed0fccb218 with priority 1
2026-05-28 22:58:54.485 9 INFO neutron.plugins.ml2.drivers.ovn.mech_driver.mech_driver [None req-ef87392d-284c-4696-a878-2dbe87bf039a - - - - - -] OVN reports status up for port: 286188bc-d419-45c1-aa36-bd04e668d22a
2026-05-28 22:58:54.505 10 INFO neutron.plugins.ml2.drivers.ovn.mech_driver.ovsdb.ovsdb_monitor [None req-46c5e84d-6446-4301-af93-80a0981ae453 - - - - - -] Router 006baada-3765-4e41-991b-877eef769a85 is bound to host instance
2026-05-28 22:58:54.511 9 INFO neutron.plugins.ml2.plugin [None req-ef87392d-284c-4696-a878-2dbe87bf039a - - - - - -] Attempt 1 to provision port 286188bc-d419-45c1-aa36-bd04e668d22a
2026-05-28 22:58:54.562 9 INFO neutron.db.ovn_revision_numbers_db [None req-5fb81be1-a52a-4cf3-a0e5-5c9a86f9b4eb f12e61e4e00c4884a2149d8b62c222a5 e81ddcfb6cb24c6695923dcab8829e85 - - default default] Successfully bumped revision number for resource 286188bc-d419-45c1-aa36-bd04e668d22a (type: router_ports) to 1
2026-05-28 22:58:54.670 9 INFO neutron.db.ovn_revision_numbers_db [None req-5fb81be1-a52a-4cf3-a0e5-5c9a86f9b4eb f12e61e4e00c4884a2149d8b62c222a5 e81ddcfb6cb24c6695923dcab8829e85 - - default default] Successfully bumped revision number for resource 006baada-3765-4e41-991b-877eef769a85 (type: routers) to 2
2026-05-28 22:58:54.690 9 INFO neutron.wsgi [None req-5fb81be1-a52a-4cf3-a0e5-5c9a86f9b4eb f12e61e4e00c4884a2149d8b62c222a5 e81ddcfb6cb24c6695923dcab8829e85 - - default default] 10.0.0.99 "POST /v2.0/routers HTTP/1.1" status: 201 len: 1169 time: 2.0320380
2026-05-28 22:58:54.860 9 INFO neutron.wsgi [None req-b6ab4d45-ec69-4a9e-9fb2-912c8aa9fe46 f12e61e4e00c4884a2149d8b62c222a5 e81ddcfb6cb24c6695923dcab8829e85 - - default default] 10.0.0.99 "DELETE /v2.0/security-groups/20a6d038-669d-4595-8b99-60ed0130a0c5 HTTP/1.1" status: 204 len: 168 time: 0.3849723
2026-05-28 22:58:55.311 9 WARNING neutron.scheduler.dhcp_agent_scheduler [None req-d451ccd2-e549-4b73-8ea4-29b8f4e9f7bb f12e61e4e00c4884a2149d8b62c222a5 e81ddcfb6cb24c6695923dcab8829e85 - - default default] No more DHCP agents
2026-05-28 22:58:55.313 9 WARNING neutron.api.rpc.agentnotifiers.dhcp_rpc_agent_api [None req-d451ccd2-e549-4b73-8ea4-29b8f4e9f7bb f12e61e4e00c4884a2149d8b62c222a5 e81ddcfb6cb24c6695923dcab8829e85 - - default default] Unable to schedule network ca4dac67-115d-4712-b1ae-383fac2deb2f: no agents available; will retry on subsequent port and subnet creation events.
2026-05-28 22:58:55.315 9 INFO neutron.db.ovn_revision_numbers_db [None req-730cd740-65a9-4cfa-b197-b11770d04459 f12e61e4e00c4884a2149d8b62c222a5 e81ddcfb6cb24c6695923dcab8829e85 - - default default] Successfully bumped revision number for resource 1f5c2a64-93c2-45d7-ab8c-ce983aa51b94 (type: security_groups) to 1
2026-05-28 22:58:55.350 9 INFO neutron.db.ovn_revision_numbers_db [None req-730cd740-65a9-4cfa-b197-b11770d04459 f12e61e4e00c4884a2149d8b62c222a5 e81ddcfb6cb24c6695923dcab8829e85 - - default default] Successfully bumped revision number for resource 6932f6f9-be5a-4fa5-83c5-b1504992857a (type: security_group_rules) to 0
2026-05-28 22:58:55.399 9 INFO neutron.db.ovn_revision_numbers_db [None req-730cd740-65a9-4cfa-b197-b11770d04459 f12e61e4e00c4884a2149d8b62c222a5 e81ddcfb6cb24c6695923dcab8829e85 - - default default] Successfully bumped revision number for resource aebb696e-fdfe-4f66-b6b3-7f390e64d9c7 (type: security_group_rules) to 0
2026-05-28 22:58:55.432 9 INFO neutron.db.ovn_revision_numbers_db [None req-730cd740-65a9-4cfa-b197-b11770d04459 f12e61e4e00c4884a2149d8b62c222a5 e81ddcfb6cb24c6695923dcab8829e85 - - default default] Successfully bumped revision number for resource c6468735-7eef-4dfe-a902-520a434a0b90 (type: security_group_rules) to 0
2026-05-28 22:58:55.482 9 INFO neutron.db.ovn_revision_numbers_db [None req-730cd740-65a9-4cfa-b197-b11770d04459 f12e61e4e00c4884a2149d8b62c222a5 e81ddcfb6cb24c6695923dcab8829e85 - - default default] Successfully bumped revision number for resource c9109947-1d62-4396-950d-7d396c892aea (type: security_group_rules) to 0
2026-05-28 22:58:55.486 9 INFO neutron.db.ovn_revision_numbers_db [None req-3d6012c3-c9d1-4af3-9b6b-53a3fccf0ac6 f12e61e4e00c4884a2149d8b62c222a5 e81ddcfb6cb24c6695923dcab8829e85 - - default default] Successfully bumped revision number for resource 9ab2b63e-d01e-4ffd-8614-643d068fbf29 (type: security_groups) to 1
2026-05-28 22:58:55.536 9 INFO neutron.wsgi [None req-730cd740-65a9-4cfa-b197-b11770d04459 f12e61e4e00c4884a2149d8b62c222a5 e81ddcfb6cb24c6695923dcab8829e85 - - default default] 10.0.0.99 "GET /v2.0/security-groups?tenant_id=aebf61f84f33418f97dcbdf831ac6e37&name=default HTTP/1.1" status: 200 len: 3120 time: 0.4555609
2026-05-28 22:58:55.555 9 INFO neutron.db.ovn_revision_numbers_db [None req-3d6012c3-c9d1-4af3-9b6b-53a3fccf0ac6 f12e61e4e00c4884a2149d8b62c222a5 e81ddcfb6cb24c6695923dcab8829e85 - - default default] Successfully bumped revision number for resource 402e3555-b889-48d1-b1ba-4796d5448e59 (type: security_group_rules) to 0
2026-05-28 22:58:55.575 9 INFO neutron.wsgi [req-7404e9c0-fed9-4b25-a9bb-757df0e51546 req-8cb1cdf1-691c-41b2-8153-865c43a77611 0d90fa8f3ebc4c6aae72d87acd7d1054 674dde6c762847b5815c0421ea488ea1 - - default default] 10.0.0.30 "GET /v2.0/ports?device_id=cba1bc3f-8534-4309-8b7a-437769af825e HTTP/1.1" status: 200 len: 1174 time: 0.2021518
2026-05-28 22:58:55.601 9 INFO neutron.db.ovn_revision_numbers_db [None req-3d6012c3-c9d1-4af3-9b6b-53a3fccf0ac6 f12e61e4e00c4884a2149d8b62c222a5 e81ddcfb6cb24c6695923dcab8829e85 - - default default] Successfully bumped revision number for resource 71fa1abb-cfcb-4055-ab26-e9a376d86dce (type: security_group_rules) to 0
2026-05-28 22:58:55.632 10 INFO neutron.db.ovn_revision_numbers_db [None req-46c5e84d-6446-4301-af93-80a0981ae453 - - - - - -] Successfully bumped revision number for resource 286188bc-d419-45c1-aa36-bd04e668d22a (type: ports) to 1
2026-05-28 22:58:55.638 9 INFO neutron.db.ovn_revision_numbers_db [None req-3d6012c3-c9d1-4af3-9b6b-53a3fccf0ac6 f12e61e4e00c4884a2149d8b62c222a5 e81ddcfb6cb24c6695923dcab8829e85 - - default default] Successfully bumped revision number for resource b12c0b77-f536-44c1-9f81-cacf9c68ad4c (type: security_group_rules) to 0
2026-05-28 22:58:55.655 9 INFO neutron.db.ovn_revision_numbers_db [None req-d451ccd2-e549-4b73-8ea4-29b8f4e9f7bb f12e61e4e00c4884a2149d8b62c222a5 e81ddcfb6cb24c6695923dcab8829e85 - - default default] Successfully bumped revision number for resource ae30fe05-cc87-4792-a76c-82abd9a00d31 (type: ports) to 1
2026-05-28 22:58:55.661 9 INFO neutron.wsgi [req-7404e9c0-fed9-4b25-a9bb-757df0e51546 req-a7c0863f-50c3-4051-887f-65004ac3ec4a 0d90fa8f3ebc4c6aae72d87acd7d1054 674dde6c762847b5815c0421ea488ea1 - - default default] 10.0.0.30 "GET /v2.0/security-groups?id=8e7eba74-1fa5-464d-abe1-7cdb83775273&fields=id&fields=name HTTP/1.1" status: 200 len: 312 time: 0.0779910
2026-05-28 22:58:55.663 9 INFO neutron.db.ovn_revision_numbers_db [None req-3d6012c3-c9d1-4af3-9b6b-53a3fccf0ac6 f12e61e4e00c4884a2149d8b62c222a5 e81ddcfb6cb24c6695923dcab8829e85 - - default default] Successfully bumped revision number for resource c9be6de7-f7f8-41d5-bf8b-e4f4fdbc6c2d (type: security_group_rules) to 0
2026-05-28 22:58:55.710 9 INFO neutron.wsgi [None req-3d6012c3-c9d1-4af3-9b6b-53a3fccf0ac6 f12e61e4e00c4884a2149d8b62c222a5 e81ddcfb6cb24c6695923dcab8829e85 - - default default] 10.0.0.99 "GET /v2.0/security-groups?tenant_id=38ba462b684e415f9167de1dd9e9b1e6&name=default HTTP/1.1" status: 200 len: 3120 time: 0.6710734
2026-05-28 22:58:55.840 9 INFO neutron.wsgi [req-4a0bec25-4669-46f6-94d7-779b6338f3f8 req-1dab2a5d-d3e4-471e-b06e-1966bf71f050 0d90fa8f3ebc4c6aae72d87acd7d1054 674dde6c762847b5815c0421ea488ea1 - - default default] 10.0.0.30 "GET /v2.0/ports?device_id=cba1bc3f-8534-4309-8b7a-437769af825e HTTP/1.1" status: 200 len: 1174 time: 0.0947051
2026-05-28 22:58:55.948 9 INFO neutron.wsgi [req-4a0bec25-4669-46f6-94d7-779b6338f3f8 req-84c44400-cbe8-428a-be6a-97617950f9d9 0d90fa8f3ebc4c6aae72d87acd7d1054 674dde6c762847b5815c0421ea488ea1 - - default default] 10.0.0.30 "GET /v2.0/security-groups?id=8e7eba74-1fa5-464d-abe1-7cdb83775273&fields=id&fields=name HTTP/1.1" status: 200 len: 312 time: 0.1009071
2026-05-28 22:58:56.140 10 INFO neutron.db.ovn_revision_numbers_db [None req-46c5e84d-6446-4301-af93-80a0981ae453 - - - - - -] Successfully bumped revision number for resource 286188bc-d419-45c1-aa36-bd04e668d22a (type: router_ports) to 3
2026-05-28 22:58:56.340 9 INFO neutron.wsgi [req-143a1ddf-a358-4775-a2ac-c3a0ecb68152 req-e9f04361-56c5-482f-8187-4cd3ef947dba 0d90fa8f3ebc4c6aae72d87acd7d1054 674dde6c762847b5815c0421ea488ea1 - - default default] 10.0.0.30 "GET /v2.0/ports?device_id=cba1bc3f-8534-4309-8b7a-437769af825e HTTP/1.1" status: 200 len: 1174 time: 0.0584502
2026-05-28 22:58:56.381 9 INFO neutron.wsgi [None req-4d2ae715-1c62-45b8-867b-81846d3aa364 f12e61e4e00c4884a2149d8b62c222a5 e81ddcfb6cb24c6695923dcab8829e85 - - default default] 10.0.0.99 "DELETE /v2.0/security-groups/1f5c2a64-93c2-45d7-ab8c-ce983aa51b94 HTTP/1.1" status: 204 len: 168 time: 0.8383403
2026-05-28 22:58:56.444 9 INFO neutron.wsgi [req-4e699034-6bfd-43c5-bfb6-42dcaf20a3db req-3366069d-b0a0-4eab-a00c-a867de10639c bf746973377e4125bf0fdaf48551a4ca 96f8db49fcda430eb1a26f68333f37f8 - - f90c3c6d40d74f4b8e4ad62d3d4b34e2 f90c3c6d40d74f4b8e4ad62d3d4b34e2] 199.204.45.140 "GET /v2.0/ports?tenant_id=674dde6c762847b5815c0421ea488ea1&device_id=cba1bc3f-8534-4309-8b7a-437769af825e HTTP/1.1" status: 200 len: 1413 time: 0.0728688
2026-05-28 22:58:56.449 10 INFO neutron.db.ovn_revision_numbers_db [None req-46c5e84d-6446-4301-af93-80a0981ae453 - - - - - -] Successfully bumped revision number for resource 286188bc-d419-45c1-aa36-bd04e668d22a (type: ports) to 2
2026-05-28 22:58:56.469 9 INFO neutron.wsgi [req-143a1ddf-a358-4775-a2ac-c3a0ecb68152 req-2f08d347-2ff6-4174-9746-0bcbed5223bf 0d90fa8f3ebc4c6aae72d87acd7d1054 674dde6c762847b5815c0421ea488ea1 - - default default] 10.0.0.30 "GET /v2.0/security-groups?id=8e7eba74-1fa5-464d-abe1-7cdb83775273&fields=id&fields=name HTTP/1.1" status: 200 len: 312 time: 0.1131136
2026-05-28 22:58:56.548 9 INFO neutron.wsgi [req-4e699034-6bfd-43c5-bfb6-42dcaf20a3db req-df1009c2-47fd-4180-9d03-b91ccd542c52 bf746973377e4125bf0fdaf48551a4ca 96f8db49fcda430eb1a26f68333f37f8 - - f90c3c6d40d74f4b8e4ad62d3d4b34e2 f90c3c6d40d74f4b8e4ad62d3d4b34e2] 199.204.45.140 "GET /v2.0/networks?id=28488771-4ac9-4c0c-b5b0-f4fceb18088c HTTP/1.1" status: 200 len: 973 time: 0.0953410
2026-05-28 22:58:56.594 9 INFO neutron.wsgi [None req-274dbe08-9bbb-4a86-8ed0-8e21d060dabd f12e61e4e00c4884a2149d8b62c222a5 e81ddcfb6cb24c6695923dcab8829e85 - - default default] 10.0.0.99 "DELETE /v2.0/security-groups/9ab2b63e-d01e-4ffd-8614-643d068fbf29 HTTP/1.1" status: 204 len: 168 time: 0.8708706
2026-05-28 22:58:56.641 9 INFO neutron.wsgi [req-4e699034-6bfd-43c5-bfb6-42dcaf20a3db req-588a0a63-eb60-42a9-955e-3dd9c4d30151 bf746973377e4125bf0fdaf48551a4ca 96f8db49fcda430eb1a26f68333f37f8 - - f90c3c6d40d74f4b8e4ad62d3d4b34e2 f90c3c6d40d74f4b8e4ad62d3d4b34e2] 199.204.45.140 "GET /v2.0/floatingips?fixed_ip_address=10.100.0.14&port_id=83653442-d6ca-435b-baf6-f764ca6f2957 HTTP/1.1" status: 200 len: 1060 time: 0.0854301
2026-05-28 22:58:56.708 9 INFO neutron.wsgi [req-4e699034-6bfd-43c5-bfb6-42dcaf20a3db req-bf6a2ee6-6a14-4ebd-b359-5592024cc1c9 bf746973377e4125bf0fdaf48551a4ca 96f8db49fcda430eb1a26f68333f37f8 - - f90c3c6d40d74f4b8e4ad62d3d4b34e2 f90c3c6d40d74f4b8e4ad62d3d4b34e2] 199.204.45.140 "GET /v2.0/subnets?id=81f516e5-b5df-4ee7-86cd-d569017bbbd5 HTTP/1.1" status: 200 len: 868 time: 0.0613861
2026-05-28 22:58:56.752 9 INFO neutron.wsgi [req-4e699034-6bfd-43c5-bfb6-42dcaf20a3db req-e70fd41f-30b6-4544-86d0-2fac84edbe98 bf746973377e4125bf0fdaf48551a4ca 96f8db49fcda430eb1a26f68333f37f8 - - f90c3c6d40d74f4b8e4ad62d3d4b34e2 f90c3c6d40d74f4b8e4ad62d3d4b34e2] 199.204.45.140 "GET /v2.0/ports?network_id=28488771-4ac9-4c0c-b5b0-f4fceb18088c&device_owner=network%3Adhcp HTTP/1.1" status: 200 len: 210 time: 0.0384557
2026-05-28 22:58:56.847 9 INFO neutron.wsgi [req-4e699034-6bfd-43c5-bfb6-42dcaf20a3db req-b177fae0-5ca1-48e4-b9c2-e94f4eeec29b bf746973377e4125bf0fdaf48551a4ca 96f8db49fcda430eb1a26f68333f37f8 - - f90c3c6d40d74f4b8e4ad62d3d4b34e2 f90c3c6d40d74f4b8e4ad62d3d4b34e2] 199.204.45.140 "GET /v2.0/networks/28488771-4ac9-4c0c-b5b0-f4fceb18088c?fields=segments HTTP/1.1" status: 200 len: 212 time: 0.0874524
2026-05-28 22:58:56.874 9 ERROR ovsdbapp.backend.ovs_idl.command [None req-d451ccd2-e549-4b73-8ea4-29b8f4e9f7bb f12e61e4e00c4884a2149d8b62c222a5 e81ddcfb6cb24c6695923dcab8829e85 - - default default] Error executing command (DbGetCommand): ovsdbapp.backend.ovs_idl.idlutils.RowNotFound: Cannot find Logical_Router_Port with name=lrp-ae30fe05-cc87-4792-a76c-82abd9a00d31
2026-05-28 22:58:56.874 9 ERROR ovsdbapp.backend.ovs_idl.command
Traceback (most recent call last):
2026-05-28 22:58:56.874 9 ERROR ovsdbapp.backend.ovs_idl.command
File "/var/lib/openstack/lib/python3.10/site-packages/ovsdbapp/backend/ovs_idl/command.py", line 47, in execute
2026-05-28 22:58:56.874 9 ERROR ovsdbapp.backend.ovs_idl.command self.run_idl(None)
2026-05-28 22:58:56.874 9 ERROR ovsdbapp.backend.ovs_idl.command
File "/var/lib/openstack/lib/python3.10/site-packages/ovsdbapp/backend/ovs_idl/command.py", line 235, in run_idl
2026-05-28 22:58:56.874 9 ERROR ovsdbapp.backend.ovs_idl.command record = self.api.lookup(self.table, self.record)
2026-05-28 22:58:56.874 9 ERROR ovsdbapp.backend.ovs_idl.command
File "/var/lib/openstack/lib/python3.10/site-packages/ovsdbapp/backend/ovs_idl/__init__.py", line 184, in lookup
2026-05-28 22:58:56.874 9 ERROR ovsdbapp.backend.ovs_idl.command return self._lookup(table, record)
2026-05-28 22:58:56.874 9 ERROR ovsdbapp.backend.ovs_idl.command
File "/var/lib/openstack/lib/python3.10/site-packages/ovsdbapp/backend/ovs_idl/__init__.py", line 235, in _lookup
2026-05-28 22:58:56.874 9 ERROR ovsdbapp.backend.ovs_idl.command row = idlutils.row_by_value(self, rl.table, rl.column, record)
2026-05-28 22:58:56.874 9 ERROR ovsdbapp.backend.ovs_idl.command
File "/var/lib/openstack/lib/python3.10/site-packages/ovsdbapp/backend/ovs_idl/idlutils.py", line 114, in row_by_value
2026-05-28 22:58:56.874 9 ERROR ovsdbapp.backend.ovs_idl.command raise RowNotFound(table=table, col=column, match=match)
2026-05-28 22:58:56.874 9 ERROR ovsdbapp.backend.ovs_idl.command ovsdbapp.backend.ovs_idl.idlutils.RowNotFound: Cannot find Logical_Router_Port with name=lrp-ae30fe05-cc87-4792-a76c-82abd9a00d31
2026-05-28 22:58:56.874 9 ERROR ovsdbapp.backend.ovs_idl.command 
2026-05-28 22:58:56.875 9 ERROR neutron_lib.callbacks.manager [None req-d451ccd2-e549-4b73-8ea4-29b8f4e9f7bb f12e61e4e00c4884a2149d8b62c222a5 e81ddcfb6cb24c6695923dcab8829e85 - - default default] Error during notification for neutron.services.ovn_l3.plugin.OVNL3RouterPlugin._port_update-8769301162735 port, after_update: ovsdbapp.backend.ovs_idl.idlutils.RowNotFound: Cannot find Logical_Router_Port with name=lrp-ae30fe05-cc87-4792-a76c-82abd9a00d31
