2026-05-28 22:59:49.454 9 ERROR ovsdbapp.backend.ovs_idl.command record = self.api.lookup(self.table, self.record)
2026-05-28 22:59:49.454 9 ERROR ovsdbapp.backend.ovs_idl.command
File "/var/lib/openstack/lib/python3.10/site-packages/ovsdbapp/backend/ovs_idl/__init__.py", line 184, in lookup
2026-05-28 22:59:49.454 9 ERROR ovsdbapp.backend.ovs_idl.command return self._lookup(table, record)
2026-05-28 22:59:49.454 9 ERROR ovsdbapp.backend.ovs_idl.command
File "/var/lib/openstack/lib/python3.10/site-packages/ovsdbapp/backend/ovs_idl/__init__.py", line 235, in _lookup
2026-05-28 22:59:49.454 9 ERROR ovsdbapp.backend.ovs_idl.command row = idlutils.row_by_value(self, rl.table, rl.column, record)
2026-05-28 22:59:49.454 9 ERROR ovsdbapp.backend.ovs_idl.command
File "/var/lib/openstack/lib/python3.10/site-packages/ovsdbapp/backend/ovs_idl/idlutils.py", line 114, in row_by_value
2026-05-28 22:59:49.454 9 ERROR ovsdbapp.backend.ovs_idl.command raise RowNotFound(table=table, col=column, match=match)
2026-05-28 22:59:49.454 9 ERROR ovsdbapp.backend.ovs_idl.command ovsdbapp.backend.ovs_idl.idlutils.RowNotFound: Cannot find Logical_Router_Port with name=lrp-dad976e0-435d-4f92-994c-6dfe0f17fedf
2026-05-28 22:59:49.454 9 ERROR ovsdbapp.backend.ovs_idl.command 
2026-05-28 22:59:49.455 9 ERROR neutron_lib.callbacks.manager [None req-ef87392d-284c-4696-a878-2dbe87bf039a - - - - - -] Error during notification for neutron.services.ovn_l3.plugin.OVNL3RouterPlugin._port_update-8769301162735 port, after_update: ovsdbapp.backend.ovs_idl.idlutils.RowNotFound: Cannot find Logical_Router_Port with name=lrp-dad976e0-435d-4f92-994c-6dfe0f17fedf
2026-05-28 22:59:49.455 9 ERROR neutron_lib.callbacks.manager
Traceback (most recent call last):
2026-05-28 22:59:49.455 9 ERROR neutron_lib.callbacks.manager
File "/var/lib/openstack/lib/python3.10/site-packages/neutron_lib/callbacks/manager.py", line 189, in _notify_loop
2026-05-28 22:59:49.455 9 ERROR neutron_lib.callbacks.manager callback.method(resource, event, trigger, payload=payload)
2026-05-28 22:59:49.455 9 ERROR neutron_lib.callbacks.manager
File "/var/lib/openstack/lib/python3.10/site-packages/neutron/services/ovn_l3/plugin.py", line 391, in _port_update
2026-05-28 22:59:49.455 9 ERROR neutron_lib.callbacks.manager l3plugin._ovn_client.update_router_port(context,
2026-05-28 22:59:49.455 9 ERROR neutron_lib.callbacks.manager
File "/var/lib/openstack/lib/python3.10/site-packages/neutron/plugins/ml2/drivers/ovn/mech_driver/ovsdb/ovn_client.py", line 1878, in update_router_port
2026-05-28 22:59:49.455 9 ERROR neutron_lib.callbacks.manager self._update_lrouter_port(context, port, if_exists=if_exists,
2026-05-28 22:59:49.455 9 ERROR neutron_lib.callbacks.manager
File "/var/lib/openstack/lib/python3.10/site-packages/neutron/plugins/ml2/drivers/ovn/mech_driver/ovsdb/ovn_client.py", line 1855, in _update_lrouter_port
2026-05-28 22:59:49.455 9 ERROR neutron_lib.callbacks.manager external_ids = self._nb_idl.db_get(
2026-05-28 22:59:49.455 9 ERROR neutron_lib.callbacks.manager
File "/var/lib/openstack/lib/python3.10/site-packages/ovsdbapp/backend/ovs_idl/command.py", line 47, in execute
2026-05-28 22:59:49.455 9 ERROR neutron_lib.callbacks.manager self.run_idl(None)
2026-05-28 22:59:49.455 9 ERROR neutron_lib.callbacks.manager
File "/var/lib/openstack/lib/python3.10/site-packages/ovsdbapp/backend/ovs_idl/command.py", line 235, in run_idl
2026-05-28 22:59:49.455 9 ERROR neutron_lib.callbacks.manager record = self.api.lookup(self.table, self.record)
2026-05-28 22:59:49.455 9 ERROR neutron_lib.callbacks.manager
File "/var/lib/openstack/lib/python3.10/site-packages/ovsdbapp/backend/ovs_idl/__init__.py", line 184, in lookup
2026-05-28 22:59:49.455 9 ERROR neutron_lib.callbacks.manager return self._lookup(table, record)
2026-05-28 22:59:49.455 9 ERROR neutron_lib.callbacks.manager
File "/var/lib/openstack/lib/python3.10/site-packages/ovsdbapp/backend/ovs_idl/__init__.py", line 235, in _lookup
2026-05-28 22:59:49.455 9 ERROR neutron_lib.callbacks.manager row = idlutils.row_by_value(self, rl.table, rl.column, record)
2026-05-28 22:59:49.455 9 ERROR neutron_lib.callbacks.manager
File "/var/lib/openstack/lib/python3.10/site-packages/ovsdbapp/backend/ovs_idl/idlutils.py", line 114, in row_by_value
2026-05-28 22:59:49.455 9 ERROR neutron_lib.callbacks.manager raise RowNotFound(table=table, col=column, match=match)
2026-05-28 22:59:49.455 9 ERROR neutron_lib.callbacks.manager ovsdbapp.backend.ovs_idl.idlutils.RowNotFound: Cannot find Logical_Router_Port with name=lrp-dad976e0-435d-4f92-994c-6dfe0f17fedf
2026-05-28 22:59:49.455 9 ERROR neutron_lib.callbacks.manager 
2026-05-28 22:59:49.458 9 INFO neutron.db.ovn_revision_numbers_db [None req-9b56bd71-760f-4e65-bdfe-2568943e4624 f12e61e4e00c4884a2149d8b62c222a5 e81ddcfb6cb24c6695923dcab8829e85 - - default default] Successfully bumped revision number for resource 1018cdd0-e6a7-4dab-b53f-13e78e86a40d (type: security_group_rules) to 0
2026-05-28 22:59:49.671 10 INFO neutron.db.ovn_revision_numbers_db [None req-c907209c-7acf-449a-a1a8-670e2511f020 f12e61e4e00c4884a2149d8b62c222a5 e81ddcfb6cb24c6695923dcab8829e85 - - default default] Successfully bumped revision number for resource 60166f68-abd7-4e3f-87c9-d06ce090eeb9 (type: security_groups) to 1
2026-05-28 22:59:49.686 10 INFO neutron.db.ovn_revision_numbers_db [None req-c907209c-7acf-449a-a1a8-670e2511f020 f12e61e4e00c4884a2149d8b62c222a5 e81ddcfb6cb24c6695923dcab8829e85 - - default default] Successfully bumped revision number for resource 0751d087-81e7-4006-a138-89919ad9a04c (type: security_group_rules) to 0
2026-05-28 22:59:49.699 10 INFO neutron.db.ovn_revision_numbers_db [None req-c907209c-7acf-449a-a1a8-670e2511f020 f12e61e4e00c4884a2149d8b62c222a5 e81ddcfb6cb24c6695923dcab8829e85 - - default default] Successfully bumped revision number for resource 12832ba5-880d-40e2-8cf7-a74f2e02ca6d (type: security_group_rules) to 0
2026-05-28 22:59:49.714 10 INFO neutron.db.ovn_revision_numbers_db [None req-c907209c-7acf-449a-a1a8-670e2511f020 f12e61e4e00c4884a2149d8b62c222a5 e81ddcfb6cb24c6695923dcab8829e85 - - default default] Successfully bumped revision number for resource 57e51042-534e-48e7-bceb-e8532344c973 (type: security_group_rules) to 0
2026-05-28 22:59:49.732 10 INFO neutron.db.ovn_revision_numbers_db [None req-c907209c-7acf-449a-a1a8-670e2511f020 f12e61e4e00c4884a2149d8b62c222a5 e81ddcfb6cb24c6695923dcab8829e85 - - default default] Successfully bumped revision number for resource 6063b6c1-d969-4b3d-b5ce-b1784044a1b3 (type: security_group_rules) to 0
2026-05-28 22:59:49.752 10 INFO neutron.wsgi [None req-c907209c-7acf-449a-a1a8-670e2511f020 f12e61e4e00c4884a2149d8b62c222a5 e81ddcfb6cb24c6695923dcab8829e85 - - default default] 10.0.0.99 "GET /v2.0/security-groups?tenant_id=ebf3b2f75c0e46e886b3a9f1c4478eba&name=default HTTP/1.1" status: 200 len: 3120 time: 0.1992664
2026-05-28 22:59:49.773 9 INFO neutron.db.ovn_revision_numbers_db [None req-9b56bd71-760f-4e65-bdfe-2568943e4624 f12e61e4e00c4884a2149d8b62c222a5 e81ddcfb6cb24c6695923dcab8829e85 - - default default] Successfully bumped revision number for resource 9c6ab13f-dbb8-4857-9ea5-d5e6fbae8732 (type: security_group_rules) to 0
2026-05-28 22:59:49.809 9 INFO neutron.db.ovn_revision_numbers_db [None req-9b56bd71-760f-4e65-bdfe-2568943e4624 f12e61e4e00c4884a2149d8b62c222a5 e81ddcfb6cb24c6695923dcab8829e85 - - default default] Successfully bumped revision number for resource aac44666-01f7-44bf-ac1f-76c425a42835 (type: security_group_rules) to 0
2026-05-28 22:59:49.829 9 INFO neutron.wsgi [None req-31254fd3-717e-4924-84f1-17dbf9c8585e f12e61e4e00c4884a2149d8b62c222a5 e81ddcfb6cb24c6695923dcab8829e85 - - default default] 10.0.0.99 "DELETE /v2.0/security-groups/b240212c-3b44-468c-a031-8d589c067dca HTTP/1.1" status: 204 len: 168 time: 0.9349120
2026-05-28 22:59:49.850 9 INFO neutron.db.ovn_revision_numbers_db [None req-9b56bd71-760f-4e65-bdfe-2568943e4624 f12e61e4e00c4884a2149d8b62c222a5 e81ddcfb6cb24c6695923dcab8829e85 - - default default] Successfully bumped revision number for resource e2cb9467-1d37-47ef-8053-69ad99ec4067 (type: security_group_rules) to 0
2026-05-28 22:59:49.877 9 ERROR ovsdbapp.backend.ovs_idl.command [None req-3ee62ea9-6025-4c29-8d0e-f0e56df58318 b52c071e5574492ca99dac47c388a759 a1dc1024322e4c278ee90099a7cb45a7 - - default default] Error executing command (DbGetCommand): ovsdbapp.backend.ovs_idl.idlutils.RowNotFound: Cannot find Logical_Router_Port with name=lrp-dad976e0-435d-4f92-994c-6dfe0f17fedf
2026-05-28 22:59:49.877 9 ERROR ovsdbapp.backend.ovs_idl.command
Traceback (most recent call last):
2026-05-28 22:59:49.877 9 ERROR ovsdbapp.backend.ovs_idl.command
File "/var/lib/openstack/lib/python3.10/site-packages/ovsdbapp/backend/ovs_idl/command.py", line 47, in execute
2026-05-28 22:59:49.877 9 ERROR ovsdbapp.backend.ovs_idl.command self.run_idl(None)
2026-05-28 22:59:49.877 9 ERROR ovsdbapp.backend.ovs_idl.command
File "/var/lib/openstack/lib/python3.10/site-packages/ovsdbapp/backend/ovs_idl/command.py", line 235, in run_idl
2026-05-28 22:59:49.877 9 ERROR ovsdbapp.backend.ovs_idl.command record = self.api.lookup(self.table, self.record)
2026-05-28 22:59:49.877 9 ERROR ovsdbapp.backend.ovs_idl.command
File "/var/lib/openstack/lib/python3.10/site-packages/ovsdbapp/backend/ovs_idl/__init__.py", line 184, in lookup
2026-05-28 22:59:49.877 9 ERROR ovsdbapp.backend.ovs_idl.command return self._lookup(table, record)
2026-05-28 22:59:49.877 9 ERROR ovsdbapp.backend.ovs_idl.command
File "/var/lib/openstack/lib/python3.10/site-packages/ovsdbapp/backend/ovs_idl/__init__.py", line 235, in _lookup
2026-05-28 22:59:49.877 9 ERROR ovsdbapp.backend.ovs_idl.command row = idlutils.row_by_value(self, rl.table, rl.column, record)
2026-05-28 22:59:49.877 9 ERROR ovsdbapp.backend.ovs_idl.command
File "/var/lib/openstack/lib/python3.10/site-packages/ovsdbapp/backend/ovs_idl/idlutils.py", line 114, in row_by_value
2026-05-28 22:59:49.877 9 ERROR ovsdbapp.backend.ovs_idl.command raise RowNotFound(table=table, col=column, match=match)
2026-05-28 22:59:49.877 9 ERROR ovsdbapp.backend.ovs_idl.command ovsdbapp.backend.ovs_idl.idlutils.RowNotFound: Cannot find Logical_Router_Port with name=lrp-dad976e0-435d-4f92-994c-6dfe0f17fedf
2026-05-28 22:59:49.877 9 ERROR ovsdbapp.backend.ovs_idl.command 
2026-05-28 22:59:49.878 9 ERROR neutron_lib.callbacks.manager [None req-3ee62ea9-6025-4c29-8d0e-f0e56df58318 b52c071e5574492ca99dac47c388a759 a1dc1024322e4c278ee90099a7cb45a7 - - default default] Error during notification for neutron.services.ovn_l3.plugin.OVNL3RouterPlugin._port_update-8769301162735 port, after_update: ovsdbapp.backend.ovs_idl.idlutils.RowNotFound: Cannot find Logical_Router_Port with name=lrp-dad976e0-435d-4f92-994c-6dfe0f17fedf
2026-05-28 22:59:49.878 9 ERROR neutron_lib.callbacks.manager
Traceback (most recent call last):
2026-05-28 22:59:49.878 9 ERROR neutron_lib.callbacks.manager
File "/var/lib/openstack/lib/python3.10/site-packages/neutron_lib/callbacks/manager.py", line 189, in _notify_loop
2026-05-28 22:59:49.878 9 ERROR neutron_lib.callbacks.manager callback.method(resource, event, trigger, payload=payload)
2026-05-28 22:59:49.878 9 ERROR neutron_lib.callbacks.manager
File "/var/lib/openstack/lib/python3.10/site-packages/neutron/services/ovn_l3/plugin.py", line 391, in _port_update
2026-05-28 22:59:49.878 9 ERROR neutron_lib.callbacks.manager l3plugin._ovn_client.update_router_port(context,
2026-05-28 22:59:49.878 9 ERROR neutron_lib.callbacks.manager
File "/var/lib/openstack/lib/python3.10/site-packages/neutron/plugins/ml2/drivers/ovn/mech_driver/ovsdb/ovn_client.py", line 1878, in update_router_port
2026-05-28 22:59:49.878 9 ERROR neutron_lib.callbacks.manager self._update_lrouter_port(context, port, if_exists=if_exists,
2026-05-28 22:59:49.878 9 ERROR neutron_lib.callbacks.manager
File "/var/lib/openstack/lib/python3.10/site-packages/neutron/plugins/ml2/drivers/ovn/mech_driver/ovsdb/ovn_client.py", line 1855, in _update_lrouter_port
2026-05-28 22:59:49.878 9 ERROR neutron_lib.callbacks.manager external_ids = self._nb_idl.db_get(
2026-05-28 22:59:49.878 9 ERROR neutron_lib.callbacks.manager
File "/var/lib/openstack/lib/python3.10/site-packages/ovsdbapp/backend/ovs_idl/command.py", line 47, in execute
2026-05-28 22:59:49.878 9 ERROR neutron_lib.callbacks.manager self.run_idl(None)
2026-05-28 22:59:49.878 9 ERROR neutron_lib.callbacks.manager
File "/var/lib/openstack/lib/python3.10/site-packages/ovsdbapp/backend/ovs_idl/command.py", line 235, in run_idl
2026-05-28 22:59:49.878 9 ERROR neutron_lib.callbacks.manager record = self.api.lookup(self.table, self.record)
2026-05-28 22:59:49.878 9 ERROR neutron_lib.callbacks.manager
File "/var/lib/openstack/lib/python3.10/site-packages/ovsdbapp/backend/ovs_idl/__init__.py", line 184, in lookup
2026-05-28 22:59:49.878 9 ERROR neutron_lib.callbacks.manager return self._lookup(table, record)
2026-05-28 22:59:49.878 9 ERROR neutron_lib.callbacks.manager
File "/var/lib/openstack/lib/python3.10/site-packages/ovsdbapp/backend/ovs_idl/__init__.py", line 235, in _lookup
2026-05-28 22:59:49.878 9 ERROR neutron_lib.callbacks.manager row = idlutils.row_by_value(self, rl.table, rl.column, record)
2026-05-28 22:59:49.878 9 ERROR neutron_lib.callbacks.manager
File "/var/lib/openstack/lib/python3.10/site-packages/ovsdbapp/backend/ovs_idl/idlutils.py", line 114, in row_by_value
2026-05-28 22:59:49.878 9 ERROR neutron_lib.callbacks.manager raise RowNotFound(table=table, col=column, match=match)
2026-05-28 22:59:49.878 9 ERROR neutron_lib.callbacks.manager ovsdbapp.backend.ovs_idl.idlutils.RowNotFound: Cannot find Logical_Router_Port with name=lrp-dad976e0-435d-4f92-994c-6dfe0f17fedf
2026-05-28 22:59:49.878 9 ERROR neutron_lib.callbacks.manager 
2026-05-28 22:59:49.884 9 INFO neutron.wsgi [None req-9b56bd71-760f-4e65-bdfe-2568943e4624 f12e61e4e00c4884a2149d8b62c222a5 e81ddcfb6cb24c6695923dcab8829e85 - - default default] 10.0.0.99 "GET /v2.0/security-groups?tenant_id=39b0d776b1a44f4b964d563abb66c8de&name=default HTTP/1.1" status: 200 len: 3120 time: 1.0420926
2026-05-28 22:59:50.052 10 INFO neutron.wsgi [None req-2eb16b82-8d3d-47f2-a6fc-464481559651 f12e61e4e00c4884a2149d8b62c222a5 e81ddcfb6cb24c6695923dcab8829e85 - - default default] 10.0.0.99 "DELETE /v2.0/security-groups/60166f68-abd7-4e3f-87c9-d06ce090eeb9 HTTP/1.1" status: 204 len: 168 time: 0.2930977 /var/lib/openstack/lib/python3.10/site-packages/pycadf/identifier.py:71: UserWarning: Invalid uuid: neutron. To ensure interoperability, identifiers should be a valid uuid. warnings.warn(('Invalid uuid: %s. To ensure interoperability, '
2026-05-28 22:59:50.104 9 INFO neutron.db.ovn_revision_numbers_db [None req-3ee62ea9-6025-4c29-8d0e-f0e56df58318 b52c071e5574492ca99dac47c388a759 a1dc1024322e4c278ee90099a7cb45a7 - - default default] Successfully bumped revision number for resource dad976e0-435d-4f92-994c-6dfe0f17fedf (type: ports) to 3
2026-05-28 22:59:50.149 10 INFO neutron.wsgi [None req-4017a486-33d3-4cb1-81b2-e35e4919337a f12e61e4e00c4884a2149d8b62c222a5 e81ddcfb6cb24c6695923dcab8829e85 - - default default] 10.0.0.99 "DELETE /v2.0/security-groups/69899c01-3ae5-4c52-a415-7286a548e59f HTTP/1.1" status: 204 len: 168 time: 0.2575774
2026-05-28 22:59:50.191 9 WARNING neutron.scheduler.dhcp_agent_scheduler [None req-3ee62ea9-6025-4c29-8d0e-f0e56df58318 b52c071e5574492ca99dac47c388a759 a1dc1024322e4c278ee90099a7cb45a7 - - default default] No more DHCP agents
2026-05-28 22:59:50.193 9 WARNING neutron.api.rpc.agentnotifiers.dhcp_rpc_agent_api [None req-3ee62ea9-6025-4c29-8d0e-f0e56df58318 b52c071e5574492ca99dac47c388a759 a1dc1024322e4c278ee90099a7cb45a7 - - default default] Unable to schedule network 440a9b68-887e-4462-843a-270f53950e24: no agents available; will retry on subsequent port and subnet creation events.
2026-05-28 22:59:50.242 9 INFO neutron.db.ovn_revision_numbers_db [None req-4121d73f-5041-46ee-bad5-5543fd225cc8 f12e61e4e00c4884a2149d8b62c222a5 e81ddcfb6cb24c6695923dcab8829e85 - - default default] Successfully bumped revision number for resource 06bedd83-7787-4c50-90ad-399c0cdba9c8 (type: security_groups) to 1
2026-05-28 22:59:50.269 9 INFO neutron.db.ovn_revision_numbers_db [None req-4121d73f-5041-46ee-bad5-5543fd225cc8 f12e61e4e00c4884a2149d8b62c222a5 e81ddcfb6cb24c6695923dcab8829e85 - - default default] Successfully bumped revision number for resource 35167f23-2ac7-4451-bdd7-a8626121a96a (type: security_group_rules) to 0
2026-05-28 22:59:50.306 9 INFO neutron.db.ovn_revision_numbers_db [None req-4121d73f-5041-46ee-bad5-5543fd225cc8 f12e61e4e00c4884a2149d8b62c222a5 e81ddcfb6cb24c6695923dcab8829e85 - - default default] Successfully bumped revision number for resource 82221b25-4e81-4efa-ab58-ca5604979a03 (type: security_group_rules) to 0
2026-05-28 22:59:50.326 9 INFO neutron.db.ovn_revision_numbers_db [None req-4121d73f-5041-46ee-bad5-5543fd225cc8 f12e61e4e00c4884a2149d8b62c222a5 e81ddcfb6cb24c6695923dcab8829e85 - - default default] Successfully bumped revision number for resource 96b7abc0-ecb5-47c4-85da-3d9bdeaa9f77 (type: security_group_rules) to 0
2026-05-28 22:59:50.358 9 INFO neutron.db.ovn_revision_numbers_db [None req-4121d73f-5041-46ee-bad5-5543fd225cc8 f12e61e4e00c4884a2149d8b62c222a5 e81ddcfb6cb24c6695923dcab8829e85 - - default default] Successfully bumped revision number for resource b63bd87c-9efd-4a6c-a406-4ababdec1436 (type: security_group_rules) to 0
2026-05-28 22:59:50.361 9 INFO neutron.db.ovn_revision_numbers_db [None req-3ee62ea9-6025-4c29-8d0e-f0e56df58318 b52c071e5574492ca99dac47c388a759 a1dc1024322e4c278ee90099a7cb45a7 - - default default] Successfully bumped revision number for resource dad976e0-435d-4f92-994c-6dfe0f17fedf (type: router_ports) to 3
2026-05-28 22:59:50.371 9 INFO neutron.wsgi [None req-3ee62ea9-6025-4c29-8d0e-f0e56df58318 b52c071e5574492ca99dac47c388a759 a1dc1024322e4c278ee90099a7cb45a7 - - default default] 10.0.0.99 "PUT /v2.0/routers/7f72b1be-b132-47e2-afba-8c16ae6054a1/add_router_interface HTTP/1.1" status: 200 len: 503 time: 2.7909386
2026-05-28 22:59:50.383 9 INFO neutron.wsgi [None req-4121d73f-5041-46ee-bad5-5543fd225cc8 f12e61e4e00c4884a2149d8b62c222a5 e81ddcfb6cb24c6695923dcab8829e85 - - default default] 10.0.0.99 "GET /v2.0/security-groups?tenant_id=ae099ee805af49d5861cb86729288654&name=default HTTP/1.1" status: 200 len: 3120 time: 0.3298950
2026-05-28 22:59:50.418 10 INFO neutron.wsgi [None req-13a819c6-4815-4e72-84fc-58d61bc2c8e3 b52c071e5574492ca99dac47c388a759 a1dc1024322e4c278ee90099a7cb45a7 - - default default] 10.0.0.99 "GET /v2.0/ports/dad976e0-435d-4f92-994c-6dfe0f17fedf HTTP/1.1" status: 200 len: 1216 time: 0.0399289
2026-05-28 22:59:50.642 9 INFO neutron.wsgi [None req-86774ae8-afb7-4c52-a8fc-2d8e261a3fc9 f12e61e4e00c4884a2149d8b62c222a5 e81ddcfb6cb24c6695923dcab8829e85 - - default default] 10.0.0.99 "DELETE /v2.0/security-groups/06bedd83-7787-4c50-90ad-399c0cdba9c8 HTTP/1.1" status: 204 len: 168 time: 0.2535620
2026-05-28 22:59:51.472 10 INFO neutron.wsgi [None req-50c72c48-2b87-4bb6-ac17-af755ac5e374 b52c071e5574492ca99dac47c388a759 a1dc1024322e4c278ee90099a7cb45a7 - - default default] 10.0.0.99 "PUT /v2.0/routers/7f72b1be-b132-47e2-afba-8c16ae6054a1/remove_router_interface HTTP/1.1" status: 200 len: 503 time: 1.0481250 /var/lib/openstack/lib/python3.10/site-packages/pycadf/identifier.py:71: UserWarning: Invalid uuid: neutron. To ensure interoperability, identifiers should be a valid uuid. warnings.warn(('Invalid uuid: %s. To ensure interoperability, '
2026-05-28 22:59:51.555 10 INFO neutron.api.v2.resource [None req-75eadc8b-221b-4ed9-9084-2fb604de34a8 b52c071e5574492ca99dac47c388a759 a1dc1024322e4c278ee90099a7cb45a7 - - default default] remove_router_interface failed (client error): The resource could not be found.
2026-05-28 22:59:51.556 10 INFO neutron.wsgi [None req-75eadc8b-221b-4ed9-9084-2fb604de34a8 b52c071e5574492ca99dac47c388a759 a1dc1024322e4c278ee90099a7cb45a7 - - default default] 10.0.0.99 "PUT /v2.0/routers/7f72b1be-b132-47e2-afba-8c16ae6054a1/remove_router_interface HTTP/1.1" status: 404 len: 398 time: 0.0798635
2026-05-28 22:59:51.585 10 INFO neutron.wsgi [None req-5050ddd2-d0d7-47fa-92f2-29f02d643416 b52c071e5574492ca99dac47c388a759 a1dc1024322e4c278ee90099a7cb45a7 - - default default] 10.0.0.99 "GET /v2.0/ports?device_id=7f72b1be-b132-47e2-afba-8c16ae6054a1 HTTP/1.1" status: 200 len: 205 time: 0.0227504
2026-05-28 22:59:51.879 10 INFO neutron.wsgi [None req-421f57e2-9a4f-473e-847c-4f0782c51025 b52c071e5574492ca99dac47c388a759 a1dc1024322e4c278ee90099a7cb45a7 - - default default] 10.0.0.99 "DELETE /v2.0/routers/7f72b1be-b132-47e2-afba-8c16ae6054a1 HTTP/1.1" status: 204 len: 168 time: 0.2899096
2026-05-28 22:59:52.064 10 INFO neutron.wsgi [None req-eec811e8-c8f0-439c-9b10-96525e14039a b52c071e5574492ca99dac47c388a759 a1dc1024322e4c278ee90099a7cb45a7 - - default default] 10.0.0.99 "DELETE /v2.0/subnets/2235a89b-dedb-4062-b750-90abdea63d0d HTTP/1.1" status: 204 len: 168 time: 0.1778479
2026-05-28 22:59:52.421 10 INFO neutron.services.segments.plugin [-] Segment 2bc208f9-1d22-4e09-a20a-e3ba820111e5 resource provider aggregate not found
2026-05-28 22:59:52.427 10 INFO neutron.services.segments.plugin [-] Segment 2bc208f9-1d22-4e09-a20a-e3ba820111e5 resource provider aggregate not found
2026-05-28 22:59:52.442 10 INFO neutron.services.segments.plugin [-] Segment 2bc208f9-1d22-4e09-a20a-e3ba820111e5 resource provider not found; error: Placement Client Error (4xx): {"errors": [{"status": 404, "title": "Not Found", "detail": "The resource could not be found.\n\n No resource provider with uuid 2bc208f9-1d22-4e09-a20a-e3ba820111e5 found for delete ", "request_id": "req-68253809-ea9d-47fc-b6ba-cb6055940db5"}]}
2026-05-28 22:59:52.447 10 INFO neutron.services.segments.plugin [-] Segment 2bc208f9-1d22-4e09-a20a-e3ba820111e5 resource provider not found; error: Placement Client Error (4xx): {"errors": [{"status": 404, "title": "Not Found", "detail": "The resource could not be found.\n\n No resource provider with uuid 2bc208f9-1d22-4e09-a20a-e3ba820111e5 found for delete ", "request_id": "req-d5da1c5f-a510-4e77-9edc-27201d3ab6ab"}]}
2026-05-28 22:59:52.457 10 INFO neutron.wsgi [None req-c7fc32ea-72cf-4979-aba3-8fb0416c8177 b52c071e5574492ca99dac47c388a759 a1dc1024322e4c278ee90099a7cb45a7 - - default default] 10.0.0.99 "DELETE /v2.0/networks/440a9b68-887e-4462-843a-270f53950e24 HTTP/1.1" status: 204 len: 168 time: 0.3864727
2026-05-28 22:59:52.468 10 WARNING neutron_lib.context [None req-25dce00e-39d9-4f5f-b79b-39f3e97681ea b52c071e5574492ca99dac47c388a759 a1dc1024322e4c278ee90099a7cb45a7 - - default default] Method 'is_advsvc' is deprecated since 2023.2 release (neutron-lib 3.8.0) and will be removed once support for the old RBAC API policies will be removed from Neutron. Please use method 'is_service_role' instead.
2026-05-28 22:59:52.561 10 INFO neutron.db.segments_db [None req-25dce00e-39d9-4f5f-b79b-39f3e97681ea b52c071e5574492ca99dac47c388a759 a1dc1024322e4c278ee90099a7cb45a7 - - default default] Added segment 9c4f618d-93c0-4559-8ded-d080716f81d1 of type geneve for network dcd37d13-ecef-443a-8394-1e766b7325f1
2026-05-28 22:59:52.566 9 WARNING neutron_lib.context [None req-a7a81011-583b-4621-9411-7f6849e8d05f b4a9ce3c1af3474d8c24dc399e747397 dfcd877038e84ab1a1d519c1b54841e7 - - default default] Method 'is_advsvc' is deprecated since 2023.2 release (neutron-lib 3.8.0) and will be removed once support for the old RBAC API policies will be removed from Neutron. Please use method 'is_service_role' instead.
2026-05-28 22:59:52.567 9 WARNING neutron_lib.context [None req-a7a81011-583b-4621-9411-7f6849e8d05f b4a9ce3c1af3474d8c24dc399e747397 dfcd877038e84ab1a1d519c1b54841e7 - - default default] Method 'is_advsvc' is deprecated since 2023.2 release (neutron-lib 3.8.0) and will be removed once support for the old RBAC API policies will be removed from Neutron. Please use method 'is_service_role' instead.
2026-05-28 22:59:52.747 10 INFO neutron.db.ovn_revision_numbers_db [None req-25dce00e-39d9-4f5f-b79b-39f3e97681ea b52c071e5574492ca99dac47c388a759 a1dc1024322e4c278ee90099a7cb45a7 - - default default] Successfully bumped revision number for resource dcd37d13-ecef-443a-8394-1e766b7325f1 (type: networks) to 1
2026-05-28 22:59:52.750 9 INFO neutron.db.ovn_revision_numbers_db [None req-a7a81011-583b-4621-9411-7f6849e8d05f b4a9ce3c1af3474d8c24dc399e747397 dfcd877038e84ab1a1d519c1b54841e7 - - default default] Successfully bumped revision number for resource 5a3690aa-5a53-4b2e-bcbc-ad9ff2e1591d (type: security_groups) to 1
2026-05-28 22:59:52.771 9 INFO neutron.db.ovn_revision_numbers_db [None req-a7a81011-583b-4621-9411-7f6849e8d05f b4a9ce3c1af3474d8c24dc399e747397 dfcd877038e84ab1a1d519c1b54841e7 - - default default] Successfully bumped revision number for resource 419c469e-69cd-48ec-8763-366603d47cd1 (type: security_group_rules) to 0
2026-05-28 22:59:52.789 9 INFO neutron.db.ovn_revision_numbers_db [None req-a7a81011-583b-4621-9411-7f6849e8d05f b4a9ce3c1af3474d8c24dc399e747397 dfcd877038e84ab1a1d519c1b54841e7 - - default default] Successfully bumped revision number for resource 5fceea62-0a3d-4784-b6a1-05abf55e327f (type: security_group_rules) to 0
2026-05-28 22:59:52.808 9 INFO neutron.db.ovn_revision_numbers_db [None req-a7a81011-583b-4621-9411-7f6849e8d05f b4a9ce3c1af3474d8c24dc399e747397 dfcd877038e84ab1a1d519c1b54841e7 - - default default] Successfully bumped revision number for resource 6504fe04-8c09-4c10-b407-709e6ad0abef (type: security_group_rules) to 0
2026-05-28 22:59:52.825 9 INFO neutron.db.ovn_revision_numbers_db [None req-a7a81011-583b-4621-9411-7f6849e8d05f b4a9ce3c1af3474d8c24dc399e747397 dfcd877038e84ab1a1d519c1b54841e7 - - default default] Successfully bumped revision number for resource d1980d5e-cfc1-4129-8796-c5db89e72a6d (type: security_group_rules) to 0
2026-05-28 22:59:52.911 9 INFO neutron.db.segments_db [None req-a7a81011-583b-4621-9411-7f6849e8d05f b4a9ce3c1af3474d8c24dc399e747397 dfcd877038e84ab1a1d519c1b54841e7 - - default default] Added segment 03361841-1652-451d-9d30-646d2bf66c71 of type geneve for network b84481e4-da1d-4f26-8a00-062369ffca95
2026-05-28 22:59:52.967 10 WARNING neutron.scheduler.dhcp_agent_scheduler [None req-25dce00e-39d9-4f5f-b79b-39f3e97681ea b52c071e5574492ca99dac47c388a759 a1dc1024322e4c278ee90099a7cb45a7 - - default default] No more DHCP agents
2026-05-28 22:59:52.970 10 WARNING neutron.api.rpc.agentnotifiers.dhcp_rpc_agent_api [None req-25dce00e-39d9-4f5f-b79b-39f3e97681ea b52c071e5574492ca99dac47c388a759 a1dc1024322e4c278ee90099a7cb45a7 - - default default] Unable to schedule network dcd37d13-ecef-443a-8394-1e766b7325f1: no agents available; will retry on subsequent port and subnet creation events.
2026-05-28 22:59:53.071 9 INFO neutron.db.segments_db [None req-a7a81011-583b-4621-9411-7f6849e8d05f b4a9ce3c1af3474d8c24dc399e747397 dfcd877038e84ab1a1d519c1b54841e7 - - default default] Added segment 005651d6-c80b-4aba-b5dc-2b5a616fa4b8 of type geneve for network 59462016-bf0f-4d6a-a5e7-7c509bb91a81
2026-05-28 22:59:53.097 10 INFO neutron.db.ovn_revision_numbers_db [None req-25dce00e-39d9-4f5f-b79b-39f3e97681ea b52c071e5574492ca99dac47c388a759 a1dc1024322e4c278ee90099a7cb45a7 - - default default] Successfully bumped revision number for resource 07dc75f3-4882-464d-ace6-7d13c56e6b64 (type: ports) to 1
2026-05-28 22:59:53.125 10 INFO neutron.wsgi [None req-25dce00e-39d9-4f5f-b79b-39f3e97681ea b52c071e5574492ca99dac47c388a759 a1dc1024322e4c278ee90099a7cb45a7 - - default default] 10.0.0.99 "POST /v2.0/networks HTTP/1.1" status: 201 len: 833 time: 0.6620815
2026-05-28 22:59:53.139 10 WARNING neutron_lib.context [None req-d39fc03e-4344-46b5-9802-83962e1bf7ed b52c071e5574492ca99dac47c388a759 a1dc1024322e4c278ee90099a7cb45a7 - - default default] Method 'is_advsvc' is deprecated since 2023.2 release (neutron-lib 3.8.0) and will be removed once support for the old RBAC API policies will be removed from Neutron. Please use method 'is_service_role' instead.
2026-05-28 22:59:53.230 9 INFO neutron.db.ovn_revision_numbers_db [None req-a7a81011-583b-4621-9411-7f6849e8d05f b4a9ce3c1af3474d8c24dc399e747397 dfcd877038e84ab1a1d519c1b54841e7 - - default default] Successfully bumped revision number for resource b84481e4-da1d-4f26-8a00-062369ffca95 (type: networks) to 1
2026-05-28 22:59:53.423 10 WARNING neutron_lib.context [None req-f3d72032-e13a-4653-b2af-65664d88c480 806c3e05355249b6bbd7648b71b05ab1 b4853f7e576a4e0e971d923054682948 - - default default] Method 'is_advsvc' is deprecated since 2023.2 release (neutron-lib 3.8.0) and will be removed once support for the old RBAC API policies will be removed from Neutron. Please use method 'is_service_role' instead.
2026-05-28 22:59:53.438 10 WARNING neutron.scheduler.dhcp_agent_scheduler [None req-d39fc03e-4344-46b5-9802-83962e1bf7ed b52c071e5574492ca99dac47c388a759 a1dc1024322e4c278ee90099a7cb45a7 - - default default] No more DHCP agents
2026-05-28 22:59:53.444 10 WARNING neutron.api.rpc.agentnotifiers.dhcp_rpc_agent_api [None req-d39fc03e-4344-46b5-9802-83962e1bf7ed b52c071e5574492ca99dac47c388a759 a1dc1024322e4c278ee90099a7cb45a7 - - default default] Unable to schedule network dcd37d13-ecef-443a-8394-1e766b7325f1: no agents available; will retry on subsequent port and subnet creation events.
2026-05-28 22:59:53.445 9 WARNING neutron.scheduler.dhcp_agent_scheduler [None req-a7a81011-583b-4621-9411-7f6849e8d05f b4a9ce3c1af3474d8c24dc399e747397 dfcd877038e84ab1a1d519c1b54841e7 - - default default] No more DHCP agents
2026-05-28 22:59:53.453 9 WARNING neutron.api.rpc.agentnotifiers.dhcp_rpc_agent_api [None req-a7a81011-583b-4621-9411-7f6849e8d05f b4a9ce3c1af3474d8c24dc399e747397 dfcd877038e84ab1a1d519c1b54841e7 - - default default] Unable to schedule network b84481e4-da1d-4f26-8a00-062369ffca95: no agents available; will retry on subsequent port and subnet creation events.
2026-05-28 22:59:53.487 10 INFO neutron.db.ovn_revision_numbers_db [None req-d39fc03e-4344-46b5-9802-83962e1bf7ed b52c071e5574492ca99dac47c388a759 a1dc1024322e4c278ee90099a7cb45a7 - - default default] Successfully bumped revision number for resource 9dba754f-d6c2-4dca-8cea-580f0df03394 (type: subnets) to 0
2026-05-28 22:59:53.512 10 INFO neutron.wsgi [None req-d39fc03e-4344-46b5-9802-83962e1bf7ed b52c071e5574492ca99dac47c388a759 a1dc1024322e4c278ee90099a7cb45a7 - - default default] 10.0.0.99 "POST /v2.0/subnets HTTP/1.1" status: 201 len: 821 time: 0.3797069
2026-05-28 22:59:53.529 10 WARNING neutron_lib.context [None req-1bbd12be-a4ce-4ae5-ab0e-d344a777bd62 b52c071e5574492ca99dac47c388a759 a1dc1024322e4c278ee90099a7cb45a7 - - default default] Method 'is_advsvc' is deprecated since 2023.2 release (neutron-lib 3.8.0) and will be removed once support for the old RBAC API policies will be removed from Neutron. Please use method 'is_service_role' instead.
2026-05-28 22:59:53.586 9 INFO neutron.db.ovn_revision_numbers_db [None req-a7a81011-583b-4621-9411-7f6849e8d05f b4a9ce3c1af3474d8c24dc399e747397 dfcd877038e84ab1a1d519c1b54841e7 - - default default] Successfully bumped revision number for resource eb508f6d-c2c3-4534-96ea-7f483e6b8353 (type: ports) to 1
2026-05-28 22:59:53.629 10 INFO neutron.wsgi [-] 10.0.0.134 "GET / HTTP/1.1" status: 200 len: 247 time: 0.0031130
2026-05-28 22:59:53.631 10 INFO neutron.wsgi [-] 10.0.0.134 "GET / HTTP/1.1" status: 200 len: 247 time: 0.0010417
2026-05-28 22:59:53.682 9 INFO neutron.db.ovn_revision_numbers_db [None req-a7a81011-583b-4621-9411-7f6849e8d05f b4a9ce3c1af3474d8c24dc399e747397 dfcd877038e84ab1a1d519c1b54841e7 - - default default] Successfully bumped revision number for resource 59462016-bf0f-4d6a-a5e7-7c509bb91a81 (type: networks) to 1
2026-05-28 22:59:53.686 10 INFO neutron.db.ovn_revision_numbers_db [None req-f3d72032-e13a-4653-b2af-65664d88c480 806c3e05355249b6bbd7648b71b05ab1 b4853f7e576a4e0e971d923054682948 - - default default] Successfully bumped revision number for resource 6e238d38-ab9d-49b8-b088-06258296727b (type: security_groups) to 1
2026-05-28 22:59:53.696 10 INFO neutron.db.ovn_revision_numbers_db [None req-1bbd12be-a4ce-4ae5-ab0e-d344a777bd62 b52c071e5574492ca99dac47c388a759 a1dc1024322e4c278ee90099a7cb45a7 - - default default] Successfully bumped revision number for resource 2b7342bd-a527-4b02-baa8-caffd2ec8af1 (type: routers) to 1
2026-05-28 22:59:53.703 10 INFO neutron.db.ovn_revision_numbers_db [None req-f3d72032-e13a-4653-b2af-65664d88c480 806c3e05355249b6bbd7648b71b05ab1 b4853f7e576a4e0e971d923054682948 - - default default] Successfully bumped revision number for resource 5d2d3aa3-17a2-46ae-916c-7d09374c4c27 (type: security_group_rules) to 0
2026-05-28 22:59:53.715 10 INFO neutron.wsgi [None req-1bbd12be-a4ce-4ae5-ab0e-d344a777bd62 b52c071e5574492ca99dac47c388a759 a1dc1024322e4c278ee90099a7cb45a7 - - default default] 10.0.0.99 "POST /v2.0/routers HTTP/1.1" status: 201 len: 805 time: 0.1914902
2026-05-28 22:59:53.726 10 INFO neutron.db.ovn_revision_numbers_db [None req-f3d72032-e13a-4653-b2af-65664d88c480 806c3e05355249b6bbd7648b71b05ab1 b4853f7e576a4e0e971d923054682948 - - default default] Successfully bumped revision number for resource 9aef85d3-07ee-4882-822a-8b0748aa8587 (type: security_group_rules) to 0
2026-05-28 22:59:53.774 10 INFO neutron.db.ovn_revision_numbers_db [None req-f3d72032-e13a-4653-b2af-65664d88c480 806c3e05355249b6bbd7648b71b05ab1 b4853f7e576a4e0e971d923054682948 - - default default] Successfully bumped revision number for resource f3129534-f565-4bd7-a149-79976fedb19d (type: security_group_rules) to 0
2026-05-28 22:59:53.822 10 INFO neutron.db.ovn_revision_numbers_db [None req-f3d72032-e13a-4653-b2af-65664d88c480 806c3e05355249b6bbd7648b71b05ab1 b4853f7e576a4e0e971d923054682948 - - default default] Successfully bumped revision number for resource f9e5aa5c-8974-41c2-870a-c3cd7a1af477 (type: security_group_rules) to 0
2026-05-28 22:59:53.865 9 WARNING neutron.scheduler.dhcp_agent_scheduler [None req-a7a81011-583b-4621-9411-7f6849e8d05f b4a9ce3c1af3474d8c24dc399e747397 dfcd877038e84ab1a1d519c1b54841e7 - - default default] No more DHCP agents
2026-05-28 22:59:53.867 9 WARNING neutron.api.rpc.agentnotifiers.dhcp_rpc_agent_api [None req-a7a81011-583b-4621-9411-7f6849e8d05f b4a9ce3c1af3474d8c24dc399e747397 dfcd877038e84ab1a1d519c1b54841e7 - - default default] Unable to schedule network 59462016-bf0f-4d6a-a5e7-7c509bb91a81: no agents available; will retry on subsequent port and subnet creation events.
2026-05-28 22:59:53.976 9 INFO neutron.db.ovn_revision_numbers_db [None req-a7a81011-583b-4621-9411-7f6849e8d05f b4a9ce3c1af3474d8c24dc399e747397 dfcd877038e84ab1a1d519c1b54841e7 - - default default] Successfully bumped revision number for resource baef3077-b0e9-452d-a6b1-628e781aeb39 (type: ports) to 1
2026-05-28 22:59:54.003 9 INFO neutron.wsgi [None req-a7a81011-583b-4621-9411-7f6849e8d05f b4a9ce3c1af3474d8c24dc399e747397 dfcd877038e84ab1a1d519c1b54841e7 - - default default] 10.0.0.99 "POST /v2.0/networks HTTP/1.1" status: 201 len: 1445 time: 1.6689420
2026-05-28 22:59:54.010 10 INFO neutron.db.ovn_revision_numbers_db [None req-f3d72032-e13a-4653-b2af-65664d88c480 806c3e05355249b6bbd7648b71b05ab1 b4853f7e576a4e0e971d923054682948 - - default default] Successfully bumped revision number for resource 95f47c39-988b-4487-80b4-60440b8b6ad9 (type: security_groups) to 1
2026-05-28 22:59:54.089 10 INFO neutron.db.ovn_revision_numbers_db [None req-f3d72032-e13a-4653-b2af-65664d88c480 806c3e05355249b6bbd7648b71b05ab1 b4853f7e576a4e0e971d923054682948 - - default default] Successfully bumped revision number for resource 372f0e24-7060-42d0-b6a6-79604b4cf127 (type: security_group_rules) to 0
2026-05-28 22:59:54.102 9 INFO neutron.wsgi [None req-e941efb4-2da1-4aab-bf41-8441c96d2dcf b4a9ce3c1af3474d8c24dc399e747397 dfcd877038e84ab1a1d519c1b54841e7 - - default default] 10.0.0.99 "GET /v2.0/networks HTTP/1.1" status: 200 len: 2051 time: 0.0920081
2026-05-28 22:59:54.113 10 INFO neutron.db.ovn_revision_numbers_db [None req-f3d72032-e13a-4653-b2af-65664d88c480 806c3e05355249b6bbd7648b71b05ab1 b4853f7e576a4e0e971d923054682948 - - default default] Successfully bumped revision number for resource 7c61a903-d161-4327-8d46-b56334c62d9b (type: security_group_rules) to 0
2026-05-28 22:59:54.138 10 INFO neutron.wsgi [None req-f3d72032-e13a-4653-b2af-65664d88c480 806c3e05355249b6bbd7648b71b05ab1 b4853f7e576a4e0e971d923054682948 - - default default] 10.0.0.99 "POST /v2.0/security-groups HTTP/1.1" status: 201 len: 1801 time: 0.8167410
2026-05-28 22:59:54.200 9 INFO neutron.wsgi [None req-57ab6b1e-716e-48cc-b119-25ea41c2d31d 806c3e05355249b6bbd7648b71b05ab1 b4853f7e576a4e0e971d923054682948 - - default default] 10.0.0.99 "PUT /v2.0/security-groups/95f47c39-988b-4487-80b4-60440b8b6ad9/tags HTTP/1.1" status: 200 len: 218 time: 0.0545530
2026-05-28 22:59:54.247 10 INFO neutron.wsgi [None req-cb8d561f-ef39-4311-a9b0-575aca4fca23 806c3e05355249b6bbd7648b71b05ab1 b4853f7e576a4e0e971d923054682948 - - default default] 10.0.0.99 "GET /v2.0/security-groups/95f47c39-988b-4487-80b4-60440b8b6ad9/tags HTTP/1.1" status: 200 len: 218 time: 0.0405631
2026-05-28 22:59:54.329 9 INFO neutron.wsgi [None req-a228f173-fec8-4a00-a637-735bdf57f27f 806c3e05355249b6bbd7648b71b05ab1 b4853f7e576a4e0e971d923054682948 - - default default] 10.0.0.99 "PUT /v2.0/security-groups/95f47c39-988b-4487-80b4-60440b8b6ad9/tags/green HTTP/1.1" status: 201 len: 201 time: 0.0761364
2026-05-28 22:59:54.366 10 WARNING neutron.scheduler.dhcp_agent_scheduler [None req-1faef8d2-4da1-4c43-92e4-430cacfd3727 b52c071e5574492ca99dac47c388a759 a1dc1024322e4c278ee90099a7cb45a7 - - default default] No more DHCP agents
2026-05-28 22:59:54.368 10 WARNING neutron.api.rpc.agentnotifiers.dhcp_rpc_agent_api [None req-1faef8d2-4da1-4c43-92e4-430cacfd3727 b52c071e5574492ca99dac47c388a759 a1dc1024322e4c278ee90099a7cb45a7 - - default default] Unable to schedule network dcd37d13-ecef-443a-8394-1e766b7325f1: no agents available; will retry on subsequent port and subnet creation events.
2026-05-28 22:59:54.381 9 INFO neutron.wsgi [None req-025d84a3-58fa-4ec7-baf8-6ffae4096992 806c3e05355249b6bbd7648b71b05ab1 b4853f7e576a4e0e971d923054682948 - - default default] 10.0.0.99 "GET /v2.0/security-groups/95f47c39-988b-4487-80b4-60440b8b6ad9/tags HTTP/1.1" status: 200 len: 227 time: 0.0450690
2026-05-28 22:59:54.427 9 INFO neutron.wsgi [None req-de68614c-fc7f-42be-8ac9-5aaf22ffed47 806c3e05355249b6bbd7648b71b05ab1 b4853f7e576a4e0e971d923054682948 - - default default] 10.0.0.99 "PUT /v2.0/security-groups/95f47c39-988b-4487-80b4-60440b8b6ad9/tags/red HTTP/1.1" status: 201 len: 201 time: 0.0418081
2026-05-28 22:59:54.482 10 INFO neutron.wsgi [None req-6558ba8c-1bee-4e98-bd89-cc2313bc7b8a 806c3e05355249b6bbd7648b71b05ab1 b4853f7e576a4e0e971d923054682948 - - default default] 10.0.0.99 "GET /v2.0/security-groups/95f47c39-988b-4487-80b4-60440b8b6ad9/tags HTTP/1.1" status: 200 len: 227 time: 0.0490944
2026-05-28 22:59:54.508 9 WARNING neutron.plugins.ml2.drivers.ovn.mech_driver.ovsdb.ovn_client [None req-ef87392d-284c-4696-a878-2dbe87bf039a - - - - - -] No port found with ID dad976e0-435d-4f92-994c-6dfe0f17fedf: RuntimeError: No port found with ID dad976e0-435d-4f92-994c-6dfe0f17fedf
2026-05-28 22:59:54.518 10 INFO neutron.db.ovn_revision_numbers_db [None req-b4eaeaef-df50-4399-a128-eb784b15409d f12e61e4e00c4884a2149d8b62c222a5 e81ddcfb6cb24c6695923dcab8829e85 - - default default] Successfully bumped revision number for resource caa2fd3d-9d4a-4c3d-9697-d76712352d94 (type: security_groups) to 1
2026-05-28 22:59:54.540 10 INFO neutron.db.ovn_revision_numbers_db [None req-b4eaeaef-df50-4399-a128-eb784b15409d f12e61e4e00c4884a2149d8b62c222a5 e81ddcfb6cb24c6695923dcab8829e85 - - default default] Successfully bumped revision number for resource 0733558d-024d-4111-97c8-d6233f202119 (type: security_group_rules) to 0
2026-05-28 22:59:54.549 9 INFO neutron.wsgi [None req-09d2281d-abf7-4fd6-8113-9b096eb0ecf9 806c3e05355249b6bbd7648b71b05ab1 b4853f7e576a4e0e971d923054682948 - - default default] 10.0.0.99 "PUT /v2.0/security-groups/95f47c39-988b-4487-80b4-60440b8b6ad9/tags/black.or.white HTTP/1.1" status: 201 len: 201 time: 0.0531702
2026-05-28 22:59:54.564 10 INFO neutron.db.ovn_revision_numbers_db [None req-b4eaeaef-df50-4399-a128-eb784b15409d f12e61e4e00c4884a2149d8b62c222a5 e81ddcfb6cb24c6695923dcab8829e85 - - default default] Successfully bumped revision number for resource b3407cb6-d80f-40ef-b6f5-8380737f55da (type: security_group_rules) to 0
2026-05-28 22:59:54.566 10 INFO neutron.db.ovn_revision_numbers_db [None req-1faef8d2-4da1-4c43-92e4-430cacfd3727 b52c071e5574492ca99dac47c388a759 a1dc1024322e4c278ee90099a7cb45a7 - - default default] Successfully bumped revision number for resource 819a6390-d96f-4cf3-aa92-b884b5b9532f (type: ports) to 1
2026-05-28 22:59:54.598 10 INFO neutron.db.ovn_revision_numbers_db [None req-b4eaeaef-df50-4399-a128-eb784b15409d f12e61e4e00c4884a2149d8b62c222a5 e81ddcfb6cb24c6695923dcab8829e85 - - default default] Successfully bumped revision number for resource b58a2398-26a2-4290-9eac-aa1e0d2487ad (type: security_group_rules) to 0
2026-05-28 22:59:54.603 10 INFO neutron.wsgi [None req-c8eedfc4-67e8-46fe-8c9c-7b104de975b3 806c3e05355249b6bbd7648b71b05ab1 b4853f7e576a4e0e971d923054682948 - - default default] 10.0.0.99 "GET /v2.0/security-groups/95f47c39-988b-4487-80b4-60440b8b6ad9/tags HTTP/1.1" status: 200 len: 245 time: 0.0474725
2026-05-28 22:59:54.616 9 INFO neutron.services.segments.plugin [-] Segment 03361841-1652-451d-9d30-646d2bf66c71 resource provider aggregate not found
2026-05-28 22:59:54.620 9 INFO neutron.services.segments.plugin [-] Segment 03361841-1652-451d-9d30-646d2bf66c71 resource provider aggregate not found
2026-05-28 22:59:54.633 10 INFO neutron.db.ovn_revision_numbers_db [None req-b4eaeaef-df50-4399-a128-eb784b15409d f12e61e4e00c4884a2149d8b62c222a5 e81ddcfb6cb24c6695923dcab8829e85 - - default default] Successfully bumped revision number for resource e61b5381-0e21-4846-bba8-d84198033c0d (type: security_group_rules) to 0
2026-05-28 22:59:54.634 9 INFO neutron.services.segments.plugin [-] Segment 03361841-1652-451d-9d30-646d2bf66c71 resource provider not found; error: Placement Client Error (4xx): {"errors": [{"status": 404, "title": "Not Found", "detail": "The resource could not be found.\n\n No resource provider with uuid 03361841-1652-451d-9d30-646d2bf66c71 found for delete ", "request_id": "req-3d88c2f0-b0b5-410e-9eea-661ca98b346c"}]}
2026-05-28 22:59:54.638 9 INFO neutron.services.segments.plugin [-] Segment 03361841-1652-451d-9d30-646d2bf66c71 resource provider not found; error: Placement Client Error (4xx): {"errors": [{"status": 404, "title": "Not Found", "detail": "The resource could not be found.\n\n No resource provider with uuid 03361841-1652-451d-9d30-646d2bf66c71 found for delete ", "request_id": "req-f7bd2f4f-4c5c-4c3a-a166-d3fef6a7e3e9"}]}
2026-05-28 22:59:54.663 9 INFO neutron.wsgi [None req-c775a926-02b5-47e2-9560-4300167c8029 b4a9ce3c1af3474d8c24dc399e747397 dfcd877038e84ab1a1d519c1b54841e7 - - default default] 10.0.0.99 "DELETE /v2.0/networks/b84481e4-da1d-4f26-8a00-062369ffca95 HTTP/1.1" status: 204 len: 168 time: 0.5548198
2026-05-28 22:59:55.010 10 INFO neutron.wsgi [None req-b4eaeaef-df50-4399-a128-eb784b15409d f12e61e4e00c4884a2149d8b62c222a5 e81ddcfb6cb24c6695923dcab8829e85 - - default default] 10.0.0.99 "GET /v2.0/security-groups?tenant_id=291a143f76a643d58076b47d97350b13&name=default HTTP/1.1" status: 200 len: 3120 time: 0.8454211
2026-05-28 22:59:55.044 10 INFO neutron.wsgi [None req-ef3aaf33-19df-49af-85a1-b911b6eef5ee 806c3e05355249b6bbd7648b71b05ab1 b4853f7e576a4e0e971d923054682948 - - default default] 10.0.0.99 "PUT /v2.0/security-groups/95f47c39-988b-4487-80b4-60440b8b6ad9/tags HTTP/1.1" status: 200 len: 230 time: 0.4374888
2026-05-28 22:59:55.102 9 INFO neutron.wsgi [None req-73f1fa07-23b1-4dc4-b3af-2ea75bbb2257 806c3e05355249b6bbd7648b71b05ab1 b4853f7e576a4e0e971d923054682948 - - default default] 10.0.0.99 "GET /v2.0/security-groups/95f47c39-988b-4487-80b4-60440b8b6ad9/tags HTTP/1.1" status: 200 len: 230 time: 0.0501328
2026-05-28 22:59:55.135 9 INFO neutron.wsgi [None req-f1c80abd-0295-418e-9be6-9a18d7ac3050 b4a9ce3c1af3474d8c24dc399e747397 dfcd877038e84ab1a1d519c1b54841e7 - - default default] 10.0.0.99 "DELETE /v2.0/networks/59462016-bf0f-4d6a-a5e7-7c509bb91a81 HTTP/1.1" status: 204 len: 168 time: 0.4657798
2026-05-28 22:59:55.158 9 INFO neutron.wsgi [None req-11a74a44-c9ea-4f69-a1f7-695791f40607 806c3e05355249b6bbd7648b71b05ab1 b4853f7e576a4e0e971d923054682948 - - default default] 10.0.0.99 "GET /v2.0/security-groups/95f47c39-988b-4487-80b4-60440b8b6ad9/tags/red HTTP/1.1" status: 204 len: 168 time: 0.0494409
2026-05-28 22:59:55.215 9 INFO neutron.api.v2.resource [None req-82d4b215-56dd-4913-8048-b5e7d96a79be 806c3e05355249b6bbd7648b71b05ab1 b4853f7e576a4e0e971d923054682948 - - default default] show failed (client error): The resource could not be found.
2026-05-28 22:59:55.216 9 INFO neutron.wsgi [None req-82d4b215-56dd-4913-8048-b5e7d96a79be 806c3e05355249b6bbd7648b71b05ab1 b4853f7e576a4e0e971d923054682948 - - default default] 10.0.0.99 "GET /v2.0/security-groups/95f47c39-988b-4487-80b4-60440b8b6ad9/tags/green HTTP/1.1" status: 404 len: 299 time: 0.0513217
2026-05-28 22:59:55.240 9 INFO neutron.wsgi [None req-2c8bf058-6f8c-4705-9c0d-c2d686d3bfbd b4a9ce3c1af3474d8c24dc399e747397 dfcd877038e84ab1a1d519c1b54841e7 - - default default] 10.0.0.99 "GET /v2.0/networks HTTP/1.1" status: 200 len: 845 time: 0.0950208
2026-05-28 22:59:55.254 9 WARNING neutron_lib.context [None req-86fca293-51da-47ad-b144-c880ddc900c2 b4a9ce3c1af3474d8c24dc399e747397 dfcd877038e84ab1a1d519c1b54841e7 - - default default] Method 'is_advsvc' is deprecated since 2023.2 release (neutron-lib 3.8.0) and will be removed once support for the old RBAC API policies will be removed from Neutron. Please use method 'is_service_role' instead.
2026-05-28 22:59:55.280 10 INFO neutron.wsgi [None req-0d4ba6d0-4744-4ed5-afe2-a3f2182bbff1 806c3e05355249b6bbd7648b71b05ab1 b4853f7e576a4e0e971d923054682948 - - default default] 10.0.0.99 "DELETE /v2.0/security-groups/95f47c39-988b-4487-80b4-60440b8b6ad9/tags/red HTTP/1.1" status: 204 len: 168 time: 0.0563400
2026-05-28 22:59:55.319 9 INFO neutron.wsgi [None req-afb1bdc7-c83a-425d-a5c5-0dcd815af812 806c3e05355249b6bbd7648b71b05ab1 b4853f7e576a4e0e971d923054682948 - - default default] 10.0.0.99 "GET /v2.0/security-groups/95f47c39-988b-4487-80b4-60440b8b6ad9/tags HTTP/1.1" status: 200 len: 223 time: 0.0311170
2026-05-28 22:59:55.355 9 INFO neutron.wsgi [None req-b2c54520-49e2-4675-a03e-8d7167b7c8fa f12e61e4e00c4884a2149d8b62c222a5 e81ddcfb6cb24c6695923dcab8829e85 - - default default] 10.0.0.99 "DELETE /v2.0/security-groups/caa2fd3d-9d4a-4c3d-9697-d76712352d94 HTTP/1.1" status: 204 len: 168 time: 0.3376827
2026-05-28 22:59:55.366 9 INFO neutron.db.segments_db [None req-86fca293-51da-47ad-b144-c880ddc900c2 b4a9ce3c1af3474d8c24dc399e747397 dfcd877038e84ab1a1d519c1b54841e7 - - default default] Added segment 81306ca2-6cb3-400f-ad0c-fbea5d45ecbf of type geneve for network 730b21ce-9213-448b-bc12-0fd14dc59a62
2026-05-28 22:59:55.367 9 INFO neutron.api.v2.resource [None req-07f0cad2-22f2-4a51-922b-1209bc76b3ae 806c3e05355249b6bbd7648b71b05ab1 b4853f7e576a4e0e971d923054682948 - - default default] delete failed (client error): The resource could not be found.
2026-05-28 22:59:55.368 9 INFO neutron.wsgi [None req-07f0cad2-22f2-4a51-922b-1209bc76b3ae 806c3e05355249b6bbd7648b71b05ab1 b4853f7e576a4e0e971d923054682948 - - default default] 10.0.0.99 "DELETE /v2.0/security-groups/95f47c39-988b-4487-80b4-60440b8b6ad9/tags/green HTTP/1.1" status: 404 len: 299 time: 0.0427570
2026-05-28 22:59:55.428 10 ERROR ovsdbapp.backend.ovs_idl.command [None req-1faef8d2-4da1-4c43-92e4-430cacfd3727 b52c071e5574492ca99dac47c388a759 a1dc1024322e4c278ee90099a7cb45a7 - - default default] Error executing command (DbGetCommand): ovsdbapp.backend.ovs_idl.idlutils.RowNotFound: Cannot find Logical_Router_Port with name=lrp-819a6390-d96f-4cf3-aa92-b884b5b9532f
2026-05-28 22:59:55.428 10 ERROR ovsdbapp.backend.ovs_idl.command
Traceback (most recent call last):
2026-05-28 22:59:55.428 10 ERROR ovsdbapp.backend.ovs_idl.command
File "/var/lib/openstack/lib/python3.10/site-packages/ovsdbapp/backend/ovs_idl/command.py", line 47, in execute
2026-05-28 22:59:55.428 10 ERROR ovsdbapp.backend.ovs_idl.command self.run_idl(None)
2026-05-28 22:59:55.428 10 ERROR ovsdbapp.backend.ovs_idl.command
File "/var/lib/openstack/lib/python3.10/site-packages/ovsdbapp/backend/ovs_idl/command.py", line 235, in run_idl
2026-05-28 22:59:55.428 10 ERROR ovsdbapp.backend.ovs_idl.command record = self.api.lookup(self.table, self.record)
2026-05-28 22:59:55.428 10 ERROR ovsdbapp.backend.ovs_idl.command
File "/var/lib/openstack/lib/python3.10/site-packages/ovsdbapp/backend/ovs_idl/__init__.py", line 184, in lookup
2026-05-28 22:59:55.428 10 ERROR ovsdbapp.backend.ovs_idl.command return self._lookup(table, record)
2026-05-28 22:59:55.428 10 ERROR ovsdbapp.backend.ovs_idl.command
File "/var/lib/openstack/lib/python3.10/site-packages/ovsdbapp/backend/ovs_idl/__init__.py", line 235, in _lookup
2026-05-28 22:59:55.428 10 ERROR ovsdbapp.backend.ovs_idl.command row = idlutils.row_by_value(self, rl.table, rl.column, record)
2026-05-28 22:59:55.428 10 ERROR ovsdbapp.backend.ovs_idl.command
File "/var/lib/openstack/lib/python3.10/site-packages/ovsdbapp/backend/ovs_idl/idlutils.py", line 114, in row_by_value
2026-05-28 22:59:55.428 10 ERROR ovsdbapp.backend.ovs_idl.command raise RowNotFound(table=table, col=column, match=match)
2026-05-28 22:59:55.428 10 ERROR ovsdbapp.backend.ovs_idl.command ovsdbapp.backend.ovs_idl.idlutils.RowNotFound: Cannot find Logical_Router_Port with name=lrp-819a6390-d96f-4cf3-aa92-b884b5b9532f
2026-05-28 22:59:55.428 10 ERROR ovsdbapp.backend.ovs_idl.command 
