2026-05-28 22:57:55.317 9 INFO neutron.wsgi [req-d6aa410e-b1ad-46bc-8436-2fe5f86eb09e req-b025a6d1-2fa3-4003-8d59-7130cd5f8144 bf746973377e4125bf0fdaf48551a4ca 96f8db49fcda430eb1a26f68333f37f8 - - f90c3c6d40d74f4b8e4ad62d3d4b34e2 f90c3c6d40d74f4b8e4ad62d3d4b34e2] 10.0.0.30 "GET /v2.0/networks/f8fcc013-b021-49fb-acc0-5ecfa57a46b0?fields=segments HTTP/1.1" status: 200 len: 212 time: 0.1289024
2026-05-28 22:57:55.340 9 INFO neutron.wsgi [req-f0c8ab03-8618-4ade-8d9f-af7791fd8937 req-9f2253a2-2972-4eb3-b7fe-6a057b77a216 a417ddc3011846598fa36f876ceb8dd9 2d5c28439afb49549ffcea6f5b7f330f - - default default] 10.0.0.30 "GET /v2.0/quotas/2d5c28439afb49549ffcea6f5b7f330f HTTP/1.1" status: 200 len: 491 time: 0.0307014
2026-05-28 22:57:55.425 9 INFO neutron.services.segments.plugin [-] Segment f6ee9e15-af5e-44cf-9d7b-a49978c933a8 resource provider aggregate not found
2026-05-28 22:57:55.429 9 INFO neutron.services.segments.plugin [-] Segment f6ee9e15-af5e-44cf-9d7b-a49978c933a8 resource provider aggregate not found
2026-05-28 22:57:55.453 9 INFO neutron.services.segments.plugin [-] Segment f6ee9e15-af5e-44cf-9d7b-a49978c933a8 resource provider not found; error: Placement Client Error (4xx): {"errors": [{"status": 404, "title": "Not Found", "detail": "The resource could not be found.\n\n No resource provider with uuid f6ee9e15-af5e-44cf-9d7b-a49978c933a8 found for delete ", "request_id": "req-12a7f086-5cd9-43da-af25-dcc878db74b1"}]}
2026-05-28 22:57:55.466 9 INFO neutron.wsgi [req-d6aa410e-b1ad-46bc-8436-2fe5f86eb09e req-0181af44-9ada-4a86-a576-8358bfd093aa bf746973377e4125bf0fdaf48551a4ca 96f8db49fcda430eb1a26f68333f37f8 - - f90c3c6d40d74f4b8e4ad62d3d4b34e2 f90c3c6d40d74f4b8e4ad62d3d4b34e2] 10.0.0.30 "GET /v2.0/networks/f8fcc013-b021-49fb-acc0-5ecfa57a46b0?fields=provider%3Aphysical_network&fields=provider%3Anetwork_type HTTP/1.1" status: 200 len: 277 time: 0.1301043
2026-05-28 22:57:55.467 9 INFO neutron.services.segments.plugin [-] Segment f6ee9e15-af5e-44cf-9d7b-a49978c933a8 resource provider not found; error: Placement Client Error (4xx): {"errors": [{"status": 404, "title": "Not Found", "detail": "The resource could not be found.\n\n No resource provider with uuid f6ee9e15-af5e-44cf-9d7b-a49978c933a8 found for delete ", "request_id": "req-77a4a231-3316-4836-8d1c-f6c0b7574036"}]}
2026-05-28 22:57:55.495 9 INFO neutron.wsgi [req-f0c8ab03-8618-4ade-8d9f-af7791fd8937 req-d3fae47c-2486-4f1e-8045-a2066d2e2adb a417ddc3011846598fa36f876ceb8dd9 2d5c28439afb49549ffcea6f5b7f330f - - default default] 10.0.0.30 "GET /v2.0/ports?tenant_id=2d5c28439afb49549ffcea6f5b7f330f&fields=id HTTP/1.1" status: 200 len: 302 time: 0.1451380
2026-05-28 22:57:55.672 9 INFO neutron.wsgi [req-701f650b-f0cf-499e-91ad-fcc462fffc79 req-1f50cf92-339f-499a-8191-590697e64b58 5c92abd1e52b4845933b6f3a28304dea 1e1d4f329a1d48f2b7c232f31acfcf25 - - default default] 10.0.0.30 "GET /v2.0/ports?device_id=3cd4e987-e264-459d-a332-ac3f4bad63a2 HTTP/1.1" status: 200 len: 1168 time: 0.0415537
2026-05-28 22:57:55.695 9 INFO neutron.wsgi [None req-8c0086e2-66b1-4acc-a80c-a60ef597d145 959f134c0e8643668a3f8d635d405fff 7df3d769c0bf4f62adfcf1ddb677caaa - - default default] 10.0.0.99 "DELETE /v2.0/networks/5ec8196d-05d4-45ae-bdcf-480f6d026c88 HTTP/1.1" status: 204 len: 168 time: 0.6741426
2026-05-28 22:57:55.739 9 INFO neutron.wsgi [req-701f650b-f0cf-499e-91ad-fcc462fffc79 req-80dfdeb1-5db5-40c6-a2e7-425811c5373b 5c92abd1e52b4845933b6f3a28304dea 1e1d4f329a1d48f2b7c232f31acfcf25 - - default default] 10.0.0.30 "GET /v2.0/security-groups?id=d2e6d306-84b2-48d9-ba95-a835931bf5c2&fields=id&fields=name HTTP/1.1" status: 200 len: 313 time: 0.0598438
2026-05-28 22:57:55.801 9 INFO neutron.wsgi [req-d97b346b-c34e-4318-bb92-529d52b7d12d req-a9002135-8ce9-4873-ae18-60373608bd05 37f6dc78d6554e7380217185a8aba0e5 001130d1f3e84f4e801945a636ebf734 - - default default] 10.0.0.30 "GET /v2.0/ports?device_id=b16009ce-da81-4d26-b532-3ffe589a6532 HTTP/1.1" status: 200 len: 210 time: 0.0232797
2026-05-28 22:57:55.813 10 INFO neutron.wsgi [None req-ae090a1e-3313-4849-a289-9c25fcc8d234 959f134c0e8643668a3f8d635d405fff 7df3d769c0bf4f62adfcf1ddb677caaa - - default default] 10.0.0.99 "GET /v2.0/networks HTTP/1.1" status: 200 len: 845 time: 0.1105626
2026-05-28 22:57:55.828 10 WARNING neutron_lib.context [None req-9602c082-eb83-4897-bed5-7fb6341adae6 959f134c0e8643668a3f8d635d405fff 7df3d769c0bf4f62adfcf1ddb677caaa - - default default] Method 'is_advsvc' is deprecated since 2023.2 release (neutron-lib 3.8.0) and will be removed once support for the old RBAC API policies will be removed from Neutron. Please use method 'is_service_role' instead.
2026-05-28 22:57:55.892 9 INFO neutron.wsgi [req-f0c8ab03-8618-4ade-8d9f-af7791fd8937 req-0f35af8f-e595-4985-a231-67d248648423 bf746973377e4125bf0fdaf48551a4ca 96f8db49fcda430eb1a26f68333f37f8 - - f90c3c6d40d74f4b8e4ad62d3d4b34e2 f90c3c6d40d74f4b8e4ad62d3d4b34e2] 10.0.0.30 "GET /v2.0/extensions HTTP/1.1" status: 200 len: 18683 time: 0.0485210
2026-05-28 22:57:55.918 10 INFO neutron.db.segments_db [None req-9602c082-eb83-4897-bed5-7fb6341adae6 959f134c0e8643668a3f8d635d405fff 7df3d769c0bf4f62adfcf1ddb677caaa - - default default] Added segment 524d878b-2884-4001-9d14-d50604b6418d of type geneve for network 5cb5b6b9-8425-4e7d-9e06-7954ed033c9c
2026-05-28 22:57:55.978 9 INFO neutron.wsgi [req-f0c8ab03-8618-4ade-8d9f-af7791fd8937 req-cf6195c0-9118-406e-8ce1-2dc0a6843f9c bf746973377e4125bf0fdaf48551a4ca 96f8db49fcda430eb1a26f68333f37f8 - - f90c3c6d40d74f4b8e4ad62d3d4b34e2 f90c3c6d40d74f4b8e4ad62d3d4b34e2] 10.0.0.30 "GET /v2.0/networks/cca91ae6-444b-4adb-9840-a307ae37ba6f?fields=segments HTTP/1.1" status: 200 len: 212 time: 0.0802336
2026-05-28 22:57:56.042 9 INFO neutron.wsgi [req-f0c8ab03-8618-4ade-8d9f-af7791fd8937 req-6a65a1be-6b2d-4dce-b4e2-98ede7b20899 bf746973377e4125bf0fdaf48551a4ca 96f8db49fcda430eb1a26f68333f37f8 - - f90c3c6d40d74f4b8e4ad62d3d4b34e2 f90c3c6d40d74f4b8e4ad62d3d4b34e2] 10.0.0.30 "GET /v2.0/networks/cca91ae6-444b-4adb-9840-a307ae37ba6f?fields=provider%3Aphysical_network&fields=provider%3Anetwork_type HTTP/1.1" status: 200 len: 277 time: 0.0558031
2026-05-28 22:57:56.116 10 INFO neutron.db.ovn_revision_numbers_db [None req-9602c082-eb83-4897-bed5-7fb6341adae6 959f134c0e8643668a3f8d635d405fff 7df3d769c0bf4f62adfcf1ddb677caaa - - default default] Successfully bumped revision number for resource 5cb5b6b9-8425-4e7d-9e06-7954ed033c9c (type: networks) to 1
2026-05-28 22:57:56.217 9 INFO neutron.wsgi [req-00ac3c8a-8371-4fb4-83ce-ca551e5ad43c req-6ead8087-1a1f-4f76-9b99-49309a4e1994 a417ddc3011846598fa36f876ceb8dd9 2d5c28439afb49549ffcea6f5b7f330f - - default default] 10.0.0.30 "GET /v2.0/ports?device_id=a500813f-f028-4d79-bd75-1c8907a2b0f4 HTTP/1.1" status: 200 len: 210 time: 0.0204513
2026-05-28 22:57:56.399 10 WARNING neutron.scheduler.dhcp_agent_scheduler [None req-9602c082-eb83-4897-bed5-7fb6341adae6 959f134c0e8643668a3f8d635d405fff 7df3d769c0bf4f62adfcf1ddb677caaa - - default default] No more DHCP agents
2026-05-28 22:57:56.401 10 WARNING neutron.api.rpc.agentnotifiers.dhcp_rpc_agent_api [None req-9602c082-eb83-4897-bed5-7fb6341adae6 959f134c0e8643668a3f8d635d405fff 7df3d769c0bf4f62adfcf1ddb677caaa - - default default] Unable to schedule network 5cb5b6b9-8425-4e7d-9e06-7954ed033c9c: no agents available; will retry on subsequent port and subnet creation events.
2026-05-28 22:57:56.460 10 WARNING neutron.plugins.ml2.drivers.ovn.mech_driver.ovsdb.ovn_client [None req-f20f73ee-6b86-4f38-ba18-6326d533e0b2 - - - - - -] No hosting information found for port 854108cf-8d60-407b-9535-a3eb18422471: RuntimeError: No hosting information found for port 854108cf-8d60-407b-9535-a3eb18422471
2026-05-28 22:57:56.460 10 INFO neutron.plugins.ml2.drivers.ovn.mech_driver.mech_driver [None req-f20f73ee-6b86-4f38-ba18-6326d533e0b2 - - - - - -] OVN reports status up for port: 754e6915-765b-4018-8423-72ae5ce88a46
2026-05-28 22:57:56.488 10 INFO neutron.plugins.ml2.plugin [None req-f20f73ee-6b86-4f38-ba18-6326d533e0b2 - - - - - -] Attempt 1 to provision port 754e6915-765b-4018-8423-72ae5ce88a46
2026-05-28 22:57:56.521 10 INFO neutron.db.ovn_revision_numbers_db [None req-9602c082-eb83-4897-bed5-7fb6341adae6 959f134c0e8643668a3f8d635d405fff 7df3d769c0bf4f62adfcf1ddb677caaa - - default default] Successfully bumped revision number for resource 7f413eb4-6796-4a94-9d36-2b41e243b9a2 (type: ports) to 1
2026-05-28 22:57:56.537 9 INFO neutron.wsgi [req-d6aa410e-b1ad-46bc-8436-2fe5f86eb09e req-bcad5f9e-d2ae-462e-91d6-87a0cd87ae0e 37f6dc78d6554e7380217185a8aba0e5 001130d1f3e84f4e801945a636ebf734 - - default default] 199.204.45.140 "GET /v2.0/networks?id=f8fcc013-b021-49fb-acc0-5ecfa57a46b0 HTTP/1.1" status: 200 len: 869 time: 0.0775626
2026-05-28 22:57:56.559 10 INFO neutron.wsgi [None req-9602c082-eb83-4897-bed5-7fb6341adae6 959f134c0e8643668a3f8d635d405fff 7df3d769c0bf4f62adfcf1ddb677caaa - - default default] 10.0.0.99 "POST /v2.0/networks HTTP/1.1" status: 201 len: 853 time: 0.7371876
2026-05-28 22:57:56.570 9 WARNING neutron_lib.context [None req-0ff8ec05-6e91-4b15-b22e-585f48ddd384 959f134c0e8643668a3f8d635d405fff 7df3d769c0bf4f62adfcf1ddb677caaa - - default default] Method 'is_advsvc' is deprecated since 2023.2 release (neutron-lib 3.8.0) and will be removed once support for the old RBAC API policies will be removed from Neutron. Please use method 'is_service_role' instead.
2026-05-28 22:57:56.604 9 INFO neutron.wsgi [req-d6aa410e-b1ad-46bc-8436-2fe5f86eb09e req-02e57918-d172-4867-8af5-6f98d853094e 37f6dc78d6554e7380217185a8aba0e5 001130d1f3e84f4e801945a636ebf734 - - default default] 199.204.45.140 "GET /v2.0/security-groups?fields=id&fields=name&tenant_id=001130d1f3e84f4e801945a636ebf734 HTTP/1.1" status: 200 len: 379 time: 0.0577891
2026-05-28 22:57:56.621 9 WARNING neutron_lib.context [req-d6aa410e-b1ad-46bc-8436-2fe5f86eb09e req-ea2e2c0f-5137-4bd3-bab7-a62655eb9644 37f6dc78d6554e7380217185a8aba0e5 001130d1f3e84f4e801945a636ebf734 - - default default] Method 'is_advsvc' is deprecated since 2023.2 release (neutron-lib 3.8.0) and will be removed once support for the old RBAC API policies will be removed from Neutron. Please use method 'is_service_role' instead.
2026-05-28 22:57:56.698 9 INFO neutron.db.segments_db [None req-0ff8ec05-6e91-4b15-b22e-585f48ddd384 959f134c0e8643668a3f8d635d405fff 7df3d769c0bf4f62adfcf1ddb677caaa - - default default] Added segment 37f03c0d-f922-4605-9fbd-9438b48e4b73 of type geneve for network 7991eb77-5876-4974-81c1-9e8b830adb8b
2026-05-28 22:57:56.919 9 INFO neutron.wsgi [req-0c26a1f4-9f9f-4db9-a597-272a5ed9fc6e req-ea0867c9-d7f9-4b1f-8599-fa0258a83ca1 5c92abd1e52b4845933b6f3a28304dea 1e1d4f329a1d48f2b7c232f31acfcf25 - - default default] 10.0.0.30 "GET /v2.0/ports?device_id=3cd4e987-e264-459d-a332-ac3f4bad63a2 HTTP/1.1" status: 200 len: 1170 time: 0.1064823
2026-05-28 22:57:57.031 10 INFO neutron.db.ovn_revision_numbers_db [None req-f20f73ee-6b86-4f38-ba18-6326d533e0b2 - - - - - -] Successfully bumped revision number for resource 754e6915-765b-4018-8423-72ae5ce88a46 (type: ports) to 4
2026-05-28 22:57:57.093 10 INFO neutron.plugins.ml2.drivers.ovn.mech_driver.mech_driver [None req-f20f73ee-6b86-4f38-ba18-6326d533e0b2 - - - - - -] OVN reports status up for port: 9b4e19bd-32c9-4107-a415-8018ecdaf9dd
2026-05-28 22:57:57.101 10 INFO neutron.plugins.ml2.plugin [None req-f20f73ee-6b86-4f38-ba18-6326d533e0b2 - - - - - -] Attempt 1 to provision port 9b4e19bd-32c9-4107-a415-8018ecdaf9dd
2026-05-28 22:57:57.297 9 INFO neutron.wsgi [req-0c290e57-1c5c-4856-b283-f5fd0ca13165 req-211ae56a-4ce9-45b2-8292-1b3ea28e2d82 37f6dc78d6554e7380217185a8aba0e5 001130d1f3e84f4e801945a636ebf734 - - default default] 10.0.0.30 "GET /v2.0/ports?device_id=b16009ce-da81-4d26-b532-3ffe589a6532 HTTP/1.1" status: 200 len: 210 time: 0.4166389
2026-05-28 22:57:57.348 9 INFO neutron.db.ovn_revision_numbers_db [None req-0ff8ec05-6e91-4b15-b22e-585f48ddd384 959f134c0e8643668a3f8d635d405fff 7df3d769c0bf4f62adfcf1ddb677caaa - - default default] Successfully bumped revision number for resource 7991eb77-5876-4974-81c1-9e8b830adb8b (type: networks) to 1
2026-05-28 22:57:57.367 9 INFO neutron.wsgi [req-0c26a1f4-9f9f-4db9-a597-272a5ed9fc6e req-aaeb806a-7306-47b6-84d7-4459a319c119 5c92abd1e52b4845933b6f3a28304dea 1e1d4f329a1d48f2b7c232f31acfcf25 - - default default] 10.0.0.30 "GET /v2.0/security-groups?id=d2e6d306-84b2-48d9-ba95-a835931bf5c2&fields=id&fields=name HTTP/1.1" status: 200 len: 313 time: 0.0844035 /var/lib/openstack/lib/python3.10/site-packages/pycadf/identifier.py:71: UserWarning: Invalid uuid: neutron. To ensure interoperability, identifiers should be a valid uuid. warnings.warn(('Invalid uuid: %s. To ensure interoperability, '
2026-05-28 22:57:57.438 10 INFO neutron.notifiers.nova [-] Nova event matching ['req-91294667-cc4d-4e34-a492-3da9eafbad09'] response: {'server_uuid': '3cd4e987-e264-459d-a332-ac3f4bad63a2', 'name': 'network-vif-plugged', 'status': 'completed', 'tag': '754e6915-765b-4018-8423-72ae5ce88a46', 'code': 200}
2026-05-28 22:57:57.481 9 INFO neutron.wsgi [req-b9fa0c3b-5c5c-4f1a-8a50-4e3f6dd18768 req-49a5c964-dcff-4e3a-a51f-099e5e8dde63 a417ddc3011846598fa36f876ceb8dd9 2d5c28439afb49549ffcea6f5b7f330f - - default default] 10.0.0.30 "GET /v2.0/ports?device_id=a500813f-f028-4d79-bd75-1c8907a2b0f4 HTTP/1.1" status: 200 len: 210 time: 0.0378590
2026-05-28 22:57:57.501 9 INFO neutron.services.segments.plugin [-] Segment 7afb50e5-9109-4a1a-ba56-ae3167d82f89 resource provider aggregate not found
2026-05-28 22:57:57.528 9 INFO neutron.services.segments.plugin [-] Segment 7afb50e5-9109-4a1a-ba56-ae3167d82f89 resource provider not found; error: Placement Client Error (4xx): {"errors": [{"status": 404, "title": "Not Found", "detail": "The resource could not be found.\n\n No resource provider with uuid 7afb50e5-9109-4a1a-ba56-ae3167d82f89 found for delete ", "request_id": "req-cccac2b8-de21-4a4b-87bc-43891fed1413"}]}
2026-05-28 22:57:57.531 9 INFO neutron.services.segments.plugin [-] Segment 7afb50e5-9109-4a1a-ba56-ae3167d82f89 resource provider aggregate not found
2026-05-28 22:57:57.552 9 INFO neutron.services.segments.plugin [-] Segment 7afb50e5-9109-4a1a-ba56-ae3167d82f89 resource provider not found; error: Placement Client Error (4xx): {"errors": [{"status": 404, "title": "Not Found", "detail": "The resource could not be found.\n\n No resource provider with uuid 7afb50e5-9109-4a1a-ba56-ae3167d82f89 found for delete ", "request_id": "req-380e454b-48b0-4eec-ae3b-89b710bfc3ba"}]}
2026-05-28 22:57:57.613 10 INFO neutron.db.ovn_revision_numbers_db [None req-f20f73ee-6b86-4f38-ba18-6326d533e0b2 - - - - - -] Successfully bumped revision number for resource 9b4e19bd-32c9-4107-a415-8018ecdaf9dd (type: ports) to 2
2026-05-28 22:57:57.626 10 INFO neutron.wsgi [req-f0c8ab03-8618-4ade-8d9f-af7791fd8937 req-6774a60a-00b1-43e5-8b73-356d1e86ec07 a417ddc3011846598fa36f876ceb8dd9 2d5c28439afb49549ffcea6f5b7f330f - - default default] 199.204.45.140 "GET /v2.0/networks?id=cca91ae6-444b-4adb-9840-a307ae37ba6f HTTP/1.1" status: 200 len: 882 time: 0.2208455
2026-05-28 22:57:57.645 9 WARNING neutron.scheduler.dhcp_agent_scheduler [req-d6aa410e-b1ad-46bc-8436-2fe5f86eb09e req-ea2e2c0f-5137-4bd3-bab7-a62655eb9644 37f6dc78d6554e7380217185a8aba0e5 001130d1f3e84f4e801945a636ebf734 - - default default] No more DHCP agents
2026-05-28 22:57:57.648 9 WARNING neutron.api.rpc.agentnotifiers.dhcp_rpc_agent_api [req-d6aa410e-b1ad-46bc-8436-2fe5f86eb09e req-ea2e2c0f-5137-4bd3-bab7-a62655eb9644 37f6dc78d6554e7380217185a8aba0e5 001130d1f3e84f4e801945a636ebf734 - - default default] Unable to schedule network f8fcc013-b021-49fb-acc0-5ecfa57a46b0: no agents available; will retry on subsequent port and subnet creation events.
2026-05-28 22:57:57.671 9 WARNING neutron.scheduler.dhcp_agent_scheduler [None req-0ff8ec05-6e91-4b15-b22e-585f48ddd384 959f134c0e8643668a3f8d635d405fff 7df3d769c0bf4f62adfcf1ddb677caaa - - default default] No more DHCP agents
2026-05-28 22:57:57.676 9 WARNING neutron.api.rpc.agentnotifiers.dhcp_rpc_agent_api [None req-0ff8ec05-6e91-4b15-b22e-585f48ddd384 959f134c0e8643668a3f8d635d405fff 7df3d769c0bf4f62adfcf1ddb677caaa - - default default] Unable to schedule network 7991eb77-5876-4974-81c1-9e8b830adb8b: no agents available; will retry on subsequent port and subnet creation events.
2026-05-28 22:57:57.720 10 INFO neutron.wsgi [req-f0c8ab03-8618-4ade-8d9f-af7791fd8937 req-e3f25a1c-4e7d-4eb0-91e9-d57fce9b3804 a417ddc3011846598fa36f876ceb8dd9 2d5c28439afb49549ffcea6f5b7f330f - - default default] 199.204.45.140 "GET /v2.0/security-groups?fields=id&fields=name&tenant_id=2d5c28439afb49549ffcea6f5b7f330f HTTP/1.1" status: 200 len: 380 time: 0.0649571
2026-05-28 22:57:57.740 10 WARNING neutron_lib.context [req-f0c8ab03-8618-4ade-8d9f-af7791fd8937 req-fb5c8ec8-3c3a-4463-a845-e327ad95a955 a417ddc3011846598fa36f876ceb8dd9 2d5c28439afb49549ffcea6f5b7f330f - - default default] Method 'is_advsvc' is deprecated since 2023.2 release (neutron-lib 3.8.0) and will be removed once support for the old RBAC API policies will be removed from Neutron. Please use method 'is_service_role' instead.
2026-05-28 22:57:57.820 10 INFO neutron.db.ovn_revision_numbers_db [None req-f20f73ee-6b86-4f38-ba18-6326d533e0b2 - - - - - -] Successfully bumped revision number for resource 9b4e19bd-32c9-4107-a415-8018ecdaf9dd (type: router_ports) to 2
2026-05-28 22:57:57.825 9 INFO neutron.db.ovn_revision_numbers_db [None req-0ff8ec05-6e91-4b15-b22e-585f48ddd384 959f134c0e8643668a3f8d635d405fff 7df3d769c0bf4f62adfcf1ddb677caaa - - default default] Successfully bumped revision number for resource 44528866-cdec-4bd5-b317-72ee058e709c (type: ports) to 1
2026-05-28 22:57:57.867 9 INFO neutron.wsgi [None req-0ff8ec05-6e91-4b15-b22e-585f48ddd384 959f134c0e8643668a3f8d635d405fff 7df3d769c0bf4f62adfcf1ddb677caaa - - default default] 10.0.0.99 "POST /v2.0/networks HTTP/1.1" status: 201 len: 853 time: 1.3008716
2026-05-28 22:57:57.881 10 WARNING neutron_lib.context [None req-f7595574-f1f3-4a32-a651-8a1f1e734017 959f134c0e8643668a3f8d635d405fff 7df3d769c0bf4f62adfcf1ddb677caaa - - default default] Method 'is_advsvc' is deprecated since 2023.2 release (neutron-lib 3.8.0) and will be removed once support for the old RBAC API policies will be removed from Neutron. Please use method 'is_service_role' instead.
2026-05-28 22:57:57.897 9 INFO neutron.db.ovn_revision_numbers_db [req-d6aa410e-b1ad-46bc-8436-2fe5f86eb09e req-ea2e2c0f-5137-4bd3-bab7-a62655eb9644 37f6dc78d6554e7380217185a8aba0e5 001130d1f3e84f4e801945a636ebf734 - - default default] Successfully bumped revision number for resource 74b66c76-fc3b-4ccf-8c45-29d388fda28c (type: ports) to 1
2026-05-28 22:57:57.926 9 INFO neutron.wsgi [req-d6aa410e-b1ad-46bc-8436-2fe5f86eb09e req-ea2e2c0f-5137-4bd3-bab7-a62655eb9644 37f6dc78d6554e7380217185a8aba0e5 001130d1f3e84f4e801945a636ebf734 - - default default] 199.204.45.140 "POST /v2.0/ports HTTP/1.1" status: 201 len: 1162 time: 1.3141844 /var/lib/openstack/lib/python3.10/site-packages/pycadf/identifier.py:71: UserWarning: Invalid uuid: neutron. To ensure interoperability, identifiers should be a valid uuid. warnings.warn(('Invalid uuid: %s. To ensure interoperability, '
2026-05-28 22:57:57.973 10 WARNING neutron_lib.context [None req-f7595574-f1f3-4a32-a651-8a1f1e734017 959f134c0e8643668a3f8d635d405fff 7df3d769c0bf4f62adfcf1ddb677caaa - - default default] Method 'is_advsvc' is deprecated since 2023.2 release (neutron-lib 3.8.0) and will be removed once support for the old RBAC API policies will be removed from Neutron. Please use method 'is_service_role' instead.
2026-05-28 22:57:58.228 10 WARNING neutron.scheduler.dhcp_agent_scheduler [req-f0c8ab03-8618-4ade-8d9f-af7791fd8937 req-fb5c8ec8-3c3a-4463-a845-e327ad95a955 a417ddc3011846598fa36f876ceb8dd9 2d5c28439afb49549ffcea6f5b7f330f - - default default] No more DHCP agents
2026-05-28 22:57:58.230 10 WARNING neutron.api.rpc.agentnotifiers.dhcp_rpc_agent_api [req-f0c8ab03-8618-4ade-8d9f-af7791fd8937 req-fb5c8ec8-3c3a-4463-a845-e327ad95a955 a417ddc3011846598fa36f876ceb8dd9 2d5c28439afb49549ffcea6f5b7f330f - - default default] Unable to schedule network cca91ae6-444b-4adb-9840-a307ae37ba6f: no agents available; will retry on subsequent port and subnet creation events. /var/lib/openstack/lib/python3.10/site-packages/pycadf/identifier.py:71: UserWarning: Invalid uuid: neutron. To ensure interoperability, identifiers should be a valid uuid. warnings.warn(('Invalid uuid: %s. To ensure interoperability, '
2026-05-28 22:57:58.446 10 INFO neutron.db.ovn_revision_numbers_db [req-f0c8ab03-8618-4ade-8d9f-af7791fd8937 req-fb5c8ec8-3c3a-4463-a845-e327ad95a955 a417ddc3011846598fa36f876ceb8dd9 2d5c28439afb49549ffcea6f5b7f330f - - default default] Successfully bumped revision number for resource 4a27a00d-de5b-4b10-b8d4-4a3050d592f6 (type: ports) to 1
2026-05-28 22:57:58.447 9 INFO neutron.wsgi [req-2dfed856-238f-452f-8906-e8ad273ec895 req-f7efba56-599b-49d6-bcbb-3afe3b73a784 37f6dc78d6554e7380217185a8aba0e5 001130d1f3e84f4e801945a636ebf734 - - default default] 10.0.0.30 "GET /v2.0/ports?device_id=b16009ce-da81-4d26-b532-3ffe589a6532 HTTP/1.1" status: 200 len: 1172 time: 0.0611045
2026-05-28 22:57:58.448 9 INFO neutron.db.ovn_revision_numbers_db [req-d6aa410e-b1ad-46bc-8436-2fe5f86eb09e req-e311dd78-a98b-4bcb-adca-f95a3da061ae bf746973377e4125bf0fdaf48551a4ca 96f8db49fcda430eb1a26f68333f37f8 - - f90c3c6d40d74f4b8e4ad62d3d4b34e2 f90c3c6d40d74f4b8e4ad62d3d4b34e2] Successfully bumped revision number for resource 74b66c76-fc3b-4ccf-8c45-29d388fda28c (type: ports) to 2
2026-05-28 22:57:58.471 10 INFO neutron.wsgi [req-f0c8ab03-8618-4ade-8d9f-af7791fd8937 req-fb5c8ec8-3c3a-4463-a845-e327ad95a955 a417ddc3011846598fa36f876ceb8dd9 2d5c28439afb49549ffcea6f5b7f330f - - default default] 199.204.45.140 "POST /v2.0/ports HTTP/1.1" status: 201 len: 1162 time: 0.7433462 /var/lib/openstack/lib/python3.10/site-packages/pycadf/identifier.py:71: UserWarning: Invalid uuid: neutron. To ensure interoperability, identifiers should be a valid uuid. warnings.warn(('Invalid uuid: %s. To ensure interoperability, '
2026-05-28 22:57:58.511 9 INFO neutron.wsgi [req-a0d40902-36fc-4846-9920-9052d8dea5c6 req-c1222849-d62c-4222-8a22-eb5ff8d844a9 5c92abd1e52b4845933b6f3a28304dea 1e1d4f329a1d48f2b7c232f31acfcf25 - - default default] 10.0.0.30 "GET /v2.0/ports?device_id=3cd4e987-e264-459d-a332-ac3f4bad63a2 HTTP/1.1" status: 200 len: 1170 time: 0.0576074
2026-05-28 22:57:58.542 9 INFO neutron.wsgi [req-2dfed856-238f-452f-8906-e8ad273ec895 req-440e9f14-eb0f-42df-968d-50a1306a9e7d 37f6dc78d6554e7380217185a8aba0e5 001130d1f3e84f4e801945a636ebf734 - - default default] 10.0.0.30 "GET /v2.0/security-groups?id=1d05b694-839c-4971-a889-2c490db28fae&fields=id&fields=name HTTP/1.1" status: 200 len: 312 time: 0.0794809
2026-05-28 22:57:58.617 9 INFO neutron.wsgi [req-a0d40902-36fc-4846-9920-9052d8dea5c6 req-8b34b5d4-937e-4292-9c57-486192bc1ecc 5c92abd1e52b4845933b6f3a28304dea 1e1d4f329a1d48f2b7c232f31acfcf25 - - default default] 10.0.0.30 "GET /v2.0/security-groups?id=d2e6d306-84b2-48d9-ba95-a835931bf5c2&fields=id&fields=name HTTP/1.1" status: 200 len: 313 time: 0.0954132
2026-05-28 22:57:58.668 9 INFO neutron.wsgi [req-5872671b-8789-478f-91d6-44045ab8e8c2 req-d9aaf745-7414-451c-9300-48ec78602155 a417ddc3011846598fa36f876ceb8dd9 2d5c28439afb49549ffcea6f5b7f330f - - default default] 10.0.0.30 "GET /v2.0/ports?device_id=a500813f-f028-4d79-bd75-1c8907a2b0f4 HTTP/1.1" status: 200 len: 1160 time: 0.0711563 /var/lib/openstack/lib/python3.10/site-packages/pycadf/identifier.py:71: UserWarning: Invalid uuid: neutron. To ensure interoperability, identifiers should be a valid uuid. warnings.warn(('Invalid uuid: %s. To ensure interoperability, '
2026-05-28 22:57:58.762 9 INFO neutron.wsgi [req-5872671b-8789-478f-91d6-44045ab8e8c2 req-2ecd6ca7-ab97-4eff-ac8e-62ccaca20a38 a417ddc3011846598fa36f876ceb8dd9 2d5c28439afb49549ffcea6f5b7f330f - - default default] 10.0.0.30 "GET /v2.0/security-groups?id=d2d901b8-e2e8-4fa0-ac68-807dbf36d491&fields=id&fields=name HTTP/1.1" status: 200 len: 313 time: 0.0851030
2026-05-28 22:57:58.791 9 INFO neutron.wsgi [req-47261b7d-30ed-4a36-a5a2-fa933223eae3 req-241dc9b1-d831-42a0-ba33-73ae2e17ccb7 5c92abd1e52b4845933b6f3a28304dea 1e1d4f329a1d48f2b7c232f31acfcf25 - - default default] 10.0.0.30 "GET /v2.0/ports?device_id=3cd4e987-e264-459d-a332-ac3f4bad63a2 HTTP/1.1" status: 200 len: 1170 time: 0.0630181 /var/lib/openstack/lib/python3.10/site-packages/pycadf/identifier.py:71: UserWarning: Invalid uuid: neutron. To ensure interoperability, identifiers should be a valid uuid. warnings.warn(('Invalid uuid: %s. To ensure interoperability, '
2026-05-28 22:57:58.810 9 INFO neutron.db.ovn_revision_numbers_db [req-d6aa410e-b1ad-46bc-8436-2fe5f86eb09e req-e311dd78-a98b-4bcb-adca-f95a3da061ae bf746973377e4125bf0fdaf48551a4ca 96f8db49fcda430eb1a26f68333f37f8 - - f90c3c6d40d74f4b8e4ad62d3d4b34e2 f90c3c6d40d74f4b8e4ad62d3d4b34e2] Successfully bumped revision number for resource 74b66c76-fc3b-4ccf-8c45-29d388fda28c (type: ports) to 2
2026-05-28 22:57:58.816 10 WARNING neutron.scheduler.dhcp_agent_scheduler [None req-f7595574-f1f3-4a32-a651-8a1f1e734017 959f134c0e8643668a3f8d635d405fff 7df3d769c0bf4f62adfcf1ddb677caaa - - default default] No more DHCP agents
2026-05-28 22:57:58.832 9 INFO neutron.wsgi [req-d6aa410e-b1ad-46bc-8436-2fe5f86eb09e req-e311dd78-a98b-4bcb-adca-f95a3da061ae bf746973377e4125bf0fdaf48551a4ca 96f8db49fcda430eb1a26f68333f37f8 - - f90c3c6d40d74f4b8e4ad62d3d4b34e2 f90c3c6d40d74f4b8e4ad62d3d4b34e2] 199.204.45.140 "PUT /v2.0/ports/74b66c76-fc3b-4ccf-8c45-29d388fda28c HTTP/1.1" status: 200 len: 1380 time: 0.8966889
2026-05-28 22:57:58.843 10 WARNING neutron.api.rpc.agentnotifiers.dhcp_rpc_agent_api [None req-f7595574-f1f3-4a32-a651-8a1f1e734017 959f134c0e8643668a3f8d635d405fff 7df3d769c0bf4f62adfcf1ddb677caaa - - default default] Unable to schedule network 5cb5b6b9-8425-4e7d-9e06-7954ed033c9c: no agents available; will retry on subsequent port and subnet creation events.
2026-05-28 22:57:58.893 9 INFO neutron.notifiers.nova [-] Nova event matching ['req-d5246845-cb17-495b-acb6-806d89556d65'] response: {'name': 'network-changed', 'server_uuid': 'b16009ce-da81-4d26-b532-3ffe589a6532', 'tag': '74b66c76-fc3b-4ccf-8c45-29d388fda28c', 'status': 'completed', 'code': 200}
2026-05-28 22:57:59.050 9 INFO neutron.wsgi [req-d6aa410e-b1ad-46bc-8436-2fe5f86eb09e req-f89b67ff-d556-4b3a-bb2a-13c2dd26357b bf746973377e4125bf0fdaf48551a4ca 96f8db49fcda430eb1a26f68333f37f8 - - f90c3c6d40d74f4b8e4ad62d3d4b34e2 f90c3c6d40d74f4b8e4ad62d3d4b34e2] 199.204.45.140 "GET /v2.0/ports?tenant_id=001130d1f3e84f4e801945a636ebf734&device_id=b16009ce-da81-4d26-b532-3ffe589a6532 HTTP/1.1" status: 200 len: 1411 time: 0.1527801
2026-05-28 22:57:59.088 9 INFO neutron.wsgi [req-d6aa410e-b1ad-46bc-8436-2fe5f86eb09e req-38524c88-7b72-49c3-9519-85a8d39c04bb bf746973377e4125bf0fdaf48551a4ca 96f8db49fcda430eb1a26f68333f37f8 - - f90c3c6d40d74f4b8e4ad62d3d4b34e2 f90c3c6d40d74f4b8e4ad62d3d4b34e2] 199.204.45.140 "GET /v2.0/floatingips?fixed_ip_address=10.100.0.11&port_id=74b66c76-fc3b-4ccf-8c45-29d388fda28c HTTP/1.1" status: 200 len: 217 time: 0.0329053
2026-05-28 22:57:59.131 9 INFO neutron.wsgi [req-d6aa410e-b1ad-46bc-8436-2fe5f86eb09e req-23319127-8e9b-4245-b9a1-cb6cacb33734 bf746973377e4125bf0fdaf48551a4ca 96f8db49fcda430eb1a26f68333f37f8 - - f90c3c6d40d74f4b8e4ad62d3d4b34e2 f90c3c6d40d74f4b8e4ad62d3d4b34e2] 199.204.45.140 "GET /v2.0/subnets?id=a6301aa6-651c-4180-92ec-c60b4bc6f9ad HTTP/1.1" status: 200 len: 863 time: 0.0374913
2026-05-28 22:57:59.166 9 INFO neutron.wsgi [req-d6aa410e-b1ad-46bc-8436-2fe5f86eb09e req-431577c3-a7be-44c0-a2f2-ccc2cdada2ed bf746973377e4125bf0fdaf48551a4ca 96f8db49fcda430eb1a26f68333f37f8 - - f90c3c6d40d74f4b8e4ad62d3d4b34e2 f90c3c6d40d74f4b8e4ad62d3d4b34e2] 199.204.45.140 "GET /v2.0/ports?network_id=f8fcc013-b021-49fb-acc0-5ecfa57a46b0&device_owner=network%3Adhcp HTTP/1.1" status: 200 len: 210 time: 0.0270982
2026-05-28 22:57:59.199 10 INFO neutron.db.ovn_revision_numbers_db [None req-f7595574-f1f3-4a32-a651-8a1f1e734017 959f134c0e8643668a3f8d635d405fff 7df3d769c0bf4f62adfcf1ddb677caaa - - default default] Successfully bumped revision number for resource 0a54fa74-2276-48c0-94c0-35871c42137e (type: ports) to 1
2026-05-28 22:57:59.249 9 INFO neutron.wsgi [req-d6aa410e-b1ad-46bc-8436-2fe5f86eb09e req-8721fdf2-39a8-4d95-b5eb-6a427d7bbf03 bf746973377e4125bf0fdaf48551a4ca 96f8db49fcda430eb1a26f68333f37f8 - - f90c3c6d40d74f4b8e4ad62d3d4b34e2 f90c3c6d40d74f4b8e4ad62d3d4b34e2] 199.204.45.140 "GET /v2.0/networks/f8fcc013-b021-49fb-acc0-5ecfa57a46b0?fields=segments HTTP/1.1" status: 200 len: 212 time: 0.0739434
2026-05-28 22:57:59.278 10 WARNING neutron.scheduler.dhcp_agent_scheduler [None req-f7595574-f1f3-4a32-a651-8a1f1e734017 959f134c0e8643668a3f8d635d405fff 7df3d769c0bf4f62adfcf1ddb677caaa - - default default] No more DHCP agents
2026-05-28 22:57:59.288 10 WARNING neutron.api.rpc.agentnotifiers.dhcp_rpc_agent_api [None req-f7595574-f1f3-4a32-a651-8a1f1e734017 959f134c0e8643668a3f8d635d405fff 7df3d769c0bf4f62adfcf1ddb677caaa - - default default] Unable to schedule network 7991eb77-5876-4974-81c1-9e8b830adb8b: no agents available; will retry on subsequent port and subnet creation events.
2026-05-28 22:57:59.315 9 INFO neutron.wsgi [req-d6aa410e-b1ad-46bc-8436-2fe5f86eb09e req-547b238d-dae8-4d97-8fee-febd0b53f433 bf746973377e4125bf0fdaf48551a4ca 96f8db49fcda430eb1a26f68333f37f8 - - f90c3c6d40d74f4b8e4ad62d3d4b34e2 f90c3c6d40d74f4b8e4ad62d3d4b34e2] 199.204.45.140 "GET /v2.0/networks/f8fcc013-b021-49fb-acc0-5ecfa57a46b0?fields=provider%3Aphysical_network&fields=provider%3Anetwork_type HTTP/1.1" status: 200 len: 277 time: 0.0573568
2026-05-28 22:57:59.413 9 INFO neutron.wsgi [req-2ba2a212-392f-49d1-94dc-0e0c69c76ca1 req-8dc37bc9-4f30-4bbf-8285-d495f91622fd bf746973377e4125bf0fdaf48551a4ca 96f8db49fcda430eb1a26f68333f37f8 - - f90c3c6d40d74f4b8e4ad62d3d4b34e2 f90c3c6d40d74f4b8e4ad62d3d4b34e2] 199.204.45.140 "GET /v2.0/ports?tenant_id=001130d1f3e84f4e801945a636ebf734&device_id=b16009ce-da81-4d26-b532-3ffe589a6532 HTTP/1.1" status: 200 len: 1411 time: 0.0537734
2026-05-28 22:57:59.491 10 INFO neutron.notifiers.nova [-] Nova event matching ['req-6f8a2e67-fe25-49af-b2f0-87a902fe36f4'] response: {'server_uuid': '3cd4e987-e264-459d-a332-ac3f4bad63a2', 'name': 'network-vif-plugged', 'status': 'completed', 'tag': '754e6915-765b-4018-8423-72ae5ce88a46', 'code': 200}
2026-05-28 22:57:59.500 10 INFO neutron.db.ovn_revision_numbers_db [None req-f7595574-f1f3-4a32-a651-8a1f1e734017 959f134c0e8643668a3f8d635d405fff 7df3d769c0bf4f62adfcf1ddb677caaa - - default default] Successfully bumped revision number for resource 6d91f689-cdd9-4eb4-8b5e-6dd2b7de2685 (type: ports) to 1
2026-05-28 22:57:59.500 9 INFO neutron.wsgi [req-2ba2a212-392f-49d1-94dc-0e0c69c76ca1 req-87d143b0-e1a9-429c-a354-dc32141a2002 bf746973377e4125bf0fdaf48551a4ca 96f8db49fcda430eb1a26f68333f37f8 - - f90c3c6d40d74f4b8e4ad62d3d4b34e2 f90c3c6d40d74f4b8e4ad62d3d4b34e2] 199.204.45.140 "GET /v2.0/networks?id=f8fcc013-b021-49fb-acc0-5ecfa57a46b0 HTTP/1.1" status: 200 len: 968 time: 0.0803254
2026-05-28 22:57:59.548 9 INFO neutron.wsgi [req-2ba2a212-392f-49d1-94dc-0e0c69c76ca1 req-be1897d6-3e3c-4180-a251-f59cd49a08c1 bf746973377e4125bf0fdaf48551a4ca 96f8db49fcda430eb1a26f68333f37f8 - - f90c3c6d40d74f4b8e4ad62d3d4b34e2 f90c3c6d40d74f4b8e4ad62d3d4b34e2] 199.204.45.140 "GET /v2.0/floatingips?fixed_ip_address=10.100.0.11&port_id=74b66c76-fc3b-4ccf-8c45-29d388fda28c HTTP/1.1" status: 200 len: 217 time: 0.0246980
2026-05-28 22:57:59.654 9 INFO neutron.wsgi [req-2ba2a212-392f-49d1-94dc-0e0c69c76ca1 req-3c6db010-6d5d-4b3b-93ac-d27aadb7f757 bf746973377e4125bf0fdaf48551a4ca 96f8db49fcda430eb1a26f68333f37f8 - - f90c3c6d40d74f4b8e4ad62d3d4b34e2 f90c3c6d40d74f4b8e4ad62d3d4b34e2] 199.204.45.140 "GET /v2.0/subnets?id=a6301aa6-651c-4180-92ec-c60b4bc6f9ad HTTP/1.1" status: 200 len: 863 time: 0.0555871
2026-05-28 22:57:59.667 9 INFO neutron.wsgi [req-9faba37f-bd0e-4361-a613-bbbf66582269 req-a4e85f1a-6a90-4e42-8ab0-4d2206b105bf 37f6dc78d6554e7380217185a8aba0e5 001130d1f3e84f4e801945a636ebf734 - - default default] 10.0.0.30 "GET /v2.0/ports?device_id=b16009ce-da81-4d26-b532-3ffe589a6532 HTTP/1.1" status: 200 len: 1172 time: 0.0539713
2026-05-28 22:57:59.697 9 INFO neutron.wsgi [req-2ba2a212-392f-49d1-94dc-0e0c69c76ca1 req-42a4abfc-16a1-482f-8327-72e9ff982182 bf746973377e4125bf0fdaf48551a4ca 96f8db49fcda430eb1a26f68333f37f8 - - f90c3c6d40d74f4b8e4ad62d3d4b34e2 f90c3c6d40d74f4b8e4ad62d3d4b34e2] 199.204.45.140 "GET /v2.0/ports?network_id=f8fcc013-b021-49fb-acc0-5ecfa57a46b0&device_owner=network%3Adhcp HTTP/1.1" status: 200 len: 210 time: 0.0245354
2026-05-28 22:57:59.725 9 INFO neutron.wsgi [req-9faba37f-bd0e-4361-a613-bbbf66582269 req-5cadcfb1-2b2c-43f0-9bef-c60e491e14da 37f6dc78d6554e7380217185a8aba0e5 001130d1f3e84f4e801945a636ebf734 - - default default] 10.0.0.30 "GET /v2.0/security-groups?id=1d05b694-839c-4971-a889-2c490db28fae&fields=id&fields=name HTTP/1.1" status: 200 len: 312 time: 0.0459433
2026-05-28 22:57:59.789 10 INFO neutron.wsgi [None req-f7595574-f1f3-4a32-a651-8a1f1e734017 959f134c0e8643668a3f8d635d405fff 7df3d769c0bf4f62adfcf1ddb677caaa - - default default] 10.0.0.99 "POST /v2.0/ports HTTP/1.1" status: 201 len: 1706 time: 1.9146190 /var/lib/openstack/lib/python3.10/site-packages/pycadf/identifier.py:71: UserWarning: Invalid uuid: neutron. To ensure interoperability, identifiers should be a valid uuid. warnings.warn(('Invalid uuid: %s. To ensure interoperability, '
2026-05-28 22:57:59.818 9 INFO neutron.wsgi [req-2ba2a212-392f-49d1-94dc-0e0c69c76ca1 req-55c0518e-996a-4a11-b7d7-305f9d4bd47d bf746973377e4125bf0fdaf48551a4ca 96f8db49fcda430eb1a26f68333f37f8 - - f90c3c6d40d74f4b8e4ad62d3d4b34e2 f90c3c6d40d74f4b8e4ad62d3d4b34e2] 199.204.45.140 "GET /v2.0/networks/f8fcc013-b021-49fb-acc0-5ecfa57a46b0?fields=segments HTTP/1.1" status: 200 len: 212 time: 0.0656598
2026-05-28 22:57:59.863 10 INFO neutron.db.ovn_revision_numbers_db [req-f0c8ab03-8618-4ade-8d9f-af7791fd8937 req-0c4ffdd1-6a53-4eef-bb86-c28be7b692ed bf746973377e4125bf0fdaf48551a4ca 96f8db49fcda430eb1a26f68333f37f8 - - f90c3c6d40d74f4b8e4ad62d3d4b34e2 f90c3c6d40d74f4b8e4ad62d3d4b34e2] Successfully bumped revision number for resource 4a27a00d-de5b-4b10-b8d4-4a3050d592f6 (type: ports) to 2
2026-05-28 22:57:59.897 9 INFO neutron.wsgi [req-fb1de5bb-afba-49ca-a2d1-ee3d916af86a req-5b78014f-48e6-4242-b0ff-d3be6def3e20 a417ddc3011846598fa36f876ceb8dd9 2d5c28439afb49549ffcea6f5b7f330f - - default default] 10.0.0.30 "GET /v2.0/ports?device_id=a500813f-f028-4d79-bd75-1c8907a2b0f4 HTTP/1.1" status: 200 len: 1172 time: 0.0505891
2026-05-28 22:57:59.926 9 INFO neutron.wsgi [req-2ba2a212-392f-49d1-94dc-0e0c69c76ca1 req-e56f63ec-58bd-4e02-b238-e834304c8b03 bf746973377e4125bf0fdaf48551a4ca 96f8db49fcda430eb1a26f68333f37f8 - - f90c3c6d40d74f4b8e4ad62d3d4b34e2 f90c3c6d40d74f4b8e4ad62d3d4b34e2] 199.204.45.140 "GET /v2.0/networks/f8fcc013-b021-49fb-acc0-5ecfa57a46b0?fields=provider%3Aphysical_network&fields=provider%3Anetwork_type HTTP/1.1" status: 200 len: 277 time: 0.0989604
2026-05-28 22:57:59.950 9 INFO neutron.plugins.ml2.drivers.ovn.mech_driver.mech_driver [None req-ef87392d-284c-4696-a878-2dbe87bf039a - - - - - -] OVN reports status up for port: 74b66c76-fc3b-4ccf-8c45-29d388fda28c
2026-05-28 22:57:59.978 9 INFO neutron.plugins.ml2.plugin [None req-ef87392d-284c-4696-a878-2dbe87bf039a - - - - - -] Attempt 1 to provision port 74b66c76-fc3b-4ccf-8c45-29d388fda28c
2026-05-28 22:58:00.014 9 INFO neutron.wsgi [req-fb1de5bb-afba-49ca-a2d1-ee3d916af86a req-25956141-9804-495b-be21-f1ba4df13c30 a417ddc3011846598fa36f876ceb8dd9 2d5c28439afb49549ffcea6f5b7f330f - - default default] 10.0.0.30 "GET /v2.0/security-groups?id=d2d901b8-e2e8-4fa0-ac68-807dbf36d491&fields=id&fields=name HTTP/1.1" status: 200 len: 313 time: 0.1065650
2026-05-28 22:58:00.030 10 INFO neutron.wsgi [None req-36af5415-8dc5-43ab-8dcd-72b92d134e6c 959f134c0e8643668a3f8d635d405fff 7df3d769c0bf4f62adfcf1ddb677caaa - - default default] 10.0.0.99 "GET /v2.0/ports HTTP/1.1" status: 200 len: 3213 time: 0.2350407
2026-05-28 22:58:00.218 10 INFO neutron.db.ovn_revision_numbers_db [None req-83b75871-06ea-49f1-95d6-b79df3220ec0 5c92abd1e52b4845933b6f3a28304dea 1e1d4f329a1d48f2b7c232f31acfcf25 - - default default] Successfully bumped revision number for resource 1b905358-f04b-4e1b-a5ac-a975c7da4b45 (type: floatingips) to 1
2026-05-28 22:58:00.283 10 INFO neutron.db.ovn_revision_numbers_db [req-f0c8ab03-8618-4ade-8d9f-af7791fd8937 req-0c4ffdd1-6a53-4eef-bb86-c28be7b692ed bf746973377e4125bf0fdaf48551a4ca 96f8db49fcda430eb1a26f68333f37f8 - - f90c3c6d40d74f4b8e4ad62d3d4b34e2 f90c3c6d40d74f4b8e4ad62d3d4b34e2] Successfully bumped revision number for resource 4a27a00d-de5b-4b10-b8d4-4a3050d592f6 (type: ports) to 2
2026-05-28 22:58:00.333 10 INFO neutron.wsgi [req-f0c8ab03-8618-4ade-8d9f-af7791fd8937 req-0c4ffdd1-6a53-4eef-bb86-c28be7b692ed bf746973377e4125bf0fdaf48551a4ca 96f8db49fcda430eb1a26f68333f37f8 - - f90c3c6d40d74f4b8e4ad62d3d4b34e2 f90c3c6d40d74f4b8e4ad62d3d4b34e2] 199.204.45.140 "PUT /v2.0/ports/4a27a00d-de5b-4b10-b8d4-4a3050d592f6 HTTP/1.1" status: 200 len: 1380 time: 1.8534060 /var/lib/openstack/lib/python3.10/site-packages/pycadf/identifier.py:71: UserWarning: Invalid uuid: neutron. To ensure interoperability, identifiers should be a valid uuid. warnings.warn(('Invalid uuid: %s. To ensure interoperability, '
2026-05-28 22:58:00.446 10 INFO neutron.wsgi [req-f0c8ab03-8618-4ade-8d9f-af7791fd8937 req-f8570995-f5a5-4473-b750-00166c12d33d bf746973377e4125bf0fdaf48551a4ca 96f8db49fcda430eb1a26f68333f37f8 - - f90c3c6d40d74f4b8e4ad62d3d4b34e2 f90c3c6d40d74f4b8e4ad62d3d4b34e2] 199.204.45.140 "GET /v2.0/ports?tenant_id=2d5c28439afb49549ffcea6f5b7f330f&device_id=a500813f-f028-4d79-bd75-1c8907a2b0f4 HTTP/1.1" status: 200 len: 1411 time: 0.0584576
2026-05-28 22:58:00.450 10 INFO neutron.db.ovn_revision_numbers_db [None req-83b75871-06ea-49f1-95d6-b79df3220ec0 5c92abd1e52b4845933b6f3a28304dea 1e1d4f329a1d48f2b7c232f31acfcf25 - - default default] Successfully bumped revision number for resource 1b905358-f04b-4e1b-a5ac-a975c7da4b45 (type: floatingips) to 2
2026-05-28 22:58:00.450 10 INFO neutron.db.l3_db [None req-83b75871-06ea-49f1-95d6-b79df3220ec0 5c92abd1e52b4845933b6f3a28304dea 1e1d4f329a1d48f2b7c232f31acfcf25 - - default default] Floating IP 1b905358-f04b-4e1b-a5ac-a975c7da4b45 associated. External IP: 10.96.250.210, port: 754e6915-765b-4018-8423-72ae5ce88a46.
2026-05-28 22:58:00.483 9 INFO neutron.db.ovn_revision_numbers_db [None req-ef87392d-284c-4696-a878-2dbe87bf039a - - - - - -] Successfully bumped revision number for resource 74b66c76-fc3b-4ccf-8c45-29d388fda28c (type: ports) to 4
2026-05-28 22:58:00.508 10 INFO neutron.wsgi [req-f0c8ab03-8618-4ade-8d9f-af7791fd8937 req-e01635a4-ccd8-4d1f-a4fc-8172a8d8d069 bf746973377e4125bf0fdaf48551a4ca 96f8db49fcda430eb1a26f68333f37f8 - - f90c3c6d40d74f4b8e4ad62d3d4b34e2 f90c3c6d40d74f4b8e4ad62d3d4b34e2] 199.204.45.140 "GET /v2.0/floatingips?fixed_ip_address=10.100.0.12&port_id=4a27a00d-de5b-4b10-b8d4-4a3050d592f6 HTTP/1.1" status: 200 len: 217 time: 0.0501957
2026-05-28 22:58:00.539 10 INFO neutron.wsgi [None req-83b75871-06ea-49f1-95d6-b79df3220ec0 5c92abd1e52b4845933b6f3a28304dea 1e1d4f329a1d48f2b7c232f31acfcf25 - - default default] 10.0.0.99 "PUT /v2.0/floatingips/1b905358-f04b-4e1b-a5ac-a975c7da4b45 HTTP/1.1" status: 200 len: 1049 time: 1.7342899
2026-05-28 22:58:00.567 10 INFO neutron.wsgi [req-f0c8ab03-8618-4ade-8d9f-af7791fd8937 req-2d7a3c2a-6ca2-4eac-a04b-8235c9e33177 bf746973377e4125bf0fdaf48551a4ca 96f8db49fcda430eb1a26f68333f37f8 - - f90c3c6d40d74f4b8e4ad62d3d4b34e2 f90c3c6d40d74f4b8e4ad62d3d4b34e2] 199.204.45.140 "GET /v2.0/subnets?id=74df5d27-9eaa-4b44-989c-5c504d9d61d0 HTTP/1.1" status: 200 len: 876 time: 0.0495276 /var/lib/openstack/lib/python3.10/site-packages/pycadf/identifier.py:71: UserWarning: Invalid uuid: neutron. To ensure interoperability, identifiers should be a valid uuid. warnings.warn(('Invalid uuid: %s. To ensure interoperability, '
2026-05-28 22:58:00.614 10 INFO neutron.wsgi [req-f0c8ab03-8618-4ade-8d9f-af7791fd8937 req-570348e9-988e-465e-80ba-f7171eed7dff bf746973377e4125bf0fdaf48551a4ca 96f8db49fcda430eb1a26f68333f37f8 - - f90c3c6d40d74f4b8e4ad62d3d4b34e2 f90c3c6d40d74f4b8e4ad62d3d4b34e2] 199.204.45.140 "GET /v2.0/ports?network_id=cca91ae6-444b-4adb-9840-a307ae37ba6f&device_owner=network%3Adhcp HTTP/1.1" status: 200 len: 210 time: 0.0391617
2026-05-28 22:58:00.658 9 INFO neutron.wsgi [None req-4158f535-a859-49ee-85cd-a245fb2e38f8 959f134c0e8643668a3f8d635d405fff 7df3d769c0bf4f62adfcf1ddb677caaa - - default default] 10.0.0.99 "DELETE /v2.0/ports/0a54fa74-2276-48c0-94c0-35871c42137e HTTP/1.1" status: 204 len: 168 time: 0.6225009
2026-05-28 22:58:00.697 10 INFO neutron.wsgi [req-f0c8ab03-8618-4ade-8d9f-af7791fd8937 req-869bdc3a-9b84-44a5-b61e-6d6c62fc5d2a bf746973377e4125bf0fdaf48551a4ca 96f8db49fcda430eb1a26f68333f37f8 - - f90c3c6d40d74f4b8e4ad62d3d4b34e2 f90c3c6d40d74f4b8e4ad62d3d4b34e2] 199.204.45.140 "GET /v2.0/networks/cca91ae6-444b-4adb-9840-a307ae37ba6f?fields=segments HTTP/1.1" status: 200 len: 212 time: 0.0744915
2026-05-28 22:58:00.718 9 INFO neutron.wsgi [req-438f67c0-2fc6-4468-bd89-c7dee3e06654 req-134a9914-f825-4669-b0a6-981564466543 5c92abd1e52b4845933b6f3a28304dea 1e1d4f329a1d48f2b7c232f31acfcf25 - - default default] 10.0.0.30 "GET /v2.0/ports?device_id=3cd4e987-e264-459d-a332-ac3f4bad63a2 HTTP/1.1" status: 200 len: 1170 time: 0.1135776
2026-05-28 22:58:00.765 9 INFO neutron.wsgi [req-438f67c0-2fc6-4468-bd89-c7dee3e06654 req-d694e29c-606c-4e67-b574-15bdcf44ddff 5c92abd1e52b4845933b6f3a28304dea 1e1d4f329a1d48f2b7c232f31acfcf25 - - default default] 10.0.0.30 "GET /v2.0/security-groups?id=d2e6d306-84b2-48d9-ba95-a835931bf5c2&fields=id&fields=name HTTP/1.1" status: 200 len: 313 time: 0.0406470
2026-05-28 22:58:00.800 10 INFO neutron.wsgi [req-f0c8ab03-8618-4ade-8d9f-af7791fd8937 req-464d53d9-b482-418d-b55e-e9c64fac1675 bf746973377e4125bf0fdaf48551a4ca 96f8db49fcda430eb1a26f68333f37f8 - - f90c3c6d40d74f4b8e4ad62d3d4b34e2 f90c3c6d40d74f4b8e4ad62d3d4b34e2] 199.204.45.140 "GET /v2.0/networks/cca91ae6-444b-4adb-9840-a307ae37ba6f?fields=provider%3Aphysical_network&fields=provider%3Anetwork_type HTTP/1.1" status: 200 len: 277 time: 0.0935848
2026-05-28 22:58:00.904 9 INFO neutron.wsgi [req-d2f4a3dd-ba34-482a-8b0e-0ed69806c4ab req-0acc0c7c-7b01-4e2f-bdb5-2d601526d846 37f6dc78d6554e7380217185a8aba0e5 001130d1f3e84f4e801945a636ebf734 - - default default] 10.0.0.30 "GET /v2.0/ports?device_id=b16009ce-da81-4d26-b532-3ffe589a6532 HTTP/1.1" status: 200 len: 1174 time: 0.1081963
2026-05-28 22:58:00.964 9 INFO neutron.notifiers.nova [-] Nova event matching ['req-77fa0482-7a56-486e-b63b-79a25cc65840'] response: {'server_uuid': 'b16009ce-da81-4d26-b532-3ffe589a6532', 'name': 'network-vif-plugged', 'status': 'completed', 'tag': '74b66c76-fc3b-4ccf-8c45-29d388fda28c', 'code': 200}
2026-05-28 22:58:00.964 9 INFO neutron.notifiers.nova [-] Nova event matching ['req-77fa0482-7a56-486e-b63b-79a25cc65840'] response: {'server_uuid': 'b16009ce-da81-4d26-b532-3ffe589a6532', 'name': 'network-vif-plugged', 'status': 'completed', 'tag': '74b66c76-fc3b-4ccf-8c45-29d388fda28c', 'code': 200}
2026-05-28 22:58:00.995 9 INFO neutron.wsgi [req-d2f4a3dd-ba34-482a-8b0e-0ed69806c4ab req-92bf40ae-4657-495f-90f3-d86facbc0bde 37f6dc78d6554e7380217185a8aba0e5 001130d1f3e84f4e801945a636ebf734 - - default default] 10.0.0.30 "GET /v2.0/security-groups?id=1d05b694-839c-4971-a889-2c490db28fae&fields=id&fields=name HTTP/1.1" status: 200 len: 312 time: 0.0844188
2026-05-28 22:58:01.043 10 INFO neutron.wsgi [None req-7ac1c6c5-9f7b-4370-a28b-d054ce074c56 959f134c0e8643668a3f8d635d405fff 7df3d769c0bf4f62adfcf1ddb677caaa - - default default] 10.0.0.99 "DELETE /v2.0/ports/6d91f689-cdd9-4eb4-8b5e-6dd2b7de2685 HTTP/1.1" status: 204 len: 168 time: 0.3801277
2026-05-28 22:58:01.109 10 INFO neutron.wsgi [None req-b4ff6ff5-829b-4406-a9c7-ba11792ea544 959f134c0e8643668a3f8d635d405fff 7df3d769c0bf4f62adfcf1ddb677caaa - - default default] 10.0.0.99 "GET /v2.0/ports HTTP/1.1" status: 200 len: 1718 time: 0.0600514
2026-05-28 22:58:01.123 10 WARNING neutron_lib.context [None req-532d49d6-a492-4ff2-b5e9-a7def60a0bca 959f134c0e8643668a3f8d635d405fff 7df3d769c0bf4f62adfcf1ddb677caaa - - default default] Method 'is_advsvc' is deprecated since 2023.2 release (neutron-lib 3.8.0) and will be removed once support for the old RBAC API policies will be removed from Neutron. Please use method 'is_service_role' instead.
2026-05-28 22:58:01.248 10 INFO neutron.db.segments_db [None req-532d49d6-a492-4ff2-b5e9-a7def60a0bca 959f134c0e8643668a3f8d635d405fff 7df3d769c0bf4f62adfcf1ddb677caaa - - default default] Added segment 31b0f0d7-754b-45ce-806d-da590828bc13 of type geneve for network 20fbd2b3-c480-4868-947e-4dc11a5278ea
2026-05-28 22:58:01.263 9 INFO neutron.wsgi [req-c70622c7-96f1-4e9d-af0d-4f708fc45961 req-6a73e58d-da2f-4d45-a35f-7845b7fa95b8 a417ddc3011846598fa36f876ceb8dd9 2d5c28439afb49549ffcea6f5b7f330f - - default default] 10.0.0.30 "GET /v2.0/ports?device_id=a500813f-f028-4d79-bd75-1c8907a2b0f4 HTTP/1.1" status: 200 len: 1172 time: 0.1527746
2026-05-28 22:58:01.335 9 INFO neutron.wsgi [req-5c40310d-09ab-452d-a8cb-c430d592ceec req-c378734b-a20c-46e0-a7d3-6ae7089148b8 5c92abd1e52b4845933b6f3a28304dea 1e1d4f329a1d48f2b7c232f31acfcf25 - - default default] 10.0.0.30 "GET /v2.0/ports?device_id=3cd4e987-e264-459d-a332-ac3f4bad63a2 HTTP/1.1" status: 200 len: 1170 time: 0.0875468
2026-05-28 22:58:01.347 9 INFO neutron.wsgi [req-c70622c7-96f1-4e9d-af0d-4f708fc45961 req-09a43118-3928-4795-ab7f-29f1d24f5bca a417ddc3011846598fa36f876ceb8dd9 2d5c28439afb49549ffcea6f5b7f330f - - default default] 10.0.0.30 "GET /v2.0/security-groups?id=d2d901b8-e2e8-4fa0-ac68-807dbf36d491&fields=id&fields=name HTTP/1.1" status: 200 len: 313 time: 0.0778131
2026-05-28 22:58:01.389 9 INFO neutron.wsgi [req-5c40310d-09ab-452d-a8cb-c430d592ceec req-3f583570-2925-46d4-bb28-8766d8453a50 5c92abd1e52b4845933b6f3a28304dea 1e1d4f329a1d48f2b7c232f31acfcf25 - - default default] 10.0.0.30 "GET /v2.0/security-groups?id=d2e6d306-84b2-48d9-ba95-a835931bf5c2&fields=id&fields=name HTTP/1.1" status: 200 len: 313 time: 0.0451849
2026-05-28 22:58:01.420 10 INFO neutron.db.ovn_revision_numbers_db [None req-532d49d6-a492-4ff2-b5e9-a7def60a0bca 959f134c0e8643668a3f8d635d405fff 7df3d769c0bf4f62adfcf1ddb677caaa - - default default] Successfully bumped revision number for resource 20fbd2b3-c480-4868-947e-4dc11a5278ea (type: networks) to 1
2026-05-28 22:58:01.554 10 INFO neutron.notifiers.nova [-] Nova event matching ['req-85107cfb-d7ea-4803-bc73-cc525c65fcec'] response: {'name': 'network-changed', 'server_uuid': 'a500813f-f028-4d79-bd75-1c8907a2b0f4', 'tag': '4a27a00d-de5b-4b10-b8d4-4a3050d592f6', 'status': 'completed', 'code': 200}
2026-05-28 22:58:01.554 10 INFO neutron.notifiers.nova [-] Nova event matching ['req-85107cfb-d7ea-4803-bc73-cc525c65fcec'] response: {'name': 'network-changed', 'server_uuid': '3cd4e987-e264-459d-a332-ac3f4bad63a2', 'tag': '754e6915-765b-4018-8423-72ae5ce88a46', 'status': 'completed', 'code': 200}
2026-05-28 22:58:01.648 10 INFO neutron.wsgi [req-09896923-4244-454e-bc85-229921f3c543 req-913036f3-587d-4ddf-a9d8-5e75f6a36588 bf746973377e4125bf0fdaf48551a4ca 96f8db49fcda430eb1a26f68333f37f8 - - f90c3c6d40d74f4b8e4ad62d3d4b34e2 f90c3c6d40d74f4b8e4ad62d3d4b34e2] 199.204.45.140 "GET /v2.0/ports?tenant_id=2d5c28439afb49549ffcea6f5b7f330f&device_id=a500813f-f028-4d79-bd75-1c8907a2b0f4 HTTP/1.1" status: 200 len: 1411 time: 0.0712597
2026-05-28 22:58:01.670 9 INFO neutron.wsgi [req-161c2b25-898d-4a00-afc2-abbe4970eca5 req-38aaeb05-4fb3-49fa-a399-a6a328e1cb10 5c92abd1e52b4845933b6f3a28304dea 1e1d4f329a1d48f2b7c232f31acfcf25 - - default default] 199.204.45.140 "GET /v2.0/ports?device_id=3cd4e987-e264-459d-a332-ac3f4bad63a2 HTTP/1.1" status: 200 len: 1170 time: 0.0620241
2026-05-28 22:58:01.707 10 WARNING neutron.scheduler.dhcp_agent_scheduler [None req-532d49d6-a492-4ff2-b5e9-a7def60a0bca 959f134c0e8643668a3f8d635d405fff 7df3d769c0bf4f62adfcf1ddb677caaa - - default default] No more DHCP agents
2026-05-28 22:58:01.710 10 WARNING neutron.api.rpc.agentnotifiers.dhcp_rpc_agent_api [None req-532d49d6-a492-4ff2-b5e9-a7def60a0bca 959f134c0e8643668a3f8d635d405fff 7df3d769c0bf4f62adfcf1ddb677caaa - - default default] Unable to schedule network 20fbd2b3-c480-4868-947e-4dc11a5278ea: no agents available; will retry on subsequent port and subnet creation events.
2026-05-28 22:58:01.770 10 INFO neutron.wsgi [req-09896923-4244-454e-bc85-229921f3c543 req-bb66d150-ee57-4929-95ae-075a354fe39a bf746973377e4125bf0fdaf48551a4ca 96f8db49fcda430eb1a26f68333f37f8 - - f90c3c6d40d74f4b8e4ad62d3d4b34e2 f90c3c6d40d74f4b8e4ad62d3d4b34e2] 199.204.45.140 "GET /v2.0/networks?id=cca91ae6-444b-4adb-9840-a307ae37ba6f HTTP/1.1" status: 200 len: 981 time: 0.1126943
2026-05-28 22:58:02.100 10 INFO neutron.wsgi [req-09896923-4244-454e-bc85-229921f3c543 req-6d2821fc-2947-4d3f-8ced-6fc4feae8d2e bf746973377e4125bf0fdaf48551a4ca 96f8db49fcda430eb1a26f68333f37f8 - - f90c3c6d40d74f4b8e4ad62d3d4b34e2 f90c3c6d40d74f4b8e4ad62d3d4b34e2] 199.204.45.140 "GET /v2.0/floatingips?fixed_ip_address=10.100.0.12&port_id=4a27a00d-de5b-4b10-b8d4-4a3050d592f6 HTTP/1.1" status: 200 len: 217 time: 0.3200476
2026-05-28 22:58:02.166 10 INFO neutron.db.ovn_revision_numbers_db [None req-532d49d6-a492-4ff2-b5e9-a7def60a0bca 959f134c0e8643668a3f8d635d405fff 7df3d769c0bf4f62adfcf1ddb677caaa - - default default] Successfully bumped revision number for resource a3060a06-d7f5-4e63-a069-bdd37772ef38 (type: ports) to 1
