2026-05-28 23:00:14.405 10 ERROR neutron_lib.callbacks.manager callback.method(resource, event, trigger, payload=payload)
2026-05-28 23:00:14.405 10 ERROR neutron_lib.callbacks.manager
File "/var/lib/openstack/lib/python3.10/site-packages/neutron/services/ovn_l3/plugin.py", line 391, in _port_update
2026-05-28 23:00:14.405 10 ERROR neutron_lib.callbacks.manager l3plugin._ovn_client.update_router_port(context,
2026-05-28 23:00:14.405 10 ERROR neutron_lib.callbacks.manager
File "/var/lib/openstack/lib/python3.10/site-packages/neutron/plugins/ml2/drivers/ovn/mech_driver/ovsdb/ovn_client.py", line 1878, in update_router_port
2026-05-28 23:00:14.405 10 ERROR neutron_lib.callbacks.manager self._update_lrouter_port(context, port, if_exists=if_exists,
2026-05-28 23:00:14.405 10 ERROR neutron_lib.callbacks.manager
File "/var/lib/openstack/lib/python3.10/site-packages/neutron/plugins/ml2/drivers/ovn/mech_driver/ovsdb/ovn_client.py", line 1855, in _update_lrouter_port
2026-05-28 23:00:14.405 10 ERROR neutron_lib.callbacks.manager external_ids = self._nb_idl.db_get(
2026-05-28 23:00:14.405 10 ERROR neutron_lib.callbacks.manager
File "/var/lib/openstack/lib/python3.10/site-packages/ovsdbapp/backend/ovs_idl/command.py", line 47, in execute
2026-05-28 23:00:14.405 10 ERROR neutron_lib.callbacks.manager self.run_idl(None)
2026-05-28 23:00:14.405 10 ERROR neutron_lib.callbacks.manager
File "/var/lib/openstack/lib/python3.10/site-packages/ovsdbapp/backend/ovs_idl/command.py", line 235, in run_idl
2026-05-28 23:00:14.405 10 ERROR neutron_lib.callbacks.manager record = self.api.lookup(self.table, self.record)
2026-05-28 23:00:14.405 10 ERROR neutron_lib.callbacks.manager
File "/var/lib/openstack/lib/python3.10/site-packages/ovsdbapp/backend/ovs_idl/__init__.py", line 184, in lookup
2026-05-28 23:00:14.405 10 ERROR neutron_lib.callbacks.manager return self._lookup(table, record)
2026-05-28 23:00:14.405 10 ERROR neutron_lib.callbacks.manager
File "/var/lib/openstack/lib/python3.10/site-packages/ovsdbapp/backend/ovs_idl/__init__.py", line 235, in _lookup
2026-05-28 23:00:14.405 10 ERROR neutron_lib.callbacks.manager row = idlutils.row_by_value(self, rl.table, rl.column, record)
2026-05-28 23:00:14.405 10 ERROR neutron_lib.callbacks.manager
File "/var/lib/openstack/lib/python3.10/site-packages/ovsdbapp/backend/ovs_idl/idlutils.py", line 114, in row_by_value
2026-05-28 23:00:14.405 10 ERROR neutron_lib.callbacks.manager raise RowNotFound(table=table, col=column, match=match)
2026-05-28 23:00:14.405 10 ERROR neutron_lib.callbacks.manager ovsdbapp.backend.ovs_idl.idlutils.RowNotFound: Cannot find Logical_Router_Port with name=lrp-75d50699-2a62-4dfe-ba0f-103a8bd1e874
2026-05-28 23:00:14.405 10 ERROR neutron_lib.callbacks.manager 
2026-05-28 23:00:14.499 9 INFO neutron.wsgi [None req-65273e78-c65f-4bec-bfe4-d3cf7a7dceba cc63159a69b6401ab5a42376c4634d2b f244f4dc021b443ea693774153a517c8 - - default default] 10.0.0.99 "PUT /v2.0/networks/ae20faf2-b8f3-4d42-89a0-f3aa7ac59692/tags HTTP/1.1" status: 200 len: 210 time: 0.1107752
2026-05-28 23:00:14.569 9 INFO neutron.wsgi [None req-7b27aded-3814-44e6-8553-bfe622151875 cc63159a69b6401ab5a42376c4634d2b f244f4dc021b443ea693774153a517c8 - - default default] 10.0.0.99 "GET /v2.0/networks/ae20faf2-b8f3-4d42-89a0-f3aa7ac59692/tags HTTP/1.1" status: 200 len: 210 time: 0.0620856
2026-05-28 23:00:14.652 9 INFO neutron.wsgi [None req-1e4e39e6-2fba-4730-86ce-fe812ca9ab67 cc63159a69b6401ab5a42376c4634d2b f244f4dc021b443ea693774153a517c8 - - default default] 10.0.0.99 "PUT /v2.0/networks/ae20faf2-b8f3-4d42-89a0-f3aa7ac59692/tags HTTP/1.1" status: 200 len: 205 time: 0.0772309
2026-05-28 23:00:14.736 9 INFO neutron.wsgi [None req-724d0a6c-2727-486e-b2cc-5725cb31653e cc63159a69b6401ab5a42376c4634d2b f244f4dc021b443ea693774153a517c8 - - default default] 10.0.0.99 "GET /v2.0/networks/ae20faf2-b8f3-4d42-89a0-f3aa7ac59692/tags HTTP/1.1" status: 200 len: 205 time: 0.0785661
2026-05-28 23:00:14.750 10 INFO neutron.plugins.ml2.drivers.ovn.mech_driver.mech_driver [None req-f20f73ee-6b86-4f38-ba18-6326d533e0b2 - - - - - -] OVN reports status up for port: 75d50699-2a62-4dfe-ba0f-103a8bd1e874
2026-05-28 23:00:14.783 10 INFO neutron.plugins.ml2.plugin [None req-f20f73ee-6b86-4f38-ba18-6326d533e0b2 - - - - - -] Attempt 1 to provision port 75d50699-2a62-4dfe-ba0f-103a8bd1e874
2026-05-28 23:00:14.817 10 INFO neutron.db.ovn_revision_numbers_db [None req-da538994-a2bb-48c6-a6f2-b0ffa5dec14e 3d58b17204df4ec5ab90d8a31b24d8d7 9cdac69e6ff24adabf2a83917b0007ff - - default default] Successfully bumped revision number for resource 75d50699-2a62-4dfe-ba0f-103a8bd1e874 (type: ports) to 1
2026-05-28 23:00:14.847 9 INFO neutron.wsgi [None req-069cd9f6-27e7-4ab6-8688-8959ae557def cc63159a69b6401ab5a42376c4634d2b f244f4dc021b443ea693774153a517c8 - - default default] 10.0.0.99 "GET /v2.0/networks/1950e243-a15f-423e-a573-9228adc5d51e/tags HTTP/1.1" status: 200 len: 218 time: 0.0963919
2026-05-28 23:00:14.879 10 INFO neutron.db.ovn_revision_numbers_db [None req-94e098f5-8d40-498d-93bd-53237263488b f12e61e4e00c4884a2149d8b62c222a5 e81ddcfb6cb24c6695923dcab8829e85 - - default default] Successfully bumped revision number for resource 6994a710-6885-4c87-9fff-eccf7f3dcad0 (type: security_groups) to 1
2026-05-28 23:00:14.908 10 INFO neutron.db.ovn_revision_numbers_db [None req-94e098f5-8d40-498d-93bd-53237263488b f12e61e4e00c4884a2149d8b62c222a5 e81ddcfb6cb24c6695923dcab8829e85 - - default default] Successfully bumped revision number for resource 41dd600a-35b9-46b5-9a49-ab7c0604325b (type: security_group_rules) to 0
2026-05-28 23:00:14.943 10 INFO neutron.db.ovn_revision_numbers_db [None req-94e098f5-8d40-498d-93bd-53237263488b f12e61e4e00c4884a2149d8b62c222a5 e81ddcfb6cb24c6695923dcab8829e85 - - default default] Successfully bumped revision number for resource 514b156c-0bf5-4ac6-9349-3d9d6047ee18 (type: security_group_rules) to 0
2026-05-28 23:00:15.000 10 INFO neutron.db.ovn_revision_numbers_db [None req-94e098f5-8d40-498d-93bd-53237263488b f12e61e4e00c4884a2149d8b62c222a5 e81ddcfb6cb24c6695923dcab8829e85 - - default default] Successfully bumped revision number for resource 98a5e3e6-a414-4f0b-a928-a609cf435963 (type: security_group_rules) to 0
2026-05-28 23:00:15.013 10 WARNING neutron.scheduler.dhcp_agent_scheduler [None req-da538994-a2bb-48c6-a6f2-b0ffa5dec14e 3d58b17204df4ec5ab90d8a31b24d8d7 9cdac69e6ff24adabf2a83917b0007ff - - default default] No more DHCP agents
2026-05-28 23:00:15.024 10 WARNING neutron.api.rpc.agentnotifiers.dhcp_rpc_agent_api [None req-da538994-a2bb-48c6-a6f2-b0ffa5dec14e 3d58b17204df4ec5ab90d8a31b24d8d7 9cdac69e6ff24adabf2a83917b0007ff - - default default] Unable to schedule network 11c45c93-577a-4bfe-91d9-2cd8961ec1d4: no agents available; will retry on subsequent port and subnet creation events.
2026-05-28 23:00:15.057 10 INFO neutron.db.ovn_revision_numbers_db [None req-94e098f5-8d40-498d-93bd-53237263488b f12e61e4e00c4884a2149d8b62c222a5 e81ddcfb6cb24c6695923dcab8829e85 - - default default] Successfully bumped revision number for resource f7680ee5-b65e-4f77-bad8-34914d42a8cc (type: security_group_rules) to 0
2026-05-28 23:00:15.351 9 INFO neutron.services.segments.plugin [-] Segment 2f436bab-70e1-4a3f-a495-7aa344961213 resource provider aggregate not found
2026-05-28 23:00:15.364 9 INFO neutron.services.segments.plugin [-] Segment 2f436bab-70e1-4a3f-a495-7aa344961213 resource provider aggregate not found
2026-05-28 23:00:15.377 9 INFO neutron.wsgi [None req-17f11daa-ea4a-4d25-8303-ec3cd0c37200 cc63159a69b6401ab5a42376c4634d2b f244f4dc021b443ea693774153a517c8 - - default default] 10.0.0.99 "DELETE /v2.0/networks/1950e243-a15f-423e-a573-9228adc5d51e HTTP/1.1" status: 204 len: 168 time: 0.5126605
2026-05-28 23:00:15.378 9 INFO neutron.services.segments.plugin [-] Segment 2f436bab-70e1-4a3f-a495-7aa344961213 resource provider not found; error: Placement Client Error (4xx): {"errors": [{"status": 404, "title": "Not Found", "detail": "The resource could not be found.\n\n No resource provider with uuid 2f436bab-70e1-4a3f-a495-7aa344961213 found for delete ", "request_id": "req-c03f858b-231c-4807-95ee-57bbefa17089"}]}
2026-05-28 23:00:15.382 9 INFO neutron.services.segments.plugin [-] Segment 2f436bab-70e1-4a3f-a495-7aa344961213 resource provider not found; error: Placement Client Error (4xx): {"errors": [{"status": 404, "title": "Not Found", "detail": "The resource could not be found.\n\n No resource provider with uuid 2f436bab-70e1-4a3f-a495-7aa344961213 found for delete ", "request_id": "req-f7c89d1d-8249-45e6-8b34-a01776d71f8a"}]}
2026-05-28 23:00:15.391 10 INFO neutron.wsgi [None req-94e098f5-8d40-498d-93bd-53237263488b f12e61e4e00c4884a2149d8b62c222a5 e81ddcfb6cb24c6695923dcab8829e85 - - default default] 10.0.0.99 "GET /v2.0/security-groups?tenant_id=6036d6f6abe2436382d72c3ee9111227&name=default HTTP/1.1" status: 200 len: 3120 time: 0.8564873
2026-05-28 23:00:15.625 10 INFO neutron.db.ovn_revision_numbers_db [None req-da538994-a2bb-48c6-a6f2-b0ffa5dec14e 3d58b17204df4ec5ab90d8a31b24d8d7 9cdac69e6ff24adabf2a83917b0007ff - - default default] Successfully bumped revision number for resource 75d50699-2a62-4dfe-ba0f-103a8bd1e874 (type: router_ports) to 1
2026-05-28 23:00:15.633 10 INFO neutron.wsgi [None req-da538994-a2bb-48c6-a6f2-b0ffa5dec14e 3d58b17204df4ec5ab90d8a31b24d8d7 9cdac69e6ff24adabf2a83917b0007ff - - default default] 10.0.0.99 "PUT /v2.0/routers/20b03ba4-30be-4540-b3fd-1ab926b2c58a/add_router_interface HTTP/1.1" status: 200 len: 503 time: 2.9240654
2026-05-28 23:00:15.748 9 INFO neutron.wsgi [None req-59a597a0-d3a5-4524-a29d-40902b07df5b 3d58b17204df4ec5ab90d8a31b24d8d7 9cdac69e6ff24adabf2a83917b0007ff - - default default] 10.0.0.99 "GET /v2.0/ports/75d50699-2a62-4dfe-ba0f-103a8bd1e874 HTTP/1.1" status: 200 len: 1137 time: 0.1087668
2026-05-28 23:00:15.789 10 INFO neutron.db.ovn_revision_numbers_db [None req-f20f73ee-6b86-4f38-ba18-6326d533e0b2 - - - - - -] Successfully bumped revision number for resource 75d50699-2a62-4dfe-ba0f-103a8bd1e874 (type: ports) to 2
2026-05-28 23:00:15.794 9 INFO neutron.wsgi [None req-69a796d0-7f71-4d9e-9c53-1b7ff0f88662 3d58b17204df4ec5ab90d8a31b24d8d7 9cdac69e6ff24adabf2a83917b0007ff - - default default] 10.0.0.99 "GET /v2.0/ports/75d50699-2a62-4dfe-ba0f-103a8bd1e874 HTTP/1.1" status: 200 len: 1137 time: 0.0395141
2026-05-28 23:00:15.810 10 INFO neutron.wsgi [None req-1cfc5def-6539-45cf-abaf-8450fff338c4 f12e61e4e00c4884a2149d8b62c222a5 e81ddcfb6cb24c6695923dcab8829e85 - - default default] 10.0.0.99 "DELETE /v2.0/security-groups/6994a710-6885-4c87-9fff-eccf7f3dcad0 HTTP/1.1" status: 204 len: 168 time: 0.4122534
2026-05-28 23:00:15.912 9 INFO neutron.wsgi [None req-d100852a-67f8-45b1-af23-db73b9696f2a cc63159a69b6401ab5a42376c4634d2b f244f4dc021b443ea693774153a517c8 - - default default] 10.0.0.99 "DELETE /v2.0/networks/ae20faf2-b8f3-4d42-89a0-f3aa7ac59692 HTTP/1.1" status: 204 len: 168 time: 0.5221202
2026-05-28 23:00:15.958 10 INFO neutron.db.ovn_revision_numbers_db [None req-f20f73ee-6b86-4f38-ba18-6326d533e0b2 - - - - - -] Successfully bumped revision number for resource 75d50699-2a62-4dfe-ba0f-103a8bd1e874 (type: router_ports) to 2
2026-05-28 23:00:16.969 10 INFO neutron.wsgi [None req-1b49449f-6708-4181-b32a-c14bd1e4e7a7 f12e61e4e00c4884a2149d8b62c222a5 e81ddcfb6cb24c6695923dcab8829e85 - - default default] 10.0.0.99 "GET /v2.0/security-groups?tenant_id=f244f4dc021b443ea693774153a517c8&name=default HTTP/1.1" status: 200 len: 3120 time: 0.1793671
2026-05-28 23:00:17.155 9 INFO neutron.wsgi [None req-1afb4a27-c7d4-4bc1-a2e0-d2349315de61 3d58b17204df4ec5ab90d8a31b24d8d7 9cdac69e6ff24adabf2a83917b0007ff - - default default] 10.0.0.99 "PUT /v2.0/routers/20b03ba4-30be-4540-b3fd-1ab926b2c58a/remove_router_interface HTTP/1.1" status: 200 len: 503 time: 1.3560100 /var/lib/openstack/lib/python3.10/site-packages/pycadf/identifier.py:71: UserWarning: Invalid uuid: neutron. To ensure interoperability, identifiers should be a valid uuid. warnings.warn(('Invalid uuid: %s. To ensure interoperability, '
2026-05-28 23:00:17.247 10 INFO neutron.wsgi [None req-cc9dd98b-35de-478d-9433-3d8baa422952 f12e61e4e00c4884a2149d8b62c222a5 e81ddcfb6cb24c6695923dcab8829e85 - - default default] 10.0.0.99 "DELETE /v2.0/security-groups/61809ada-4415-4492-9847-f47c9b60e958 HTTP/1.1" status: 204 len: 168 time: 0.2707689
2026-05-28 23:00:17.304 9 INFO neutron.wsgi [None req-95452940-4127-48b6-8437-76569562458d 3d58b17204df4ec5ab90d8a31b24d8d7 9cdac69e6ff24adabf2a83917b0007ff - - default default] 10.0.0.99 "GET /v2.0/ports/6d842a6a-588f-4fc6-9d5b-2fa06bc86955 HTTP/1.1" status: 200 len: 1137 time: 0.1388347
2026-05-28 23:00:17.401 9 INFO neutron.services.segments.plugin [-] Segment 8a54d1a5-9547-45bf-b3e3-f21be0a682d9 resource provider aggregate not found
2026-05-28 23:00:17.405 9 INFO neutron.services.segments.plugin [-] Segment 8a54d1a5-9547-45bf-b3e3-f21be0a682d9 resource provider aggregate not found
2026-05-28 23:00:17.427 9 INFO neutron.services.segments.plugin [-] Segment 8a54d1a5-9547-45bf-b3e3-f21be0a682d9 resource provider not found; error: Placement Client Error (4xx): {"errors": [{"status": 404, "title": "Not Found", "detail": "The resource could not be found.\n\n No resource provider with uuid 8a54d1a5-9547-45bf-b3e3-f21be0a682d9 found for delete ", "request_id": "req-6bc596d4-ab98-44ec-a238-a93db2f9fa21"}]}
2026-05-28 23:00:17.428 9 INFO neutron.services.segments.plugin [-] Segment 8a54d1a5-9547-45bf-b3e3-f21be0a682d9 resource provider not found; error: Placement Client Error (4xx): {"errors": [{"status": 404, "title": "Not Found", "detail": "The resource could not be found.\n\n No resource provider with uuid 8a54d1a5-9547-45bf-b3e3-f21be0a682d9 found for delete ", "request_id": "req-b9f9ce70-e5b5-48b9-b726-5abbfd1219a1"}]}
2026-05-28 23:00:17.563 10 INFO neutron.db.ovn_revision_numbers_db [None req-4bb0a4c1-ce40-4d16-9853-0e4b4e05f339 f12e61e4e00c4884a2149d8b62c222a5 e81ddcfb6cb24c6695923dcab8829e85 - - default default] Successfully bumped revision number for resource b6014cc6-edd8-4132-ae41-9380ce30d996 (type: security_groups) to 1
2026-05-28 23:00:17.578 10 INFO neutron.db.ovn_revision_numbers_db [None req-4bb0a4c1-ce40-4d16-9853-0e4b4e05f339 f12e61e4e00c4884a2149d8b62c222a5 e81ddcfb6cb24c6695923dcab8829e85 - - default default] Successfully bumped revision number for resource 12822d9a-038f-4c60-a9dd-412cfd43694f (type: security_group_rules) to 0
2026-05-28 23:00:17.592 10 INFO neutron.db.ovn_revision_numbers_db [None req-4bb0a4c1-ce40-4d16-9853-0e4b4e05f339 f12e61e4e00c4884a2149d8b62c222a5 e81ddcfb6cb24c6695923dcab8829e85 - - default default] Successfully bumped revision number for resource 17d2d750-4b87-4709-b10b-324fb1e2d95d (type: security_group_rules) to 0
2026-05-28 23:00:17.616 10 INFO neutron.db.ovn_revision_numbers_db [None req-4bb0a4c1-ce40-4d16-9853-0e4b4e05f339 f12e61e4e00c4884a2149d8b62c222a5 e81ddcfb6cb24c6695923dcab8829e85 - - default default] Successfully bumped revision number for resource efd85539-0e63-4840-807d-f5904af938f7 (type: security_group_rules) to 0
2026-05-28 23:00:17.648 10 INFO neutron.db.ovn_revision_numbers_db [None req-4bb0a4c1-ce40-4d16-9853-0e4b4e05f339 f12e61e4e00c4884a2149d8b62c222a5 e81ddcfb6cb24c6695923dcab8829e85 - - default default] Successfully bumped revision number for resource f6610755-e42b-4c8c-9aed-78c38d3f5980 (type: security_group_rules) to 0
2026-05-28 23:00:17.670 10 INFO neutron.wsgi [None req-4bb0a4c1-ce40-4d16-9853-0e4b4e05f339 f12e61e4e00c4884a2149d8b62c222a5 e81ddcfb6cb24c6695923dcab8829e85 - - default default] 10.0.0.99 "GET /v2.0/security-groups?tenant_id=4fd5e963cb85478cba34e5814a74c628&name=default HTTP/1.1" status: 200 len: 3120 time: 0.2480855
2026-05-28 23:00:17.956 10 INFO neutron.wsgi [None req-ea404f0a-80db-4aa9-a4a2-c319979a1083 f12e61e4e00c4884a2149d8b62c222a5 e81ddcfb6cb24c6695923dcab8829e85 - - default default] 10.0.0.99 "DELETE /v2.0/security-groups/b6014cc6-edd8-4132-ae41-9380ce30d996 HTTP/1.1" status: 204 len: 168 time: 0.2809069
2026-05-28 23:00:18.206 9 INFO neutron.wsgi [None req-99364f76-10d5-42d6-9e63-d1280ad6dfc9 3d58b17204df4ec5ab90d8a31b24d8d7 9cdac69e6ff24adabf2a83917b0007ff - - default default] 10.0.0.99 "PUT /v2.0/routers/20b03ba4-30be-4540-b3fd-1ab926b2c58a/remove_router_interface HTTP/1.1" status: 200 len: 503 time: 0.8933368 /var/lib/openstack/lib/python3.10/site-packages/pycadf/identifier.py:71: UserWarning: Invalid uuid: neutron. To ensure interoperability, identifiers should be a valid uuid. warnings.warn(('Invalid uuid: %s. To ensure interoperability, '
2026-05-28 23:00:18.241 9 INFO neutron.wsgi [None req-28dec086-7d57-41ac-a492-a7e6a661a19b 3d58b17204df4ec5ab90d8a31b24d8d7 9cdac69e6ff24adabf2a83917b0007ff - - default default] 10.0.0.99 "GET /v2.0/ports?device_id=20b03ba4-30be-4540-b3fd-1ab926b2c58a HTTP/1.1" status: 200 len: 205 time: 0.0304627
2026-05-28 23:00:18.528 9 INFO neutron.wsgi [None req-97ea8524-70f9-43fd-b305-83be7e0c1fd0 3d58b17204df4ec5ab90d8a31b24d8d7 9cdac69e6ff24adabf2a83917b0007ff - - default default] 10.0.0.99 "DELETE /v2.0/routers/20b03ba4-30be-4540-b3fd-1ab926b2c58a HTTP/1.1" status: 204 len: 168 time: 0.2814319
2026-05-28 23:00:18.672 9 INFO neutron.db.ovn_revision_numbers_db [None req-7614c531-0f8f-4d8c-a70a-dc1a3ade3392 f12e61e4e00c4884a2149d8b62c222a5 e81ddcfb6cb24c6695923dcab8829e85 - - default default] Successfully bumped revision number for resource f25b1e35-d3c9-41c3-bfef-459046a55407 (type: security_groups) to 1
2026-05-28 23:00:18.696 9 INFO neutron.db.ovn_revision_numbers_db [None req-7614c531-0f8f-4d8c-a70a-dc1a3ade3392 f12e61e4e00c4884a2149d8b62c222a5 e81ddcfb6cb24c6695923dcab8829e85 - - default default] Successfully bumped revision number for resource 1669ba82-7d4e-43c9-98c0-adeb752bc127 (type: security_group_rules) to 0
2026-05-28 23:00:18.713 9 INFO neutron.db.ovn_revision_numbers_db [None req-7614c531-0f8f-4d8c-a70a-dc1a3ade3392 f12e61e4e00c4884a2149d8b62c222a5 e81ddcfb6cb24c6695923dcab8829e85 - - default default] Successfully bumped revision number for resource 4d81537e-5a35-44f8-93af-98bef7fba253 (type: security_group_rules) to 0
2026-05-28 23:00:18.735 9 INFO neutron.db.ovn_revision_numbers_db [None req-7614c531-0f8f-4d8c-a70a-dc1a3ade3392 f12e61e4e00c4884a2149d8b62c222a5 e81ddcfb6cb24c6695923dcab8829e85 - - default default] Successfully bumped revision number for resource 5912226d-4ce7-4429-9b07-7cf667105e03 (type: security_group_rules) to 0
2026-05-28 23:00:18.751 9 INFO neutron.db.ovn_revision_numbers_db [None req-7614c531-0f8f-4d8c-a70a-dc1a3ade3392 f12e61e4e00c4884a2149d8b62c222a5 e81ddcfb6cb24c6695923dcab8829e85 - - default default] Successfully bumped revision number for resource 6b83ad1d-c7e4-4dfc-8d36-50df04521f9e (type: security_group_rules) to 0
2026-05-28 23:00:18.805 9 INFO neutron.db.segments_db [None req-7614c531-0f8f-4d8c-a70a-dc1a3ade3392 f12e61e4e00c4884a2149d8b62c222a5 e81ddcfb6cb24c6695923dcab8829e85 - - default default] Added segment b1c12c39-6ae8-46b8-b223-d60a37daca7b of type geneve for network f79a9298-8265-4fe0-b20d-6d768153dc22
2026-05-28 23:00:18.815 10 INFO neutron.wsgi [None req-4bbb1374-f816-49a5-b7da-9b1f99559e92 3d58b17204df4ec5ab90d8a31b24d8d7 9cdac69e6ff24adabf2a83917b0007ff - - default default] 10.0.0.99 "DELETE /v2.0/subnets/3d0f1b10-fee3-4d81-a03c-0227641db60d HTTP/1.1" status: 204 len: 168 time: 0.2808096
2026-05-28 23:00:18.973 9 WARNING neutron.plugins.ml2.drivers.ovn.mech_driver.ovsdb.ovn_client [None req-ef87392d-284c-4696-a878-2dbe87bf039a - - - - - -] No port found with ID 6d842a6a-588f-4fc6-9d5b-2fa06bc86955: RuntimeError: No port found with ID 6d842a6a-588f-4fc6-9d5b-2fa06bc86955
2026-05-28 23:00:18.986 9 INFO neutron.db.ovn_revision_numbers_db [None req-7614c531-0f8f-4d8c-a70a-dc1a3ade3392 f12e61e4e00c4884a2149d8b62c222a5 e81ddcfb6cb24c6695923dcab8829e85 - - default default] Successfully bumped revision number for resource f79a9298-8265-4fe0-b20d-6d768153dc22 (type: networks) to 1
2026-05-28 23:00:19.097 10 INFO neutron.wsgi [None req-f05aad71-8fb3-4735-b09b-3fee2b6508c0 3d58b17204df4ec5ab90d8a31b24d8d7 9cdac69e6ff24adabf2a83917b0007ff - - default default] 10.0.0.99 "DELETE /v2.0/subnets/481c175a-354c-442b-9f74-0b0df9f6c788 HTTP/1.1" status: 204 len: 168 time: 0.2745624
2026-05-28 23:00:19.209 9 WARNING neutron.scheduler.dhcp_agent_scheduler [None req-7614c531-0f8f-4d8c-a70a-dc1a3ade3392 f12e61e4e00c4884a2149d8b62c222a5 e81ddcfb6cb24c6695923dcab8829e85 - - default default] No more DHCP agents
2026-05-28 23:00:19.213 9 WARNING neutron.api.rpc.agentnotifiers.dhcp_rpc_agent_api [None req-7614c531-0f8f-4d8c-a70a-dc1a3ade3392 f12e61e4e00c4884a2149d8b62c222a5 e81ddcfb6cb24c6695923dcab8829e85 - - default default] Unable to schedule network f79a9298-8265-4fe0-b20d-6d768153dc22: no agents available; will retry on subsequent port and subnet creation events.
2026-05-28 23:00:19.304 9 INFO neutron.db.ovn_revision_numbers_db [None req-7614c531-0f8f-4d8c-a70a-dc1a3ade3392 f12e61e4e00c4884a2149d8b62c222a5 e81ddcfb6cb24c6695923dcab8829e85 - - default default] Successfully bumped revision number for resource 718409bf-0847-43e3-b2f8-5e802e4c12fb (type: ports) to 1
2026-05-28 23:00:19.359 9 INFO neutron.wsgi [None req-7614c531-0f8f-4d8c-a70a-dc1a3ade3392 f12e61e4e00c4884a2149d8b62c222a5 e81ddcfb6cb24c6695923dcab8829e85 - - default default] 10.0.0.99 "POST /v2.0/networks HTTP/1.1" status: 201 len: 942 time: 1.2967105
2026-05-28 23:00:19.546 10 INFO neutron.services.segments.plugin [-] Segment 90c18ae2-055c-4389-89ab-792b6f1951ad resource provider aggregate not found
2026-05-28 23:00:19.549 9 WARNING neutron.scheduler.dhcp_agent_scheduler [None req-3818834e-d59c-4cbf-9835-e0f556ca8950 f12e61e4e00c4884a2149d8b62c222a5 e81ddcfb6cb24c6695923dcab8829e85 - - default default] No more DHCP agents
2026-05-28 23:00:19.550 10 INFO neutron.services.segments.plugin [-] Segment 90c18ae2-055c-4389-89ab-792b6f1951ad resource provider aggregate not found
2026-05-28 23:00:19.552 9 WARNING neutron.api.rpc.agentnotifiers.dhcp_rpc_agent_api [None req-3818834e-d59c-4cbf-9835-e0f556ca8950 f12e61e4e00c4884a2149d8b62c222a5 e81ddcfb6cb24c6695923dcab8829e85 - - default default] Unable to schedule network f79a9298-8265-4fe0-b20d-6d768153dc22: no agents available; will retry on subsequent port and subnet creation events.
2026-05-28 23:00:19.562 10 INFO neutron.services.segments.plugin [-] Segment 90c18ae2-055c-4389-89ab-792b6f1951ad resource provider not found; error: Placement Client Error (4xx): {"errors": [{"status": 404, "title": "Not Found", "detail": "The resource could not be found.\n\n No resource provider with uuid 90c18ae2-055c-4389-89ab-792b6f1951ad found for delete ", "request_id": "req-12271be5-34e2-40d9-9f06-d55ae0c0d25d"}]}
2026-05-28 23:00:19.572 10 INFO neutron.services.segments.plugin [-] Segment 90c18ae2-055c-4389-89ab-792b6f1951ad resource provider not found; error: Placement Client Error (4xx): {"errors": [{"status": 404, "title": "Not Found", "detail": "The resource could not be found.\n\n No resource provider with uuid 90c18ae2-055c-4389-89ab-792b6f1951ad found for delete ", "request_id": "req-1d04931b-031f-4df8-9fac-87d04192c49c"}]}
2026-05-28 23:00:19.596 10 INFO neutron.wsgi [None req-00ba2be7-a39e-4098-9b0b-96fec0ef2cf5 3d58b17204df4ec5ab90d8a31b24d8d7 9cdac69e6ff24adabf2a83917b0007ff - - default default] 10.0.0.99 "DELETE /v2.0/networks/11c45c93-577a-4bfe-91d9-2cd8961ec1d4 HTTP/1.1" status: 204 len: 168 time: 0.4918551
2026-05-28 23:00:20.162 9 INFO neutron.services.segments.plugin [-] Segment eaf508df-561b-45c0-9a1a-3ff5283fa32c resource provider aggregate not found
2026-05-28 23:00:20.168 9 INFO neutron.services.segments.plugin [-] Segment eaf508df-561b-45c0-9a1a-3ff5283fa32c resource provider aggregate not found
2026-05-28 23:00:20.190 9 INFO neutron.services.segments.plugin [-] Segment eaf508df-561b-45c0-9a1a-3ff5283fa32c resource provider not found; error: Placement Client Error (4xx): {"errors": [{"status": 404, "title": "Not Found", "detail": "The resource could not be found.\n\n No resource provider with uuid eaf508df-561b-45c0-9a1a-3ff5283fa32c found for delete ", "request_id": "req-f100933f-ef0e-4e0b-ae88-f7c56b2d4c43"}]}
2026-05-28 23:00:20.193 9 INFO neutron.services.segments.plugin [-] Segment eaf508df-561b-45c0-9a1a-3ff5283fa32c resource provider not found; error: Placement Client Error (4xx): {"errors": [{"status": 404, "title": "Not Found", "detail": "The resource could not be found.\n\n No resource provider with uuid eaf508df-561b-45c0-9a1a-3ff5283fa32c found for delete ", "request_id": "req-6ca9c4e0-3897-447b-a499-f325e8cef0f1"}]}
2026-05-28 23:00:20.222 9 INFO neutron.wsgi [None req-9df0e9ca-18d6-438a-9038-a6000c7d5b8a 3d58b17204df4ec5ab90d8a31b24d8d7 9cdac69e6ff24adabf2a83917b0007ff - - default default] 10.0.0.99 "DELETE /v2.0/networks/8c5f7b03-c163-4272-97de-d8b8da5bdaa7 HTTP/1.1" status: 204 len: 168 time: 0.6206577
2026-05-28 23:00:20.242 10 WARNING neutron_lib.context [None req-5798463b-64e4-4733-b9de-acb95222a797 3d58b17204df4ec5ab90d8a31b24d8d7 9cdac69e6ff24adabf2a83917b0007ff - - default default] Method 'is_advsvc' is deprecated since 2023.2 release (neutron-lib 3.8.0) and will be removed once support for the old RBAC API policies will be removed from Neutron. Please use method 'is_service_role' instead.
2026-05-28 23:00:20.313 9 INFO neutron.db.ovn_revision_numbers_db [None req-3818834e-d59c-4cbf-9835-e0f556ca8950 f12e61e4e00c4884a2149d8b62c222a5 e81ddcfb6cb24c6695923dcab8829e85 - - default default] Successfully bumped revision number for resource 718409bf-0847-43e3-b2f8-5e802e4c12fb (type: ports) to 2
2026-05-28 23:00:20.336 10 INFO neutron.db.segments_db [None req-5798463b-64e4-4733-b9de-acb95222a797 3d58b17204df4ec5ab90d8a31b24d8d7 9cdac69e6ff24adabf2a83917b0007ff - - default default] Added segment 90793040-a01e-4eac-88a4-13855ff9bad0 of type geneve for network 3bf651a0-1da8-40e4-9d1a-976807214da6
2026-05-28 23:00:20.351 9 INFO neutron.db.ovn_revision_numbers_db [None req-3818834e-d59c-4cbf-9835-e0f556ca8950 f12e61e4e00c4884a2149d8b62c222a5 e81ddcfb6cb24c6695923dcab8829e85 - - default default] Successfully bumped revision number for resource 20fdc10f-d28d-45f0-9e2b-43804c82d570 (type: subnets) to 0
2026-05-28 23:00:20.367 9 INFO neutron.wsgi [None req-3818834e-d59c-4cbf-9835-e0f556ca8950 f12e61e4e00c4884a2149d8b62c222a5 e81ddcfb6cb24c6695923dcab8829e85 - - default default] 10.0.0.99 "POST /v2.0/subnets HTTP/1.1" status: 201 len: 862 time: 0.9972522
2026-05-28 23:00:20.497 10 INFO neutron.db.ovn_revision_numbers_db [None req-5798463b-64e4-4733-b9de-acb95222a797 3d58b17204df4ec5ab90d8a31b24d8d7 9cdac69e6ff24adabf2a83917b0007ff - - default default] Successfully bumped revision number for resource 3bf651a0-1da8-40e4-9d1a-976807214da6 (type: networks) to 1
2026-05-28 23:00:20.669 10 INFO neutron.db.ovn_revision_numbers_db [None req-37aaa99b-f217-4c26-8a58-d9d234fb3adf f12e61e4e00c4884a2149d8b62c222a5 e81ddcfb6cb24c6695923dcab8829e85 - - default default] Successfully bumped revision number for resource 2f8fe792-ed7d-496e-894b-ad628de150be (type: security_groups) to 1
2026-05-28 23:00:20.696 10 INFO neutron.db.ovn_revision_numbers_db [None req-37aaa99b-f217-4c26-8a58-d9d234fb3adf f12e61e4e00c4884a2149d8b62c222a5 e81ddcfb6cb24c6695923dcab8829e85 - - default default] Successfully bumped revision number for resource 5554805b-fc75-4e67-8948-23fca4185b50 (type: security_group_rules) to 0
2026-05-28 23:00:20.723 10 INFO neutron.db.ovn_revision_numbers_db [None req-37aaa99b-f217-4c26-8a58-d9d234fb3adf f12e61e4e00c4884a2149d8b62c222a5 e81ddcfb6cb24c6695923dcab8829e85 - - default default] Successfully bumped revision number for resource 5817c66a-a113-499e-96bb-fd6b630a7c34 (type: security_group_rules) to 0
2026-05-28 23:00:20.760 10 INFO neutron.db.ovn_revision_numbers_db [None req-37aaa99b-f217-4c26-8a58-d9d234fb3adf f12e61e4e00c4884a2149d8b62c222a5 e81ddcfb6cb24c6695923dcab8829e85 - - default default] Successfully bumped revision number for resource 7af2c08f-0a4b-4b14-a223-db9a59790053 (type: security_group_rules) to 0
2026-05-28 23:00:20.770 10 WARNING neutron.scheduler.dhcp_agent_scheduler [None req-5798463b-64e4-4733-b9de-acb95222a797 3d58b17204df4ec5ab90d8a31b24d8d7 9cdac69e6ff24adabf2a83917b0007ff - - default default] No more DHCP agents
2026-05-28 23:00:20.773 10 WARNING neutron.api.rpc.agentnotifiers.dhcp_rpc_agent_api [None req-5798463b-64e4-4733-b9de-acb95222a797 3d58b17204df4ec5ab90d8a31b24d8d7 9cdac69e6ff24adabf2a83917b0007ff - - default default] Unable to schedule network 3bf651a0-1da8-40e4-9d1a-976807214da6: no agents available; will retry on subsequent port and subnet creation events.
2026-05-28 23:00:20.785 10 INFO neutron.db.ovn_revision_numbers_db [None req-37aaa99b-f217-4c26-8a58-d9d234fb3adf f12e61e4e00c4884a2149d8b62c222a5 e81ddcfb6cb24c6695923dcab8829e85 - - default default] Successfully bumped revision number for resource ae8cda3b-f207-49d3-9300-cdb2f9f30788 (type: security_group_rules) to 0
2026-05-28 23:00:20.824 10 INFO neutron.wsgi [None req-37aaa99b-f217-4c26-8a58-d9d234fb3adf f12e61e4e00c4884a2149d8b62c222a5 e81ddcfb6cb24c6695923dcab8829e85 - - default default] 10.0.0.99 "GET /v2.0/security-groups?tenant_id=8b6e6b4439984b9f9e4fd574c5dc9847&name=default HTTP/1.1" status: 200 len: 3120 time: 0.5407591
2026-05-28 23:00:20.867 10 WARNING neutron.plugins.ml2.drivers.ovn.mech_driver.ovsdb.ovn_client [None req-f20f73ee-6b86-4f38-ba18-6326d533e0b2 - - - - - -] No port found with ID 75d50699-2a62-4dfe-ba0f-103a8bd1e874: RuntimeError: No port found with ID 75d50699-2a62-4dfe-ba0f-103a8bd1e874
2026-05-28 23:00:20.912 10 INFO neutron.db.ovn_revision_numbers_db [None req-5798463b-64e4-4733-b9de-acb95222a797 3d58b17204df4ec5ab90d8a31b24d8d7 9cdac69e6ff24adabf2a83917b0007ff - - default default] Successfully bumped revision number for resource 9fb59199-f05f-4c7f-9112-852c88613ac7 (type: ports) to 1
2026-05-28 23:00:20.937 10 INFO neutron.wsgi [None req-5798463b-64e4-4733-b9de-acb95222a797 3d58b17204df4ec5ab90d8a31b24d8d7 9cdac69e6ff24adabf2a83917b0007ff - - default default] 10.0.0.99 "POST /v2.0/networks HTTP/1.1" status: 201 len: 829 time: 0.7016535
2026-05-28 23:00:20.949 10 WARNING neutron_lib.context [None req-c14578e9-ffaa-4756-93d5-15f7952f2621 3d58b17204df4ec5ab90d8a31b24d8d7 9cdac69e6ff24adabf2a83917b0007ff - - default default] Method 'is_advsvc' is deprecated since 2023.2 release (neutron-lib 3.8.0) and will be removed once support for the old RBAC API policies will be removed from Neutron. Please use method 'is_service_role' instead.
2026-05-28 23:00:21.216 10 WARNING neutron.scheduler.dhcp_agent_scheduler [None req-c14578e9-ffaa-4756-93d5-15f7952f2621 3d58b17204df4ec5ab90d8a31b24d8d7 9cdac69e6ff24adabf2a83917b0007ff - - default default] No more DHCP agents
2026-05-28 23:00:21.220 10 WARNING neutron.api.rpc.agentnotifiers.dhcp_rpc_agent_api [None req-c14578e9-ffaa-4756-93d5-15f7952f2621 3d58b17204df4ec5ab90d8a31b24d8d7 9cdac69e6ff24adabf2a83917b0007ff - - default default] Unable to schedule network 3bf651a0-1da8-40e4-9d1a-976807214da6: no agents available; will retry on subsequent port and subnet creation events.
2026-05-28 23:00:21.244 9 WARNING neutron.scheduler.dhcp_agent_scheduler [None req-1278d691-9a23-4d0d-8935-fd8334e45132 f12e61e4e00c4884a2149d8b62c222a5 e81ddcfb6cb24c6695923dcab8829e85 - - default default] No more DHCP agents
2026-05-28 23:00:21.248 9 WARNING neutron.api.rpc.agentnotifiers.dhcp_rpc_agent_api [None req-1278d691-9a23-4d0d-8935-fd8334e45132 f12e61e4e00c4884a2149d8b62c222a5 e81ddcfb6cb24c6695923dcab8829e85 - - default default] Unable to schedule network e503f241-b3e6-437b-a1b0-6da8a74cf70f: no agents available; will retry on subsequent port and subnet creation events.
2026-05-28 23:00:21.429 9 INFO neutron.db.ovn_revision_numbers_db [None req-1278d691-9a23-4d0d-8935-fd8334e45132 f12e61e4e00c4884a2149d8b62c222a5 e81ddcfb6cb24c6695923dcab8829e85 - - default default] Successfully bumped revision number for resource 2fcb3269-4860-434a-8119-516467fda4d0 (type: ports) to 1
2026-05-28 23:00:21.508 9 INFO neutron.wsgi [None req-f3421c9c-d24f-46c2-a44b-0944ea3effc2 f12e61e4e00c4884a2149d8b62c222a5 e81ddcfb6cb24c6695923dcab8829e85 - - default default] 10.0.0.99 "DELETE /v2.0/security-groups/2f8fe792-ed7d-496e-894b-ad628de150be HTTP/1.1" status: 204 len: 168 time: 0.6781902
2026-05-28 23:00:21.729 10 INFO neutron.db.ovn_revision_numbers_db [None req-c14578e9-ffaa-4756-93d5-15f7952f2621 3d58b17204df4ec5ab90d8a31b24d8d7 9cdac69e6ff24adabf2a83917b0007ff - - default default] Successfully bumped revision number for resource 9fb59199-f05f-4c7f-9112-852c88613ac7 (type: ports) to 2
2026-05-28 23:00:21.771 10 INFO neutron.db.ovn_revision_numbers_db [None req-c14578e9-ffaa-4756-93d5-15f7952f2621 3d58b17204df4ec5ab90d8a31b24d8d7 9cdac69e6ff24adabf2a83917b0007ff - - default default] Successfully bumped revision number for resource 77b24b2d-4d16-48de-b697-7f754a60d378 (type: subnets) to 0
2026-05-28 23:00:21.792 10 INFO neutron.wsgi [None req-c14578e9-ffaa-4756-93d5-15f7952f2621 3d58b17204df4ec5ab90d8a31b24d8d7 9cdac69e6ff24adabf2a83917b0007ff - - default default] 10.0.0.99 "POST /v2.0/subnets HTTP/1.1" status: 201 len: 801 time: 0.8477926
2026-05-28 23:00:21.804 10 WARNING neutron_lib.context [None req-bfe91d5c-daa0-46aa-9c39-33c320721870 3d58b17204df4ec5ab90d8a31b24d8d7 9cdac69e6ff24adabf2a83917b0007ff - - default default] Method 'is_advsvc' is deprecated since 2023.2 release (neutron-lib 3.8.0) and will be removed once support for the old RBAC API policies will be removed from Neutron. Please use method 'is_service_role' instead.
2026-05-28 23:00:21.937 10 INFO neutron.db.ovn_revision_numbers_db [None req-bfe91d5c-daa0-46aa-9c39-33c320721870 3d58b17204df4ec5ab90d8a31b24d8d7 9cdac69e6ff24adabf2a83917b0007ff - - default default] Successfully bumped revision number for resource ddc54f12-60ae-4ea0-a2b5-5c65cbf13b01 (type: routers) to 1
2026-05-28 23:00:21.956 10 INFO neutron.wsgi [None req-bfe91d5c-daa0-46aa-9c39-33c320721870 3d58b17204df4ec5ab90d8a31b24d8d7 9cdac69e6ff24adabf2a83917b0007ff - - default default] 10.0.0.99 "POST /v2.0/routers HTTP/1.1" status: 201 len: 802 time: 0.1578705
2026-05-28 23:00:21.967 10 WARNING neutron_lib.context [None req-0965d381-b886-48af-aee3-252216e5c04a 3d58b17204df4ec5ab90d8a31b24d8d7 9cdac69e6ff24adabf2a83917b0007ff - - default default] Method 'is_advsvc' is deprecated since 2023.2 release (neutron-lib 3.8.0) and will be removed once support for the old RBAC API policies will be removed from Neutron. Please use method 'is_service_role' instead.
2026-05-28 23:00:22.144 9 INFO neutron.plugins.ml2.drivers.ovn.mech_driver.ovsdb.commands [None req-317de097-a6c8-4d7e-8744-877097668de9 - - - - - -] Schedule LRP lrp-2fcb3269-4860-434a-8119-516467fda4d0 on gateway 075c6be8-2f0c-40cd-9af8-dfed0fccb218 with priority 1
2026-05-28 23:00:22.154 10 INFO neutron.plugins.ml2.drivers.ovn.mech_driver.mech_driver [None req-f20f73ee-6b86-4f38-ba18-6326d533e0b2 - - - - - -] OVN reports status up for port: 2fcb3269-4860-434a-8119-516467fda4d0
2026-05-28 23:00:22.163 10 INFO neutron.plugins.ml2.drivers.ovn.mech_driver.ovsdb.ovsdb_monitor [None req-46c5e84d-6446-4301-af93-80a0981ae453 - - - - - -] Router cd53e251-1f88-4500-81ef-c0c651583dcc is bound to host instance
2026-05-28 23:00:22.200 10 INFO neutron.plugins.ml2.plugin [None req-f20f73ee-6b86-4f38-ba18-6326d533e0b2 - - - - - -] Attempt 1 to provision port 2fcb3269-4860-434a-8119-516467fda4d0
2026-05-28 23:00:22.205 9 INFO neutron.db.ovn_revision_numbers_db [None req-1278d691-9a23-4d0d-8935-fd8334e45132 f12e61e4e00c4884a2149d8b62c222a5 e81ddcfb6cb24c6695923dcab8829e85 - - default default] Successfully bumped revision number for resource 2fcb3269-4860-434a-8119-516467fda4d0 (type: router_ports) to 1
2026-05-28 23:00:22.306 9 INFO neutron.db.ovn_revision_numbers_db [None req-1278d691-9a23-4d0d-8935-fd8334e45132 f12e61e4e00c4884a2149d8b62c222a5 e81ddcfb6cb24c6695923dcab8829e85 - - default default] Successfully bumped revision number for resource cd53e251-1f88-4500-81ef-c0c651583dcc (type: routers) to 2
2026-05-28 23:00:22.341 9 INFO neutron.wsgi [None req-1278d691-9a23-4d0d-8935-fd8334e45132 f12e61e4e00c4884a2149d8b62c222a5 e81ddcfb6cb24c6695923dcab8829e85 - - default default] 10.0.0.99 "POST /v2.0/routers HTTP/1.1" status: 201 len: 1164 time: 1.9700215
2026-05-28 23:00:22.744 10 WARNING neutron.scheduler.dhcp_agent_scheduler [None req-0965d381-b886-48af-aee3-252216e5c04a 3d58b17204df4ec5ab90d8a31b24d8d7 9cdac69e6ff24adabf2a83917b0007ff - - default default] No more DHCP agents
2026-05-28 23:00:22.763 10 WARNING neutron.api.rpc.agentnotifiers.dhcp_rpc_agent_api [None req-0965d381-b886-48af-aee3-252216e5c04a 3d58b17204df4ec5ab90d8a31b24d8d7 9cdac69e6ff24adabf2a83917b0007ff - - default default] Unable to schedule network 3bf651a0-1da8-40e4-9d1a-976807214da6: no agents available; will retry on subsequent port and subnet creation events.
2026-05-28 23:00:22.913 9 WARNING neutron.scheduler.dhcp_agent_scheduler [None req-68e7acfa-6952-4163-a503-9057bd16db39 f12e61e4e00c4884a2149d8b62c222a5 e81ddcfb6cb24c6695923dcab8829e85 - - default default] No more DHCP agents
2026-05-28 23:00:22.915 9 WARNING neutron.api.rpc.agentnotifiers.dhcp_rpc_agent_api [None req-68e7acfa-6952-4163-a503-9057bd16db39 f12e61e4e00c4884a2149d8b62c222a5 e81ddcfb6cb24c6695923dcab8829e85 - - default default] Unable to schedule network f79a9298-8265-4fe0-b20d-6d768153dc22: no agents available; will retry on subsequent port and subnet creation events.
2026-05-28 23:00:23.030 10 INFO neutron.db.ovn_revision_numbers_db [None req-0965d381-b886-48af-aee3-252216e5c04a 3d58b17204df4ec5ab90d8a31b24d8d7 9cdac69e6ff24adabf2a83917b0007ff - - default default] Successfully bumped revision number for resource cd161b28-3414-45bc-9624-b40052b4c2a1 (type: ports) to 1
2026-05-28 23:00:23.055 10 INFO neutron.wsgi [None req-0965d381-b886-48af-aee3-252216e5c04a 3d58b17204df4ec5ab90d8a31b24d8d7 9cdac69e6ff24adabf2a83917b0007ff - - default default] 10.0.0.99 "POST /v2.0/ports HTTP/1.1" status: 201 len: 1150 time: 1.0933635 /var/lib/openstack/lib/python3.10/site-packages/pycadf/identifier.py:71: UserWarning: Invalid uuid: neutron. To ensure interoperability, identifiers should be a valid uuid. warnings.warn(('Invalid uuid: %s. To ensure interoperability, '
2026-05-28 23:00:23.096 9 INFO neutron.db.ovn_revision_numbers_db [None req-68e7acfa-6952-4163-a503-9057bd16db39 f12e61e4e00c4884a2149d8b62c222a5 e81ddcfb6cb24c6695923dcab8829e85 - - default default] Successfully bumped revision number for resource a16a7e39-9877-45cf-a9b6-b7209b1695f8 (type: ports) to 1
2026-05-28 23:00:23.430 10 INFO neutron.db.ovn_revision_numbers_db [None req-46c5e84d-6446-4301-af93-80a0981ae453 - - - - - -] Successfully bumped revision number for resource 2fcb3269-4860-434a-8119-516467fda4d0 (type: ports) to 1
2026-05-28 23:00:23.645 9 INFO neutron.wsgi [-] 10.0.0.134 "GET / HTTP/1.1" status: 200 len: 247 time: 0.0018005
2026-05-28 23:00:23.646 9 INFO neutron.wsgi [-] 10.0.0.134 "GET / HTTP/1.1" status: 200 len: 247 time: 0.0008967
2026-05-28 23:00:23.726 9 ERROR ovsdbapp.backend.ovs_idl.command [None req-68e7acfa-6952-4163-a503-9057bd16db39 f12e61e4e00c4884a2149d8b62c222a5 e81ddcfb6cb24c6695923dcab8829e85 - - default default] Error executing command (DbGetCommand): ovsdbapp.backend.ovs_idl.idlutils.RowNotFound: Cannot find Logical_Router_Port with name=lrp-a16a7e39-9877-45cf-a9b6-b7209b1695f8
2026-05-28 23:00:23.726 9 ERROR ovsdbapp.backend.ovs_idl.command
Traceback (most recent call last):
2026-05-28 23:00:23.726 9 ERROR ovsdbapp.backend.ovs_idl.command
File "/var/lib/openstack/lib/python3.10/site-packages/ovsdbapp/backend/ovs_idl/command.py", line 47, in execute
2026-05-28 23:00:23.726 9 ERROR ovsdbapp.backend.ovs_idl.command self.run_idl(None)
2026-05-28 23:00:23.726 9 ERROR ovsdbapp.backend.ovs_idl.command
File "/var/lib/openstack/lib/python3.10/site-packages/ovsdbapp/backend/ovs_idl/command.py", line 235, in run_idl
2026-05-28 23:00:23.726 9 ERROR ovsdbapp.backend.ovs_idl.command record = self.api.lookup(self.table, self.record)
2026-05-28 23:00:23.726 9 ERROR ovsdbapp.backend.ovs_idl.command
File "/var/lib/openstack/lib/python3.10/site-packages/ovsdbapp/backend/ovs_idl/__init__.py", line 184, in lookup
2026-05-28 23:00:23.726 9 ERROR ovsdbapp.backend.ovs_idl.command return self._lookup(table, record)
2026-05-28 23:00:23.726 9 ERROR ovsdbapp.backend.ovs_idl.command
File "/var/lib/openstack/lib/python3.10/site-packages/ovsdbapp/backend/ovs_idl/__init__.py", line 235, in _lookup
2026-05-28 23:00:23.726 9 ERROR ovsdbapp.backend.ovs_idl.command row = idlutils.row_by_value(self, rl.table, rl.column, record)
2026-05-28 23:00:23.726 9 ERROR ovsdbapp.backend.ovs_idl.command
File "/var/lib/openstack/lib/python3.10/site-packages/ovsdbapp/backend/ovs_idl/idlutils.py", line 114, in row_by_value
2026-05-28 23:00:23.726 9 ERROR ovsdbapp.backend.ovs_idl.command raise RowNotFound(table=table, col=column, match=match)
2026-05-28 23:00:23.726 9 ERROR ovsdbapp.backend.ovs_idl.command ovsdbapp.backend.ovs_idl.idlutils.RowNotFound: Cannot find Logical_Router_Port with name=lrp-a16a7e39-9877-45cf-a9b6-b7209b1695f8
2026-05-28 23:00:23.726 9 ERROR ovsdbapp.backend.ovs_idl.command 
2026-05-28 23:00:23.727 9 ERROR neutron_lib.callbacks.manager [None req-68e7acfa-6952-4163-a503-9057bd16db39 f12e61e4e00c4884a2149d8b62c222a5 e81ddcfb6cb24c6695923dcab8829e85 - - default default] Error during notification for neutron.services.ovn_l3.plugin.OVNL3RouterPlugin._port_update-8769301162735 port, after_update: ovsdbapp.backend.ovs_idl.idlutils.RowNotFound: Cannot find Logical_Router_Port with name=lrp-a16a7e39-9877-45cf-a9b6-b7209b1695f8
2026-05-28 23:00:23.727 9 ERROR neutron_lib.callbacks.manager
Traceback (most recent call last):
2026-05-28 23:00:23.727 9 ERROR neutron_lib.callbacks.manager
File "/var/lib/openstack/lib/python3.10/site-packages/neutron_lib/callbacks/manager.py", line 189, in _notify_loop
2026-05-28 23:00:23.727 9 ERROR neutron_lib.callbacks.manager callback.method(resource, event, trigger, payload=payload)
2026-05-28 23:00:23.727 9 ERROR neutron_lib.callbacks.manager
File "/var/lib/openstack/lib/python3.10/site-packages/neutron/services/ovn_l3/plugin.py", line 391, in _port_update
2026-05-28 23:00:23.727 9 ERROR neutron_lib.callbacks.manager l3plugin._ovn_client.update_router_port(context,
2026-05-28 23:00:23.727 9 ERROR neutron_lib.callbacks.manager
File "/var/lib/openstack/lib/python3.10/site-packages/neutron/plugins/ml2/drivers/ovn/mech_driver/ovsdb/ovn_client.py", line 1878, in update_router_port
2026-05-28 23:00:23.727 9 ERROR neutron_lib.callbacks.manager self._update_lrouter_port(context, port, if_exists=if_exists,
2026-05-28 23:00:23.727 9 ERROR neutron_lib.callbacks.manager
File "/var/lib/openstack/lib/python3.10/site-packages/neutron/plugins/ml2/drivers/ovn/mech_driver/ovsdb/ovn_client.py", line 1855, in _update_lrouter_port
2026-05-28 23:00:23.727 9 ERROR neutron_lib.callbacks.manager external_ids = self._nb_idl.db_get(
2026-05-28 23:00:23.727 9 ERROR neutron_lib.callbacks.manager
File "/var/lib/openstack/lib/python3.10/site-packages/ovsdbapp/backend/ovs_idl/command.py", line 47, in execute
2026-05-28 23:00:23.727 9 ERROR neutron_lib.callbacks.manager self.run_idl(None)
2026-05-28 23:00:23.727 9 ERROR neutron_lib.callbacks.manager
File "/var/lib/openstack/lib/python3.10/site-packages/ovsdbapp/backend/ovs_idl/command.py", line 235, in run_idl
2026-05-28 23:00:23.727 9 ERROR neutron_lib.callbacks.manager record = self.api.lookup(self.table, self.record)
2026-05-28 23:00:23.727 9 ERROR neutron_lib.callbacks.manager
File "/var/lib/openstack/lib/python3.10/site-packages/ovsdbapp/backend/ovs_idl/__init__.py", line 184, in lookup
2026-05-28 23:00:23.727 9 ERROR neutron_lib.callbacks.manager return self._lookup(table, record)
2026-05-28 23:00:23.727 9 ERROR neutron_lib.callbacks.manager
File "/var/lib/openstack/lib/python3.10/site-packages/ovsdbapp/backend/ovs_idl/__init__.py", line 235, in _lookup
2026-05-28 23:00:23.727 9 ERROR neutron_lib.callbacks.manager row = idlutils.row_by_value(self, rl.table, rl.column, record)
2026-05-28 23:00:23.727 9 ERROR neutron_lib.callbacks.manager
File "/var/lib/openstack/lib/python3.10/site-packages/ovsdbapp/backend/ovs_idl/idlutils.py", line 114, in row_by_value
2026-05-28 23:00:23.727 9 ERROR neutron_lib.callbacks.manager raise RowNotFound(table=table, col=column, match=match)
2026-05-28 23:00:23.727 9 ERROR neutron_lib.callbacks.manager ovsdbapp.backend.ovs_idl.idlutils.RowNotFound: Cannot find Logical_Router_Port with name=lrp-a16a7e39-9877-45cf-a9b6-b7209b1695f8
2026-05-28 23:00:23.727 9 ERROR neutron_lib.callbacks.manager 
2026-05-28 23:00:23.899 10 ERROR ovsdbapp.backend.ovs_idl.command [None req-ecec3857-07a8-44b4-9669-8eb994217b50 3d58b17204df4ec5ab90d8a31b24d8d7 9cdac69e6ff24adabf2a83917b0007ff - - default default] Error executing command (DbGetCommand): ovsdbapp.backend.ovs_idl.idlutils.RowNotFound: Cannot find Logical_Router_Port with name=lrp-cd161b28-3414-45bc-9624-b40052b4c2a1
2026-05-28 23:00:23.899 10 ERROR ovsdbapp.backend.ovs_idl.command
Traceback (most recent call last):
2026-05-28 23:00:23.899 10 ERROR ovsdbapp.backend.ovs_idl.command
File "/var/lib/openstack/lib/python3.10/site-packages/ovsdbapp/backend/ovs_idl/command.py", line 47, in execute
2026-05-28 23:00:23.899 10 ERROR ovsdbapp.backend.ovs_idl.command self.run_idl(None)
2026-05-28 23:00:23.899 10 ERROR ovsdbapp.backend.ovs_idl.command
File "/var/lib/openstack/lib/python3.10/site-packages/ovsdbapp/backend/ovs_idl/command.py", line 235, in run_idl
2026-05-28 23:00:23.899 10 ERROR ovsdbapp.backend.ovs_idl.command record = self.api.lookup(self.table, self.record)
2026-05-28 23:00:23.899 10 ERROR ovsdbapp.backend.ovs_idl.command
File "/var/lib/openstack/lib/python3.10/site-packages/ovsdbapp/backend/ovs_idl/__init__.py", line 184, in lookup
2026-05-28 23:00:23.899 10 ERROR ovsdbapp.backend.ovs_idl.command return self._lookup(table, record)
2026-05-28 23:00:23.899 10 ERROR ovsdbapp.backend.ovs_idl.command
File "/var/lib/openstack/lib/python3.10/site-packages/ovsdbapp/backend/ovs_idl/__init__.py", line 235, in _lookup
2026-05-28 23:00:23.899 10 ERROR ovsdbapp.backend.ovs_idl.command row = idlutils.row_by_value(self, rl.table, rl.column, record)
2026-05-28 23:00:23.899 10 ERROR ovsdbapp.backend.ovs_idl.command
File "/var/lib/openstack/lib/python3.10/site-packages/ovsdbapp/backend/ovs_idl/idlutils.py", line 114, in row_by_value
2026-05-28 23:00:23.899 10 ERROR ovsdbapp.backend.ovs_idl.command raise RowNotFound(table=table, col=column, match=match)
2026-05-28 23:00:23.899 10 ERROR ovsdbapp.backend.ovs_idl.command ovsdbapp.backend.ovs_idl.idlutils.RowNotFound: Cannot find Logical_Router_Port with name=lrp-cd161b28-3414-45bc-9624-b40052b4c2a1
2026-05-28 23:00:23.899 10 ERROR ovsdbapp.backend.ovs_idl.command 
2026-05-28 23:00:23.900 10 ERROR neutron_lib.callbacks.manager [None req-ecec3857-07a8-44b4-9669-8eb994217b50 3d58b17204df4ec5ab90d8a31b24d8d7 9cdac69e6ff24adabf2a83917b0007ff - - default default] Error during notification for neutron.services.ovn_l3.plugin.OVNL3RouterPlugin._port_update-8769301162735 port, after_update: ovsdbapp.backend.ovs_idl.idlutils.RowNotFound: Cannot find Logical_Router_Port with name=lrp-cd161b28-3414-45bc-9624-b40052b4c2a1
2026-05-28 23:00:23.900 10 ERROR neutron_lib.callbacks.manager
Traceback (most recent call last):
2026-05-28 23:00:23.900 10 ERROR neutron_lib.callbacks.manager
File "/var/lib/openstack/lib/python3.10/site-packages/neutron_lib/callbacks/manager.py", line 189, in _notify_loop
2026-05-28 23:00:23.900 10 ERROR neutron_lib.callbacks.manager callback.method(resource, event, trigger, payload=payload)
2026-05-28 23:00:23.900 10 ERROR neutron_lib.callbacks.manager
File "/var/lib/openstack/lib/python3.10/site-packages/neutron/services/ovn_l3/plugin.py", line 391, in _port_update
2026-05-28 23:00:23.900 10 ERROR neutron_lib.callbacks.manager l3plugin._ovn_client.update_router_port(context,
2026-05-28 23:00:23.900 10 ERROR neutron_lib.callbacks.manager
File "/var/lib/openstack/lib/python3.10/site-packages/neutron/plugins/ml2/drivers/ovn/mech_driver/ovsdb/ovn_client.py", line 1878, in update_router_port
2026-05-28 23:00:23.900 10 ERROR neutron_lib.callbacks.manager self._update_lrouter_port(context, port, if_exists=if_exists,
2026-05-28 23:00:23.900 10 ERROR neutron_lib.callbacks.manager
File "/var/lib/openstack/lib/python3.10/site-packages/neutron/plugins/ml2/drivers/ovn/mech_driver/ovsdb/ovn_client.py", line 1855, in _update_lrouter_port
2026-05-28 23:00:23.900 10 ERROR neutron_lib.callbacks.manager external_ids = self._nb_idl.db_get(
2026-05-28 23:00:23.900 10 ERROR neutron_lib.callbacks.manager
File "/var/lib/openstack/lib/python3.10/site-packages/ovsdbapp/backend/ovs_idl/command.py", line 47, in execute
2026-05-28 23:00:23.900 10 ERROR neutron_lib.callbacks.manager self.run_idl(None)
2026-05-28 23:00:23.900 10 ERROR neutron_lib.callbacks.manager
File "/var/lib/openstack/lib/python3.10/site-packages/ovsdbapp/backend/ovs_idl/command.py", line 235, in run_idl
2026-05-28 23:00:23.900 10 ERROR neutron_lib.callbacks.manager record = self.api.lookup(self.table, self.record)
2026-05-28 23:00:23.900 10 ERROR neutron_lib.callbacks.manager
File "/var/lib/openstack/lib/python3.10/site-packages/ovsdbapp/backend/ovs_idl/__init__.py", line 184, in lookup
2026-05-28 23:00:23.900 10 ERROR neutron_lib.callbacks.manager return self._lookup(table, record)
2026-05-28 23:00:23.900 10 ERROR neutron_lib.callbacks.manager
File "/var/lib/openstack/lib/python3.10/site-packages/ovsdbapp/backend/ovs_idl/__init__.py", line 235, in _lookup
2026-05-28 23:00:23.900 10 ERROR neutron_lib.callbacks.manager row = idlutils.row_by_value(self, rl.table, rl.column, record)
2026-05-28 23:00:23.900 10 ERROR neutron_lib.callbacks.manager
File "/var/lib/openstack/lib/python3.10/site-packages/ovsdbapp/backend/ovs_idl/idlutils.py", line 114, in row_by_value
