2026-05-28 22:21:42.299 9 INFO neutron.db.ovn_revision_numbers_db [None req-91fb0bbf-5e3b-41aa-89bd-c95b586db5e5 f12e61e4e00c4884a2149d8b62c222a5 e81ddcfb6cb24c6695923dcab8829e85 - - default default] Successfully bumped revision number for resource b04213dd-c4cd-4ae4-9b62-194b1f37ba2e (type: security_group_rules) to 0
2026-05-28 22:21:42.314 9 INFO neutron.db.ovn_revision_numbers_db [None req-91fb0bbf-5e3b-41aa-89bd-c95b586db5e5 f12e61e4e00c4884a2149d8b62c222a5 e81ddcfb6cb24c6695923dcab8829e85 - - default default] Successfully bumped revision number for resource cd87ab04-836b-4b05-bf5c-b62d06a77930 (type: security_group_rules) to 0
2026-05-28 22:21:42.333 9 WARNING neutron.services.revisions.revision_plugin [None req-91fb0bbf-5e3b-41aa-89bd-c95b586db5e5 f12e61e4e00c4884a2149d8b62c222a5 e81ddcfb6cb24c6695923dcab8829e85 - - default default] Could not find related network for resource to bump revision.
2026-05-28 22:21:42.411 9 INFO neutron.db.segments_db [None req-91fb0bbf-5e3b-41aa-89bd-c95b586db5e5 f12e61e4e00c4884a2149d8b62c222a5 e81ddcfb6cb24c6695923dcab8829e85 - - default default] Added segment 2bff3335-0830-4197-8af8-90c9bfbb74f6 of type flat for network e503f241-b3e6-437b-a1b0-6da8a74cf70f
2026-05-28 22:21:43.211 9 INFO neutron.db.ovn_revision_numbers_db [None req-91fb0bbf-5e3b-41aa-89bd-c95b586db5e5 f12e61e4e00c4884a2149d8b62c222a5 e81ddcfb6cb24c6695923dcab8829e85 - - default default] Successfully bumped revision number for resource e503f241-b3e6-437b-a1b0-6da8a74cf70f (type: networks) to 1
2026-05-28 22:21:44.278 9 WARNING neutron.scheduler.dhcp_agent_scheduler [None req-91fb0bbf-5e3b-41aa-89bd-c95b586db5e5 f12e61e4e00c4884a2149d8b62c222a5 e81ddcfb6cb24c6695923dcab8829e85 - - default default] No more DHCP agents
2026-05-28 22:21:44.280 9 WARNING neutron.api.rpc.agentnotifiers.dhcp_rpc_agent_api [None req-91fb0bbf-5e3b-41aa-89bd-c95b586db5e5 f12e61e4e00c4884a2149d8b62c222a5 e81ddcfb6cb24c6695923dcab8829e85 - - default default] Unable to schedule network e503f241-b3e6-437b-a1b0-6da8a74cf70f: no agents available; will retry on subsequent port and subnet creation events.
2026-05-28 22:21:45.589 9 INFO neutron.db.ovn_revision_numbers_db [None req-91fb0bbf-5e3b-41aa-89bd-c95b586db5e5 f12e61e4e00c4884a2149d8b62c222a5 e81ddcfb6cb24c6695923dcab8829e85 - - default default] Successfully bumped revision number for resource 100441b4-7ff9-4a74-b081-173c06c4fcac (type: ports) to 1
2026-05-28 22:21:45.901 9 INFO neutron.wsgi [None req-91fb0bbf-5e3b-41aa-89bd-c95b586db5e5 f12e61e4e00c4884a2149d8b62c222a5 e81ddcfb6cb24c6695923dcab8829e85 - - default default] 199.204.45.140,10.0.0.134 "POST /v2.0/networks HTTP/1.1" status: 201 len: 886 time: 3.9226665
2026-05-28 22:21:46.996 9 INFO neutron.pecan_wsgi.hooks.translation [None req-188d6317-47fc-4451-bab1-b9ae3cbcc175 f12e61e4e00c4884a2149d8b62c222a5 e81ddcfb6cb24c6695923dcab8829e85 - - default default] GET failed (client error): The resource could not be found.
2026-05-28 22:21:46.998 9 INFO neutron.wsgi [None req-188d6317-47fc-4451-bab1-b9ae3cbcc175 f12e61e4e00c4884a2149d8b62c222a5 e81ddcfb6cb24c6695923dcab8829e85 - - default default] 199.204.45.140,10.0.0.134 "GET /v2.0/networks/public HTTP/1.1" status: 404 len: 290 time: 0.0485721
2026-05-28 22:21:47.059 9 INFO neutron.wsgi [None req-d565dae7-78dd-4b62-80f8-6a42feda97a4 f12e61e4e00c4884a2149d8b62c222a5 e81ddcfb6cb24c6695923dcab8829e85 - - default default] 199.204.45.140,10.0.0.134 "GET /v2.0/networks?name=public HTTP/1.1" status: 200 len: 890 time: 0.0560455
2026-05-28 22:21:47.095 9 INFO neutron.pecan_wsgi.hooks.translation [None req-77438a03-e169-4914-9f9d-47c065262f66 f12e61e4e00c4884a2149d8b62c222a5 e81ddcfb6cb24c6695923dcab8829e85 - - default default] GET failed (client error): The resource could not be found.
2026-05-28 22:21:47.097 9 INFO neutron.wsgi [None req-77438a03-e169-4914-9f9d-47c065262f66 f12e61e4e00c4884a2149d8b62c222a5 e81ddcfb6cb24c6695923dcab8829e85 - - default default] 199.204.45.140,10.0.0.134 "GET /v2.0/subnets/public-subnet?network_id=e503f241-b3e6-437b-a1b0-6da8a74cf70f HTTP/1.1" status: 404 len: 295 time: 0.0294964
2026-05-28 22:21:47.132 9 INFO neutron.wsgi [None req-a0a6c487-f587-407b-8e37-2532cceb28c8 f12e61e4e00c4884a2149d8b62c222a5 e81ddcfb6cb24c6695923dcab8829e85 - - default default] 199.204.45.140,10.0.0.134 "GET /v2.0/subnets?name=public-subnet&network_id=e503f241-b3e6-437b-a1b0-6da8a74cf70f HTTP/1.1" status: 200 len: 188 time: 0.0311298
2026-05-28 22:21:47.593 9 WARNING neutron.scheduler.dhcp_agent_scheduler [None req-b09a24b8-5c28-4b7b-a296-bb80323f5962 f12e61e4e00c4884a2149d8b62c222a5 e81ddcfb6cb24c6695923dcab8829e85 - - default default] No more DHCP agents
2026-05-28 22:21:47.595 9 WARNING neutron.api.rpc.agentnotifiers.dhcp_rpc_agent_api [None req-b09a24b8-5c28-4b7b-a296-bb80323f5962 f12e61e4e00c4884a2149d8b62c222a5 e81ddcfb6cb24c6695923dcab8829e85 - - default default] Unable to schedule network e503f241-b3e6-437b-a1b0-6da8a74cf70f: no agents available; will retry on subsequent port and subnet creation events.
2026-05-28 22:21:48.386 9 INFO neutron.db.ovn_revision_numbers_db [None req-b09a24b8-5c28-4b7b-a296-bb80323f5962 f12e61e4e00c4884a2149d8b62c222a5 e81ddcfb6cb24c6695923dcab8829e85 - - default default] Successfully bumped revision number for resource 100441b4-7ff9-4a74-b081-173c06c4fcac (type: ports) to 2
2026-05-28 22:21:48.437 9 INFO neutron.db.ovn_revision_numbers_db [None req-b09a24b8-5c28-4b7b-a296-bb80323f5962 f12e61e4e00c4884a2149d8b62c222a5 e81ddcfb6cb24c6695923dcab8829e85 - - default default] Successfully bumped revision number for resource fce5463d-71bd-4877-8079-5ba71481165f (type: subnets) to 0
2026-05-28 22:21:48.456 9 INFO neutron.wsgi [None req-b09a24b8-5c28-4b7b-a296-bb80323f5962 f12e61e4e00c4884a2149d8b62c222a5 e81ddcfb6cb24c6695923dcab8829e85 - - default default] 199.204.45.140,10.0.0.134 "POST /v2.0/subnets HTTP/1.1" status: 201 len: 821 time: 1.3176544
2026-05-28 22:21:53.629 9 INFO neutron.wsgi [-] 10.0.0.134 "GET / HTTP/1.1" status: 200 len: 247 time: 0.0035422
2026-05-28 22:22:08.627 9 INFO neutron.wsgi [-] 10.0.0.134 "GET / HTTP/1.1" status: 200 len: 247 time: 0.0028691
2026-05-28 22:22:23.629 9 INFO neutron.wsgi [-] 10.0.0.134 "GET / HTTP/1.1" status: 200 len: 247 time: 0.0031221
2026-05-28 22:22:23.632 10 INFO neutron.wsgi [-] 10.0.0.134 "GET / HTTP/1.1" status: 200 len: 247 time: 0.0062294
2026-05-28 22:22:38.627 10 INFO neutron.wsgi [-] 10.0.0.134 "GET / HTTP/1.1" status: 200 len: 247 time: 0.0021973
2026-05-28 22:22:38.629 10 INFO neutron.wsgi [-] 10.0.0.134 "GET / HTTP/1.1" status: 200 len: 247 time: 0.0015004
2026-05-28 22:22:53.628 10 INFO neutron.wsgi [-] 10.0.0.134 "GET / HTTP/1.1" status: 200 len: 247 time: 0.0025523
2026-05-28 22:22:53.629 9 INFO neutron.wsgi [-] 10.0.0.134 "GET / HTTP/1.1" status: 200 len: 247 time: 0.0028496
2026-05-28 22:23:08.627 9 INFO neutron.wsgi [-] 10.0.0.134 "GET / HTTP/1.1" status: 200 len: 247 time: 0.0020478
2026-05-28 22:23:08.627 10 INFO neutron.wsgi [-] 10.0.0.134 "GET / HTTP/1.1" status: 200 len: 247 time: 0.0024619
2026-05-28 22:23:23.627 10 INFO neutron.wsgi [-] 10.0.0.134 "GET / HTTP/1.1" status: 200 len: 247 time: 0.0027816
2026-05-28 22:23:23.627 9 INFO neutron.wsgi [-] 10.0.0.134 "GET / HTTP/1.1" status: 200 len: 247 time: 0.0027165
2026-05-28 22:23:38.627 9 INFO neutron.wsgi [-] 10.0.0.134 "GET / HTTP/1.1" status: 200 len: 247 time: 0.0028231
2026-05-28 22:23:38.628 10 INFO neutron.wsgi [-] 10.0.0.134 "GET / HTTP/1.1" status: 200 len: 247 time: 0.0034800
2026-05-28 22:23:53.628 9 INFO neutron.wsgi [-] 10.0.0.134 "GET / HTTP/1.1" status: 200 len: 247 time: 0.0031004
2026-05-28 22:23:53.629 10 INFO neutron.wsgi [-] 10.0.0.134 "GET / HTTP/1.1" status: 200 len: 247 time: 0.0038671
2026-05-28 22:24:08.628 9 INFO neutron.wsgi [-] 10.0.0.134 "GET / HTTP/1.1" status: 200 len: 247 time: 0.0028229
2026-05-28 22:24:08.628 10 INFO neutron.wsgi [-] 10.0.0.134 "GET / HTTP/1.1" status: 200 len: 247 time: 0.0026579
2026-05-28 22:24:23.627 10 INFO neutron.wsgi [-] 10.0.0.134 "GET / HTTP/1.1" status: 200 len: 247 time: 0.0022013
2026-05-28 22:24:23.630 9 INFO neutron.wsgi [-] 10.0.0.134 "GET / HTTP/1.1" status: 200 len: 247 time: 0.0042949
2026-05-28 22:24:38.627 9 INFO neutron.wsgi [-] 10.0.0.134 "GET / HTTP/1.1" status: 200 len: 247 time: 0.0020976
2026-05-28 22:24:38.627 10 INFO neutron.wsgi [-] 10.0.0.134 "GET / HTTP/1.1" status: 200 len: 247 time: 0.0025742
2026-05-28 22:24:53.629 9 INFO neutron.wsgi [-] 10.0.0.134 "GET / HTTP/1.1" status: 200 len: 247 time: 0.0030751
2026-05-28 22:24:53.630 10 INFO neutron.wsgi [-] 10.0.0.134 "GET / HTTP/1.1" status: 200 len: 247 time: 0.0042007
2026-05-28 22:25:08.630 9 INFO neutron.wsgi [-] 10.0.0.134 "GET / HTTP/1.1" status: 200 len: 247 time: 0.0047073
2026-05-28 22:25:08.633 9 INFO neutron.wsgi [-] 10.0.0.134 "GET / HTTP/1.1" status: 200 len: 247 time: 0.0015695
2026-05-28 22:25:23.629 10 INFO neutron.wsgi [-] 10.0.0.134 "GET / HTTP/1.1" status: 200 len: 247 time: 0.0028138
2026-05-28 22:25:23.629 9 INFO neutron.wsgi [-] 10.0.0.134 "GET / HTTP/1.1" status: 200 len: 247 time: 0.0031381
2026-05-28 22:25:38.627 10 INFO neutron.wsgi [-] 10.0.0.134 "GET / HTTP/1.1" status: 200 len: 247 time: 0.0024922
2026-05-28 22:25:38.628 9 INFO neutron.wsgi [-] 10.0.0.134 "GET / HTTP/1.1" status: 200 len: 247 time: 0.0034351
2026-05-28 22:25:53.626 9 INFO neutron.wsgi [-] 10.0.0.134 "GET / HTTP/1.1" status: 200 len: 247 time: 0.0015821
2026-05-28 22:25:53.627 10 INFO neutron.wsgi [-] 10.0.0.134 "GET / HTTP/1.1" status: 200 len: 247 time: 0.0018780
2026-05-28 22:26:08.628 10 INFO neutron.wsgi [-] 10.0.0.134 "GET / HTTP/1.1" status: 200 len: 247 time: 0.0031507
2026-05-28 22:26:08.628 9 INFO neutron.wsgi [-] 10.0.0.134 "GET / HTTP/1.1" status: 200 len: 247 time: 0.0029635 /var/lib/openstack/lib/python3.10/site-packages/pycadf/identifier.py:71: UserWarning: Invalid uuid: unknown. To ensure interoperability, identifiers should be a valid uuid. warnings.warn(('Invalid uuid: %s. To ensure interoperability, '
2026-05-28 22:26:22.742 10 INFO neutron.pecan_wsgi.hooks.translation [None req-b5722cf6-7978-414a-aa53-0c831f5f0c42 f12e61e4e00c4884a2149d8b62c222a5 e81ddcfb6cb24c6695923dcab8829e85 - - default default] GET failed (client error): The resource could not be found.
2026-05-28 22:26:22.744 10 INFO neutron.wsgi [None req-b5722cf6-7978-414a-aa53-0c831f5f0c42 f12e61e4e00c4884a2149d8b62c222a5 e81ddcfb6cb24c6695923dcab8829e85 - - default default] 199.204.45.140,10.0.0.134 "GET /v2.0/networks/lb-mgmt-net HTTP/1.1" status: 404 len: 295 time: 0.6622276
2026-05-28 22:26:22.767 10 INFO neutron.wsgi [None req-820d4998-2c17-437b-8c4a-966c7e1214ff f12e61e4e00c4884a2149d8b62c222a5 e81ddcfb6cb24c6695923dcab8829e85 - - default default] 199.204.45.140,10.0.0.134 "GET /v2.0/networks?name=lb-mgmt-net HTTP/1.1" status: 200 len: 189 time: 0.0176768
2026-05-28 22:26:22.905 10 WARNING oslo_policy.policy [None req-a4f99a1e-648a-4f64-9848-00ab74fe2224 f12e61e4e00c4884a2149d8b62c222a5 e81ddcfb6cb24c6695923dcab8829e85 - - default default] Policies ['get_subnets_tags'] reference a rule that is not defined.
2026-05-28 22:26:23.004 10 INFO neutron.db.segments_db [None req-a4f99a1e-648a-4f64-9848-00ab74fe2224 f12e61e4e00c4884a2149d8b62c222a5 e81ddcfb6cb24c6695923dcab8829e85 - - default default] Added segment f7f93ee3-25a8-472a-99d4-7daf4b93e684 of type geneve for network a99b95a4-03cc-4175-a364-40802806d61b
2026-05-28 22:26:23.133 10 INFO neutron.plugins.ml2.drivers.ovn.mech_driver.ovsdb.extensions.qos [None req-a4f99a1e-648a-4f64-9848-00ab74fe2224 f12e61e4e00c4884a2149d8b62c222a5 e81ddcfb6cb24c6695923dcab8829e85 - - default default] Starting OVNClientQosExtension
2026-05-28 22:26:23.134 10 INFO neutron.plugins.ml2.drivers.ovn.mech_driver.ovsdb.extensions.placement [None req-a4f99a1e-648a-4f64-9848-00ab74fe2224 f12e61e4e00c4884a2149d8b62c222a5 e81ddcfb6cb24c6695923dcab8829e85 - - default default] Starting OVNClientPlacementExtension
2026-05-28 22:26:23.304 10 INFO neutron.db.ovn_revision_numbers_db [None req-a4f99a1e-648a-4f64-9848-00ab74fe2224 f12e61e4e00c4884a2149d8b62c222a5 e81ddcfb6cb24c6695923dcab8829e85 - - default default] Successfully bumped revision number for resource a99b95a4-03cc-4175-a364-40802806d61b (type: networks) to 1
2026-05-28 22:26:23.545 10 WARNING neutron.scheduler.dhcp_agent_scheduler [None req-a4f99a1e-648a-4f64-9848-00ab74fe2224 f12e61e4e00c4884a2149d8b62c222a5 e81ddcfb6cb24c6695923dcab8829e85 - - default default] No more DHCP agents
2026-05-28 22:26:23.548 10 WARNING neutron.api.rpc.agentnotifiers.dhcp_rpc_agent_api [None req-a4f99a1e-648a-4f64-9848-00ab74fe2224 f12e61e4e00c4884a2149d8b62c222a5 e81ddcfb6cb24c6695923dcab8829e85 - - default default] Unable to schedule network a99b95a4-03cc-4175-a364-40802806d61b: no agents available; will retry on subsequent port and subnet creation events.
2026-05-28 22:26:23.636 9 INFO neutron.wsgi [-] 10.0.0.134 "GET / HTTP/1.1" status: 200 len: 247 time: 0.0102098
2026-05-28 22:26:23.639 9 INFO neutron.wsgi [-] 10.0.0.134 "GET / HTTP/1.1" status: 200 len: 247 time: 0.0018697
2026-05-28 22:26:23.691 10 INFO neutron.db.ovn_revision_numbers_db [None req-a4f99a1e-648a-4f64-9848-00ab74fe2224 f12e61e4e00c4884a2149d8b62c222a5 e81ddcfb6cb24c6695923dcab8829e85 - - default default] Successfully bumped revision number for resource 1016ef7d-99a3-4c5c-a975-8e62d32883a3 (type: ports) to 1
2026-05-28 22:26:23.718 10 INFO neutron.wsgi [None req-a4f99a1e-648a-4f64-9848-00ab74fe2224 f12e61e4e00c4884a2149d8b62c222a5 e81ddcfb6cb24c6695923dcab8829e85 - - default default] 199.204.45.140,10.0.0.134 "POST /v2.0/networks HTTP/1.1" status: 201 len: 890 time: 0.9448767
2026-05-28 22:26:24.655 10 INFO neutron.pecan_wsgi.hooks.translation [None req-c9a26fa3-538a-40bf-bb76-0d1b814990e3 f12e61e4e00c4884a2149d8b62c222a5 e81ddcfb6cb24c6695923dcab8829e85 - - default default] GET failed (client error): The resource could not be found.
2026-05-28 22:26:24.658 10 INFO neutron.wsgi [None req-c9a26fa3-538a-40bf-bb76-0d1b814990e3 f12e61e4e00c4884a2149d8b62c222a5 e81ddcfb6cb24c6695923dcab8829e85 - - default default] 199.204.45.140,10.0.0.134 "GET /v2.0/networks/lb-mgmt-net HTTP/1.1" status: 404 len: 295 time: 0.0456550
2026-05-28 22:26:24.727 10 INFO neutron.wsgi [None req-fb974b4d-ff8e-43bd-a821-f4036405317e f12e61e4e00c4884a2149d8b62c222a5 e81ddcfb6cb24c6695923dcab8829e85 - - default default] 199.204.45.140,10.0.0.134 "GET /v2.0/networks?name=lb-mgmt-net HTTP/1.1" status: 200 len: 875 time: 0.0662048
2026-05-28 22:26:24.759 10 INFO neutron.pecan_wsgi.hooks.translation [None req-68f97cdc-e0ac-407b-844e-e7ddf3ff9574 f12e61e4e00c4884a2149d8b62c222a5 e81ddcfb6cb24c6695923dcab8829e85 - - default default] GET failed (client error): The resource could not be found.
2026-05-28 22:26:24.761 10 INFO neutron.wsgi [None req-68f97cdc-e0ac-407b-844e-e7ddf3ff9574 f12e61e4e00c4884a2149d8b62c222a5 e81ddcfb6cb24c6695923dcab8829e85 - - default default] 199.204.45.140,10.0.0.134 "GET /v2.0/subnets/lb-mgmt-subnet?network_id=a99b95a4-03cc-4175-a364-40802806d61b HTTP/1.1" status: 404 len: 296 time: 0.0263658
2026-05-28 22:26:24.788 10 INFO neutron.wsgi [None req-c5ea6c90-639a-498c-9ac4-10312840764b f12e61e4e00c4884a2149d8b62c222a5 e81ddcfb6cb24c6695923dcab8829e85 - - default default] 199.204.45.140,10.0.0.134 "GET /v2.0/subnets?name=lb-mgmt-subnet&network_id=a99b95a4-03cc-4175-a364-40802806d61b HTTP/1.1" status: 200 len: 188 time: 0.0239744
2026-05-28 22:26:25.007 10 WARNING neutron.scheduler.dhcp_agent_scheduler [None req-948a871b-b2bd-44ff-986d-cd3083df8675 f12e61e4e00c4884a2149d8b62c222a5 e81ddcfb6cb24c6695923dcab8829e85 - - default default] No more DHCP agents
2026-05-28 22:26:25.009 10 WARNING neutron.api.rpc.agentnotifiers.dhcp_rpc_agent_api [None req-948a871b-b2bd-44ff-986d-cd3083df8675 f12e61e4e00c4884a2149d8b62c222a5 e81ddcfb6cb24c6695923dcab8829e85 - - default default] Unable to schedule network a99b95a4-03cc-4175-a364-40802806d61b: no agents available; will retry on subsequent port and subnet creation events.
2026-05-28 22:26:25.564 15 INFO neutron.db.ovn_revision_numbers_db [None req-9e5ca917-52af-46b8-88e3-430e4c8b174e - - - - - -] Successfully bumped revision number for resource e503f241-b3e6-437b-a1b0-6da8a74cf70f (type: networks) to 2
2026-05-28 22:26:25.565 15 INFO neutron.plugins.ml2.drivers.ovn.mech_driver.ovsdb.maintenance [None req-9e5ca917-52af-46b8-88e3-430e4c8b174e - - - - - -] Maintenance task: Synchronization completed (took 0.17 seconds)
2026-05-28 22:26:25.621 10 INFO neutron.db.ovn_revision_numbers_db [None req-948a871b-b2bd-44ff-986d-cd3083df8675 f12e61e4e00c4884a2149d8b62c222a5 e81ddcfb6cb24c6695923dcab8829e85 - - default default] Successfully bumped revision number for resource 1016ef7d-99a3-4c5c-a975-8e62d32883a3 (type: ports) to 2
2026-05-28 22:26:25.665 10 INFO neutron.db.ovn_revision_numbers_db [None req-948a871b-b2bd-44ff-986d-cd3083df8675 f12e61e4e00c4884a2149d8b62c222a5 e81ddcfb6cb24c6695923dcab8829e85 - - default default] Successfully bumped revision number for resource f3f7d2a7-12f9-4798-9011-55fddca72246 (type: subnets) to 0
2026-05-28 22:26:25.684 10 INFO neutron.wsgi [None req-948a871b-b2bd-44ff-986d-cd3083df8675 f12e61e4e00c4884a2149d8b62c222a5 e81ddcfb6cb24c6695923dcab8829e85 - - default default] 199.204.45.140,10.0.0.134 "POST /v2.0/subnets HTTP/1.1" status: 201 len: 807 time: 0.8893535
2026-05-28 22:26:26.723 10 INFO neutron.api.v2.resource [None req-ab78ba89-2151-407f-ac46-f15ef05b97a3 f12e61e4e00c4884a2149d8b62c222a5 e81ddcfb6cb24c6695923dcab8829e85 - - default default] show failed (client error): The resource could not be found.
2026-05-28 22:26:26.725 10 INFO neutron.wsgi [None req-ab78ba89-2151-407f-ac46-f15ef05b97a3 f12e61e4e00c4884a2149d8b62c222a5 e81ddcfb6cb24c6695923dcab8829e85 - - default default] 199.204.45.140,10.0.0.134 "GET /v2.0/security-groups/lb-health-mgr-sec-grp HTTP/1.1" status: 404 len: 313 time: 0.0607638
2026-05-28 22:26:26.765 10 INFO neutron.wsgi [None req-887e6133-1e28-480d-aace-9a53c1315ba2 f12e61e4e00c4884a2149d8b62c222a5 e81ddcfb6cb24c6695923dcab8829e85 - - default default] 199.204.45.140,10.0.0.134 "GET /v2.0/security-groups?name=lb-health-mgr-sec-grp HTTP/1.1" status: 200 len: 197 time: 0.0358484
2026-05-28 22:26:26.926 10 INFO neutron.db.ovn_revision_numbers_db [None req-f8ba957a-976c-4abb-ba33-749de9884257 f12e61e4e00c4884a2149d8b62c222a5 e81ddcfb6cb24c6695923dcab8829e85 - - default default] Successfully bumped revision number for resource 38c5565b-8611-46ff-a177-b3d163d65757 (type: security_groups) to 1
2026-05-28 22:26:26.947 10 INFO neutron.db.ovn_revision_numbers_db [None req-f8ba957a-976c-4abb-ba33-749de9884257 f12e61e4e00c4884a2149d8b62c222a5 e81ddcfb6cb24c6695923dcab8829e85 - - default default] Successfully bumped revision number for resource 4df63e8e-f555-4309-84e8-214aa11dc1f8 (type: security_group_rules) to 0
2026-05-28 22:26:26.963 10 INFO neutron.db.ovn_revision_numbers_db [None req-f8ba957a-976c-4abb-ba33-749de9884257 f12e61e4e00c4884a2149d8b62c222a5 e81ddcfb6cb24c6695923dcab8829e85 - - default default] Successfully bumped revision number for resource 5ae329f5-752e-4c4f-8e84-ce0d358f8232 (type: security_group_rules) to 0
2026-05-28 22:26:26.983 10 INFO neutron.wsgi [None req-f8ba957a-976c-4abb-ba33-749de9884257 f12e61e4e00c4884a2149d8b62c222a5 e81ddcfb6cb24c6695923dcab8829e85 - - default default] 199.204.45.140,10.0.0.134 "POST /v2.0/security-groups HTTP/1.1" status: 201 len: 1797 time: 0.2105191
2026-05-28 22:26:28.037 10 INFO neutron.wsgi [None req-6879720c-3dc1-4f27-9b81-761213ba8b97 f12e61e4e00c4884a2149d8b62c222a5 e81ddcfb6cb24c6695923dcab8829e85 - - default default] 199.204.45.140,10.0.0.134 "GET /v2.0/security-groups/38c5565b-8611-46ff-a177-b3d163d65757 HTTP/1.1" status: 200 len: 1792 time: 0.0583119
2026-05-28 22:26:28.073 10 INFO neutron.wsgi [None req-d2c05309-72bf-4a2a-ab27-bc89f9492a8f f12e61e4e00c4884a2149d8b62c222a5 e81ddcfb6cb24c6695923dcab8829e85 - - default default] 199.204.45.140,10.0.0.134 "GET /v2.0/security-groups/38c5565b-8611-46ff-a177-b3d163d65757 HTTP/1.1" status: 200 len: 1792 time: 0.0279515
2026-05-28 22:26:28.109 10 INFO neutron.wsgi [None req-4406d24e-f706-45bc-9d63-c0775bc40cd4 f12e61e4e00c4884a2149d8b62c222a5 e81ddcfb6cb24c6695923dcab8829e85 - - default default] 199.204.45.140,10.0.0.134 "GET /v2.0/security-groups/38c5565b-8611-46ff-a177-b3d163d65757 HTTP/1.1" status: 200 len: 1792 time: 0.0287178
2026-05-28 22:26:28.230 10 INFO neutron.db.ovn_revision_numbers_db [None req-b267d315-ad8e-4fea-b7f0-4c439eec5504 f12e61e4e00c4884a2149d8b62c222a5 e81ddcfb6cb24c6695923dcab8829e85 - - default default] Successfully bumped revision number for resource 9a1e3bb4-f156-4f42-b380-ab537fce2d3e (type: security_group_rules) to 0
2026-05-28 22:26:28.254 10 INFO neutron.wsgi [None req-b267d315-ad8e-4fea-b7f0-4c439eec5504 f12e61e4e00c4884a2149d8b62c222a5 e81ddcfb6cb24c6695923dcab8829e85 - - default default] 199.204.45.140,10.0.0.134 "POST /v2.0/security-group-rules HTTP/1.1" status: 201 len: 781 time: 0.1362071
2026-05-28 22:26:29.198 9 INFO neutron.wsgi [None req-952bd188-0b6f-4c43-b6c2-24570e5bf085 f12e61e4e00c4884a2149d8b62c222a5 e81ddcfb6cb24c6695923dcab8829e85 - - default default] 199.204.45.140,10.0.0.134 "GET /v2.0/security-groups/38c5565b-8611-46ff-a177-b3d163d65757 HTTP/1.1" status: 200 len: 2406 time: 0.0948138
2026-05-28 22:26:29.238 9 INFO neutron.wsgi [None req-fe874092-52b9-4d08-b590-ed08b2d6a867 f12e61e4e00c4884a2149d8b62c222a5 e81ddcfb6cb24c6695923dcab8829e85 - - default default] 199.204.45.140,10.0.0.134 "GET /v2.0/security-groups/38c5565b-8611-46ff-a177-b3d163d65757 HTTP/1.1" status: 200 len: 2406 time: 0.0298290
2026-05-28 22:26:29.268 9 INFO neutron.wsgi [None req-470b2bc8-dd63-4c0a-a43b-a2a681ebb2c2 f12e61e4e00c4884a2149d8b62c222a5 e81ddcfb6cb24c6695923dcab8829e85 - - default default] 199.204.45.140,10.0.0.134 "GET /v2.0/security-groups/38c5565b-8611-46ff-a177-b3d163d65757 HTTP/1.1" status: 200 len: 2406 time: 0.0229874
2026-05-28 22:26:29.398 9 INFO neutron.db.ovn_revision_numbers_db [None req-8f2606f7-42e4-440e-890a-1f60cc02fc0b f12e61e4e00c4884a2149d8b62c222a5 e81ddcfb6cb24c6695923dcab8829e85 - - default default] Successfully bumped revision number for resource 5a5bb22c-1004-4f80-9e2a-70e1bf3d6588 (type: security_group_rules) to 0
2026-05-28 22:26:29.437 9 INFO neutron.wsgi [None req-8f2606f7-42e4-440e-890a-1f60cc02fc0b f12e61e4e00c4884a2149d8b62c222a5 e81ddcfb6cb24c6695923dcab8829e85 - - default default] 199.204.45.140,10.0.0.134 "POST /v2.0/security-group-rules HTTP/1.1" status: 201 len: 783 time: 0.1625235
2026-05-28 22:26:30.345 10 INFO neutron.wsgi [None req-aed6f174-0b2e-44e1-9110-cb1dd9bdc37b f12e61e4e00c4884a2149d8b62c222a5 e81ddcfb6cb24c6695923dcab8829e85 - - default default] 199.204.45.140,10.0.0.134 "GET /v2.0/security-groups/38c5565b-8611-46ff-a177-b3d163d65757 HTTP/1.1" status: 200 len: 3022 time: 0.0673547
2026-05-28 22:26:30.388 10 INFO neutron.wsgi [None req-4879857c-ce1e-4d9d-ad70-d2c1c9f56ef0 f12e61e4e00c4884a2149d8b62c222a5 e81ddcfb6cb24c6695923dcab8829e85 - - default default] 199.204.45.140,10.0.0.134 "GET /v2.0/security-groups/38c5565b-8611-46ff-a177-b3d163d65757 HTTP/1.1" status: 200 len: 3022 time: 0.0354772
2026-05-28 22:26:30.424 10 INFO neutron.wsgi [None req-11822293-c617-442f-851d-8044e3b0b385 f12e61e4e00c4884a2149d8b62c222a5 e81ddcfb6cb24c6695923dcab8829e85 - - default default] 199.204.45.140,10.0.0.134 "GET /v2.0/security-groups/38c5565b-8611-46ff-a177-b3d163d65757 HTTP/1.1" status: 200 len: 3022 time: 0.0292492
2026-05-28 22:26:30.574 10 INFO neutron.db.ovn_revision_numbers_db [None req-6ea34e4f-be00-417e-9446-49c93bd9e8be f12e61e4e00c4884a2149d8b62c222a5 e81ddcfb6cb24c6695923dcab8829e85 - - default default] Successfully bumped revision number for resource 5975a37e-4d5a-41b5-96a6-991883f4992c (type: security_group_rules) to 0
2026-05-28 22:26:30.600 10 INFO neutron.wsgi [None req-6ea34e4f-be00-417e-9446-49c93bd9e8be f12e61e4e00c4884a2149d8b62c222a5 e81ddcfb6cb24c6695923dcab8829e85 - - default default] 199.204.45.140,10.0.0.134 "POST /v2.0/security-group-rules HTTP/1.1" status: 201 len: 783 time: 0.1689777
2026-05-28 22:26:31.502 9 INFO neutron.wsgi [None req-50b16774-2b3f-4f78-9d1e-132c83e2949b f12e61e4e00c4884a2149d8b62c222a5 e81ddcfb6cb24c6695923dcab8829e85 - - default default] 199.204.45.140,10.0.0.134 "GET /v2.0/security-groups/38c5565b-8611-46ff-a177-b3d163d65757 HTTP/1.1" status: 200 len: 3638 time: 0.0639186
2026-05-28 22:26:31.543 9 INFO neutron.wsgi [None req-421d6245-007a-47cd-a85d-05e17e7fafa0 f12e61e4e00c4884a2149d8b62c222a5 e81ddcfb6cb24c6695923dcab8829e85 - - default default] 199.204.45.140,10.0.0.134 "GET /v2.0/security-groups/38c5565b-8611-46ff-a177-b3d163d65757 HTTP/1.1" status: 200 len: 3638 time: 0.0329568
2026-05-28 22:26:31.594 9 INFO neutron.wsgi [None req-21163685-c087-45b6-9891-243d1112154c f12e61e4e00c4884a2149d8b62c222a5 e81ddcfb6cb24c6695923dcab8829e85 - - default default] 199.204.45.140,10.0.0.134 "GET /v2.0/security-groups/38c5565b-8611-46ff-a177-b3d163d65757 HTTP/1.1" status: 200 len: 3638 time: 0.0447507
2026-05-28 22:26:31.748 9 INFO neutron.db.ovn_revision_numbers_db [None req-a2e8716a-bf24-47b6-bc7e-6436b7b35c0c f12e61e4e00c4884a2149d8b62c222a5 e81ddcfb6cb24c6695923dcab8829e85 - - default default] Successfully bumped revision number for resource 0132b5ce-fe88-4868-8f7f-da454ccb05c4 (type: security_group_rules) to 0
2026-05-28 22:26:31.772 9 INFO neutron.wsgi [None req-a2e8716a-bf24-47b6-bc7e-6436b7b35c0c f12e61e4e00c4884a2149d8b62c222a5 e81ddcfb6cb24c6695923dcab8829e85 - - default default] 199.204.45.140,10.0.0.134 "POST /v2.0/security-group-rules HTTP/1.1" status: 201 len: 783 time: 0.1705339
2026-05-28 22:26:32.646 10 INFO neutron.wsgi [None req-b79ee04b-b342-4daa-b82b-9691d2b90f49 f12e61e4e00c4884a2149d8b62c222a5 e81ddcfb6cb24c6695923dcab8829e85 - - default default] 199.204.45.140,10.0.0.134 "GET /v2.0/security-groups/38c5565b-8611-46ff-a177-b3d163d65757 HTTP/1.1" status: 200 len: 4254 time: 0.0614016
2026-05-28 22:26:32.692 10 INFO neutron.wsgi [None req-b4b023ce-f93a-4803-b430-5e2df54e3a17 f12e61e4e00c4884a2149d8b62c222a5 e81ddcfb6cb24c6695923dcab8829e85 - - default default] 199.204.45.140,10.0.0.134 "GET /v2.0/security-groups/38c5565b-8611-46ff-a177-b3d163d65757 HTTP/1.1" status: 200 len: 4254 time: 0.0382702
2026-05-28 22:26:32.734 10 INFO neutron.wsgi [None req-6b7fb85e-4501-41f4-9d15-8d21157507c8 f12e61e4e00c4884a2149d8b62c222a5 e81ddcfb6cb24c6695923dcab8829e85 - - default default] 199.204.45.140,10.0.0.134 "GET /v2.0/security-groups/38c5565b-8611-46ff-a177-b3d163d65757 HTTP/1.1" status: 200 len: 4254 time: 0.0351648
2026-05-28 22:26:32.886 10 INFO neutron.db.ovn_revision_numbers_db [None req-455b5eb4-10b9-4d9f-867c-b35f21347cda f12e61e4e00c4884a2149d8b62c222a5 e81ddcfb6cb24c6695923dcab8829e85 - - default default] Successfully bumped revision number for resource 79eecd35-53dc-4cf7-b885-acd4fac84c38 (type: security_group_rules) to 0
2026-05-28 22:26:32.909 10 INFO neutron.wsgi [None req-455b5eb4-10b9-4d9f-867c-b35f21347cda f12e61e4e00c4884a2149d8b62c222a5 e81ddcfb6cb24c6695923dcab8829e85 - - default default] 199.204.45.140,10.0.0.134 "POST /v2.0/security-group-rules HTTP/1.1" status: 201 len: 783 time: 0.1679764
2026-05-28 22:26:34.098 10 INFO neutron.wsgi [None req-beb9403f-6348-460d-9dae-68ba008ba9cd f12e61e4e00c4884a2149d8b62c222a5 e81ddcfb6cb24c6695923dcab8829e85 - - default default] 199.204.45.140,10.0.0.134 "GET /v2.0/networks/a99b95a4-03cc-4175-a364-40802806d61b HTTP/1.1" status: 200 len: 910 time: 0.1015658
2026-05-28 22:26:34.127 10 INFO neutron.pecan_wsgi.hooks.translation [None req-f2877d02-0211-43bb-8f58-025908bb7301 f12e61e4e00c4884a2149d8b62c222a5 e81ddcfb6cb24c6695923dcab8829e85 - - default default] GET failed (client error): The resource could not be found.
2026-05-28 22:26:34.128 10 INFO neutron.wsgi [None req-f2877d02-0211-43bb-8f58-025908bb7301 f12e61e4e00c4884a2149d8b62c222a5 e81ddcfb6cb24c6695923dcab8829e85 - - default default] 199.204.45.140,10.0.0.134 "GET /v2.0/ports/octavia-health-manager-port-instance?network_id=a99b95a4-03cc-4175-a364-40802806d61b HTTP/1.1" status: 404 len: 314 time: 0.0195737
2026-05-28 22:26:34.159 10 INFO neutron.wsgi [None req-633e21d7-ede2-4845-bbfd-8593d4815338 f12e61e4e00c4884a2149d8b62c222a5 e81ddcfb6cb24c6695923dcab8829e85 - - default default] 199.204.45.140,10.0.0.134 "GET /v2.0/ports?name=octavia-health-manager-port-instance&network_id=a99b95a4-03cc-4175-a364-40802806d61b HTTP/1.1" status: 200 len: 186 time: 0.0280135
2026-05-28 22:26:34.197 10 INFO neutron.wsgi [None req-458cd455-862f-4615-95da-193417583e75 f12e61e4e00c4884a2149d8b62c222a5 e81ddcfb6cb24c6695923dcab8829e85 - - default default] 199.204.45.140,10.0.0.134 "GET /v2.0/security-groups/38c5565b-8611-46ff-a177-b3d163d65757 HTTP/1.1" status: 200 len: 4870 time: 0.0334628
2026-05-28 22:26:34.522 10 WARNING neutron.scheduler.dhcp_agent_scheduler [None req-11682470-bfb9-4ac7-bbc3-e87dabd9cf13 f12e61e4e00c4884a2149d8b62c222a5 e81ddcfb6cb24c6695923dcab8829e85 - - default default] No more DHCP agents
2026-05-28 22:26:34.525 10 WARNING neutron.api.rpc.agentnotifiers.dhcp_rpc_agent_api [None req-11682470-bfb9-4ac7-bbc3-e87dabd9cf13 f12e61e4e00c4884a2149d8b62c222a5 e81ddcfb6cb24c6695923dcab8829e85 - - default default] Unable to schedule network a99b95a4-03cc-4175-a364-40802806d61b: no agents available; will retry on subsequent port and subnet creation events.
2026-05-28 22:26:34.673 10 INFO neutron.db.ovn_revision_numbers_db [None req-11682470-bfb9-4ac7-bbc3-e87dabd9cf13 f12e61e4e00c4884a2149d8b62c222a5 e81ddcfb6cb24c6695923dcab8829e85 - - default default] Successfully bumped revision number for resource f01b6517-05bc-49ab-be0f-daa98dd37ed9 (type: ports) to 1
2026-05-28 22:26:34.699 10 INFO neutron.wsgi [None req-11682470-bfb9-4ac7-bbc3-e87dabd9cf13 f12e61e4e00c4884a2149d8b62c222a5 e81ddcfb6cb24c6695923dcab8829e85 - - default default] 199.204.45.140,10.0.0.134 "POST /v2.0/ports HTTP/1.1" status: 201 len: 1273 time: 0.4917910
2026-05-28 22:26:38.627 10 INFO neutron.wsgi [-] 10.0.0.134 "GET / HTTP/1.1" status: 200 len: 247 time: 0.0030506
2026-05-28 22:26:38.628 9 INFO neutron.wsgi [-] 10.0.0.134 "GET / HTTP/1.1" status: 200 len: 247 time: 0.0026455 /var/lib/openstack/lib/python3.10/site-packages/pycadf/identifier.py:71: UserWarning: Invalid uuid: unknown. To ensure interoperability, identifiers should be a valid uuid. warnings.warn(('Invalid uuid: %s. To ensure interoperability, '
2026-05-28 22:26:40.530 10 INFO neutron.pecan_wsgi.hooks.translation [None req-ef0f22e8-7319-4178-96e2-2780ef7fda51 f12e61e4e00c4884a2149d8b62c222a5 e81ddcfb6cb24c6695923dcab8829e85 - - default default] GET failed (client error): The resource could not be found.
2026-05-28 22:26:40.532 10 INFO neutron.wsgi [None req-ef0f22e8-7319-4178-96e2-2780ef7fda51 f12e61e4e00c4884a2149d8b62c222a5 e81ddcfb6cb24c6695923dcab8829e85 - - default default] 199.204.45.140,10.0.0.134 "GET /v2.0/ports/octavia-health-manager-port-instance HTTP/1.1" status: 404 len: 314 time: 0.0543807
2026-05-28 22:26:40.596 10 INFO neutron.wsgi [None req-f890297a-267b-40e6-ba67-7b43a1bdd147 f12e61e4e00c4884a2149d8b62c222a5 e81ddcfb6cb24c6695923dcab8829e85 - - default default] 199.204.45.140,10.0.0.134 "GET /v2.0/ports?name=octavia-health-manager-port-instance HTTP/1.1" status: 200 len: 1271 time: 0.0585885
2026-05-28 22:26:41.089 10 INFO neutron.db.ovn_revision_numbers_db [None req-3a3d3fa4-0d3b-4c26-9cd0-34985877c476 f12e61e4e00c4884a2149d8b62c222a5 e81ddcfb6cb24c6695923dcab8829e85 - - default default] Successfully bumped revision number for resource f01b6517-05bc-49ab-be0f-daa98dd37ed9 (type: ports) to 1
2026-05-28 22:26:41.364 10 INFO neutron.db.ovn_revision_numbers_db [None req-3a3d3fa4-0d3b-4c26-9cd0-34985877c476 f12e61e4e00c4884a2149d8b62c222a5 e81ddcfb6cb24c6695923dcab8829e85 - - default default] Successfully bumped revision number for resource f01b6517-05bc-49ab-be0f-daa98dd37ed9 (type: ports) to 2
2026-05-28 22:26:41.386 10 INFO neutron.wsgi [None req-3a3d3fa4-0d3b-4c26-9cd0-34985877c476 f12e61e4e00c4884a2149d8b62c222a5 e81ddcfb6cb24c6695923dcab8829e85 - - default default] 199.204.45.140,10.0.0.134 "PUT /v2.0/ports/f01b6517-05bc-49ab-be0f-daa98dd37ed9 HTTP/1.1" status: 200 len: 1358 time: 0.7803524
2026-05-28 22:26:43.169 9 INFO neutron.wsgi [None req-c03b46f7-d4b6-47e5-8c44-a7973fd693f9 f12e61e4e00c4884a2149d8b62c222a5 e81ddcfb6cb24c6695923dcab8829e85 - - default default] 199.204.45.140,10.0.0.134 "GET /v2.0/ports HTTP/1.1" status: 200 len: 3503 time: 0.1063380 /var/lib/openstack/lib/python3.10/site-packages/pycadf/identifier.py:71: UserWarning: Invalid uuid: unknown. To ensure interoperability, identifiers should be a valid uuid. warnings.warn(('Invalid uuid: %s. To ensure interoperability, '
2026-05-28 22:26:44.232 10 INFO neutron.api.v2.resource [None req-f7bc6520-2293-4268-8fdb-07caf0bf2c75 f12e61e4e00c4884a2149d8b62c222a5 e81ddcfb6cb24c6695923dcab8829e85 - - default default] show failed (client error): The resource could not be found.
2026-05-28 22:26:44.233 10 INFO neutron.wsgi [None req-f7bc6520-2293-4268-8fdb-07caf0bf2c75 f12e61e4e00c4884a2149d8b62c222a5 e81ddcfb6cb24c6695923dcab8829e85 - - default default] 199.204.45.140,10.0.0.134 "GET /v2.0/security-groups/lb-mgmt-sec-grp HTTP/1.1" status: 404 len: 307 time: 0.0448604
2026-05-28 22:26:44.271 10 INFO neutron.wsgi [None req-2040e509-ba76-4175-b580-230022f85a1e f12e61e4e00c4884a2149d8b62c222a5 e81ddcfb6cb24c6695923dcab8829e85 - - default default] 199.204.45.140,10.0.0.134 "GET /v2.0/security-groups?name=lb-mgmt-sec-grp HTTP/1.1" status: 200 len: 197 time: 0.0338850
2026-05-28 22:26:44.426 10 INFO neutron.db.ovn_revision_numbers_db [None req-441e0ceb-dfde-43fe-af4d-df8ad9732bb9 f12e61e4e00c4884a2149d8b62c222a5 e81ddcfb6cb24c6695923dcab8829e85 - - default default] Successfully bumped revision number for resource 124aac64-7269-4f8e-ac51-4b2cf4f3596c (type: security_groups) to 1
2026-05-28 22:26:44.439 10 INFO neutron.db.ovn_revision_numbers_db [None req-441e0ceb-dfde-43fe-af4d-df8ad9732bb9 f12e61e4e00c4884a2149d8b62c222a5 e81ddcfb6cb24c6695923dcab8829e85 - - default default] Successfully bumped revision number for resource 83e1ccff-c26a-4e8c-a913-528dc1d96b42 (type: security_group_rules) to 0
2026-05-28 22:26:44.450 10 INFO neutron.db.ovn_revision_numbers_db [None req-441e0ceb-dfde-43fe-af4d-df8ad9732bb9 f12e61e4e00c4884a2149d8b62c222a5 e81ddcfb6cb24c6695923dcab8829e85 - - default default] Successfully bumped revision number for resource 9d96028c-be20-443b-be3b-56fdb685d0d3 (type: security_group_rules) to 0
2026-05-28 22:26:44.468 10 INFO neutron.wsgi [None req-441e0ceb-dfde-43fe-af4d-df8ad9732bb9 f12e61e4e00c4884a2149d8b62c222a5 e81ddcfb6cb24c6695923dcab8829e85 - - default default] 199.204.45.140,10.0.0.134 "POST /v2.0/security-groups HTTP/1.1" status: 201 len: 1791 time: 0.1916671
2026-05-28 22:26:45.456 10 INFO neutron.wsgi [None req-c5445f4d-85e6-4959-87e9-a69a06dd7cf1 f12e61e4e00c4884a2149d8b62c222a5 e81ddcfb6cb24c6695923dcab8829e85 - - default default] 199.204.45.140,10.0.0.134 "GET /v2.0/security-groups/124aac64-7269-4f8e-ac51-4b2cf4f3596c HTTP/1.1" status: 200 len: 1786 time: 0.0579910
2026-05-28 22:26:45.490 10 INFO neutron.wsgi [None req-f5065196-397f-4333-bea1-6f192079fb83 f12e61e4e00c4884a2149d8b62c222a5 e81ddcfb6cb24c6695923dcab8829e85 - - default default] 199.204.45.140,10.0.0.134 "GET /v2.0/security-groups/124aac64-7269-4f8e-ac51-4b2cf4f3596c HTTP/1.1" status: 200 len: 1786 time: 0.0254083
2026-05-28 22:26:45.532 10 INFO neutron.wsgi [None req-8739abaa-aeb4-4a69-ac78-6b682857244c f12e61e4e00c4884a2149d8b62c222a5 e81ddcfb6cb24c6695923dcab8829e85 - - default default] 199.204.45.140,10.0.0.134 "GET /v2.0/security-groups/124aac64-7269-4f8e-ac51-4b2cf4f3596c HTTP/1.1" status: 200 len: 1786 time: 0.0343518
2026-05-28 22:26:45.669 10 INFO neutron.db.ovn_revision_numbers_db [None req-0481bffe-850f-4523-b609-0ea7e8ef610c f12e61e4e00c4884a2149d8b62c222a5 e81ddcfb6cb24c6695923dcab8829e85 - - default default] Successfully bumped revision number for resource 5747606d-0c43-496f-8288-876d1608c992 (type: security_group_rules) to 0
2026-05-28 22:26:45.693 10 INFO neutron.wsgi [None req-0481bffe-850f-4523-b609-0ea7e8ef610c f12e61e4e00c4884a2149d8b62c222a5 e81ddcfb6cb24c6695923dcab8829e85 - - default default] 199.204.45.140,10.0.0.134 "POST /v2.0/security-group-rules HTTP/1.1" status: 201 len: 799 time: 0.1537991
2026-05-28 22:26:46.633 10 INFO neutron.wsgi [None req-2a6b388e-fd83-4518-b61d-2c45353f070e f12e61e4e00c4884a2149d8b62c222a5 e81ddcfb6cb24c6695923dcab8829e85 - - default default] 199.204.45.140,10.0.0.134 "GET /v2.0/security-groups/124aac64-7269-4f8e-ac51-4b2cf4f3596c HTTP/1.1" status: 200 len: 2418 time: 0.0644085
2026-05-28 22:26:46.668 10 INFO neutron.wsgi [None req-3ad9bad2-cd7b-44ec-bb30-181d80653d11 f12e61e4e00c4884a2149d8b62c222a5 e81ddcfb6cb24c6695923dcab8829e85 - - default default] 199.204.45.140,10.0.0.134 "GET /v2.0/security-groups/124aac64-7269-4f8e-ac51-4b2cf4f3596c HTTP/1.1" status: 200 len: 2418 time: 0.0278635
2026-05-28 22:26:46.703 10 INFO neutron.wsgi [None req-6feec5a2-4369-464f-bca0-e5dec27b2a1d f12e61e4e00c4884a2149d8b62c222a5 e81ddcfb6cb24c6695923dcab8829e85 - - default default] 199.204.45.140,10.0.0.134 "GET /v2.0/security-groups/124aac64-7269-4f8e-ac51-4b2cf4f3596c HTTP/1.1" status: 200 len: 2418 time: 0.0282679
2026-05-28 22:26:46.850 10 INFO neutron.db.ovn_revision_numbers_db [None req-96b1ab23-82e1-4d35-9e84-b982f34a61f0 f12e61e4e00c4884a2149d8b62c222a5 e81ddcfb6cb24c6695923dcab8829e85 - - default default] Successfully bumped revision number for resource 87bd2512-a530-4d43-b030-b460eae32bf0 (type: security_group_rules) to 0
2026-05-28 22:26:46.878 10 INFO neutron.wsgi [None req-96b1ab23-82e1-4d35-9e84-b982f34a61f0 f12e61e4e00c4884a2149d8b62c222a5 e81ddcfb6cb24c6695923dcab8829e85 - - default default] 199.204.45.140,10.0.0.134 "POST /v2.0/security-group-rules HTTP/1.1" status: 201 len: 803 time: 0.1686463
2026-05-28 22:26:53.627 9 INFO neutron.wsgi [-] 10.0.0.134 "GET / HTTP/1.1" status: 200 len: 247 time: 0.0025959
2026-05-28 22:26:53.629 10 INFO neutron.wsgi [-] 10.0.0.134 "GET / HTTP/1.1" status: 200 len: 247 time: 0.0042090
2026-05-28 22:27:08.627 9 INFO neutron.wsgi [-] 10.0.0.134 "GET / HTTP/1.1" status: 200 len: 247 time: 0.0021341
2026-05-28 22:27:08.630 9 INFO neutron.wsgi [-] 10.0.0.134 "GET / HTTP/1.1" status: 200 len: 247 time: 0.0018082
2026-05-28 22:27:23.627 10 INFO neutron.wsgi [-] 10.0.0.134 "GET / HTTP/1.1" status: 200 len: 247 time: 0.0023258
2026-05-28 22:27:23.628 9 INFO neutron.wsgi [-] 10.0.0.134 "GET / HTTP/1.1" status: 200 len: 247 time: 0.0027709
2026-05-28 22:27:38.626 10 INFO neutron.wsgi [-] 10.0.0.134 "GET / HTTP/1.1" status: 200 len: 247 time: 0.0018008
2026-05-28 22:27:38.626 9 INFO neutron.wsgi [-] 10.0.0.134 "GET / HTTP/1.1" status: 200 len: 247 time: 0.0020804
2026-05-28 22:27:53.627 10 INFO neutron.wsgi [-] 10.0.0.134 "GET / HTTP/1.1" status: 200 len: 247 time: 0.0023983
2026-05-28 22:27:53.627 9 INFO neutron.wsgi [-] 10.0.0.134 "GET / HTTP/1.1" status: 200 len: 247 time: 0.0019195
2026-05-28 22:28:07.109 9 INFO neutron.wsgi [None req-ad2edb68-9417-4bb4-ac21-eb56046ad68d f12e61e4e00c4884a2149d8b62c222a5 e81ddcfb6cb24c6695923dcab8829e85 - - default default] 199.204.45.140,10.0.0.134 "GET /v2.0/quotas/e81ddcfb6cb24c6695923dcab8829e85 HTTP/1.1" status: 200 len: 467 time: 0.0153034 /var/lib/openstack/lib/python3.10/site-packages/neutron/extensions/quotasv2.py:139: UserWarning: Neutron quota engine will require "--force" parameter to set a quota limit without checking the resource usage. warnings.warn('Neutron quota engine will require "--force" '
2026-05-28 22:28:07.542 9 INFO neutron.wsgi [None req-edc3f631-9bc3-4967-8591-c27b4ec2afac f12e61e4e00c4884a2149d8b62c222a5 e81ddcfb6cb24c6695923dcab8829e85 - - default default] 199.204.45.140,10.0.0.134 "PUT /v2.0/quotas/e81ddcfb6cb24c6695923dcab8829e85 HTTP/1.1" status: 200 len: 466 time: 0.0374730
2026-05-28 22:28:08.627 10 INFO neutron.wsgi [-] 10.0.0.134 "GET / HTTP/1.1" status: 200 len: 247 time: 0.0022602
2026-05-28 22:28:08.628 9 INFO neutron.wsgi [-] 10.0.0.134 "GET / HTTP/1.1" status: 200 len: 247 time: 0.0026662
2026-05-28 22:28:23.626 9 INFO neutron.wsgi [-] 10.0.0.134 "GET / HTTP/1.1" status: 200 len: 247 time: 0.0019422
2026-05-28 22:28:23.627 10 INFO neutron.wsgi [-] 10.0.0.134 "GET / HTTP/1.1" status: 200 len: 247 time: 0.0026455
2026-05-28 22:28:38.628 9 INFO neutron.wsgi [-] 10.0.0.134 "GET / HTTP/1.1" status: 200 len: 247 time: 0.0025918
2026-05-28 22:28:38.628 10 INFO neutron.wsgi [-] 10.0.0.134 "GET / HTTP/1.1" status: 200 len: 247 time: 0.0027418
2026-05-28 22:28:53.628 9 INFO neutron.wsgi [-] 10.0.0.134 "GET / HTTP/1.1" status: 200 len: 247 time: 0.0025578
2026-05-28 22:28:53.628 10 INFO neutron.wsgi [-] 10.0.0.134 "GET / HTTP/1.1" status: 200 len: 247 time: 0.0024323
2026-05-28 22:29:08.627 10 INFO neutron.wsgi [-] 10.0.0.134 "GET / HTTP/1.1" status: 200 len: 247 time: 0.0026076
2026-05-28 22:29:08.628 9 INFO neutron.wsgi [-] 10.0.0.134 "GET / HTTP/1.1" status: 200 len: 247 time: 0.0027833
2026-05-28 22:29:23.628 10 INFO neutron.wsgi [-] 10.0.0.134 "GET / HTTP/1.1" status: 200 len: 247 time: 0.0030522
2026-05-28 22:29:23.631 9 INFO neutron.wsgi [-] 10.0.0.134 "GET / HTTP/1.1" status: 200 len: 247 time: 0.0051661
2026-05-28 22:29:38.627 10 INFO neutron.wsgi [-] 10.0.0.134 "GET / HTTP/1.1" status: 200 len: 247 time: 0.0023756
2026-05-28 22:29:38.631 10 INFO neutron.wsgi [-] 10.0.0.134 "GET / HTTP/1.1" status: 200 len: 247 time: 0.0014818
2026-05-28 22:29:53.626 9 INFO neutron.wsgi [-] 10.0.0.134 "GET / HTTP/1.1" status: 200 len: 247 time: 0.0019517
2026-05-28 22:29:53.627 10 INFO neutron.wsgi [-] 10.0.0.134 "GET / HTTP/1.1" status: 200 len: 247 time: 0.0025284
2026-05-28 22:30:08.627 10 INFO neutron.wsgi [-] 10.0.0.134 "GET / HTTP/1.1" status: 200 len: 247 time: 0.0024879
2026-05-28 22:30:08.628 9 INFO neutron.wsgi [-] 10.0.0.134 "GET / HTTP/1.1" status: 200 len: 247 time: 0.0034068 /var/lib/openstack/lib/python3.10/site-packages/pycadf/identifier.py:71: UserWarning: Invalid uuid: neutron. To ensure interoperability, identifiers should be a valid uuid. warnings.warn(('Invalid uuid: %s. To ensure interoperability, '
2026-05-28 22:30:17.263 10 INFO neutron.pecan_wsgi.hooks.translation [None req-bc1f5ce2-a3d7-498f-8dc2-9a35404db1e2 f12e61e4e00c4884a2149d8b62c222a5 e81ddcfb6cb24c6695923dcab8829e85 - - default default] GET failed (client error): The resource could not be found.
2026-05-28 22:30:17.265 10 INFO neutron.wsgi [None req-bc1f5ce2-a3d7-498f-8dc2-9a35404db1e2 f12e61e4e00c4884a2149d8b62c222a5 e81ddcfb6cb24c6695923dcab8829e85 - - default default] 199.204.45.140 "GET /v2.0/ports/octavia-health-manager-port-instance HTTP/1.1" status: 404 len: 338 time: 0.2220967
2026-05-28 22:30:17.306 10 INFO neutron.wsgi [None req-4b6d3fa9-4090-42f0-a9a1-6d5787a608bd f12e61e4e00c4884a2149d8b62c222a5 e81ddcfb6cb24c6695923dcab8829e85 - - default default] 199.204.45.140 "GET /v2.0/ports?name=octavia-health-manager-port-instance HTTP/1.1" status: 200 len: 1413 time: 0.0376902
2026-05-28 22:30:19.103 10 INFO neutron.pecan_wsgi.hooks.translation [None req-4af0d4db-bdb4-4606-b9cb-b399968fad98 f12e61e4e00c4884a2149d8b62c222a5 e81ddcfb6cb24c6695923dcab8829e85 - - default default] GET failed (client error): The resource could not be found.
2026-05-28 22:30:19.105 10 INFO neutron.wsgi [None req-4af0d4db-bdb4-4606-b9cb-b399968fad98 f12e61e4e00c4884a2149d8b62c222a5 e81ddcfb6cb24c6695923dcab8829e85 - - default default] 199.204.45.140 "GET /v2.0/ports/octavia-health-manager-port-instance HTTP/1.1" status: 404 len: 338 time: 0.0584898
2026-05-28 22:30:19.147 10 INFO neutron.wsgi [None req-b67719f3-6e3c-4a38-8e87-6dad9c6bac6c f12e61e4e00c4884a2149d8b62c222a5 e81ddcfb6cb24c6695923dcab8829e85 - - default default] 199.204.45.140 "GET /v2.0/ports?name=octavia-health-manager-port-instance HTTP/1.1" status: 200 len: 1413 time: 0.0370278
2026-05-28 22:30:19.861 10 INFO neutron.plugins.ml2.drivers.ovn.mech_driver.mech_driver [-] OVN reports status up for port: f01b6517-05bc-49ab-be0f-daa98dd37ed9
2026-05-28 22:30:19.909 10 INFO neutron.plugins.ml2.plugin [None req-f20f73ee-6b86-4f38-ba18-6326d533e0b2 - - - - - -] Attempt 1 to provision port f01b6517-05bc-49ab-be0f-daa98dd37ed9
2026-05-28 22:30:20.254 10 INFO neutron.db.ovn_revision_numbers_db [None req-f20f73ee-6b86-4f38-ba18-6326d533e0b2 - - - - - -] Successfully bumped revision number for resource f01b6517-05bc-49ab-be0f-daa98dd37ed9 (type: ports) to 4
2026-05-28 22:30:23.628 9 INFO neutron.wsgi [-] 10.0.0.134 "GET / HTTP/1.1" status: 200 len: 247 time: 0.0028346
2026-05-28 22:30:23.628 10 INFO neutron.wsgi [-] 10.0.0.134 "GET / HTTP/1.1" status: 200 len: 247 time: 0.0027008
2026-05-28 22:30:38.627 9 INFO neutron.wsgi [-] 10.0.0.134 "GET / HTTP/1.1" status: 200 len: 247 time: 0.0020881
2026-05-28 22:30:38.629 10 INFO neutron.wsgi [-] 10.0.0.134 "GET / HTTP/1.1" status: 200 len: 247 time: 0.0035620
2026-05-28 22:30:53.628 10 INFO neutron.wsgi [-] 10.0.0.134 "GET / HTTP/1.1" status: 200 len: 247 time: 0.0028334
2026-05-28 22:30:53.628 9 INFO neutron.wsgi [-] 10.0.0.134 "GET / HTTP/1.1" status: 200 len: 247 time: 0.0037372
2026-05-28 22:31:08.629 9 INFO neutron.wsgi [-] 10.0.0.134 "GET / HTTP/1.1" status: 200 len: 247 time: 0.0026469
2026-05-28 22:31:08.629 10 INFO neutron.wsgi [-] 10.0.0.134 "GET / HTTP/1.1" status: 200 len: 247 time: 0.0037680
2026-05-28 22:31:23.628 10 INFO neutron.wsgi [-] 10.0.0.134 "GET / HTTP/1.1" status: 200 len: 247 time: 0.0029974
2026-05-28 22:31:23.632 9 INFO neutron.wsgi [-] 10.0.0.134 "GET / HTTP/1.1" status: 200 len: 247 time: 0.0033486
2026-05-28 22:31:25.560 15 INFO neutron.db.ovn_revision_numbers_db [None req-9e5ca917-52af-46b8-88e3-430e4c8b174e - - - - - -] Successfully bumped revision number for resource a99b95a4-03cc-4175-a364-40802806d61b (type: networks) to 2
2026-05-28 22:31:25.626 15 INFO neutron.db.ovn_revision_numbers_db [None req-9e5ca917-52af-46b8-88e3-430e4c8b174e - - - - - -] Successfully bumped revision number for resource 38c5565b-8611-46ff-a177-b3d163d65757 (type: security_groups) to 6
2026-05-28 22:31:25.661 15 INFO neutron.db.ovn_revision_numbers_db [None req-9e5ca917-52af-46b8-88e3-430e4c8b174e - - - - - -] Successfully bumped revision number for resource 124aac64-7269-4f8e-ac51-4b2cf4f3596c (type: security_groups) to 3
2026-05-28 22:31:25.661 15 INFO neutron.plugins.ml2.drivers.ovn.mech_driver.ovsdb.maintenance [None req-9e5ca917-52af-46b8-88e3-430e4c8b174e - - - - - -] Maintenance task: Synchronization completed (took 0.24 seconds)
2026-05-28 22:31:38.628 9 INFO neutron.wsgi [-] 10.0.0.134 "GET / HTTP/1.1" status: 200 len: 247 time: 0.0028925
2026-05-28 22:31:38.629 10 INFO neutron.wsgi [-] 10.0.0.134 "GET / HTTP/1.1" status: 200 len: 247 time: 0.0034976
2026-05-28 22:31:53.628 9 INFO neutron.wsgi [-] 10.0.0.134 "GET / HTTP/1.1" status: 200 len: 247 time: 0.0028028
2026-05-28 22:31:53.629 10 INFO neutron.wsgi [-] 10.0.0.134 "GET / HTTP/1.1" status: 200 len: 247 time: 0.0039015
2026-05-28 22:32:08.628 9 INFO neutron.wsgi [-] 10.0.0.134 "GET / HTTP/1.1" status: 200 len: 247 time: 0.0027330
2026-05-28 22:32:08.628 10 INFO neutron.wsgi [-] 10.0.0.134 "GET / HTTP/1.1" status: 200 len: 247 time: 0.0028520
2026-05-28 22:32:23.627 10 INFO neutron.wsgi [-] 10.0.0.134 "GET / HTTP/1.1" status: 200 len: 247 time: 0.0016379
2026-05-28 22:32:23.629 10 INFO neutron.wsgi [-] 10.0.0.134 "GET / HTTP/1.1" status: 200 len: 247 time: 0.0009372
2026-05-28 22:32:38.627 9 INFO neutron.wsgi [-] 10.0.0.134 "GET / HTTP/1.1" status: 200 len: 247 time: 0.0024829
2026-05-28 22:32:38.628 10 INFO neutron.wsgi [-] 10.0.0.134 "GET / HTTP/1.1" status: 200 len: 247 time: 0.0025156
2026-05-28 22:32:53.628 9 INFO neutron.wsgi [-] 10.0.0.134 "GET / HTTP/1.1" status: 200 len: 247 time: 0.0030985
2026-05-28 22:32:53.628 10 INFO neutron.wsgi [-] 10.0.0.134 "GET / HTTP/1.1" status: 200 len: 247 time: 0.0029926
2026-05-28 22:33:08.626 9 INFO neutron.wsgi [-] 10.0.0.134 "GET / HTTP/1.1" status: 200 len: 247 time: 0.0018046
2026-05-28 22:33:08.626 10 INFO neutron.wsgi [-] 10.0.0.134 "GET / HTTP/1.1" status: 200 len: 247 time: 0.0019219
2026-05-28 22:33:23.628 9 INFO neutron.wsgi [-] 10.0.0.134 "GET / HTTP/1.1" status: 200 len: 247 time: 0.0029466
2026-05-28 22:33:23.630 10 INFO neutron.wsgi [-] 10.0.0.134 "GET / HTTP/1.1" status: 200 len: 247 time: 0.0047052
2026-05-28 22:33:38.628 10 INFO neutron.wsgi [-] 10.0.0.134 "GET / HTTP/1.1" status: 200 len: 247 time: 0.0023484
2026-05-28 22:33:38.630 9 INFO neutron.wsgi [-] 10.0.0.134 "GET / HTTP/1.1" status: 200 len: 247 time: 0.0029054
2026-05-28 22:33:53.628 9 INFO neutron.wsgi [-] 10.0.0.134 "GET / HTTP/1.1" status: 200 len: 247 time: 0.0025370
2026-05-28 22:33:53.628 10 INFO neutron.wsgi [-] 10.0.0.134 "GET / HTTP/1.1" status: 200 len: 247 time: 0.0026770
2026-05-28 22:34:08.630 9 INFO neutron.wsgi [-] 10.0.0.134 "GET / HTTP/1.1" status: 200 len: 247 time: 0.0030346
2026-05-28 22:34:08.631 10 INFO neutron.wsgi [-] 10.0.0.134 "GET / HTTP/1.1" status: 200 len: 247 time: 0.0059037
2026-05-28 22:34:23.627 10 INFO neutron.wsgi [-] 10.0.0.134 "GET / HTTP/1.1" status: 200 len: 247 time: 0.0026190
2026-05-28 22:34:23.631 10 INFO neutron.wsgi [-] 10.0.0.134 "GET / HTTP/1.1" status: 200 len: 247 time: 0.0018835
2026-05-28 22:34:38.628 9 INFO neutron.wsgi [-] 10.0.0.134 "GET / HTTP/1.1" status: 200 len: 247 time: 0.0027614
2026-05-28 22:34:38.628 10 INFO neutron.wsgi [-] 10.0.0.134 "GET / HTTP/1.1" status: 200 len: 247 time: 0.0029545
2026-05-28 22:34:53.627 9 INFO neutron.wsgi [-] 10.0.0.134 "GET / HTTP/1.1" status: 200 len: 247 time: 0.0026321
2026-05-28 22:34:53.695 10 INFO neutron.wsgi [-] 10.0.0.134 "GET / HTTP/1.1" status: 200 len: 247 time: 0.0016630
2026-05-28 22:35:08.626 10 INFO neutron.wsgi [-] 10.0.0.134 "GET / HTTP/1.1" status: 200 len: 247 time: 0.0017836
