Mar 26 00:57:46.505522 np0000160863 neutron-periodic-workers[104704]: DEBUG cotyledon.oslo_config_glue [-] ml2.type_drivers = ['local', 'flat', 'vlan', 'geneve'] {{(pid=104704) log_opt_values /opt/stack/data/venv/lib/python3.12/site-packages/oslo_config/cfg.py:3006}}
Mar 26 00:57:46.505522 np0000160863 neutron-periodic-workers[104704]: DEBUG cotyledon.oslo_config_glue [-] ml2_type_flat.flat_networks = ['public'] {{(pid=104704) log_opt_values /opt/stack/data/venv/lib/python3.12/site-packages/oslo_config/cfg.py:3006}}
Mar 26 00:57:46.505522 np0000160863 neutron-periodic-workers[104704]: DEBUG cotyledon.oslo_config_glue [-] ml2_type_geneve.max_header_size = 38 {{(pid=104704) log_opt_values /opt/stack/data/venv/lib/python3.12/site-packages/oslo_config/cfg.py:3006}}
Mar 26 00:57:46.505522 np0000160863 neutron-periodic-workers[104704]: DEBUG cotyledon.oslo_config_glue [-] ml2_type_geneve.vni_ranges = ['1:65536'] {{(pid=104704) log_opt_values /opt/stack/data/venv/lib/python3.12/site-packages/oslo_config/cfg.py:3006}}
Mar 26 00:57:46.505522 np0000160863 neutron-periodic-workers[104704]: DEBUG cotyledon.oslo_config_glue [-] ml2_type_vlan.network_vlan_ranges = ['public'] {{(pid=104704) log_opt_values /opt/stack/data/venv/lib/python3.12/site-packages/oslo_config/cfg.py:3006}}
Mar 26 00:57:46.505522 np0000160863 neutron-periodic-workers[104704]: DEBUG cotyledon.oslo_config_glue [-] network_log.burst_limit = 25 {{(pid=104704) log_opt_values /opt/stack/data/venv/lib/python3.12/site-packages/oslo_config/cfg.py:3006}}
Mar 26 00:57:46.505522 np0000160863 neutron-periodic-workers[104704]: DEBUG cotyledon.oslo_config_glue [-] network_log.local_output_log_base = None {{(pid=104704) log_opt_values /opt/stack/data/venv/lib/python3.12/site-packages/oslo_config/cfg.py:3006}}
Mar 26 00:57:46.505522 np0000160863 neutron-periodic-workers[104704]: DEBUG cotyledon.oslo_config_glue [-] network_log.rate_limit = 100 {{(pid=104704) log_opt_values /opt/stack/data/venv/lib/python3.12/site-packages/oslo_config/cfg.py:3006}}
Mar 26 00:57:46.505522 np0000160863 neutron-periodic-workers[104704]: DEBUG cotyledon.oslo_config_glue [-] database.asyncio_connection = **** {{(pid=104704) log_opt_values /opt/stack/data/venv/lib/python3.12/site-packages/oslo_config/cfg.py:3006}}
Mar 26 00:57:46.505807 np0000160863 neutron-periodic-workers[104704]: DEBUG cotyledon.oslo_config_glue [-] database.asyncio_slave_connection = **** {{(pid=104704) log_opt_values /opt/stack/data/venv/lib/python3.12/site-packages/oslo_config/cfg.py:3006}}
Mar 26 00:57:46.505807 np0000160863 neutron-periodic-workers[104704]: DEBUG cotyledon.oslo_config_glue [-] database.backend = sqlalchemy {{(pid=104704) log_opt_values /opt/stack/data/venv/lib/python3.12/site-packages/oslo_config/cfg.py:3006}}
Mar 26 00:57:46.505807 np0000160863 neutron-periodic-workers[104704]: DEBUG cotyledon.oslo_config_glue [-] database.connection = **** {{(pid=104704) log_opt_values /opt/stack/data/venv/lib/python3.12/site-packages/oslo_config/cfg.py:3006}}
Mar 26 00:57:46.505807 np0000160863 neutron-periodic-workers[104704]: DEBUG cotyledon.oslo_config_glue [-] database.connection_debug = 0 {{(pid=104704) log_opt_values /opt/stack/data/venv/lib/python3.12/site-packages/oslo_config/cfg.py:3006}}
Mar 26 00:57:46.505807 np0000160863 neutron-periodic-workers[104704]: DEBUG cotyledon.oslo_config_glue [-] database.connection_parameters = {{(pid=104704) log_opt_values /opt/stack/data/venv/lib/python3.12/site-packages/oslo_config/cfg.py:3006}}
Mar 26 00:57:46.505807 np0000160863 neutron-periodic-workers[104704]: DEBUG cotyledon.oslo_config_glue [-] database.connection_recycle_time = 3600 {{(pid=104704) log_opt_values /opt/stack/data/venv/lib/python3.12/site-packages/oslo_config/cfg.py:3006}}
Mar 26 00:57:46.505807 np0000160863 neutron-periodic-workers[104704]: DEBUG cotyledon.oslo_config_glue [-] database.connection_trace = False {{(pid=104704) log_opt_values /opt/stack/data/venv/lib/python3.12/site-packages/oslo_config/cfg.py:3006}}
Mar 26 00:57:46.505807 np0000160863 neutron-periodic-workers[104704]: DEBUG cotyledon.oslo_config_glue [-] database.db_inc_retry_interval = True {{(pid=104704) log_opt_values /opt/stack/data/venv/lib/python3.12/site-packages/oslo_config/cfg.py:3006}}
Mar 26 00:57:46.505807 np0000160863 neutron-periodic-workers[104704]: DEBUG cotyledon.oslo_config_glue [-] database.db_max_retries = 20 {{(pid=104704) log_opt_values /opt/stack/data/venv/lib/python3.12/site-packages/oslo_config/cfg.py:3006}}
Mar 26 00:57:46.506153 np0000160863 neutron-periodic-workers[104704]: DEBUG cotyledon.oslo_config_glue [-] database.db_max_retry_interval = 10 {{(pid=104704) log_opt_values /opt/stack/data/venv/lib/python3.12/site-packages/oslo_config/cfg.py:3006}}
Mar 26 00:57:46.506153 np0000160863 neutron-periodic-workers[104704]: DEBUG cotyledon.oslo_config_glue [-] database.db_retry_interval = 1 {{(pid=104704) log_opt_values /opt/stack/data/venv/lib/python3.12/site-packages/oslo_config/cfg.py:3006}}
Mar 26 00:57:46.506153 np0000160863 neutron-periodic-workers[104704]: DEBUG cotyledon.oslo_config_glue [-] database.max_overflow = 50 {{(pid=104704) log_opt_values /opt/stack/data/venv/lib/python3.12/site-packages/oslo_config/cfg.py:3006}}
Mar 26 00:57:46.506153 np0000160863 neutron-periodic-workers[104704]: DEBUG cotyledon.oslo_config_glue [-] database.max_pool_size = 5 {{(pid=104704) log_opt_values /opt/stack/data/venv/lib/python3.12/site-packages/oslo_config/cfg.py:3006}}
Mar 26 00:57:46.506153 np0000160863 neutron-periodic-workers[104704]: DEBUG cotyledon.oslo_config_glue [-] database.max_retries = 10 {{(pid=104704) log_opt_values /opt/stack/data/venv/lib/python3.12/site-packages/oslo_config/cfg.py:3006}}
Mar 26 00:57:46.506153 np0000160863 neutron-periodic-workers[104704]: DEBUG cotyledon.oslo_config_glue [-] database.mysql_sql_mode = TRADITIONAL {{(pid=104704) log_opt_values /opt/stack/data/venv/lib/python3.12/site-packages/oslo_config/cfg.py:3006}}
Mar 26 00:57:46.506153 np0000160863 neutron-periodic-workers[104704]: DEBUG cotyledon.oslo_config_glue [-] database.mysql_wsrep_sync_wait = None {{(pid=104704) log_opt_values /opt/stack/data/venv/lib/python3.12/site-packages/oslo_config/cfg.py:3006}}
Mar 26 00:57:46.506153 np0000160863 neutron-periodic-workers[104704]: DEBUG cotyledon.oslo_config_glue [-] database.pool_timeout = None {{(pid=104704) log_opt_values /opt/stack/data/venv/lib/python3.12/site-packages/oslo_config/cfg.py:3006}}
Mar 26 00:57:46.506153 np0000160863 neutron-periodic-workers[104704]: DEBUG cotyledon.oslo_config_glue [-] database.retry_interval = 10 {{(pid=104704) log_opt_values /opt/stack/data/venv/lib/python3.12/site-packages/oslo_config/cfg.py:3006}}
Mar 26 00:57:46.506530 np0000160863 neutron-periodic-workers[104704]: DEBUG cotyledon.oslo_config_glue [-] database.slave_connection = **** {{(pid=104704) log_opt_values /opt/stack/data/venv/lib/python3.12/site-packages/oslo_config/cfg.py:3006}}
Mar 26 00:57:46.506530 np0000160863 neutron-periodic-workers[104704]: DEBUG cotyledon.oslo_config_glue [-] database.sqlite_synchronous = True {{(pid=104704) log_opt_values /opt/stack/data/venv/lib/python3.12/site-packages/oslo_config/cfg.py:3006}}
Mar 26 00:57:46.506530 np0000160863 neutron-periodic-workers[104704]: DEBUG cotyledon.oslo_config_glue [-] database.synchronous_reader = True {{(pid=104704) log_opt_values /opt/stack/data/venv/lib/python3.12/site-packages/oslo_config/cfg.py:3006}}
Mar 26 00:57:46.506530 np0000160863 neutron-periodic-workers[104704]: DEBUG cotyledon.oslo_config_glue [-] database.use_db_reconnect = False {{(pid=104704) log_opt_values /opt/stack/data/venv/lib/python3.12/site-packages/oslo_config/cfg.py:3006}}
Mar 26 00:57:46.506530 np0000160863 neutron-periodic-workers[104704]: DEBUG cotyledon.oslo_config_glue [-] ovn.bfd_min_rx = 1000 {{(pid=104704) log_opt_values /opt/stack/data/venv/lib/python3.12/site-packages/oslo_config/cfg.py:3006}}
Mar 26 00:57:46.506530 np0000160863 neutron-periodic-workers[104704]: DEBUG cotyledon.oslo_config_glue [-] ovn.bfd_min_tx = 100 {{(pid=104704) log_opt_values /opt/stack/data/venv/lib/python3.12/site-packages/oslo_config/cfg.py:3006}}
Mar 26 00:57:46.506530 np0000160863 neutron-periodic-workers[104704]: DEBUG cotyledon.oslo_config_glue [-] ovn.bfd_mult = 3 {{(pid=104704) log_opt_values /opt/stack/data/venv/lib/python3.12/site-packages/oslo_config/cfg.py:3006}}
Mar 26 00:57:46.506530 np0000160863 neutron-periodic-workers[104704]: DEBUG cotyledon.oslo_config_glue [-] ovn.broadcast_arps_to_all_routers = True {{(pid=104704) log_opt_values /opt/stack/data/venv/lib/python3.12/site-packages/oslo_config/cfg.py:3006}}
Mar 26 00:57:46.506530 np0000160863 neutron-periodic-workers[104704]: DEBUG cotyledon.oslo_config_glue [-] ovn.dhcp_default_lease_time = 43200 {{(pid=104704) log_opt_values /opt/stack/data/venv/lib/python3.12/site-packages/oslo_config/cfg.py:3006}}
Mar 26 00:57:46.506854 np0000160863 neutron-periodic-workers[104704]: DEBUG cotyledon.oslo_config_glue [-] ovn.disable_ovn_dhcp_for_baremetal_ports = False {{(pid=104704) log_opt_values /opt/stack/data/venv/lib/python3.12/site-packages/oslo_config/cfg.py:3006}}
Mar 26 00:57:46.506854 np0000160863 neutron-periodic-workers[104704]: DEBUG cotyledon.oslo_config_glue [-] ovn.dns_records_ovn_owned = False {{(pid=104704) log_opt_values /opt/stack/data/venv/lib/python3.12/site-packages/oslo_config/cfg.py:3006}}
Mar 26 00:57:46.506854 np0000160863 neutron-periodic-workers[104704]: DEBUG cotyledon.oslo_config_glue [-] ovn.dns_servers = [] {{(pid=104704) log_opt_values /opt/stack/data/venv/lib/python3.12/site-packages/oslo_config/cfg.py:3006}}
Mar 26 00:57:46.506854 np0000160863 neutron-periodic-workers[104704]: DEBUG cotyledon.oslo_config_glue [-] ovn.enable_distributed_floating_ip = False {{(pid=104704) log_opt_values /opt/stack/data/venv/lib/python3.12/site-packages/oslo_config/cfg.py:3006}}
Mar 26 00:57:46.506854 np0000160863 neutron-periodic-workers[104704]: DEBUG cotyledon.oslo_config_glue [-] ovn.fdb_age_threshold = 300 {{(pid=104704) log_opt_values /opt/stack/data/venv/lib/python3.12/site-packages/oslo_config/cfg.py:3006}}
Mar 26 00:57:46.506854 np0000160863 neutron-periodic-workers[104704]: DEBUG cotyledon.oslo_config_glue [-] ovn.ha_failover_strategy = normal {{(pid=104704) log_opt_values /opt/stack/data/venv/lib/python3.12/site-packages/oslo_config/cfg.py:3006}}
Mar 26 00:57:46.506854 np0000160863 neutron-periodic-workers[104704]: DEBUG cotyledon.oslo_config_glue [-] ovn.live_migration_activation_strategy = rarp {{(pid=104704) log_opt_values /opt/stack/data/venv/lib/python3.12/site-packages/oslo_config/cfg.py:3006}}
Mar 26 00:57:46.506854 np0000160863 neutron-periodic-workers[104704]: DEBUG cotyledon.oslo_config_glue [-] ovn.localnet_learn_fdb = False {{(pid=104704) log_opt_values /opt/stack/data/venv/lib/python3.12/site-packages/oslo_config/cfg.py:3006}}
Mar 26 00:57:46.506854 np0000160863 neutron-periodic-workers[104704]: DEBUG cotyledon.oslo_config_glue [-] ovn.mac_binding_age_threshold = 300 {{(pid=104704) log_opt_values /opt/stack/data/venv/lib/python3.12/site-packages/oslo_config/cfg.py:3006}}
Mar 26 00:57:46.507163 np0000160863 neutron-periodic-workers[104704]: DEBUG cotyledon.oslo_config_glue [-] ovn.neutron_sync_mode = log {{(pid=104704) log_opt_values /opt/stack/data/venv/lib/python3.12/site-packages/oslo_config/cfg.py:3006}}
Mar 26 00:57:46.507163 np0000160863 neutron-periodic-workers[104704]: DEBUG cotyledon.oslo_config_glue [-] ovn.ovn_dhcp4_global_options = {} {{(pid=104704) log_opt_values /opt/stack/data/venv/lib/python3.12/site-packages/oslo_config/cfg.py:3006}}
Mar 26 00:57:46.507163 np0000160863 neutron-periodic-workers[104704]: DEBUG cotyledon.oslo_config_glue [-] ovn.ovn_dhcp6_global_options = {} {{(pid=104704) log_opt_values /opt/stack/data/venv/lib/python3.12/site-packages/oslo_config/cfg.py:3006}}
Mar 26 00:57:46.507163 np0000160863 neutron-periodic-workers[104704]: DEBUG cotyledon.oslo_config_glue [-] ovn.ovn_l3_scheduler = leastloaded {{(pid=104704) log_opt_values /opt/stack/data/venv/lib/python3.12/site-packages/oslo_config/cfg.py:3006}}
Mar 26 00:57:46.507163 np0000160863 neutron-periodic-workers[104704]: DEBUG cotyledon.oslo_config_glue [-] ovn.ovn_metadata_enabled = True {{(pid=104704) log_opt_values /opt/stack/data/venv/lib/python3.12/site-packages/oslo_config/cfg.py:3006}}
Mar 26 00:57:46.507163 np0000160863 neutron-periodic-workers[104704]: DEBUG cotyledon.oslo_config_glue [-] ovn.ovn_nb_ca_cert = /opt/stack/data/CA/int-ca/ca-chain.pem {{(pid=104704) log_opt_values /opt/stack/data/venv/lib/python3.12/site-packages/oslo_config/cfg.py:3006}}
Mar 26 00:57:46.507163 np0000160863 neutron-periodic-workers[104704]: DEBUG cotyledon.oslo_config_glue [-] ovn.ovn_nb_certificate = /opt/stack/data/CA/int-ca/devstack-cert.crt {{(pid=104704) log_opt_values /opt/stack/data/venv/lib/python3.12/site-packages/oslo_config/cfg.py:3006}}
Mar 26 00:57:46.507163 np0000160863 neutron-periodic-workers[104704]: DEBUG cotyledon.oslo_config_glue [-] ovn.ovn_nb_connection = ['ssl:199.204.45.6:6641'] {{(pid=104704) log_opt_values /opt/stack/data/venv/lib/python3.12/site-packages/oslo_config/cfg.py:3006}}
Mar 26 00:57:46.507455 np0000160863 neutron-periodic-workers[104704]: DEBUG cotyledon.oslo_config_glue [-] ovn.ovn_nb_private_key = /opt/stack/data/CA/int-ca/private/devstack-cert.key {{(pid=104704) log_opt_values /opt/stack/data/venv/lib/python3.12/site-packages/oslo_config/cfg.py:3006}}
Mar 26 00:57:46.507455 np0000160863 neutron-periodic-workers[104704]: DEBUG cotyledon.oslo_config_glue [-] ovn.ovn_router_indirect_snat = False {{(pid=104704) log_opt_values /opt/stack/data/venv/lib/python3.12/site-packages/oslo_config/cfg.py:3006}}
Mar 26 00:57:46.507455 np0000160863 neutron-periodic-workers[104704]: DEBUG cotyledon.oslo_config_glue [-] ovn.ovn_sb_ca_cert = /opt/stack/data/CA/int-ca/ca-chain.pem {{(pid=104704) log_opt_values /opt/stack/data/venv/lib/python3.12/site-packages/oslo_config/cfg.py:3006}}
Mar 26 00:57:46.507455 np0000160863 neutron-periodic-workers[104704]: DEBUG cotyledon.oslo_config_glue [-] ovn.ovn_sb_certificate = /opt/stack/data/CA/int-ca/devstack-cert.crt {{(pid=104704) log_opt_values /opt/stack/data/venv/lib/python3.12/site-packages/oslo_config/cfg.py:3006}}
Mar 26 00:57:46.507455 np0000160863 neutron-periodic-workers[104704]: DEBUG cotyledon.oslo_config_glue [-] ovn.ovn_sb_connection = ['ssl:199.204.45.6:6642'] {{(pid=104704) log_opt_values /opt/stack/data/venv/lib/python3.12/site-packages/oslo_config/cfg.py:3006}}
Mar 26 00:57:46.507455 np0000160863 neutron-periodic-workers[104704]: DEBUG cotyledon.oslo_config_glue [-] ovn.ovn_sb_private_key = /opt/stack/data/CA/int-ca/private/devstack-cert.key {{(pid=104704) log_opt_values /opt/stack/data/venv/lib/python3.12/site-packages/oslo_config/cfg.py:3006}}
Mar 26 00:57:46.507455 np0000160863 neutron-periodic-workers[104704]: DEBUG cotyledon.oslo_config_glue [-] ovn.ovs_create_tap = False {{(pid=104704) log_opt_values /opt/stack/data/venv/lib/python3.12/site-packages/oslo_config/cfg.py:3006}}
Mar 26 00:57:46.507455 np0000160863 neutron-periodic-workers[104704]: DEBUG cotyledon.oslo_config_glue [-] ovn.ovsdb_connection_timeout = 180 {{(pid=104704) log_opt_values /opt/stack/data/venv/lib/python3.12/site-packages/oslo_config/cfg.py:3006}}
Mar 26 00:57:46.507675 np0000160863 neutron-periodic-workers[104704]: DEBUG cotyledon.oslo_config_glue [-] ovn.ovsdb_log_level = INFO {{(pid=104704) log_opt_values /opt/stack/data/venv/lib/python3.12/site-packages/oslo_config/cfg.py:3006}}
Mar 26 00:57:46.507675 np0000160863 neutron-periodic-workers[104704]: DEBUG cotyledon.oslo_config_glue [-] ovn.ovsdb_probe_interval = 60000 {{(pid=104704) log_opt_values /opt/stack/data/venv/lib/python3.12/site-packages/oslo_config/cfg.py:3006}}
Mar 26 00:57:46.507675 np0000160863 neutron-periodic-workers[104704]: DEBUG cotyledon.oslo_config_glue [-] ovn.ovsdb_retry_max_interval = 180 {{(pid=104704) log_opt_values /opt/stack/data/venv/lib/python3.12/site-packages/oslo_config/cfg.py:3006}}
Mar 26 00:57:46.507675 np0000160863 neutron-periodic-workers[104704]: DEBUG cotyledon.oslo_config_glue [-] ovn.stateless_nat_enabled = False {{(pid=104704) log_opt_values /opt/stack/data/venv/lib/python3.12/site-packages/oslo_config/cfg.py:3006}}
Mar 26 00:57:46.507675 np0000160863 neutron-periodic-workers[104704]: DEBUG cotyledon.oslo_config_glue [-] ovn.vhost_sock_dir = /var/run/openvswitch {{(pid=104704) log_opt_values /opt/stack/data/venv/lib/python3.12/site-packages/oslo_config/cfg.py:3006}}
Mar 26 00:57:46.507675 np0000160863 neutron-periodic-workers[104704]: DEBUG cotyledon.oslo_config_glue [-] OVS.bridge_mac_table_size = 50000 {{(pid=104704) log_opt_values /opt/stack/data/venv/lib/python3.12/site-packages/oslo_config/cfg.py:3006}}
Mar 26 00:57:46.507675 np0000160863 neutron-periodic-workers[104704]: DEBUG cotyledon.oslo_config_glue [-] OVS.igmp_flood = False {{(pid=104704) log_opt_values /opt/stack/data/venv/lib/python3.12/site-packages/oslo_config/cfg.py:3006}}
Mar 26 00:57:46.507675 np0000160863 neutron-periodic-workers[104704]: DEBUG cotyledon.oslo_config_glue [-] OVS.igmp_flood_reports = True {{(pid=104704) log_opt_values /opt/stack/data/venv/lib/python3.12/site-packages/oslo_config/cfg.py:3006}}
Mar 26 00:57:46.507675 np0000160863 neutron-periodic-workers[104704]: DEBUG cotyledon.oslo_config_glue [-] OVS.igmp_flood_unregistered = False {{(pid=104704) log_opt_values /opt/stack/data/venv/lib/python3.12/site-packages/oslo_config/cfg.py:3006}}
Mar 26 00:57:46.508037 np0000160863 neutron-periodic-workers[104704]: DEBUG cotyledon.oslo_config_glue [-] OVS.igmp_snooping_enable = False {{(pid=104704) log_opt_values /opt/stack/data/venv/lib/python3.12/site-packages/oslo_config/cfg.py:3006}}
Mar 26 00:57:46.508037 np0000160863 neutron-periodic-workers[104704]: DEBUG cotyledon.oslo_config_glue [-] OVS.ovsdb_timeout = 10 {{(pid=104704) log_opt_values /opt/stack/data/venv/lib/python3.12/site-packages/oslo_config/cfg.py:3006}}
Mar 26 00:57:46.508037 np0000160863 neutron-periodic-workers[104704]: DEBUG cotyledon.oslo_config_glue [-] ovn_nb_global.fdb_removal_limit = 0 {{(pid=104704) log_opt_values /opt/stack/data/venv/lib/python3.12/site-packages/oslo_config/cfg.py:3006}}
Mar 26 00:57:46.508037 np0000160863 neutron-periodic-workers[104704]: DEBUG cotyledon.oslo_config_glue [-] ovn_nb_global.ignore_lsp_down = False {{(pid=104704) log_opt_values /opt/stack/data/venv/lib/python3.12/site-packages/oslo_config/cfg.py:3006}}
Mar 26 00:57:46.508037 np0000160863 neutron-periodic-workers[104704]: DEBUG cotyledon.oslo_config_glue [-] ovn_nb_global.mac_binding_removal_limit = 0 {{(pid=104704) log_opt_values /opt/stack/data/venv/lib/python3.12/site-packages/oslo_config/cfg.py:3006}}
Mar 26 00:57:46.508037 np0000160863 neutron-periodic-workers[104704]: DEBUG cotyledon.oslo_config_glue [-] ******************************************************************************** {{(pid=104704) log_opt_values /opt/stack/data/venv/lib/python3.12/site-packages/oslo_config/cfg.py:3013}}
Mar 26 00:57:46.508037 np0000160863 neutron-periodic-workers[104704]: DEBUG cotyledon._service_worker [-] Run service ServiceWrapper(0) [104704] {{(pid=104704) wait_forever /opt/stack/data/venv/lib/python3.12/site-packages/cotyledon/_service_worker.py:218}}
Mar 26 00:57:56.098648 np0000160863 neutron-periodic-workers[103944]: DEBUG dbcounter [-] [103944] Writing DB stats neutron:SELECT=4 {{(pid=103944) stat_writer /opt/stack/data/venv/lib/python3.12/site-packages/dbcounter.py:115}}
Mar 26 00:58:39.470145 np0000160863 neutron-periodic-workers[104693]: DEBUG oslo_db.sqlalchemy.engines [None req-3f7fb441-347f-4b40-b4e9-06ff929e1017 None None] Parent process 103944 forked (104693) with an open database connection, which is being discarded and recreated. {{(pid=104693) checkout /opt/stack/data/venv/lib/python3.12/site-packages/oslo_db/sqlalchemy/engines.py:402}}
Mar 26 00:58:39.479348 np0000160863 neutron-periodic-workers[104693]: DEBUG dbcounter [-] [104693] Writer thread running {{(pid=104693) stat_writer /opt/stack/data/venv/lib/python3.12/site-packages/dbcounter.py:102}}
Mar 26 00:58:39.489653 np0000160863 neutron-periodic-workers[104693]: DEBUG oslo.service.backend._threading.loopingcall [None req-3f7fb441-347f-4b40-b4e9-06ff929e1017 None None] Fixed interval looping call 'neutron.plugins.ml2.plugin.DhcpAgentSchedulerDbMixin.remove_networks_from_down_agents' sleeping for 36.97 seconds {{(pid=104693) _run_loop /opt/stack/data/venv/lib/python3.12/site-packages/oslo_service/backend/_threading/loopingcall.py:125}}
Mar 26 00:58:41.522222 np0000160863 neutron-periodic-workers[104704]: DEBUG dbcounter [-] [104704] Writer thread running {{(pid=104704) stat_writer /opt/stack/data/venv/lib/python3.12/site-packages/dbcounter.py:102}}
Mar 26 00:58:41.529884 np0000160863 neutron-periodic-workers[104704]: DEBUG neutron.db.agents_db [None req-86954489-0445-4a73-af48-73651cfb3f7b None None] Agent healthcheck: found 0 active agents {{(pid=104704) agent_health_check /opt/stack/neutron/neutron/db/agents_db.py:317}}
Mar 26 00:58:41.530162 np0000160863 neutron-periodic-workers[104704]: DEBUG oslo.service.backend._threading.loopingcall [None req-86954489-0445-4a73-af48-73651cfb3f7b None None] Fixed interval looping call 'neutron.plugins.ml2.plugin.AgentDbMixin.agent_health_check' sleeping for 36.98 seconds {{(pid=104704) _run_loop /opt/stack/data/venv/lib/python3.12/site-packages/oslo_service/backend/_threading/loopingcall.py:125}}
Mar 26 00:58:49.488159 np0000160863 neutron-periodic-workers[104693]: DEBUG dbcounter [-] [104693] Writing DB stats neutron:SELECT=3 {{(pid=104693) stat_writer /opt/stack/data/venv/lib/python3.12/site-packages/dbcounter.py:115}}
Mar 26 00:58:51.522956 np0000160863 neutron-periodic-workers[104704]: DEBUG dbcounter [-] [104704] Writing DB stats neutron:SELECT=1 {{(pid=104704) stat_writer /opt/stack/data/venv/lib/python3.12/site-packages/dbcounter.py:115}}
Mar 26 00:59:16.471897 np0000160863 neutron-periodic-workers[104693]: DEBUG oslo.service.backend._threading.loopingcall [None req-3f7fb441-347f-4b40-b4e9-06ff929e1017 None None] Fixed interval looping call 'neutron.plugins.ml2.plugin.DhcpAgentSchedulerDbMixin.remove_networks_from_down_agents' sleeping for 36.99 seconds {{(pid=104693) _run_loop /opt/stack/data/venv/lib/python3.12/site-packages/oslo_service/backend/_threading/loopingcall.py:125}}
Mar 26 00:59:18.516704 np0000160863 neutron-periodic-workers[104704]: DEBUG neutron.db.agents_db [None req-86954489-0445-4a73-af48-73651cfb3f7b None None] Agent healthcheck: found 0 active agents {{(pid=104704) agent_health_check /opt/stack/neutron/neutron/db/agents_db.py:317}}
Mar 26 00:59:18.517302 np0000160863 neutron-periodic-workers[104704]: DEBUG oslo.service.backend._threading.loopingcall [None req-86954489-0445-4a73-af48-73651cfb3f7b None None] Fixed interval looping call 'neutron.plugins.ml2.plugin.AgentDbMixin.agent_health_check' sleeping for 36.99 seconds {{(pid=104704) _run_loop /opt/stack/data/venv/lib/python3.12/site-packages/oslo_service/backend/_threading/loopingcall.py:125}}
Mar 26 00:59:26.470543 np0000160863 neutron-periodic-workers[104693]: DEBUG dbcounter [-] [104693] Writing DB stats neutron:SELECT=3 {{(pid=104693) stat_writer /opt/stack/data/venv/lib/python3.12/site-packages/dbcounter.py:115}}
Mar 26 00:59:28.514777 np0000160863 neutron-periodic-workers[104704]: DEBUG dbcounter [-] [104704] Writing DB stats neutron:SELECT=1 {{(pid=104704) stat_writer /opt/stack/data/venv/lib/python3.12/site-packages/dbcounter.py:115}}
Mar 26 00:59:46.514064 np0000160863 neutron-periodic-workers[104715]: DEBUG dbcounter [-] [104715] Writer thread running {{(pid=104715) stat_writer /opt/stack/data/venv/lib/python3.12/site-packages/dbcounter.py:102}}
Mar 26 00:59:46.515921 np0000160863 neutron-periodic-workers[104715]: DEBUG oslo.service.backend._threading.loopingcall [None req-1fb83329-0eed-466d-a2e2-22b6f1a8835d None None] Fixed interval looping call 'neutron.db.quota.driver_nolock.DbQuotaNoLockDriver._remove_expired_reservations' sleeping for 119.98 seconds {{(pid=104715) _run_loop /opt/stack/data/venv/lib/python3.12/site-packages/oslo_service/backend/_threading/loopingcall.py:125}}
Mar 26 00:59:53.471158 np0000160863 neutron-periodic-workers[104693]: DEBUG oslo.service.backend._threading.loopingcall [None req-3f7fb441-347f-4b40-b4e9-06ff929e1017 None None] Fixed interval looping call 'neutron.plugins.ml2.plugin.DhcpAgentSchedulerDbMixin.remove_networks_from_down_agents' sleeping for 36.99 seconds {{(pid=104693) _run_loop /opt/stack/data/venv/lib/python3.12/site-packages/oslo_service/backend/_threading/loopingcall.py:125}}
Mar 26 00:59:55.512711 np0000160863 neutron-periodic-workers[104704]: DEBUG neutron.db.agents_db [None req-86954489-0445-4a73-af48-73651cfb3f7b None None] Agent healthcheck: found 0 active agents {{(pid=104704) agent_health_check /opt/stack/neutron/neutron/db/agents_db.py:317}}
Mar 26 00:59:55.513323 np0000160863 neutron-periodic-workers[104704]: DEBUG oslo.service.backend._threading.loopingcall [None req-86954489-0445-4a73-af48-73651cfb3f7b None None] Fixed interval looping call 'neutron.plugins.ml2.plugin.AgentDbMixin.agent_health_check' sleeping for 36.99 seconds {{(pid=104704) _run_loop /opt/stack/data/venv/lib/python3.12/site-packages/oslo_service/backend/_threading/loopingcall.py:125}}
Mar 26 00:59:56.514794 np0000160863 neutron-periodic-workers[104715]: DEBUG dbcounter [-] [104715] Writing DB stats neutron:DELETE=1 {{(pid=104715) stat_writer /opt/stack/data/venv/lib/python3.12/site-packages/dbcounter.py:115}}
Mar 26 01:00:03.470114 np0000160863 neutron-periodic-workers[104693]: DEBUG dbcounter [-] [104693] Writing DB stats neutron:SELECT=3 {{(pid=104693) stat_writer /opt/stack/data/venv/lib/python3.12/site-packages/dbcounter.py:115}}
Mar 26 01:00:05.510975 np0000160863 neutron-periodic-workers[104704]: DEBUG dbcounter [-] [104704] Writing DB stats neutron:SELECT=1 {{(pid=104704) stat_writer /opt/stack/data/venv/lib/python3.12/site-packages/dbcounter.py:115}}
Mar 26 01:00:30.471155 np0000160863 neutron-periodic-workers[104693]: DEBUG oslo.service.backend._threading.loopingcall [None req-3f7fb441-347f-4b40-b4e9-06ff929e1017 None None] Fixed interval looping call 'neutron.plugins.ml2.plugin.DhcpAgentSchedulerDbMixin.remove_networks_from_down_agents' sleeping for 36.99 seconds {{(pid=104693) _run_loop /opt/stack/data/venv/lib/python3.12/site-packages/oslo_service/backend/_threading/loopingcall.py:125}}
Mar 26 01:00:32.510001 np0000160863 neutron-periodic-workers[104704]: DEBUG neutron.db.agents_db [None req-86954489-0445-4a73-af48-73651cfb3f7b None None] Agent healthcheck: found 0 active agents {{(pid=104704) agent_health_check /opt/stack/neutron/neutron/db/agents_db.py:317}}
Mar 26 01:00:32.510761 np0000160863 neutron-periodic-workers[104704]: DEBUG oslo.service.backend._threading.loopingcall [None req-86954489-0445-4a73-af48-73651cfb3f7b None None] Fixed interval looping call 'neutron.plugins.ml2.plugin.AgentDbMixin.agent_health_check' sleeping for 36.99 seconds {{(pid=104704) _run_loop /opt/stack/data/venv/lib/python3.12/site-packages/oslo_service/backend/_threading/loopingcall.py:125}}
Mar 26 01:00:40.469897 np0000160863 neutron-periodic-workers[104693]: DEBUG dbcounter [-] [104693] Writing DB stats neutron:SELECT=3 {{(pid=104693) stat_writer /opt/stack/data/venv/lib/python3.12/site-packages/dbcounter.py:115}}
Mar 26 01:00:42.509311 np0000160863 neutron-periodic-workers[104704]: DEBUG dbcounter [-] [104704] Writing DB stats neutron:SELECT=1 {{(pid=104704) stat_writer /opt/stack/data/venv/lib/python3.12/site-packages/dbcounter.py:115}}
Mar 26 01:01:07.473498 np0000160863 neutron-periodic-workers[104693]: DEBUG oslo.service.backend._threading.loopingcall [None req-3f7fb441-347f-4b40-b4e9-06ff929e1017 None None] Fixed interval looping call 'neutron.plugins.ml2.plugin.DhcpAgentSchedulerDbMixin.remove_networks_from_down_agents' sleeping for 36.99 seconds {{(pid=104693) _run_loop /opt/stack/data/venv/lib/python3.12/site-packages/oslo_service/backend/_threading/loopingcall.py:125}}
Mar 26 01:01:09.505526 np0000160863 neutron-periodic-workers[104704]: DEBUG neutron.db.agents_db [None req-86954489-0445-4a73-af48-73651cfb3f7b None None] Agent healthcheck: found 0 active agents {{(pid=104704) agent_health_check /opt/stack/neutron/neutron/db/agents_db.py:317}}
Mar 26 01:01:09.506144 np0000160863 neutron-periodic-workers[104704]: DEBUG oslo.service.backend._threading.loopingcall [None req-86954489-0445-4a73-af48-73651cfb3f7b None None] Fixed interval looping call 'neutron.plugins.ml2.plugin.AgentDbMixin.agent_health_check' sleeping for 36.99 seconds {{(pid=104704) _run_loop /opt/stack/data/venv/lib/python3.12/site-packages/oslo_service/backend/_threading/loopingcall.py:125}}
Mar 26 01:01:17.472434 np0000160863 neutron-periodic-workers[104693]: DEBUG dbcounter [-] [104693] Writing DB stats neutron:SELECT=3 {{(pid=104693) stat_writer /opt/stack/data/venv/lib/python3.12/site-packages/dbcounter.py:115}}
Mar 26 01:01:19.504295 np0000160863 neutron-periodic-workers[104704]: DEBUG dbcounter [-] [104704] Writing DB stats neutron:SELECT=1 {{(pid=104704) stat_writer /opt/stack/data/venv/lib/python3.12/site-packages/dbcounter.py:115}}
Mar 26 01:01:44.475043 np0000160863 neutron-periodic-workers[104693]: DEBUG oslo.service.backend._threading.loopingcall [None req-3f7fb441-347f-4b40-b4e9-06ff929e1017 None None] Fixed interval looping call 'neutron.plugins.ml2.plugin.DhcpAgentSchedulerDbMixin.remove_networks_from_down_agents' sleeping for 36.99 seconds {{(pid=104693) _run_loop /opt/stack/data/venv/lib/python3.12/site-packages/oslo_service/backend/_threading/loopingcall.py:125}}
Mar 26 01:01:46.500092 np0000160863 neutron-periodic-workers[104704]: DEBUG neutron.db.agents_db [None req-86954489-0445-4a73-af48-73651cfb3f7b None None] Agent healthcheck: found 0 active agents {{(pid=104704) agent_health_check /opt/stack/neutron/neutron/db/agents_db.py:317}}
Mar 26 01:01:46.500789 np0000160863 neutron-periodic-workers[104704]: DEBUG oslo.service.backend._threading.loopingcall [None req-86954489-0445-4a73-af48-73651cfb3f7b None None] Fixed interval looping call 'neutron.plugins.ml2.plugin.AgentDbMixin.agent_health_check' sleeping for 37.00 seconds {{(pid=104704) _run_loop /opt/stack/data/venv/lib/python3.12/site-packages/oslo_service/backend/_threading/loopingcall.py:125}}
Mar 26 01:01:46.501596 np0000160863 neutron-periodic-workers[104715]: DEBUG oslo.service.backend._threading.loopingcall [None req-1fb83329-0eed-466d-a2e2-22b6f1a8835d None None] Fixed interval looping call 'neutron.db.quota.driver_nolock.DbQuotaNoLockDriver._remove_expired_reservations' sleeping for 119.99 seconds {{(pid=104715) _run_loop /opt/stack/data/venv/lib/python3.12/site-packages/oslo_service/backend/_threading/loopingcall.py:125}}
Mar 26 01:01:54.474008 np0000160863 neutron-periodic-workers[104693]: DEBUG dbcounter [-] [104693] Writing DB stats neutron:SELECT=3 {{(pid=104693) stat_writer /opt/stack/data/venv/lib/python3.12/site-packages/dbcounter.py:115}}
Mar 26 01:01:56.498722 np0000160863 neutron-periodic-workers[104704]: DEBUG dbcounter [-] [104704] Writing DB stats neutron:SELECT=1 {{(pid=104704) stat_writer /opt/stack/data/venv/lib/python3.12/site-packages/dbcounter.py:115}}
Mar 26 01:01:56.500082 np0000160863 neutron-periodic-workers[104715]: DEBUG dbcounter [-] [104715] Writing DB stats neutron:DELETE=1 {{(pid=104715) stat_writer /opt/stack/data/venv/lib/python3.12/site-packages/dbcounter.py:115}}
Mar 26 01:02:07.466158 np0000160863 neutron-periodic-workers[104684]: DEBUG dbcounter [-] [104684] Writer thread running {{(pid=104684) stat_writer /opt/stack/data/venv/lib/python3.12/site-packages/dbcounter.py:102}}
Mar 26 01:02:07.475514 np0000160863 neutron-periodic-workers[104684]: DEBUG oslo.service.backend._threading.loopingcall [None req-1a2b634e-7ec4-48fa-9f9e-d4144ef6fab3 None None] Fixed interval looping call 'neutron.services.ovn_l3.plugin.L3_NAT_dbonly_mixin._clean_garbage' sleeping for 299.96 seconds {{(pid=104684) _run_loop /opt/stack/data/venv/lib/python3.12/site-packages/oslo_service/backend/_threading/loopingcall.py:125}}
Mar 26 01:02:17.467096 np0000160863 neutron-periodic-workers[104684]: DEBUG dbcounter [-] [104684] Writing DB stats neutron:SELECT=1 {{(pid=104684) stat_writer /opt/stack/data/venv/lib/python3.12/site-packages/dbcounter.py:115}}
Mar 26 01:02:21.473954 np0000160863 neutron-periodic-workers[104693]: DEBUG oslo.service.backend._threading.loopingcall [None req-3f7fb441-347f-4b40-b4e9-06ff929e1017 None None] Fixed interval looping call 'neutron.plugins.ml2.plugin.DhcpAgentSchedulerDbMixin.remove_networks_from_down_agents' sleeping for 36.99 seconds {{(pid=104693) _run_loop /opt/stack/data/venv/lib/python3.12/site-packages/oslo_service/backend/_threading/loopingcall.py:125}}
Mar 26 01:02:23.506583 np0000160863 neutron-periodic-workers[104704]: DEBUG neutron.db.agents_db [None req-86954489-0445-4a73-af48-73651cfb3f7b None None] Agent healthcheck: found 0 active agents {{(pid=104704) agent_health_check /opt/stack/neutron/neutron/db/agents_db.py:317}}
Mar 26 01:02:23.507413 np0000160863 neutron-periodic-workers[104704]: DEBUG oslo.service.backend._threading.loopingcall [None req-86954489-0445-4a73-af48-73651cfb3f7b None None] Fixed interval looping call 'neutron.plugins.ml2.plugin.AgentDbMixin.agent_health_check' sleeping for 36.99 seconds {{(pid=104704) _run_loop /opt/stack/data/venv/lib/python3.12/site-packages/oslo_service/backend/_threading/loopingcall.py:125}}
Mar 26 01:02:31.472866 np0000160863 neutron-periodic-workers[104693]: DEBUG dbcounter [-] [104693] Writing DB stats neutron:SELECT=3 {{(pid=104693) stat_writer /opt/stack/data/venv/lib/python3.12/site-packages/dbcounter.py:115}}
Mar 26 01:02:33.505252 np0000160863 neutron-periodic-workers[104704]: DEBUG dbcounter [-] [104704] Writing DB stats neutron:SELECT=1 {{(pid=104704) stat_writer /opt/stack/data/venv/lib/python3.12/site-packages/dbcounter.py:115}}
Mar 26 01:02:58.476763 np0000160863 neutron-periodic-workers[104693]: DEBUG oslo.service.backend._threading.loopingcall [None req-3f7fb441-347f-4b40-b4e9-06ff929e1017 None None] Fixed interval looping call 'neutron.plugins.ml2.plugin.DhcpAgentSchedulerDbMixin.remove_networks_from_down_agents' sleeping for 36.99 seconds {{(pid=104693) _run_loop /opt/stack/data/venv/lib/python3.12/site-packages/oslo_service/backend/_threading/loopingcall.py:125}}
Mar 26 01:03:00.502692 np0000160863 neutron-periodic-workers[104704]: DEBUG neutron.db.agents_db [None req-86954489-0445-4a73-af48-73651cfb3f7b None None] Agent healthcheck: found 0 active agents {{(pid=104704) agent_health_check /opt/stack/neutron/neutron/db/agents_db.py:317}}
Mar 26 01:03:00.503321 np0000160863 neutron-periodic-workers[104704]: DEBUG oslo.service.backend._threading.loopingcall [None req-86954489-0445-4a73-af48-73651cfb3f7b None None] Fixed interval looping call 'neutron.plugins.ml2.plugin.AgentDbMixin.agent_health_check' sleeping for 37.00 seconds {{(pid=104704) _run_loop /opt/stack/data/venv/lib/python3.12/site-packages/oslo_service/backend/_threading/loopingcall.py:125}}
Mar 26 01:03:08.475083 np0000160863 neutron-periodic-workers[104693]: DEBUG dbcounter [-] [104693] Writing DB stats neutron:SELECT=3 {{(pid=104693) stat_writer /opt/stack/data/venv/lib/python3.12/site-packages/dbcounter.py:115}}
Mar 26 01:03:10.501268 np0000160863 neutron-periodic-workers[104704]: DEBUG dbcounter [-] [104704] Writing DB stats neutron:SELECT=1 {{(pid=104704) stat_writer /opt/stack/data/venv/lib/python3.12/site-packages/dbcounter.py:115}}
Mar 26 01:03:35.475172 np0000160863 neutron-periodic-workers[104693]: DEBUG oslo.service.backend._threading.loopingcall [None req-3f7fb441-347f-4b40-b4e9-06ff929e1017 None None] Fixed interval looping call 'neutron.plugins.ml2.plugin.DhcpAgentSchedulerDbMixin.remove_networks_from_down_agents' sleeping for 36.99 seconds {{(pid=104693) _run_loop /opt/stack/data/venv/lib/python3.12/site-packages/oslo_service/backend/_threading/loopingcall.py:125}}
Mar 26 01:03:37.509823 np0000160863 neutron-periodic-workers[104704]: DEBUG neutron.db.agents_db [None req-86954489-0445-4a73-af48-73651cfb3f7b None None] Agent healthcheck: found 0 active agents {{(pid=104704) agent_health_check /opt/stack/neutron/neutron/db/agents_db.py:317}}
Mar 26 01:03:37.510748 np0000160863 neutron-periodic-workers[104704]: DEBUG oslo.service.backend._threading.loopingcall [None req-86954489-0445-4a73-af48-73651cfb3f7b None None] Fixed interval looping call 'neutron.plugins.ml2.plugin.AgentDbMixin.agent_health_check' sleeping for 36.99 seconds {{(pid=104704) _run_loop /opt/stack/data/venv/lib/python3.12/site-packages/oslo_service/backend/_threading/loopingcall.py:125}}
Mar 26 01:03:45.474212 np0000160863 neutron-periodic-workers[104693]: DEBUG dbcounter [-] [104693] Writing DB stats neutron:SELECT=3 {{(pid=104693) stat_writer /opt/stack/data/venv/lib/python3.12/site-packages/dbcounter.py:115}}
Mar 26 01:03:46.497392 np0000160863 neutron-periodic-workers[104715]: DEBUG oslo.service.backend._threading.loopingcall [None req-1fb83329-0eed-466d-a2e2-22b6f1a8835d None None] Fixed interval looping call 'neutron.db.quota.driver_nolock.DbQuotaNoLockDriver._remove_expired_reservations' sleeping for 119.99 seconds {{(pid=104715) _run_loop /opt/stack/data/venv/lib/python3.12/site-packages/oslo_service/backend/_threading/loopingcall.py:125}}
Mar 26 01:03:47.507002 np0000160863 neutron-periodic-workers[104704]: DEBUG dbcounter [-] [104704] Writing DB stats neutron:SELECT=1 {{(pid=104704) stat_writer /opt/stack/data/venv/lib/python3.12/site-packages/dbcounter.py:115}}
Mar 26 01:03:56.495633 np0000160863 neutron-periodic-workers[104715]: DEBUG dbcounter [-] [104715] Writing DB stats neutron:DELETE=1 {{(pid=104715) stat_writer /opt/stack/data/venv/lib/python3.12/site-packages/dbcounter.py:115}}
Mar 26 01:04:12.475799 np0000160863 neutron-periodic-workers[104693]: DEBUG oslo.service.backend._threading.loopingcall [None req-3f7fb441-347f-4b40-b4e9-06ff929e1017 None None] Fixed interval looping call 'neutron.plugins.ml2.plugin.DhcpAgentSchedulerDbMixin.remove_networks_from_down_agents' sleeping for 36.99 seconds {{(pid=104693) _run_loop /opt/stack/data/venv/lib/python3.12/site-packages/oslo_service/backend/_threading/loopingcall.py:125}}
Mar 26 01:04:14.505032 np0000160863 neutron-periodic-workers[104704]: DEBUG neutron.db.agents_db [None req-86954489-0445-4a73-af48-73651cfb3f7b None None] Agent healthcheck: found 0 active agents {{(pid=104704) agent_health_check /opt/stack/neutron/neutron/db/agents_db.py:317}}
Mar 26 01:04:14.505587 np0000160863 neutron-periodic-workers[104704]: DEBUG oslo.service.backend._threading.loopingcall [None req-86954489-0445-4a73-af48-73651cfb3f7b None None] Fixed interval looping call 'neutron.plugins.ml2.plugin.AgentDbMixin.agent_health_check' sleeping for 37.00 seconds {{(pid=104704) _run_loop /opt/stack/data/venv/lib/python3.12/site-packages/oslo_service/backend/_threading/loopingcall.py:125}}
Mar 26 01:04:22.474574 np0000160863 neutron-periodic-workers[104693]: DEBUG dbcounter [-] [104693] Writing DB stats neutron:SELECT=3 {{(pid=104693) stat_writer /opt/stack/data/venv/lib/python3.12/site-packages/dbcounter.py:115}}
Mar 26 01:04:24.503828 np0000160863 neutron-periodic-workers[104704]: DEBUG dbcounter [-] [104704] Writing DB stats neutron:SELECT=1 {{(pid=104704) stat_writer /opt/stack/data/venv/lib/python3.12/site-packages/dbcounter.py:115}}
Mar 26 01:04:49.475806 np0000160863 neutron-periodic-workers[104693]: DEBUG oslo.service.backend._threading.loopingcall [None req-3f7fb441-347f-4b40-b4e9-06ff929e1017 None None] Fixed interval looping call 'neutron.plugins.ml2.plugin.DhcpAgentSchedulerDbMixin.remove_networks_from_down_agents' sleeping for 36.99 seconds {{(pid=104693) _run_loop /opt/stack/data/venv/lib/python3.12/site-packages/oslo_service/backend/_threading/loopingcall.py:125}}
Mar 26 01:04:51.511506 np0000160863 neutron-periodic-workers[104704]: DEBUG neutron.db.agents_db [None req-86954489-0445-4a73-af48-73651cfb3f7b None None] Agent healthcheck: found 0 active agents {{(pid=104704) agent_health_check /opt/stack/neutron/neutron/db/agents_db.py:317}}
Mar 26 01:04:51.512213 np0000160863 neutron-periodic-workers[104704]: DEBUG oslo.service.backend._threading.loopingcall [None req-86954489-0445-4a73-af48-73651cfb3f7b None None] Fixed interval looping call 'neutron.plugins.ml2.plugin.AgentDbMixin.agent_health_check' sleeping for 36.99 seconds {{(pid=104704) _run_loop /opt/stack/data/venv/lib/python3.12/site-packages/oslo_service/backend/_threading/loopingcall.py:125}}
Mar 26 01:04:59.474012 np0000160863 neutron-periodic-workers[104693]: DEBUG dbcounter [-] [104693] Writing DB stats neutron:SELECT=3 {{(pid=104693) stat_writer /opt/stack/data/venv/lib/python3.12/site-packages/dbcounter.py:115}}
Mar 26 01:05:01.509541 np0000160863 neutron-periodic-workers[104704]: DEBUG dbcounter [-] [104704] Writing DB stats neutron:SELECT=1 {{(pid=104704) stat_writer /opt/stack/data/venv/lib/python3.12/site-packages/dbcounter.py:115}}
Mar 26 01:05:26.473295 np0000160863 neutron-periodic-workers[104693]: DEBUG oslo.service.backend._threading.loopingcall [None req-3f7fb441-347f-4b40-b4e9-06ff929e1017 None None] Fixed interval looping call 'neutron.plugins.ml2.plugin.DhcpAgentSchedulerDbMixin.remove_networks_from_down_agents' sleeping for 36.99 seconds {{(pid=104693) _run_loop /opt/stack/data/venv/lib/python3.12/site-packages/oslo_service/backend/_threading/loopingcall.py:125}}
Mar 26 01:05:28.505855 np0000160863 neutron-periodic-workers[104704]: DEBUG neutron.db.agents_db [None req-86954489-0445-4a73-af48-73651cfb3f7b None None] Agent healthcheck: found 0 active agents {{(pid=104704) agent_health_check /opt/stack/neutron/neutron/db/agents_db.py:317}}
Mar 26 01:05:28.506364 np0000160863 neutron-periodic-workers[104704]: DEBUG oslo.service.backend._threading.loopingcall [None req-86954489-0445-4a73-af48-73651cfb3f7b None None] Fixed interval looping call 'neutron.plugins.ml2.plugin.AgentDbMixin.agent_health_check' sleeping for 37.00 seconds {{(pid=104704) _run_loop /opt/stack/data/venv/lib/python3.12/site-packages/oslo_service/backend/_threading/loopingcall.py:125}}
Mar 26 01:05:36.472129 np0000160863 neutron-periodic-workers[104693]: DEBUG dbcounter [-] [104693] Writing DB stats neutron:SELECT=3 {{(pid=104693) stat_writer /opt/stack/data/venv/lib/python3.12/site-packages/dbcounter.py:115}}
Mar 26 01:05:38.504623 np0000160863 neutron-periodic-workers[104704]: DEBUG dbcounter [-] [104704] Writing DB stats neutron:SELECT=1 {{(pid=104704) stat_writer /opt/stack/data/venv/lib/python3.12/site-packages/dbcounter.py:115}}
Mar 26 01:05:46.492473 np0000160863 neutron-periodic-workers[104715]: DEBUG oslo.service.backend._threading.loopingcall [None req-1fb83329-0eed-466d-a2e2-22b6f1a8835d None None] Fixed interval looping call 'neutron.db.quota.driver_nolock.DbQuotaNoLockDriver._remove_expired_reservations' sleeping for 120.00 seconds {{(pid=104715) _run_loop /opt/stack/data/venv/lib/python3.12/site-packages/oslo_service/backend/_threading/loopingcall.py:125}}
Mar 26 01:05:56.490735 np0000160863 neutron-periodic-workers[104715]: DEBUG dbcounter [-] [104715] Writing DB stats neutron:DELETE=1 {{(pid=104715) stat_writer /opt/stack/data/venv/lib/python3.12/site-packages/dbcounter.py:115}}
Mar 26 01:06:03.470239 np0000160863 neutron-periodic-workers[104693]: DEBUG oslo.service.backend._threading.loopingcall [None req-3f7fb441-347f-4b40-b4e9-06ff929e1017 None None] Fixed interval looping call 'neutron.plugins.ml2.plugin.DhcpAgentSchedulerDbMixin.remove_networks_from_down_agents' sleeping for 36.99 seconds {{(pid=104693) _run_loop /opt/stack/data/venv/lib/python3.12/site-packages/oslo_service/backend/_threading/loopingcall.py:125}}
Mar 26 01:06:05.510147 np0000160863 neutron-periodic-workers[104704]: DEBUG neutron.db.agents_db [None req-86954489-0445-4a73-af48-73651cfb3f7b None None] Agent healthcheck: found 0 active agents {{(pid=104704) agent_health_check /opt/stack/neutron/neutron/db/agents_db.py:317}}
Mar 26 01:06:05.511075 np0000160863 neutron-periodic-workers[104704]: DEBUG oslo.service.backend._threading.loopingcall [None req-86954489-0445-4a73-af48-73651cfb3f7b None None] Fixed interval looping call 'neutron.plugins.ml2.plugin.AgentDbMixin.agent_health_check' sleeping for 37.00 seconds {{(pid=104704) _run_loop /opt/stack/data/venv/lib/python3.12/site-packages/oslo_service/backend/_threading/loopingcall.py:125}}
Mar 26 01:06:13.469520 np0000160863 neutron-periodic-workers[104693]: DEBUG dbcounter [-] [104693] Writing DB stats neutron:SELECT=3 {{(pid=104693) stat_writer /opt/stack/data/venv/lib/python3.12/site-packages/dbcounter.py:115}}
Mar 26 01:06:15.509036 np0000160863 neutron-periodic-workers[104704]: DEBUG dbcounter [-] [104704] Writing DB stats neutron:SELECT=1 {{(pid=104704) stat_writer /opt/stack/data/venv/lib/python3.12/site-packages/dbcounter.py:115}}
Mar 26 01:06:40.468726 np0000160863 neutron-periodic-workers[104693]: DEBUG oslo.service.backend._threading.loopingcall [None req-3f7fb441-347f-4b40-b4e9-06ff929e1017 None None] Fixed interval looping call 'neutron.plugins.ml2.plugin.DhcpAgentSchedulerDbMixin.remove_networks_from_down_agents' sleeping for 36.99 seconds {{(pid=104693) _run_loop /opt/stack/data/venv/lib/python3.12/site-packages/oslo_service/backend/_threading/loopingcall.py:125}}
Mar 26 01:06:42.516336 np0000160863 neutron-periodic-workers[104704]: DEBUG neutron.db.agents_db [None req-86954489-0445-4a73-af48-73651cfb3f7b None None] Agent healthcheck: found 0 active agents {{(pid=104704) agent_health_check /opt/stack/neutron/neutron/db/agents_db.py:317}}
Mar 26 01:06:42.516961 np0000160863 neutron-periodic-workers[104704]: DEBUG oslo.service.backend._threading.loopingcall [None req-86954489-0445-4a73-af48-73651cfb3f7b None None] Fixed interval looping call 'neutron.plugins.ml2.plugin.AgentDbMixin.agent_health_check' sleeping for 36.99 seconds {{(pid=104704) _run_loop /opt/stack/data/venv/lib/python3.12/site-packages/oslo_service/backend/_threading/loopingcall.py:125}}
Mar 26 01:06:50.467431 np0000160863 neutron-periodic-workers[104693]: DEBUG dbcounter [-] [104693] Writing DB stats neutron:SELECT=3 {{(pid=104693) stat_writer /opt/stack/data/venv/lib/python3.12/site-packages/dbcounter.py:115}}
Mar 26 01:06:52.514280 np0000160863 neutron-periodic-workers[104704]: DEBUG dbcounter [-] [104704] Writing DB stats neutron:SELECT=1 {{(pid=104704) stat_writer /opt/stack/data/venv/lib/python3.12/site-packages/dbcounter.py:115}}
Mar 26 01:07:07.449293 np0000160863 neutron-periodic-workers[104684]: DEBUG oslo.service.backend._threading.loopingcall [None req-1a2b634e-7ec4-48fa-9f9e-d4144ef6fab3 None None] Fixed interval looping call 'neutron.services.ovn_l3.plugin.L3_NAT_dbonly_mixin._clean_garbage' sleeping for 299.99 seconds {{(pid=104684) _run_loop /opt/stack/data/venv/lib/python3.12/site-packages/oslo_service/backend/_threading/loopingcall.py:125}}
Mar 26 01:07:17.440993 np0000160863 neutron-periodic-workers[104684]: DEBUG dbcounter [-] [104684] Writing DB stats neutron:SELECT=1 {{(pid=104684) stat_writer /opt/stack/data/venv/lib/python3.12/site-packages/dbcounter.py:115}}
Mar 26 01:07:17.466179 np0000160863 neutron-periodic-workers[104693]: DEBUG oslo.service.backend._threading.loopingcall [None req-3f7fb441-347f-4b40-b4e9-06ff929e1017 None None] Fixed interval looping call 'neutron.plugins.ml2.plugin.DhcpAgentSchedulerDbMixin.remove_networks_from_down_agents' sleeping for 36.99 seconds {{(pid=104693) _run_loop /opt/stack/data/venv/lib/python3.12/site-packages/oslo_service/backend/_threading/loopingcall.py:125}}
Mar 26 01:07:19.512563 np0000160863 neutron-periodic-workers[104704]: DEBUG neutron.db.agents_db [None req-86954489-0445-4a73-af48-73651cfb3f7b None None] Agent healthcheck: found 0 active agents {{(pid=104704) agent_health_check /opt/stack/neutron/neutron/db/agents_db.py:317}}
Mar 26 01:07:19.512563 np0000160863 neutron-periodic-workers[104704]: DEBUG oslo.service.backend._threading.loopingcall [None req-86954489-0445-4a73-af48-73651cfb3f7b None None] Fixed interval looping call 'neutron.plugins.ml2.plugin.AgentDbMixin.agent_health_check' sleeping for 36.99 seconds {{(pid=104704) _run_loop /opt/stack/data/venv/lib/python3.12/site-packages/oslo_service/backend/_threading/loopingcall.py:125}}
Mar 26 01:07:27.465371 np0000160863 neutron-periodic-workers[104693]: DEBUG dbcounter [-] [104693] Writing DB stats neutron:SELECT=3 {{(pid=104693) stat_writer /opt/stack/data/venv/lib/python3.12/site-packages/dbcounter.py:115}}
Mar 26 01:07:29.510615 np0000160863 neutron-periodic-workers[104704]: DEBUG dbcounter [-] [104704] Writing DB stats neutron:SELECT=1 {{(pid=104704) stat_writer /opt/stack/data/venv/lib/python3.12/site-packages/dbcounter.py:115}}
Mar 26 01:07:46.497337 np0000160863 neutron-periodic-workers[104715]: DEBUG oslo.service.backend._threading.loopingcall [None req-1fb83329-0eed-466d-a2e2-22b6f1a8835d None None] Fixed interval looping call 'neutron.db.quota.driver_nolock.DbQuotaNoLockDriver._remove_expired_reservations' sleeping for 120.00 seconds {{(pid=104715) _run_loop /opt/stack/data/venv/lib/python3.12/site-packages/oslo_service/backend/_threading/loopingcall.py:125}}
Mar 26 01:07:54.463425 np0000160863 neutron-periodic-workers[104693]: DEBUG oslo.service.backend._threading.loopingcall [None req-3f7fb441-347f-4b40-b4e9-06ff929e1017 None None] Fixed interval looping call 'neutron.plugins.ml2.plugin.DhcpAgentSchedulerDbMixin.remove_networks_from_down_agents' sleeping for 36.99 seconds {{(pid=104693) _run_loop /opt/stack/data/venv/lib/python3.12/site-packages/oslo_service/backend/_threading/loopingcall.py:125}}
