2026-05-26 21:58:30.282 8 INFO placement.requestlog [None req-49dce071-6ae2-4f41-9834-736803fb835f 8f1a083f81bd4d8bbbbc290dd64e3762 8d0616f432014370a8eb3b3cae271267 - - fe39cee0b9b54fc690246dc1286ef51b fe39cee0b9b54fc690246dc1286ef51b] 10.0.0.208 "DELETE /resource_providers/9d0f0060-6398-4d7e-a369-8a3728e75d26" status: 404 len: 246 microversion: 1.1 [pid: 8|app: 0|req: 552/1103] 10.0.0.208 () {34 vars in 816 bytes} [Tue May 26 21:58:30 2026] DELETE /resource_providers/9d0f0060-6398-4d7e-a369-8a3728e75d26 => generated 246 bytes in 9 msecs (HTTP/1.1 404) 6 headers in 231 bytes (1 switches on core 0)
2026-05-26 21:58:31.396 8 INFO placement.requestlog [None req-f34618e4-2e4d-4a82-ba54-3db015c5a7ba - - - - - -] 10.0.0.244 "GET /" status: 200 len: 136 microversion: 1.0
2026-05-26 21:58:31.396 7 INFO placement.requestlog [None req-679b6bc0-813c-4770-b7c8-e5ea8ca66f28 - - - - - -] 10.0.0.244 "GET /" status: 200 len: 136 microversion: 1.0
2026-05-26 21:58:35.474 8 INFO placement.requestlog [None req-4c2af17f-46ca-4de2-b585-e181dbcb7135 8f1a083f81bd4d8bbbbc290dd64e3762 8d0616f432014370a8eb3b3cae271267 - - fe39cee0b9b54fc690246dc1286ef51b fe39cee0b9b54fc690246dc1286ef51b] 10.0.0.208 "GET /resource_providers/692087c5-aed3-41af-91cd-e88ca9eee839/aggregates" status: 404 len: 235 microversion: 1.1 [pid: 8|app: 0|req: 554/1106] 10.0.0.208 () {32 vars in 816 bytes} [Tue May 26 21:58:35 2026] GET /resource_providers/692087c5-aed3-41af-91cd-e88ca9eee839/aggregates => generated 235 bytes in 9 msecs (HTTP/1.1 404) 5 headers in 202 bytes (1 switches on core 0)
2026-05-26 21:58:35.475 7 INFO placement.requestlog [None req-43d9ffc9-a0de-42e8-b7d4-a808b8c3ddbd 8f1a083f81bd4d8bbbbc290dd64e3762 8d0616f432014370a8eb3b3cae271267 - - fe39cee0b9b54fc690246dc1286ef51b fe39cee0b9b54fc690246dc1286ef51b] 10.0.0.208 "GET /resource_providers/692087c5-aed3-41af-91cd-e88ca9eee839/aggregates" status: 404 len: 235 microversion: 1.1 [pid: 7|app: 0|req: 553/1107] 10.0.0.208 () {32 vars in 816 bytes} [Tue May 26 21:58:35 2026] GET /resource_providers/692087c5-aed3-41af-91cd-e88ca9eee839/aggregates => generated 235 bytes in 10 msecs (HTTP/1.1 404) 5 headers in 202 bytes (1 switches on core 0)
2026-05-26 21:58:35.497 8 INFO placement.requestlog [None req-2af83a7f-26d8-420a-81eb-ed770ff1b560 8f1a083f81bd4d8bbbbc290dd64e3762 8d0616f432014370a8eb3b3cae271267 - - fe39cee0b9b54fc690246dc1286ef51b fe39cee0b9b54fc690246dc1286ef51b] 10.0.0.208 "DELETE /resource_providers/692087c5-aed3-41af-91cd-e88ca9eee839" status: 404 len: 246 microversion: 1.1 [pid: 8|app: 0|req: 555/1108] 10.0.0.208 () {34 vars in 816 bytes} [Tue May 26 21:58:35 2026] DELETE /resource_providers/692087c5-aed3-41af-91cd-e88ca9eee839 => generated 246 bytes in 10 msecs (HTTP/1.1 404) 6 headers in 231 bytes (1 switches on core 0)
2026-05-26 21:58:35.504 7 INFO placement.requestlog [None req-e30b45b9-86ef-4902-81ba-a21128adedc7 8f1a083f81bd4d8bbbbc290dd64e3762 8d0616f432014370a8eb3b3cae271267 - - fe39cee0b9b54fc690246dc1286ef51b fe39cee0b9b54fc690246dc1286ef51b] 10.0.0.208 "DELETE /resource_providers/692087c5-aed3-41af-91cd-e88ca9eee839" status: 404 len: 246 microversion: 1.1 [pid: 7|app: 0|req: 554/1109] 10.0.0.208 () {34 vars in 816 bytes} [Tue May 26 21:58:35 2026] DELETE /resource_providers/692087c5-aed3-41af-91cd-e88ca9eee839 => generated 246 bytes in 11 msecs (HTTP/1.1 404) 6 headers in 231 bytes (1 switches on core 0)
2026-05-26 21:58:41.396 7 INFO placement.requestlog [None req-7b9232c0-ac86-4f01-b932-f5843fe1d532 - - - - - -] 10.0.0.244 "GET /" status: 200 len: 136 microversion: 1.0
2026-05-26 21:58:41.396 8 INFO placement.requestlog [None req-d12402a7-d138-4acd-b6a5-e5d0af507e1e - - - - - -] 10.0.0.244 "GET /" status: 200 len: 136 microversion: 1.0
2026-05-26 21:58:51.397 7 INFO placement.requestlog [None req-4d5ae8d1-9a04-455c-9ee6-6218e833860d - - - - - -] 10.0.0.244 "GET /" status: 200 len: 136 microversion: 1.0
2026-05-26 21:58:51.398 8 INFO placement.requestlog [None req-f1672c14-7582-4701-9e07-304ec9b28f04 - - - - - -] 10.0.0.244 "GET /" status: 200 len: 136 microversion: 1.0
2026-05-26 21:58:54.302 8 INFO placement.requestlog [None req-b0a2a6f7-08ca-47ce-8aed-71f920341d1a 8f1a083f81bd4d8bbbbc290dd64e3762 8d0616f432014370a8eb3b3cae271267 - - fe39cee0b9b54fc690246dc1286ef51b fe39cee0b9b54fc690246dc1286ef51b] 10.0.0.208 "GET /resource_providers/538b167d-11d1-4a29-878b-676b1423c2ae/aggregates" status: 404 len: 235 microversion: 1.1
2026-05-26 21:58:54.302 7 INFO placement.requestlog [None req-83c8721a-2826-493c-b441-1118fb86f95b 8f1a083f81bd4d8bbbbc290dd64e3762 8d0616f432014370a8eb3b3cae271267 - - fe39cee0b9b54fc690246dc1286ef51b fe39cee0b9b54fc690246dc1286ef51b] 10.0.0.208 "GET /resource_providers/538b167d-11d1-4a29-878b-676b1423c2ae/aggregates" status: 404 len: 235 microversion: 1.1 [pid: 8|app: 0|req: 558/1114] 10.0.0.208 () {32 vars in 816 bytes} [Tue May 26 21:58:54 2026] GET /resource_providers/538b167d-11d1-4a29-878b-676b1423c2ae/aggregates => generated 235 bytes in 9 msecs (HTTP/1.1 404) 5 headers in 202 bytes (1 switches on core 0) [pid: 7|app: 0|req: 557/1115] 10.0.0.208 () {32 vars in 816 bytes} [Tue May 26 21:58:54 2026] GET /resource_providers/538b167d-11d1-4a29-878b-676b1423c2ae/aggregates => generated 235 bytes in 10 msecs (HTTP/1.1 404) 5 headers in 202 bytes (1 switches on core 0)
2026-05-26 21:58:54.324 7 INFO placement.requestlog [None req-b063c833-139e-4f0f-a50c-ed9f64075f15 8f1a083f81bd4d8bbbbc290dd64e3762 8d0616f432014370a8eb3b3cae271267 - - fe39cee0b9b54fc690246dc1286ef51b fe39cee0b9b54fc690246dc1286ef51b] 10.0.0.208 "DELETE /resource_providers/538b167d-11d1-4a29-878b-676b1423c2ae" status: 404 len: 246 microversion: 1.1
2026-05-26 21:58:54.324 8 INFO placement.requestlog [None req-92bbba5e-cffd-420c-9756-bfca7d524e5e 8f1a083f81bd4d8bbbbc290dd64e3762 8d0616f432014370a8eb3b3cae271267 - - fe39cee0b9b54fc690246dc1286ef51b fe39cee0b9b54fc690246dc1286ef51b] 10.0.0.208 "DELETE /resource_providers/538b167d-11d1-4a29-878b-676b1423c2ae" status: 404 len: 246 microversion: 1.1 [pid: 7|app: 0|req: 558/1116] 10.0.0.208 () {34 vars in 816 bytes} [Tue May 26 21:58:54 2026] DELETE /resource_providers/538b167d-11d1-4a29-878b-676b1423c2ae => generated 246 bytes in 7 msecs (HTTP/1.1 404) 6 headers in 231 bytes (1 switches on core 0) [pid: 8|app: 0|req: 559/1117] 10.0.0.208 () {34 vars in 816 bytes} [Tue May 26 21:58:54 2026] DELETE /resource_providers/538b167d-11d1-4a29-878b-676b1423c2ae => generated 246 bytes in 10 msecs (HTTP/1.1 404) 6 headers in 231 bytes (1 switches on core 0)
2026-05-26 21:58:55.041 7 INFO placement.requestlog [None req-a43aca1e-def1-4022-9ce7-aacd801bff64 8f1a083f81bd4d8bbbbc290dd64e3762 8d0616f432014370a8eb3b3cae271267 - - fe39cee0b9b54fc690246dc1286ef51b fe39cee0b9b54fc690246dc1286ef51b] 10.0.0.208 "GET /resource_providers/fd4cece1-a55a-4373-8cf7-4e112f1cf3ac/aggregates" status: 404 len: 235 microversion: 1.1 [pid: 7|app: 0|req: 559/1118] 10.0.0.208 () {32 vars in 816 bytes} [Tue May 26 21:58:55 2026] GET /resource_providers/fd4cece1-a55a-4373-8cf7-4e112f1cf3ac/aggregates => generated 235 bytes in 9 msecs (HTTP/1.1 404) 5 headers in 202 bytes (1 switches on core 0)
2026-05-26 21:58:55.046 8 INFO placement.requestlog [None req-ce0c183b-27be-483d-963d-9e68b797ac41 8f1a083f81bd4d8bbbbc290dd64e3762 8d0616f432014370a8eb3b3cae271267 - - fe39cee0b9b54fc690246dc1286ef51b fe39cee0b9b54fc690246dc1286ef51b] 10.0.0.208 "GET /resource_providers/fd4cece1-a55a-4373-8cf7-4e112f1cf3ac/aggregates" status: 404 len: 235 microversion: 1.1 [pid: 8|app: 0|req: 560/1119] 10.0.0.208 () {32 vars in 816 bytes} [Tue May 26 21:58:55 2026] GET /resource_providers/fd4cece1-a55a-4373-8cf7-4e112f1cf3ac/aggregates => generated 235 bytes in 10 msecs (HTTP/1.1 404) 5 headers in 202 bytes (1 switches on core 0)
2026-05-26 21:58:55.062 7 INFO placement.requestlog [None req-0b24209d-1ecb-46bf-82ec-630b490dc4e0 8f1a083f81bd4d8bbbbc290dd64e3762 8d0616f432014370a8eb3b3cae271267 - - fe39cee0b9b54fc690246dc1286ef51b fe39cee0b9b54fc690246dc1286ef51b] 10.0.0.208 "DELETE /resource_providers/fd4cece1-a55a-4373-8cf7-4e112f1cf3ac" status: 404 len: 246 microversion: 1.1 [pid: 7|app: 0|req: 560/1120] 10.0.0.208 () {34 vars in 816 bytes} [Tue May 26 21:58:55 2026] DELETE /resource_providers/fd4cece1-a55a-4373-8cf7-4e112f1cf3ac => generated 246 bytes in 7 msecs (HTTP/1.1 404) 6 headers in 231 bytes (1 switches on core 0)
2026-05-26 21:58:55.066 8 INFO placement.requestlog [None req-2e0d217f-9f9a-49d0-a5f0-3b6e99b24f92 8f1a083f81bd4d8bbbbc290dd64e3762 8d0616f432014370a8eb3b3cae271267 - - fe39cee0b9b54fc690246dc1286ef51b fe39cee0b9b54fc690246dc1286ef51b] 10.0.0.208 "DELETE /resource_providers/fd4cece1-a55a-4373-8cf7-4e112f1cf3ac" status: 404 len: 246 microversion: 1.1 [pid: 8|app: 0|req: 561/1121] 10.0.0.208 () {34 vars in 816 bytes} [Tue May 26 21:58:55 2026] DELETE /resource_providers/fd4cece1-a55a-4373-8cf7-4e112f1cf3ac => generated 246 bytes in 9 msecs (HTTP/1.1 404) 6 headers in 231 bytes (1 switches on core 0)
2026-05-26 21:58:55.589 7 INFO placement.requestlog [req-5793cb83-25a5-4f11-ae77-0b88a7c84663 req-b5be9aa8-0fe2-4a07-94ca-d6f533928cc3 5e78184c414d48298cf3d2aa2e15c2fc 8d0616f432014370a8eb3b3cae271267 - - fe39cee0b9b54fc690246dc1286ef51b fe39cee0b9b54fc690246dc1286ef51b] 10.0.0.23 "GET /allocation_candidates?limit=1000&resources=DISK_GB%3A1%2CMEMORY_MB%3A512%2CVCPU%3A1&root_required=%21COMPUTE_STATUS_DISABLED" status: 200 len: 2781 microversion: 1.36 [pid: 7|app: 0|req: 561/1122] 10.0.0.23 () {34 vars in 1011 bytes} [Tue May 26 21:58:55 2026] GET /allocation_candidates?limit=1000&resources=DISK_GB%3A1%2CMEMORY_MB%3A512%2CVCPU%3A1&root_required=%21COMPUTE_STATUS_DISABLED => generated 2781 bytes in 49 msecs (HTTP/1.1 200) 8 headers in 297 bytes (1 switches on core 0)
2026-05-26 21:58:55.620 8 INFO placement.requestlog [req-5793cb83-25a5-4f11-ae77-0b88a7c84663 req-92417f1b-60e5-4737-a5d7-8bf2e6fc3f84 5e78184c414d48298cf3d2aa2e15c2fc 8d0616f432014370a8eb3b3cae271267 - - fe39cee0b9b54fc690246dc1286ef51b fe39cee0b9b54fc690246dc1286ef51b] 10.0.0.23 "GET /allocations/bb8d22bf-d7dc-4dea-9ac9-e27a653885a8" status: 200 len: 19 microversion: 1.28 [pid: 8|app: 0|req: 562/1123] 10.0.0.23 () {34 vars in 860 bytes} [Tue May 26 21:58:55 2026] GET /allocations/bb8d22bf-d7dc-4dea-9ac9-e27a653885a8 => generated 19 bytes in 11 msecs (HTTP/1.1 200) 8 headers in 295 bytes (1 switches on core 0)
2026-05-26 21:58:55.896 7 INFO placement.requestlog [req-5793cb83-25a5-4f11-ae77-0b88a7c84663 req-82d67f5b-6e29-449b-9d9a-83a8f2fe9dae 5e78184c414d48298cf3d2aa2e15c2fc 8d0616f432014370a8eb3b3cae271267 - - fe39cee0b9b54fc690246dc1286ef51b fe39cee0b9b54fc690246dc1286ef51b] 10.0.0.23 "PUT /allocations/bb8d22bf-d7dc-4dea-9ac9-e27a653885a8" status: 204 len: 0 microversion: 1.36 [pid: 7|app: 0|req: 562/1124] 10.0.0.23 () {38 vars in 913 bytes} [Tue May 26 21:58:55 2026] PUT /allocations/bb8d22bf-d7dc-4dea-9ac9-e27a653885a8 => generated 0 bytes in 262 msecs (HTTP/1.1 204) 5 headers in 199 bytes (1 switches on core 0)
2026-05-26 21:58:57.364 8 INFO placement.requestlog [req-5793cb83-25a5-4f11-ae77-0b88a7c84663 req-ab272f42-4069-40d6-8297-84ada10eb8de 5e78184c414d48298cf3d2aa2e15c2fc 8d0616f432014370a8eb3b3cae271267 - - fe39cee0b9b54fc690246dc1286ef51b fe39cee0b9b54fc690246dc1286ef51b] 162.253.55.186 "GET /allocations/bb8d22bf-d7dc-4dea-9ac9-e27a653885a8" status: 200 len: 258 microversion: 1.28 [pid: 8|app: 0|req: 563/1125] 162.253.55.186 () {34 vars in 863 bytes} [Tue May 26 21:58:57 2026] GET /allocations/bb8d22bf-d7dc-4dea-9ac9-e27a653885a8 => generated 258 bytes in 13 msecs (HTTP/1.1 200) 8 headers in 296 bytes (1 switches on core 0)
2026-05-26 21:58:58.403 7 INFO placement.requestlog [req-5793cb83-25a5-4f11-ae77-0b88a7c84663 req-1a50a789-3e50-4fd4-ba2e-8eedb1547af9 5e78184c414d48298cf3d2aa2e15c2fc 8d0616f432014370a8eb3b3cae271267 - - fe39cee0b9b54fc690246dc1286ef51b fe39cee0b9b54fc690246dc1286ef51b] 162.253.55.186 "GET /resource_providers/e236b61a-579a-41a7-9fdf-72dc76d39aff/allocations" status: 200 len: 153 microversion: 1.0 [pid: 7|app: 0|req: 563/1126] 162.253.55.186 () {32 vars in 857 bytes} [Tue May 26 21:58:58 2026] GET /resource_providers/e236b61a-579a-41a7-9fdf-72dc76d39aff/allocations => generated 153 bytes in 16 msecs (HTTP/1.1 200) 6 headers in 224 bytes (1 switches on core 0)
2026-05-26 21:58:58.419 8 INFO placement.requestlog [req-5793cb83-25a5-4f11-ae77-0b88a7c84663 req-20d9aa10-4370-4628-9db2-7a74aa01b0d2 5e78184c414d48298cf3d2aa2e15c2fc 8d0616f432014370a8eb3b3cae271267 - - fe39cee0b9b54fc690246dc1286ef51b fe39cee0b9b54fc690246dc1286ef51b] 162.253.55.186 "GET /allocations/bb8d22bf-d7dc-4dea-9ac9-e27a653885a8" status: 200 len: 258 microversion: 1.28 [pid: 8|app: 0|req: 564/1127] 162.253.55.186 () {34 vars in 863 bytes} [Tue May 26 21:58:58 2026] GET /allocations/bb8d22bf-d7dc-4dea-9ac9-e27a653885a8 => generated 258 bytes in 10 msecs (HTTP/1.1 200) 8 headers in 296 bytes (1 switches on core 0)
2026-05-26 21:59:01.396 7 INFO placement.requestlog [None req-b32eb16a-bf47-4b58-9b02-d8131ee51596 - - - - - -] 10.0.0.244 "GET /" status: 200 len: 136 microversion: 1.0
2026-05-26 21:59:01.396 8 INFO placement.requestlog [None req-4bb0b85c-edc7-4ae2-b2d4-8c5a8a254375 - - - - - -] 10.0.0.244 "GET /" status: 200 len: 136 microversion: 1.0
2026-05-26 21:59:01.538 8 INFO placement.requestlog [None req-edbb7d9a-b3bc-4edf-a81e-68be3d5464d8 8f1a083f81bd4d8bbbbc290dd64e3762 8d0616f432014370a8eb3b3cae271267 - - fe39cee0b9b54fc690246dc1286ef51b fe39cee0b9b54fc690246dc1286ef51b] 10.0.0.208 "GET /resource_providers/871c833b-6942-426a-8190-caf28d627d43/aggregates" status: 404 len: 235 microversion: 1.1 [pid: 8|app: 0|req: 566/1130] 10.0.0.208 () {32 vars in 816 bytes} [Tue May 26 21:59:01 2026] GET /resource_providers/871c833b-6942-426a-8190-caf28d627d43/aggregates => generated 235 bytes in 10 msecs (HTTP/1.1 404) 5 headers in 202 bytes (1 switches on core 0)
2026-05-26 21:59:01.542 7 INFO placement.requestlog [None req-26707eef-a0db-4972-bacc-83346324e1e8 8f1a083f81bd4d8bbbbc290dd64e3762 8d0616f432014370a8eb3b3cae271267 - - fe39cee0b9b54fc690246dc1286ef51b fe39cee0b9b54fc690246dc1286ef51b] 10.0.0.208 "GET /resource_providers/871c833b-6942-426a-8190-caf28d627d43/aggregates" status: 404 len: 235 microversion: 1.1 [pid: 7|app: 0|req: 565/1131] 10.0.0.208 () {32 vars in 816 bytes} [Tue May 26 21:59:01 2026] GET /resource_providers/871c833b-6942-426a-8190-caf28d627d43/aggregates => generated 235 bytes in 11 msecs (HTTP/1.1 404) 5 headers in 202 bytes (1 switches on core 0)
2026-05-26 21:59:01.558 8 INFO placement.requestlog [None req-5a1c1ed3-e42e-467f-b9fd-d15d4a76d6a4 8f1a083f81bd4d8bbbbc290dd64e3762 8d0616f432014370a8eb3b3cae271267 - - fe39cee0b9b54fc690246dc1286ef51b fe39cee0b9b54fc690246dc1286ef51b] 10.0.0.208 "DELETE /resource_providers/871c833b-6942-426a-8190-caf28d627d43" status: 404 len: 246 microversion: 1.1 [pid: 8|app: 0|req: 567/1132] 10.0.0.208 () {34 vars in 816 bytes} [Tue May 26 21:59:01 2026] DELETE /resource_providers/871c833b-6942-426a-8190-caf28d627d43 => generated 246 bytes in 7 msecs (HTTP/1.1 404) 6 headers in 231 bytes (1 switches on core 0)
2026-05-26 21:59:01.559 7 INFO placement.requestlog [None req-53114656-7c0e-4bd4-bfae-11766fdaa197 8f1a083f81bd4d8bbbbc290dd64e3762 8d0616f432014370a8eb3b3cae271267 - - fe39cee0b9b54fc690246dc1286ef51b fe39cee0b9b54fc690246dc1286ef51b] 10.0.0.208 "DELETE /resource_providers/871c833b-6942-426a-8190-caf28d627d43" status: 404 len: 246 microversion: 1.1 [pid: 7|app: 0|req: 566/1133] 10.0.0.208 () {34 vars in 816 bytes} [Tue May 26 21:59:01 2026] DELETE /resource_providers/871c833b-6942-426a-8190-caf28d627d43 => generated 246 bytes in 8 msecs (HTTP/1.1 404) 6 headers in 231 bytes (1 switches on core 0)
2026-05-26 21:59:03.577 7 INFO placement.requestlog [None req-bb86c4b1-505e-431a-9cd4-41332be4f7f3 8f1a083f81bd4d8bbbbc290dd64e3762 8d0616f432014370a8eb3b3cae271267 - - fe39cee0b9b54fc690246dc1286ef51b fe39cee0b9b54fc690246dc1286ef51b] 10.0.0.208 "GET /resource_providers/71c09762-17d0-4be5-a22b-5b3944eeba31/aggregates" status: 404 len: 235 microversion: 1.1 [pid: 7|app: 0|req: 567/1134] 10.0.0.208 () {32 vars in 816 bytes} [Tue May 26 21:59:03 2026] GET /resource_providers/71c09762-17d0-4be5-a22b-5b3944eeba31/aggregates => generated 235 bytes in 8 msecs (HTTP/1.1 404) 5 headers in 202 bytes (1 switches on core 0)
2026-05-26 21:59:03.583 8 INFO placement.requestlog [None req-75646089-f741-4f7c-ae16-36902b1a1d9d 8f1a083f81bd4d8bbbbc290dd64e3762 8d0616f432014370a8eb3b3cae271267 - - fe39cee0b9b54fc690246dc1286ef51b fe39cee0b9b54fc690246dc1286ef51b] 10.0.0.208 "GET /resource_providers/71c09762-17d0-4be5-a22b-5b3944eeba31/aggregates" status: 404 len: 235 microversion: 1.1 [pid: 8|app: 0|req: 568/1135] 10.0.0.208 () {32 vars in 816 bytes} [Tue May 26 21:59:03 2026] GET /resource_providers/71c09762-17d0-4be5-a22b-5b3944eeba31/aggregates => generated 235 bytes in 17 msecs (HTTP/1.1 404) 5 headers in 202 bytes (1 switches on core 0)
2026-05-26 21:59:03.592 7 INFO placement.requestlog [None req-97c148d8-45ba-4955-8407-a0243fd3ae8f 8f1a083f81bd4d8bbbbc290dd64e3762 8d0616f432014370a8eb3b3cae271267 - - fe39cee0b9b54fc690246dc1286ef51b fe39cee0b9b54fc690246dc1286ef51b] 10.0.0.208 "DELETE /resource_providers/71c09762-17d0-4be5-a22b-5b3944eeba31" status: 404 len: 246 microversion: 1.1 [pid: 7|app: 0|req: 568/1136] 10.0.0.208 () {34 vars in 816 bytes} [Tue May 26 21:59:03 2026] DELETE /resource_providers/71c09762-17d0-4be5-a22b-5b3944eeba31 => generated 246 bytes in 6 msecs (HTTP/1.1 404) 6 headers in 231 bytes (1 switches on core 0)
2026-05-26 21:59:03.613 8 INFO placement.requestlog [None req-4c534b64-07c3-41f7-a0e8-c52719bcee9e 8f1a083f81bd4d8bbbbc290dd64e3762 8d0616f432014370a8eb3b3cae271267 - - fe39cee0b9b54fc690246dc1286ef51b fe39cee0b9b54fc690246dc1286ef51b] 10.0.0.208 "DELETE /resource_providers/71c09762-17d0-4be5-a22b-5b3944eeba31" status: 404 len: 246 microversion: 1.1 [pid: 8|app: 0|req: 569/1137] 10.0.0.208 () {34 vars in 816 bytes} [Tue May 26 21:59:03 2026] DELETE /resource_providers/71c09762-17d0-4be5-a22b-5b3944eeba31 => generated 246 bytes in 17 msecs (HTTP/1.1 404) 6 headers in 231 bytes (1 switches on core 0)
2026-05-26 21:59:05.674 7 INFO placement.requestlog [None req-6689fd39-21e7-466f-aa86-4190d4a3566c 8f1a083f81bd4d8bbbbc290dd64e3762 8d0616f432014370a8eb3b3cae271267 - - fe39cee0b9b54fc690246dc1286ef51b fe39cee0b9b54fc690246dc1286ef51b] 10.0.0.208 "GET /resource_providers/952862a5-bdd1-415a-8c01-ae8d4a7645c9/aggregates" status: 404 len: 235 microversion: 1.1 [pid: 7|app: 0|req: 569/1138] 10.0.0.208 () {32 vars in 816 bytes} [Tue May 26 21:59:05 2026] GET /resource_providers/952862a5-bdd1-415a-8c01-ae8d4a7645c9/aggregates => generated 235 bytes in 10 msecs (HTTP/1.1 404) 5 headers in 202 bytes (1 switches on core 0)
2026-05-26 21:59:05.674 8 INFO placement.requestlog [None req-2bf84ee7-8542-4969-8c17-fc9d7543ab95 8f1a083f81bd4d8bbbbc290dd64e3762 8d0616f432014370a8eb3b3cae271267 - - fe39cee0b9b54fc690246dc1286ef51b fe39cee0b9b54fc690246dc1286ef51b] 10.0.0.208 "GET /resource_providers/952862a5-bdd1-415a-8c01-ae8d4a7645c9/aggregates" status: 404 len: 235 microversion: 1.1 [pid: 8|app: 0|req: 570/1139] 10.0.0.208 () {32 vars in 816 bytes} [Tue May 26 21:59:05 2026] GET /resource_providers/952862a5-bdd1-415a-8c01-ae8d4a7645c9/aggregates => generated 235 bytes in 10 msecs (HTTP/1.1 404) 5 headers in 202 bytes (1 switches on core 0)
2026-05-26 21:59:05.690 8 INFO placement.requestlog [None req-6818d8f3-1130-4baf-88c5-cfc78595e9ec 8f1a083f81bd4d8bbbbc290dd64e3762 8d0616f432014370a8eb3b3cae271267 - - fe39cee0b9b54fc690246dc1286ef51b fe39cee0b9b54fc690246dc1286ef51b] 10.0.0.208 "DELETE /resource_providers/952862a5-bdd1-415a-8c01-ae8d4a7645c9" status: 404 len: 246 microversion: 1.1 [pid: 8|app: 0|req: 571/1140] 10.0.0.208 () {34 vars in 816 bytes} [Tue May 26 21:59:05 2026] DELETE /resource_providers/952862a5-bdd1-415a-8c01-ae8d4a7645c9 => generated 246 bytes in 5 msecs (HTTP/1.1 404) 6 headers in 231 bytes (1 switches on core 0)
2026-05-26 21:59:05.692 7 INFO placement.requestlog [None req-edb3d1fd-3965-48e7-8926-0afb8c52f41d 8f1a083f81bd4d8bbbbc290dd64e3762 8d0616f432014370a8eb3b3cae271267 - - fe39cee0b9b54fc690246dc1286ef51b fe39cee0b9b54fc690246dc1286ef51b] 10.0.0.208 "DELETE /resource_providers/952862a5-bdd1-415a-8c01-ae8d4a7645c9" status: 404 len: 246 microversion: 1.1 [pid: 7|app: 0|req: 570/1141] 10.0.0.208 () {34 vars in 816 bytes} [Tue May 26 21:59:05 2026] DELETE /resource_providers/952862a5-bdd1-415a-8c01-ae8d4a7645c9 => generated 246 bytes in 8 msecs (HTTP/1.1 404) 6 headers in 231 bytes (1 switches on core 0)
2026-05-26 21:59:10.390 8 INFO placement.requestlog [None req-ebc9612b-2d85-464f-98f0-90d4253f12c9 8f1a083f81bd4d8bbbbc290dd64e3762 8d0616f432014370a8eb3b3cae271267 - - fe39cee0b9b54fc690246dc1286ef51b fe39cee0b9b54fc690246dc1286ef51b] 10.0.0.208 "GET /resource_providers/336214f7-b5a1-44e0-81c9-59a493fff80d/aggregates" status: 404 len: 235 microversion: 1.1 [pid: 8|app: 0|req: 572/1142] 10.0.0.208 () {32 vars in 816 bytes} [Tue May 26 21:59:10 2026] GET /resource_providers/336214f7-b5a1-44e0-81c9-59a493fff80d/aggregates => generated 235 bytes in 8 msecs (HTTP/1.1 404) 5 headers in 202 bytes (1 switches on core 0)
2026-05-26 21:59:10.401 7 INFO placement.requestlog [None req-58bb7daf-8d57-48d5-8f5d-6dc15ab5108f 8f1a083f81bd4d8bbbbc290dd64e3762 8d0616f432014370a8eb3b3cae271267 - - fe39cee0b9b54fc690246dc1286ef51b fe39cee0b9b54fc690246dc1286ef51b] 10.0.0.208 "GET /resource_providers/336214f7-b5a1-44e0-81c9-59a493fff80d/aggregates" status: 404 len: 235 microversion: 1.1 [pid: 7|app: 0|req: 571/1143] 10.0.0.208 () {32 vars in 816 bytes} [Tue May 26 21:59:10 2026] GET /resource_providers/336214f7-b5a1-44e0-81c9-59a493fff80d/aggregates => generated 235 bytes in 13 msecs (HTTP/1.1 404) 5 headers in 202 bytes (1 switches on core 0)
2026-05-26 21:59:10.414 8 INFO placement.requestlog [None req-0329ab5e-ccdf-454a-8756-a6171aa6a188 8f1a083f81bd4d8bbbbc290dd64e3762 8d0616f432014370a8eb3b3cae271267 - - fe39cee0b9b54fc690246dc1286ef51b fe39cee0b9b54fc690246dc1286ef51b] 10.0.0.208 "DELETE /resource_providers/336214f7-b5a1-44e0-81c9-59a493fff80d" status: 404 len: 246 microversion: 1.1 [pid: 8|app: 0|req: 573/1144] 10.0.0.208 () {34 vars in 816 bytes} [Tue May 26 21:59:10 2026] DELETE /resource_providers/336214f7-b5a1-44e0-81c9-59a493fff80d => generated 246 bytes in 10 msecs (HTTP/1.1 404) 6 headers in 231 bytes (1 switches on core 0)
2026-05-26 21:59:10.418 7 INFO placement.requestlog [None req-8fe98519-5438-40b2-aee7-9b41fb00f30c 8f1a083f81bd4d8bbbbc290dd64e3762 8d0616f432014370a8eb3b3cae271267 - - fe39cee0b9b54fc690246dc1286ef51b fe39cee0b9b54fc690246dc1286ef51b] 10.0.0.208 "DELETE /resource_providers/336214f7-b5a1-44e0-81c9-59a493fff80d" status: 404 len: 246 microversion: 1.1 [pid: 7|app: 0|req: 572/1145] 10.0.0.208 () {34 vars in 816 bytes} [Tue May 26 21:59:10 2026] DELETE /resource_providers/336214f7-b5a1-44e0-81c9-59a493fff80d => generated 246 bytes in 9 msecs (HTTP/1.1 404) 6 headers in 231 bytes (1 switches on core 0)
2026-05-26 21:59:11.396 8 INFO placement.requestlog [None req-98db1a4c-1d02-4bd3-bd44-285daf7cd1e8 - - - - - -] 10.0.0.244 "GET /" status: 200 len: 136 microversion: 1.0
2026-05-26 21:59:11.397 7 INFO placement.requestlog [None req-9e742558-f77b-4b1a-b487-bf4269c7e71a - - - - - -] 10.0.0.244 "GET /" status: 200 len: 136 microversion: 1.0
2026-05-26 21:59:12.442 7 INFO placement.requestlog [None req-389c73bf-9395-424d-ad27-96c37f7025c3 8f1a083f81bd4d8bbbbc290dd64e3762 8d0616f432014370a8eb3b3cae271267 - - fe39cee0b9b54fc690246dc1286ef51b fe39cee0b9b54fc690246dc1286ef51b] 10.0.0.208 "GET /resource_providers/2b21f96a-ae16-45ae-b677-76f7104ab4b0/aggregates" status: 404 len: 235 microversion: 1.1 [pid: 7|app: 0|req: 574/1148] 10.0.0.208 () {32 vars in 816 bytes} [Tue May 26 21:59:12 2026] GET /resource_providers/2b21f96a-ae16-45ae-b677-76f7104ab4b0/aggregates => generated 235 bytes in 13 msecs (HTTP/1.1 404) 5 headers in 202 bytes (1 switches on core 0)
2026-05-26 21:59:12.444 8 INFO placement.requestlog [None req-bfad2912-2fcd-4fc4-b696-2fea8ba71ca1 8f1a083f81bd4d8bbbbc290dd64e3762 8d0616f432014370a8eb3b3cae271267 - - fe39cee0b9b54fc690246dc1286ef51b fe39cee0b9b54fc690246dc1286ef51b] 10.0.0.208 "GET /resource_providers/2b21f96a-ae16-45ae-b677-76f7104ab4b0/aggregates" status: 404 len: 235 microversion: 1.1 [pid: 8|app: 0|req: 575/1149] 10.0.0.208 () {32 vars in 816 bytes} [Tue May 26 21:59:12 2026] GET /resource_providers/2b21f96a-ae16-45ae-b677-76f7104ab4b0/aggregates => generated 235 bytes in 15 msecs (HTTP/1.1 404) 5 headers in 202 bytes (1 switches on core 0)
2026-05-26 21:59:12.463 7 INFO placement.requestlog [None req-d03dd961-deac-42c8-aaf9-eac00c14ebc4 8f1a083f81bd4d8bbbbc290dd64e3762 8d0616f432014370a8eb3b3cae271267 - - fe39cee0b9b54fc690246dc1286ef51b fe39cee0b9b54fc690246dc1286ef51b] 10.0.0.208 "DELETE /resource_providers/2b21f96a-ae16-45ae-b677-76f7104ab4b0" status: 404 len: 246 microversion: 1.1 [pid: 7|app: 0|req: 575/1150] 10.0.0.208 () {34 vars in 816 bytes} [Tue May 26 21:59:12 2026] DELETE /resource_providers/2b21f96a-ae16-45ae-b677-76f7104ab4b0 => generated 246 bytes in 7 msecs (HTTP/1.1 404) 6 headers in 231 bytes (1 switches on core 0)
2026-05-26 21:59:12.474 8 INFO placement.requestlog [None req-7484448b-7026-4360-8be0-e6e6fb55df91 8f1a083f81bd4d8bbbbc290dd64e3762 8d0616f432014370a8eb3b3cae271267 - - fe39cee0b9b54fc690246dc1286ef51b fe39cee0b9b54fc690246dc1286ef51b] 10.0.0.208 "DELETE /resource_providers/2b21f96a-ae16-45ae-b677-76f7104ab4b0" status: 404 len: 246 microversion: 1.1 [pid: 8|app: 0|req: 576/1151] 10.0.0.208 () {34 vars in 816 bytes} [Tue May 26 21:59:12 2026] DELETE /resource_providers/2b21f96a-ae16-45ae-b677-76f7104ab4b0 => generated 246 bytes in 15 msecs (HTTP/1.1 404) 6 headers in 231 bytes (1 switches on core 0)
2026-05-26 21:59:13.497 7 INFO placement.requestlog [req-48d3cd04-fbf1-4aab-96c7-52542575fc38 req-4ea771e8-d2c2-4709-aca7-b8af3fa41257 5e78184c414d48298cf3d2aa2e15c2fc 8d0616f432014370a8eb3b3cae271267 - - fe39cee0b9b54fc690246dc1286ef51b fe39cee0b9b54fc690246dc1286ef51b] 162.253.55.186 "GET /resource_providers/e236b61a-579a-41a7-9fdf-72dc76d39aff/allocations" status: 200 len: 153 microversion: 1.0 [pid: 7|app: 0|req: 576/1152] 162.253.55.186 () {32 vars in 857 bytes} [Tue May 26 21:59:13 2026] GET /resource_providers/e236b61a-579a-41a7-9fdf-72dc76d39aff/allocations => generated 153 bytes in 196 msecs (HTTP/1.1 200) 6 headers in 224 bytes (1 switches on core 0)
2026-05-26 21:59:13.527 8 INFO placement.requestlog [req-48d3cd04-fbf1-4aab-96c7-52542575fc38 req-d98a629a-9e4d-4eda-b21b-b48569f54c50 5e78184c414d48298cf3d2aa2e15c2fc 8d0616f432014370a8eb3b3cae271267 - - fe39cee0b9b54fc690246dc1286ef51b fe39cee0b9b54fc690246dc1286ef51b] 162.253.55.186 "GET /resource_providers?in_tree=e236b61a-579a-41a7-9fdf-72dc76d39aff" status: 200 len: 798 microversion: 1.14 [pid: 8|app: 0|req: 577/1153] 162.253.55.186 () {34 vars in 892 bytes} [Tue May 26 21:59:13 2026] GET /resource_providers?in_tree=e236b61a-579a-41a7-9fdf-72dc76d39aff => generated 798 bytes in 24 msecs (HTTP/1.1 200) 6 headers in 225 bytes (1 switches on core 0)
2026-05-26 21:59:13.550 7 INFO placement.requestlog [req-48d3cd04-fbf1-4aab-96c7-52542575fc38 req-285bab13-4efc-46e6-b095-ca5b2b7bb7d8 5e78184c414d48298cf3d2aa2e15c2fc 8d0616f432014370a8eb3b3cae271267 - - fe39cee0b9b54fc690246dc1286ef51b fe39cee0b9b54fc690246dc1286ef51b] 162.253.55.186 "GET /resource_providers/e236b61a-579a-41a7-9fdf-72dc76d39aff/inventories" status: 200 len: 401 microversion: 1.0 [pid: 7|app: 0|req: 577/1154] 162.253.55.186 () {32 vars in 857 bytes} [Tue May 26 21:59:13 2026] GET /resource_providers/e236b61a-579a-41a7-9fdf-72dc76d39aff/inventories => generated 401 bytes in 18 msecs (HTTP/1.1 200) 6 headers in 224 bytes (1 switches on core 0)
2026-05-26 21:59:13.567 8 INFO placement.requestlog [req-48d3cd04-fbf1-4aab-96c7-52542575fc38 req-22015f55-4ea3-40a6-a0f5-f1b88bf70615 5e78184c414d48298cf3d2aa2e15c2fc 8d0616f432014370a8eb3b3cae271267 - - fe39cee0b9b54fc690246dc1286ef51b fe39cee0b9b54fc690246dc1286ef51b] 162.253.55.186 "GET /resource_providers/e236b61a-579a-41a7-9fdf-72dc76d39aff/aggregates" status: 200 len: 54 microversion: 1.19 [pid: 8|app: 0|req: 578/1155] 162.253.55.186 () {34 vars in 899 bytes} [Tue May 26 21:59:13 2026] GET /resource_providers/e236b61a-579a-41a7-9fdf-72dc76d39aff/aggregates => generated 54 bytes in 14 msecs (HTTP/1.1 200) 8 headers in 295 bytes (1 switches on core 0)
2026-05-26 21:59:13.597 7 INFO placement.requestlog [req-48d3cd04-fbf1-4aab-96c7-52542575fc38 req-e63ff225-4a89-4394-b781-96b081c2eea3 5e78184c414d48298cf3d2aa2e15c2fc 8d0616f432014370a8eb3b3cae271267 - - fe39cee0b9b54fc690246dc1286ef51b fe39cee0b9b54fc690246dc1286ef51b] 162.253.55.186 "GET /resource_providers/e236b61a-579a-41a7-9fdf-72dc76d39aff/traits" status: 200 len: 2317 microversion: 1.6 [pid: 7|app: 0|req: 578/1156] 162.253.55.186 () {34 vars in 890 bytes} [Tue May 26 21:59:13 2026] GET /resource_providers/e236b61a-579a-41a7-9fdf-72dc76d39aff/traits => generated 2317 bytes in 25 msecs (HTTP/1.1 200) 6 headers in 225 bytes (1 switches on core 0)
2026-05-26 21:59:13.623 8 INFO placement.requestlog [req-48d3cd04-fbf1-4aab-96c7-52542575fc38 req-19843aa8-f66a-4c7c-8755-3edf11fab149 5e78184c414d48298cf3d2aa2e15c2fc 8d0616f432014370a8eb3b3cae271267 - - fe39cee0b9b54fc690246dc1286ef51b fe39cee0b9b54fc690246dc1286ef51b] 162.253.55.186 "GET /resource_providers/e236b61a-579a-41a7-9fdf-72dc76d39aff/allocations" status: 200 len: 153 microversion: 1.0 [pid: 8|app: 0|req: 579/1157] 162.253.55.186 () {32 vars in 857 bytes} [Tue May 26 21:59:13 2026] GET /resource_providers/e236b61a-579a-41a7-9fdf-72dc76d39aff/allocations => generated 153 bytes in 18 msecs (HTTP/1.1 200) 6 headers in 224 bytes (1 switches on core 0)
2026-05-26 21:59:13.639 7 INFO placement.requestlog [req-48d3cd04-fbf1-4aab-96c7-52542575fc38 req-2d2a7745-8f15-41b3-bdac-82795fcf163a 5e78184c414d48298cf3d2aa2e15c2fc 8d0616f432014370a8eb3b3cae271267 - - fe39cee0b9b54fc690246dc1286ef51b fe39cee0b9b54fc690246dc1286ef51b] 162.253.55.186 "GET /allocations/bb8d22bf-d7dc-4dea-9ac9-e27a653885a8" status: 200 len: 258 microversion: 1.28 [pid: 7|app: 0|req: 579/1158] 162.253.55.186 () {34 vars in 863 bytes} [Tue May 26 21:59:13 2026] GET /allocations/bb8d22bf-d7dc-4dea-9ac9-e27a653885a8 => generated 258 bytes in 12 msecs (HTTP/1.1 200) 8 headers in 296 bytes (1 switches on core 0)
2026-05-26 21:59:21.396 8 INFO placement.requestlog [None req-ed0b2b18-c3d0-4a7d-832d-f1299a7cff04 - - - - - -] 10.0.0.244 "GET /" status: 200 len: 136 microversion: 1.0
2026-05-26 21:59:21.396 7 INFO placement.requestlog [None req-d598e8bd-affa-4bf4-96cf-86844f998006 - - - - - -] 10.0.0.244 "GET /" status: 200 len: 136 microversion: 1.0
2026-05-26 21:59:25.873 7 INFO placement.requestlog [None req-6ca627e1-f69b-4f83-b64c-acd96cf3ec02 8f1a083f81bd4d8bbbbc290dd64e3762 8d0616f432014370a8eb3b3cae271267 - - fe39cee0b9b54fc690246dc1286ef51b fe39cee0b9b54fc690246dc1286ef51b] 10.0.0.208 "GET /resource_providers/fb536c61-8bf9-4aa3-ba20-1d8586ae2041/aggregates" status: 404 len: 235 microversion: 1.1 [pid: 7|app: 0|req: 581/1161] 10.0.0.208 () {32 vars in 816 bytes} [Tue May 26 21:59:25 2026] GET /resource_providers/fb536c61-8bf9-4aa3-ba20-1d8586ae2041/aggregates => generated 235 bytes in 9 msecs (HTTP/1.1 404) 5 headers in 202 bytes (1 switches on core 0)
2026-05-26 21:59:25.876 8 INFO placement.requestlog [None req-faeba110-313f-4641-8562-dda8f2aab0dd 8f1a083f81bd4d8bbbbc290dd64e3762 8d0616f432014370a8eb3b3cae271267 - - fe39cee0b9b54fc690246dc1286ef51b fe39cee0b9b54fc690246dc1286ef51b] 10.0.0.208 "GET /resource_providers/fb536c61-8bf9-4aa3-ba20-1d8586ae2041/aggregates" status: 404 len: 235 microversion: 1.1 [pid: 8|app: 0|req: 581/1162] 10.0.0.208 () {32 vars in 816 bytes} [Tue May 26 21:59:25 2026] GET /resource_providers/fb536c61-8bf9-4aa3-ba20-1d8586ae2041/aggregates => generated 235 bytes in 8 msecs (HTTP/1.1 404) 5 headers in 202 bytes (1 switches on core 0)
2026-05-26 21:59:25.897 7 INFO placement.requestlog [None req-7410dc0c-b10c-4d01-af34-aee28e058b0b 8f1a083f81bd4d8bbbbc290dd64e3762 8d0616f432014370a8eb3b3cae271267 - - fe39cee0b9b54fc690246dc1286ef51b fe39cee0b9b54fc690246dc1286ef51b] 10.0.0.208 "DELETE /resource_providers/fb536c61-8bf9-4aa3-ba20-1d8586ae2041" status: 404 len: 246 microversion: 1.1 [pid: 7|app: 0|req: 582/1163] 10.0.0.208 () {34 vars in 816 bytes} [Tue May 26 21:59:25 2026] DELETE /resource_providers/fb536c61-8bf9-4aa3-ba20-1d8586ae2041 => generated 246 bytes in 13 msecs (HTTP/1.1 404) 6 headers in 231 bytes (1 switches on core 0)
2026-05-26 21:59:25.897 8 INFO placement.requestlog [None req-9fe5adc9-9785-4d37-b672-f37b8f581bb5 8f1a083f81bd4d8bbbbc290dd64e3762 8d0616f432014370a8eb3b3cae271267 - - fe39cee0b9b54fc690246dc1286ef51b fe39cee0b9b54fc690246dc1286ef51b] 10.0.0.208 "DELETE /resource_providers/fb536c61-8bf9-4aa3-ba20-1d8586ae2041" status: 404 len: 246 microversion: 1.1 [pid: 8|app: 0|req: 582/1164] 10.0.0.208 () {34 vars in 816 bytes} [Tue May 26 21:59:25 2026] DELETE /resource_providers/fb536c61-8bf9-4aa3-ba20-1d8586ae2041 => generated 246 bytes in 11 msecs (HTTP/1.1 404) 6 headers in 231 bytes (1 switches on core 0)
2026-05-26 21:59:27.922 7 INFO placement.requestlog [None req-db26d414-b1d5-42aa-85b6-32e5faa66c68 8f1a083f81bd4d8bbbbc290dd64e3762 8d0616f432014370a8eb3b3cae271267 - - fe39cee0b9b54fc690246dc1286ef51b fe39cee0b9b54fc690246dc1286ef51b] 10.0.0.208 "GET /resource_providers/8e2a4931-69fe-44be-acdd-74e809e0f1f8/aggregates" status: 404 len: 235 microversion: 1.1 [pid: 7|app: 0|req: 583/1165] 10.0.0.208 () {32 vars in 816 bytes} [Tue May 26 21:59:27 2026] GET /resource_providers/8e2a4931-69fe-44be-acdd-74e809e0f1f8/aggregates => generated 235 bytes in 10 msecs (HTTP/1.1 404) 5 headers in 202 bytes (1 switches on core 0)
2026-05-26 21:59:27.925 8 INFO placement.requestlog [None req-20c80690-4b4f-422f-895e-9dee6ba1fc82 8f1a083f81bd4d8bbbbc290dd64e3762 8d0616f432014370a8eb3b3cae271267 - - fe39cee0b9b54fc690246dc1286ef51b fe39cee0b9b54fc690246dc1286ef51b] 10.0.0.208 "GET /resource_providers/8e2a4931-69fe-44be-acdd-74e809e0f1f8/aggregates" status: 404 len: 235 microversion: 1.1 [pid: 8|app: 0|req: 583/1166] 10.0.0.208 () {32 vars in 816 bytes} [Tue May 26 21:59:27 2026] GET /resource_providers/8e2a4931-69fe-44be-acdd-74e809e0f1f8/aggregates => generated 235 bytes in 10 msecs (HTTP/1.1 404) 5 headers in 202 bytes (1 switches on core 0)
2026-05-26 21:59:27.947 7 INFO placement.requestlog [None req-9f589497-b8ac-438c-ae61-b583765c4191 8f1a083f81bd4d8bbbbc290dd64e3762 8d0616f432014370a8eb3b3cae271267 - - fe39cee0b9b54fc690246dc1286ef51b fe39cee0b9b54fc690246dc1286ef51b] 10.0.0.208 "DELETE /resource_providers/8e2a4931-69fe-44be-acdd-74e809e0f1f8" status: 404 len: 246 microversion: 1.1 [pid: 7|app: 0|req: 584/1167] 10.0.0.208 () {34 vars in 816 bytes} [Tue May 26 21:59:27 2026] DELETE /resource_providers/8e2a4931-69fe-44be-acdd-74e809e0f1f8 => generated 246 bytes in 8 msecs (HTTP/1.1 404) 6 headers in 231 bytes (1 switches on core 0)
2026-05-26 21:59:27.954 8 INFO placement.requestlog [None req-f4d6d943-f791-4053-b528-84fb65b7487c 8f1a083f81bd4d8bbbbc290dd64e3762 8d0616f432014370a8eb3b3cae271267 - - fe39cee0b9b54fc690246dc1286ef51b fe39cee0b9b54fc690246dc1286ef51b] 10.0.0.208 "DELETE /resource_providers/8e2a4931-69fe-44be-acdd-74e809e0f1f8" status: 404 len: 246 microversion: 1.1 [pid: 8|app: 0|req: 584/1168] 10.0.0.208 () {34 vars in 816 bytes} [Tue May 26 21:59:27 2026] DELETE /resource_providers/8e2a4931-69fe-44be-acdd-74e809e0f1f8 => generated 246 bytes in 9 msecs (HTTP/1.1 404) 6 headers in 231 bytes (1 switches on core 0)
2026-05-26 21:59:27.969 7 INFO placement.requestlog [None req-71e241d6-97a5-4d70-b1c7-fdb1c2b353c3 8f1a083f81bd4d8bbbbc290dd64e3762 8d0616f432014370a8eb3b3cae271267 - - fe39cee0b9b54fc690246dc1286ef51b fe39cee0b9b54fc690246dc1286ef51b] 10.0.0.208 "GET /resource_providers/1f2e1ac4-276c-4fd1-97e7-48fef5c83ca1/aggregates" status: 404 len: 235 microversion: 1.1 [pid: 7|app: 0|req: 585/1169] 10.0.0.208 () {32 vars in 816 bytes} [Tue May 26 21:59:27 2026] GET /resource_providers/1f2e1ac4-276c-4fd1-97e7-48fef5c83ca1/aggregates => generated 235 bytes in 8 msecs (HTTP/1.1 404) 5 headers in 202 bytes (1 switches on core 0)
2026-05-26 21:59:27.977 8 INFO placement.requestlog [None req-4cf16e92-bf51-47a7-a60e-51a30a74f852 8f1a083f81bd4d8bbbbc290dd64e3762 8d0616f432014370a8eb3b3cae271267 - - fe39cee0b9b54fc690246dc1286ef51b fe39cee0b9b54fc690246dc1286ef51b] 10.0.0.208 "GET /resource_providers/1f2e1ac4-276c-4fd1-97e7-48fef5c83ca1/aggregates" status: 404 len: 235 microversion: 1.1 [pid: 8|app: 0|req: 585/1170] 10.0.0.208 () {32 vars in 816 bytes} [Tue May 26 21:59:27 2026] GET /resource_providers/1f2e1ac4-276c-4fd1-97e7-48fef5c83ca1/aggregates => generated 235 bytes in 10 msecs (HTTP/1.1 404) 5 headers in 202 bytes (1 switches on core 0)
2026-05-26 21:59:27.988 7 INFO placement.requestlog [None req-35b75a55-30e1-4a44-bf02-70917791dc1c 8f1a083f81bd4d8bbbbc290dd64e3762 8d0616f432014370a8eb3b3cae271267 - - fe39cee0b9b54fc690246dc1286ef51b fe39cee0b9b54fc690246dc1286ef51b] 10.0.0.208 "DELETE /resource_providers/1f2e1ac4-276c-4fd1-97e7-48fef5c83ca1" status: 404 len: 246 microversion: 1.1 [pid: 7|app: 0|req: 586/1171] 10.0.0.208 () {34 vars in 816 bytes} [Tue May 26 21:59:27 2026] DELETE /resource_providers/1f2e1ac4-276c-4fd1-97e7-48fef5c83ca1 => generated 246 bytes in 12 msecs (HTTP/1.1 404) 6 headers in 231 bytes (1 switches on core 0)
2026-05-26 21:59:27.997 8 INFO placement.requestlog [None req-837c124f-4691-4fbb-9c6e-dea53665bdf7 8f1a083f81bd4d8bbbbc290dd64e3762 8d0616f432014370a8eb3b3cae271267 - - fe39cee0b9b54fc690246dc1286ef51b fe39cee0b9b54fc690246dc1286ef51b] 10.0.0.208 "DELETE /resource_providers/1f2e1ac4-276c-4fd1-97e7-48fef5c83ca1" status: 404 len: 246 microversion: 1.1 [pid: 8|app: 0|req: 586/1172] 10.0.0.208 () {34 vars in 816 bytes} [Tue May 26 21:59:27 2026] DELETE /resource_providers/1f2e1ac4-276c-4fd1-97e7-48fef5c83ca1 => generated 246 bytes in 12 msecs (HTTP/1.1 404) 6 headers in 231 bytes (1 switches on core 0)
2026-05-26 21:59:31.397 7 INFO placement.requestlog [None req-aafa1af2-29c0-481a-879c-de18ed299044 - - - - - -] 10.0.0.244 "GET /" status: 200 len: 136 microversion: 1.0
2026-05-26 21:59:31.398 8 INFO placement.requestlog [None req-85c78bee-e958-46e1-8f22-3d3c5c62b627 - - - - - -] 10.0.0.244 "GET /" status: 200 len: 136 microversion: 1.0
2026-05-26 21:59:33.314 8 INFO placement.requestlog [None req-b41ec8d8-ee23-4a19-935b-f1691729b477 8f1a083f81bd4d8bbbbc290dd64e3762 8d0616f432014370a8eb3b3cae271267 - - fe39cee0b9b54fc690246dc1286ef51b fe39cee0b9b54fc690246dc1286ef51b] 10.0.0.208 "GET /resource_providers/54af510a-c393-4729-a667-92e403dcc2a1/aggregates" status: 404 len: 235 microversion: 1.1 [pid: 8|app: 0|req: 588/1175] 10.0.0.208 () {32 vars in 816 bytes} [Tue May 26 21:59:33 2026] GET /resource_providers/54af510a-c393-4729-a667-92e403dcc2a1/aggregates => generated 235 bytes in 7 msecs (HTTP/1.1 404) 5 headers in 202 bytes (1 switches on core 0)
2026-05-26 21:59:33.317 7 INFO placement.requestlog [None req-2bfcd865-a340-424f-a6f7-7e4b4d6c97f5 8f1a083f81bd4d8bbbbc290dd64e3762 8d0616f432014370a8eb3b3cae271267 - - fe39cee0b9b54fc690246dc1286ef51b fe39cee0b9b54fc690246dc1286ef51b] 10.0.0.208 "GET /resource_providers/54af510a-c393-4729-a667-92e403dcc2a1/aggregates" status: 404 len: 235 microversion: 1.1 [pid: 7|app: 0|req: 588/1176] 10.0.0.208 () {32 vars in 816 bytes} [Tue May 26 21:59:33 2026] GET /resource_providers/54af510a-c393-4729-a667-92e403dcc2a1/aggregates => generated 235 bytes in 11 msecs (HTTP/1.1 404) 5 headers in 202 bytes (1 switches on core 0)
2026-05-26 21:59:33.331 8 INFO placement.requestlog [None req-17bd87d8-996f-4c3f-b954-7a16ee5092e6 8f1a083f81bd4d8bbbbc290dd64e3762 8d0616f432014370a8eb3b3cae271267 - - fe39cee0b9b54fc690246dc1286ef51b fe39cee0b9b54fc690246dc1286ef51b] 10.0.0.208 "DELETE /resource_providers/54af510a-c393-4729-a667-92e403dcc2a1" status: 404 len: 246 microversion: 1.1 [pid: 8|app: 0|req: 589/1177] 10.0.0.208 () {34 vars in 816 bytes} [Tue May 26 21:59:33 2026] DELETE /resource_providers/54af510a-c393-4729-a667-92e403dcc2a1 => generated 246 bytes in 7 msecs (HTTP/1.1 404) 6 headers in 231 bytes (1 switches on core 0)
2026-05-26 21:59:33.334 7 INFO placement.requestlog [None req-a0605a75-b1d4-4cee-a787-1571dead38c8 8f1a083f81bd4d8bbbbc290dd64e3762 8d0616f432014370a8eb3b3cae271267 - - fe39cee0b9b54fc690246dc1286ef51b fe39cee0b9b54fc690246dc1286ef51b] 10.0.0.208 "DELETE /resource_providers/54af510a-c393-4729-a667-92e403dcc2a1" status: 404 len: 246 microversion: 1.1 [pid: 7|app: 0|req: 589/1178] 10.0.0.208 () {34 vars in 816 bytes} [Tue May 26 21:59:33 2026] DELETE /resource_providers/54af510a-c393-4729-a667-92e403dcc2a1 => generated 246 bytes in 9 msecs (HTTP/1.1 404) 6 headers in 231 bytes (1 switches on core 0)
2026-05-26 21:59:33.669 8 INFO placement.requestlog [req-6096a687-2807-4f52-be9a-41e1f7c120cc req-295ddf84-dbbf-423e-bc0d-e9c0d075bd2f 5e78184c414d48298cf3d2aa2e15c2fc 8d0616f432014370a8eb3b3cae271267 - - fe39cee0b9b54fc690246dc1286ef51b fe39cee0b9b54fc690246dc1286ef51b] 162.253.55.186 "GET /resource_providers/e236b61a-579a-41a7-9fdf-72dc76d39aff/allocations" status: 200 len: 153 microversion: 1.0 [pid: 8|app: 0|req: 590/1179] 162.253.55.186 () {32 vars in 857 bytes} [Tue May 26 21:59:33 2026] GET /resource_providers/e236b61a-579a-41a7-9fdf-72dc76d39aff/allocations => generated 153 bytes in 19 msecs (HTTP/1.1 200) 6 headers in 224 bytes (1 switches on core 0)
2026-05-26 21:59:33.688 7 INFO placement.requestlog [req-6096a687-2807-4f52-be9a-41e1f7c120cc req-0331dd55-aa2c-4831-a716-aee4b50760fe 5e78184c414d48298cf3d2aa2e15c2fc 8d0616f432014370a8eb3b3cae271267 - - fe39cee0b9b54fc690246dc1286ef51b fe39cee0b9b54fc690246dc1286ef51b] 162.253.55.186 "GET /allocations/bb8d22bf-d7dc-4dea-9ac9-e27a653885a8" status: 200 len: 258 microversion: 1.28 [pid: 7|app: 0|req: 590/1180] 162.253.55.186 () {34 vars in 863 bytes} [Tue May 26 21:59:33 2026] GET /allocations/bb8d22bf-d7dc-4dea-9ac9-e27a653885a8 => generated 258 bytes in 13 msecs (HTTP/1.1 200) 8 headers in 296 bytes (1 switches on core 0)
2026-05-26 21:59:33.723 8 INFO placement.requestlog [req-ab100653-1e16-47a0-870b-0bdcd7fdf2b6 req-8eba2379-7be8-4070-a18f-e854a82166cb 5e78184c414d48298cf3d2aa2e15c2fc 8d0616f432014370a8eb3b3cae271267 - - fe39cee0b9b54fc690246dc1286ef51b fe39cee0b9b54fc690246dc1286ef51b] 10.0.0.23 "GET /allocation_candidates?limit=1000&resources=DISK_GB%3A1%2CMEMORY_MB%3A512%2CVCPU%3A1&root_required=%21COMPUTE_STATUS_DISABLED" status: 200 len: 2783 microversion: 1.36 [pid: 8|app: 0|req: 591/1181] 10.0.0.23 () {34 vars in 1011 bytes} [Tue May 26 21:59:33 2026] GET /allocation_candidates?limit=1000&resources=DISK_GB%3A1%2CMEMORY_MB%3A512%2CVCPU%3A1&root_required=%21COMPUTE_STATUS_DISABLED => generated 2783 bytes in 47 msecs (HTTP/1.1 200) 8 headers in 297 bytes (1 switches on core 0)
2026-05-26 21:59:33.753 7 INFO placement.requestlog [req-ab100653-1e16-47a0-870b-0bdcd7fdf2b6 req-61f89e59-46fe-4c02-9416-7746c3aaf93f 5e78184c414d48298cf3d2aa2e15c2fc 8d0616f432014370a8eb3b3cae271267 - - fe39cee0b9b54fc690246dc1286ef51b fe39cee0b9b54fc690246dc1286ef51b] 10.0.0.23 "GET /allocations/d9952d53-70d5-4ecd-b92a-dec514211f4c" status: 200 len: 19 microversion: 1.28 [pid: 7|app: 0|req: 591/1182] 10.0.0.23 () {34 vars in 860 bytes} [Tue May 26 21:59:33 2026] GET /allocations/d9952d53-70d5-4ecd-b92a-dec514211f4c => generated 19 bytes in 10 msecs (HTTP/1.1 200) 8 headers in 295 bytes (1 switches on core 0)
2026-05-26 21:59:33.855 8 INFO placement.requestlog [req-ab100653-1e16-47a0-870b-0bdcd7fdf2b6 req-5db6d024-d734-4079-ad60-d94abb77258e 5e78184c414d48298cf3d2aa2e15c2fc 8d0616f432014370a8eb3b3cae271267 - - fe39cee0b9b54fc690246dc1286ef51b fe39cee0b9b54fc690246dc1286ef51b] 10.0.0.23 "PUT /allocations/d9952d53-70d5-4ecd-b92a-dec514211f4c" status: 204 len: 0 microversion: 1.36 [pid: 8|app: 0|req: 592/1183] 10.0.0.23 () {38 vars in 913 bytes} [Tue May 26 21:59:33 2026] PUT /allocations/d9952d53-70d5-4ecd-b92a-dec514211f4c => generated 0 bytes in 96 msecs (HTTP/1.1 204) 5 headers in 199 bytes (1 switches on core 0)
2026-05-26 21:59:34.118 7 INFO placement.requestlog [None req-ad80a5c3-921b-40c7-8e96-71cd26031f7a 8f1a083f81bd4d8bbbbc290dd64e3762 8d0616f432014370a8eb3b3cae271267 - - fe39cee0b9b54fc690246dc1286ef51b fe39cee0b9b54fc690246dc1286ef51b] 10.0.0.208 "GET /resource_providers/0b540c09-07e3-4351-8be5-43ed4c3d5ffd/aggregates" status: 404 len: 235 microversion: 1.1 [pid: 7|app: 0|req: 592/1184] 10.0.0.208 () {32 vars in 816 bytes} [Tue May 26 21:59:34 2026] GET /resource_providers/0b540c09-07e3-4351-8be5-43ed4c3d5ffd/aggregates => generated 235 bytes in 10 msecs (HTTP/1.1 404) 5 headers in 202 bytes (1 switches on core 0)
2026-05-26 21:59:34.124 8 INFO placement.requestlog [None req-390f11dc-e605-4b98-b0a3-fc4a8a16adf7 8f1a083f81bd4d8bbbbc290dd64e3762 8d0616f432014370a8eb3b3cae271267 - - fe39cee0b9b54fc690246dc1286ef51b fe39cee0b9b54fc690246dc1286ef51b] 10.0.0.208 "GET /resource_providers/0b540c09-07e3-4351-8be5-43ed4c3d5ffd/aggregates" status: 404 len: 235 microversion: 1.1 [pid: 8|app: 0|req: 593/1185] 10.0.0.208 () {32 vars in 816 bytes} [Tue May 26 21:59:34 2026] GET /resource_providers/0b540c09-07e3-4351-8be5-43ed4c3d5ffd/aggregates => generated 235 bytes in 7 msecs (HTTP/1.1 404) 5 headers in 202 bytes (1 switches on core 0)
2026-05-26 21:59:34.138 7 INFO placement.requestlog [None req-9c577e1b-448f-429b-a863-f5952dbfe5f7 8f1a083f81bd4d8bbbbc290dd64e3762 8d0616f432014370a8eb3b3cae271267 - - fe39cee0b9b54fc690246dc1286ef51b fe39cee0b9b54fc690246dc1286ef51b] 10.0.0.208 "DELETE /resource_providers/0b540c09-07e3-4351-8be5-43ed4c3d5ffd" status: 404 len: 246 microversion: 1.1 [pid: 7|app: 0|req: 593/1186] 10.0.0.208 () {34 vars in 816 bytes} [Tue May 26 21:59:34 2026] DELETE /resource_providers/0b540c09-07e3-4351-8be5-43ed4c3d5ffd => generated 246 bytes in 6 msecs (HTTP/1.1 404) 6 headers in 231 bytes (1 switches on core 0)
2026-05-26 21:59:34.143 8 INFO placement.requestlog [None req-30393602-4f65-4086-8350-ae2acafae846 8f1a083f81bd4d8bbbbc290dd64e3762 8d0616f432014370a8eb3b3cae271267 - - fe39cee0b9b54fc690246dc1286ef51b fe39cee0b9b54fc690246dc1286ef51b] 10.0.0.208 "DELETE /resource_providers/0b540c09-07e3-4351-8be5-43ed4c3d5ffd" status: 404 len: 246 microversion: 1.1 [pid: 8|app: 0|req: 594/1187] 10.0.0.208 () {34 vars in 816 bytes} [Tue May 26 21:59:34 2026] DELETE /resource_providers/0b540c09-07e3-4351-8be5-43ed4c3d5ffd => generated 246 bytes in 10 msecs (HTTP/1.1 404) 6 headers in 231 bytes (1 switches on core 0)
2026-05-26 21:59:34.764 7 INFO placement.requestlog [req-6096a687-2807-4f52-be9a-41e1f7c120cc req-468f3bd7-6536-4913-8586-1cada93a204e 5e78184c414d48298cf3d2aa2e15c2fc 8d0616f432014370a8eb3b3cae271267 - - fe39cee0b9b54fc690246dc1286ef51b fe39cee0b9b54fc690246dc1286ef51b] 162.253.55.186 "DELETE /allocations/bb8d22bf-d7dc-4dea-9ac9-e27a653885a8" status: 204 len: 0 microversion: 1.0 [pid: 7|app: 0|req: 594/1188] 162.253.55.186 () {34 vars in 841 bytes} [Tue May 26 21:59:34 2026] DELETE /allocations/bb8d22bf-d7dc-4dea-9ac9-e27a653885a8 => generated 0 bytes in 53 msecs (HTTP/1.1 204) 5 headers in 198 bytes (1 switches on core 0)
2026-05-26 21:59:35.335 8 INFO placement.requestlog [req-ab100653-1e16-47a0-870b-0bdcd7fdf2b6 req-a0254adf-83c2-4533-95e4-45c9119a768a 5e78184c414d48298cf3d2aa2e15c2fc 8d0616f432014370a8eb3b3cae271267 - - fe39cee0b9b54fc690246dc1286ef51b fe39cee0b9b54fc690246dc1286ef51b] 162.253.55.186 "GET /allocations/d9952d53-70d5-4ecd-b92a-dec514211f4c" status: 200 len: 258 microversion: 1.28 [pid: 8|app: 0|req: 595/1189] 162.253.55.186 () {34 vars in 863 bytes} [Tue May 26 21:59:35 2026] GET /allocations/d9952d53-70d5-4ecd-b92a-dec514211f4c => generated 258 bytes in 12 msecs (HTTP/1.1 200) 8 headers in 296 bytes (1 switches on core 0)
2026-05-26 21:59:35.351 7 INFO placement.requestlog [None req-2ad5726b-4ca1-4dcb-9a4f-d473f6034025 8f1a083f81bd4d8bbbbc290dd64e3762 8d0616f432014370a8eb3b3cae271267 - - fe39cee0b9b54fc690246dc1286ef51b fe39cee0b9b54fc690246dc1286ef51b] 10.0.0.208 "GET /resource_providers/291a235c-8330-4a9c-89f1-10afc32621a8/aggregates" status: 404 len: 235 microversion: 1.1 [pid: 7|app: 0|req: 595/1190] 10.0.0.208 () {32 vars in 816 bytes} [Tue May 26 21:59:35 2026] GET /resource_providers/291a235c-8330-4a9c-89f1-10afc32621a8/aggregates => generated 235 bytes in 10 msecs (HTTP/1.1 404) 5 headers in 202 bytes (1 switches on core 0)
2026-05-26 21:59:35.351 8 INFO placement.requestlog [None req-61737108-98e2-47aa-b131-ffee60ca106a 8f1a083f81bd4d8bbbbc290dd64e3762 8d0616f432014370a8eb3b3cae271267 - - fe39cee0b9b54fc690246dc1286ef51b fe39cee0b9b54fc690246dc1286ef51b] 10.0.0.208 "GET /resource_providers/291a235c-8330-4a9c-89f1-10afc32621a8/aggregates" status: 404 len: 235 microversion: 1.1 [pid: 8|app: 0|req: 596/1191] 10.0.0.208 () {32 vars in 816 bytes} [Tue May 26 21:59:35 2026] GET /resource_providers/291a235c-8330-4a9c-89f1-10afc32621a8/aggregates => generated 235 bytes in 9 msecs (HTTP/1.1 404) 5 headers in 202 bytes (1 switches on core 0)
2026-05-26 21:59:35.370 7 INFO placement.requestlog [None req-08989ba4-9e67-487a-81f1-8ed306dc01cb 8f1a083f81bd4d8bbbbc290dd64e3762 8d0616f432014370a8eb3b3cae271267 - - fe39cee0b9b54fc690246dc1286ef51b fe39cee0b9b54fc690246dc1286ef51b] 10.0.0.208 "DELETE /resource_providers/291a235c-8330-4a9c-89f1-10afc32621a8" status: 404 len: 246 microversion: 1.1 [pid: 7|app: 0|req: 596/1192] 10.0.0.208 () {34 vars in 816 bytes} [Tue May 26 21:59:35 2026] DELETE /resource_providers/291a235c-8330-4a9c-89f1-10afc32621a8 => generated 246 bytes in 10 msecs (HTTP/1.1 404) 6 headers in 231 bytes (1 switches on core 0)
