Jul 22 03:39:27.091140 np0000186137 devstack@n-api.service[98587]: [pid: 98587|app: 0|req: 16/64] 199.204.45.95 () {68 vars in 1417 bytes} [Wed Jul 22 03:39:27 2026] GET /compute/v2.1/flavors/detail?is_public=None => generated 5240 bytes in 37 msecs (HTTP/1.1 200) 9 headers in 360 bytes (1 switches on core 0)
Jul 22 03:39:27.412642 np0000186137 devstack@n-api.service[98586]: DEBUG nova.api.openstack.wsgi [None req-dcb39c93-c996-4efc-8ab4-4da75d859e69 admin admin] Calling method '>' {{(pid=98586) _process_stack /opt/stack/nova/nova/api/openstack/wsgi.py:551}}
Jul 22 03:39:27.417308 np0000186137 devstack@n-api.service[98586]: INFO nova.api.openstack.requestlog [None req-dcb39c93-c996-4efc-8ab4-4da75d859e69 admin admin] 199.204.45.95 "GET /compute/v2.1" status: 200 len: 392 microversion: 2.1 time: 0.005275
Jul 22 03:39:27.417522 np0000186137 devstack@n-api.service[98586]: [pid: 98586|app: 0|req: 16/65] 199.204.45.95 () {62 vars in 1056 bytes} [Wed Jul 22 03:39:27 2026] GET /compute/v2.1 => generated 392 bytes in 6 msecs (HTTP/1.1 200) 9 headers in 357 bytes (1 switches on core 0)
Jul 22 03:39:27.455336 np0000186137 devstack@n-api.service[98589]: DEBUG nova.api.openstack.wsgi [None req-131c7175-e1f6-40d8-8253-d381b49daa65 admin admin] Calling method '>' {{(pid=98589) _process_stack /opt/stack/nova/nova/api/openstack/wsgi.py:551}}
Jul 22 03:39:27.461249 np0000186137 devstack@n-api.service[98589]: INFO nova.api.openstack.requestlog [None req-131c7175-e1f6-40d8-8253-d381b49daa65 admin admin] 199.204.45.95 "GET /compute/v2.1/" status: 200 len: 392 microversion: 2.1 time: 0.006694
Jul 22 03:39:27.461509 np0000186137 devstack@n-api.service[98589]: [pid: 98589|app: 0|req: 17/66] 199.204.45.95 () {62 vars in 1059 bytes} [Wed Jul 22 03:39:27 2026] GET /compute/v2.1/ => generated 392 bytes in 8 msecs (HTTP/1.1 200) 9 headers in 357 bytes (1 switches on core 0)
Jul 22 03:39:27.504534 np0000186137 devstack@n-api.service[98588]: DEBUG nova.api.openstack.wsgi [None req-65163101-7632-4f73-94a9-62d3275644a6 demo demo] Calling method '>' {{(pid=98588) _process_stack /opt/stack/nova/nova/api/openstack/wsgi.py:551}}
Jul 22 03:39:27.526154 np0000186137 devstack@n-api.service[98588]: INFO nova.api.openstack.requestlog [None req-65163101-7632-4f73-94a9-62d3275644a6 demo demo] 199.204.45.95 "GET /compute/v2.1/flavors/detail?is_public=None" status: 200 len: 5240 microversion: 2.61 time: 0.025225
Jul 22 03:39:27.526506 np0000186137 devstack@n-api.service[98588]: [pid: 98588|app: 0|req: 18/67] 199.204.45.95 () {68 vars in 1417 bytes} [Wed Jul 22 03:39:27 2026] GET /compute/v2.1/flavors/detail?is_public=None => generated 5240 bytes in 26 msecs (HTTP/1.1 200) 9 headers in 360 bytes (1 switches on core 0)
Jul 22 03:39:27.577052 np0000186137 devstack@n-api.service[98587]: DEBUG nova.api.openstack.wsgi [None req-c1d9eb68-1b87-4e20-b787-7f76b547e0a0 demo demo] Calling method '>' {{(pid=98587) _process_stack /opt/stack/nova/nova/api/openstack/wsgi.py:551}}
Jul 22 03:39:27.601512 np0000186137 devstack@n-api.service[98587]: INFO nova.api.openstack.requestlog [None req-c1d9eb68-1b87-4e20-b787-7f76b547e0a0 demo demo] 199.204.45.95 "GET /compute/v2.1/flavors/detail?is_public=None" status: 200 len: 5240 microversion: 2.61 time: 0.028106
Jul 22 03:39:27.601775 np0000186137 devstack@n-api.service[98587]: [pid: 98587|app: 0|req: 17/68] 199.204.45.95 () {68 vars in 1417 bytes} [Wed Jul 22 03:39:27 2026] GET /compute/v2.1/flavors/detail?is_public=None => generated 5240 bytes in 29 msecs (HTTP/1.1 200) 9 headers in 360 bytes (1 switches on core 0)
Jul 22 03:39:31.732122 np0000186137 devstack@n-api.service[98586]: DEBUG nova.api.openstack.wsgi [None req-dcb39c93-c996-4efc-8ab4-4da75d859e69 admin admin] Calling method '>' {{(pid=98586) _process_stack /opt/stack/nova/nova/api/openstack/wsgi.py:551}}
Jul 22 03:39:31.737647 np0000186137 devstack@n-api.service[98586]: INFO nova.api.openstack.requestlog [None req-dcb39c93-c996-4efc-8ab4-4da75d859e69 admin admin] 199.204.45.95 "GET /compute/v2.1" status: 200 len: 392 microversion: 2.1 time: 0.006366
Jul 22 03:39:31.737986 np0000186137 devstack@n-api.service[98586]: [pid: 98586|app: 0|req: 17/69] 199.204.45.95 () {62 vars in 1056 bytes} [Wed Jul 22 03:39:31 2026] GET /compute/v2.1 => generated 392 bytes in 7 msecs (HTTP/1.1 200) 9 headers in 357 bytes (1 switches on core 0)
Jul 22 03:39:31.776788 np0000186137 devstack@n-api.service[98589]: DEBUG nova.api.openstack.wsgi [None req-131c7175-e1f6-40d8-8253-d381b49daa65 admin admin] Calling method '>' {{(pid=98589) _process_stack /opt/stack/nova/nova/api/openstack/wsgi.py:551}}
Jul 22 03:39:31.781863 np0000186137 devstack@n-api.service[98589]: INFO nova.api.openstack.requestlog [None req-131c7175-e1f6-40d8-8253-d381b49daa65 admin admin] 199.204.45.95 "GET /compute/v2.1/" status: 200 len: 392 microversion: 2.1 time: 0.005766
Jul 22 03:39:31.782051 np0000186137 devstack@n-api.service[98589]: [pid: 98589|app: 0|req: 18/70] 199.204.45.95 () {62 vars in 1059 bytes} [Wed Jul 22 03:39:31 2026] GET /compute/v2.1/ => generated 392 bytes in 6 msecs (HTTP/1.1 200) 9 headers in 357 bytes (1 switches on core 0)
Jul 22 03:39:31.819207 np0000186137 devstack@n-api.service[98588]: DEBUG nova.api.openstack.wsgi [None req-dd3df41c-15f6-40f4-948c-dcdf9802042f demo demo] Calling method '>' {{(pid=98588) _process_stack /opt/stack/nova/nova/api/openstack/wsgi.py:551}}
Jul 22 03:39:31.842026 np0000186137 devstack@n-api.service[98588]: INFO nova.api.openstack.requestlog [None req-dd3df41c-15f6-40f4-948c-dcdf9802042f demo demo] 199.204.45.95 "GET /compute/v2.1/flavors/detail?is_public=None" status: 200 len: 5240 microversion: 2.61 time: 0.025557
Jul 22 03:39:31.842391 np0000186137 devstack@n-api.service[98588]: [pid: 98588|app: 0|req: 19/71] 199.204.45.95 () {68 vars in 1417 bytes} [Wed Jul 22 03:39:31 2026] GET /compute/v2.1/flavors/detail?is_public=None => generated 5240 bytes in 26 msecs (HTTP/1.1 200) 9 headers in 360 bytes (1 switches on core 0)
Jul 22 03:39:31.896906 np0000186137 devstack@n-api.service[98587]: DEBUG nova.api.openstack.wsgi [None req-044d28c9-27fa-4faf-a65f-86a1d2f6814c demo demo] Calling method '>' {{(pid=98587) _process_stack /opt/stack/nova/nova/api/openstack/wsgi.py:551}}
Jul 22 03:39:31.920787 np0000186137 devstack@n-api.service[98587]: INFO nova.api.openstack.requestlog [None req-044d28c9-27fa-4faf-a65f-86a1d2f6814c demo demo] 199.204.45.95 "GET /compute/v2.1/flavors/detail?is_public=None" status: 200 len: 5240 microversion: 2.61 time: 0.026455
Jul 22 03:39:31.921161 np0000186137 devstack@n-api.service[98587]: [pid: 98587|app: 0|req: 18/72] 199.204.45.95 () {68 vars in 1417 bytes} [Wed Jul 22 03:39:31 2026] GET /compute/v2.1/flavors/detail?is_public=None => generated 5240 bytes in 27 msecs (HTTP/1.1 200) 9 headers in 360 bytes (1 switches on core 0)
Jul 22 03:39:32.063043 np0000186137 devstack@n-api.service[98586]: DEBUG nova.api.openstack.wsgi [None req-dcb39c93-c996-4efc-8ab4-4da75d859e69 admin admin] Calling method '>' {{(pid=98586) _process_stack /opt/stack/nova/nova/api/openstack/wsgi.py:551}}
Jul 22 03:39:32.067112 np0000186137 devstack@n-api.service[98586]: INFO nova.api.openstack.requestlog [None req-dcb39c93-c996-4efc-8ab4-4da75d859e69 admin admin] 199.204.45.95 "GET /compute/v2.1" status: 200 len: 392 microversion: 2.1 time: 0.004490
Jul 22 03:39:32.067355 np0000186137 devstack@n-api.service[98586]: [pid: 98586|app: 0|req: 18/73] 199.204.45.95 () {62 vars in 1056 bytes} [Wed Jul 22 03:39:32 2026] GET /compute/v2.1 => generated 392 bytes in 5 msecs (HTTP/1.1 200) 9 headers in 357 bytes (1 switches on core 0)
Jul 22 03:39:32.100522 np0000186137 devstack@n-api.service[98589]: DEBUG nova.api.openstack.wsgi [None req-131c7175-e1f6-40d8-8253-d381b49daa65 admin admin] Calling method '>' {{(pid=98589) _process_stack /opt/stack/nova/nova/api/openstack/wsgi.py:551}}
Jul 22 03:39:32.105751 np0000186137 devstack@n-api.service[98589]: INFO nova.api.openstack.requestlog [None req-131c7175-e1f6-40d8-8253-d381b49daa65 admin admin] 199.204.45.95 "GET /compute/v2.1/" status: 200 len: 392 microversion: 2.1 time: 0.005862
Jul 22 03:39:32.106003 np0000186137 devstack@n-api.service[98589]: [pid: 98589|app: 0|req: 19/74] 199.204.45.95 () {62 vars in 1059 bytes} [Wed Jul 22 03:39:32 2026] GET /compute/v2.1/ => generated 392 bytes in 7 msecs (HTTP/1.1 200) 9 headers in 357 bytes (1 switches on core 0)
Jul 22 03:39:32.146847 np0000186137 devstack@n-api.service[98588]: DEBUG nova.api.openstack.wsgi [None req-70923c01-fbc0-4d0a-9cc9-6dd29c0b7e9b demo demo] Calling method '>' {{(pid=98588) _process_stack /opt/stack/nova/nova/api/openstack/wsgi.py:551}}
Jul 22 03:39:32.166801 np0000186137 devstack@n-api.service[98588]: INFO nova.api.openstack.requestlog [None req-70923c01-fbc0-4d0a-9cc9-6dd29c0b7e9b demo demo] 199.204.45.95 "GET /compute/v2.1/flavors/detail?is_public=None" status: 200 len: 5240 microversion: 2.61 time: 0.023558
Jul 22 03:39:32.167061 np0000186137 devstack@n-api.service[98588]: [pid: 98588|app: 0|req: 20/75] 199.204.45.95 () {68 vars in 1417 bytes} [Wed Jul 22 03:39:32 2026] GET /compute/v2.1/flavors/detail?is_public=None => generated 5240 bytes in 24 msecs (HTTP/1.1 200) 9 headers in 360 bytes (1 switches on core 0)
Jul 22 03:39:32.239951 np0000186137 devstack@n-api.service[98587]: DEBUG nova.api.openstack.wsgi [None req-0c1caead-06dd-41bc-bd63-a015edc2211c demo demo] Calling method '>' {{(pid=98587) _process_stack /opt/stack/nova/nova/api/openstack/wsgi.py:551}}
Jul 22 03:39:32.261487 np0000186137 devstack@n-api.service[98587]: INFO nova.api.openstack.requestlog [None req-0c1caead-06dd-41bc-bd63-a015edc2211c demo demo] 199.204.45.95 "GET /compute/v2.1/flavors/detail?is_public=None" status: 200 len: 5240 microversion: 2.61 time: 0.023523
Jul 22 03:39:32.261810 np0000186137 devstack@n-api.service[98587]: [pid: 98587|app: 0|req: 19/76] 199.204.45.95 () {68 vars in 1417 bytes} [Wed Jul 22 03:39:32 2026] GET /compute/v2.1/flavors/detail?is_public=None => generated 5240 bytes in 24 msecs (HTTP/1.1 200) 9 headers in 360 bytes (2 switches on core 0)
Jul 22 03:39:35.767668 np0000186137 devstack@n-api.service[98586]: DEBUG nova.api.openstack.wsgi [None req-dcb39c93-c996-4efc-8ab4-4da75d859e69 admin admin] Calling method '>' {{(pid=98586) _process_stack /opt/stack/nova/nova/api/openstack/wsgi.py:551}}
Jul 22 03:39:35.773231 np0000186137 devstack@n-api.service[98586]: INFO nova.api.openstack.requestlog [None req-dcb39c93-c996-4efc-8ab4-4da75d859e69 admin admin] 199.204.45.95 "GET /compute/v2.1" status: 200 len: 392 microversion: 2.1 time: 0.006039
Jul 22 03:39:35.773483 np0000186137 devstack@n-api.service[98586]: [pid: 98586|app: 0|req: 19/77] 199.204.45.95 () {62 vars in 1067 bytes} [Wed Jul 22 03:39:35 2026] GET /compute/v2.1 => generated 392 bytes in 7 msecs (HTTP/1.1 200) 9 headers in 357 bytes (1 switches on core 0)
Jul 22 03:39:35.804622 np0000186137 devstack@n-api.service[98589]: DEBUG nova.api.openstack.wsgi [None req-131c7175-e1f6-40d8-8253-d381b49daa65 admin admin] Calling method '>' {{(pid=98589) _process_stack /opt/stack/nova/nova/api/openstack/wsgi.py:551}}
Jul 22 03:39:35.809316 np0000186137 devstack@n-api.service[98589]: INFO nova.api.openstack.requestlog [None req-131c7175-e1f6-40d8-8253-d381b49daa65 admin admin] 199.204.45.95 "GET /compute/v2.1/" status: 200 len: 392 microversion: 2.1 time: 0.005691
Jul 22 03:39:35.809750 np0000186137 devstack@n-api.service[98589]: [pid: 98589|app: 0|req: 20/78] 199.204.45.95 () {62 vars in 1070 bytes} [Wed Jul 22 03:39:35 2026] GET /compute/v2.1/ => generated 392 bytes in 7 msecs (HTTP/1.1 200) 9 headers in 357 bytes (1 switches on core 0)
Jul 22 03:39:35.859434 np0000186137 devstack@n-api.service[98588]: DEBUG nova.api.openstack.wsgi [None req-460c44b7-9742-4675-955d-b69306777a8d demo demo] Calling method '>' {{(pid=98588) _process_stack /opt/stack/nova/nova/api/openstack/wsgi.py:551}}
Jul 22 03:39:35.892733 np0000186137 devstack@n-api.service[98588]: INFO nova.api.openstack.requestlog [None req-460c44b7-9742-4675-955d-b69306777a8d demo demo] 199.204.45.95 "GET /compute/v2.1/os-server-groups" status: 200 len: 21 microversion: 2.64 time: 0.037022
Jul 22 03:39:35.893087 np0000186137 devstack@n-api.service[98588]: [pid: 98588|app: 0|req: 21/79] 199.204.45.95 () {68 vars in 1405 bytes} [Wed Jul 22 03:39:35 2026] GET /compute/v2.1/os-server-groups => generated 21 bytes in 38 msecs (HTTP/1.1 200) 9 headers in 358 bytes (1 switches on core 0)
Jul 22 03:39:35.931578 np0000186137 devstack@n-api.service[98587]: DEBUG nova.api.openstack.wsgi [None req-0c1caead-06dd-41bc-bd63-a015edc2211c demo demo] Calling method '>' {{(pid=98587) _process_stack /opt/stack/nova/nova/api/openstack/wsgi.py:551}}
Jul 22 03:39:35.937525 np0000186137 devstack@n-api.service[98587]: INFO nova.api.openstack.requestlog [None req-0c1caead-06dd-41bc-bd63-a015edc2211c demo demo] 199.204.45.95 "GET /compute/v2.1" status: 200 len: 392 microversion: 2.1 time: 0.006396
Jul 22 03:39:35.937799 np0000186137 devstack@n-api.service[98587]: [pid: 98587|app: 0|req: 20/80] 199.204.45.95 () {62 vars in 1067 bytes} [Wed Jul 22 03:39:35 2026] GET /compute/v2.1 => generated 392 bytes in 7 msecs (HTTP/1.1 200) 9 headers in 357 bytes (1 switches on core 0)
Jul 22 03:39:35.977614 np0000186137 devstack@n-api.service[98586]: DEBUG nova.api.openstack.wsgi [None req-dcb39c93-c996-4efc-8ab4-4da75d859e69 admin admin] Calling method '>' {{(pid=98586) _process_stack /opt/stack/nova/nova/api/openstack/wsgi.py:551}}
Jul 22 03:39:35.985316 np0000186137 devstack@n-api.service[98586]: INFO nova.api.openstack.requestlog [None req-dcb39c93-c996-4efc-8ab4-4da75d859e69 admin admin] 199.204.45.95 "GET /compute/v2.1/" status: 200 len: 392 microversion: 2.1 time: 0.008461
Jul 22 03:39:35.985507 np0000186137 devstack@n-api.service[98586]: [pid: 98586|app: 0|req: 20/81] 199.204.45.95 () {62 vars in 1070 bytes} [Wed Jul 22 03:39:35 2026] GET /compute/v2.1/ => generated 392 bytes in 9 msecs (HTTP/1.1 200) 9 headers in 357 bytes (1 switches on core 0)
Jul 22 03:39:36.027794 np0000186137 devstack@n-api.service[98589]: DEBUG nova.api.openstack.wsgi [None req-5d49b45d-d95e-4c85-bc2f-bd9e5bf81bdf demo demo] Action: 'create', calling method: >, body: {"server_group": {"name": "kube-mpaqt", "policy": "soft-anti-affinity"}} {{(pid=98589) _process_stack /opt/stack/nova/nova/api/openstack/wsgi.py:549}}
Jul 22 03:39:36.060484 np0000186137 devstack@n-api.service[98589]: DEBUG nova.quota [None req-5d49b45d-d95e-4c85-bc2f-bd9e5bf81bdf demo demo] Getting quotas for project d625e4241f9d47e4bc4b705c050968fd. Resources: {'server_groups'} {{(pid=98589) _get_quotas /opt/stack/nova/nova/quota.py:389}}
Jul 22 03:39:36.066143 np0000186137 devstack@n-api.service[98589]: DEBUG nova.quota [None req-5d49b45d-d95e-4c85-bc2f-bd9e5bf81bdf demo demo] Getting quotas for user 6b6b2bc30e234a6ca2cb88018a09a332 and project d625e4241f9d47e4bc4b705c050968fd. Resources: {'server_groups'} {{(pid=98589) _get_quotas /opt/stack/nova/nova/quota.py:379}}
Jul 22 03:39:36.127216 np0000186137 devstack@n-api.service[98589]: DEBUG nova.quota [None req-5d49b45d-d95e-4c85-bc2f-bd9e5bf81bdf demo demo] Getting quotas for project d625e4241f9d47e4bc4b705c050968fd. Resources: {'server_groups'} {{(pid=98589) _get_quotas /opt/stack/nova/nova/quota.py:389}}
Jul 22 03:39:36.129956 np0000186137 devstack@n-api.service[98589]: DEBUG nova.quota [None req-5d49b45d-d95e-4c85-bc2f-bd9e5bf81bdf demo demo] Getting quotas for user 6b6b2bc30e234a6ca2cb88018a09a332 and project d625e4241f9d47e4bc4b705c050968fd. Resources: {'server_groups'} {{(pid=98589) _get_quotas /opt/stack/nova/nova/quota.py:379}}
Jul 22 03:39:36.138375 np0000186137 devstack@n-api.service[98589]: INFO nova.api.openstack.requestlog [None req-5d49b45d-d95e-4c85-bc2f-bd9e5bf81bdf demo demo] 199.204.45.95 "POST /compute/v2.1/os-server-groups" status: 200 len: 243 microversion: 2.64 time: 0.115911
Jul 22 03:39:36.138796 np0000186137 devstack@n-api.service[98589]: [pid: 98589|app: 0|req: 21/82] 199.204.45.95 () {72 vars in 1445 bytes} [Wed Jul 22 03:39:36 2026] POST /compute/v2.1/os-server-groups => generated 243 bytes in 117 msecs (HTTP/1.1 200) 9 headers in 359 bytes (1 switches on core 0)
Jul 22 03:39:36.181854 np0000186137 devstack@n-api.service[98588]: DEBUG nova.api.openstack.wsgi [None req-460c44b7-9742-4675-955d-b69306777a8d demo demo] Calling method '>' {{(pid=98588) _process_stack /opt/stack/nova/nova/api/openstack/wsgi.py:551}}
Jul 22 03:39:36.186433 np0000186137 devstack@n-api.service[98588]: INFO nova.api.openstack.requestlog [None req-460c44b7-9742-4675-955d-b69306777a8d demo demo] 199.204.45.95 "GET /compute/v2.1" status: 200 len: 392 microversion: 2.1 time: 0.005191
Jul 22 03:39:36.186667 np0000186137 devstack@n-api.service[98588]: [pid: 98588|app: 0|req: 22/83] 199.204.45.95 () {62 vars in 1067 bytes} [Wed Jul 22 03:39:36 2026] GET /compute/v2.1 => generated 392 bytes in 6 msecs (HTTP/1.1 200) 9 headers in 357 bytes (1 switches on core 0)
Jul 22 03:39:36.220315 np0000186137 devstack@n-api.service[98587]: DEBUG nova.api.openstack.wsgi [None req-0c1caead-06dd-41bc-bd63-a015edc2211c demo demo] Calling method '>' {{(pid=98587) _process_stack /opt/stack/nova/nova/api/openstack/wsgi.py:551}}
Jul 22 03:39:36.225993 np0000186137 devstack@n-api.service[98587]: INFO nova.api.openstack.requestlog [None req-0c1caead-06dd-41bc-bd63-a015edc2211c demo demo] 199.204.45.95 "GET /compute/v2.1/" status: 200 len: 392 microversion: 2.1 time: 0.006102
Jul 22 03:39:36.226363 np0000186137 devstack@n-api.service[98587]: [pid: 98587|app: 0|req: 21/84] 199.204.45.95 () {62 vars in 1070 bytes} [Wed Jul 22 03:39:36 2026] GET /compute/v2.1/ => generated 392 bytes in 7 msecs (HTTP/1.1 200) 9 headers in 357 bytes (1 switches on core 0)
Jul 22 03:39:36.264594 np0000186137 devstack@n-api.service[98586]: DEBUG nova.api.openstack.wsgi [None req-faf2dff0-346c-45e1-934d-cf92b63e10a3 demo demo] Calling method '>' {{(pid=98586) _process_stack /opt/stack/nova/nova/api/openstack/wsgi.py:551}}
Jul 22 03:39:36.286799 np0000186137 devstack@n-api.service[98586]: INFO nova.api.openstack.requestlog [None req-faf2dff0-346c-45e1-934d-cf92b63e10a3 demo demo] 199.204.45.95 "GET /compute/v2.1/os-server-groups" status: 200 len: 246 microversion: 2.64 time: 0.026382
Jul 22 03:39:36.286947 np0000186137 devstack@n-api.service[98586]: [pid: 98586|app: 0|req: 21/85] 199.204.45.95 () {68 vars in 1405 bytes} [Wed Jul 22 03:39:36 2026] GET /compute/v2.1/os-server-groups => generated 246 bytes in 27 msecs (HTTP/1.1 200) 9 headers in 359 bytes (1 switches on core 0)
Jul 22 03:39:36.324401 np0000186137 devstack@n-api.service[98589]: DEBUG nova.api.openstack.wsgi [None req-5d49b45d-d95e-4c85-bc2f-bd9e5bf81bdf demo demo] Calling method '>' {{(pid=98589) _process_stack /opt/stack/nova/nova/api/openstack/wsgi.py:551}}
Jul 22 03:39:36.330040 np0000186137 devstack@n-api.service[98589]: INFO nova.api.openstack.requestlog [None req-5d49b45d-d95e-4c85-bc2f-bd9e5bf81bdf demo demo] 199.204.45.95 "GET /compute/v2.1" status: 200 len: 392 microversion: 2.1 time: 0.006230
Jul 22 03:39:36.330287 np0000186137 devstack@n-api.service[98589]: [pid: 98589|app: 0|req: 22/86] 199.204.45.95 () {62 vars in 1067 bytes} [Wed Jul 22 03:39:36 2026] GET /compute/v2.1 => generated 392 bytes in 7 msecs (HTTP/1.1 200) 9 headers in 357 bytes (1 switches on core 0)
Jul 22 03:39:36.369790 np0000186137 devstack@n-api.service[98588]: DEBUG nova.api.openstack.wsgi [None req-460c44b7-9742-4675-955d-b69306777a8d demo demo] Calling method '>' {{(pid=98588) _process_stack /opt/stack/nova/nova/api/openstack/wsgi.py:551}}
Jul 22 03:39:36.375805 np0000186137 devstack@n-api.service[98588]: INFO nova.api.openstack.requestlog [None req-460c44b7-9742-4675-955d-b69306777a8d demo demo] 199.204.45.95 "GET /compute/v2.1/" status: 200 len: 392 microversion: 2.1 time: 0.005838
Jul 22 03:39:36.375805 np0000186137 devstack@n-api.service[98588]: [pid: 98588|app: 0|req: 23/87] 199.204.45.95 () {62 vars in 1070 bytes} [Wed Jul 22 03:39:36 2026] GET /compute/v2.1/ => generated 392 bytes in 6 msecs (HTTP/1.1 200) 9 headers in 357 bytes (1 switches on core 0)
Jul 22 03:39:36.415612 np0000186137 devstack@n-api.service[98587]: DEBUG nova.api.openstack.wsgi [None req-d62711c9-aeec-418b-9bb3-841145b56310 demo demo] Action: 'create', calling method: >, body: {"server_group": {"name": "kube-mpaqt-default-worker", "policy": "soft-anti-affinity"}} {{(pid=98587) _process_stack /opt/stack/nova/nova/api/openstack/wsgi.py:549}}
Jul 22 03:39:36.449085 np0000186137 devstack@n-api.service[98587]: DEBUG nova.quota [None req-d62711c9-aeec-418b-9bb3-841145b56310 demo demo] Getting quotas for project d625e4241f9d47e4bc4b705c050968fd. Resources: {'server_groups'} {{(pid=98587) _get_quotas /opt/stack/nova/nova/quota.py:389}}
Jul 22 03:39:36.452297 np0000186137 devstack@n-api.service[98587]: DEBUG nova.quota [None req-d62711c9-aeec-418b-9bb3-841145b56310 demo demo] Getting quotas for user 6b6b2bc30e234a6ca2cb88018a09a332 and project d625e4241f9d47e4bc4b705c050968fd. Resources: {'server_groups'} {{(pid=98587) _get_quotas /opt/stack/nova/nova/quota.py:379}}
Jul 22 03:39:36.504071 np0000186137 devstack@n-api.service[98587]: DEBUG nova.quota [None req-d62711c9-aeec-418b-9bb3-841145b56310 demo demo] Getting quotas for project d625e4241f9d47e4bc4b705c050968fd. Resources: {'server_groups'} {{(pid=98587) _get_quotas /opt/stack/nova/nova/quota.py:389}}
Jul 22 03:39:36.505996 np0000186137 devstack@n-api.service[98587]: DEBUG nova.quota [None req-d62711c9-aeec-418b-9bb3-841145b56310 demo demo] Getting quotas for user 6b6b2bc30e234a6ca2cb88018a09a332 and project d625e4241f9d47e4bc4b705c050968fd. Resources: {'server_groups'} {{(pid=98587) _get_quotas /opt/stack/nova/nova/quota.py:379}}
Jul 22 03:39:36.513558 np0000186137 devstack@n-api.service[98587]: INFO nova.api.openstack.requestlog [None req-d62711c9-aeec-418b-9bb3-841145b56310 demo demo] 199.204.45.95 "POST /compute/v2.1/os-server-groups" status: 200 len: 258 microversion: 2.64 time: 0.101627
Jul 22 03:39:36.513944 np0000186137 devstack@n-api.service[98587]: [pid: 98587|app: 0|req: 22/88] 199.204.45.95 () {72 vars in 1445 bytes} [Wed Jul 22 03:39:36 2026] POST /compute/v2.1/os-server-groups => generated 258 bytes in 102 msecs (HTTP/1.1 200) 9 headers in 359 bytes (1 switches on core 0)
Jul 22 03:39:39.746047 np0000186137 devstack@n-api.service[98586]: DEBUG nova.api.openstack.wsgi [None req-faf2dff0-346c-45e1-934d-cf92b63e10a3 demo demo] Calling method '>' {{(pid=98586) _process_stack /opt/stack/nova/nova/api/openstack/wsgi.py:551}}
Jul 22 03:39:39.751544 np0000186137 devstack@n-api.service[98586]: INFO nova.api.openstack.requestlog [None req-faf2dff0-346c-45e1-934d-cf92b63e10a3 demo demo] 199.204.45.95 "GET /compute/v2.1" status: 200 len: 392 microversion: 2.1 time: 0.005967
Jul 22 03:39:39.751953 np0000186137 devstack@n-api.service[98586]: [pid: 98586|app: 0|req: 22/89] 199.204.45.95 () {62 vars in 1067 bytes} [Wed Jul 22 03:39:39 2026] GET /compute/v2.1 => generated 392 bytes in 7 msecs (HTTP/1.1 200) 9 headers in 357 bytes (1 switches on core 0)
Jul 22 03:39:39.792098 np0000186137 devstack@n-api.service[98589]: DEBUG nova.api.openstack.wsgi [None req-5d49b45d-d95e-4c85-bc2f-bd9e5bf81bdf demo demo] Calling method '>' {{(pid=98589) _process_stack /opt/stack/nova/nova/api/openstack/wsgi.py:551}}
Jul 22 03:39:39.797702 np0000186137 devstack@n-api.service[98589]: INFO nova.api.openstack.requestlog [None req-5d49b45d-d95e-4c85-bc2f-bd9e5bf81bdf demo demo] 199.204.45.95 "GET /compute/v2.1/" status: 200 len: 392 microversion: 2.1 time: 0.006356
Jul 22 03:39:39.797988 np0000186137 devstack@n-api.service[98589]: [pid: 98589|app: 0|req: 23/90] 199.204.45.95 () {62 vars in 1070 bytes} [Wed Jul 22 03:39:39 2026] GET /compute/v2.1/ => generated 392 bytes in 7 msecs (HTTP/1.1 200) 9 headers in 357 bytes (1 switches on core 0)
Jul 22 03:39:39.836609 np0000186137 devstack@n-api.service[98588]: DEBUG nova.api.openstack.wsgi [None req-fb26923a-cfd3-479f-adde-1e8f234e736a demo demo] Calling method '>' {{(pid=98588) _process_stack /opt/stack/nova/nova/api/openstack/wsgi.py:551}}
Jul 22 03:39:39.856347 np0000186137 devstack@n-api.service[98588]: INFO nova.api.openstack.requestlog [None req-fb26923a-cfd3-479f-adde-1e8f234e736a demo demo] 199.204.45.95 "GET /compute/v2.1/flavors/detail?is_public=None" status: 200 len: 5240 microversion: 2.61 time: 0.023600
Jul 22 03:39:39.856593 np0000186137 devstack@n-api.service[98588]: [pid: 98588|app: 0|req: 24/91] 199.204.45.95 () {68 vars in 1428 bytes} [Wed Jul 22 03:39:39 2026] GET /compute/v2.1/flavors/detail?is_public=None => generated 5240 bytes in 24 msecs (HTTP/1.1 200) 9 headers in 360 bytes (1 switches on core 0)
Jul 22 03:39:39.905800 np0000186137 devstack@n-api.service[98587]: DEBUG nova.api.openstack.wsgi [None req-c5f4105e-3c82-4e5b-8efe-a7adf1fd23be demo demo] Calling method '>' {{(pid=98587) _process_stack /opt/stack/nova/nova/api/openstack/wsgi.py:551}}
Jul 22 03:39:39.923368 np0000186137 devstack@n-api.service[98587]: INFO nova.api.openstack.requestlog [None req-c5f4105e-3c82-4e5b-8efe-a7adf1fd23be demo demo] 199.204.45.95 "GET /compute/v2.1/flavors/detail?is_public=None" status: 200 len: 5240 microversion: 2.61 time: 0.024211
Jul 22 03:39:39.923752 np0000186137 devstack@n-api.service[98587]: [pid: 98587|app: 0|req: 23/92] 199.204.45.95 () {68 vars in 1428 bytes} [Wed Jul 22 03:39:39 2026] GET /compute/v2.1/flavors/detail?is_public=None => generated 5240 bytes in 25 msecs (HTTP/1.1 200) 9 headers in 360 bytes (1 switches on core 0)
Jul 22 03:39:40.075432 np0000186137 devstack@n-api.service[98586]: DEBUG nova.api.openstack.wsgi [None req-faf2dff0-346c-45e1-934d-cf92b63e10a3 demo demo] Calling method '>' {{(pid=98586) _process_stack /opt/stack/nova/nova/api/openstack/wsgi.py:551}}
Jul 22 03:39:40.081550 np0000186137 devstack@n-api.service[98586]: INFO nova.api.openstack.requestlog [None req-faf2dff0-346c-45e1-934d-cf92b63e10a3 demo demo] 199.204.45.95 "GET /compute/v2.1" status: 200 len: 392 microversion: 2.1 time: 0.006502
Jul 22 03:39:40.082156 np0000186137 devstack@n-api.service[98586]: [pid: 98586|app: 0|req: 23/93] 199.204.45.95 () {62 vars in 1067 bytes} [Wed Jul 22 03:39:40 2026] GET /compute/v2.1 => generated 392 bytes in 7 msecs (HTTP/1.1 200) 9 headers in 357 bytes (1 switches on core 0)
Jul 22 03:39:40.119330 np0000186137 devstack@n-api.service[98589]: DEBUG nova.api.openstack.wsgi [None req-5d49b45d-d95e-4c85-bc2f-bd9e5bf81bdf demo demo] Calling method '>' {{(pid=98589) _process_stack /opt/stack/nova/nova/api/openstack/wsgi.py:551}}
Jul 22 03:39:40.124333 np0000186137 devstack@n-api.service[98589]: INFO nova.api.openstack.requestlog [None req-5d49b45d-d95e-4c85-bc2f-bd9e5bf81bdf demo demo] 199.204.45.95 "GET /compute/v2.1/" status: 200 len: 392 microversion: 2.1 time: 0.005611
Jul 22 03:39:40.124333 np0000186137 devstack@n-api.service[98589]: [pid: 98589|app: 0|req: 24/94] 199.204.45.95 () {62 vars in 1070 bytes} [Wed Jul 22 03:39:40 2026] GET /compute/v2.1/ => generated 392 bytes in 6 msecs (HTTP/1.1 200) 9 headers in 357 bytes (1 switches on core 0)
Jul 22 03:39:40.162279 np0000186137 devstack@n-api.service[98588]: DEBUG nova.api.openstack.wsgi [None req-fd7ebe23-e8eb-430f-b129-04a5e840eac0 demo demo] Calling method '>' {{(pid=98588) _process_stack /opt/stack/nova/nova/api/openstack/wsgi.py:551}}
Jul 22 03:39:40.190710 np0000186137 devstack@n-api.service[98588]: INFO nova.api.openstack.requestlog [None req-fd7ebe23-e8eb-430f-b129-04a5e840eac0 demo demo] 199.204.45.95 "GET /compute/v2.1/flavors/detail?is_public=None" status: 200 len: 5240 microversion: 2.61 time: 0.031969
Jul 22 03:39:40.190982 np0000186137 devstack@n-api.service[98588]: [pid: 98588|app: 0|req: 25/95] 199.204.45.95 () {68 vars in 1428 bytes} [Wed Jul 22 03:39:40 2026] GET /compute/v2.1/flavors/detail?is_public=None => generated 5240 bytes in 33 msecs (HTTP/1.1 200) 9 headers in 360 bytes (1 switches on core 0)
Jul 22 03:39:46.134248 np0000186137 devstack@n-api.service[98589]: DEBUG dbcounter [-] [98589] Writing DB stats nova_cell0:SELECT=4 {{(pid=98589) stat_writer /opt/stack/data/venv/lib/python3.12/site-packages/dbcounter.py:115}}
Jul 22 03:39:46.135607 np0000186137 devstack@n-api.service[98589]: DEBUG dbcounter [-] [98589] Writing DB stats nova_api:SELECT=14,nova_api:INSERT=2 {{(pid=98589) stat_writer /opt/stack/data/venv/lib/python3.12/site-packages/dbcounter.py:115}}
Jul 22 03:39:46.284253 np0000186137 devstack@n-api.service[98586]: DEBUG dbcounter [-] [98586] Writing DB stats nova_api:SELECT=2 {{(pid=98586) stat_writer /opt/stack/data/venv/lib/python3.12/site-packages/dbcounter.py:115}}
Jul 22 03:39:46.509143 np0000186137 devstack@n-api.service[98587]: DEBUG dbcounter [-] [98587] Writing DB stats nova_cell0:SELECT=4 {{(pid=98587) stat_writer /opt/stack/data/venv/lib/python3.12/site-packages/dbcounter.py:115}}
Jul 22 03:39:49.911482 np0000186137 devstack@n-api.service[98587]: DEBUG dbcounter [-] [98587] Writing DB stats nova_api:SELECT=19,nova_api:INSERT=2 {{(pid=98587) stat_writer /opt/stack/data/venv/lib/python3.12/site-packages/dbcounter.py:115}}
Jul 22 03:39:50.169382 np0000186137 devstack@n-api.service[98588]: DEBUG dbcounter [-] [98588] Writing DB stats nova_api:SELECT=8 {{(pid=98588) stat_writer /opt/stack/data/venv/lib/python3.12/site-packages/dbcounter.py:115}}
Jul 22 03:40:02.999981 np0000186137 devstack@n-api.service[98587]: DEBUG nova.api.openstack.wsgi [None req-c5f4105e-3c82-4e5b-8efe-a7adf1fd23be demo demo] Calling method '>' {{(pid=98587) _process_stack /opt/stack/nova/nova/api/openstack/wsgi.py:551}}
Jul 22 03:40:03.004189 np0000186137 devstack@n-api.service[98587]: INFO nova.api.openstack.requestlog [None req-c5f4105e-3c82-4e5b-8efe-a7adf1fd23be demo demo] 172.18.0.2 "GET /compute/v2.1/" status: 200 len: 392 microversion: 2.1 time: 0.004579
Jul 22 03:40:03.004419 np0000186137 devstack@n-api.service[98587]: [pid: 98587|app: 0|req: 24/96] 199.204.45.95 () {64 vars in 1266 bytes} [Wed Jul 22 03:40:02 2026] GET /compute/v2.1/ => generated 392 bytes in 5 msecs (HTTP/1.1 200) 9 headers in 357 bytes (1 switches on core 0)
Jul 22 03:40:03.022262 np0000186137 devstack@n-api.service[98586]: DEBUG nova.api.openstack.wsgi [None req-2d18aea0-f602-40be-a941-4366c4a3fc3d demo demo] Calling method '>' {{(pid=98586) _process_stack /opt/stack/nova/nova/api/openstack/wsgi.py:551}}
Jul 22 03:40:03.025315 np0000186137 devstack@n-api.service[98586]: DEBUG oslo_concurrency.lockutils [None req-2d18aea0-f602-40be-a941-4366c4a3fc3d demo demo] Acquiring lock "00000000-0000-0000-0000-000000000000" by "nova.context.set_target_cell..get_or_set_cached_cell_and_set_connections" {{(pid=98586) inner /opt/stack/data/venv/lib/python3.12/site-packages/oslo_concurrency/lockutils.py:512}}
Jul 22 03:40:03.025512 np0000186137 devstack@n-api.service[98586]: DEBUG oslo_concurrency.lockutils [None req-2d18aea0-f602-40be-a941-4366c4a3fc3d demo demo] Lock "00000000-0000-0000-0000-000000000000" acquired by "nova.context.set_target_cell..get_or_set_cached_cell_and_set_connections" :: waited 0.000s {{(pid=98586) inner /opt/stack/data/venv/lib/python3.12/site-packages/oslo_concurrency/lockutils.py:525}}
Jul 22 03:40:03.025680 np0000186137 devstack@n-api.service[98586]: DEBUG oslo_concurrency.lockutils [None req-2d18aea0-f602-40be-a941-4366c4a3fc3d demo demo] Lock "00000000-0000-0000-0000-000000000000" "released" by "nova.context.set_target_cell..get_or_set_cached_cell_and_set_connections" :: held 0.000s {{(pid=98586) inner /opt/stack/data/venv/lib/python3.12/site-packages/oslo_concurrency/lockutils.py:544}}
Jul 22 03:40:03.026747 np0000186137 devstack@n-api.service[98586]: DEBUG oslo_concurrency.lockutils [None req-2d18aea0-f602-40be-a941-4366c4a3fc3d demo demo] Acquiring lock "ee0fbde6-3ff4-43b7-a39e-619ee72a5c01" by "nova.context.set_target_cell..get_or_set_cached_cell_and_set_connections" {{(pid=98586) inner /opt/stack/data/venv/lib/python3.12/site-packages/oslo_concurrency/lockutils.py:512}}
Jul 22 03:40:03.026904 np0000186137 devstack@n-api.service[98586]: DEBUG oslo_concurrency.lockutils [None req-2d18aea0-f602-40be-a941-4366c4a3fc3d demo demo] Lock "ee0fbde6-3ff4-43b7-a39e-619ee72a5c01" acquired by "nova.context.set_target_cell..get_or_set_cached_cell_and_set_connections" :: waited 0.000s {{(pid=98586) inner /opt/stack/data/venv/lib/python3.12/site-packages/oslo_concurrency/lockutils.py:525}}
Jul 22 03:40:03.027029 np0000186137 devstack@n-api.service[98586]: DEBUG oslo_concurrency.lockutils [None req-2d18aea0-f602-40be-a941-4366c4a3fc3d demo demo] Lock "ee0fbde6-3ff4-43b7-a39e-619ee72a5c01" "released" by "nova.context.set_target_cell..get_or_set_cached_cell_and_set_connections" :: held 0.000s {{(pid=98586) inner /opt/stack/data/venv/lib/python3.12/site-packages/oslo_concurrency/lockutils.py:544}}
Jul 22 03:40:03.107655 np0000186137 devstack@n-api.service[98586]: INFO nova.api.openstack.requestlog [None req-2d18aea0-f602-40be-a941-4366c4a3fc3d demo demo] 172.18.0.2 "GET /compute/v2.1/os-availability-zone" status: 200 len: 97 microversion: 2.38 time: 0.091294
Jul 22 03:40:03.108177 np0000186137 devstack@n-api.service[98586]: [pid: 98586|app: 0|req: 24/97] 199.204.45.95 () {68 vars in 1409 bytes} [Wed Jul 22 03:40:03 2026] GET /compute/v2.1/os-availability-zone => generated 97 bytes in 92 msecs (HTTP/1.1 200) 9 headers in 358 bytes (1 switches on core 0)
Jul 22 03:40:04.066890 np0000186137 devstack@n-api.service[98589]: DEBUG nova.api.openstack.wsgi [None req-5d49b45d-d95e-4c85-bc2f-bd9e5bf81bdf demo demo] Calling method '>' {{(pid=98589) _process_stack /opt/stack/nova/nova/api/openstack/wsgi.py:551}}
Jul 22 03:40:04.071917 np0000186137 devstack@n-api.service[98589]: INFO nova.api.openstack.requestlog [None req-5d49b45d-d95e-4c85-bc2f-bd9e5bf81bdf demo demo] 172.18.0.2 "GET /compute/v2.1/" status: 200 len: 392 microversion: 2.1 time: 0.005779
Jul 22 03:40:04.072177 np0000186137 devstack@n-api.service[98589]: [pid: 98589|app: 0|req: 25/98] 199.204.45.95 () {64 vars in 1266 bytes} [Wed Jul 22 03:40:04 2026] GET /compute/v2.1/ => generated 392 bytes in 7 msecs (HTTP/1.1 200) 9 headers in 357 bytes (1 switches on core 0)
Jul 22 03:40:04.083260 np0000186137 devstack@n-api.service[98588]: DEBUG nova.api.openstack.wsgi [None req-41deb097-16a2-4264-859d-fb0b24733d7f demo demo] Calling method '>' {{(pid=98588) _process_stack /opt/stack/nova/nova/api/openstack/wsgi.py:551}}
Jul 22 03:40:04.086768 np0000186137 devstack@n-api.service[98588]: DEBUG oslo_concurrency.lockutils [None req-41deb097-16a2-4264-859d-fb0b24733d7f demo demo] Acquiring lock "00000000-0000-0000-0000-000000000000" by "nova.context.set_target_cell..get_or_set_cached_cell_and_set_connections" {{(pid=98588) inner /opt/stack/data/venv/lib/python3.12/site-packages/oslo_concurrency/lockutils.py:512}}
Jul 22 03:40:04.087135 np0000186137 devstack@n-api.service[98588]: DEBUG oslo_concurrency.lockutils [None req-41deb097-16a2-4264-859d-fb0b24733d7f demo demo] Lock "00000000-0000-0000-0000-000000000000" acquired by "nova.context.set_target_cell..get_or_set_cached_cell_and_set_connections" :: waited 0.000s {{(pid=98588) inner /opt/stack/data/venv/lib/python3.12/site-packages/oslo_concurrency/lockutils.py:525}}
Jul 22 03:40:04.087403 np0000186137 devstack@n-api.service[98588]: DEBUG oslo_concurrency.lockutils [None req-41deb097-16a2-4264-859d-fb0b24733d7f demo demo] Lock "00000000-0000-0000-0000-000000000000" "released" by "nova.context.set_target_cell..get_or_set_cached_cell_and_set_connections" :: held 0.000s {{(pid=98588) inner /opt/stack/data/venv/lib/python3.12/site-packages/oslo_concurrency/lockutils.py:544}}
Jul 22 03:40:04.088512 np0000186137 devstack@n-api.service[98588]: DEBUG oslo_concurrency.lockutils [None req-41deb097-16a2-4264-859d-fb0b24733d7f demo demo] Acquiring lock "ee0fbde6-3ff4-43b7-a39e-619ee72a5c01" by "nova.context.set_target_cell..get_or_set_cached_cell_and_set_connections" {{(pid=98588) inner /opt/stack/data/venv/lib/python3.12/site-packages/oslo_concurrency/lockutils.py:512}}
Jul 22 03:40:04.088656 np0000186137 devstack@n-api.service[98588]: DEBUG oslo_concurrency.lockutils [None req-41deb097-16a2-4264-859d-fb0b24733d7f demo demo] Lock "ee0fbde6-3ff4-43b7-a39e-619ee72a5c01" acquired by "nova.context.set_target_cell..get_or_set_cached_cell_and_set_connections" :: waited 0.000s {{(pid=98588) inner /opt/stack/data/venv/lib/python3.12/site-packages/oslo_concurrency/lockutils.py:525}}
Jul 22 03:40:04.088787 np0000186137 devstack@n-api.service[98588]: DEBUG oslo_concurrency.lockutils [None req-41deb097-16a2-4264-859d-fb0b24733d7f demo demo] Lock "ee0fbde6-3ff4-43b7-a39e-619ee72a5c01" "released" by "nova.context.set_target_cell..get_or_set_cached_cell_and_set_connections" :: held 0.000s {{(pid=98588) inner /opt/stack/data/venv/lib/python3.12/site-packages/oslo_concurrency/lockutils.py:544}}
Jul 22 03:40:04.162885 np0000186137 devstack@n-api.service[98588]: INFO nova.api.openstack.requestlog [None req-41deb097-16a2-4264-859d-fb0b24733d7f demo demo] 172.18.0.2 "GET /compute/v2.1/os-availability-zone" status: 200 len: 97 microversion: 2.38 time: 0.082810
Jul 22 03:40:04.163570 np0000186137 devstack@n-api.service[98588]: [pid: 98588|app: 0|req: 26/99] 199.204.45.95 () {68 vars in 1409 bytes} [Wed Jul 22 03:40:04 2026] GET /compute/v2.1/os-availability-zone => generated 97 bytes in 84 msecs (HTTP/1.1 200) 9 headers in 358 bytes (1 switches on core 0)
Jul 22 03:40:04.918102 np0000186137 devstack@n-api.service[98587]: DEBUG nova.api.openstack.wsgi [None req-c5f4105e-3c82-4e5b-8efe-a7adf1fd23be demo demo] Calling method '>' {{(pid=98587) _process_stack /opt/stack/nova/nova/api/openstack/wsgi.py:551}}
Jul 22 03:40:04.921850 np0000186137 devstack@n-api.service[98587]: INFO nova.api.openstack.requestlog [None req-c5f4105e-3c82-4e5b-8efe-a7adf1fd23be demo demo] 172.18.0.2 "GET /compute/v2.1/" status: 200 len: 392 microversion: 2.1 time: 0.004098
Jul 22 03:40:04.922094 np0000186137 devstack@n-api.service[98587]: [pid: 98587|app: 0|req: 25/100] 199.204.45.95 () {64 vars in 1266 bytes} [Wed Jul 22 03:40:04 2026] GET /compute/v2.1/ => generated 392 bytes in 5 msecs (HTTP/1.1 200) 9 headers in 357 bytes (1 switches on core 0)
Jul 22 03:40:04.931779 np0000186137 devstack@n-api.service[98586]: DEBUG nova.api.openstack.wsgi [None req-9a1cf4a8-f751-4628-8e9a-6b0006858b7f demo demo] Calling method '>' {{(pid=98586) _process_stack /opt/stack/nova/nova/api/openstack/wsgi.py:551}}
Jul 22 03:40:04.934180 np0000186137 devstack@n-api.service[98586]: DEBUG oslo_concurrency.lockutils [None req-9a1cf4a8-f751-4628-8e9a-6b0006858b7f demo demo] Acquiring lock "00000000-0000-0000-0000-000000000000" by "nova.context.set_target_cell..get_or_set_cached_cell_and_set_connections" {{(pid=98586) inner /opt/stack/data/venv/lib/python3.12/site-packages/oslo_concurrency/lockutils.py:512}}
Jul 22 03:40:04.934359 np0000186137 devstack@n-api.service[98586]: DEBUG oslo_concurrency.lockutils [None req-9a1cf4a8-f751-4628-8e9a-6b0006858b7f demo demo] Lock "00000000-0000-0000-0000-000000000000" acquired by "nova.context.set_target_cell..get_or_set_cached_cell_and_set_connections" :: waited 0.000s {{(pid=98586) inner /opt/stack/data/venv/lib/python3.12/site-packages/oslo_concurrency/lockutils.py:525}}
Jul 22 03:40:04.934489 np0000186137 devstack@n-api.service[98586]: DEBUG oslo_concurrency.lockutils [None req-9a1cf4a8-f751-4628-8e9a-6b0006858b7f demo demo] Lock "00000000-0000-0000-0000-000000000000" "released" by "nova.context.set_target_cell..get_or_set_cached_cell_and_set_connections" :: held 0.000s {{(pid=98586) inner /opt/stack/data/venv/lib/python3.12/site-packages/oslo_concurrency/lockutils.py:544}}
Jul 22 03:40:04.935474 np0000186137 devstack@n-api.service[98586]: DEBUG oslo_concurrency.lockutils [None req-9a1cf4a8-f751-4628-8e9a-6b0006858b7f demo demo] Acquiring lock "ee0fbde6-3ff4-43b7-a39e-619ee72a5c01" by "nova.context.set_target_cell..get_or_set_cached_cell_and_set_connections" {{(pid=98586) inner /opt/stack/data/venv/lib/python3.12/site-packages/oslo_concurrency/lockutils.py:512}}
Jul 22 03:40:04.935614 np0000186137 devstack@n-api.service[98586]: DEBUG oslo_concurrency.lockutils [None req-9a1cf4a8-f751-4628-8e9a-6b0006858b7f demo demo] Lock "ee0fbde6-3ff4-43b7-a39e-619ee72a5c01" acquired by "nova.context.set_target_cell..get_or_set_cached_cell_and_set_connections" :: waited 0.000s {{(pid=98586) inner /opt/stack/data/venv/lib/python3.12/site-packages/oslo_concurrency/lockutils.py:525}}
Jul 22 03:40:04.935740 np0000186137 devstack@n-api.service[98586]: DEBUG oslo_concurrency.lockutils [None req-9a1cf4a8-f751-4628-8e9a-6b0006858b7f demo demo] Lock "ee0fbde6-3ff4-43b7-a39e-619ee72a5c01" "released" by "nova.context.set_target_cell..get_or_set_cached_cell_and_set_connections" :: held 0.000s {{(pid=98586) inner /opt/stack/data/venv/lib/python3.12/site-packages/oslo_concurrency/lockutils.py:544}}
Jul 22 03:40:04.959002 np0000186137 devstack@n-api.service[98586]: INFO nova.api.openstack.requestlog [None req-9a1cf4a8-f751-4628-8e9a-6b0006858b7f demo demo] 172.18.0.2 "GET /compute/v2.1/os-availability-zone" status: 200 len: 97 microversion: 2.38 time: 0.029585
Jul 22 03:40:04.959665 np0000186137 devstack@n-api.service[98586]: [pid: 98586|app: 0|req: 25/101] 199.204.45.95 () {68 vars in 1409 bytes} [Wed Jul 22 03:40:04 2026] GET /compute/v2.1/os-availability-zone => generated 97 bytes in 31 msecs (HTTP/1.1 200) 9 headers in 358 bytes (1 switches on core 0)
Jul 22 03:40:05.536662 np0000186137 devstack@n-api.service[98589]: DEBUG nova.api.openstack.wsgi [None req-5d49b45d-d95e-4c85-bc2f-bd9e5bf81bdf demo demo] Calling method '>' {{(pid=98589) _process_stack /opt/stack/nova/nova/api/openstack/wsgi.py:551}}
Jul 22 03:40:05.541555 np0000186137 devstack@n-api.service[98589]: INFO nova.api.openstack.requestlog [None req-5d49b45d-d95e-4c85-bc2f-bd9e5bf81bdf demo demo] 172.18.0.2 "GET /compute/v2.1/" status: 200 len: 392 microversion: 2.1 time: 0.005581
Jul 22 03:40:05.541829 np0000186137 devstack@n-api.service[98589]: [pid: 98589|app: 0|req: 26/102] 199.204.45.95 () {64 vars in 1266 bytes} [Wed Jul 22 03:40:05 2026] GET /compute/v2.1/ => generated 392 bytes in 6 msecs (HTTP/1.1 200) 9 headers in 357 bytes (1 switches on core 0)
Jul 22 03:40:05.554965 np0000186137 devstack@n-api.service[98588]: DEBUG nova.api.openstack.wsgi [None req-ffa84a74-529f-4560-8fd3-3ebe4b7fb6ef demo demo] Calling method '>' {{(pid=98588) _process_stack /opt/stack/nova/nova/api/openstack/wsgi.py:551}}
Jul 22 03:40:05.557602 np0000186137 devstack@n-api.service[98588]: DEBUG oslo_concurrency.lockutils [None req-ffa84a74-529f-4560-8fd3-3ebe4b7fb6ef demo demo] Acquiring lock "00000000-0000-0000-0000-000000000000" by "nova.context.set_target_cell..get_or_set_cached_cell_and_set_connections" {{(pid=98588) inner /opt/stack/data/venv/lib/python3.12/site-packages/oslo_concurrency/lockutils.py:512}}
Jul 22 03:40:05.557858 np0000186137 devstack@n-api.service[98588]: DEBUG oslo_concurrency.lockutils [None req-ffa84a74-529f-4560-8fd3-3ebe4b7fb6ef demo demo] Lock "00000000-0000-0000-0000-000000000000" acquired by "nova.context.set_target_cell..get_or_set_cached_cell_and_set_connections" :: waited 0.000s {{(pid=98588) inner /opt/stack/data/venv/lib/python3.12/site-packages/oslo_concurrency/lockutils.py:525}}
Jul 22 03:40:05.558039 np0000186137 devstack@n-api.service[98588]: DEBUG oslo_concurrency.lockutils [None req-ffa84a74-529f-4560-8fd3-3ebe4b7fb6ef demo demo] Lock "00000000-0000-0000-0000-000000000000" "released" by "nova.context.set_target_cell..get_or_set_cached_cell_and_set_connections" :: held 0.000s {{(pid=98588) inner /opt/stack/data/venv/lib/python3.12/site-packages/oslo_concurrency/lockutils.py:544}}
Jul 22 03:40:05.559150 np0000186137 devstack@n-api.service[98588]: DEBUG oslo_concurrency.lockutils [None req-ffa84a74-529f-4560-8fd3-3ebe4b7fb6ef demo demo] Acquiring lock "ee0fbde6-3ff4-43b7-a39e-619ee72a5c01" by "nova.context.set_target_cell..get_or_set_cached_cell_and_set_connections" {{(pid=98588) inner /opt/stack/data/venv/lib/python3.12/site-packages/oslo_concurrency/lockutils.py:512}}
Jul 22 03:40:05.559349 np0000186137 devstack@n-api.service[98588]: DEBUG oslo_concurrency.lockutils [None req-ffa84a74-529f-4560-8fd3-3ebe4b7fb6ef demo demo] Lock "ee0fbde6-3ff4-43b7-a39e-619ee72a5c01" acquired by "nova.context.set_target_cell..get_or_set_cached_cell_and_set_connections" :: waited 0.000s {{(pid=98588) inner /opt/stack/data/venv/lib/python3.12/site-packages/oslo_concurrency/lockutils.py:525}}
Jul 22 03:40:05.559553 np0000186137 devstack@n-api.service[98588]: DEBUG oslo_concurrency.lockutils [None req-ffa84a74-529f-4560-8fd3-3ebe4b7fb6ef demo demo] Lock "ee0fbde6-3ff4-43b7-a39e-619ee72a5c01" "released" by "nova.context.set_target_cell..get_or_set_cached_cell_and_set_connections" :: held 0.000s {{(pid=98588) inner /opt/stack/data/venv/lib/python3.12/site-packages/oslo_concurrency/lockutils.py:544}}
Jul 22 03:40:05.590584 np0000186137 devstack@n-api.service[98588]: INFO nova.api.openstack.requestlog [None req-ffa84a74-529f-4560-8fd3-3ebe4b7fb6ef demo demo] 172.18.0.2 "GET /compute/v2.1/os-availability-zone" status: 200 len: 97 microversion: 2.38 time: 0.039096
Jul 22 03:40:05.591638 np0000186137 devstack@n-api.service[98588]: [pid: 98588|app: 0|req: 27/103] 199.204.45.95 () {68 vars in 1409 bytes} [Wed Jul 22 03:40:05 2026] GET /compute/v2.1/os-availability-zone => generated 97 bytes in 42 msecs (HTTP/1.1 200) 9 headers in 358 bytes (1 switches on core 0)
Jul 22 03:40:09.771003 np0000186137 devstack@n-api.service[98587]: DEBUG nova.api.openstack.wsgi [None req-c5f4105e-3c82-4e5b-8efe-a7adf1fd23be demo demo] Calling method '>' {{(pid=98587) _process_stack /opt/stack/nova/nova/api/openstack/wsgi.py:551}}
Jul 22 03:40:09.777402 np0000186137 devstack@n-api.service[98587]: INFO nova.api.openstack.requestlog [None req-c5f4105e-3c82-4e5b-8efe-a7adf1fd23be demo demo] 172.18.0.2 "GET /compute/v2.1/" status: 200 len: 392 microversion: 2.1 time: 0.006901
Jul 22 03:40:09.777809 np0000186137 devstack@n-api.service[98587]: [pid: 98587|app: 0|req: 26/104] 199.204.45.95 () {64 vars in 1266 bytes} [Wed Jul 22 03:40:09 2026] GET /compute/v2.1/ => generated 392 bytes in 8 msecs (HTTP/1.1 200) 9 headers in 357 bytes (1 switches on core 0)
Jul 22 03:40:09.788058 np0000186137 devstack@n-api.service[98586]: DEBUG nova.api.openstack.wsgi [None req-56eac3d5-8f37-4acb-b2af-8d30c29e69b2 demo demo] Calling method '>' {{(pid=98586) _process_stack /opt/stack/nova/nova/api/openstack/wsgi.py:551}}
Jul 22 03:40:09.817529 np0000186137 devstack@n-api.service[98586]: INFO nova.api.openstack.requestlog [None req-56eac3d5-8f37-4acb-b2af-8d30c29e69b2 demo demo] 172.18.0.2 "GET /compute/v2.1/flavors/detail" status: 200 len: 4000 microversion: 2.38 time: 0.033745
Jul 22 03:40:09.817894 np0000186137 devstack@n-api.service[98586]: [pid: 98586|app: 0|req: 26/105] 199.204.45.95 () {68 vars in 1391 bytes} [Wed Jul 22 03:40:09 2026] GET /compute/v2.1/flavors/detail => generated 4000 bytes in 35 msecs (HTTP/1.1 200) 9 headers in 360 bytes (1 switches on core 0)
Jul 22 03:40:09.877872 np0000186137 devstack@n-api.service[98589]: DEBUG nova.api.openstack.wsgi [None req-5d49b45d-d95e-4c85-bc2f-bd9e5bf81bdf demo demo] Calling method '>' {{(pid=98589) _process_stack /opt/stack/nova/nova/api/openstack/wsgi.py:551}}
Jul 22 03:40:09.881963 np0000186137 devstack@n-api.service[98589]: INFO nova.api.openstack.requestlog [None req-5d49b45d-d95e-4c85-bc2f-bd9e5bf81bdf demo demo] 172.18.0.2 "GET /compute/v2.1/" status: 200 len: 392 microversion: 2.1 time: 0.004482
Jul 22 03:40:09.882211 np0000186137 devstack@n-api.service[98589]: [pid: 98589|app: 0|req: 27/106] 199.204.45.95 () {64 vars in 1266 bytes} [Wed Jul 22 03:40:09 2026] GET /compute/v2.1/ => generated 392 bytes in 5 msecs (HTTP/1.1 200) 9 headers in 357 bytes (1 switches on core 0)
Jul 22 03:40:09.891172 np0000186137 devstack@n-api.service[98588]: DEBUG nova.api.openstack.wsgi [None req-c0534c3d-a48c-4ed4-96f3-6a213a6d458d demo demo] Calling method '>' {{(pid=98588) _process_stack /opt/stack/nova/nova/api/openstack/wsgi.py:551}}
Jul 22 03:40:09.910118 np0000186137 devstack@n-api.service[98588]: INFO nova.api.openstack.requestlog [None req-c0534c3d-a48c-4ed4-96f3-6a213a6d458d demo demo] 172.18.0.2 "GET /compute/v2.1/flavors/detail" status: 200 len: 4000 microversion: 2.38 time: 0.022519
Jul 22 03:40:09.910399 np0000186137 devstack@n-api.service[98588]: [pid: 98588|app: 0|req: 28/107] 199.204.45.95 () {68 vars in 1391 bytes} [Wed Jul 22 03:40:09 2026] GET /compute/v2.1/flavors/detail => generated 4000 bytes in 23 msecs (HTTP/1.1 200) 9 headers in 360 bytes (1 switches on core 0)
Jul 22 03:40:10.590005 np0000186137 devstack@n-api.service[98587]: DEBUG nova.api.openstack.wsgi [None req-c5f4105e-3c82-4e5b-8efe-a7adf1fd23be demo demo] Calling method '>' {{(pid=98587) _process_stack /opt/stack/nova/nova/api/openstack/wsgi.py:551}}
Jul 22 03:40:10.593815 np0000186137 devstack@n-api.service[98587]: INFO nova.api.openstack.requestlog [None req-c5f4105e-3c82-4e5b-8efe-a7adf1fd23be demo demo] 172.18.0.2 "GET /compute/v2.1/" status: 200 len: 392 microversion: 2.1 time: 0.004347
Jul 22 03:40:10.594062 np0000186137 devstack@n-api.service[98587]: [pid: 98587|app: 0|req: 27/108] 199.204.45.95 () {64 vars in 1266 bytes} [Wed Jul 22 03:40:10 2026] GET /compute/v2.1/ => generated 392 bytes in 5 msecs (HTTP/1.1 200) 9 headers in 357 bytes (1 switches on core 0)
Jul 22 03:40:10.606948 np0000186137 devstack@n-api.service[98586]: DEBUG nova.api.openstack.wsgi [None req-6d496269-d7d4-4fae-b078-3cde5f47bc42 demo demo] Calling method '>' {{(pid=98586) _process_stack /opt/stack/nova/nova/api/openstack/wsgi.py:551}}
