May 04 15:57:46.949654 np0000171567 devstack@n-api-meta.service[109521]: DEBUG nova.api.openstack.wsgi_app [None req-a4420882-2437-4243-affc-b7931dc1138e None None] oslo_limit.endpoint_region_name = None {{(pid=109521) log_opt_values /opt/stack/data/venv/lib/python3.12/site-packages/oslo_config/cfg.py:3006}}
May 04 15:57:46.949777 np0000171567 devstack@n-api-meta.service[109521]: DEBUG nova.api.openstack.wsgi_app [None req-a4420882-2437-4243-affc-b7931dc1138e None None] oslo_limit.endpoint_service_name = None {{(pid=109521) log_opt_values /opt/stack/data/venv/lib/python3.12/site-packages/oslo_config/cfg.py:3006}}
May 04 15:57:46.949901 np0000171567 devstack@n-api-meta.service[109521]: DEBUG nova.api.openstack.wsgi_app [None req-a4420882-2437-4243-affc-b7931dc1138e None None] oslo_limit.endpoint_service_type = None {{(pid=109521) log_opt_values /opt/stack/data/venv/lib/python3.12/site-packages/oslo_config/cfg.py:3006}}
May 04 15:57:46.950025 np0000171567 devstack@n-api-meta.service[109521]: DEBUG nova.api.openstack.wsgi_app [None req-a4420882-2437-4243-affc-b7931dc1138e None None] oslo_limit.insecure = False {{(pid=109521) log_opt_values /opt/stack/data/venv/lib/python3.12/site-packages/oslo_config/cfg.py:3006}}
May 04 15:57:46.950149 np0000171567 devstack@n-api-meta.service[109521]: DEBUG nova.api.openstack.wsgi_app [None req-a4420882-2437-4243-affc-b7931dc1138e None None] oslo_limit.keyfile = None {{(pid=109521) log_opt_values /opt/stack/data/venv/lib/python3.12/site-packages/oslo_config/cfg.py:3006}}
May 04 15:57:46.950273 np0000171567 devstack@n-api-meta.service[109521]: DEBUG nova.api.openstack.wsgi_app [None req-a4420882-2437-4243-affc-b7931dc1138e None None] oslo_limit.max_version = None {{(pid=109521) log_opt_values /opt/stack/data/venv/lib/python3.12/site-packages/oslo_config/cfg.py:3006}}
May 04 15:57:46.950414 np0000171567 devstack@n-api-meta.service[109521]: DEBUG nova.api.openstack.wsgi_app [None req-a4420882-2437-4243-affc-b7931dc1138e None None] oslo_limit.min_version = None {{(pid=109521) log_opt_values /opt/stack/data/venv/lib/python3.12/site-packages/oslo_config/cfg.py:3006}}
May 04 15:57:46.950540 np0000171567 devstack@n-api-meta.service[109521]: DEBUG nova.api.openstack.wsgi_app [None req-a4420882-2437-4243-affc-b7931dc1138e None None] oslo_limit.region_name = None {{(pid=109521) log_opt_values /opt/stack/data/venv/lib/python3.12/site-packages/oslo_config/cfg.py:3006}}
May 04 15:57:46.950664 np0000171567 devstack@n-api-meta.service[109521]: DEBUG nova.api.openstack.wsgi_app [None req-a4420882-2437-4243-affc-b7931dc1138e None None] oslo_limit.retriable_status_codes = None {{(pid=109521) log_opt_values /opt/stack/data/venv/lib/python3.12/site-packages/oslo_config/cfg.py:3006}}
May 04 15:57:46.950787 np0000171567 devstack@n-api-meta.service[109521]: DEBUG nova.api.openstack.wsgi_app [None req-a4420882-2437-4243-affc-b7931dc1138e None None] oslo_limit.service_name = None {{(pid=109521) log_opt_values /opt/stack/data/venv/lib/python3.12/site-packages/oslo_config/cfg.py:3006}}
May 04 15:57:46.950910 np0000171567 devstack@n-api-meta.service[109521]: DEBUG nova.api.openstack.wsgi_app [None req-a4420882-2437-4243-affc-b7931dc1138e None None] oslo_limit.service_type = None {{(pid=109521) log_opt_values /opt/stack/data/venv/lib/python3.12/site-packages/oslo_config/cfg.py:3006}}
May 04 15:57:46.951036 np0000171567 devstack@n-api-meta.service[109521]: DEBUG nova.api.openstack.wsgi_app [None req-a4420882-2437-4243-affc-b7931dc1138e None None] oslo_limit.split_loggers = False {{(pid=109521) log_opt_values /opt/stack/data/venv/lib/python3.12/site-packages/oslo_config/cfg.py:3006}}
May 04 15:57:46.951159 np0000171567 devstack@n-api-meta.service[109521]: DEBUG nova.api.openstack.wsgi_app [None req-a4420882-2437-4243-affc-b7931dc1138e None None] oslo_limit.status_code_retries = None {{(pid=109521) log_opt_values /opt/stack/data/venv/lib/python3.12/site-packages/oslo_config/cfg.py:3006}}
May 04 15:57:46.951283 np0000171567 devstack@n-api-meta.service[109521]: DEBUG nova.api.openstack.wsgi_app [None req-a4420882-2437-4243-affc-b7931dc1138e None None] oslo_limit.status_code_retry_delay = None {{(pid=109521) log_opt_values /opt/stack/data/venv/lib/python3.12/site-packages/oslo_config/cfg.py:3006}}
May 04 15:57:46.951421 np0000171567 devstack@n-api-meta.service[109521]: DEBUG nova.api.openstack.wsgi_app [None req-a4420882-2437-4243-affc-b7931dc1138e None None] oslo_limit.timeout = None {{(pid=109521) log_opt_values /opt/stack/data/venv/lib/python3.12/site-packages/oslo_config/cfg.py:3006}}
May 04 15:57:46.951547 np0000171567 devstack@n-api-meta.service[109521]: DEBUG nova.api.openstack.wsgi_app [None req-a4420882-2437-4243-affc-b7931dc1138e None None] oslo_limit.valid_interfaces = None {{(pid=109521) log_opt_values /opt/stack/data/venv/lib/python3.12/site-packages/oslo_config/cfg.py:3006}}
May 04 15:57:46.951672 np0000171567 devstack@n-api-meta.service[109521]: DEBUG nova.api.openstack.wsgi_app [None req-a4420882-2437-4243-affc-b7931dc1138e None None] oslo_limit.version = None {{(pid=109521) log_opt_values /opt/stack/data/venv/lib/python3.12/site-packages/oslo_config/cfg.py:3006}}
May 04 15:57:46.951812 np0000171567 devstack@n-api-meta.service[109521]: DEBUG nova.api.openstack.wsgi_app [None req-a4420882-2437-4243-affc-b7931dc1138e None None] oslo_messaging_rabbit.amqp_auto_delete = False {{(pid=109521) log_opt_values /opt/stack/data/venv/lib/python3.12/site-packages/oslo_config/cfg.py:3006}}
May 04 15:57:46.951939 np0000171567 devstack@n-api-meta.service[109521]: DEBUG nova.api.openstack.wsgi_app [None req-a4420882-2437-4243-affc-b7931dc1138e None None] oslo_messaging_rabbit.amqp_durable_queues = False {{(pid=109521) log_opt_values /opt/stack/data/venv/lib/python3.12/site-packages/oslo_config/cfg.py:3006}}
May 04 15:57:46.952065 np0000171567 devstack@n-api-meta.service[109521]: DEBUG nova.api.openstack.wsgi_app [None req-a4420882-2437-4243-affc-b7931dc1138e None None] oslo_messaging_rabbit.conn_pool_min_size = 2 {{(pid=109521) log_opt_values /opt/stack/data/venv/lib/python3.12/site-packages/oslo_config/cfg.py:3006}}
May 04 15:57:46.952193 np0000171567 devstack@n-api-meta.service[109521]: DEBUG nova.api.openstack.wsgi_app [None req-a4420882-2437-4243-affc-b7931dc1138e None None] oslo_messaging_rabbit.conn_pool_ttl = 1200 {{(pid=109521) log_opt_values /opt/stack/data/venv/lib/python3.12/site-packages/oslo_config/cfg.py:3006}}
May 04 15:57:46.952319 np0000171567 devstack@n-api-meta.service[109521]: DEBUG nova.api.openstack.wsgi_app [None req-a4420882-2437-4243-affc-b7931dc1138e None None] oslo_messaging_rabbit.direct_mandatory_flag = True {{(pid=109521) log_opt_values /opt/stack/data/venv/lib/python3.12/site-packages/oslo_config/cfg.py:3006}}
May 04 15:57:46.952461 np0000171567 devstack@n-api-meta.service[109521]: DEBUG nova.api.openstack.wsgi_app [None req-a4420882-2437-4243-affc-b7931dc1138e None None] oslo_messaging_rabbit.enable_cancel_on_failover = False {{(pid=109521) log_opt_values /opt/stack/data/venv/lib/python3.12/site-packages/oslo_config/cfg.py:3006}}
May 04 15:57:46.952591 np0000171567 devstack@n-api-meta.service[109521]: DEBUG nova.api.openstack.wsgi_app [None req-a4420882-2437-4243-affc-b7931dc1138e None None] oslo_messaging_rabbit.heartbeat_in_pthread = False {{(pid=109521) log_opt_values /opt/stack/data/venv/lib/python3.12/site-packages/oslo_config/cfg.py:3006}}
May 04 15:57:46.952716 np0000171567 devstack@n-api-meta.service[109521]: DEBUG nova.api.openstack.wsgi_app [None req-a4420882-2437-4243-affc-b7931dc1138e None None] oslo_messaging_rabbit.heartbeat_rate = 3 {{(pid=109521) log_opt_values /opt/stack/data/venv/lib/python3.12/site-packages/oslo_config/cfg.py:3006}}
May 04 15:57:46.952841 np0000171567 devstack@n-api-meta.service[109521]: DEBUG nova.api.openstack.wsgi_app [None req-a4420882-2437-4243-affc-b7931dc1138e None None] oslo_messaging_rabbit.heartbeat_timeout_threshold = 60 {{(pid=109521) log_opt_values /opt/stack/data/venv/lib/python3.12/site-packages/oslo_config/cfg.py:3006}}
May 04 15:57:46.952974 np0000171567 devstack@n-api-meta.service[109521]: DEBUG nova.api.openstack.wsgi_app [None req-a4420882-2437-4243-affc-b7931dc1138e None None] oslo_messaging_rabbit.hostname = np0000171567 {{(pid=109521) log_opt_values /opt/stack/data/venv/lib/python3.12/site-packages/oslo_config/cfg.py:3006}}
May 04 15:57:46.953099 np0000171567 devstack@n-api-meta.service[109521]: DEBUG nova.api.openstack.wsgi_app [None req-a4420882-2437-4243-affc-b7931dc1138e None None] oslo_messaging_rabbit.kombu_compression = None {{(pid=109521) log_opt_values /opt/stack/data/venv/lib/python3.12/site-packages/oslo_config/cfg.py:3006}}
May 04 15:57:46.953259 np0000171567 devstack@n-api-meta.service[109521]: DEBUG nova.api.openstack.wsgi_app [None req-a4420882-2437-4243-affc-b7931dc1138e None None] oslo_messaging_rabbit.kombu_failover_strategy = round-robin {{(pid=109521) log_opt_values /opt/stack/data/venv/lib/python3.12/site-packages/oslo_config/cfg.py:3006}}
May 04 15:57:46.953404 np0000171567 devstack@n-api-meta.service[109521]: DEBUG nova.api.openstack.wsgi_app [None req-a4420882-2437-4243-affc-b7931dc1138e None None] oslo_messaging_rabbit.kombu_missing_consumer_retry_timeout = 60 {{(pid=109521) log_opt_values /opt/stack/data/venv/lib/python3.12/site-packages/oslo_config/cfg.py:3006}}
May 04 15:57:46.953536 np0000171567 devstack@n-api-meta.service[109521]: DEBUG nova.api.openstack.wsgi_app [None req-a4420882-2437-4243-affc-b7931dc1138e None None] oslo_messaging_rabbit.kombu_reconnect_delay = 1.0 {{(pid=109521) log_opt_values /opt/stack/data/venv/lib/python3.12/site-packages/oslo_config/cfg.py:3006}}
May 04 15:57:46.953664 np0000171567 devstack@n-api-meta.service[109521]: DEBUG nova.api.openstack.wsgi_app [None req-a4420882-2437-4243-affc-b7931dc1138e None None] oslo_messaging_rabbit.kombu_reconnect_splay = 0.0 {{(pid=109521) log_opt_values /opt/stack/data/venv/lib/python3.12/site-packages/oslo_config/cfg.py:3006}}
May 04 15:57:46.953797 np0000171567 devstack@n-api-meta.service[109521]: DEBUG nova.api.openstack.wsgi_app [None req-a4420882-2437-4243-affc-b7931dc1138e None None] oslo_messaging_rabbit.processname = uwsgi {{(pid=109521) log_opt_values /opt/stack/data/venv/lib/python3.12/site-packages/oslo_config/cfg.py:3006}}
May 04 15:57:46.953924 np0000171567 devstack@n-api-meta.service[109521]: DEBUG nova.api.openstack.wsgi_app [None req-a4420882-2437-4243-affc-b7931dc1138e None None] oslo_messaging_rabbit.rabbit_ha_queues = False {{(pid=109521) log_opt_values /opt/stack/data/venv/lib/python3.12/site-packages/oslo_config/cfg.py:3006}}
May 04 15:57:46.954049 np0000171567 devstack@n-api-meta.service[109521]: DEBUG nova.api.openstack.wsgi_app [None req-a4420882-2437-4243-affc-b7931dc1138e None None] oslo_messaging_rabbit.rabbit_interval_max = 30 {{(pid=109521) log_opt_values /opt/stack/data/venv/lib/python3.12/site-packages/oslo_config/cfg.py:3006}}
May 04 15:57:46.954181 np0000171567 devstack@n-api-meta.service[109521]: DEBUG nova.api.openstack.wsgi_app [None req-a4420882-2437-4243-affc-b7931dc1138e None None] oslo_messaging_rabbit.rabbit_login_method = AMQPLAIN {{(pid=109521) log_opt_values /opt/stack/data/venv/lib/python3.12/site-packages/oslo_config/cfg.py:3006}}
May 04 15:57:46.954306 np0000171567 devstack@n-api-meta.service[109521]: DEBUG nova.api.openstack.wsgi_app [None req-a4420882-2437-4243-affc-b7931dc1138e None None] oslo_messaging_rabbit.rabbit_qos_prefetch_count = 0 {{(pid=109521) log_opt_values /opt/stack/data/venv/lib/python3.12/site-packages/oslo_config/cfg.py:3006}}
May 04 15:57:46.954453 np0000171567 devstack@n-api-meta.service[109521]: DEBUG nova.api.openstack.wsgi_app [None req-a4420882-2437-4243-affc-b7931dc1138e None None] oslo_messaging_rabbit.rabbit_quorum_delivery_limit = 0 {{(pid=109521) log_opt_values /opt/stack/data/venv/lib/python3.12/site-packages/oslo_config/cfg.py:3006}}
May 04 15:57:46.954579 np0000171567 devstack@n-api-meta.service[109521]: DEBUG nova.api.openstack.wsgi_app [None req-a4420882-2437-4243-affc-b7931dc1138e None None] oslo_messaging_rabbit.rabbit_quorum_max_memory_bytes = 0 {{(pid=109521) log_opt_values /opt/stack/data/venv/lib/python3.12/site-packages/oslo_config/cfg.py:3006}}
May 04 15:57:46.954710 np0000171567 devstack@n-api-meta.service[109521]: DEBUG nova.api.openstack.wsgi_app [None req-a4420882-2437-4243-affc-b7931dc1138e None None] oslo_messaging_rabbit.rabbit_quorum_max_memory_length = 0 {{(pid=109521) log_opt_values /opt/stack/data/venv/lib/python3.12/site-packages/oslo_config/cfg.py:3006}}
May 04 15:57:46.954836 np0000171567 devstack@n-api-meta.service[109521]: DEBUG nova.api.openstack.wsgi_app [None req-a4420882-2437-4243-affc-b7931dc1138e None None] oslo_messaging_rabbit.rabbit_quorum_queue = False {{(pid=109521) log_opt_values /opt/stack/data/venv/lib/python3.12/site-packages/oslo_config/cfg.py:3006}}
May 04 15:57:46.954962 np0000171567 devstack@n-api-meta.service[109521]: DEBUG nova.api.openstack.wsgi_app [None req-a4420882-2437-4243-affc-b7931dc1138e None None] oslo_messaging_rabbit.rabbit_retry_backoff = 2 {{(pid=109521) log_opt_values /opt/stack/data/venv/lib/python3.12/site-packages/oslo_config/cfg.py:3006}}
May 04 15:57:46.955088 np0000171567 devstack@n-api-meta.service[109521]: DEBUG nova.api.openstack.wsgi_app [None req-a4420882-2437-4243-affc-b7931dc1138e None None] oslo_messaging_rabbit.rabbit_retry_interval = 1 {{(pid=109521) log_opt_values /opt/stack/data/venv/lib/python3.12/site-packages/oslo_config/cfg.py:3006}}
May 04 15:57:46.955212 np0000171567 devstack@n-api-meta.service[109521]: DEBUG nova.api.openstack.wsgi_app [None req-a4420882-2437-4243-affc-b7931dc1138e None None] oslo_messaging_rabbit.rabbit_stream_fanout = False {{(pid=109521) log_opt_values /opt/stack/data/venv/lib/python3.12/site-packages/oslo_config/cfg.py:3006}}
May 04 15:57:46.955339 np0000171567 devstack@n-api-meta.service[109521]: DEBUG nova.api.openstack.wsgi_app [None req-a4420882-2437-4243-affc-b7931dc1138e None None] oslo_messaging_rabbit.rabbit_transient_queues_ttl = 1800 {{(pid=109521) log_opt_values /opt/stack/data/venv/lib/python3.12/site-packages/oslo_config/cfg.py:3006}}
May 04 15:57:46.955480 np0000171567 devstack@n-api-meta.service[109521]: DEBUG nova.api.openstack.wsgi_app [None req-a4420882-2437-4243-affc-b7931dc1138e None None] oslo_messaging_rabbit.rabbit_transient_quorum_queue = False {{(pid=109521) log_opt_values /opt/stack/data/venv/lib/python3.12/site-packages/oslo_config/cfg.py:3006}}
May 04 15:57:46.955607 np0000171567 devstack@n-api-meta.service[109521]: DEBUG nova.api.openstack.wsgi_app [None req-a4420882-2437-4243-affc-b7931dc1138e None None] oslo_messaging_rabbit.rpc_conn_pool_size = 30 {{(pid=109521) log_opt_values /opt/stack/data/venv/lib/python3.12/site-packages/oslo_config/cfg.py:3006}}
May 04 15:57:46.955734 np0000171567 devstack@n-api-meta.service[109521]: DEBUG nova.api.openstack.wsgi_app [None req-a4420882-2437-4243-affc-b7931dc1138e None None] oslo_messaging_rabbit.ssl = False {{(pid=109521) log_opt_values /opt/stack/data/venv/lib/python3.12/site-packages/oslo_config/cfg.py:3006}}
May 04 15:57:46.955867 np0000171567 devstack@n-api-meta.service[109521]: DEBUG nova.api.openstack.wsgi_app [None req-a4420882-2437-4243-affc-b7931dc1138e None None] oslo_messaging_rabbit.ssl_ca_file = {{(pid=109521) log_opt_values /opt/stack/data/venv/lib/python3.12/site-packages/oslo_config/cfg.py:3006}}
May 04 15:57:46.955997 np0000171567 devstack@n-api-meta.service[109521]: DEBUG nova.api.openstack.wsgi_app [None req-a4420882-2437-4243-affc-b7931dc1138e None None] oslo_messaging_rabbit.ssl_cert_file = {{(pid=109521) log_opt_values /opt/stack/data/venv/lib/python3.12/site-packages/oslo_config/cfg.py:3006}}
May 04 15:57:46.956125 np0000171567 devstack@n-api-meta.service[109521]: DEBUG nova.api.openstack.wsgi_app [None req-a4420882-2437-4243-affc-b7931dc1138e None None] oslo_messaging_rabbit.ssl_enforce_fips_mode = False {{(pid=109521) log_opt_values /opt/stack/data/venv/lib/python3.12/site-packages/oslo_config/cfg.py:3006}}
May 04 15:57:46.956256 np0000171567 devstack@n-api-meta.service[109521]: DEBUG nova.api.openstack.wsgi_app [None req-a4420882-2437-4243-affc-b7931dc1138e None None] oslo_messaging_rabbit.ssl_key_file = {{(pid=109521) log_opt_values /opt/stack/data/venv/lib/python3.12/site-packages/oslo_config/cfg.py:3006}}
May 04 15:57:46.956400 np0000171567 devstack@n-api-meta.service[109521]: DEBUG nova.api.openstack.wsgi_app [None req-a4420882-2437-4243-affc-b7931dc1138e None None] oslo_messaging_rabbit.ssl_version = {{(pid=109521) log_opt_values /opt/stack/data/venv/lib/python3.12/site-packages/oslo_config/cfg.py:3006}}
May 04 15:57:46.956528 np0000171567 devstack@n-api-meta.service[109521]: DEBUG nova.api.openstack.wsgi_app [None req-a4420882-2437-4243-affc-b7931dc1138e None None] oslo_messaging_rabbit.use_queue_manager = False {{(pid=109521) log_opt_values /opt/stack/data/venv/lib/python3.12/site-packages/oslo_config/cfg.py:3006}}
May 04 15:57:46.956670 np0000171567 devstack@n-api-meta.service[109521]: DEBUG nova.api.openstack.wsgi_app [None req-a4420882-2437-4243-affc-b7931dc1138e None None] oslo_messaging_notifications.driver = ['messagingv2'] {{(pid=109521) log_opt_values /opt/stack/data/venv/lib/python3.12/site-packages/oslo_config/cfg.py:3006}}
May 04 15:57:46.956798 np0000171567 devstack@n-api-meta.service[109521]: DEBUG nova.api.openstack.wsgi_app [None req-a4420882-2437-4243-affc-b7931dc1138e None None] oslo_messaging_notifications.retry = -1 {{(pid=109521) log_opt_values /opt/stack/data/venv/lib/python3.12/site-packages/oslo_config/cfg.py:3006}}
May 04 15:57:46.956935 np0000171567 devstack@n-api-meta.service[109521]: DEBUG nova.api.openstack.wsgi_app [None req-a4420882-2437-4243-affc-b7931dc1138e None None] oslo_messaging_notifications.topics = ['notifications'] {{(pid=109521) log_opt_values /opt/stack/data/venv/lib/python3.12/site-packages/oslo_config/cfg.py:3006}}
May 04 15:57:46.957066 np0000171567 devstack@n-api-meta.service[109521]: DEBUG nova.api.openstack.wsgi_app [None req-a4420882-2437-4243-affc-b7931dc1138e None None] oslo_messaging_notifications.transport_url = **** {{(pid=109521) log_opt_values /opt/stack/data/venv/lib/python3.12/site-packages/oslo_config/cfg.py:3006}}
May 04 15:57:46.957221 np0000171567 devstack@n-api-meta.service[109521]: DEBUG nova.api.openstack.wsgi_app [None req-a4420882-2437-4243-affc-b7931dc1138e None None] oslo_reports.file_event_handler = None {{(pid=109521) log_opt_values /opt/stack/data/venv/lib/python3.12/site-packages/oslo_config/cfg.py:3006}}
May 04 15:57:46.957344 np0000171567 devstack@n-api-meta.service[109521]: DEBUG nova.api.openstack.wsgi_app [None req-a4420882-2437-4243-affc-b7931dc1138e None None] oslo_reports.file_event_handler_interval = 1 {{(pid=109521) log_opt_values /opt/stack/data/venv/lib/python3.12/site-packages/oslo_config/cfg.py:3006}}
May 04 15:57:46.957482 np0000171567 devstack@n-api-meta.service[109521]: DEBUG nova.api.openstack.wsgi_app [None req-a4420882-2437-4243-affc-b7931dc1138e None None] oslo_reports.log_dir = None {{(pid=109521) log_opt_values /opt/stack/data/venv/lib/python3.12/site-packages/oslo_config/cfg.py:3006}}
May 04 15:57:46.957584 np0000171567 devstack@n-api-meta.service[109521]: DEBUG nova.api.openstack.wsgi_app [None req-a4420882-2437-4243-affc-b7931dc1138e None None] ******************************************************************************** {{(pid=109521) log_opt_values /opt/stack/data/venv/lib/python3.12/site-packages/oslo_config/cfg.py:3013}}
May 04 15:57:46.957715 np0000171567 devstack@n-api-meta.service[109521]: WSGI app 0 (mountpoint='') ready in 2 seconds on interpreter 0x7f8df96a3668 pid: 109521 (default app)
May 04 15:57:56.510403 np0000171567 devstack@n-api-meta.service[109522]: DEBUG dbcounter [-] [109522] Writing DB stats nova_api:SELECT=1 {{(pid=109522) stat_writer /opt/stack/data/venv/lib/python3.12/site-packages/dbcounter.py:115}}
May 04 15:57:56.539303 np0000171567 devstack@n-api-meta.service[109523]: DEBUG dbcounter [-] [109523] Writing DB stats nova_api:SELECT=1 {{(pid=109523) stat_writer /opt/stack/data/venv/lib/python3.12/site-packages/dbcounter.py:115}}
May 04 15:57:56.585528 np0000171567 devstack@n-api-meta.service[109520]: DEBUG dbcounter [-] [109520] Writing DB stats nova_api:SELECT=1 {{(pid=109520) stat_writer /opt/stack/data/venv/lib/python3.12/site-packages/dbcounter.py:115}}
May 04 15:57:56.625735 np0000171567 devstack@n-api-meta.service[109522]: DEBUG dbcounter [-] [109522] Writing DB stats nova_cell0:SELECT=1 {{(pid=109522) stat_writer /opt/stack/data/venv/lib/python3.12/site-packages/dbcounter.py:115}}
May 04 15:57:56.629866 np0000171567 devstack@n-api-meta.service[109522]: DEBUG dbcounter [-] [109522] Writing DB stats nova_cell1:SELECT=1 {{(pid=109522) stat_writer /opt/stack/data/venv/lib/python3.12/site-packages/dbcounter.py:115}}
May 04 15:57:56.642632 np0000171567 devstack@n-api-meta.service[109521]: DEBUG dbcounter [-] [109521] Writing DB stats nova_api:SELECT=1 {{(pid=109521) stat_writer /opt/stack/data/venv/lib/python3.12/site-packages/dbcounter.py:115}}
May 04 15:57:56.655313 np0000171567 devstack@n-api-meta.service[109523]: DEBUG dbcounter [-] [109523] Writing DB stats nova_cell0:SELECT=1 {{(pid=109523) stat_writer /opt/stack/data/venv/lib/python3.12/site-packages/dbcounter.py:115}}
May 04 15:57:56.660065 np0000171567 devstack@n-api-meta.service[109523]: DEBUG dbcounter [-] [109523] Writing DB stats nova_cell1:SELECT=1 {{(pid=109523) stat_writer /opt/stack/data/venv/lib/python3.12/site-packages/dbcounter.py:115}}
May 04 15:57:56.662390 np0000171567 devstack@n-api-meta.service[109522]: DEBUG dbcounter [-] [109522] Writing DB stats nova_cell0:SELECT=2,nova_cell0:INSERT=1 {{(pid=109522) stat_writer /opt/stack/data/venv/lib/python3.12/site-packages/dbcounter.py:115}}
May 04 15:57:56.682859 np0000171567 devstack@n-api-meta.service[109523]: DEBUG dbcounter [-] [109523] Writing DB stats nova_cell0:SELECT=1 {{(pid=109523) stat_writer /opt/stack/data/venv/lib/python3.12/site-packages/dbcounter.py:115}}
May 04 15:57:56.704661 np0000171567 devstack@n-api-meta.service[109520]: DEBUG dbcounter [-] [109520] Writing DB stats nova_cell0:SELECT=1 {{(pid=109520) stat_writer /opt/stack/data/venv/lib/python3.12/site-packages/dbcounter.py:115}}
May 04 15:57:56.711371 np0000171567 devstack@n-api-meta.service[109520]: DEBUG dbcounter [-] [109520] Writing DB stats nova_cell1:SELECT=1 {{(pid=109520) stat_writer /opt/stack/data/venv/lib/python3.12/site-packages/dbcounter.py:115}}
May 04 15:57:56.730848 np0000171567 devstack@n-api-meta.service[109520]: DEBUG dbcounter [-] [109520] Writing DB stats nova_cell0:SELECT=1 {{(pid=109520) stat_writer /opt/stack/data/venv/lib/python3.12/site-packages/dbcounter.py:115}}
May 04 15:57:56.762589 np0000171567 devstack@n-api-meta.service[109521]: DEBUG dbcounter [-] [109521] Writing DB stats nova_cell0:SELECT=1 {{(pid=109521) stat_writer /opt/stack/data/venv/lib/python3.12/site-packages/dbcounter.py:115}}
May 04 15:57:56.763498 np0000171567 devstack@n-api-meta.service[109521]: DEBUG dbcounter [-] [109521] Writing DB stats nova_cell1:SELECT=1 {{(pid=109521) stat_writer /opt/stack/data/venv/lib/python3.12/site-packages/dbcounter.py:115}}
May 04 15:57:56.792533 np0000171567 devstack@n-api-meta.service[109521]: DEBUG dbcounter [-] [109521] Writing DB stats nova_cell0:SELECT=1 {{(pid=109521) stat_writer /opt/stack/data/venv/lib/python3.12/site-packages/dbcounter.py:115}}
May 04 16:02:55.091647 np0000171567 devstack@n-api-meta.service[109522]: DEBUG nova.api.metadata.handler [None req-80c13c6c-25e1-4883-86eb-d7a64ed4c399 None None] Metadata request headers: {'Host': '199.204.45.229:8775', 'User-Agent': 'python-requests/2.33.1', 'Accept-Encoding': 'gzip, deflate', 'Accept': '*/*', 'Connection': 'keep-alive', 'X-Forwarded-For': '192.168.24.51', 'X-Instance-Id': '7556c411-d6d0-41d8-be2a-9e27fe285402', 'X-Tenant-Id': '6d75dc74b1a44c49a99b802a12667144', 'X-Instance-Id-Signature': '5f1b8b5f3be8f5462060321090b000859fb75158238863d1800b102819812c1d'} {{(pid=109522) __call__ /opt/stack/nova/nova/api/metadata/handler.py:109}}
May 04 16:02:55.103657 np0000171567 devstack@n-api-meta.service[109522]: DEBUG oslo_concurrency.lockutils [None req-0dd02ee6-1e98-4ee2-996a-b5005ce44a88 None None] Acquiring lock "41ac8689-5d5f-40c4-90bc-aa97ee5248eb" by "nova.context.set_target_cell..get_or_set_cached_cell_and_set_connections" {{(pid=109522) inner /opt/stack/data/venv/lib/python3.12/site-packages/oslo_concurrency/lockutils.py:506}}
May 04 16:02:55.103810 np0000171567 devstack@n-api-meta.service[109522]: DEBUG oslo_concurrency.lockutils [None req-0dd02ee6-1e98-4ee2-996a-b5005ce44a88 None None] Lock "41ac8689-5d5f-40c4-90bc-aa97ee5248eb" acquired by "nova.context.set_target_cell..get_or_set_cached_cell_and_set_connections" :: waited 0.000s {{(pid=109522) inner /opt/stack/data/venv/lib/python3.12/site-packages/oslo_concurrency/lockutils.py:519}}
May 04 16:02:55.103989 np0000171567 devstack@n-api-meta.service[109522]: DEBUG oslo_concurrency.lockutils [None req-0dd02ee6-1e98-4ee2-996a-b5005ce44a88 None None] Lock "41ac8689-5d5f-40c4-90bc-aa97ee5248eb" "released" by "nova.context.set_target_cell..get_or_set_cached_cell_and_set_connections" :: held 0.000s {{(pid=109522) inner /opt/stack/data/venv/lib/python3.12/site-packages/oslo_concurrency/lockutils.py:538}}
May 04 16:02:55.156808 np0000171567 devstack@n-api-meta.service[109522]: WARNING neutronclient.v2_0.client [None req-0dd02ee6-1e98-4ee2-996a-b5005ce44a88 None None] The python binding code in neutronclient is deprecated in favor of OpenstackSDK, please use that as this will be removed in a future release.
May 04 16:02:55.495598 np0000171567 devstack@n-api-meta.service[109522]: [pid: 109522|app: 0|req: 1/1] 199.204.45.229 () {40 vars in 641 bytes} [Mon May 4 16:02:55 2026] GET /openstack => generated 116 bytes in 405 msecs (HTTP/1.1 200) 3 headers in 100 bytes (1 switches on core 0)
May 04 16:02:55.505319 np0000171567 devstack@n-api-meta.service[109523]: DEBUG nova.api.metadata.handler [None req-cbbd81f9-aa96-40c9-85f6-443114f5550d None None] Metadata request headers: {'Host': '199.204.45.229:8775', 'User-Agent': 'python-requests/2.33.1', 'Accept-Encoding': 'gzip, deflate', 'Accept': '*/*', 'Connection': 'keep-alive', 'X-Forwarded-For': '192.168.24.51', 'X-Instance-Id': '7556c411-d6d0-41d8-be2a-9e27fe285402', 'X-Tenant-Id': '6d75dc74b1a44c49a99b802a12667144', 'X-Instance-Id-Signature': '5f1b8b5f3be8f5462060321090b000859fb75158238863d1800b102819812c1d'} {{(pid=109523) __call__ /opt/stack/nova/nova/api/metadata/handler.py:109}}
May 04 16:02:55.508512 np0000171567 devstack@n-api-meta.service[109523]: DEBUG nova.api.metadata.handler [None req-cbbd81f9-aa96-40c9-85f6-443114f5550d None None] Using cached metadata for instance 7556c411-d6d0-41d8-be2a-9e27fe285402 {{(pid=109523) get_metadata_by_instance_id /opt/stack/nova/nova/api/metadata/handler.py:84}}
May 04 16:02:55.508949 np0000171567 devstack@n-api-meta.service[109523]: [pid: 109523|app: 0|req: 1/2] 199.204.45.229 () {40 vars in 641 bytes} [Mon May 4 16:02:55 2026] GET /openstack => generated 116 bytes in 5 msecs (HTTP/1.1 200) 3 headers in 100 bytes (1 switches on core 0)
May 04 16:02:55.516789 np0000171567 devstack@n-api-meta.service[109520]: DEBUG nova.api.metadata.handler [None req-72cb032e-8adc-4a12-a1c0-2a514be6c6df None None] Metadata request headers: {'Host': '199.204.45.229:8775', 'User-Agent': 'python-requests/2.33.1', 'Accept-Encoding': 'gzip, deflate', 'Accept': '*/*', 'Connection': 'keep-alive', 'X-Forwarded-For': '192.168.24.51', 'X-Instance-Id': '7556c411-d6d0-41d8-be2a-9e27fe285402', 'X-Tenant-Id': '6d75dc74b1a44c49a99b802a12667144', 'X-Instance-Id-Signature': '5f1b8b5f3be8f5462060321090b000859fb75158238863d1800b102819812c1d'} {{(pid=109520) __call__ /opt/stack/nova/nova/api/metadata/handler.py:109}}
May 04 16:02:55.520369 np0000171567 devstack@n-api-meta.service[109520]: DEBUG nova.api.metadata.handler [None req-72cb032e-8adc-4a12-a1c0-2a514be6c6df None None] Using cached metadata for instance 7556c411-d6d0-41d8-be2a-9e27fe285402 {{(pid=109520) get_metadata_by_instance_id /opt/stack/nova/nova/api/metadata/handler.py:84}}
May 04 16:02:55.521186 np0000171567 devstack@n-api-meta.service[109520]: [pid: 109520|app: 0|req: 1/3] 199.204.45.229 () {40 vars in 694 bytes} [Mon May 4 16:02:55 2026] GET /openstack/2018-08-27/meta_data.json => generated 946 bytes in 5 msecs (HTTP/1.1 200) 3 headers in 91 bytes (1 switches on core 0)
May 04 16:02:55.527121 np0000171567 devstack@n-api-meta.service[109521]: DEBUG nova.api.metadata.handler [None req-a4420882-2437-4243-affc-b7931dc1138e None None] Metadata request headers: {'Host': '199.204.45.229:8775', 'User-Agent': 'python-requests/2.33.1', 'Accept-Encoding': 'gzip, deflate', 'Accept': '*/*', 'Connection': 'keep-alive', 'X-Forwarded-For': '192.168.24.51', 'X-Instance-Id': '7556c411-d6d0-41d8-be2a-9e27fe285402', 'X-Tenant-Id': '6d75dc74b1a44c49a99b802a12667144', 'X-Instance-Id-Signature': '5f1b8b5f3be8f5462060321090b000859fb75158238863d1800b102819812c1d'} {{(pid=109521) __call__ /opt/stack/nova/nova/api/metadata/handler.py:109}}
May 04 16:02:55.531056 np0000171567 devstack@n-api-meta.service[109521]: DEBUG nova.api.metadata.handler [None req-a4420882-2437-4243-affc-b7931dc1138e None None] Using cached metadata for instance 7556c411-d6d0-41d8-be2a-9e27fe285402 {{(pid=109521) get_metadata_by_instance_id /opt/stack/nova/nova/api/metadata/handler.py:84}}
May 04 16:02:55.531499 np0000171567 devstack@n-api-meta.service[109521]: [pid: 109521|app: 0|req: 1/4] 199.204.45.229 () {40 vars in 684 bytes} [Mon May 4 16:02:55 2026] GET /openstack/2018-08-27/user_data => generated 26430 bytes in 5 msecs (HTTP/1.1 200) 3 headers in 102 bytes (1 switches on core 0)
May 04 16:02:55.538021 np0000171567 devstack@n-api-meta.service[109522]: DEBUG nova.api.metadata.handler [None req-0dd02ee6-1e98-4ee2-996a-b5005ce44a88 None None] Metadata request headers: {'Host': '199.204.45.229:8775', 'User-Agent': 'python-requests/2.33.1', 'Accept-Encoding': 'gzip, deflate', 'Accept': '*/*', 'Connection': 'keep-alive', 'X-Forwarded-For': '192.168.24.51', 'X-Instance-Id': '7556c411-d6d0-41d8-be2a-9e27fe285402', 'X-Tenant-Id': '6d75dc74b1a44c49a99b802a12667144', 'X-Instance-Id-Signature': '5f1b8b5f3be8f5462060321090b000859fb75158238863d1800b102819812c1d'} {{(pid=109522) __call__ /opt/stack/nova/nova/api/metadata/handler.py:109}}
May 04 16:02:55.539355 np0000171567 devstack@n-api-meta.service[109522]: DEBUG nova.api.metadata.handler [None req-0dd02ee6-1e98-4ee2-996a-b5005ce44a88 None None] Using cached metadata for instance 7556c411-d6d0-41d8-be2a-9e27fe285402 {{(pid=109522) get_metadata_by_instance_id /opt/stack/nova/nova/api/metadata/handler.py:84}}
May 04 16:02:55.539685 np0000171567 devstack@n-api-meta.service[109522]: [pid: 109522|app: 0|req: 2/5] 199.204.45.229 () {40 vars in 698 bytes} [Mon May 4 16:02:55 2026] GET /openstack/2018-08-27/vendor_data.json => generated 2 bytes in 2 msecs (HTTP/1.1 200) 3 headers in 89 bytes (1 switches on core 0)
May 04 16:02:55.545330 np0000171567 devstack@n-api-meta.service[109523]: DEBUG nova.api.metadata.handler [None req-cbbd81f9-aa96-40c9-85f6-443114f5550d None None] Metadata request headers: {'Host': '199.204.45.229:8775', 'User-Agent': 'python-requests/2.33.1', 'Accept-Encoding': 'gzip, deflate', 'Accept': '*/*', 'Connection': 'keep-alive', 'X-Forwarded-For': '192.168.24.51', 'X-Instance-Id': '7556c411-d6d0-41d8-be2a-9e27fe285402', 'X-Tenant-Id': '6d75dc74b1a44c49a99b802a12667144', 'X-Instance-Id-Signature': '5f1b8b5f3be8f5462060321090b000859fb75158238863d1800b102819812c1d'} {{(pid=109523) __call__ /opt/stack/nova/nova/api/metadata/handler.py:109}}
May 04 16:02:55.547461 np0000171567 devstack@n-api-meta.service[109523]: DEBUG nova.api.metadata.handler [None req-cbbd81f9-aa96-40c9-85f6-443114f5550d None None] Using cached metadata for instance 7556c411-d6d0-41d8-be2a-9e27fe285402 {{(pid=109523) get_metadata_by_instance_id /opt/stack/nova/nova/api/metadata/handler.py:84}}
May 04 16:02:55.547948 np0000171567 devstack@n-api-meta.service[109523]: [pid: 109523|app: 0|req: 2/6] 199.204.45.229 () {40 vars in 700 bytes} [Mon May 4 16:02:55 2026] GET /openstack/2018-08-27/vendor_data2.json => generated 14 bytes in 3 msecs (HTTP/1.1 200) 3 headers in 90 bytes (1 switches on core 0)
May 04 16:02:55.554162 np0000171567 devstack@n-api-meta.service[109520]: DEBUG nova.api.metadata.handler [None req-72cb032e-8adc-4a12-a1c0-2a514be6c6df None None] Metadata request headers: {'Host': '199.204.45.229:8775', 'User-Agent': 'python-requests/2.33.1', 'Accept-Encoding': 'gzip, deflate', 'Accept': '*/*', 'Connection': 'keep-alive', 'X-Forwarded-For': '192.168.24.51', 'X-Instance-Id': '7556c411-d6d0-41d8-be2a-9e27fe285402', 'X-Tenant-Id': '6d75dc74b1a44c49a99b802a12667144', 'X-Instance-Id-Signature': '5f1b8b5f3be8f5462060321090b000859fb75158238863d1800b102819812c1d'} {{(pid=109520) __call__ /opt/stack/nova/nova/api/metadata/handler.py:109}}
May 04 16:02:55.557231 np0000171567 devstack@n-api-meta.service[109520]: DEBUG nova.api.metadata.handler [None req-72cb032e-8adc-4a12-a1c0-2a514be6c6df None None] Using cached metadata for instance 7556c411-d6d0-41d8-be2a-9e27fe285402 {{(pid=109520) get_metadata_by_instance_id /opt/stack/nova/nova/api/metadata/handler.py:84}}
May 04 16:02:55.557834 np0000171567 devstack@n-api-meta.service[109520]: [pid: 109520|app: 0|req: 2/7] 199.204.45.229 () {40 vars in 700 bytes} [Mon May 4 16:02:55 2026] GET /openstack/2018-08-27/network_data.json => generated 348 bytes in 4 msecs (HTTP/1.1 200) 3 headers in 100 bytes (1 switches on core 0)
May 04 16:02:55.565209 np0000171567 devstack@n-api-meta.service[109521]: DEBUG nova.api.metadata.handler [None req-a4420882-2437-4243-affc-b7931dc1138e None None] Metadata request headers: {'Host': '199.204.45.229:8775', 'User-Agent': 'python-requests/2.33.1', 'Accept-Encoding': 'gzip, deflate', 'Accept': '*/*', 'Connection': 'keep-alive', 'X-Forwarded-For': '192.168.24.51', 'X-Instance-Id': '7556c411-d6d0-41d8-be2a-9e27fe285402', 'X-Tenant-Id': '6d75dc74b1a44c49a99b802a12667144', 'X-Instance-Id-Signature': '5f1b8b5f3be8f5462060321090b000859fb75158238863d1800b102819812c1d'} {{(pid=109521) __call__ /opt/stack/nova/nova/api/metadata/handler.py:109}}
May 04 16:02:55.567718 np0000171567 devstack@n-api-meta.service[109521]: DEBUG nova.api.metadata.handler [None req-a4420882-2437-4243-affc-b7931dc1138e None None] Using cached metadata for instance 7556c411-d6d0-41d8-be2a-9e27fe285402 {{(pid=109521) get_metadata_by_instance_id /opt/stack/nova/nova/api/metadata/handler.py:84}}
May 04 16:02:55.568465 np0000171567 devstack@n-api-meta.service[109521]: [pid: 109521|app: 0|req: 2/8] 199.204.45.229 () {40 vars in 658 bytes} [Mon May 4 16:02:55 2026] GET /latest/meta-data/ => generated 210 bytes in 4 msecs (HTTP/1.1 200) 3 headers in 100 bytes (1 switches on core 0)
May 04 16:02:55.575106 np0000171567 devstack@n-api-meta.service[109522]: DEBUG nova.api.metadata.handler [None req-0dd02ee6-1e98-4ee2-996a-b5005ce44a88 None None] Metadata request headers: {'Host': '199.204.45.229:8775', 'User-Agent': 'python-requests/2.33.1', 'Accept-Encoding': 'gzip, deflate', 'Accept': '*/*', 'Connection': 'keep-alive', 'X-Forwarded-For': '192.168.24.51', 'X-Instance-Id': '7556c411-d6d0-41d8-be2a-9e27fe285402', 'X-Tenant-Id': '6d75dc74b1a44c49a99b802a12667144', 'X-Instance-Id-Signature': '5f1b8b5f3be8f5462060321090b000859fb75158238863d1800b102819812c1d'} {{(pid=109522) __call__ /opt/stack/nova/nova/api/metadata/handler.py:109}}
May 04 16:02:55.576218 np0000171567 devstack@n-api-meta.service[109522]: DEBUG nova.api.metadata.handler [None req-0dd02ee6-1e98-4ee2-996a-b5005ce44a88 None None] Using cached metadata for instance 7556c411-d6d0-41d8-be2a-9e27fe285402 {{(pid=109522) get_metadata_by_instance_id /opt/stack/nova/nova/api/metadata/handler.py:84}}
May 04 16:02:55.576557 np0000171567 devstack@n-api-meta.service[109522]: [pid: 109522|app: 0|req: 3/9] 199.204.45.229 () {40 vars in 700 bytes} [Mon May 4 16:02:55 2026] GET /latest/meta-data/block-device-mapping/ => generated 8 bytes in 1 msecs (HTTP/1.1 200) 3 headers in 98 bytes (1 switches on core 0)
May 04 16:02:55.582304 np0000171567 devstack@n-api-meta.service[109523]: DEBUG nova.api.metadata.handler [None req-cbbd81f9-aa96-40c9-85f6-443114f5550d None None] Metadata request headers: {'Host': '199.204.45.229:8775', 'User-Agent': 'python-requests/2.33.1', 'Accept-Encoding': 'gzip, deflate', 'Accept': '*/*', 'Connection': 'keep-alive', 'X-Forwarded-For': '192.168.24.51', 'X-Instance-Id': '7556c411-d6d0-41d8-be2a-9e27fe285402', 'X-Tenant-Id': '6d75dc74b1a44c49a99b802a12667144', 'X-Instance-Id-Signature': '5f1b8b5f3be8f5462060321090b000859fb75158238863d1800b102819812c1d'} {{(pid=109523) __call__ /opt/stack/nova/nova/api/metadata/handler.py:109}}
May 04 16:02:55.583855 np0000171567 devstack@n-api-meta.service[109523]: DEBUG nova.api.metadata.handler [None req-cbbd81f9-aa96-40c9-85f6-443114f5550d None None] Using cached metadata for instance 7556c411-d6d0-41d8-be2a-9e27fe285402 {{(pid=109523) get_metadata_by_instance_id /opt/stack/nova/nova/api/metadata/handler.py:84}}
May 04 16:02:55.584226 np0000171567 devstack@n-api-meta.service[109523]: [pid: 109523|app: 0|req: 3/10] 199.204.45.229 () {40 vars in 706 bytes} [Mon May 4 16:02:55 2026] GET /latest/meta-data/block-device-mapping/ami => generated 3 bytes in 2 msecs (HTTP/1.1 200) 3 headers in 98 bytes (1 switches on core 0)
May 04 16:02:55.590428 np0000171567 devstack@n-api-meta.service[109520]: DEBUG nova.api.metadata.handler [None req-72cb032e-8adc-4a12-a1c0-2a514be6c6df None None] Metadata request headers: {'Host': '199.204.45.229:8775', 'User-Agent': 'python-requests/2.33.1', 'Accept-Encoding': 'gzip, deflate', 'Accept': '*/*', 'Connection': 'keep-alive', 'X-Forwarded-For': '192.168.24.51', 'X-Instance-Id': '7556c411-d6d0-41d8-be2a-9e27fe285402', 'X-Tenant-Id': '6d75dc74b1a44c49a99b802a12667144', 'X-Instance-Id-Signature': '5f1b8b5f3be8f5462060321090b000859fb75158238863d1800b102819812c1d'} {{(pid=109520) __call__ /opt/stack/nova/nova/api/metadata/handler.py:109}}
May 04 16:02:55.592972 np0000171567 devstack@n-api-meta.service[109520]: DEBUG nova.api.metadata.handler [None req-72cb032e-8adc-4a12-a1c0-2a514be6c6df None None] Using cached metadata for instance 7556c411-d6d0-41d8-be2a-9e27fe285402 {{(pid=109520) get_metadata_by_instance_id /opt/stack/nova/nova/api/metadata/handler.py:84}}
May 04 16:02:55.593554 np0000171567 devstack@n-api-meta.service[109520]: [pid: 109520|app: 0|req: 3/11] 199.204.45.229 () {40 vars in 708 bytes} [Mon May 4 16:02:55 2026] GET /latest/meta-data/block-device-mapping/root => generated 8 bytes in 3 msecs (HTTP/1.1 200) 3 headers in 98 bytes (1 switches on core 0)
May 04 16:02:55.600117 np0000171567 devstack@n-api-meta.service[109521]: DEBUG nova.api.metadata.handler [None req-a4420882-2437-4243-affc-b7931dc1138e None None] Metadata request headers: {'Host': '199.204.45.229:8775', 'User-Agent': 'python-requests/2.33.1', 'Accept-Encoding': 'gzip, deflate', 'Accept': '*/*', 'Connection': 'keep-alive', 'X-Forwarded-For': '192.168.24.51', 'X-Instance-Id': '7556c411-d6d0-41d8-be2a-9e27fe285402', 'X-Tenant-Id': '6d75dc74b1a44c49a99b802a12667144', 'X-Instance-Id-Signature': '5f1b8b5f3be8f5462060321090b000859fb75158238863d1800b102819812c1d'} {{(pid=109521) __call__ /opt/stack/nova/nova/api/metadata/handler.py:109}}
May 04 16:02:55.602588 np0000171567 devstack@n-api-meta.service[109521]: DEBUG nova.api.metadata.handler [None req-a4420882-2437-4243-affc-b7931dc1138e None None] Using cached metadata for instance 7556c411-d6d0-41d8-be2a-9e27fe285402 {{(pid=109521) get_metadata_by_instance_id /opt/stack/nova/nova/api/metadata/handler.py:84}}
May 04 16:02:55.603137 np0000171567 devstack@n-api-meta.service[109521]: [pid: 109521|app: 0|req: 3/12] 199.204.45.229 () {40 vars in 678 bytes} [Mon May 4 16:02:55 2026] GET /latest/meta-data/placement/ => generated 17 bytes in 3 msecs (HTTP/1.1 200) 3 headers in 99 bytes (1 switches on core 0)
May 04 16:02:55.609699 np0000171567 devstack@n-api-meta.service[109522]: DEBUG nova.api.metadata.handler [None req-0dd02ee6-1e98-4ee2-996a-b5005ce44a88 None None] Metadata request headers: {'Host': '199.204.45.229:8775', 'User-Agent': 'python-requests/2.33.1', 'Accept-Encoding': 'gzip, deflate', 'Accept': '*/*', 'Connection': 'keep-alive', 'X-Forwarded-For': '192.168.24.51', 'X-Instance-Id': '7556c411-d6d0-41d8-be2a-9e27fe285402', 'X-Tenant-Id': '6d75dc74b1a44c49a99b802a12667144', 'X-Instance-Id-Signature': '5f1b8b5f3be8f5462060321090b000859fb75158238863d1800b102819812c1d'} {{(pid=109522) __call__ /opt/stack/nova/nova/api/metadata/handler.py:109}}
May 04 16:02:55.610823 np0000171567 devstack@n-api-meta.service[109522]: DEBUG nova.api.metadata.handler [None req-0dd02ee6-1e98-4ee2-996a-b5005ce44a88 None None] Using cached metadata for instance 7556c411-d6d0-41d8-be2a-9e27fe285402 {{(pid=109522) get_metadata_by_instance_id /opt/stack/nova/nova/api/metadata/handler.py:84}}
May 04 16:02:55.611071 np0000171567 devstack@n-api-meta.service[109522]: [pid: 109522|app: 0|req: 4/13] 199.204.45.229 () {40 vars in 712 bytes} [Mon May 4 16:02:55 2026] GET /latest/meta-data/placement/availability-zone => generated 4 bytes in 1 msecs (HTTP/1.1 200) 3 headers in 98 bytes (1 switches on core 0)
May 04 16:02:55.618305 np0000171567 devstack@n-api-meta.service[109523]: DEBUG nova.api.metadata.handler [None req-cbbd81f9-aa96-40c9-85f6-443114f5550d None None] Metadata request headers: {'Host': '199.204.45.229:8775', 'User-Agent': 'python-requests/2.33.1', 'Accept-Encoding': 'gzip, deflate', 'Accept': '*/*', 'Connection': 'keep-alive', 'X-Forwarded-For': '192.168.24.51', 'X-Instance-Id': '7556c411-d6d0-41d8-be2a-9e27fe285402', 'X-Tenant-Id': '6d75dc74b1a44c49a99b802a12667144', 'X-Instance-Id-Signature': '5f1b8b5f3be8f5462060321090b000859fb75158238863d1800b102819812c1d'} {{(pid=109523) __call__ /opt/stack/nova/nova/api/metadata/handler.py:109}}
May 04 16:02:55.619509 np0000171567 devstack@n-api-meta.service[109523]: DEBUG nova.api.metadata.handler [None req-cbbd81f9-aa96-40c9-85f6-443114f5550d None None] Using cached metadata for instance 7556c411-d6d0-41d8-be2a-9e27fe285402 {{(pid=109523) get_metadata_by_instance_id /opt/stack/nova/nova/api/metadata/handler.py:84}}
May 04 16:02:55.619760 np0000171567 devstack@n-api-meta.service[109523]: [pid: 109523|app: 0|req: 4/14] 199.204.45.229 () {40 vars in 670 bytes} [Mon May 4 16:02:55 2026] GET /latest/meta-data/ami-id => generated 12 bytes in 1 msecs (HTTP/1.1 200) 3 headers in 99 bytes (1 switches on core 0)
May 04 16:02:55.625723 np0000171567 devstack@n-api-meta.service[109520]: DEBUG nova.api.metadata.handler [None req-72cb032e-8adc-4a12-a1c0-2a514be6c6df None None] Metadata request headers: {'Host': '199.204.45.229:8775', 'User-Agent': 'python-requests/2.33.1', 'Accept-Encoding': 'gzip, deflate', 'Accept': '*/*', 'Connection': 'keep-alive', 'X-Forwarded-For': '192.168.24.51', 'X-Instance-Id': '7556c411-d6d0-41d8-be2a-9e27fe285402', 'X-Tenant-Id': '6d75dc74b1a44c49a99b802a12667144', 'X-Instance-Id-Signature': '5f1b8b5f3be8f5462060321090b000859fb75158238863d1800b102819812c1d'} {{(pid=109520) __call__ /opt/stack/nova/nova/api/metadata/handler.py:109}}
May 04 16:02:55.628311 np0000171567 devstack@n-api-meta.service[109520]: DEBUG nova.api.metadata.handler [None req-72cb032e-8adc-4a12-a1c0-2a514be6c6df None None] Using cached metadata for instance 7556c411-d6d0-41d8-be2a-9e27fe285402 {{(pid=109520) get_metadata_by_instance_id /opt/stack/nova/nova/api/metadata/handler.py:84}}
May 04 16:02:55.629025 np0000171567 devstack@n-api-meta.service[109520]: [pid: 109520|app: 0|req: 4/15] 199.204.45.229 () {40 vars in 690 bytes} [Mon May 4 16:02:55 2026] GET /latest/meta-data/ami-launch-index => generated 1 bytes in 4 msecs (HTTP/1.1 200) 3 headers in 98 bytes (1 switches on core 0)
May 04 16:02:55.636557 np0000171567 devstack@n-api-meta.service[109521]: DEBUG nova.api.metadata.handler [None req-a4420882-2437-4243-affc-b7931dc1138e None None] Metadata request headers: {'Host': '199.204.45.229:8775', 'User-Agent': 'python-requests/2.33.1', 'Accept-Encoding': 'gzip, deflate', 'Accept': '*/*', 'Connection': 'keep-alive', 'X-Forwarded-For': '192.168.24.51', 'X-Instance-Id': '7556c411-d6d0-41d8-be2a-9e27fe285402', 'X-Tenant-Id': '6d75dc74b1a44c49a99b802a12667144', 'X-Instance-Id-Signature': '5f1b8b5f3be8f5462060321090b000859fb75158238863d1800b102819812c1d'} {{(pid=109521) __call__ /opt/stack/nova/nova/api/metadata/handler.py:109}}
May 04 16:02:55.638906 np0000171567 devstack@n-api-meta.service[109521]: DEBUG nova.api.metadata.handler [None req-a4420882-2437-4243-affc-b7931dc1138e None None] Using cached metadata for instance 7556c411-d6d0-41d8-be2a-9e27fe285402 {{(pid=109521) get_metadata_by_instance_id /opt/stack/nova/nova/api/metadata/handler.py:84}}
May 04 16:02:55.639480 np0000171567 devstack@n-api-meta.service[109521]: [pid: 109521|app: 0|req: 4/16] 199.204.45.229 () {40 vars in 692 bytes} [Mon May 4 16:02:55 2026] GET /latest/meta-data/ami-manifest-path => generated 5 bytes in 3 msecs (HTTP/1.1 200) 3 headers in 98 bytes (1 switches on core 0)
May 04 16:02:55.645097 np0000171567 devstack@n-api-meta.service[109522]: DEBUG nova.api.metadata.handler [None req-0dd02ee6-1e98-4ee2-996a-b5005ce44a88 None None] Metadata request headers: {'Host': '199.204.45.229:8775', 'User-Agent': 'python-requests/2.33.1', 'Accept-Encoding': 'gzip, deflate', 'Accept': '*/*', 'Connection': 'keep-alive', 'X-Forwarded-For': '192.168.24.51', 'X-Instance-Id': '7556c411-d6d0-41d8-be2a-9e27fe285402', 'X-Tenant-Id': '6d75dc74b1a44c49a99b802a12667144', 'X-Instance-Id-Signature': '5f1b8b5f3be8f5462060321090b000859fb75158238863d1800b102819812c1d'} {{(pid=109522) __call__ /opt/stack/nova/nova/api/metadata/handler.py:109}}
May 04 16:02:55.646534 np0000171567 devstack@n-api-meta.service[109522]: DEBUG nova.api.metadata.handler [None req-0dd02ee6-1e98-4ee2-996a-b5005ce44a88 None None] Using cached metadata for instance 7556c411-d6d0-41d8-be2a-9e27fe285402 {{(pid=109522) get_metadata_by_instance_id /opt/stack/nova/nova/api/metadata/handler.py:84}}
May 04 16:02:55.646830 np0000171567 devstack@n-api-meta.service[109522]: [pid: 109522|app: 0|req: 5/17] 199.204.45.229 () {40 vars in 674 bytes} [Mon May 4 16:02:55 2026] GET /latest/meta-data/hostname => generated 32 bytes in 2 msecs (HTTP/1.1 200) 3 headers in 99 bytes (1 switches on core 0)
May 04 16:02:55.654398 np0000171567 devstack@n-api-meta.service[109523]: DEBUG nova.api.metadata.handler [None req-cbbd81f9-aa96-40c9-85f6-443114f5550d None None] Metadata request headers: {'Host': '199.204.45.229:8775', 'User-Agent': 'python-requests/2.33.1', 'Accept-Encoding': 'gzip, deflate', 'Accept': '*/*', 'Connection': 'keep-alive', 'X-Forwarded-For': '192.168.24.51', 'X-Instance-Id': '7556c411-d6d0-41d8-be2a-9e27fe285402', 'X-Tenant-Id': '6d75dc74b1a44c49a99b802a12667144', 'X-Instance-Id-Signature': '5f1b8b5f3be8f5462060321090b000859fb75158238863d1800b102819812c1d'} {{(pid=109523) __call__ /opt/stack/nova/nova/api/metadata/handler.py:109}}
May 04 16:02:55.655603 np0000171567 devstack@n-api-meta.service[109523]: DEBUG nova.api.metadata.handler [None req-cbbd81f9-aa96-40c9-85f6-443114f5550d None None] Using cached metadata for instance 7556c411-d6d0-41d8-be2a-9e27fe285402 {{(pid=109523) get_metadata_by_instance_id /opt/stack/nova/nova/api/metadata/handler.py:84}}
May 04 16:02:55.655865 np0000171567 devstack@n-api-meta.service[109523]: [pid: 109523|app: 0|req: 5/18] 199.204.45.229 () {40 vars in 688 bytes} [Mon May 4 16:02:55 2026] GET /latest/meta-data/instance-action => generated 4 bytes in 1 msecs (HTTP/1.1 200) 3 headers in 98 bytes (1 switches on core 0)
May 04 16:02:55.662899 np0000171567 devstack@n-api-meta.service[109520]: DEBUG nova.api.metadata.handler [None req-72cb032e-8adc-4a12-a1c0-2a514be6c6df None None] Metadata request headers: {'Host': '199.204.45.229:8775', 'User-Agent': 'python-requests/2.33.1', 'Accept-Encoding': 'gzip, deflate', 'Accept': '*/*', 'Connection': 'keep-alive', 'X-Forwarded-For': '192.168.24.51', 'X-Instance-Id': '7556c411-d6d0-41d8-be2a-9e27fe285402', 'X-Tenant-Id': '6d75dc74b1a44c49a99b802a12667144', 'X-Instance-Id-Signature': '5f1b8b5f3be8f5462060321090b000859fb75158238863d1800b102819812c1d'} {{(pid=109520) __call__ /opt/stack/nova/nova/api/metadata/handler.py:109}}
May 04 16:02:55.665273 np0000171567 devstack@n-api-meta.service[109520]: DEBUG nova.api.metadata.handler [None req-72cb032e-8adc-4a12-a1c0-2a514be6c6df None None] Using cached metadata for instance 7556c411-d6d0-41d8-be2a-9e27fe285402 {{(pid=109520) get_metadata_by_instance_id /opt/stack/nova/nova/api/metadata/handler.py:84}}
May 04 16:02:55.665872 np0000171567 devstack@n-api-meta.service[109520]: [pid: 109520|app: 0|req: 5/19] 199.204.45.229 () {40 vars in 680 bytes} [Mon May 4 16:02:55 2026] GET /latest/meta-data/instance-id => generated 10 bytes in 3 msecs (HTTP/1.1 200) 3 headers in 99 bytes (1 switches on core 0)
May 04 16:02:55.673581 np0000171567 devstack@n-api-meta.service[109521]: DEBUG nova.api.metadata.handler [None req-a4420882-2437-4243-affc-b7931dc1138e None None] Metadata request headers: {'Host': '199.204.45.229:8775', 'User-Agent': 'python-requests/2.33.1', 'Accept-Encoding': 'gzip, deflate', 'Accept': '*/*', 'Connection': 'keep-alive', 'X-Forwarded-For': '192.168.24.51', 'X-Instance-Id': '7556c411-d6d0-41d8-be2a-9e27fe285402', 'X-Tenant-Id': '6d75dc74b1a44c49a99b802a12667144', 'X-Instance-Id-Signature': '5f1b8b5f3be8f5462060321090b000859fb75158238863d1800b102819812c1d'} {{(pid=109521) __call__ /opt/stack/nova/nova/api/metadata/handler.py:109}}
