2026-05-08 00:00:52.740 8 INFO neutron.api.extensions [None req-3823e709-b4e1-4277-8df9-2844ade555de - - - - - -] Extension qos-fip-network-policy not supported by any of loaded plugins
2026-05-08 00:00:52.740 7 INFO neutron.api.extensions [None req-7ba3c045-de4e-4a80-82e7-02bfae9cf3bb - - - - - -] Extension tag-ports-during-bulk-creation not supported by any of loaded plugins
2026-05-08 00:00:52.741 8 INFO neutron.api.extensions [None req-3823e709-b4e1-4277-8df9-2844ade555de - - - - - -] Loaded extension: qos-gateway-ip
2026-05-08 00:00:52.741 8 INFO neutron.api.extensions [None req-3823e709-b4e1-4277-8df9-2844ade555de - - - - - -] Loaded extension: qos-port-network-policy
2026-05-08 00:00:52.742 8 INFO neutron.api.extensions [None req-3823e709-b4e1-4277-8df9-2844ade555de - - - - - -] Loaded extension: qos-pps-minimum
2026-05-08 00:00:52.742 8 INFO neutron.api.extensions [None req-3823e709-b4e1-4277-8df9-2844ade555de - - - - - -] Loaded extension: qos-pps-minimum-rule-alias
2026-05-08 00:00:52.743 8 INFO neutron.api.extensions [None req-3823e709-b4e1-4277-8df9-2844ade555de - - - - - -] Loaded extension: qos-pps
2026-05-08 00:00:52.744 8 INFO neutron.api.extensions [None req-3823e709-b4e1-4277-8df9-2844ade555de - - - - - -] Loaded extension: qos-rule-type-details
2026-05-08 00:00:52.744 8 INFO neutron.api.extensions [None req-3823e709-b4e1-4277-8df9-2844ade555de - - - - - -] Loaded extension: qos-rule-type-filter
2026-05-08 00:00:52.744 7 INFO neutron.api.extensions [None req-7ba3c045-de4e-4a80-82e7-02bfae9cf3bb - - - - - -] Loaded extension: standard-attr-tag
2026-05-08 00:00:52.745 8 INFO neutron.api.extensions [None req-3823e709-b4e1-4277-8df9-2844ade555de - - - - - -] Loaded extension: qos-rules-alias
2026-05-08 00:00:52.745 7 INFO neutron.api.extensions [None req-7ba3c045-de4e-4a80-82e7-02bfae9cf3bb - - - - - -] Loaded extension: standard-attr-timestamp
2026-05-08 00:00:52.745 8 INFO neutron.api.extensions [None req-3823e709-b4e1-4277-8df9-2844ade555de - - - - - -] Loaded extension: quota-check-limit
2026-05-08 00:00:52.746 7 INFO neutron.api.extensions [None req-7ba3c045-de4e-4a80-82e7-02bfae9cf3bb - - - - - -] Loaded extension: trunk
2026-05-08 00:00:52.746 7 INFO neutron.api.extensions [None req-7ba3c045-de4e-4a80-82e7-02bfae9cf3bb - - - - - -] Loaded extension: trunk-details
2026-05-08 00:00:52.747 7 INFO neutron.api.extensions [None req-7ba3c045-de4e-4a80-82e7-02bfae9cf3bb - - - - - -] Extension uplink-status-propagation not supported by any of loaded plugins
2026-05-08 00:00:52.747 8 INFO neutron.api.extensions [None req-3823e709-b4e1-4277-8df9-2844ade555de - - - - - -] Loaded extension: quotas
2026-05-08 00:00:52.748 7 INFO neutron.api.extensions [None req-7ba3c045-de4e-4a80-82e7-02bfae9cf3bb - - - - - -] Extension vlan-transparent not supported by any of loaded plugins
2026-05-08 00:00:52.749 8 INFO neutron.api.extensions [None req-3823e709-b4e1-4277-8df9-2844ade555de - - - - - -] Loaded extension: quota_details
2026-05-08 00:00:52.750 7 INFO neutron.api.extensions [None req-7ba3c045-de4e-4a80-82e7-02bfae9cf3bb - - - - - -] Extension vpn-agent-scheduler not supported by any of loaded plugins
2026-05-08 00:00:52.750 8 INFO neutron.api.extensions [None req-3823e709-b4e1-4277-8df9-2844ade555de - - - - - -] Loaded extension: rbac-policies
2026-05-08 00:00:52.751 8 INFO neutron.api.extensions [None req-3823e709-b4e1-4277-8df9-2844ade555de - - - - - -] Loaded extension: rbac-address-group
2026-05-08 00:00:52.751 7 INFO neutron.api.extensions [None req-7ba3c045-de4e-4a80-82e7-02bfae9cf3bb - - - - - -] Loaded extension: vpn-endpoint-groups
2026-05-08 00:00:52.751 8 INFO neutron.api.extensions [None req-3823e709-b4e1-4277-8df9-2844ade555de - - - - - -] Loaded extension: rbac-address-scope
2026-05-08 00:00:52.751 7 INFO neutron.api.extensions [None req-7ba3c045-de4e-4a80-82e7-02bfae9cf3bb - - - - - -] Loaded extension: vpn-flavors
2026-05-08 00:00:52.752 8 INFO neutron.api.extensions [None req-3823e709-b4e1-4277-8df9-2844ade555de - - - - - -] Loaded extension: rbac-security-groups
2026-05-08 00:00:52.752 8 INFO neutron.api.extensions [None req-3823e709-b4e1-4277-8df9-2844ade555de - - - - - -] Loaded extension: rbac-subnetpool
2026-05-08 00:00:52.753 8 INFO neutron.api.extensions [None req-3823e709-b4e1-4277-8df9-2844ade555de - - - - - -] Loaded extension: revision-if-match
2026-05-08 00:00:52.753 7 INFO neutron.api.extensions [None req-7ba3c045-de4e-4a80-82e7-02bfae9cf3bb - - - - - -] Loaded extension: vpnaas
2026-05-08 00:00:52.754 8 INFO neutron.api.extensions [None req-3823e709-b4e1-4277-8df9-2844ade555de - - - - - -] Loaded extension: standard-attr-revisions
2026-05-08 00:00:52.754 8 INFO neutron.api.extensions [None req-3823e709-b4e1-4277-8df9-2844ade555de - - - - - -] Loaded extension: router_availability_zone
2026-05-08 00:00:52.755 8 INFO neutron.api.extensions [None req-3823e709-b4e1-4277-8df9-2844ade555de - - - - - -] Extension router-service-type not supported by any of loaded plugins
2026-05-08 00:00:52.756 7 INFO neutron.quota.resource_registry [None req-7ba3c045-de4e-4a80-82e7-02bfae9cf3bb - - - - - -] Creating instance of TrackedResource for resource:network
2026-05-08 00:00:52.756 7 INFO neutron.quota.resource_registry [None req-7ba3c045-de4e-4a80-82e7-02bfae9cf3bb - - - - - -] Creating instance of TrackedResource for resource:subnet
2026-05-08 00:00:52.756 7 INFO neutron.quota.resource_registry [None req-7ba3c045-de4e-4a80-82e7-02bfae9cf3bb - - - - - -] Creating instance of TrackedResource for resource:subnetpool
2026-05-08 00:00:52.756 8 INFO neutron.api.extensions [None req-3823e709-b4e1-4277-8df9-2844ade555de - - - - - -] Loaded extension: security-groups-default-rules
2026-05-08 00:00:52.756 7 INFO neutron.quota.resource_registry [None req-7ba3c045-de4e-4a80-82e7-02bfae9cf3bb - - - - - -] Creating instance of TrackedResource for resource:port
2026-05-08 00:00:52.757 8 INFO neutron.api.extensions [None req-3823e709-b4e1-4277-8df9-2844ade555de - - - - - -] Loaded extension: security-groups-normalized-cidr
2026-05-08 00:00:52.757 8 INFO neutron.api.extensions [None req-3823e709-b4e1-4277-8df9-2844ade555de - - - - - -] Loaded extension: port-security-groups-filtering
2026-05-08 00:00:52.758 8 INFO neutron.api.extensions [None req-3823e709-b4e1-4277-8df9-2844ade555de - - - - - -] Loaded extension: security-groups-remote-address-group
2026-05-08 00:00:52.758 8 INFO neutron.api.extensions [None req-3823e709-b4e1-4277-8df9-2844ade555de - - - - - -] Loaded extension: security-groups-rules-belongs-to-default-sg
2026-05-08 00:00:52.759 8 INFO neutron.api.extensions [None req-3823e709-b4e1-4277-8df9-2844ade555de - - - - - -] Loaded extension: security-groups-shared-filtering
2026-05-08 00:00:52.760 7 INFO neutron.quota.resource_registry [None req-7ba3c045-de4e-4a80-82e7-02bfae9cf3bb - - - - - -] Creating instance of TrackedResource for resource:router
2026-05-08 00:00:52.760 7 INFO neutron.quota.resource_registry [None req-7ba3c045-de4e-4a80-82e7-02bfae9cf3bb - - - - - -] Creating instance of TrackedResource for resource:floatingip
2026-05-08 00:00:52.763 8 INFO neutron.api.extensions [None req-3823e709-b4e1-4277-8df9-2844ade555de - - - - - -] Loaded extension: security-group
2026-05-08 00:00:52.765 8 INFO neutron.api.extensions [None req-3823e709-b4e1-4277-8df9-2844ade555de - - - - - -] Loaded extension: segment
2026-05-08 00:00:52.765 7 INFO neutron.quota.resource_registry [None req-7ba3c045-de4e-4a80-82e7-02bfae9cf3bb - - - - - -] Creating instance of CountableResource for resource:rbac_policy
2026-05-08 00:00:52.765 8 INFO neutron.api.extensions [None req-3823e709-b4e1-4277-8df9-2844ade555de - - - - - -] Loaded extension: segments-peer-subnet-host-routes
2026-05-08 00:00:52.766 7 INFO neutron.quota.resource_registry [None req-7ba3c045-de4e-4a80-82e7-02bfae9cf3bb - - - - - -] Creating instance of TrackedResource for resource:security_group
2026-05-08 00:00:52.766 8 INFO neutron.api.extensions [None req-3823e709-b4e1-4277-8df9-2844ade555de - - - - - -] Loaded extension: service-type
2026-05-08 00:00:52.766 7 INFO neutron.quota.resource_registry [None req-7ba3c045-de4e-4a80-82e7-02bfae9cf3bb - - - - - -] Creating instance of TrackedResource for resource:security_group_rule
2026-05-08 00:00:52.766 8 INFO neutron.api.extensions [None req-3823e709-b4e1-4277-8df9-2844ade555de - - - - - -] Loaded extension: sorting
2026-05-08 00:00:52.767 8 INFO neutron.api.extensions [None req-3823e709-b4e1-4277-8df9-2844ade555de - - - - - -] Loaded extension: standard-attr-segment
2026-05-08 00:00:52.767 7 INFO neutron.quota.resource_registry [None req-7ba3c045-de4e-4a80-82e7-02bfae9cf3bb - - - - - -] Creating instance of TrackedResource for resource:subnetpool
2026-05-08 00:00:52.767 7 WARNING neutron.quota.resource_registry [None req-7ba3c045-de4e-4a80-82e7-02bfae9cf3bb - - - - - -] subnetpool is already registered
2026-05-08 00:00:52.767 8 INFO neutron.api.extensions [None req-3823e709-b4e1-4277-8df9-2844ade555de - - - - - -] Loaded extension: standard-attr-description
2026-05-08 00:00:52.768 7 INFO neutron.quota.resource_registry [None req-7ba3c045-de4e-4a80-82e7-02bfae9cf3bb - - - - - -] Creating instance of TrackedResource for resource:subnetpool
2026-05-08 00:00:52.768 7 WARNING neutron.quota.resource_registry [None req-7ba3c045-de4e-4a80-82e7-02bfae9cf3bb - - - - - -] subnetpool is already registered
2026-05-08 00:00:52.768 8 INFO neutron.api.extensions [None req-3823e709-b4e1-4277-8df9-2844ade555de - - - - - -] Loaded extension: stateful-security-group
2026-05-08 00:00:52.768 7 INFO neutron.quota.resource_registry [None req-7ba3c045-de4e-4a80-82e7-02bfae9cf3bb - - - - - -] Creating instance of CountableResource for resource:trunk
2026-05-08 00:00:52.768 8 WARNING neutron.api.extensions [None req-3823e709-b4e1-4277-8df9-2844ade555de - - - - - -] Did not find expected name "Stdattrs_common" in /var/lib/openstack/lib/python3.12/site-packages/neutron/extensions/stdattrs_common.py
2026-05-08 00:00:52.769 7 INFO neutron.quota.resource_registry [None req-7ba3c045-de4e-4a80-82e7-02bfae9cf3bb - - - - - -] Creating instance of CountableResource for resource:endpoint_group
2026-05-08 00:00:52.769 8 INFO neutron.api.extensions [None req-3823e709-b4e1-4277-8df9-2844ade555de - - - - - -] Extension subnet-dns-publish-fixed-ip not supported by any of loaded plugins
2026-05-08 00:00:52.769 7 INFO neutron.quota.resource_registry [None req-7ba3c045-de4e-4a80-82e7-02bfae9cf3bb - - - - - -] Creating instance of CountableResource for resource:vpnservice
2026-05-08 00:00:52.769 8 INFO neutron.api.extensions [None req-3823e709-b4e1-4277-8df9-2844ade555de - - - - - -] Loaded extension: subnet-external-network
2026-05-08 00:00:52.770 7 INFO neutron.quota.resource_registry [None req-7ba3c045-de4e-4a80-82e7-02bfae9cf3bb - - - - - -] Creating instance of CountableResource for resource:ipsec_site_connection
2026-05-08 00:00:52.770 7 INFO neutron.quota.resource_registry [None req-7ba3c045-de4e-4a80-82e7-02bfae9cf3bb - - - - - -] Creating instance of CountableResource for resource:ipsecpolicy
2026-05-08 00:00:52.770 8 INFO neutron.api.extensions [None req-3823e709-b4e1-4277-8df9-2844ade555de - - - - - -] Loaded extension: subnet_onboard
2026-05-08 00:00:52.770 7 INFO neutron.quota.resource_registry [None req-7ba3c045-de4e-4a80-82e7-02bfae9cf3bb - - - - - -] Creating instance of CountableResource for resource:ikepolicy
2026-05-08 00:00:52.771 8 INFO neutron.api.extensions [None req-3823e709-b4e1-4277-8df9-2844ade555de - - - - - -] Loaded extension: subnet-segmentid-writable
2026-05-08 00:00:52.771 8 INFO neutron.api.extensions [None req-3823e709-b4e1-4277-8df9-2844ade555de - - - - - -] Loaded extension: subnet-service-types
2026-05-08 00:00:52.772 8 INFO neutron.api.extensions [None req-3823e709-b4e1-4277-8df9-2844ade555de - - - - - -] Loaded extension: subnet_allocation
2026-05-08 00:00:52.772 8 INFO neutron.api.extensions [None req-3823e709-b4e1-4277-8df9-2844ade555de - - - - - -] Loaded extension: subnetpool-prefix-ops
2026-05-08 00:00:52.773 8 INFO neutron.api.extensions [None req-3823e709-b4e1-4277-8df9-2844ade555de - - - - - -] Loaded extension: tag-creation
2026-05-08 00:00:52.773 8 INFO neutron.api.extensions [None req-3823e709-b4e1-4277-8df9-2844ade555de - - - - - -] Extension tag-ports-during-bulk-creation not supported by any of loaded plugins
2026-05-08 00:00:52.774 7 INFO neutron.quota.resource_registry [None req-7ba3c045-de4e-4a80-82e7-02bfae9cf3bb - - - - - -] Creating instance of TrackedResource for resource:router
2026-05-08 00:00:52.775 7 WARNING neutron.quota.resource_registry [None req-7ba3c045-de4e-4a80-82e7-02bfae9cf3bb - - - - - -] router is already registered
2026-05-08 00:00:52.775 7 INFO neutron.quota.resource_registry [None req-7ba3c045-de4e-4a80-82e7-02bfae9cf3bb - - - - - -] Creating instance of TrackedResource for resource:floatingip
2026-05-08 00:00:52.775 7 WARNING neutron.quota.resource_registry [None req-7ba3c045-de4e-4a80-82e7-02bfae9cf3bb - - - - - -] floatingip is already registered
2026-05-08 00:00:52.777 8 INFO neutron.api.extensions [None req-3823e709-b4e1-4277-8df9-2844ade555de - - - - - -] Loaded extension: standard-attr-tag
2026-05-08 00:00:52.778 8 INFO neutron.api.extensions [None req-3823e709-b4e1-4277-8df9-2844ade555de - - - - - -] Loaded extension: standard-attr-timestamp
2026-05-08 00:00:52.779 8 INFO neutron.api.extensions [None req-3823e709-b4e1-4277-8df9-2844ade555de - - - - - -] Loaded extension: trunk
2026-05-08 00:00:52.779 7 INFO neutron.quota.resource_registry [None req-7ba3c045-de4e-4a80-82e7-02bfae9cf3bb - - - - - -] Creating instance of CountableResource for resource:rbac_policy
2026-05-08 00:00:52.779 7 WARNING neutron.quota.resource_registry [None req-7ba3c045-de4e-4a80-82e7-02bfae9cf3bb - - - - - -] rbac_policy is already registered
2026-05-08 00:00:52.779 8 INFO neutron.api.extensions [None req-3823e709-b4e1-4277-8df9-2844ade555de - - - - - -] Loaded extension: trunk-details
2026-05-08 00:00:52.779 7 INFO neutron.quota.resource_registry [None req-7ba3c045-de4e-4a80-82e7-02bfae9cf3bb - - - - - -] Creating instance of TrackedResource for resource:security_group
2026-05-08 00:00:52.780 8 INFO neutron.api.extensions [None req-3823e709-b4e1-4277-8df9-2844ade555de - - - - - -] Extension uplink-status-propagation not supported by any of loaded plugins
2026-05-08 00:00:52.780 7 WARNING neutron.quota.resource_registry [None req-7ba3c045-de4e-4a80-82e7-02bfae9cf3bb - - - - - -] security_group is already registered
2026-05-08 00:00:52.780 7 INFO neutron.quota.resource_registry [None req-7ba3c045-de4e-4a80-82e7-02bfae9cf3bb - - - - - -] Creating instance of TrackedResource for resource:security_group_rule
2026-05-08 00:00:52.780 8 INFO neutron.api.extensions [None req-3823e709-b4e1-4277-8df9-2844ade555de - - - - - -] Extension vlan-transparent not supported by any of loaded plugins
2026-05-08 00:00:52.780 7 WARNING neutron.quota.resource_registry [None req-7ba3c045-de4e-4a80-82e7-02bfae9cf3bb - - - - - -] security_group_rule is already registered
2026-05-08 00:00:52.781 7 INFO neutron.quota.resource_registry [None req-7ba3c045-de4e-4a80-82e7-02bfae9cf3bb - - - - - -] Creating instance of TrackedResource for resource:subnetpool
2026-05-08 00:00:52.781 7 WARNING neutron.quota.resource_registry [None req-7ba3c045-de4e-4a80-82e7-02bfae9cf3bb - - - - - -] subnetpool is already registered
2026-05-08 00:00:52.782 7 INFO neutron.quota.resource_registry [None req-7ba3c045-de4e-4a80-82e7-02bfae9cf3bb - - - - - -] Creating instance of TrackedResource for resource:subnetpool
2026-05-08 00:00:52.782 7 WARNING neutron.quota.resource_registry [None req-7ba3c045-de4e-4a80-82e7-02bfae9cf3bb - - - - - -] subnetpool is already registered
2026-05-08 00:00:52.782 8 INFO neutron.api.extensions [None req-3823e709-b4e1-4277-8df9-2844ade555de - - - - - -] Extension vpn-agent-scheduler not supported by any of loaded plugins
2026-05-08 00:00:52.782 7 INFO neutron.quota.resource_registry [None req-7ba3c045-de4e-4a80-82e7-02bfae9cf3bb - - - - - -] Creating instance of CountableResource for resource:trunk
2026-05-08 00:00:52.782 7 WARNING neutron.quota.resource_registry [None req-7ba3c045-de4e-4a80-82e7-02bfae9cf3bb - - - - - -] trunk is already registered
2026-05-08 00:00:52.783 7 INFO neutron.quota.resource_registry [None req-7ba3c045-de4e-4a80-82e7-02bfae9cf3bb - - - - - -] Creating instance of CountableResource for resource:endpoint_group
2026-05-08 00:00:52.783 8 INFO neutron.api.extensions [None req-3823e709-b4e1-4277-8df9-2844ade555de - - - - - -] Loaded extension: vpn-endpoint-groups
2026-05-08 00:00:52.783 7 WARNING neutron.quota.resource_registry [None req-7ba3c045-de4e-4a80-82e7-02bfae9cf3bb - - - - - -] endpoint_group is already registered
2026-05-08 00:00:52.783 7 INFO neutron.quota.resource_registry [None req-7ba3c045-de4e-4a80-82e7-02bfae9cf3bb - - - - - -] Creating instance of CountableResource for resource:vpnservice
2026-05-08 00:00:52.783 8 INFO neutron.api.extensions [None req-3823e709-b4e1-4277-8df9-2844ade555de - - - - - -] Loaded extension: vpn-flavors
2026-05-08 00:00:52.784 7 WARNING neutron.quota.resource_registry [None req-7ba3c045-de4e-4a80-82e7-02bfae9cf3bb - - - - - -] vpnservice is already registered
2026-05-08 00:00:52.784 7 INFO neutron.quota.resource_registry [None req-7ba3c045-de4e-4a80-82e7-02bfae9cf3bb - - - - - -] Creating instance of CountableResource for resource:ipsec_site_connection
2026-05-08 00:00:52.784 7 WARNING neutron.quota.resource_registry [None req-7ba3c045-de4e-4a80-82e7-02bfae9cf3bb - - - - - -] ipsec_site_connection is already registered
2026-05-08 00:00:52.785 7 INFO neutron.quota.resource_registry [None req-7ba3c045-de4e-4a80-82e7-02bfae9cf3bb - - - - - -] Creating instance of CountableResource for resource:ipsecpolicy
2026-05-08 00:00:52.785 7 WARNING neutron.quota.resource_registry [None req-7ba3c045-de4e-4a80-82e7-02bfae9cf3bb - - - - - -] ipsecpolicy is already registered
2026-05-08 00:00:52.785 8 INFO neutron.api.extensions [None req-3823e709-b4e1-4277-8df9-2844ade555de - - - - - -] Loaded extension: vpnaas
2026-05-08 00:00:52.785 7 INFO neutron.quota.resource_registry [None req-7ba3c045-de4e-4a80-82e7-02bfae9cf3bb - - - - - -] Creating instance of CountableResource for resource:ikepolicy
2026-05-08 00:00:52.785 7 WARNING neutron.quota.resource_registry [None req-7ba3c045-de4e-4a80-82e7-02bfae9cf3bb - - - - - -] ikepolicy is already registered
2026-05-08 00:00:52.787 8 INFO neutron.quota.resource_registry [None req-3823e709-b4e1-4277-8df9-2844ade555de - - - - - -] Creating instance of TrackedResource for resource:network
2026-05-08 00:00:52.788 8 INFO neutron.quota.resource_registry [None req-3823e709-b4e1-4277-8df9-2844ade555de - - - - - -] Creating instance of TrackedResource for resource:subnet
2026-05-08 00:00:52.788 8 INFO neutron.quota.resource_registry [None req-3823e709-b4e1-4277-8df9-2844ade555de - - - - - -] Creating instance of TrackedResource for resource:subnetpool
2026-05-08 00:00:52.788 8 INFO neutron.quota.resource_registry [None req-3823e709-b4e1-4277-8df9-2844ade555de - - - - - -] Creating instance of TrackedResource for resource:port
2026-05-08 00:00:52.791 8 INFO neutron.quota.resource_registry [None req-3823e709-b4e1-4277-8df9-2844ade555de - - - - - -] Creating instance of TrackedResource for resource:router
2026-05-08 00:00:52.792 8 INFO neutron.quota.resource_registry [None req-3823e709-b4e1-4277-8df9-2844ade555de - - - - - -] Creating instance of TrackedResource for resource:floatingip
2026-05-08 00:00:52.796 8 INFO neutron.quota.resource_registry [None req-3823e709-b4e1-4277-8df9-2844ade555de - - - - - -] Creating instance of CountableResource for resource:rbac_policy
2026-05-08 00:00:52.797 8 INFO neutron.quota.resource_registry [None req-3823e709-b4e1-4277-8df9-2844ade555de - - - - - -] Creating instance of TrackedResource for resource:security_group
2026-05-08 00:00:52.797 8 INFO neutron.quota.resource_registry [None req-3823e709-b4e1-4277-8df9-2844ade555de - - - - - -] Creating instance of TrackedResource for resource:security_group_rule
2026-05-08 00:00:52.798 8 INFO neutron.quota.resource_registry [None req-3823e709-b4e1-4277-8df9-2844ade555de - - - - - -] Creating instance of TrackedResource for resource:subnetpool
2026-05-08 00:00:52.798 8 WARNING neutron.quota.resource_registry [None req-3823e709-b4e1-4277-8df9-2844ade555de - - - - - -] subnetpool is already registered
2026-05-08 00:00:52.799 8 INFO neutron.quota.resource_registry [None req-3823e709-b4e1-4277-8df9-2844ade555de - - - - - -] Creating instance of TrackedResource for resource:subnetpool
2026-05-08 00:00:52.799 8 WARNING neutron.quota.resource_registry [None req-3823e709-b4e1-4277-8df9-2844ade555de - - - - - -] subnetpool is already registered
2026-05-08 00:00:52.799 8 INFO neutron.quota.resource_registry [None req-3823e709-b4e1-4277-8df9-2844ade555de - - - - - -] Creating instance of CountableResource for resource:trunk
2026-05-08 00:00:52.800 8 INFO neutron.quota.resource_registry [None req-3823e709-b4e1-4277-8df9-2844ade555de - - - - - -] Creating instance of CountableResource for resource:endpoint_group
2026-05-08 00:00:52.800 8 INFO neutron.quota.resource_registry [None req-3823e709-b4e1-4277-8df9-2844ade555de - - - - - -] Creating instance of CountableResource for resource:vpnservice
2026-05-08 00:00:52.801 8 INFO neutron.quota.resource_registry [None req-3823e709-b4e1-4277-8df9-2844ade555de - - - - - -] Creating instance of CountableResource for resource:ipsec_site_connection
2026-05-08 00:00:52.801 8 INFO neutron.quota.resource_registry [None req-3823e709-b4e1-4277-8df9-2844ade555de - - - - - -] Creating instance of CountableResource for resource:ipsecpolicy
2026-05-08 00:00:52.802 8 INFO neutron.quota.resource_registry [None req-3823e709-b4e1-4277-8df9-2844ade555de - - - - - -] Creating instance of CountableResource for resource:ikepolicy
2026-05-08 00:00:52.805 8 INFO neutron.quota.resource_registry [None req-3823e709-b4e1-4277-8df9-2844ade555de - - - - - -] Creating instance of TrackedResource for resource:router
2026-05-08 00:00:52.806 8 WARNING neutron.quota.resource_registry [None req-3823e709-b4e1-4277-8df9-2844ade555de - - - - - -] router is already registered
2026-05-08 00:00:52.806 8 INFO neutron.quota.resource_registry [None req-3823e709-b4e1-4277-8df9-2844ade555de - - - - - -] Creating instance of TrackedResource for resource:floatingip
2026-05-08 00:00:52.806 8 WARNING neutron.quota.resource_registry [None req-3823e709-b4e1-4277-8df9-2844ade555de - - - - - -] floatingip is already registered
2026-05-08 00:00:52.810 8 INFO neutron.quota.resource_registry [None req-3823e709-b4e1-4277-8df9-2844ade555de - - - - - -] Creating instance of CountableResource for resource:rbac_policy
2026-05-08 00:00:52.810 8 WARNING neutron.quota.resource_registry [None req-3823e709-b4e1-4277-8df9-2844ade555de - - - - - -] rbac_policy is already registered
2026-05-08 00:00:52.811 8 INFO neutron.quota.resource_registry [None req-3823e709-b4e1-4277-8df9-2844ade555de - - - - - -] Creating instance of TrackedResource for resource:security_group
2026-05-08 00:00:52.811 8 WARNING neutron.quota.resource_registry [None req-3823e709-b4e1-4277-8df9-2844ade555de - - - - - -] security_group is already registered
2026-05-08 00:00:52.811 8 INFO neutron.quota.resource_registry [None req-3823e709-b4e1-4277-8df9-2844ade555de - - - - - -] Creating instance of TrackedResource for resource:security_group_rule
2026-05-08 00:00:52.811 8 WARNING neutron.quota.resource_registry [None req-3823e709-b4e1-4277-8df9-2844ade555de - - - - - -] security_group_rule is already registered
2026-05-08 00:00:52.812 8 INFO neutron.quota.resource_registry [None req-3823e709-b4e1-4277-8df9-2844ade555de - - - - - -] Creating instance of TrackedResource for resource:subnetpool
2026-05-08 00:00:52.812 8 WARNING neutron.quota.resource_registry [None req-3823e709-b4e1-4277-8df9-2844ade555de - - - - - -] subnetpool is already registered
2026-05-08 00:00:52.813 8 INFO neutron.quota.resource_registry [None req-3823e709-b4e1-4277-8df9-2844ade555de - - - - - -] Creating instance of TrackedResource for resource:subnetpool
2026-05-08 00:00:52.813 8 WARNING neutron.quota.resource_registry [None req-3823e709-b4e1-4277-8df9-2844ade555de - - - - - -] subnetpool is already registered
2026-05-08 00:00:52.813 8 INFO neutron.quota.resource_registry [None req-3823e709-b4e1-4277-8df9-2844ade555de - - - - - -] Creating instance of CountableResource for resource:trunk
2026-05-08 00:00:52.814 8 WARNING neutron.quota.resource_registry [None req-3823e709-b4e1-4277-8df9-2844ade555de - - - - - -] trunk is already registered
2026-05-08 00:00:52.814 8 INFO neutron.quota.resource_registry [None req-3823e709-b4e1-4277-8df9-2844ade555de - - - - - -] Creating instance of CountableResource for resource:endpoint_group
2026-05-08 00:00:52.814 8 WARNING neutron.quota.resource_registry [None req-3823e709-b4e1-4277-8df9-2844ade555de - - - - - -] endpoint_group is already registered
2026-05-08 00:00:52.814 8 INFO neutron.quota.resource_registry [None req-3823e709-b4e1-4277-8df9-2844ade555de - - - - - -] Creating instance of CountableResource for resource:vpnservice
2026-05-08 00:00:52.815 8 WARNING neutron.quota.resource_registry [None req-3823e709-b4e1-4277-8df9-2844ade555de - - - - - -] vpnservice is already registered
2026-05-08 00:00:52.815 8 INFO neutron.quota.resource_registry [None req-3823e709-b4e1-4277-8df9-2844ade555de - - - - - -] Creating instance of CountableResource for resource:ipsec_site_connection
2026-05-08 00:00:52.815 8 WARNING neutron.quota.resource_registry [None req-3823e709-b4e1-4277-8df9-2844ade555de - - - - - -] ipsec_site_connection is already registered
2026-05-08 00:00:52.816 8 INFO neutron.quota.resource_registry [None req-3823e709-b4e1-4277-8df9-2844ade555de - - - - - -] Creating instance of CountableResource for resource:ipsecpolicy
2026-05-08 00:00:52.816 8 WARNING neutron.quota.resource_registry [None req-3823e709-b4e1-4277-8df9-2844ade555de - - - - - -] ipsecpolicy is already registered
2026-05-08 00:00:52.816 8 INFO neutron.quota.resource_registry [None req-3823e709-b4e1-4277-8df9-2844ade555de - - - - - -] Creating instance of CountableResource for resource:ikepolicy
2026-05-08 00:00:52.816 8 WARNING neutron.quota.resource_registry [None req-3823e709-b4e1-4277-8df9-2844ade555de - - - - - -] ikepolicy is already registered
2026-05-08 00:00:52.995 7 WARNING keystonemiddleware._common.config [None req-7ba3c045-de4e-4a80-82e7-02bfae9cf3bb - - - - - -] The option "audit_map_file" is not known to keystonemiddleware
2026-05-08 00:00:53.002 7 WARNING oslo_config.cfg [None req-7ba3c045-de4e-4a80-82e7-02bfae9cf3bb - - - - - -] Deprecated: Option "auth_uri" from group "keystone_authtoken" is deprecated. Use option "www_authenticate_uri" from group "keystone_authtoken". WSGI app 0 (mountpoint='') ready in 9 seconds on interpreter 0x7f7754e85668 pid: 7 (default app)
2026-05-08 00:00:53.057 8 WARNING keystonemiddleware._common.config [None req-3823e709-b4e1-4277-8df9-2844ade555de - - - - - -] The option "audit_map_file" is not known to keystonemiddleware
2026-05-08 00:00:53.064 8 WARNING oslo_config.cfg [None req-3823e709-b4e1-4277-8df9-2844ade555de - - - - - -] Deprecated: Option "auth_uri" from group "keystone_authtoken" is deprecated. Use option "www_authenticate_uri" from group "keystone_authtoken". WSGI app 0 (mountpoint='') ready in 9 seconds on interpreter 0x7f7754e85668 pid: 8 (default app) /var/lib/openstack/lib/python3.12/site-packages/pycadf/identifier.py:71: UserWarning: Invalid uuid: unknown. To ensure interoperability, identifiers should be a valid uuid. warnings.warn(('Invalid uuid: %s. To ensure interoperability, '
2026-05-08 00:00:57.290 7 INFO neutron.pecan_wsgi.hooks.translation [None req-20a908ab-6c5e-416a-b44c-86ae850be376 70b3443995534d09881098911de01086 a4a5409bb1114a50bb31ffa1f4634588 - - default default] GET failed (client error): The resource could not be found. [pid: 7|app: 0|req: 4/4] 199.19.213.14 () {44 vars in 923 bytes} [Fri May 8 00:00:56 2026] GET /v2.0/networks/public => generated 108 bytes in 713 msecs (HTTP/1.1 404) 4 headers in 164 bytes (1 switches on core 0) /var/lib/openstack/lib/python3.12/site-packages/pycadf/identifier.py:71: UserWarning: Invalid uuid: unknown. To ensure interoperability, identifiers should be a valid uuid. warnings.warn(('Invalid uuid: %s. To ensure interoperability, ' [pid: 8|app: 0|req: 1/5] 199.19.213.14 () {44 vars in 945 bytes} [Fri May 8 00:00:57 2026] GET /v2.0/networks?name=public => generated 15 bytes in 223 msecs (HTTP/1.1 200) 4 headers in 156 bytes (1 switches on core 0)
2026-05-08 00:00:57.890 7 WARNING neutron.services.revisions.revision_plugin [None req-04a82aba-a803-4843-b07b-1a07304e1eee 70b3443995534d09881098911de01086 a4a5409bb1114a50bb31ffa1f4634588 - - default default] Could not find related network for resource to bump revision.
2026-05-08 00:00:57.929 7 INFO neutron.db.segments_db [None req-04a82aba-a803-4843-b07b-1a07304e1eee 70b3443995534d09881098911de01086 a4a5409bb1114a50bb31ffa1f4634588 - - default default] Added segment 854fb9b2-5373-4f62-b88a-7890b65d99ce of type flat for network 934f88f2-8831-411f-bf48-c185fb7738d6
2026-05-08 00:00:57.980 7 INFO neutron.pecan_wsgi.hooks.translation [None req-04a82aba-a803-4843-b07b-1a07304e1eee 70b3443995534d09881098911de01086 a4a5409bb1114a50bb31ffa1f4634588 - - default default] POST failed (client error): The resource could not be found. [pid: 7|app: 0|req: 5/6] 199.19.213.14 () {48 vars in 963 bytes} [Fri May 8 00:00:57 2026] POST /v2.0/networks => generated 124 bytes in 476 msecs (HTTP/1.1 404) 4 headers in 164 bytes (1 switches on core 0)
2026-05-08 00:01:04.217 8 INFO neutron.pecan_wsgi.hooks.translation [None req-fa358291-f2af-423d-9096-097120f600fd 70b3443995534d09881098911de01086 a4a5409bb1114a50bb31ffa1f4634588 - - default default] GET failed (client error): The resource could not be found. [pid: 8|app: 0|req: 2/7] 199.19.213.14 () {44 vars in 923 bytes} [Fri May 8 00:01:03 2026] GET /v2.0/networks/public => generated 108 bytes in 367 msecs (HTTP/1.1 404) 4 headers in 164 bytes (1 switches on core 0) [pid: 7|app: 0|req: 6/8] 199.19.213.14 () {44 vars in 945 bytes} [Fri May 8 00:01:04 2026] GET /v2.0/networks?name=public => generated 15 bytes in 24 msecs (HTTP/1.1 200) 4 headers in 156 bytes (1 switches on core 0)
2026-05-08 00:01:04.527 8 WARNING neutron.services.revisions.revision_plugin [None req-4ed7a12b-5852-46f3-ba0f-944f5162b1e4 70b3443995534d09881098911de01086 a4a5409bb1114a50bb31ffa1f4634588 - - default default] Could not find related network for resource to bump revision.
2026-05-08 00:01:04.556 8 INFO neutron.db.segments_db [None req-4ed7a12b-5852-46f3-ba0f-944f5162b1e4 70b3443995534d09881098911de01086 a4a5409bb1114a50bb31ffa1f4634588 - - default default] Added segment c2749944-484d-4d60-bdd9-f11bed1ac291 of type flat for network 6e997413-f16b-4e57-aeae-d56374471c6b
2026-05-08 00:01:04.595 8 INFO neutron.pecan_wsgi.hooks.translation [None req-4ed7a12b-5852-46f3-ba0f-944f5162b1e4 70b3443995534d09881098911de01086 a4a5409bb1114a50bb31ffa1f4634588 - - default default] POST failed (client error): The resource could not be found. [pid: 8|app: 0|req: 3/9] 199.19.213.14 () {48 vars in 963 bytes} [Fri May 8 00:01:04 2026] POST /v2.0/networks => generated 124 bytes in 362 msecs (HTTP/1.1 404) 4 headers in 164 bytes (1 switches on core 0)
2026-05-08 00:01:10.438 8 INFO neutron.pecan_wsgi.hooks.translation [None req-47387125-0eea-4b6f-948d-b3115393d72c 70b3443995534d09881098911de01086 a4a5409bb1114a50bb31ffa1f4634588 - - default default] GET failed (client error): The resource could not be found. [pid: 8|app: 0|req: 4/11] 199.19.213.14 () {44 vars in 923 bytes} [Fri May 8 00:01:10 2026] GET /v2.0/networks/public => generated 108 bytes in 39 msecs (HTTP/1.1 404) 4 headers in 164 bytes (1 switches on core 0) [pid: 7|app: 0|req: 8/12] 199.19.213.14 () {44 vars in 945 bytes} [Fri May 8 00:01:10 2026] GET /v2.0/networks?name=public => generated 15 bytes in 11 msecs (HTTP/1.1 200) 4 headers in 156 bytes (1 switches on core 0)
2026-05-08 00:01:10.507 8 WARNING neutron.services.revisions.revision_plugin [None req-9d84bedd-5ab7-4890-a839-0495a13c3271 70b3443995534d09881098911de01086 a4a5409bb1114a50bb31ffa1f4634588 - - default default] Could not find related network for resource to bump revision.
2026-05-08 00:01:10.522 8 INFO neutron.db.segments_db [None req-9d84bedd-5ab7-4890-a839-0495a13c3271 70b3443995534d09881098911de01086 a4a5409bb1114a50bb31ffa1f4634588 - - default default] Added segment 0efd619d-16d7-42d9-9d67-5d005193b709 of type flat for network 8cb3f7be-8304-42e6-96ff-cca7238ac823
2026-05-08 00:01:10.549 8 INFO neutron.pecan_wsgi.hooks.translation [None req-9d84bedd-5ab7-4890-a839-0495a13c3271 70b3443995534d09881098911de01086 a4a5409bb1114a50bb31ffa1f4634588 - - default default] POST failed (client error): The resource could not be found. [pid: 8|app: 0|req: 5/13] 199.19.213.14 () {48 vars in 963 bytes} [Fri May 8 00:01:10 2026] POST /v2.0/networks => generated 124 bytes in 102 msecs (HTTP/1.1 404) 4 headers in 164 bytes (1 switches on core 0)
2026-05-08 00:01:16.458 7 INFO neutron.pecan_wsgi.hooks.translation [None req-839c8ea9-dc79-4fee-87d6-afa0e8041b1a 70b3443995534d09881098911de01086 a4a5409bb1114a50bb31ffa1f4634588 - - default default] GET failed (client error): The resource could not be found. [pid: 7|app: 0|req: 9/14] 199.19.213.14 () {44 vars in 923 bytes} [Fri May 8 00:01:16 2026] GET /v2.0/networks/public => generated 108 bytes in 44 msecs (HTTP/1.1 404) 4 headers in 164 bytes (1 switches on core 0) [pid: 8|app: 0|req: 6/15] 199.19.213.14 () {44 vars in 945 bytes} [Fri May 8 00:01:16 2026] GET /v2.0/networks?name=public => generated 15 bytes in 13 msecs (HTTP/1.1 200) 4 headers in 156 bytes (1 switches on core 0)
2026-05-08 00:01:16.528 7 WARNING neutron.services.revisions.revision_plugin [None req-973dade4-cd0d-4048-80f0-6ee487c71a56 70b3443995534d09881098911de01086 a4a5409bb1114a50bb31ffa1f4634588 - - default default] Could not find related network for resource to bump revision.
2026-05-08 00:01:16.545 7 INFO neutron.db.segments_db [None req-973dade4-cd0d-4048-80f0-6ee487c71a56 70b3443995534d09881098911de01086 a4a5409bb1114a50bb31ffa1f4634588 - - default default] Added segment 22f389a7-4928-43fd-b0c1-e9286b89c983 of type flat for network 6e39562d-b657-4075-a715-f6697897172a
2026-05-08 00:01:16.564 7 INFO neutron.pecan_wsgi.hooks.translation [None req-973dade4-cd0d-4048-80f0-6ee487c71a56 70b3443995534d09881098911de01086 a4a5409bb1114a50bb31ffa1f4634588 - - default default] POST failed (client error): The resource could not be found. [pid: 7|app: 0|req: 10/16] 199.19.213.14 () {48 vars in 963 bytes} [Fri May 8 00:01:16 2026] POST /v2.0/networks => generated 124 bytes in 95 msecs (HTTP/1.1 404) 4 headers in 164 bytes (1 switches on core 0)
2026-05-08 00:01:22.471 7 INFO neutron.pecan_wsgi.hooks.translation [None req-0d1d5765-81c6-4a7a-8b7f-c37c03065166 70b3443995534d09881098911de01086 a4a5409bb1114a50bb31ffa1f4634588 - - default default] GET failed (client error): The resource could not be found. [pid: 7|app: 0|req: 11/18] 199.19.213.14 () {44 vars in 923 bytes} [Fri May 8 00:01:22 2026] GET /v2.0/networks/public => generated 108 bytes in 69 msecs (HTTP/1.1 404) 4 headers in 164 bytes (1 switches on core 0) [pid: 8|app: 0|req: 8/19] 199.19.213.14 () {44 vars in 945 bytes} [Fri May 8 00:01:22 2026] GET /v2.0/networks?name=public => generated 15 bytes in 14 msecs (HTTP/1.1 200) 4 headers in 156 bytes (1 switches on core 0)
2026-05-08 00:01:22.548 7 WARNING neutron.services.revisions.revision_plugin [None req-c7e153c0-0640-4b68-b9ed-544ec78009a7 70b3443995534d09881098911de01086 a4a5409bb1114a50bb31ffa1f4634588 - - default default] Could not find related network for resource to bump revision.
2026-05-08 00:01:22.574 7 INFO neutron.db.segments_db [None req-c7e153c0-0640-4b68-b9ed-544ec78009a7 70b3443995534d09881098911de01086 a4a5409bb1114a50bb31ffa1f4634588 - - default default] Added segment 39823132-7252-4a41-a6f4-806d43a5c800 of type flat for network c95e74ea-01f8-4eac-addc-8763ca8080fd
2026-05-08 00:01:22.599 7 INFO neutron.pecan_wsgi.hooks.translation [None req-c7e153c0-0640-4b68-b9ed-544ec78009a7 70b3443995534d09881098911de01086 a4a5409bb1114a50bb31ffa1f4634588 - - default default] POST failed (client error): The resource could not be found. [pid: 7|app: 0|req: 12/20] 199.19.213.14 () {48 vars in 963 bytes} [Fri May 8 00:01:22 2026] POST /v2.0/networks => generated 124 bytes in 115 msecs (HTTP/1.1 404) 4 headers in 164 bytes (1 switches on core 0)
2026-05-08 00:01:28.460 8 INFO neutron.pecan_wsgi.hooks.translation [None req-2911fd4d-4dec-4370-91dc-7385a8ec5ba0 70b3443995534d09881098911de01086 a4a5409bb1114a50bb31ffa1f4634588 - - default default] GET failed (client error): The resource could not be found. [pid: 8|app: 0|req: 9/21] 199.19.213.14 () {44 vars in 923 bytes} [Fri May 8 00:01:28 2026] GET /v2.0/networks/public => generated 108 bytes in 51 msecs (HTTP/1.1 404) 4 headers in 164 bytes (1 switches on core 0) [pid: 7|app: 0|req: 13/22] 199.19.213.14 () {44 vars in 945 bytes} [Fri May 8 00:01:28 2026] GET /v2.0/networks?name=public => generated 15 bytes in 15 msecs (HTTP/1.1 200) 4 headers in 156 bytes (1 switches on core 0)
2026-05-08 00:01:28.542 8 WARNING neutron.services.revisions.revision_plugin [None req-cd126628-d84a-4d41-9036-5162feef27ca 70b3443995534d09881098911de01086 a4a5409bb1114a50bb31ffa1f4634588 - - default default] Could not find related network for resource to bump revision.
2026-05-08 00:01:28.565 8 INFO neutron.db.segments_db [None req-cd126628-d84a-4d41-9036-5162feef27ca 70b3443995534d09881098911de01086 a4a5409bb1114a50bb31ffa1f4634588 - - default default] Added segment 4db53a2b-6738-482d-9946-8133f8c053a5 of type flat for network fcd9fa62-01cf-428b-bdb3-a7806d45a21b [pid: 8|app: 0|req: 10/23] 199.19.213.14 () {48 vars in 963 bytes} [Fri May 8 00:01:28 2026] POST /v2.0/networks => generated 706 bytes in 239 msecs (HTTP/1.1 201) 4 headers in 162 bytes (1 switches on core 0)
2026-05-08 00:01:30.000 7 INFO neutron.pecan_wsgi.hooks.translation [None req-f2a50fed-3f77-41fb-8c01-175e1480c7bc 70b3443995534d09881098911de01086 a4a5409bb1114a50bb31ffa1f4634588 - - default default] GET failed (client error): The resource could not be found. [pid: 7|app: 0|req: 14/24] 199.19.213.14 () {44 vars in 923 bytes} [Fri May 8 00:01:29 2026] GET /v2.0/networks/public => generated 108 bytes in 78 msecs (HTTP/1.1 404) 4 headers in 164 bytes (1 switches on core 0) [pid: 8|app: 0|req: 11/25] 199.19.213.14 () {44 vars in 945 bytes} [Fri May 8 00:01:30 2026] GET /v2.0/networks?name=public => generated 709 bytes in 36 msecs (HTTP/1.1 200) 4 headers in 157 bytes (1 switches on core 0)
2026-05-08 00:01:30.069 7 INFO neutron.pecan_wsgi.hooks.translation [None req-eddb40b2-26d3-4a69-ae0c-988208d01dc7 70b3443995534d09881098911de01086 a4a5409bb1114a50bb31ffa1f4634588 - - default default] GET failed (client error): The resource could not be found. [pid: 7|app: 0|req: 15/26] 199.19.213.14 () {44 vars in 1030 bytes} [Fri May 8 00:01:30 2026] GET /v2.0/subnets/public-subnet?network_id=fcd9fa62-01cf-428b-bdb3-a7806d45a21b => generated 113 bytes in 19 msecs (HTTP/1.1 404) 4 headers in 164 bytes (1 switches on core 0) [pid: 8|app: 0|req: 12/27] 199.19.213.14 () {44 vars in 1053 bytes} [Fri May 8 00:01:30 2026] GET /v2.0/subnets?name=public-subnet&network_id=fcd9fa62-01cf-428b-bdb3-a7806d45a21b => generated 14 bytes in 24 msecs (HTTP/1.1 200) 4 headers in 156 bytes (1 switches on core 0) [pid: 7|app: 0|req: 16/28] 199.19.213.14 () {48 vars in 961 bytes} [Fri May 8 00:01:30 2026] POST /v2.0/subnets => generated 664 bytes in 386 msecs (HTTP/1.1 201) 4 headers in 162 bytes (1 switches on core 0)
2026-05-08 00:06:17.535 8 ERROR oslo.messaging._drivers.impl_rabbit [-] [16f11da6-7cae-4d4d-b118-e0709c79f2a6] AMQP server on rabbitmq-neutron.openstack.svc.cluster.local:5672 is unreachable: . Trying again in 1 seconds.: amqp.exceptions.RecoverableConnectionError:
2026-05-08 00:06:17.536 8 INFO oslo.messaging._drivers.impl_rabbit [-] A recoverable connection/channel error occurred, trying to reconnect: Server unexpectedly closed connection Fri May 8 00:06:17 2026 - SIGPIPE: writing to a closed pipe/socket/fd (probably the client disconnected) on request /v2.0/networks/lb-mgmt-net (ip 199.19.213.14) !!!
2026-05-08 00:06:17.655 8 INFO neutron.pecan_wsgi.hooks.translation [None req-64235add-e5a5-4a40-a604-c0334a805e19 70b3443995534d09881098911de01086 a4a5409bb1114a50bb31ffa1f4634588 - - default default] GET failed (client error): The resource could not be found. [pid: 8|app: 0|req: 32/66] 199.19.213.14 () {44 vars in 933 bytes} [Fri May 8 00:06:17 2026] GET /v2.0/networks/lb-mgmt-net => generated 113 bytes in 130 msecs (HTTP/1.1 404) 4 headers in 164 bytes (1 switches on core 0)
2026-05-08 00:06:17.672 7 ERROR oslo.messaging._drivers.impl_rabbit [-] [320b197f-bb90-4dde-a153-881c80e2ccf7] AMQP server on rabbitmq-neutron.openstack.svc.cluster.local:5672 is unreachable: . Trying again in 1 seconds.: amqp.exceptions.RecoverableConnectionError:
2026-05-08 00:06:17.673 7 INFO oslo.messaging._drivers.impl_rabbit [-] A recoverable connection/channel error occurred, trying to reconnect: Server unexpectedly closed connection Fri May 8 00:06:17 2026 - SIGPIPE: writing to a closed pipe/socket/fd (probably the client disconnected) on request /v2.0/networks?name=lb-mgmt-net (ip 199.19.213.14) !!! [pid: 7|app: 0|req: 35/67] 199.19.213.14 () {44 vars in 955 bytes} [Fri May 8 00:06:17 2026] GET /v2.0/networks?name=lb-mgmt-net => generated 15 bytes in 32 msecs (HTTP/1.1 200) 4 headers in 156 bytes (1 switches on core 0)
2026-05-08 00:06:17.757 8 INFO neutron.db.segments_db [None req-4dd1a68e-a5e6-4110-908b-c8f6d31b5239 70b3443995534d09881098911de01086 a4a5409bb1114a50bb31ffa1f4634588 - - default default] Added segment 4b2b6598-9353-4056-b99d-5fe89d9efeb2 of type vxlan for network d6acb8b4-d331-4685-b1f7-9c651cf7044c [pid: 8|app: 0|req: 33/68] 199.19.213.14 () {48 vars in 962 bytes} [Fri May 8 00:06:17 2026] POST /v2.0/networks => generated 707 bytes in 143 msecs (HTTP/1.1 201) 4 headers in 162 bytes (1 switches on core 0)
2026-05-08 00:06:18.766 7 INFO oslo.messaging._drivers.impl_rabbit [-] [320b197f-bb90-4dde-a153-881c80e2ccf7] Reconnected to AMQP server on rabbitmq-neutron.openstack.svc.cluster.local:5672 via [amqp] client with port 44174.
2026-05-08 00:06:18.811 7 INFO neutron.pecan_wsgi.hooks.translation [None req-bb571a6d-bd2f-49ab-ae01-514b2226458c 70b3443995534d09881098911de01086 a4a5409bb1114a50bb31ffa1f4634588 - - default default] GET failed (client error): The resource could not be found. [pid: 7|app: 0|req: 36/69] 199.19.213.14 () {44 vars in 933 bytes} [Fri May 8 00:06:18 2026] GET /v2.0/networks/lb-mgmt-net => generated 113 bytes in 71 msecs (HTTP/1.1 404) 4 headers in 164 bytes (1 switches on core 0) [pid: 8|app: 0|req: 34/70] 199.19.213.14 () {44 vars in 955 bytes} [Fri May 8 00:06:18 2026] GET /v2.0/networks?name=lb-mgmt-net => generated 691 bytes in 37 msecs (HTTP/1.1 200) 4 headers in 157 bytes (1 switches on core 0)
2026-05-08 00:06:18.877 7 INFO neutron.pecan_wsgi.hooks.translation [None req-a099e10f-4cca-4276-a27a-9f418d2d7e4e 70b3443995534d09881098911de01086 a4a5409bb1114a50bb31ffa1f4634588 - - default default] GET failed (client error): The resource could not be found. [pid: 7|app: 0|req: 37/71] 199.19.213.14 () {44 vars in 1032 bytes} [Fri May 8 00:06:18 2026] GET /v2.0/subnets/lb-mgmt-subnet?network_id=d6acb8b4-d331-4685-b1f7-9c651cf7044c => generated 114 bytes in 14 msecs (HTTP/1.1 404) 4 headers in 164 bytes (1 switches on core 0)
2026-05-08 00:06:18.885 8 INFO oslo.messaging._drivers.impl_rabbit [-] [16f11da6-7cae-4d4d-b118-e0709c79f2a6] Reconnected to AMQP server on rabbitmq-neutron.openstack.svc.cluster.local:5672 via [amqp] client with port 44182. [pid: 8|app: 0|req: 35/72] 199.19.213.14 () {44 vars in 1055 bytes} [Fri May 8 00:06:18 2026] GET /v2.0/subnets?name=lb-mgmt-subnet&network_id=d6acb8b4-d331-4685-b1f7-9c651cf7044c => generated 14 bytes in 16 msecs (HTTP/1.1 200) 4 headers in 156 bytes (1 switches on core 0) [pid: 7|app: 0|req: 38/73] 199.19.213.14 () {48 vars in 961 bytes} [Fri May 8 00:06:18 2026] POST /v2.0/subnets => generated 651 bytes in 194 msecs (HTTP/1.1 201) 4 headers in 162 bytes (1 switches on core 0)
