2026-07-16 01:39:26.544 7 INFO placement.requestlog [None req-49b69e00-4406-42e7-b67d-2c787df1993a 1af651ec0cc14b5c88a082a048a73873 2f620ccd72a1407da39f58965dd2a6a3 - - dc999864ac9e4c2989739d86ec8cd58b dc999864ac9e4c2989739d86ec8cd58b] 10.0.0.66 "DELETE /resource_providers/f177614e-a5e3-4405-a0a9-dbf85556b776" status: 404 len: 246 microversion: 1.1 [pid: 7|app: 0|req: 468/943] 10.0.0.66 () {34 vars in 815 bytes} [Thu Jul 16 01:39:26 2026] DELETE /resource_providers/f177614e-a5e3-4405-a0a9-dbf85556b776 => generated 246 bytes in 24 msecs (HTTP/1.1 404) 6 headers in 231 bytes (1 switches on core 0)
2026-07-16 01:39:30.587 7 INFO placement.requestlog [None req-14dde745-d211-45d1-960b-aa930ba8fe5e - - - - - -] 10.0.0.67 "GET /" status: 200 len: 136 microversion: 1.0
2026-07-16 01:39:30.588 8 INFO placement.requestlog [None req-9be5cfbf-1808-4476-9424-1c3c55589df8 - - - - - -] 10.0.0.67 "GET /" status: 200 len: 136 microversion: 1.0
2026-07-16 01:39:32.038 7 INFO placement.requestlog [req-9a428bc7-ffd0-42e1-81a3-4d81d8fa4022 req-d8c7f16f-ae04-4770-9bc3-b7fa6bcc70e6 4681513c636f4196acf63b1b9eef449d 2f620ccd72a1407da39f58965dd2a6a3 - - dc999864ac9e4c2989739d86ec8cd58b dc999864ac9e4c2989739d86ec8cd58b] 199.204.45.116 "GET /resource_providers/0829c9b4-4a84-4063-8ab5-c8cc7128030f/allocations" status: 200 len: 54 microversion: 1.0 [pid: 7|app: 0|req: 470/946] 199.204.45.116 () {32 vars in 857 bytes} [Thu Jul 16 01:39:31 2026] GET /resource_providers/0829c9b4-4a84-4063-8ab5-c8cc7128030f/allocations => generated 54 bytes in 256 msecs (HTTP/1.1 200) 6 headers in 223 bytes (1 switches on core 0)
2026-07-16 01:39:32.061 8 INFO placement.requestlog [req-9a428bc7-ffd0-42e1-81a3-4d81d8fa4022 req-dded5443-140f-4cad-8d66-f56db8ddde7e 4681513c636f4196acf63b1b9eef449d 2f620ccd72a1407da39f58965dd2a6a3 - - dc999864ac9e4c2989739d86ec8cd58b dc999864ac9e4c2989739d86ec8cd58b] 199.204.45.116 "GET /resource_providers?in_tree=0829c9b4-4a84-4063-8ab5-c8cc7128030f" status: 200 len: 797 microversion: 1.14 [pid: 8|app: 0|req: 477/947] 199.204.45.116 () {34 vars in 892 bytes} [Thu Jul 16 01:39:32 2026] GET /resource_providers?in_tree=0829c9b4-4a84-4063-8ab5-c8cc7128030f => generated 797 bytes in 17 msecs (HTTP/1.1 200) 6 headers in 225 bytes (1 switches on core 0)
2026-07-16 01:39:32.082 7 INFO placement.requestlog [req-9a428bc7-ffd0-42e1-81a3-4d81d8fa4022 req-759a6f5e-3f75-46f8-8966-51c932e7c679 4681513c636f4196acf63b1b9eef449d 2f620ccd72a1407da39f58965dd2a6a3 - - dc999864ac9e4c2989739d86ec8cd58b dc999864ac9e4c2989739d86ec8cd58b] 199.204.45.116 "GET /resource_providers/0829c9b4-4a84-4063-8ab5-c8cc7128030f/inventories" status: 200 len: 400 microversion: 1.0 [pid: 7|app: 0|req: 471/948] 199.204.45.116 () {32 vars in 857 bytes} [Thu Jul 16 01:39:32 2026] GET /resource_providers/0829c9b4-4a84-4063-8ab5-c8cc7128030f/inventories => generated 400 bytes in 14 msecs (HTTP/1.1 200) 6 headers in 224 bytes (1 switches on core 0)
2026-07-16 01:39:32.098 8 INFO placement.requestlog [req-9a428bc7-ffd0-42e1-81a3-4d81d8fa4022 req-28bca39c-f8e6-461f-a9e7-62c7bdfef7b2 4681513c636f4196acf63b1b9eef449d 2f620ccd72a1407da39f58965dd2a6a3 - - dc999864ac9e4c2989739d86ec8cd58b dc999864ac9e4c2989739d86ec8cd58b] 199.204.45.116 "GET /resource_providers/0829c9b4-4a84-4063-8ab5-c8cc7128030f/aggregates" status: 200 len: 53 microversion: 1.19 [pid: 8|app: 0|req: 478/949] 199.204.45.116 () {34 vars in 899 bytes} [Thu Jul 16 01:39:32 2026] GET /resource_providers/0829c9b4-4a84-4063-8ab5-c8cc7128030f/aggregates => generated 53 bytes in 9 msecs (HTTP/1.1 200) 8 headers in 295 bytes (1 switches on core 0)
2026-07-16 01:39:32.119 7 INFO placement.requestlog [req-9a428bc7-ffd0-42e1-81a3-4d81d8fa4022 req-4dee35e9-b33c-4a7a-965a-79ea9bbbb375 4681513c636f4196acf63b1b9eef449d 2f620ccd72a1407da39f58965dd2a6a3 - - dc999864ac9e4c2989739d86ec8cd58b dc999864ac9e4c2989739d86ec8cd58b] 199.204.45.116 "GET /resource_providers/0829c9b4-4a84-4063-8ab5-c8cc7128030f/traits" status: 200 len: 1977 microversion: 1.6 [pid: 7|app: 0|req: 472/950] 199.204.45.116 () {34 vars in 890 bytes} [Thu Jul 16 01:39:32 2026] GET /resource_providers/0829c9b4-4a84-4063-8ab5-c8cc7128030f/traits => generated 1977 bytes in 16 msecs (HTTP/1.1 200) 6 headers in 225 bytes (1 switches on core 0)
2026-07-16 01:39:32.139 8 INFO placement.requestlog [req-9a428bc7-ffd0-42e1-81a3-4d81d8fa4022 req-7c8761db-3911-4d27-acbf-10ffed92ab95 4681513c636f4196acf63b1b9eef449d 2f620ccd72a1407da39f58965dd2a6a3 - - dc999864ac9e4c2989739d86ec8cd58b dc999864ac9e4c2989739d86ec8cd58b] 199.204.45.116 "GET /resource_providers/0829c9b4-4a84-4063-8ab5-c8cc7128030f/allocations" status: 200 len: 54 microversion: 1.0 [pid: 8|app: 0|req: 479/951] 199.204.45.116 () {32 vars in 857 bytes} [Thu Jul 16 01:39:32 2026] GET /resource_providers/0829c9b4-4a84-4063-8ab5-c8cc7128030f/allocations => generated 54 bytes in 13 msecs (HTTP/1.1 200) 6 headers in 223 bytes (1 switches on core 0)
2026-07-16 01:39:35.765 7 INFO placement.requestlog [None req-2942ac8a-3506-4580-bf96-afe0c30a85fb 1af651ec0cc14b5c88a082a048a73873 2f620ccd72a1407da39f58965dd2a6a3 - - dc999864ac9e4c2989739d86ec8cd58b dc999864ac9e4c2989739d86ec8cd58b] 10.0.0.66 "GET /resource_providers/c1f20a43-1c55-4c69-8d04-bff9775a723b/aggregates" status: 404 len: 235 microversion: 1.1 [pid: 7|app: 0|req: 473/952] 10.0.0.66 () {32 vars in 815 bytes} [Thu Jul 16 01:39:35 2026] GET /resource_providers/c1f20a43-1c55-4c69-8d04-bff9775a723b/aggregates => generated 235 bytes in 12 msecs (HTTP/1.1 404) 5 headers in 202 bytes (1 switches on core 0)
2026-07-16 01:39:35.766 8 INFO placement.requestlog [None req-b8ba7871-e4c3-4078-9b00-6d5027e5f83b 1af651ec0cc14b5c88a082a048a73873 2f620ccd72a1407da39f58965dd2a6a3 - - dc999864ac9e4c2989739d86ec8cd58b dc999864ac9e4c2989739d86ec8cd58b] 10.0.0.66 "GET /resource_providers/c1f20a43-1c55-4c69-8d04-bff9775a723b/aggregates" status: 404 len: 235 microversion: 1.1 [pid: 8|app: 0|req: 480/953] 10.0.0.66 () {32 vars in 815 bytes} [Thu Jul 16 01:39:35 2026] GET /resource_providers/c1f20a43-1c55-4c69-8d04-bff9775a723b/aggregates => generated 235 bytes in 9 msecs (HTTP/1.1 404) 5 headers in 202 bytes (1 switches on core 0)
2026-07-16 01:39:35.787 8 INFO placement.requestlog [None req-1646e827-39ab-4127-91f9-9846325d8c5c 1af651ec0cc14b5c88a082a048a73873 2f620ccd72a1407da39f58965dd2a6a3 - - dc999864ac9e4c2989739d86ec8cd58b dc999864ac9e4c2989739d86ec8cd58b] 10.0.0.66 "DELETE /resource_providers/c1f20a43-1c55-4c69-8d04-bff9775a723b" status: 404 len: 246 microversion: 1.1 [pid: 8|app: 0|req: 481/954] 10.0.0.66 () {34 vars in 815 bytes} [Thu Jul 16 01:39:35 2026] DELETE /resource_providers/c1f20a43-1c55-4c69-8d04-bff9775a723b => generated 246 bytes in 6 msecs (HTTP/1.1 404) 6 headers in 231 bytes (1 switches on core 0)
2026-07-16 01:39:35.789 7 INFO placement.requestlog [None req-f9fe64c0-8179-4cdb-9933-c4abb48e2cbe 1af651ec0cc14b5c88a082a048a73873 2f620ccd72a1407da39f58965dd2a6a3 - - dc999864ac9e4c2989739d86ec8cd58b dc999864ac9e4c2989739d86ec8cd58b] 10.0.0.66 "DELETE /resource_providers/c1f20a43-1c55-4c69-8d04-bff9775a723b" status: 404 len: 246 microversion: 1.1 [pid: 7|app: 0|req: 474/955] 10.0.0.66 () {34 vars in 815 bytes} [Thu Jul 16 01:39:35 2026] DELETE /resource_providers/c1f20a43-1c55-4c69-8d04-bff9775a723b => generated 246 bytes in 10 msecs (HTTP/1.1 404) 6 headers in 231 bytes (1 switches on core 0)
2026-07-16 01:39:37.809 8 INFO placement.requestlog [None req-847c3564-9197-4831-8b09-2f5cff69f5c0 1af651ec0cc14b5c88a082a048a73873 2f620ccd72a1407da39f58965dd2a6a3 - - dc999864ac9e4c2989739d86ec8cd58b dc999864ac9e4c2989739d86ec8cd58b] 10.0.0.66 "GET /resource_providers/e7e9c793-f197-4a8b-80be-81882355e821/aggregates" status: 404 len: 235 microversion: 1.1 [pid: 8|app: 0|req: 482/956] 10.0.0.66 () {32 vars in 815 bytes} [Thu Jul 16 01:39:37 2026] GET /resource_providers/e7e9c793-f197-4a8b-80be-81882355e821/aggregates => generated 235 bytes in 8 msecs (HTTP/1.1 404) 5 headers in 202 bytes (1 switches on core 0)
2026-07-16 01:39:37.813 7 INFO placement.requestlog [None req-31fc9231-8a49-454e-bfac-2fa87a8948ab 1af651ec0cc14b5c88a082a048a73873 2f620ccd72a1407da39f58965dd2a6a3 - - dc999864ac9e4c2989739d86ec8cd58b dc999864ac9e4c2989739d86ec8cd58b] 10.0.0.66 "GET /resource_providers/e7e9c793-f197-4a8b-80be-81882355e821/aggregates" status: 404 len: 235 microversion: 1.1 [pid: 7|app: 0|req: 475/957] 10.0.0.66 () {32 vars in 815 bytes} [Thu Jul 16 01:39:37 2026] GET /resource_providers/e7e9c793-f197-4a8b-80be-81882355e821/aggregates => generated 235 bytes in 10 msecs (HTTP/1.1 404) 5 headers in 202 bytes (1 switches on core 0)
2026-07-16 01:39:37.828 8 INFO placement.requestlog [None req-6c334a17-db44-4f8f-8e08-1edec4f30ef4 1af651ec0cc14b5c88a082a048a73873 2f620ccd72a1407da39f58965dd2a6a3 - - dc999864ac9e4c2989739d86ec8cd58b dc999864ac9e4c2989739d86ec8cd58b] 10.0.0.66 "DELETE /resource_providers/e7e9c793-f197-4a8b-80be-81882355e821" status: 404 len: 246 microversion: 1.1 [pid: 8|app: 0|req: 483/958] 10.0.0.66 () {34 vars in 815 bytes} [Thu Jul 16 01:39:37 2026] DELETE /resource_providers/e7e9c793-f197-4a8b-80be-81882355e821 => generated 246 bytes in 10 msecs (HTTP/1.1 404) 6 headers in 231 bytes (1 switches on core 0)
2026-07-16 01:39:37.833 7 INFO placement.requestlog [None req-5b68ee78-5d20-4154-8b26-116466a4a743 1af651ec0cc14b5c88a082a048a73873 2f620ccd72a1407da39f58965dd2a6a3 - - dc999864ac9e4c2989739d86ec8cd58b dc999864ac9e4c2989739d86ec8cd58b] 10.0.0.66 "DELETE /resource_providers/e7e9c793-f197-4a8b-80be-81882355e821" status: 404 len: 246 microversion: 1.1 [pid: 7|app: 0|req: 476/959] 10.0.0.66 () {34 vars in 815 bytes} [Thu Jul 16 01:39:37 2026] DELETE /resource_providers/e7e9c793-f197-4a8b-80be-81882355e821 => generated 246 bytes in 8 msecs (HTTP/1.1 404) 6 headers in 231 bytes (1 switches on core 0)
2026-07-16 01:39:37.848 8 INFO placement.requestlog [None req-516a94bf-eccb-45db-904c-7342b55cbc13 1af651ec0cc14b5c88a082a048a73873 2f620ccd72a1407da39f58965dd2a6a3 - - dc999864ac9e4c2989739d86ec8cd58b dc999864ac9e4c2989739d86ec8cd58b] 10.0.0.66 "GET /resource_providers/32b32552-40b8-4f71-a427-f3ed8c1ead59/aggregates" status: 404 len: 235 microversion: 1.1 [pid: 8|app: 0|req: 484/960] 10.0.0.66 () {32 vars in 815 bytes} [Thu Jul 16 01:39:37 2026] GET /resource_providers/32b32552-40b8-4f71-a427-f3ed8c1ead59/aggregates => generated 235 bytes in 8 msecs (HTTP/1.1 404) 5 headers in 202 bytes (1 switches on core 0)
2026-07-16 01:39:37.850 7 INFO placement.requestlog [None req-911b7442-7782-4572-b59a-1eccb8725275 1af651ec0cc14b5c88a082a048a73873 2f620ccd72a1407da39f58965dd2a6a3 - - dc999864ac9e4c2989739d86ec8cd58b dc999864ac9e4c2989739d86ec8cd58b] 10.0.0.66 "GET /resource_providers/32b32552-40b8-4f71-a427-f3ed8c1ead59/aggregates" status: 404 len: 235 microversion: 1.1 [pid: 7|app: 0|req: 477/961] 10.0.0.66 () {32 vars in 815 bytes} [Thu Jul 16 01:39:37 2026] GET /resource_providers/32b32552-40b8-4f71-a427-f3ed8c1ead59/aggregates => generated 235 bytes in 8 msecs (HTTP/1.1 404) 5 headers in 202 bytes (1 switches on core 0)
2026-07-16 01:39:37.866 8 INFO placement.requestlog [None req-8633d8b8-e289-41a6-bfc4-0646297f77a9 1af651ec0cc14b5c88a082a048a73873 2f620ccd72a1407da39f58965dd2a6a3 - - dc999864ac9e4c2989739d86ec8cd58b dc999864ac9e4c2989739d86ec8cd58b] 10.0.0.66 "DELETE /resource_providers/32b32552-40b8-4f71-a427-f3ed8c1ead59" status: 404 len: 246 microversion: 1.1 [pid: 8|app: 0|req: 485/962] 10.0.0.66 () {34 vars in 815 bytes} [Thu Jul 16 01:39:37 2026] DELETE /resource_providers/32b32552-40b8-4f71-a427-f3ed8c1ead59 => generated 246 bytes in 7 msecs (HTTP/1.1 404) 6 headers in 231 bytes (1 switches on core 0)
2026-07-16 01:39:37.867 7 INFO placement.requestlog [None req-e4c0ef42-b7e3-42bc-ab47-5581b7d83ff8 1af651ec0cc14b5c88a082a048a73873 2f620ccd72a1407da39f58965dd2a6a3 - - dc999864ac9e4c2989739d86ec8cd58b dc999864ac9e4c2989739d86ec8cd58b] 10.0.0.66 "DELETE /resource_providers/32b32552-40b8-4f71-a427-f3ed8c1ead59" status: 404 len: 246 microversion: 1.1 [pid: 7|app: 0|req: 478/963] 10.0.0.66 () {34 vars in 815 bytes} [Thu Jul 16 01:39:37 2026] DELETE /resource_providers/32b32552-40b8-4f71-a427-f3ed8c1ead59 => generated 246 bytes in 8 msecs (HTTP/1.1 404) 6 headers in 231 bytes (1 switches on core 0)
2026-07-16 01:39:37.886 8 INFO placement.requestlog [None req-173708ea-640a-463d-9e94-695483ba17ca 1af651ec0cc14b5c88a082a048a73873 2f620ccd72a1407da39f58965dd2a6a3 - - dc999864ac9e4c2989739d86ec8cd58b dc999864ac9e4c2989739d86ec8cd58b] 10.0.0.66 "GET /resource_providers/bf9a87f5-7ba5-48ba-8f6e-6f08787116a7/aggregates" status: 404 len: 235 microversion: 1.1 [pid: 8|app: 0|req: 486/964] 10.0.0.66 () {32 vars in 815 bytes} [Thu Jul 16 01:39:37 2026] GET /resource_providers/bf9a87f5-7ba5-48ba-8f6e-6f08787116a7/aggregates => generated 235 bytes in 8 msecs (HTTP/1.1 404) 5 headers in 202 bytes (1 switches on core 0)
2026-07-16 01:39:37.892 7 INFO placement.requestlog [None req-3a812824-06eb-4ecc-8ae0-fd95b29bc5e7 1af651ec0cc14b5c88a082a048a73873 2f620ccd72a1407da39f58965dd2a6a3 - - dc999864ac9e4c2989739d86ec8cd58b dc999864ac9e4c2989739d86ec8cd58b] 10.0.0.66 "GET /resource_providers/bf9a87f5-7ba5-48ba-8f6e-6f08787116a7/aggregates" status: 404 len: 235 microversion: 1.1 [pid: 7|app: 0|req: 479/965] 10.0.0.66 () {32 vars in 815 bytes} [Thu Jul 16 01:39:37 2026] GET /resource_providers/bf9a87f5-7ba5-48ba-8f6e-6f08787116a7/aggregates => generated 235 bytes in 9 msecs (HTTP/1.1 404) 5 headers in 202 bytes (1 switches on core 0)
2026-07-16 01:39:37.906 8 INFO placement.requestlog [None req-55090b72-bfef-4f49-88e8-b6d028db78c0 1af651ec0cc14b5c88a082a048a73873 2f620ccd72a1407da39f58965dd2a6a3 - - dc999864ac9e4c2989739d86ec8cd58b dc999864ac9e4c2989739d86ec8cd58b] 10.0.0.66 "DELETE /resource_providers/bf9a87f5-7ba5-48ba-8f6e-6f08787116a7" status: 404 len: 246 microversion: 1.1 [pid: 8|app: 0|req: 487/966] 10.0.0.66 () {34 vars in 815 bytes} [Thu Jul 16 01:39:37 2026] DELETE /resource_providers/bf9a87f5-7ba5-48ba-8f6e-6f08787116a7 => generated 246 bytes in 7 msecs (HTTP/1.1 404) 6 headers in 231 bytes (1 switches on core 0)
2026-07-16 01:39:37.911 7 INFO placement.requestlog [None req-3412fc70-0ea6-424b-88b4-bd1f2444b986 1af651ec0cc14b5c88a082a048a73873 2f620ccd72a1407da39f58965dd2a6a3 - - dc999864ac9e4c2989739d86ec8cd58b dc999864ac9e4c2989739d86ec8cd58b] 10.0.0.66 "DELETE /resource_providers/bf9a87f5-7ba5-48ba-8f6e-6f08787116a7" status: 404 len: 246 microversion: 1.1 [pid: 7|app: 0|req: 480/967] 10.0.0.66 () {34 vars in 815 bytes} [Thu Jul 16 01:39:37 2026] DELETE /resource_providers/bf9a87f5-7ba5-48ba-8f6e-6f08787116a7 => generated 246 bytes in 8 msecs (HTTP/1.1 404) 6 headers in 231 bytes (1 switches on core 0)
2026-07-16 01:39:39.939 8 INFO placement.requestlog [None req-2512db74-1024-4bea-9ab0-b691c1e4074c 1af651ec0cc14b5c88a082a048a73873 2f620ccd72a1407da39f58965dd2a6a3 - - dc999864ac9e4c2989739d86ec8cd58b dc999864ac9e4c2989739d86ec8cd58b] 10.0.0.66 "GET /resource_providers/183dbabc-0070-41e6-928f-a075f42eacec/aggregates" status: 404 len: 235 microversion: 1.1 [pid: 8|app: 0|req: 488/968] 10.0.0.66 () {32 vars in 815 bytes} [Thu Jul 16 01:39:39 2026] GET /resource_providers/183dbabc-0070-41e6-928f-a075f42eacec/aggregates => generated 235 bytes in 11 msecs (HTTP/1.1 404) 5 headers in 202 bytes (1 switches on core 0)
2026-07-16 01:39:39.953 7 INFO placement.requestlog [None req-d5f1d04a-08f5-4f05-a0fb-2a3e0c0e1bde 1af651ec0cc14b5c88a082a048a73873 2f620ccd72a1407da39f58965dd2a6a3 - - dc999864ac9e4c2989739d86ec8cd58b dc999864ac9e4c2989739d86ec8cd58b] 10.0.0.66 "GET /resource_providers/183dbabc-0070-41e6-928f-a075f42eacec/aggregates" status: 404 len: 235 microversion: 1.1 [pid: 7|app: 0|req: 481/969] 10.0.0.66 () {32 vars in 815 bytes} [Thu Jul 16 01:39:39 2026] GET /resource_providers/183dbabc-0070-41e6-928f-a075f42eacec/aggregates => generated 235 bytes in 12 msecs (HTTP/1.1 404) 5 headers in 202 bytes (1 switches on core 0)
2026-07-16 01:39:39.956 8 INFO placement.requestlog [None req-727d1e52-4b21-4c1f-8a40-a424dddf97af 1af651ec0cc14b5c88a082a048a73873 2f620ccd72a1407da39f58965dd2a6a3 - - dc999864ac9e4c2989739d86ec8cd58b dc999864ac9e4c2989739d86ec8cd58b] 10.0.0.66 "DELETE /resource_providers/183dbabc-0070-41e6-928f-a075f42eacec" status: 404 len: 246 microversion: 1.1 [pid: 8|app: 0|req: 489/970] 10.0.0.66 () {34 vars in 815 bytes} [Thu Jul 16 01:39:39 2026] DELETE /resource_providers/183dbabc-0070-41e6-928f-a075f42eacec => generated 246 bytes in 6 msecs (HTTP/1.1 404) 6 headers in 231 bytes (1 switches on core 0)
2026-07-16 01:39:39.975 7 INFO placement.requestlog [None req-f98c499a-0afd-4ed9-ad7d-e57b7c5005ab 1af651ec0cc14b5c88a082a048a73873 2f620ccd72a1407da39f58965dd2a6a3 - - dc999864ac9e4c2989739d86ec8cd58b dc999864ac9e4c2989739d86ec8cd58b] 10.0.0.66 "DELETE /resource_providers/183dbabc-0070-41e6-928f-a075f42eacec" status: 404 len: 246 microversion: 1.1 [pid: 7|app: 0|req: 482/971] 10.0.0.66 () {34 vars in 815 bytes} [Thu Jul 16 01:39:39 2026] DELETE /resource_providers/183dbabc-0070-41e6-928f-a075f42eacec => generated 246 bytes in 11 msecs (HTTP/1.1 404) 6 headers in 231 bytes (1 switches on core 0)
2026-07-16 01:39:40.587 8 INFO placement.requestlog [None req-090ed085-2de4-4f80-aa05-3ebaa6452138 - - - - - -] 10.0.0.67 "GET /" status: 200 len: 136 microversion: 1.0
2026-07-16 01:39:40.587 7 INFO placement.requestlog [None req-2d760379-28c2-4f8e-85e4-436589075abf - - - - - -] 10.0.0.67 "GET /" status: 200 len: 136 microversion: 1.0
2026-07-16 01:39:45.610 7 INFO placement.requestlog [None req-ecd71638-55db-440d-9789-79c0678f5bec 1af651ec0cc14b5c88a082a048a73873 2f620ccd72a1407da39f58965dd2a6a3 - - dc999864ac9e4c2989739d86ec8cd58b dc999864ac9e4c2989739d86ec8cd58b] 10.0.0.66 "GET /resource_providers/b883f1f2-0041-4cbf-8bdf-2ebf6ad5ae49/aggregates" status: 404 len: 235 microversion: 1.1 [pid: 7|app: 0|req: 484/974] 10.0.0.66 () {32 vars in 815 bytes} [Thu Jul 16 01:39:45 2026] GET /resource_providers/b883f1f2-0041-4cbf-8bdf-2ebf6ad5ae49/aggregates => generated 235 bytes in 8 msecs (HTTP/1.1 404) 5 headers in 202 bytes (1 switches on core 0)
2026-07-16 01:39:45.616 8 INFO placement.requestlog [None req-23a74263-c344-4f90-968b-23c7de21e681 1af651ec0cc14b5c88a082a048a73873 2f620ccd72a1407da39f58965dd2a6a3 - - dc999864ac9e4c2989739d86ec8cd58b dc999864ac9e4c2989739d86ec8cd58b] 10.0.0.66 "GET /resource_providers/b883f1f2-0041-4cbf-8bdf-2ebf6ad5ae49/aggregates" status: 404 len: 235 microversion: 1.1 [pid: 8|app: 0|req: 491/975] 10.0.0.66 () {32 vars in 815 bytes} [Thu Jul 16 01:39:45 2026] GET /resource_providers/b883f1f2-0041-4cbf-8bdf-2ebf6ad5ae49/aggregates => generated 235 bytes in 10 msecs (HTTP/1.1 404) 5 headers in 202 bytes (1 switches on core 0)
2026-07-16 01:39:45.632 7 INFO placement.requestlog [None req-faa9fe65-0c11-40ad-a52b-ef6be3b0a0e2 1af651ec0cc14b5c88a082a048a73873 2f620ccd72a1407da39f58965dd2a6a3 - - dc999864ac9e4c2989739d86ec8cd58b dc999864ac9e4c2989739d86ec8cd58b] 10.0.0.66 "DELETE /resource_providers/b883f1f2-0041-4cbf-8bdf-2ebf6ad5ae49" status: 404 len: 246 microversion: 1.1 [pid: 7|app: 0|req: 485/976] 10.0.0.66 () {34 vars in 815 bytes} [Thu Jul 16 01:39:45 2026] DELETE /resource_providers/b883f1f2-0041-4cbf-8bdf-2ebf6ad5ae49 => generated 246 bytes in 6 msecs (HTTP/1.1 404) 6 headers in 231 bytes (1 switches on core 0)
2026-07-16 01:39:45.639 8 INFO placement.requestlog [None req-08b2cdbd-b669-4e78-9a98-1181913fc832 1af651ec0cc14b5c88a082a048a73873 2f620ccd72a1407da39f58965dd2a6a3 - - dc999864ac9e4c2989739d86ec8cd58b dc999864ac9e4c2989739d86ec8cd58b] 10.0.0.66 "DELETE /resource_providers/b883f1f2-0041-4cbf-8bdf-2ebf6ad5ae49" status: 404 len: 246 microversion: 1.1 [pid: 8|app: 0|req: 492/977] 10.0.0.66 () {34 vars in 815 bytes} [Thu Jul 16 01:39:45 2026] DELETE /resource_providers/b883f1f2-0041-4cbf-8bdf-2ebf6ad5ae49 => generated 246 bytes in 12 msecs (HTTP/1.1 404) 6 headers in 231 bytes (1 switches on core 0)
2026-07-16 01:39:45.875 7 INFO placement.requestlog [None req-75079530-3f26-48c0-a7f5-e32804b8796c 1af651ec0cc14b5c88a082a048a73873 2f620ccd72a1407da39f58965dd2a6a3 - - dc999864ac9e4c2989739d86ec8cd58b dc999864ac9e4c2989739d86ec8cd58b] 10.0.0.66 "GET /resource_providers/a33e4692-9317-48c5-9010-c904cadbeccf/aggregates" status: 404 len: 235 microversion: 1.1 [pid: 7|app: 0|req: 486/978] 10.0.0.66 () {32 vars in 815 bytes} [Thu Jul 16 01:39:45 2026] GET /resource_providers/a33e4692-9317-48c5-9010-c904cadbeccf/aggregates => generated 235 bytes in 12 msecs (HTTP/1.1 404) 5 headers in 202 bytes (1 switches on core 0)
2026-07-16 01:39:45.876 8 INFO placement.requestlog [None req-e15eaf8a-0bcb-4c5b-9087-91fdddd5f4d1 1af651ec0cc14b5c88a082a048a73873 2f620ccd72a1407da39f58965dd2a6a3 - - dc999864ac9e4c2989739d86ec8cd58b dc999864ac9e4c2989739d86ec8cd58b] 10.0.0.66 "GET /resource_providers/a33e4692-9317-48c5-9010-c904cadbeccf/aggregates" status: 404 len: 235 microversion: 1.1 [pid: 8|app: 0|req: 493/979] 10.0.0.66 () {32 vars in 815 bytes} [Thu Jul 16 01:39:45 2026] GET /resource_providers/a33e4692-9317-48c5-9010-c904cadbeccf/aggregates => generated 235 bytes in 13 msecs (HTTP/1.1 404) 5 headers in 202 bytes (1 switches on core 0)
2026-07-16 01:39:45.901 8 INFO placement.requestlog [None req-5ae46e67-3f3c-43ba-b812-8fdc4961f960 1af651ec0cc14b5c88a082a048a73873 2f620ccd72a1407da39f58965dd2a6a3 - - dc999864ac9e4c2989739d86ec8cd58b dc999864ac9e4c2989739d86ec8cd58b] 10.0.0.66 "DELETE /resource_providers/a33e4692-9317-48c5-9010-c904cadbeccf" status: 404 len: 246 microversion: 1.1 [pid: 8|app: 0|req: 494/980] 10.0.0.66 () {34 vars in 815 bytes} [Thu Jul 16 01:39:45 2026] DELETE /resource_providers/a33e4692-9317-48c5-9010-c904cadbeccf => generated 246 bytes in 12 msecs (HTTP/1.1 404) 6 headers in 231 bytes (1 switches on core 0)
2026-07-16 01:39:45.906 7 INFO placement.requestlog [None req-b840fdf2-c256-40d3-b1c3-13840be9c7c7 1af651ec0cc14b5c88a082a048a73873 2f620ccd72a1407da39f58965dd2a6a3 - - dc999864ac9e4c2989739d86ec8cd58b dc999864ac9e4c2989739d86ec8cd58b] 10.0.0.66 "DELETE /resource_providers/a33e4692-9317-48c5-9010-c904cadbeccf" status: 404 len: 246 microversion: 1.1 [pid: 7|app: 0|req: 487/981] 10.0.0.66 () {34 vars in 815 bytes} [Thu Jul 16 01:39:45 2026] DELETE /resource_providers/a33e4692-9317-48c5-9010-c904cadbeccf => generated 246 bytes in 17 msecs (HTTP/1.1 404) 6 headers in 231 bytes (1 switches on core 0)
2026-07-16 01:39:47.649 8 INFO placement.requestlog [None req-cc728898-afdf-4198-9158-485894ad6d02 1af651ec0cc14b5c88a082a048a73873 2f620ccd72a1407da39f58965dd2a6a3 - - dc999864ac9e4c2989739d86ec8cd58b dc999864ac9e4c2989739d86ec8cd58b] 10.0.0.66 "GET /resource_providers/a71a89a5-9214-4153-b372-77811f1cbc46/aggregates" status: 404 len: 235 microversion: 1.1 [pid: 8|app: 0|req: 495/982] 10.0.0.66 () {32 vars in 815 bytes} [Thu Jul 16 01:39:47 2026] GET /resource_providers/a71a89a5-9214-4153-b372-77811f1cbc46/aggregates => generated 235 bytes in 9 msecs (HTTP/1.1 404) 5 headers in 202 bytes (1 switches on core 0)
2026-07-16 01:39:47.666 7 INFO placement.requestlog [None req-7a5e8486-f5a2-404a-ad89-c5faa6000b98 1af651ec0cc14b5c88a082a048a73873 2f620ccd72a1407da39f58965dd2a6a3 - - dc999864ac9e4c2989739d86ec8cd58b dc999864ac9e4c2989739d86ec8cd58b] 10.0.0.66 "GET /resource_providers/a71a89a5-9214-4153-b372-77811f1cbc46/aggregates" status: 404 len: 235 microversion: 1.1
2026-07-16 01:39:47.666 8 INFO placement.requestlog [None req-733c5b92-89cd-4ce1-ac46-fb8df859c8b5 1af651ec0cc14b5c88a082a048a73873 2f620ccd72a1407da39f58965dd2a6a3 - - dc999864ac9e4c2989739d86ec8cd58b dc999864ac9e4c2989739d86ec8cd58b] 10.0.0.66 "DELETE /resource_providers/a71a89a5-9214-4153-b372-77811f1cbc46" status: 404 len: 246 microversion: 1.1 [pid: 7|app: 0|req: 488/983] 10.0.0.66 () {32 vars in 815 bytes} [Thu Jul 16 01:39:47 2026] GET /resource_providers/a71a89a5-9214-4153-b372-77811f1cbc46/aggregates => generated 235 bytes in 10 msecs (HTTP/1.1 404) 5 headers in 202 bytes (1 switches on core 0) [pid: 8|app: 0|req: 496/984] 10.0.0.66 () {34 vars in 815 bytes} [Thu Jul 16 01:39:47 2026] DELETE /resource_providers/a71a89a5-9214-4153-b372-77811f1cbc46 => generated 246 bytes in 9 msecs (HTTP/1.1 404) 6 headers in 231 bytes (1 switches on core 0)
2026-07-16 01:39:47.686 7 INFO placement.requestlog [None req-8520526e-821d-4799-bca4-9acdbaa675c6 1af651ec0cc14b5c88a082a048a73873 2f620ccd72a1407da39f58965dd2a6a3 - - dc999864ac9e4c2989739d86ec8cd58b dc999864ac9e4c2989739d86ec8cd58b] 10.0.0.66 "DELETE /resource_providers/a71a89a5-9214-4153-b372-77811f1cbc46" status: 404 len: 246 microversion: 1.1 [pid: 7|app: 0|req: 489/985] 10.0.0.66 () {34 vars in 815 bytes} [Thu Jul 16 01:39:47 2026] DELETE /resource_providers/a71a89a5-9214-4153-b372-77811f1cbc46 => generated 246 bytes in 10 msecs (HTTP/1.1 404) 6 headers in 231 bytes (1 switches on core 0)
2026-07-16 01:39:47.933 8 INFO placement.requestlog [None req-542d6c75-c9cb-4802-9e87-905e563fc730 1af651ec0cc14b5c88a082a048a73873 2f620ccd72a1407da39f58965dd2a6a3 - - dc999864ac9e4c2989739d86ec8cd58b dc999864ac9e4c2989739d86ec8cd58b] 10.0.0.66 "GET /resource_providers/c4d55ca0-eaaa-4947-945b-2f6b5cd72179/aggregates" status: 404 len: 235 microversion: 1.1 [pid: 8|app: 0|req: 497/986] 10.0.0.66 () {32 vars in 815 bytes} [Thu Jul 16 01:39:47 2026] GET /resource_providers/c4d55ca0-eaaa-4947-945b-2f6b5cd72179/aggregates => generated 235 bytes in 8 msecs (HTTP/1.1 404) 5 headers in 202 bytes (1 switches on core 0)
2026-07-16 01:39:47.934 7 INFO placement.requestlog [None req-83b6b183-a4a9-4e41-a5a2-ac681574f7eb 1af651ec0cc14b5c88a082a048a73873 2f620ccd72a1407da39f58965dd2a6a3 - - dc999864ac9e4c2989739d86ec8cd58b dc999864ac9e4c2989739d86ec8cd58b] 10.0.0.66 "GET /resource_providers/c4d55ca0-eaaa-4947-945b-2f6b5cd72179/aggregates" status: 404 len: 235 microversion: 1.1 [pid: 7|app: 0|req: 490/987] 10.0.0.66 () {32 vars in 815 bytes} [Thu Jul 16 01:39:47 2026] GET /resource_providers/c4d55ca0-eaaa-4947-945b-2f6b5cd72179/aggregates => generated 235 bytes in 10 msecs (HTTP/1.1 404) 5 headers in 202 bytes (1 switches on core 0)
2026-07-16 01:39:47.959 8 INFO placement.requestlog [None req-c0292fd0-f71b-4143-8e13-2468102ce35e 1af651ec0cc14b5c88a082a048a73873 2f620ccd72a1407da39f58965dd2a6a3 - - dc999864ac9e4c2989739d86ec8cd58b dc999864ac9e4c2989739d86ec8cd58b] 10.0.0.66 "DELETE /resource_providers/c4d55ca0-eaaa-4947-945b-2f6b5cd72179" status: 404 len: 246 microversion: 1.1 [pid: 8|app: 0|req: 498/988] 10.0.0.66 () {34 vars in 815 bytes} [Thu Jul 16 01:39:47 2026] DELETE /resource_providers/c4d55ca0-eaaa-4947-945b-2f6b5cd72179 => generated 246 bytes in 8 msecs (HTTP/1.1 404) 6 headers in 231 bytes (1 switches on core 0)
2026-07-16 01:39:47.963 7 INFO placement.requestlog [None req-6aeef60e-a2ec-44b3-a414-ceca3c3fcb25 1af651ec0cc14b5c88a082a048a73873 2f620ccd72a1407da39f58965dd2a6a3 - - dc999864ac9e4c2989739d86ec8cd58b dc999864ac9e4c2989739d86ec8cd58b] 10.0.0.66 "DELETE /resource_providers/c4d55ca0-eaaa-4947-945b-2f6b5cd72179" status: 404 len: 246 microversion: 1.1 [pid: 7|app: 0|req: 491/989] 10.0.0.66 () {34 vars in 815 bytes} [Thu Jul 16 01:39:47 2026] DELETE /resource_providers/c4d55ca0-eaaa-4947-945b-2f6b5cd72179 => generated 246 bytes in 13 msecs (HTTP/1.1 404) 6 headers in 231 bytes (1 switches on core 0)
2026-07-16 01:39:47.980 8 INFO placement.requestlog [None req-f91c0eb2-fd81-4945-8342-c6fa53a46e79 1af651ec0cc14b5c88a082a048a73873 2f620ccd72a1407da39f58965dd2a6a3 - - dc999864ac9e4c2989739d86ec8cd58b dc999864ac9e4c2989739d86ec8cd58b] 10.0.0.66 "GET /resource_providers/402f12be-27e2-4fba-b88b-a24ce412d726/aggregates" status: 404 len: 235 microversion: 1.1 [pid: 8|app: 0|req: 499/990] 10.0.0.66 () {32 vars in 815 bytes} [Thu Jul 16 01:39:47 2026] GET /resource_providers/402f12be-27e2-4fba-b88b-a24ce412d726/aggregates => generated 235 bytes in 12 msecs (HTTP/1.1 404) 5 headers in 202 bytes (1 switches on core 0)
2026-07-16 01:39:47.984 7 INFO placement.requestlog [None req-d58ac6c5-88c4-4ea7-bea4-ce5eae5b31f9 1af651ec0cc14b5c88a082a048a73873 2f620ccd72a1407da39f58965dd2a6a3 - - dc999864ac9e4c2989739d86ec8cd58b dc999864ac9e4c2989739d86ec8cd58b] 10.0.0.66 "GET /resource_providers/402f12be-27e2-4fba-b88b-a24ce412d726/aggregates" status: 404 len: 235 microversion: 1.1 [pid: 7|app: 0|req: 492/991] 10.0.0.66 () {32 vars in 815 bytes} [Thu Jul 16 01:39:47 2026] GET /resource_providers/402f12be-27e2-4fba-b88b-a24ce412d726/aggregates => generated 235 bytes in 7 msecs (HTTP/1.1 404) 5 headers in 202 bytes (1 switches on core 0)
2026-07-16 01:39:48.002 8 INFO placement.requestlog [None req-15734050-922c-4fca-a7c5-0d27b8187d82 1af651ec0cc14b5c88a082a048a73873 2f620ccd72a1407da39f58965dd2a6a3 - - dc999864ac9e4c2989739d86ec8cd58b dc999864ac9e4c2989739d86ec8cd58b] 10.0.0.66 "DELETE /resource_providers/402f12be-27e2-4fba-b88b-a24ce412d726" status: 404 len: 246 microversion: 1.1 [pid: 8|app: 0|req: 500/992] 10.0.0.66 () {34 vars in 815 bytes} [Thu Jul 16 01:39:47 2026] DELETE /resource_providers/402f12be-27e2-4fba-b88b-a24ce412d726 => generated 246 bytes in 10 msecs (HTTP/1.1 404) 6 headers in 231 bytes (1 switches on core 0)
2026-07-16 01:39:48.006 7 INFO placement.requestlog [None req-deb39a3e-aa3a-421f-8f04-63c1c7393f9a 1af651ec0cc14b5c88a082a048a73873 2f620ccd72a1407da39f58965dd2a6a3 - - dc999864ac9e4c2989739d86ec8cd58b dc999864ac9e4c2989739d86ec8cd58b] 10.0.0.66 "DELETE /resource_providers/402f12be-27e2-4fba-b88b-a24ce412d726" status: 404 len: 246 microversion: 1.1 [pid: 7|app: 0|req: 493/993] 10.0.0.66 () {34 vars in 815 bytes} [Thu Jul 16 01:39:47 2026] DELETE /resource_providers/402f12be-27e2-4fba-b88b-a24ce412d726 => generated 246 bytes in 8 msecs (HTTP/1.1 404) 6 headers in 231 bytes (1 switches on core 0)
2026-07-16 01:39:48.027 7 INFO placement.requestlog [None req-bf67867b-fe50-4120-913b-83b98066add2 1af651ec0cc14b5c88a082a048a73873 2f620ccd72a1407da39f58965dd2a6a3 - - dc999864ac9e4c2989739d86ec8cd58b dc999864ac9e4c2989739d86ec8cd58b] 10.0.0.66 "GET /resource_providers/0f0674f3-8cd3-4fd5-91d0-cd083a271476/aggregates" status: 404 len: 235 microversion: 1.1 [pid: 7|app: 0|req: 494/994] 10.0.0.66 () {32 vars in 815 bytes} [Thu Jul 16 01:39:48 2026] GET /resource_providers/0f0674f3-8cd3-4fd5-91d0-cd083a271476/aggregates => generated 235 bytes in 7 msecs (HTTP/1.1 404) 5 headers in 202 bytes (1 switches on core 0)
2026-07-16 01:39:48.031 8 INFO placement.requestlog [None req-c055c69b-ad2d-4733-8662-3c0cdb372fa0 1af651ec0cc14b5c88a082a048a73873 2f620ccd72a1407da39f58965dd2a6a3 - - dc999864ac9e4c2989739d86ec8cd58b dc999864ac9e4c2989739d86ec8cd58b] 10.0.0.66 "GET /resource_providers/0f0674f3-8cd3-4fd5-91d0-cd083a271476/aggregates" status: 404 len: 235 microversion: 1.1 [pid: 8|app: 0|req: 501/995] 10.0.0.66 () {32 vars in 815 bytes} [Thu Jul 16 01:39:48 2026] GET /resource_providers/0f0674f3-8cd3-4fd5-91d0-cd083a271476/aggregates => generated 235 bytes in 11 msecs (HTTP/1.1 404) 5 headers in 202 bytes (1 switches on core 0)
2026-07-16 01:39:48.041 7 INFO placement.requestlog [None req-0591c3b8-2a3d-40f4-a286-77de0aaa5e54 1af651ec0cc14b5c88a082a048a73873 2f620ccd72a1407da39f58965dd2a6a3 - - dc999864ac9e4c2989739d86ec8cd58b dc999864ac9e4c2989739d86ec8cd58b] 10.0.0.66 "DELETE /resource_providers/0f0674f3-8cd3-4fd5-91d0-cd083a271476" status: 404 len: 246 microversion: 1.1 [pid: 7|app: 0|req: 495/996] 10.0.0.66 () {34 vars in 815 bytes} [Thu Jul 16 01:39:48 2026] DELETE /resource_providers/0f0674f3-8cd3-4fd5-91d0-cd083a271476 => generated 246 bytes in 7 msecs (HTTP/1.1 404) 6 headers in 231 bytes (1 switches on core 0)
2026-07-16 01:39:48.050 8 INFO placement.requestlog [None req-a528dc31-b9af-4bc1-b777-129290a5c377 1af651ec0cc14b5c88a082a048a73873 2f620ccd72a1407da39f58965dd2a6a3 - - dc999864ac9e4c2989739d86ec8cd58b dc999864ac9e4c2989739d86ec8cd58b] 10.0.0.66 "DELETE /resource_providers/0f0674f3-8cd3-4fd5-91d0-cd083a271476" status: 404 len: 246 microversion: 1.1 [pid: 8|app: 0|req: 502/997] 10.0.0.66 () {34 vars in 815 bytes} [Thu Jul 16 01:39:48 2026] DELETE /resource_providers/0f0674f3-8cd3-4fd5-91d0-cd083a271476 => generated 246 bytes in 7 msecs (HTTP/1.1 404) 6 headers in 231 bytes (1 switches on core 0)
2026-07-16 01:39:50.587 7 INFO placement.requestlog [None req-0575ed6d-0ab7-48e3-8856-c600447db9bd - - - - - -] 10.0.0.67 "GET /" status: 200 len: 136 microversion: 1.0
2026-07-16 01:39:50.587 8 INFO placement.requestlog [None req-2c7cc094-8029-42e4-a2b7-e78779d40f41 - - - - - -] 10.0.0.67 "GET /" status: 200 len: 136 microversion: 1.0
2026-07-16 01:39:51.844 7 INFO placement.requestlog [None req-bb4e3611-16d1-44f3-b580-d02d8312ffea 1af651ec0cc14b5c88a082a048a73873 2f620ccd72a1407da39f58965dd2a6a3 - - dc999864ac9e4c2989739d86ec8cd58b dc999864ac9e4c2989739d86ec8cd58b] 10.0.0.66 "GET /resource_providers/fdddb117-f056-4274-9410-a69e30b25e6f/aggregates" status: 404 len: 235 microversion: 1.1
2026-07-16 01:39:51.844 8 INFO placement.requestlog [None req-091cd976-a651-45ac-a030-8ba4df98ec6c 1af651ec0cc14b5c88a082a048a73873 2f620ccd72a1407da39f58965dd2a6a3 - - dc999864ac9e4c2989739d86ec8cd58b dc999864ac9e4c2989739d86ec8cd58b] 10.0.0.66 "GET /resource_providers/fdddb117-f056-4274-9410-a69e30b25e6f/aggregates" status: 404 len: 235 microversion: 1.1 [pid: 7|app: 0|req: 497/1000] 10.0.0.66 () {32 vars in 815 bytes} [Thu Jul 16 01:39:51 2026] GET /resource_providers/fdddb117-f056-4274-9410-a69e30b25e6f/aggregates => generated 235 bytes in 15 msecs (HTTP/1.1 404) 5 headers in 202 bytes (1 switches on core 0) [pid: 8|app: 0|req: 504/1001] 10.0.0.66 () {32 vars in 815 bytes} [Thu Jul 16 01:39:51 2026] GET /resource_providers/fdddb117-f056-4274-9410-a69e30b25e6f/aggregates => generated 235 bytes in 15 msecs (HTTP/1.1 404) 5 headers in 202 bytes (1 switches on core 0)
2026-07-16 01:39:51.879 7 INFO placement.requestlog [None req-68bdc18e-db60-4192-a6eb-31e3aa8855c9 1af651ec0cc14b5c88a082a048a73873 2f620ccd72a1407da39f58965dd2a6a3 - - dc999864ac9e4c2989739d86ec8cd58b dc999864ac9e4c2989739d86ec8cd58b] 10.0.0.66 "DELETE /resource_providers/fdddb117-f056-4274-9410-a69e30b25e6f" status: 404 len: 246 microversion: 1.1 [pid: 7|app: 0|req: 498/1002] 10.0.0.66 () {34 vars in 815 bytes} [Thu Jul 16 01:39:51 2026] DELETE /resource_providers/fdddb117-f056-4274-9410-a69e30b25e6f => generated 246 bytes in 21 msecs (HTTP/1.1 404) 6 headers in 231 bytes (1 switches on core 0)
2026-07-16 01:39:51.880 8 INFO placement.requestlog [None req-6bcf7a60-ca27-4dd7-843d-4563af1fc238 1af651ec0cc14b5c88a082a048a73873 2f620ccd72a1407da39f58965dd2a6a3 - - dc999864ac9e4c2989739d86ec8cd58b dc999864ac9e4c2989739d86ec8cd58b] 10.0.0.66 "DELETE /resource_providers/fdddb117-f056-4274-9410-a69e30b25e6f" status: 404 len: 246 microversion: 1.1 [pid: 8|app: 0|req: 505/1003] 10.0.0.66 () {34 vars in 815 bytes} [Thu Jul 16 01:39:51 2026] DELETE /resource_providers/fdddb117-f056-4274-9410-a69e30b25e6f => generated 246 bytes in 19 msecs (HTTP/1.1 404) 6 headers in 231 bytes (1 switches on core 0)
2026-07-16 01:40:00.588 7 INFO placement.requestlog [None req-175f1f9c-36e6-4a32-8131-66376ddd79df - - - - - -] 10.0.0.67 "GET /" status: 200 len: 136 microversion: 1.0
2026-07-16 01:40:00.588 8 INFO placement.requestlog [None req-627c62ee-2f67-49e8-b866-2f49643cf173 - - - - - -] 10.0.0.67 "GET /" status: 200 len: 136 microversion: 1.0
2026-07-16 01:40:09.683 8 INFO placement.requestlog [None req-c226b698-076d-4131-9f07-aeca5539c983 1af651ec0cc14b5c88a082a048a73873 2f620ccd72a1407da39f58965dd2a6a3 - - dc999864ac9e4c2989739d86ec8cd58b dc999864ac9e4c2989739d86ec8cd58b] 10.0.0.66 "GET /resource_providers/742ab1dc-aa0f-4c4a-8454-d35a180fbd2a/aggregates" status: 404 len: 235 microversion: 1.1 [pid: 8|app: 0|req: 507/1006] 10.0.0.66 () {32 vars in 815 bytes} [Thu Jul 16 01:40:09 2026] GET /resource_providers/742ab1dc-aa0f-4c4a-8454-d35a180fbd2a/aggregates => generated 235 bytes in 14 msecs (HTTP/1.1 404) 5 headers in 202 bytes (1 switches on core 0)
2026-07-16 01:40:09.699 8 INFO placement.requestlog [None req-ba440114-7040-472e-9832-c74349761cc0 1af651ec0cc14b5c88a082a048a73873 2f620ccd72a1407da39f58965dd2a6a3 - - dc999864ac9e4c2989739d86ec8cd58b dc999864ac9e4c2989739d86ec8cd58b] 10.0.0.66 "GET /resource_providers/742ab1dc-aa0f-4c4a-8454-d35a180fbd2a/aggregates" status: 404 len: 235 microversion: 1.1 [pid: 8|app: 0|req: 508/1007] 10.0.0.66 () {32 vars in 815 bytes} [Thu Jul 16 01:40:09 2026] GET /resource_providers/742ab1dc-aa0f-4c4a-8454-d35a180fbd2a/aggregates => generated 235 bytes in 15 msecs (HTTP/1.1 404) 5 headers in 202 bytes (1 switches on core 0)
2026-07-16 01:40:09.707 8 INFO placement.requestlog [None req-df61d2d7-ec60-4ab6-96e8-872385498b15 1af651ec0cc14b5c88a082a048a73873 2f620ccd72a1407da39f58965dd2a6a3 - - dc999864ac9e4c2989739d86ec8cd58b dc999864ac9e4c2989739d86ec8cd58b] 10.0.0.66 "DELETE /resource_providers/742ab1dc-aa0f-4c4a-8454-d35a180fbd2a" status: 404 len: 246 microversion: 1.1 [pid: 8|app: 0|req: 509/1008] 10.0.0.66 () {34 vars in 815 bytes} [Thu Jul 16 01:40:09 2026] DELETE /resource_providers/742ab1dc-aa0f-4c4a-8454-d35a180fbd2a => generated 246 bytes in 7 msecs (HTTP/1.1 404) 6 headers in 231 bytes (1 switches on core 0)
2026-07-16 01:40:09.715 8 INFO placement.requestlog [None req-b16d723b-2656-4261-ba7f-9a9c0bffe516 1af651ec0cc14b5c88a082a048a73873 2f620ccd72a1407da39f58965dd2a6a3 - - dc999864ac9e4c2989739d86ec8cd58b dc999864ac9e4c2989739d86ec8cd58b] 10.0.0.66 "DELETE /resource_providers/742ab1dc-aa0f-4c4a-8454-d35a180fbd2a" status: 404 len: 246 microversion: 1.1 [pid: 8|app: 0|req: 510/1009] 10.0.0.66 () {34 vars in 815 bytes} [Thu Jul 16 01:40:09 2026] DELETE /resource_providers/742ab1dc-aa0f-4c4a-8454-d35a180fbd2a => generated 246 bytes in 5 msecs (HTTP/1.1 404) 6 headers in 231 bytes (1 switches on core 0)
2026-07-16 01:40:09.724 7 INFO placement.requestlog [req-e86ca98f-49cb-4f6a-b206-9addfff1f0b9 req-e0ed98e3-2cda-41a9-ac7c-5543432cab32 4681513c636f4196acf63b1b9eef449d 2f620ccd72a1407da39f58965dd2a6a3 - - dc999864ac9e4c2989739d86ec8cd58b dc999864ac9e4c2989739d86ec8cd58b] 10.0.0.57 "GET /allocation_candidates?limit=1000&resources=DISK_GB%3A1%2CMEMORY_MB%3A512%2CVCPU%3A1&root_required=%21COMPUTE_STATUS_DISABLED" status: 200 len: 2442 microversion: 1.36 [pid: 7|app: 0|req: 500/1010] 10.0.0.57 () {34 vars in 1011 bytes} [Thu Jul 16 01:40:09 2026] GET /allocation_candidates?limit=1000&resources=DISK_GB%3A1%2CMEMORY_MB%3A512%2CVCPU%3A1&root_required=%21COMPUTE_STATUS_DISABLED => generated 2442 bytes in 58 msecs (HTTP/1.1 200) 8 headers in 297 bytes (1 switches on core 0)
2026-07-16 01:40:09.767 8 INFO placement.requestlog [req-e86ca98f-49cb-4f6a-b206-9addfff1f0b9 req-5a415414-201e-4e41-a6fc-9c91000b7e98 4681513c636f4196acf63b1b9eef449d 2f620ccd72a1407da39f58965dd2a6a3 - - dc999864ac9e4c2989739d86ec8cd58b dc999864ac9e4c2989739d86ec8cd58b] 10.0.0.57 "GET /allocations/4fc0c69c-4762-4555-a4c0-0311a595386f" status: 200 len: 19 microversion: 1.28 [pid: 8|app: 0|req: 511/1011] 10.0.0.57 () {34 vars in 860 bytes} [Thu Jul 16 01:40:09 2026] GET /allocations/4fc0c69c-4762-4555-a4c0-0311a595386f => generated 19 bytes in 9 msecs (HTTP/1.1 200) 8 headers in 295 bytes (1 switches on core 0)
2026-07-16 01:40:09.869 7 INFO placement.requestlog [req-e86ca98f-49cb-4f6a-b206-9addfff1f0b9 req-3787a208-6f15-4356-a7e0-b91c06f6527d 4681513c636f4196acf63b1b9eef449d 2f620ccd72a1407da39f58965dd2a6a3 - - dc999864ac9e4c2989739d86ec8cd58b dc999864ac9e4c2989739d86ec8cd58b] 10.0.0.57 "PUT /allocations/4fc0c69c-4762-4555-a4c0-0311a595386f" status: 204 len: 0 microversion: 1.36 [pid: 7|app: 0|req: 501/1012] 10.0.0.57 () {38 vars in 913 bytes} [Thu Jul 16 01:40:09 2026] PUT /allocations/4fc0c69c-4762-4555-a4c0-0311a595386f => generated 0 bytes in 97 msecs (HTTP/1.1 204) 5 headers in 199 bytes (1 switches on core 0)
2026-07-16 01:40:10.113 8 INFO placement.requestlog [req-cea417d3-4185-46ac-bc77-bfe4348a7823 req-1be0d5cc-4d72-48d9-b13b-8754b90f2a71 4681513c636f4196acf63b1b9eef449d 2f620ccd72a1407da39f58965dd2a6a3 - - dc999864ac9e4c2989739d86ec8cd58b dc999864ac9e4c2989739d86ec8cd58b] 10.0.0.57 "GET /allocation_candidates?limit=1000&resources=DISK_GB%3A1%2CMEMORY_MB%3A512%2CVCPU%3A1&root_required=%21COMPUTE_STATUS_DISABLED" status: 200 len: 2444 microversion: 1.36 [pid: 8|app: 0|req: 512/1013] 10.0.0.57 () {34 vars in 1011 bytes} [Thu Jul 16 01:40:10 2026] GET /allocation_candidates?limit=1000&resources=DISK_GB%3A1%2CMEMORY_MB%3A512%2CVCPU%3A1&root_required=%21COMPUTE_STATUS_DISABLED => generated 2444 bytes in 48 msecs (HTTP/1.1 200) 8 headers in 297 bytes (1 switches on core 0)
2026-07-16 01:40:10.144 7 INFO placement.requestlog [req-cea417d3-4185-46ac-bc77-bfe4348a7823 req-fba2de3c-e250-42f4-841a-1310e8f21cd7 4681513c636f4196acf63b1b9eef449d 2f620ccd72a1407da39f58965dd2a6a3 - - dc999864ac9e4c2989739d86ec8cd58b dc999864ac9e4c2989739d86ec8cd58b] 10.0.0.57 "GET /allocations/612b0aa7-6d2e-402f-9a67-dd80e1fc66bd" status: 200 len: 19 microversion: 1.28 [pid: 7|app: 0|req: 502/1014] 10.0.0.57 () {34 vars in 860 bytes} [Thu Jul 16 01:40:10 2026] GET /allocations/612b0aa7-6d2e-402f-9a67-dd80e1fc66bd => generated 19 bytes in 12 msecs (HTTP/1.1 200) 8 headers in 295 bytes (1 switches on core 0)
2026-07-16 01:40:10.210 8 INFO placement.requestlog [req-cea417d3-4185-46ac-bc77-bfe4348a7823 req-235932c3-213e-4933-817f-48841ff91125 4681513c636f4196acf63b1b9eef449d 2f620ccd72a1407da39f58965dd2a6a3 - - dc999864ac9e4c2989739d86ec8cd58b dc999864ac9e4c2989739d86ec8cd58b] 10.0.0.57 "PUT /allocations/612b0aa7-6d2e-402f-9a67-dd80e1fc66bd" status: 204 len: 0 microversion: 1.36 [pid: 8|app: 0|req: 513/1015] 10.0.0.57 () {38 vars in 913 bytes} [Thu Jul 16 01:40:10 2026] PUT /allocations/612b0aa7-6d2e-402f-9a67-dd80e1fc66bd => generated 0 bytes in 63 msecs (HTTP/1.1 204) 5 headers in 199 bytes (1 switches on core 0)
2026-07-16 01:40:10.587 7 INFO placement.requestlog [None req-4bdca3c2-aca1-44b3-8436-36510b90b2de - - - - - -] 10.0.0.67 "GET /" status: 200 len: 136 microversion: 1.0
2026-07-16 01:40:10.588 8 INFO placement.requestlog [None req-85e21db3-217e-4415-9ec8-554959bdd0ff - - - - - -] 10.0.0.67 "GET /" status: 200 len: 136 microversion: 1.0
2026-07-16 01:40:11.357 7 INFO placement.requestlog [req-e86ca98f-49cb-4f6a-b206-9addfff1f0b9 req-8d20d1fb-2c3d-4d92-991c-99bf5d5fb3dc 4681513c636f4196acf63b1b9eef449d 2f620ccd72a1407da39f58965dd2a6a3 - - dc999864ac9e4c2989739d86ec8cd58b dc999864ac9e4c2989739d86ec8cd58b] 199.204.45.116 "GET /allocations/4fc0c69c-4762-4555-a4c0-0311a595386f" status: 200 len: 258 microversion: 1.28 [pid: 7|app: 0|req: 504/1018] 199.204.45.116 () {34 vars in 863 bytes} [Thu Jul 16 01:40:11 2026] GET /allocations/4fc0c69c-4762-4555-a4c0-0311a595386f => generated 258 bytes in 18 msecs (HTTP/1.1 200) 8 headers in 296 bytes (1 switches on core 0)
2026-07-16 01:40:11.745 8 INFO placement.requestlog [req-cea417d3-4185-46ac-bc77-bfe4348a7823 req-00f4a87d-093a-4455-9481-ef77b9f2d578 4681513c636f4196acf63b1b9eef449d 2f620ccd72a1407da39f58965dd2a6a3 - - dc999864ac9e4c2989739d86ec8cd58b dc999864ac9e4c2989739d86ec8cd58b] 199.204.45.116 "GET /allocations/612b0aa7-6d2e-402f-9a67-dd80e1fc66bd" status: 200 len: 258 microversion: 1.28 [pid: 8|app: 0|req: 515/1019] 199.204.45.116 () {34 vars in 863 bytes} [Thu Jul 16 01:40:11 2026] GET /allocations/612b0aa7-6d2e-402f-9a67-dd80e1fc66bd => generated 258 bytes in 29 msecs (HTTP/1.1 200) 8 headers in 296 bytes (1 switches on core 0)
2026-07-16 01:40:12.395 7 INFO placement.requestlog [req-e86ca98f-49cb-4f6a-b206-9addfff1f0b9 req-ce964589-6147-461c-b565-ce6b47a4402e 4681513c636f4196acf63b1b9eef449d 2f620ccd72a1407da39f58965dd2a6a3 - - dc999864ac9e4c2989739d86ec8cd58b dc999864ac9e4c2989739d86ec8cd58b] 199.204.45.116 "GET /resource_providers/0829c9b4-4a84-4063-8ab5-c8cc7128030f/allocations" status: 200 len: 253 microversion: 1.0 [pid: 7|app: 0|req: 505/1020] 199.204.45.116 () {32 vars in 857 bytes} [Thu Jul 16 01:40:12 2026] GET /resource_providers/0829c9b4-4a84-4063-8ab5-c8cc7128030f/allocations => generated 253 bytes in 13 msecs (HTTP/1.1 200) 6 headers in 224 bytes (1 switches on core 0)
2026-07-16 01:40:12.413 8 INFO placement.requestlog [req-e86ca98f-49cb-4f6a-b206-9addfff1f0b9 req-1f678b93-7239-45b1-8967-b07f6246b01c 4681513c636f4196acf63b1b9eef449d 2f620ccd72a1407da39f58965dd2a6a3 - - dc999864ac9e4c2989739d86ec8cd58b dc999864ac9e4c2989739d86ec8cd58b] 199.204.45.116 "GET /allocations/4fc0c69c-4762-4555-a4c0-0311a595386f" status: 200 len: 258 microversion: 1.28 [pid: 8|app: 0|req: 516/1021] 199.204.45.116 () {34 vars in 863 bytes} [Thu Jul 16 01:40:12 2026] GET /allocations/4fc0c69c-4762-4555-a4c0-0311a595386f => generated 258 bytes in 13 msecs (HTTP/1.1 200) 8 headers in 296 bytes (1 switches on core 0)
2026-07-16 01:40:12.428 7 INFO placement.requestlog [req-e86ca98f-49cb-4f6a-b206-9addfff1f0b9 req-0a5d6303-01d1-4d12-91c9-ac53dfb4d8c3 4681513c636f4196acf63b1b9eef449d 2f620ccd72a1407da39f58965dd2a6a3 - - dc999864ac9e4c2989739d86ec8cd58b dc999864ac9e4c2989739d86ec8cd58b] 199.204.45.116 "GET /allocations/612b0aa7-6d2e-402f-9a67-dd80e1fc66bd" status: 200 len: 258 microversion: 1.28 [pid: 7|app: 0|req: 506/1022] 199.204.45.116 () {34 vars in 863 bytes} [Thu Jul 16 01:40:12 2026] GET /allocations/612b0aa7-6d2e-402f-9a67-dd80e1fc66bd => generated 258 bytes in 10 msecs (HTTP/1.1 200) 8 headers in 296 bytes (1 switches on core 0)
2026-07-16 01:40:14.487 8 INFO placement.requestlog [req-cea417d3-4185-46ac-bc77-bfe4348a7823 req-35e3a421-c3c3-4e31-8636-8c0ba8042a14 4681513c636f4196acf63b1b9eef449d 2f620ccd72a1407da39f58965dd2a6a3 - - dc999864ac9e4c2989739d86ec8cd58b dc999864ac9e4c2989739d86ec8cd58b] 199.204.45.116 "GET /resource_providers/0829c9b4-4a84-4063-8ab5-c8cc7128030f/allocations" status: 200 len: 253 microversion: 1.0 [pid: 8|app: 0|req: 517/1023] 199.204.45.116 () {32 vars in 857 bytes} [Thu Jul 16 01:40:14 2026] GET /resource_providers/0829c9b4-4a84-4063-8ab5-c8cc7128030f/allocations => generated 253 bytes in 18 msecs (HTTP/1.1 200) 6 headers in 224 bytes (1 switches on core 0)
2026-07-16 01:40:14.508 7 INFO placement.requestlog [req-cea417d3-4185-46ac-bc77-bfe4348a7823 req-2448d90f-951f-449b-aea6-43c7fc60155c 4681513c636f4196acf63b1b9eef449d 2f620ccd72a1407da39f58965dd2a6a3 - - dc999864ac9e4c2989739d86ec8cd58b dc999864ac9e4c2989739d86ec8cd58b] 199.204.45.116 "GET /allocations/4fc0c69c-4762-4555-a4c0-0311a595386f" status: 200 len: 258 microversion: 1.28 [pid: 7|app: 0|req: 507/1024] 199.204.45.116 () {34 vars in 863 bytes} [Thu Jul 16 01:40:14 2026] GET /allocations/4fc0c69c-4762-4555-a4c0-0311a595386f => generated 258 bytes in 14 msecs (HTTP/1.1 200) 8 headers in 296 bytes (1 switches on core 0)
2026-07-16 01:40:14.524 8 INFO placement.requestlog [req-cea417d3-4185-46ac-bc77-bfe4348a7823 req-867a72d3-d682-4ff9-aced-a85757d44ee6 4681513c636f4196acf63b1b9eef449d 2f620ccd72a1407da39f58965dd2a6a3 - - dc999864ac9e4c2989739d86ec8cd58b dc999864ac9e4c2989739d86ec8cd58b] 199.204.45.116 "GET /allocations/612b0aa7-6d2e-402f-9a67-dd80e1fc66bd" status: 200 len: 258 microversion: 1.28 [pid: 8|app: 0|req: 518/1025] 199.204.45.116 () {34 vars in 863 bytes} [Thu Jul 16 01:40:14 2026] GET /allocations/612b0aa7-6d2e-402f-9a67-dd80e1fc66bd => generated 258 bytes in 11 msecs (HTTP/1.1 200) 8 headers in 296 bytes (1 switches on core 0)
2026-07-16 01:40:17.979 7 INFO placement.requestlog [None req-a8a00a26-6348-469e-bc08-a106aed94a3c 1af651ec0cc14b5c88a082a048a73873 2f620ccd72a1407da39f58965dd2a6a3 - - dc999864ac9e4c2989739d86ec8cd58b dc999864ac9e4c2989739d86ec8cd58b] 10.0.0.66 "GET /resource_providers/e80503cb-b77f-4e3e-8817-e2939ffc455e/aggregates" status: 404 len: 235 microversion: 1.1 [pid: 7|app: 0|req: 508/1026] 10.0.0.66 () {32 vars in 815 bytes} [Thu Jul 16 01:40:17 2026] GET /resource_providers/e80503cb-b77f-4e3e-8817-e2939ffc455e/aggregates => generated 235 bytes in 8 msecs (HTTP/1.1 404) 5 headers in 202 bytes (1 switches on core 0)
2026-07-16 01:40:17.982 8 INFO placement.requestlog [None req-85092b7f-f6eb-4c09-98ad-8d81b439578c 1af651ec0cc14b5c88a082a048a73873 2f620ccd72a1407da39f58965dd2a6a3 - - dc999864ac9e4c2989739d86ec8cd58b dc999864ac9e4c2989739d86ec8cd58b] 10.0.0.66 "GET /resource_providers/e80503cb-b77f-4e3e-8817-e2939ffc455e/aggregates" status: 404 len: 235 microversion: 1.1 [pid: 8|app: 0|req: 519/1027] 10.0.0.66 () {32 vars in 815 bytes} [Thu Jul 16 01:40:17 2026] GET /resource_providers/e80503cb-b77f-4e3e-8817-e2939ffc455e/aggregates => generated 235 bytes in 7 msecs (HTTP/1.1 404) 5 headers in 202 bytes (1 switches on core 0)
2026-07-16 01:40:17.998 8 INFO placement.requestlog [None req-adc1c3b5-abde-4a00-88b2-58e202c541ac 1af651ec0cc14b5c88a082a048a73873 2f620ccd72a1407da39f58965dd2a6a3 - - dc999864ac9e4c2989739d86ec8cd58b dc999864ac9e4c2989739d86ec8cd58b] 10.0.0.66 "DELETE /resource_providers/e80503cb-b77f-4e3e-8817-e2939ffc455e" status: 404 len: 246 microversion: 1.1 [pid: 8|app: 0|req: 520/1028] 10.0.0.66 () {34 vars in 815 bytes} [Thu Jul 16 01:40:17 2026] DELETE /resource_providers/e80503cb-b77f-4e3e-8817-e2939ffc455e => generated 246 bytes in 7 msecs (HTTP/1.1 404) 6 headers in 231 bytes (1 switches on core 0)
2026-07-16 01:40:17.998 7 INFO placement.requestlog [None req-416ab4b3-94b3-4c21-956d-7b8c6e00b8a7 1af651ec0cc14b5c88a082a048a73873 2f620ccd72a1407da39f58965dd2a6a3 - - dc999864ac9e4c2989739d86ec8cd58b dc999864ac9e4c2989739d86ec8cd58b] 10.0.0.66 "DELETE /resource_providers/e80503cb-b77f-4e3e-8817-e2939ffc455e" status: 404 len: 246 microversion: 1.1 [pid: 7|app: 0|req: 509/1029] 10.0.0.66 () {34 vars in 815 bytes} [Thu Jul 16 01:40:17 2026] DELETE /resource_providers/e80503cb-b77f-4e3e-8817-e2939ffc455e => generated 246 bytes in 8 msecs (HTTP/1.1 404) 6 headers in 231 bytes (1 switches on core 0)
2026-07-16 01:40:20.587 8 INFO placement.requestlog [None req-a6e13428-ce7b-4746-b3da-4ba85a7c275f - - - - - -] 10.0.0.67 "GET /" status: 200 len: 136 microversion: 1.0
2026-07-16 01:40:20.587 7 INFO placement.requestlog [None req-68e878fa-b3b0-4be2-83eb-4957adb22cf6 - - - - - -] 10.0.0.67 "GET /" status: 200 len: 136 microversion: 1.0
