2026-05-15 16:35:12.753 7 INFO placement.requestlog [req-f7617d9c-8aaa-4b49-a6d8-f04361a474d7 req-97c08fc2-6063-43d8-9f7f-df0d4b8eb975 a25c90bcd23848c6a30ca3ad1ee05fb6 aba17e017ba3476a82c469865e006c42 - - 563aa7a5e51149bca49056b02a69fcd1 563aa7a5e51149bca49056b02a69fcd1] 162.253.55.100 "GET /resource_providers/13d7afbf-cae3-45d8-8a73-4d359555f029/allocations" status: 200 len: 54 microversion: 1.0 [pid: 7|app: 0|req: 289/580] 162.253.55.100 () {32 vars in 857 bytes} [Fri May 15 16:35:12 2026] GET /resource_providers/13d7afbf-cae3-45d8-8a73-4d359555f029/allocations => generated 54 bytes in 14 msecs (HTTP/1.1 200) 6 headers in 223 bytes (1 switches on core 0)
2026-05-15 16:35:17.243 8 INFO placement.requestlog [None req-b014417d-e8ed-46bd-ade9-388566f8600d - - - - - -] 10.0.0.190 "GET /" status: 200 len: 136 microversion: 1.0
2026-05-15 16:35:17.243 7 INFO placement.requestlog [None req-621e095b-d0b7-43cc-aeef-197c0eac4bad - - - - - -] 10.0.0.190 "GET /" status: 200 len: 136 microversion: 1.0
2026-05-15 16:35:27.241 8 INFO placement.requestlog [None req-75117937-e7b2-49f1-a15e-1d0c66dbfde9 - - - - - -] 10.0.0.190 "GET /" status: 200 len: 136 microversion: 1.0
2026-05-15 16:35:27.242 7 INFO placement.requestlog [None req-c321f800-cb21-4f1f-af45-db778e95e05c - - - - - -] 10.0.0.190 "GET /" status: 200 len: 136 microversion: 1.0
2026-05-15 16:35:37.242 7 INFO placement.requestlog [None req-137e1ff9-8f9f-4262-86d3-9de2c583be73 - - - - - -] 10.0.0.190 "GET /" status: 200 len: 136 microversion: 1.0
2026-05-15 16:35:37.243 8 INFO placement.requestlog [None req-a7e7d1a4-98ef-48ef-9446-2dbb73777755 - - - - - -] 10.0.0.190 "GET /" status: 200 len: 136 microversion: 1.0
2026-05-15 16:35:47.241 7 INFO placement.requestlog [None req-fa0a19db-a192-4b22-944b-4080807c123b - - - - - -] 10.0.0.190 "GET /" status: 200 len: 136 microversion: 1.0
2026-05-15 16:35:47.241 8 INFO placement.requestlog [None req-969a5fc4-a5bc-4cbc-ab64-3a599611f3d3 - - - - - -] 10.0.0.190 "GET /" status: 200 len: 136 microversion: 1.0
2026-05-15 16:35:57.242 7 INFO placement.requestlog [None req-efb8704c-e799-4dcf-9217-e272e20a2a32 - - - - - -] 10.0.0.190 "GET /" status: 200 len: 136 microversion: 1.0
2026-05-15 16:35:57.242 8 INFO placement.requestlog [None req-a7f2fcdb-a189-4f90-8ef3-d583b192bd16 - - - - - -] 10.0.0.190 "GET /" status: 200 len: 136 microversion: 1.0
2026-05-15 16:36:07.241 8 INFO placement.requestlog [None req-d46a763c-bcd5-436a-a813-97ad1d9e0909 - - - - - -] 10.0.0.190 "GET /" status: 200 len: 136 microversion: 1.0
2026-05-15 16:36:07.242 7 INFO placement.requestlog [None req-2280e24e-dfee-4ec1-ac93-7f957ea438f3 - - - - - -] 10.0.0.190 "GET /" status: 200 len: 136 microversion: 1.0
2026-05-15 16:36:13.296 8 INFO placement.requestlog [req-42d5028c-1499-4588-863d-03df636ef711 req-b005b03a-4176-4676-bc96-0ae51c3ba24a a25c90bcd23848c6a30ca3ad1ee05fb6 aba17e017ba3476a82c469865e006c42 - - 563aa7a5e51149bca49056b02a69fcd1 563aa7a5e51149bca49056b02a69fcd1] 162.253.55.100 "GET /resource_providers/13d7afbf-cae3-45d8-8a73-4d359555f029/allocations" status: 200 len: 54 microversion: 1.0 [pid: 8|app: 0|req: 298/593] 162.253.55.100 () {32 vars in 857 bytes} [Fri May 15 16:36:13 2026] GET /resource_providers/13d7afbf-cae3-45d8-8a73-4d359555f029/allocations => generated 54 bytes in 17 msecs (HTTP/1.1 200) 6 headers in 223 bytes (1 switches on core 0)
2026-05-15 16:36:13.315 7 INFO placement.requestlog [req-42d5028c-1499-4588-863d-03df636ef711 req-d934829e-ef80-42bb-b7b0-9f3f7970c89a a25c90bcd23848c6a30ca3ad1ee05fb6 aba17e017ba3476a82c469865e006c42 - - 563aa7a5e51149bca49056b02a69fcd1 563aa7a5e51149bca49056b02a69fcd1] 162.253.55.100 "GET /resource_providers/13d7afbf-cae3-45d8-8a73-4d359555f029/allocations" status: 200 len: 54 microversion: 1.0 [pid: 7|app: 0|req: 296/594] 162.253.55.100 () {32 vars in 857 bytes} [Fri May 15 16:36:13 2026] GET /resource_providers/13d7afbf-cae3-45d8-8a73-4d359555f029/allocations => generated 54 bytes in 14 msecs (HTTP/1.1 200) 6 headers in 223 bytes (1 switches on core 0)
2026-05-15 16:36:17.241 7 INFO placement.requestlog [None req-16c22e41-e506-4b18-8c7a-14e45fa63167 - - - - - -] 10.0.0.190 "GET /" status: 200 len: 136 microversion: 1.0
2026-05-15 16:36:17.241 8 INFO placement.requestlog [None req-a8749243-06e9-4379-a3a7-8b44223e7e70 - - - - - -] 10.0.0.190 "GET /" status: 200 len: 136 microversion: 1.0
2026-05-15 16:36:27.241 7 INFO placement.requestlog [None req-67b48f1b-538f-4a2a-9bd4-bb9c8a58f921 - - - - - -] 10.0.0.190 "GET /" status: 200 len: 136 microversion: 1.0
2026-05-15 16:36:27.241 8 INFO placement.requestlog [None req-c90e97ca-f871-4247-8db3-4c3cd00d0cd1 - - - - - -] 10.0.0.190 "GET /" status: 200 len: 136 microversion: 1.0
2026-05-15 16:36:37.242 7 INFO placement.requestlog [None req-73911cbd-1662-4888-81cd-9240faf42644 - - - - - -] 10.0.0.190 "GET /" status: 200 len: 136 microversion: 1.0
2026-05-15 16:36:37.243 8 INFO placement.requestlog [None req-4c95ef49-eb2e-4f4d-804f-e125c20ec7af - - - - - -] 10.0.0.190 "GET /" status: 200 len: 136 microversion: 1.0
2026-05-15 16:36:47.242 7 INFO placement.requestlog [None req-fa029247-4cd3-41ab-9b76-63211300695c - - - - - -] 10.0.0.190 "GET /" status: 200 len: 136 microversion: 1.0
2026-05-15 16:36:47.243 8 INFO placement.requestlog [None req-080fc0fb-4a78-4904-918f-84a12ef41e80 - - - - - -] 10.0.0.190 "GET /" status: 200 len: 136 microversion: 1.0
2026-05-15 16:36:57.241 7 INFO placement.requestlog [None req-7cbd24e3-8356-4e13-9edb-be8e75da78f3 - - - - - -] 10.0.0.190 "GET /" status: 200 len: 136 microversion: 1.0
2026-05-15 16:36:57.242 8 INFO placement.requestlog [None req-b99ec2fa-85ab-4bd0-9cad-3d23522c1e7c - - - - - -] 10.0.0.190 "GET /" status: 200 len: 136 microversion: 1.0
2026-05-15 16:37:07.242 8 INFO placement.requestlog [None req-af229140-f177-425e-9fa6-e0f1d09b2b04 - - - - - -] 10.0.0.190 "GET /" status: 200 len: 136 microversion: 1.0
2026-05-15 16:37:07.242 7 INFO placement.requestlog [None req-a7dd44c9-e9ae-49d2-bf6a-16d2a7cd7ebc - - - - - -] 10.0.0.190 "GET /" status: 200 len: 136 microversion: 1.0
2026-05-15 16:37:15.428 8 INFO placement.requestlog [req-4ec4bc7d-c497-4448-9e07-f38b5fd19dd8 req-6e520edf-3aa4-46eb-b604-f24e0f890f43 a25c90bcd23848c6a30ca3ad1ee05fb6 aba17e017ba3476a82c469865e006c42 - - 563aa7a5e51149bca49056b02a69fcd1 563aa7a5e51149bca49056b02a69fcd1] 162.253.55.100 "GET /resource_providers/13d7afbf-cae3-45d8-8a73-4d359555f029/allocations" status: 200 len: 54 microversion: 1.0 [pid: 8|app: 0|req: 305/607] 162.253.55.100 () {32 vars in 857 bytes} [Fri May 15 16:37:15 2026] GET /resource_providers/13d7afbf-cae3-45d8-8a73-4d359555f029/allocations => generated 54 bytes in 106 msecs (HTTP/1.1 200) 6 headers in 223 bytes (1 switches on core 0)
2026-05-15 16:37:15.452 7 INFO placement.requestlog [req-4ec4bc7d-c497-4448-9e07-f38b5fd19dd8 req-9684369e-ace5-4904-abfe-6837957704df a25c90bcd23848c6a30ca3ad1ee05fb6 aba17e017ba3476a82c469865e006c42 - - 563aa7a5e51149bca49056b02a69fcd1 563aa7a5e51149bca49056b02a69fcd1] 162.253.55.100 "GET /resource_providers?in_tree=13d7afbf-cae3-45d8-8a73-4d359555f029" status: 200 len: 797 microversion: 1.14 [pid: 7|app: 0|req: 303/608] 162.253.55.100 () {34 vars in 892 bytes} [Fri May 15 16:37:15 2026] GET /resource_providers?in_tree=13d7afbf-cae3-45d8-8a73-4d359555f029 => generated 797 bytes in 18 msecs (HTTP/1.1 200) 6 headers in 225 bytes (1 switches on core 0)
2026-05-15 16:37:15.470 8 INFO placement.requestlog [req-4ec4bc7d-c497-4448-9e07-f38b5fd19dd8 req-2d17563a-8701-415f-a9dd-3e909de31649 a25c90bcd23848c6a30ca3ad1ee05fb6 aba17e017ba3476a82c469865e006c42 - - 563aa7a5e51149bca49056b02a69fcd1 563aa7a5e51149bca49056b02a69fcd1] 162.253.55.100 "GET /resource_providers/13d7afbf-cae3-45d8-8a73-4d359555f029/inventories" status: 200 len: 400 microversion: 1.0 [pid: 8|app: 0|req: 306/609] 162.253.55.100 () {32 vars in 857 bytes} [Fri May 15 16:37:15 2026] GET /resource_providers/13d7afbf-cae3-45d8-8a73-4d359555f029/inventories => generated 400 bytes in 12 msecs (HTTP/1.1 200) 6 headers in 224 bytes (1 switches on core 0)
2026-05-15 16:37:15.487 7 INFO placement.requestlog [req-4ec4bc7d-c497-4448-9e07-f38b5fd19dd8 req-cfb44d07-ed10-4557-b903-3efe90d4ebdc a25c90bcd23848c6a30ca3ad1ee05fb6 aba17e017ba3476a82c469865e006c42 - - 563aa7a5e51149bca49056b02a69fcd1 563aa7a5e51149bca49056b02a69fcd1] 162.253.55.100 "GET /resource_providers/13d7afbf-cae3-45d8-8a73-4d359555f029/aggregates" status: 200 len: 53 microversion: 1.19 [pid: 7|app: 0|req: 304/610] 162.253.55.100 () {34 vars in 899 bytes} [Fri May 15 16:37:15 2026] GET /resource_providers/13d7afbf-cae3-45d8-8a73-4d359555f029/aggregates => generated 53 bytes in 10 msecs (HTTP/1.1 200) 8 headers in 295 bytes (1 switches on core 0)
2026-05-15 16:37:15.517 8 INFO placement.requestlog [req-4ec4bc7d-c497-4448-9e07-f38b5fd19dd8 req-a93cd155-c44d-4b1a-b09d-9da5cf48588f a25c90bcd23848c6a30ca3ad1ee05fb6 aba17e017ba3476a82c469865e006c42 - - 563aa7a5e51149bca49056b02a69fcd1 563aa7a5e51149bca49056b02a69fcd1] 162.253.55.100 "GET /resource_providers/13d7afbf-cae3-45d8-8a73-4d359555f029/traits" status: 200 len: 2316 microversion: 1.6 [pid: 8|app: 0|req: 307/611] 162.253.55.100 () {34 vars in 890 bytes} [Fri May 15 16:37:15 2026] GET /resource_providers/13d7afbf-cae3-45d8-8a73-4d359555f029/traits => generated 2316 bytes in 24 msecs (HTTP/1.1 200) 6 headers in 225 bytes (1 switches on core 0)
2026-05-15 16:37:15.533 7 INFO placement.requestlog [req-4ec4bc7d-c497-4448-9e07-f38b5fd19dd8 req-01d87bf1-20f8-47d3-8cc1-33486975393a a25c90bcd23848c6a30ca3ad1ee05fb6 aba17e017ba3476a82c469865e006c42 - - 563aa7a5e51149bca49056b02a69fcd1 563aa7a5e51149bca49056b02a69fcd1] 162.253.55.100 "GET /resource_providers/13d7afbf-cae3-45d8-8a73-4d359555f029/allocations" status: 200 len: 54 microversion: 1.0 [pid: 7|app: 0|req: 305/612] 162.253.55.100 () {32 vars in 857 bytes} [Fri May 15 16:37:15 2026] GET /resource_providers/13d7afbf-cae3-45d8-8a73-4d359555f029/allocations => generated 54 bytes in 12 msecs (HTTP/1.1 200) 6 headers in 223 bytes (1 switches on core 0)
2026-05-15 16:37:17.241 8 INFO placement.requestlog [None req-7823ac33-b19d-4fe1-8ba3-d86e69aa46ba - - - - - -] 10.0.0.190 "GET /" status: 200 len: 136 microversion: 1.0
2026-05-15 16:37:17.242 7 INFO placement.requestlog [None req-0ccc7211-2d87-4772-b6bf-483dd5cbf664 - - - - - -] 10.0.0.190 "GET /" status: 200 len: 136 microversion: 1.0
2026-05-15 16:37:27.241 8 INFO placement.requestlog [None req-9b9ec374-4f1a-4aa2-8755-9f4d092dbd0d - - - - - -] 10.0.0.190 "GET /" status: 200 len: 136 microversion: 1.0
2026-05-15 16:37:27.241 7 INFO placement.requestlog [None req-55f4f0c4-0f54-4ecf-8677-4b1bd4a502c4 - - - - - -] 10.0.0.190 "GET /" status: 200 len: 136 microversion: 1.0
2026-05-15 16:37:37.241 8 INFO placement.requestlog [None req-56b06030-a7eb-4b8d-ba94-b92406b5c385 - - - - - -] 10.0.0.190 "GET /" status: 200 len: 136 microversion: 1.0
2026-05-15 16:37:37.242 7 INFO placement.requestlog [None req-40045077-113c-4fdc-bffb-723143d207e2 - - - - - -] 10.0.0.190 "GET /" status: 200 len: 136 microversion: 1.0
2026-05-15 16:37:47.242 8 INFO placement.requestlog [None req-746198cf-2592-4524-98e8-be5e1f9083cc - - - - - -] 10.0.0.190 "GET /" status: 200 len: 136 microversion: 1.0
2026-05-15 16:37:47.242 7 INFO placement.requestlog [None req-2e66f44a-a120-4aff-b980-7b4333c3314f - - - - - -] 10.0.0.190 "GET /" status: 200 len: 136 microversion: 1.0
2026-05-15 16:37:57.242 7 INFO placement.requestlog [None req-f25dc7b3-2a9b-40da-8f90-68f83596d2a5 - - - - - -] 10.0.0.190 "GET /" status: 200 len: 136 microversion: 1.0
2026-05-15 16:37:57.243 8 INFO placement.requestlog [None req-593c4911-84a0-450e-b874-db17ed154f22 - - - - - -] 10.0.0.190 "GET /" status: 200 len: 136 microversion: 1.0
2026-05-15 16:38:07.241 7 INFO placement.requestlog [None req-524dc37b-42fc-4b0f-8a8a-22036bbea15d - - - - - -] 10.0.0.190 "GET /" status: 200 len: 136 microversion: 1.0
2026-05-15 16:38:07.242 8 INFO placement.requestlog [None req-77572730-39c1-4230-ad5a-177bcc570197 - - - - - -] 10.0.0.190 "GET /" status: 200 len: 136 microversion: 1.0
2026-05-15 16:38:15.158 7 INFO placement.requestlog [req-da8edaf8-ba78-4433-a79a-13d3690ae00b req-83b23b8f-0acd-4fc4-aa65-8aafd3ffd539 a25c90bcd23848c6a30ca3ad1ee05fb6 aba17e017ba3476a82c469865e006c42 - - 563aa7a5e51149bca49056b02a69fcd1 563aa7a5e51149bca49056b02a69fcd1] 162.253.55.100 "GET /resource_providers/13d7afbf-cae3-45d8-8a73-4d359555f029/allocations" status: 200 len: 54 microversion: 1.0 [pid: 7|app: 0|req: 312/625] 162.253.55.100 () {32 vars in 857 bytes} [Fri May 15 16:38:15 2026] GET /resource_providers/13d7afbf-cae3-45d8-8a73-4d359555f029/allocations => generated 54 bytes in 12 msecs (HTTP/1.1 200) 6 headers in 223 bytes (1 switches on core 0)
2026-05-15 16:38:15.176 8 INFO placement.requestlog [req-da8edaf8-ba78-4433-a79a-13d3690ae00b req-5861728a-2722-4a27-8a79-c02c1b5c4097 a25c90bcd23848c6a30ca3ad1ee05fb6 aba17e017ba3476a82c469865e006c42 - - 563aa7a5e51149bca49056b02a69fcd1 563aa7a5e51149bca49056b02a69fcd1] 162.253.55.100 "GET /resource_providers/13d7afbf-cae3-45d8-8a73-4d359555f029/allocations" status: 200 len: 54 microversion: 1.0 [pid: 8|app: 0|req: 314/626] 162.253.55.100 () {32 vars in 857 bytes} [Fri May 15 16:38:15 2026] GET /resource_providers/13d7afbf-cae3-45d8-8a73-4d359555f029/allocations => generated 54 bytes in 11 msecs (HTTP/1.1 200) 6 headers in 223 bytes (1 switches on core 0)
2026-05-15 16:38:17.242 7 INFO placement.requestlog [None req-49346a0b-3e13-4011-8ab8-3a3522e83752 - - - - - -] 10.0.0.190 "GET /" status: 200 len: 136 microversion: 1.0
2026-05-15 16:38:17.243 8 INFO placement.requestlog [None req-c41c5876-7a9a-42b3-8f26-cb0f936a683c - - - - - -] 10.0.0.190 "GET /" status: 200 len: 136 microversion: 1.0
2026-05-15 16:38:27.242 7 INFO placement.requestlog [None req-d8a112ec-dbc1-4b47-a5d8-19ee896b71d3 - - - - - -] 10.0.0.190 "GET /" status: 200 len: 136 microversion: 1.0
2026-05-15 16:38:27.242 8 INFO placement.requestlog [None req-fe4db931-f2c7-415b-8316-5f567e8d531f - - - - - -] 10.0.0.190 "GET /" status: 200 len: 136 microversion: 1.0
2026-05-15 16:38:37.241 8 INFO placement.requestlog [None req-2b227856-c458-456c-bf5e-7776b989b2e8 - - - - - -] 10.0.0.190 "GET /" status: 200 len: 136 microversion: 1.0
2026-05-15 16:38:37.242 7 INFO placement.requestlog [None req-ebe6d89a-23e7-45f2-bc23-9b4dac6a7484 - - - - - -] 10.0.0.190 "GET /" status: 200 len: 136 microversion: 1.0
2026-05-15 16:38:47.241 8 INFO placement.requestlog [None req-dadc6b6e-12c7-4618-b01a-70d36053275f - - - - - -] 10.0.0.190 "GET /" status: 200 len: 136 microversion: 1.0
2026-05-15 16:38:47.241 7 INFO placement.requestlog [None req-363cd53a-2668-4040-96bb-8f33f671e0fa - - - - - -] 10.0.0.190 "GET /" status: 200 len: 136 microversion: 1.0
2026-05-15 16:38:57.242 7 INFO placement.requestlog [None req-0c4cec87-de9e-4891-ade0-7d1794528988 - - - - - -] 10.0.0.190 "GET /" status: 200 len: 136 microversion: 1.0
2026-05-15 16:38:57.242 8 INFO placement.requestlog [None req-630d6893-dbba-435e-91e7-5d5047cee719 - - - - - -] 10.0.0.190 "GET /" status: 200 len: 136 microversion: 1.0
2026-05-15 16:39:07.242 8 INFO placement.requestlog [None req-45409796-4daf-4b5e-9f9a-a5f5b817a3cd - - - - - -] 10.0.0.190 "GET /" status: 200 len: 136 microversion: 1.0
2026-05-15 16:39:07.242 7 INFO placement.requestlog [None req-3eb902b8-d360-44be-8c4a-cce821c98d70 - - - - - -] 10.0.0.190 "GET /" status: 200 len: 136 microversion: 1.0
2026-05-15 16:39:17.241 8 INFO placement.requestlog [None req-f2c77303-67cb-43da-9dcd-5ca522590797 - - - - - -] 10.0.0.190 "GET /" status: 200 len: 136 microversion: 1.0
2026-05-15 16:39:17.242 7 INFO placement.requestlog [None req-30d3ea51-a34e-4004-8fd4-bd4a9b29cb6c - - - - - -] 10.0.0.190 "GET /" status: 200 len: 136 microversion: 1.0
2026-05-15 16:39:17.556 8 INFO placement.requestlog [req-9ff3e8a0-40d7-4290-9daa-326cd5506e67 req-6fa981cf-7d09-4b6b-8d6f-6f516fafa3bb a25c90bcd23848c6a30ca3ad1ee05fb6 aba17e017ba3476a82c469865e006c42 - - 563aa7a5e51149bca49056b02a69fcd1 563aa7a5e51149bca49056b02a69fcd1] 162.253.55.100 "GET /resource_providers/13d7afbf-cae3-45d8-8a73-4d359555f029/allocations" status: 200 len: 54 microversion: 1.0 [pid: 8|app: 0|req: 322/641] 162.253.55.100 () {32 vars in 857 bytes} [Fri May 15 16:39:17 2026] GET /resource_providers/13d7afbf-cae3-45d8-8a73-4d359555f029/allocations => generated 54 bytes in 16 msecs (HTTP/1.1 200) 6 headers in 223 bytes (1 switches on core 0)
2026-05-15 16:39:17.581 7 INFO placement.requestlog [req-9ff3e8a0-40d7-4290-9daa-326cd5506e67 req-26f54370-b3cb-4499-beb0-86c94d3ff6e6 a25c90bcd23848c6a30ca3ad1ee05fb6 aba17e017ba3476a82c469865e006c42 - - 563aa7a5e51149bca49056b02a69fcd1 563aa7a5e51149bca49056b02a69fcd1] 162.253.55.100 "GET /resource_providers/13d7afbf-cae3-45d8-8a73-4d359555f029/allocations" status: 200 len: 54 microversion: 1.0 [pid: 7|app: 0|req: 320/642] 162.253.55.100 () {32 vars in 857 bytes} [Fri May 15 16:39:17 2026] GET /resource_providers/13d7afbf-cae3-45d8-8a73-4d359555f029/allocations => generated 54 bytes in 18 msecs (HTTP/1.1 200) 6 headers in 223 bytes (1 switches on core 0)
2026-05-15 16:39:27.243 7 INFO placement.requestlog [None req-2ec1c132-6015-4566-b112-de935f0cb601 - - - - - -] 10.0.0.190 "GET /" status: 200 len: 136 microversion: 1.0
2026-05-15 16:39:27.243 8 INFO placement.requestlog [None req-6470db17-f348-42bf-ad52-d7118e79a4c1 - - - - - -] 10.0.0.190 "GET /" status: 200 len: 136 microversion: 1.0
2026-05-15 16:39:37.242 7 INFO placement.requestlog [None req-6dba5cee-edd4-4c8c-ac59-7cd3ed1ac2ba - - - - - -] 10.0.0.190 "GET /" status: 200 len: 136 microversion: 1.0
2026-05-15 16:39:37.242 8 INFO placement.requestlog [None req-e271a0c9-2b9c-4481-a8a3-223cde5fe6e6 - - - - - -] 10.0.0.190 "GET /" status: 200 len: 136 microversion: 1.0
2026-05-15 16:39:40.387 7 INFO placement.requestlog [req-09c2fa2c-2a94-48a4-9590-d622ef21f65e req-03e5aa45-3a55-4bbb-9905-596004530bb8 a25c90bcd23848c6a30ca3ad1ee05fb6 aba17e017ba3476a82c469865e006c42 - - 563aa7a5e51149bca49056b02a69fcd1 563aa7a5e51149bca49056b02a69fcd1] 10.0.0.14 "GET /allocation_candidates?limit=1000&resources=DISK_GB%3A1%2CMEMORY_MB%3A512%2CVCPU%3A1&root_required=%21COMPUTE_STATUS_DISABLED" status: 200 len: 2781 microversion: 1.36 [pid: 7|app: 0|req: 323/647] 10.0.0.14 () {34 vars in 1011 bytes} [Fri May 15 16:39:40 2026] GET /allocation_candidates?limit=1000&resources=DISK_GB%3A1%2CMEMORY_MB%3A512%2CVCPU%3A1&root_required=%21COMPUTE_STATUS_DISABLED => generated 2781 bytes in 205 msecs (HTTP/1.1 200) 8 headers in 297 bytes (1 switches on core 0)
2026-05-15 16:39:40.438 8 INFO placement.requestlog [req-09c2fa2c-2a94-48a4-9590-d622ef21f65e req-6d7e925b-820b-4880-afa5-76654fa8f9c6 a25c90bcd23848c6a30ca3ad1ee05fb6 aba17e017ba3476a82c469865e006c42 - - 563aa7a5e51149bca49056b02a69fcd1 563aa7a5e51149bca49056b02a69fcd1] 10.0.0.14 "GET /allocations/5908c580-f826-46f4-b389-daf6a9349cc5" status: 200 len: 19 microversion: 1.28 [pid: 8|app: 0|req: 325/648] 10.0.0.14 () {34 vars in 860 bytes} [Fri May 15 16:39:40 2026] GET /allocations/5908c580-f826-46f4-b389-daf6a9349cc5 => generated 19 bytes in 11 msecs (HTTP/1.1 200) 8 headers in 295 bytes (1 switches on core 0)
2026-05-15 16:39:40.527 7 INFO placement.requestlog [req-09c2fa2c-2a94-48a4-9590-d622ef21f65e req-8e3fdf62-92c7-4742-89f7-71bd6a3f9ecd a25c90bcd23848c6a30ca3ad1ee05fb6 aba17e017ba3476a82c469865e006c42 - - 563aa7a5e51149bca49056b02a69fcd1 563aa7a5e51149bca49056b02a69fcd1] 10.0.0.14 "PUT /allocations/5908c580-f826-46f4-b389-daf6a9349cc5" status: 204 len: 0 microversion: 1.36 [pid: 7|app: 0|req: 324/649] 10.0.0.14 () {38 vars in 913 bytes} [Fri May 15 16:39:40 2026] PUT /allocations/5908c580-f826-46f4-b389-daf6a9349cc5 => generated 0 bytes in 75 msecs (HTTP/1.1 204) 5 headers in 199 bytes (1 switches on core 0)
2026-05-15 16:39:42.032 8 INFO placement.requestlog [req-09c2fa2c-2a94-48a4-9590-d622ef21f65e req-4ebd69de-81be-4e3c-a532-4a4076045316 a25c90bcd23848c6a30ca3ad1ee05fb6 aba17e017ba3476a82c469865e006c42 - - 563aa7a5e51149bca49056b02a69fcd1 563aa7a5e51149bca49056b02a69fcd1] 162.253.55.100 "GET /allocations/5908c580-f826-46f4-b389-daf6a9349cc5" status: 200 len: 257 microversion: 1.28 [pid: 8|app: 0|req: 326/650] 162.253.55.100 () {34 vars in 863 bytes} [Fri May 15 16:39:42 2026] GET /allocations/5908c580-f826-46f4-b389-daf6a9349cc5 => generated 257 bytes in 14 msecs (HTTP/1.1 200) 8 headers in 296 bytes (1 switches on core 0)
2026-05-15 16:39:42.849 7 INFO placement.requestlog [None req-3ed0a300-b75b-429a-adff-9e9418325e54 5c19f230ed8442dbb17affe77985e603 aba17e017ba3476a82c469865e006c42 - - 563aa7a5e51149bca49056b02a69fcd1 563aa7a5e51149bca49056b02a69fcd1] 10.0.0.101 "GET /resource_providers/be967a13-a1d4-4369-a969-74ed10ac52a6/aggregates" status: 404 len: 235 microversion: 1.1 [pid: 7|app: 0|req: 325/651] 10.0.0.101 () {32 vars in 816 bytes} [Fri May 15 16:39:42 2026] GET /resource_providers/be967a13-a1d4-4369-a969-74ed10ac52a6/aggregates => generated 235 bytes in 154 msecs (HTTP/1.1 404) 5 headers in 202 bytes (1 switches on core 0)
2026-05-15 16:39:42.884 7 INFO placement.requestlog [None req-3996026f-2db8-4454-b5b7-a3558ebcb6c3 5c19f230ed8442dbb17affe77985e603 aba17e017ba3476a82c469865e006c42 - - 563aa7a5e51149bca49056b02a69fcd1 563aa7a5e51149bca49056b02a69fcd1] 10.0.0.101 "DELETE /resource_providers/be967a13-a1d4-4369-a969-74ed10ac52a6" status: 404 len: 246 microversion: 1.1 [pid: 7|app: 0|req: 326/652] 10.0.0.101 () {34 vars in 816 bytes} [Fri May 15 16:39:42 2026] DELETE /resource_providers/be967a13-a1d4-4369-a969-74ed10ac52a6 => generated 246 bytes in 13 msecs (HTTP/1.1 404) 6 headers in 231 bytes (1 switches on core 0)
2026-05-15 16:39:42.886 8 INFO placement.requestlog [None req-c8a55902-572e-43c1-a945-34714754f35d 5c19f230ed8442dbb17affe77985e603 aba17e017ba3476a82c469865e006c42 - - 563aa7a5e51149bca49056b02a69fcd1 563aa7a5e51149bca49056b02a69fcd1] 10.0.0.101 "GET /resource_providers/be967a13-a1d4-4369-a969-74ed10ac52a6/aggregates" status: 404 len: 235 microversion: 1.1 [pid: 8|app: 0|req: 327/653] 10.0.0.101 () {32 vars in 816 bytes} [Fri May 15 16:39:42 2026] GET /resource_providers/be967a13-a1d4-4369-a969-74ed10ac52a6/aggregates => generated 235 bytes in 183 msecs (HTTP/1.1 404) 5 headers in 202 bytes (1 switches on core 0)
2026-05-15 16:39:42.919 7 INFO placement.requestlog [None req-6272f987-b97c-4691-af30-3a375e4e0500 5c19f230ed8442dbb17affe77985e603 aba17e017ba3476a82c469865e006c42 - - 563aa7a5e51149bca49056b02a69fcd1 563aa7a5e51149bca49056b02a69fcd1] 10.0.0.101 "DELETE /resource_providers/be967a13-a1d4-4369-a969-74ed10ac52a6" status: 404 len: 246 microversion: 1.1 [pid: 7|app: 0|req: 327/654] 10.0.0.101 () {34 vars in 816 bytes} [Fri May 15 16:39:42 2026] DELETE /resource_providers/be967a13-a1d4-4369-a969-74ed10ac52a6 => generated 246 bytes in 15 msecs (HTTP/1.1 404) 6 headers in 231 bytes (1 switches on core 0)
2026-05-15 16:39:43.067 8 INFO placement.requestlog [req-09c2fa2c-2a94-48a4-9590-d622ef21f65e req-f7134285-af2c-4ee5-9531-4f463db33b01 a25c90bcd23848c6a30ca3ad1ee05fb6 aba17e017ba3476a82c469865e006c42 - - 563aa7a5e51149bca49056b02a69fcd1 563aa7a5e51149bca49056b02a69fcd1] 162.253.55.100 "GET /resource_providers/13d7afbf-cae3-45d8-8a73-4d359555f029/allocations" status: 200 len: 152 microversion: 1.0 [pid: 8|app: 0|req: 328/655] 162.253.55.100 () {32 vars in 857 bytes} [Fri May 15 16:39:43 2026] GET /resource_providers/13d7afbf-cae3-45d8-8a73-4d359555f029/allocations => generated 152 bytes in 13 msecs (HTTP/1.1 200) 6 headers in 224 bytes (1 switches on core 0)
2026-05-15 16:39:43.099 7 INFO placement.requestlog [req-09c2fa2c-2a94-48a4-9590-d622ef21f65e req-64378deb-86b0-4251-b90d-aa468c531967 a25c90bcd23848c6a30ca3ad1ee05fb6 aba17e017ba3476a82c469865e006c42 - - 563aa7a5e51149bca49056b02a69fcd1 563aa7a5e51149bca49056b02a69fcd1] 162.253.55.100 "GET /allocations/5908c580-f826-46f4-b389-daf6a9349cc5" status: 200 len: 257 microversion: 1.28 [pid: 7|app: 0|req: 328/656] 162.253.55.100 () {34 vars in 863 bytes} [Fri May 15 16:39:43 2026] GET /allocations/5908c580-f826-46f4-b389-daf6a9349cc5 => generated 257 bytes in 25 msecs (HTTP/1.1 200) 8 headers in 296 bytes (1 switches on core 0)
2026-05-15 16:39:43.269 8 INFO placement.requestlog [req-851ab314-60ff-4736-bffb-8440c5e08d70 req-07d4aabc-4239-4e3c-a03a-a5f8ffa71533 a25c90bcd23848c6a30ca3ad1ee05fb6 aba17e017ba3476a82c469865e006c42 - - 563aa7a5e51149bca49056b02a69fcd1 563aa7a5e51149bca49056b02a69fcd1] 10.0.0.14 "GET /allocation_candidates?limit=1000&resources=MEMORY_MB%3A512%2CVCPU%3A1&root_required=%21COMPUTE_STATUS_DISABLED" status: 200 len: 2769 microversion: 1.36 [pid: 8|app: 0|req: 329/657] 10.0.0.14 () {34 vars in 983 bytes} [Fri May 15 16:39:43 2026] GET /allocation_candidates?limit=1000&resources=MEMORY_MB%3A512%2CVCPU%3A1&root_required=%21COMPUTE_STATUS_DISABLED => generated 2769 bytes in 41 msecs (HTTP/1.1 200) 8 headers in 297 bytes (1 switches on core 0)
2026-05-15 16:39:43.334 7 INFO placement.requestlog [None req-e496effb-5c82-445a-bf15-b264fe544c5e 5c19f230ed8442dbb17affe77985e603 aba17e017ba3476a82c469865e006c42 - - 563aa7a5e51149bca49056b02a69fcd1 563aa7a5e51149bca49056b02a69fcd1] 10.0.0.101 "GET /resource_providers/7e8f2893-086f-4a83-93aa-78f245219578/aggregates" status: 404 len: 235 microversion: 1.1 [pid: 7|app: 0|req: 329/658] 10.0.0.101 () {32 vars in 816 bytes} [Fri May 15 16:39:43 2026] GET /resource_providers/7e8f2893-086f-4a83-93aa-78f245219578/aggregates => generated 235 bytes in 97 msecs (HTTP/1.1 404) 5 headers in 202 bytes (1 switches on core 0)
2026-05-15 16:39:43.342 7 INFO placement.requestlog [req-851ab314-60ff-4736-bffb-8440c5e08d70 req-96876edc-24c3-4476-be43-e068f05f02a2 a25c90bcd23848c6a30ca3ad1ee05fb6 aba17e017ba3476a82c469865e006c42 - - 563aa7a5e51149bca49056b02a69fcd1 563aa7a5e51149bca49056b02a69fcd1] 10.0.0.14 "GET /allocations/686f3d45-1ccf-4958-b05e-63e4ca56d9f3" status: 200 len: 19 microversion: 1.28 [pid: 7|app: 0|req: 330/659] 10.0.0.14 () {34 vars in 860 bytes} [Fri May 15 16:39:43 2026] GET /allocations/686f3d45-1ccf-4958-b05e-63e4ca56d9f3 => generated 19 bytes in 8 msecs (HTTP/1.1 200) 8 headers in 295 bytes (1 switches on core 0)
2026-05-15 16:39:43.356 7 INFO placement.requestlog [None req-92392276-ed03-4889-afc0-7031be0cc7d7 5c19f230ed8442dbb17affe77985e603 aba17e017ba3476a82c469865e006c42 - - 563aa7a5e51149bca49056b02a69fcd1 563aa7a5e51149bca49056b02a69fcd1] 10.0.0.101 "DELETE /resource_providers/7e8f2893-086f-4a83-93aa-78f245219578" status: 404 len: 246 microversion: 1.1 [pid: 7|app: 0|req: 331/660] 10.0.0.101 () {34 vars in 816 bytes} [Fri May 15 16:39:43 2026] DELETE /resource_providers/7e8f2893-086f-4a83-93aa-78f245219578 => generated 246 bytes in 9 msecs (HTTP/1.1 404) 6 headers in 231 bytes (1 switches on core 0)
2026-05-15 16:39:43.415 7 INFO placement.requestlog [req-851ab314-60ff-4736-bffb-8440c5e08d70 req-325b2bed-774d-4123-9e9a-247567ee7f99 a25c90bcd23848c6a30ca3ad1ee05fb6 aba17e017ba3476a82c469865e006c42 - - 563aa7a5e51149bca49056b02a69fcd1 563aa7a5e51149bca49056b02a69fcd1] 10.0.0.14 "PUT /allocations/686f3d45-1ccf-4958-b05e-63e4ca56d9f3" status: 204 len: 0 microversion: 1.36 [pid: 7|app: 0|req: 332/661] 10.0.0.14 () {38 vars in 913 bytes} [Fri May 15 16:39:43 2026] PUT /allocations/686f3d45-1ccf-4958-b05e-63e4ca56d9f3 => generated 0 bytes in 58 msecs (HTTP/1.1 204) 5 headers in 199 bytes (1 switches on core 0)
2026-05-15 16:39:43.491 8 INFO placement.requestlog [None req-d65b4310-44b7-4377-939c-d1bf10da7c88 5c19f230ed8442dbb17affe77985e603 aba17e017ba3476a82c469865e006c42 - - 563aa7a5e51149bca49056b02a69fcd1 563aa7a5e51149bca49056b02a69fcd1] 10.0.0.101 "GET /resource_providers/7e8f2893-086f-4a83-93aa-78f245219578/aggregates" status: 404 len: 235 microversion: 1.1 [pid: 8|app: 0|req: 330/662] 10.0.0.101 () {32 vars in 816 bytes} [Fri May 15 16:39:43 2026] GET /resource_providers/7e8f2893-086f-4a83-93aa-78f245219578/aggregates => generated 235 bytes in 222 msecs (HTTP/1.1 404) 5 headers in 202 bytes (1 switches on core 0)
2026-05-15 16:39:43.507 7 INFO placement.requestlog [None req-3bab6825-45be-4c09-9d5d-e6b81530ddae 5c19f230ed8442dbb17affe77985e603 aba17e017ba3476a82c469865e006c42 - - 563aa7a5e51149bca49056b02a69fcd1 563aa7a5e51149bca49056b02a69fcd1] 10.0.0.101 "DELETE /resource_providers/7e8f2893-086f-4a83-93aa-78f245219578" status: 404 len: 246 microversion: 1.1 [pid: 7|app: 0|req: 333/663] 10.0.0.101 () {34 vars in 816 bytes} [Fri May 15 16:39:43 2026] DELETE /resource_providers/7e8f2893-086f-4a83-93aa-78f245219578 => generated 246 bytes in 9 msecs (HTTP/1.1 404) 6 headers in 231 bytes (1 switches on core 0)
2026-05-15 16:39:44.892 8 INFO placement.requestlog [req-851ab314-60ff-4736-bffb-8440c5e08d70 req-8270fcae-c60e-4816-b5d2-8695c868ae5e a25c90bcd23848c6a30ca3ad1ee05fb6 aba17e017ba3476a82c469865e006c42 - - 563aa7a5e51149bca49056b02a69fcd1 563aa7a5e51149bca49056b02a69fcd1] 162.253.55.100 "GET /allocations/686f3d45-1ccf-4958-b05e-63e4ca56d9f3" status: 200 len: 243 microversion: 1.28 [pid: 8|app: 0|req: 331/664] 162.253.55.100 () {34 vars in 863 bytes} [Fri May 15 16:39:44 2026] GET /allocations/686f3d45-1ccf-4958-b05e-63e4ca56d9f3 => generated 243 bytes in 13 msecs (HTTP/1.1 200) 8 headers in 296 bytes (1 switches on core 0)
2026-05-15 16:39:45.929 7 INFO placement.requestlog [req-851ab314-60ff-4736-bffb-8440c5e08d70 req-2b403a20-6780-4880-bb95-beb1300774aa a25c90bcd23848c6a30ca3ad1ee05fb6 aba17e017ba3476a82c469865e006c42 - - 563aa7a5e51149bca49056b02a69fcd1 563aa7a5e51149bca49056b02a69fcd1] 162.253.55.100 "GET /resource_providers/13d7afbf-cae3-45d8-8a73-4d359555f029/allocations" status: 200 len: 238 microversion: 1.0 [pid: 7|app: 0|req: 334/665] 162.253.55.100 () {32 vars in 857 bytes} [Fri May 15 16:39:45 2026] GET /resource_providers/13d7afbf-cae3-45d8-8a73-4d359555f029/allocations => generated 238 bytes in 18 msecs (HTTP/1.1 200) 6 headers in 224 bytes (1 switches on core 0)
2026-05-15 16:39:45.944 8 INFO placement.requestlog [req-851ab314-60ff-4736-bffb-8440c5e08d70 req-8441f5fc-56f2-43b3-9b04-ef4e95959f38 a25c90bcd23848c6a30ca3ad1ee05fb6 aba17e017ba3476a82c469865e006c42 - - 563aa7a5e51149bca49056b02a69fcd1 563aa7a5e51149bca49056b02a69fcd1] 162.253.55.100 "GET /allocations/5908c580-f826-46f4-b389-daf6a9349cc5" status: 200 len: 257 microversion: 1.28 [pid: 8|app: 0|req: 332/666] 162.253.55.100 () {34 vars in 863 bytes} [Fri May 15 16:39:45 2026] GET /allocations/5908c580-f826-46f4-b389-daf6a9349cc5 => generated 257 bytes in 11 msecs (HTTP/1.1 200) 8 headers in 296 bytes (1 switches on core 0)
2026-05-15 16:39:45.966 7 INFO placement.requestlog [req-851ab314-60ff-4736-bffb-8440c5e08d70 req-3a463593-6979-411d-8f6f-a6e06a8d80fb a25c90bcd23848c6a30ca3ad1ee05fb6 aba17e017ba3476a82c469865e006c42 - - 563aa7a5e51149bca49056b02a69fcd1 563aa7a5e51149bca49056b02a69fcd1] 162.253.55.100 "GET /allocations/686f3d45-1ccf-4958-b05e-63e4ca56d9f3" status: 200 len: 243 microversion: 1.28 [pid: 7|app: 0|req: 335/667] 162.253.55.100 () {34 vars in 863 bytes} [Fri May 15 16:39:45 2026] GET /allocations/686f3d45-1ccf-4958-b05e-63e4ca56d9f3 => generated 243 bytes in 14 msecs (HTTP/1.1 200) 8 headers in 296 bytes (1 switches on core 0)
2026-05-15 16:39:47.242 8 INFO placement.requestlog [None req-82e52692-8166-4b20-97b7-3fadedb811f1 - - - - - -] 10.0.0.190 "GET /" status: 200 len: 136 microversion: 1.0
2026-05-15 16:39:47.242 7 INFO placement.requestlog [None req-1244d680-fa36-4e1b-8b2a-22e4c2880d01 - - - - - -] 10.0.0.190 "GET /" status: 200 len: 136 microversion: 1.0
2026-05-15 16:39:52.395 7 INFO placement.requestlog [None req-2827c856-d0af-4318-96d5-3634b12537a1 5c19f230ed8442dbb17affe77985e603 aba17e017ba3476a82c469865e006c42 - - 563aa7a5e51149bca49056b02a69fcd1 563aa7a5e51149bca49056b02a69fcd1] 10.0.0.101 "GET /resource_providers/ab175313-0d6c-45e8-a0b8-691bae472b85/aggregates" status: 404 len: 235 microversion: 1.1 [pid: 7|app: 0|req: 337/670] 10.0.0.101 () {32 vars in 816 bytes} [Fri May 15 16:39:52 2026] GET /resource_providers/ab175313-0d6c-45e8-a0b8-691bae472b85/aggregates => generated 235 bytes in 10 msecs (HTTP/1.1 404) 5 headers in 202 bytes (1 switches on core 0)
2026-05-15 16:39:52.410 8 INFO placement.requestlog [None req-cbd5aeda-b7e3-463a-8265-306e48b9248c 5c19f230ed8442dbb17affe77985e603 aba17e017ba3476a82c469865e006c42 - - 563aa7a5e51149bca49056b02a69fcd1 563aa7a5e51149bca49056b02a69fcd1] 10.0.0.101 "GET /resource_providers/ab175313-0d6c-45e8-a0b8-691bae472b85/aggregates" status: 404 len: 235 microversion: 1.1 [pid: 8|app: 0|req: 334/671] 10.0.0.101 () {32 vars in 816 bytes} [Fri May 15 16:39:52 2026] GET /resource_providers/ab175313-0d6c-45e8-a0b8-691bae472b85/aggregates => generated 235 bytes in 19 msecs (HTTP/1.1 404) 5 headers in 202 bytes (1 switches on core 0)
2026-05-15 16:39:52.419 7 INFO placement.requestlog [None req-700a9483-8b41-43ef-9ea5-eb659abee914 5c19f230ed8442dbb17affe77985e603 aba17e017ba3476a82c469865e006c42 - - 563aa7a5e51149bca49056b02a69fcd1 563aa7a5e51149bca49056b02a69fcd1] 10.0.0.101 "DELETE /resource_providers/ab175313-0d6c-45e8-a0b8-691bae472b85" status: 404 len: 246 microversion: 1.1 [pid: 7|app: 0|req: 338/672] 10.0.0.101 () {34 vars in 816 bytes} [Fri May 15 16:39:52 2026] DELETE /resource_providers/ab175313-0d6c-45e8-a0b8-691bae472b85 => generated 246 bytes in 10 msecs (HTTP/1.1 404) 6 headers in 231 bytes (1 switches on core 0)
2026-05-15 16:39:52.454 8 INFO placement.requestlog [None req-30f014fc-1f2d-45b8-8e60-e23fcdf12e9d 5c19f230ed8442dbb17affe77985e603 aba17e017ba3476a82c469865e006c42 - - 563aa7a5e51149bca49056b02a69fcd1 563aa7a5e51149bca49056b02a69fcd1] 10.0.0.101 "DELETE /resource_providers/ab175313-0d6c-45e8-a0b8-691bae472b85" status: 404 len: 246 microversion: 1.1 [pid: 8|app: 0|req: 335/673] 10.0.0.101 () {34 vars in 816 bytes} [Fri May 15 16:39:52 2026] DELETE /resource_providers/ab175313-0d6c-45e8-a0b8-691bae472b85 => generated 246 bytes in 37 msecs (HTTP/1.1 404) 6 headers in 231 bytes (1 switches on core 0)
2026-05-15 16:39:54.439 7 INFO placement.requestlog [None req-43f3ab03-c28e-4338-bc54-9d7a4eeae1ff 5c19f230ed8442dbb17affe77985e603 aba17e017ba3476a82c469865e006c42 - - 563aa7a5e51149bca49056b02a69fcd1 563aa7a5e51149bca49056b02a69fcd1] 10.0.0.101 "GET /resource_providers/b13549a9-eca0-4875-a9c8-aa05cdbd9418/aggregates" status: 404 len: 235 microversion: 1.1 [pid: 7|app: 0|req: 339/674] 10.0.0.101 () {32 vars in 816 bytes} [Fri May 15 16:39:54 2026] GET /resource_providers/b13549a9-eca0-4875-a9c8-aa05cdbd9418/aggregates => generated 235 bytes in 10 msecs (HTTP/1.1 404) 5 headers in 202 bytes (1 switches on core 0)
2026-05-15 16:39:54.455 8 INFO placement.requestlog [None req-cc97c9c2-8f84-4633-b62e-1c84e1349d9c 5c19f230ed8442dbb17affe77985e603 aba17e017ba3476a82c469865e006c42 - - 563aa7a5e51149bca49056b02a69fcd1 563aa7a5e51149bca49056b02a69fcd1] 10.0.0.101 "DELETE /resource_providers/b13549a9-eca0-4875-a9c8-aa05cdbd9418" status: 404 len: 246 microversion: 1.1 [pid: 8|app: 0|req: 336/675] 10.0.0.101 () {34 vars in 816 bytes} [Fri May 15 16:39:54 2026] DELETE /resource_providers/b13549a9-eca0-4875-a9c8-aa05cdbd9418 => generated 246 bytes in 8 msecs (HTTP/1.1 404) 6 headers in 231 bytes (1 switches on core 0)
2026-05-15 16:39:54.479 7 INFO placement.requestlog [None req-cb677c46-b8a7-4bba-a008-a078aae17efc 5c19f230ed8442dbb17affe77985e603 aba17e017ba3476a82c469865e006c42 - - 563aa7a5e51149bca49056b02a69fcd1 563aa7a5e51149bca49056b02a69fcd1] 10.0.0.101 "GET /resource_providers/b13549a9-eca0-4875-a9c8-aa05cdbd9418/aggregates" status: 404 len: 235 microversion: 1.1 [pid: 7|app: 0|req: 340/676] 10.0.0.101 () {32 vars in 816 bytes} [Fri May 15 16:39:54 2026] GET /resource_providers/b13549a9-eca0-4875-a9c8-aa05cdbd9418/aggregates => generated 235 bytes in 10 msecs (HTTP/1.1 404) 5 headers in 202 bytes (1 switches on core 0)
2026-05-15 16:39:54.498 8 INFO placement.requestlog [None req-209cca58-0403-4d70-be1f-fda16fec9403 5c19f230ed8442dbb17affe77985e603 aba17e017ba3476a82c469865e006c42 - - 563aa7a5e51149bca49056b02a69fcd1 563aa7a5e51149bca49056b02a69fcd1] 10.0.0.101 "DELETE /resource_providers/b13549a9-eca0-4875-a9c8-aa05cdbd9418" status: 404 len: 246 microversion: 1.1 [pid: 8|app: 0|req: 337/677] 10.0.0.101 () {34 vars in 816 bytes} [Fri May 15 16:39:54 2026] DELETE /resource_providers/b13549a9-eca0-4875-a9c8-aa05cdbd9418 => generated 246 bytes in 9 msecs (HTTP/1.1 404) 6 headers in 231 bytes (1 switches on core 0)
2026-05-15 16:39:57.243 8 INFO placement.requestlog [None req-79eaa224-832b-4fd7-a6ae-fc5759a7ed0d - - - - - -] 10.0.0.190 "GET /" status: 200 len: 136 microversion: 1.0
2026-05-15 16:39:57.242 7 INFO placement.requestlog [None req-e5e25acb-0143-4770-9df3-deb65d02ce70 - - - - - -] 10.0.0.190 "GET /" status: 200 len: 136 microversion: 1.0
2026-05-15 16:40:00.856 8 INFO placement.requestlog [req-9e8dfff7-93c1-4335-aa3e-859f8165c155 req-cdeaeebb-6b7e-4303-bfae-bc9041c67a56 a25c90bcd23848c6a30ca3ad1ee05fb6 aba17e017ba3476a82c469865e006c42 - - 563aa7a5e51149bca49056b02a69fcd1 563aa7a5e51149bca49056b02a69fcd1] 10.0.0.14 "GET /allocation_candidates?limit=1000&resources=DISK_GB%3A1%2CMEMORY_MB%3A512%2CVCPU%3A1&root_required=%21COMPUTE_STATUS_DISABLED" status: 200 len: 2784 microversion: 1.36 [pid: 8|app: 0|req: 339/680] 10.0.0.14 () {34 vars in 1011 bytes} [Fri May 15 16:40:00 2026] GET /allocation_candidates?limit=1000&resources=DISK_GB%3A1%2CMEMORY_MB%3A512%2CVCPU%3A1&root_required=%21COMPUTE_STATUS_DISABLED => generated 2784 bytes in 63 msecs (HTTP/1.1 200) 8 headers in 297 bytes (1 switches on core 0)
2026-05-15 16:40:00.895 7 INFO placement.requestlog [req-9e8dfff7-93c1-4335-aa3e-859f8165c155 req-f59c039a-0dd9-465e-8afd-f80ee7980448 a25c90bcd23848c6a30ca3ad1ee05fb6 aba17e017ba3476a82c469865e006c42 - - 563aa7a5e51149bca49056b02a69fcd1 563aa7a5e51149bca49056b02a69fcd1] 10.0.0.14 "GET /allocations/640d3f2e-f4a7-47d4-8a82-fa5a2ad9bcf0" status: 200 len: 19 microversion: 1.28 [pid: 7|app: 0|req: 342/681] 10.0.0.14 () {34 vars in 860 bytes} [Fri May 15 16:40:00 2026] GET /allocations/640d3f2e-f4a7-47d4-8a82-fa5a2ad9bcf0 => generated 19 bytes in 9 msecs (HTTP/1.1 200) 8 headers in 295 bytes (1 switches on core 0)
2026-05-15 16:40:01.050 8 INFO placement.requestlog [req-9e8dfff7-93c1-4335-aa3e-859f8165c155 req-44259e72-9ecd-42a3-857b-c4581712fcc8 a25c90bcd23848c6a30ca3ad1ee05fb6 aba17e017ba3476a82c469865e006c42 - - 563aa7a5e51149bca49056b02a69fcd1 563aa7a5e51149bca49056b02a69fcd1] 10.0.0.14 "PUT /allocations/640d3f2e-f4a7-47d4-8a82-fa5a2ad9bcf0" status: 204 len: 0 microversion: 1.36 [pid: 8|app: 0|req: 340/682] 10.0.0.14 () {38 vars in 913 bytes} [Fri May 15 16:40:00 2026] PUT /allocations/640d3f2e-f4a7-47d4-8a82-fa5a2ad9bcf0 => generated 0 bytes in 147 msecs (HTTP/1.1 204) 5 headers in 199 bytes (1 switches on core 0)
2026-05-15 16:40:02.467 7 INFO placement.requestlog [req-9e8dfff7-93c1-4335-aa3e-859f8165c155 req-58a600b8-e95e-44b2-943b-d84e22f8f684 a25c90bcd23848c6a30ca3ad1ee05fb6 aba17e017ba3476a82c469865e006c42 - - 563aa7a5e51149bca49056b02a69fcd1 563aa7a5e51149bca49056b02a69fcd1] 162.253.55.100 "GET /allocations/640d3f2e-f4a7-47d4-8a82-fa5a2ad9bcf0" status: 200 len: 257 microversion: 1.28 [pid: 7|app: 0|req: 343/683] 162.253.55.100 () {34 vars in 863 bytes} [Fri May 15 16:40:02 2026] GET /allocations/640d3f2e-f4a7-47d4-8a82-fa5a2ad9bcf0 => generated 257 bytes in 12 msecs (HTTP/1.1 200) 8 headers in 296 bytes (1 switches on core 0)
2026-05-15 16:40:03.523 8 INFO placement.requestlog [req-9e8dfff7-93c1-4335-aa3e-859f8165c155 req-fe352c41-596d-435f-b641-5661e7b85e76 a25c90bcd23848c6a30ca3ad1ee05fb6 aba17e017ba3476a82c469865e006c42 - - 563aa7a5e51149bca49056b02a69fcd1 563aa7a5e51149bca49056b02a69fcd1] 162.253.55.100 "GET /resource_providers/13d7afbf-cae3-45d8-8a73-4d359555f029/allocations" status: 200 len: 338 microversion: 1.0 [pid: 8|app: 0|req: 341/684] 162.253.55.100 () {32 vars in 857 bytes} [Fri May 15 16:40:03 2026] GET /resource_providers/13d7afbf-cae3-45d8-8a73-4d359555f029/allocations => generated 338 bytes in 29 msecs (HTTP/1.1 200) 6 headers in 224 bytes (1 switches on core 0)
2026-05-15 16:40:03.559 7 INFO placement.requestlog [req-9e8dfff7-93c1-4335-aa3e-859f8165c155 req-dc683f15-1891-414a-af9a-11005c90da2f a25c90bcd23848c6a30ca3ad1ee05fb6 aba17e017ba3476a82c469865e006c42 - - 563aa7a5e51149bca49056b02a69fcd1 563aa7a5e51149bca49056b02a69fcd1] 162.253.55.100 "GET /allocations/640d3f2e-f4a7-47d4-8a82-fa5a2ad9bcf0" status: 200 len: 257 microversion: 1.28 [pid: 7|app: 0|req: 344/685] 162.253.55.100 () {34 vars in 863 bytes} [Fri May 15 16:40:03 2026] GET /allocations/640d3f2e-f4a7-47d4-8a82-fa5a2ad9bcf0 => generated 257 bytes in 30 msecs (HTTP/1.1 200) 8 headers in 296 bytes (1 switches on core 0)
2026-05-15 16:40:03.595 8 INFO placement.requestlog [req-9e8dfff7-93c1-4335-aa3e-859f8165c155 req-bac10997-54cd-4799-8262-417a39f760ff a25c90bcd23848c6a30ca3ad1ee05fb6 aba17e017ba3476a82c469865e006c42 - - 563aa7a5e51149bca49056b02a69fcd1 563aa7a5e51149bca49056b02a69fcd1] 162.253.55.100 "GET /allocations/5908c580-f826-46f4-b389-daf6a9349cc5" status: 200 len: 257 microversion: 1.28 [pid: 8|app: 0|req: 342/686] 162.253.55.100 () {34 vars in 863 bytes} [Fri May 15 16:40:03 2026] GET /allocations/5908c580-f826-46f4-b389-daf6a9349cc5 => generated 257 bytes in 27 msecs (HTTP/1.1 200) 8 headers in 296 bytes (1 switches on core 0)
2026-05-15 16:40:03.621 7 INFO placement.requestlog [req-9e8dfff7-93c1-4335-aa3e-859f8165c155 req-fe07899f-a223-456a-a062-5b8c769600b9 a25c90bcd23848c6a30ca3ad1ee05fb6 aba17e017ba3476a82c469865e006c42 - - 563aa7a5e51149bca49056b02a69fcd1 563aa7a5e51149bca49056b02a69fcd1] 162.253.55.100 "GET /allocations/686f3d45-1ccf-4958-b05e-63e4ca56d9f3" status: 200 len: 243 microversion: 1.28 [pid: 7|app: 0|req: 345/687] 162.253.55.100 () {34 vars in 863 bytes} [Fri May 15 16:40:03 2026] GET /allocations/686f3d45-1ccf-4958-b05e-63e4ca56d9f3 => generated 243 bytes in 18 msecs (HTTP/1.1 200) 8 headers in 296 bytes (1 switches on core 0)
2026-05-15 16:40:06.299 8 INFO placement.requestlog [req-3eb27b75-686e-4d86-99d8-b81cf8724d76 req-b7e24f8e-24aa-4f5c-a160-930fbae3a7c6 a25c90bcd23848c6a30ca3ad1ee05fb6 aba17e017ba3476a82c469865e006c42 - - 563aa7a5e51149bca49056b02a69fcd1 563aa7a5e51149bca49056b02a69fcd1] 162.253.55.100 "GET /resource_providers/13d7afbf-cae3-45d8-8a73-4d359555f029/allocations" status: 200 len: 338 microversion: 1.0 [pid: 8|app: 0|req: 343/688] 162.253.55.100 () {32 vars in 857 bytes} [Fri May 15 16:40:06 2026] GET /resource_providers/13d7afbf-cae3-45d8-8a73-4d359555f029/allocations => generated 338 bytes in 35 msecs (HTTP/1.1 200) 6 headers in 224 bytes (1 switches on core 0)
2026-05-15 16:40:06.315 7 INFO placement.requestlog [req-3eb27b75-686e-4d86-99d8-b81cf8724d76 req-faebd4b5-e681-443a-b14d-90412984ab53 a25c90bcd23848c6a30ca3ad1ee05fb6 aba17e017ba3476a82c469865e006c42 - - 563aa7a5e51149bca49056b02a69fcd1 563aa7a5e51149bca49056b02a69fcd1] 162.253.55.100 "GET /allocations/640d3f2e-f4a7-47d4-8a82-fa5a2ad9bcf0" status: 200 len: 257 microversion: 1.28 [pid: 7|app: 0|req: 346/689] 162.253.55.100 () {34 vars in 863 bytes} [Fri May 15 16:40:06 2026] GET /allocations/640d3f2e-f4a7-47d4-8a82-fa5a2ad9bcf0 => generated 257 bytes in 10 msecs (HTTP/1.1 200) 8 headers in 296 bytes (1 switches on core 0)
2026-05-15 16:40:06.354 8 INFO placement.requestlog [req-3eb27b75-686e-4d86-99d8-b81cf8724d76 req-7c3d9c3b-1167-4e1b-b010-cf3854af830d a25c90bcd23848c6a30ca3ad1ee05fb6 aba17e017ba3476a82c469865e006c42 - - 563aa7a5e51149bca49056b02a69fcd1 563aa7a5e51149bca49056b02a69fcd1] 162.253.55.100 "GET /allocations/5908c580-f826-46f4-b389-daf6a9349cc5" status: 200 len: 257 microversion: 1.28 [pid: 8|app: 0|req: 344/690] 162.253.55.100 () {34 vars in 863 bytes} [Fri May 15 16:40:06 2026] GET /allocations/5908c580-f826-46f4-b389-daf6a9349cc5 => generated 257 bytes in 33 msecs (HTTP/1.1 200) 8 headers in 296 bytes (1 switches on core 0)
2026-05-15 16:40:06.370 7 INFO placement.requestlog [req-3eb27b75-686e-4d86-99d8-b81cf8724d76 req-3d74baa9-2914-4897-8cc8-bbd39c203c77 a25c90bcd23848c6a30ca3ad1ee05fb6 aba17e017ba3476a82c469865e006c42 - - 563aa7a5e51149bca49056b02a69fcd1 563aa7a5e51149bca49056b02a69fcd1] 162.253.55.100 "GET /allocations/686f3d45-1ccf-4958-b05e-63e4ca56d9f3" status: 200 len: 243 microversion: 1.28 [pid: 7|app: 0|req: 347/691] 162.253.55.100 () {34 vars in 863 bytes} [Fri May 15 16:40:06 2026] GET /allocations/686f3d45-1ccf-4958-b05e-63e4ca56d9f3 => generated 243 bytes in 11 msecs (HTTP/1.1 200) 8 headers in 296 bytes (1 switches on core 0)
2026-05-15 16:40:07.243 7 INFO placement.requestlog [None req-89e783ce-d589-41ff-9a12-608a9c0a144d - - - - - -] 10.0.0.190 "GET /" status: 200 len: 136 microversion: 1.0
2026-05-15 16:40:07.243 8 INFO placement.requestlog [None req-96d726c9-508e-48b1-9b28-77b024bcd490 - - - - - -] 10.0.0.190 "GET /" status: 200 len: 136 microversion: 1.0
2026-05-15 16:40:07.424 7 INFO placement.requestlog [req-3eb27b75-686e-4d86-99d8-b81cf8724d76 req-613eb585-f403-483f-9e89-7ad7d64a410d a25c90bcd23848c6a30ca3ad1ee05fb6 aba17e017ba3476a82c469865e006c42 - - 563aa7a5e51149bca49056b02a69fcd1 563aa7a5e51149bca49056b02a69fcd1] 162.253.55.100 "DELETE /allocations/686f3d45-1ccf-4958-b05e-63e4ca56d9f3" status: 204 len: 0 microversion: 1.0 [pid: 7|app: 0|req: 349/694] 162.253.55.100 () {34 vars in 841 bytes} [Fri May 15 16:40:07 2026] DELETE /allocations/686f3d45-1ccf-4958-b05e-63e4ca56d9f3 => generated 0 bytes in 30 msecs (HTTP/1.1 204) 5 headers in 198 bytes (1 switches on core 0)
2026-05-15 16:40:09.582 7 INFO placement.requestlog [None req-ab6c0fa9-680d-420e-90fe-7f8f6e9f8f69 5c19f230ed8442dbb17affe77985e603 aba17e017ba3476a82c469865e006c42 - - 563aa7a5e51149bca49056b02a69fcd1 563aa7a5e51149bca49056b02a69fcd1] 10.0.0.101 "GET /resource_providers/4f6e0faa-2fab-4000-9817-c6ce1591a9df/aggregates" status: 404 len: 235 microversion: 1.1 [pid: 7|app: 0|req: 350/695] 10.0.0.101 () {32 vars in 816 bytes} [Fri May 15 16:40:09 2026] GET /resource_providers/4f6e0faa-2fab-4000-9817-c6ce1591a9df/aggregates => generated 235 bytes in 12 msecs (HTTP/1.1 404) 5 headers in 202 bytes (1 switches on core 0)
2026-05-15 16:40:09.588 8 INFO placement.requestlog [None req-3888e84b-11ac-4f1a-8392-731c3ac64ef7 5c19f230ed8442dbb17affe77985e603 aba17e017ba3476a82c469865e006c42 - - 563aa7a5e51149bca49056b02a69fcd1 563aa7a5e51149bca49056b02a69fcd1] 10.0.0.101 "GET /resource_providers/4f6e0faa-2fab-4000-9817-c6ce1591a9df/aggregates" status: 404 len: 235 microversion: 1.1 [pid: 8|app: 0|req: 346/696] 10.0.0.101 () {32 vars in 816 bytes} [Fri May 15 16:40:09 2026] GET /resource_providers/4f6e0faa-2fab-4000-9817-c6ce1591a9df/aggregates => generated 235 bytes in 17 msecs (HTTP/1.1 404) 5 headers in 202 bytes (1 switches on core 0)
2026-05-15 16:40:09.606 7 INFO placement.requestlog [None req-4f97f192-f240-4388-b52c-b56afc92db6a 5c19f230ed8442dbb17affe77985e603 aba17e017ba3476a82c469865e006c42 - - 563aa7a5e51149bca49056b02a69fcd1 563aa7a5e51149bca49056b02a69fcd1] 10.0.0.101 "DELETE /resource_providers/4f6e0faa-2fab-4000-9817-c6ce1591a9df" status: 404 len: 246 microversion: 1.1 [pid: 7|app: 0|req: 351/697] 10.0.0.101 () {34 vars in 816 bytes} [Fri May 15 16:40:09 2026] DELETE /resource_providers/4f6e0faa-2fab-4000-9817-c6ce1591a9df => generated 246 bytes in 11 msecs (HTTP/1.1 404) 6 headers in 231 bytes (1 switches on core 0)
2026-05-15 16:40:09.614 8 INFO placement.requestlog [None req-54c72806-0740-408d-9cb2-6d773bc02775 5c19f230ed8442dbb17affe77985e603 aba17e017ba3476a82c469865e006c42 - - 563aa7a5e51149bca49056b02a69fcd1 563aa7a5e51149bca49056b02a69fcd1] 10.0.0.101 "DELETE /resource_providers/4f6e0faa-2fab-4000-9817-c6ce1591a9df" status: 404 len: 246 microversion: 1.1 [pid: 8|app: 0|req: 347/698] 10.0.0.101 () {34 vars in 816 bytes} [Fri May 15 16:40:09 2026] DELETE /resource_providers/4f6e0faa-2fab-4000-9817-c6ce1591a9df => generated 246 bytes in 13 msecs (HTTP/1.1 404) 6 headers in 231 bytes (1 switches on core 0)
2026-05-15 16:40:11.487 7 INFO placement.requestlog [None req-57fbf5da-b61a-43bd-9714-6af61bd5abfc 5c19f230ed8442dbb17affe77985e603 aba17e017ba3476a82c469865e006c42 - - 563aa7a5e51149bca49056b02a69fcd1 563aa7a5e51149bca49056b02a69fcd1] 10.0.0.101 "GET /resource_providers/40b0742e-b3e5-4b9e-9891-14c20bde8e18/aggregates" status: 404 len: 235 microversion: 1.1 [pid: 7|app: 0|req: 352/699] 10.0.0.101 () {32 vars in 816 bytes} [Fri May 15 16:40:11 2026] GET /resource_providers/40b0742e-b3e5-4b9e-9891-14c20bde8e18/aggregates => generated 235 bytes in 13 msecs (HTTP/1.1 404) 5 headers in 202 bytes (1 switches on core 0)
2026-05-15 16:40:11.500 8 INFO placement.requestlog [None req-7c7d8943-cdce-4e0f-bc6e-9fc6eadc6d8b 5c19f230ed8442dbb17affe77985e603 aba17e017ba3476a82c469865e006c42 - - 563aa7a5e51149bca49056b02a69fcd1 563aa7a5e51149bca49056b02a69fcd1] 10.0.0.101 "GET /resource_providers/40b0742e-b3e5-4b9e-9891-14c20bde8e18/aggregates" status: 404 len: 235 microversion: 1.1 [pid: 8|app: 0|req: 348/700] 10.0.0.101 () {32 vars in 816 bytes} [Fri May 15 16:40:11 2026] GET /resource_providers/40b0742e-b3e5-4b9e-9891-14c20bde8e18/aggregates => generated 235 bytes in 26 msecs (HTTP/1.1 404) 5 headers in 202 bytes (1 switches on core 0)
2026-05-15 16:40:11.506 7 INFO placement.requestlog [None req-35dfaa96-6a6a-44cf-a34c-f039246be662 5c19f230ed8442dbb17affe77985e603 aba17e017ba3476a82c469865e006c42 - - 563aa7a5e51149bca49056b02a69fcd1 563aa7a5e51149bca49056b02a69fcd1] 10.0.0.101 "DELETE /resource_providers/40b0742e-b3e5-4b9e-9891-14c20bde8e18" status: 404 len: 246 microversion: 1.1 [pid: 7|app: 0|req: 353/701] 10.0.0.101 () {34 vars in 816 bytes} [Fri May 15 16:40:11 2026] DELETE /resource_providers/40b0742e-b3e5-4b9e-9891-14c20bde8e18 => generated 246 bytes in 7 msecs (HTTP/1.1 404) 6 headers in 231 bytes (1 switches on core 0)
