2026-05-20 04:24:36.515 9 INFO neutron.api.wsgi [req-60b8b298-38e5-4e19-bf42-722ecff7688f req-8557e723-2a82-4d8f-8db4-8b59fcf4a24c bac8ae69c54d429f822b05632323b125 956d1f399c164b6e9e1ccbad0f849699 - - default default] 10.0.0.159 "GET /v2.0/ports?tenant_id=956d1f399c164b6e9e1ccbad0f849699&fields=id HTTP/1.1" status: 200 len: 486 time: 0.2127626
2026-05-20 04:24:36.567 9 INFO neutron.api.wsgi [req-60b8b298-38e5-4e19-bf42-722ecff7688f req-7f4925ea-0d5c-401b-a7ae-6ddae0bb0b86 57692e10e8fd4b328a7dae3cc32e52ec ad1e096be674483688e6e805d7ad783b - - 60addf7264a345b38dfa0ab24c29b325 60addf7264a345b38dfa0ab24c29b325] 10.0.0.159 "GET /v2.0/networks/74c2d30d-0075-4121-bef8-81747b6cbfff?fields=segments HTTP/1.1" status: 200 len: 212 time: 0.0392265
2026-05-20 04:24:36.634 9 INFO neutron.api.wsgi [req-60b8b298-38e5-4e19-bf42-722ecff7688f req-271da66e-4e7d-460f-85e0-4f68e886f66e 57692e10e8fd4b328a7dae3cc32e52ec ad1e096be674483688e6e805d7ad783b - - 60addf7264a345b38dfa0ab24c29b325 60addf7264a345b38dfa0ab24c29b325] 10.0.0.159 "GET /v2.0/networks/74c2d30d-0075-4121-bef8-81747b6cbfff?fields=provider%3Aphysical_network&fields=provider%3Anetwork_type HTTP/1.1" status: 200 len: 277 time: 0.0573659
2026-05-20 04:24:36.635 9 INFO neutron.services.segments.plugin [-] Segment 0d82d6db-badc-4dc5-a9d2-673177323f0a resource provider aggregate not found
2026-05-20 04:24:36.643 9 INFO neutron.services.segments.plugin [-] Segment 0d82d6db-badc-4dc5-a9d2-673177323f0a resource provider aggregate not found
2026-05-20 04:24:36.646 9 INFO neutron.services.segments.plugin [-] Segment 0d82d6db-badc-4dc5-a9d2-673177323f0a resource provider not found; error: Placement Client Error (4xx): {"errors": [{"status": 404, "title": "Not Found", "detail": "The resource could not be found.\n\n No resource provider with uuid 0d82d6db-badc-4dc5-a9d2-673177323f0a found for delete ", "request_id": "req-b5744132-0697-48bc-b223-c285674f1e83"}]}
2026-05-20 04:24:36.666 9 INFO neutron.services.segments.plugin [-] Segment 0d82d6db-badc-4dc5-a9d2-673177323f0a resource provider not found; error: Placement Client Error (4xx): {"errors": [{"status": 404, "title": "Not Found", "detail": "The resource could not be found.\n\n No resource provider with uuid 0d82d6db-badc-4dc5-a9d2-673177323f0a found for delete ", "request_id": "req-5bdb9650-c28a-4604-a7a9-484346d09041"}]}
2026-05-20 04:24:36.673 9 INFO neutron.api.wsgi [None req-85a7ae80-146b-49e1-a78b-7568a05b1298 96b3f473a70d4f00a5666dd888ec9f53 30eaf8ac2ed54fd48282592c8785ada7 - - default default] 10.0.0.8 "DELETE /v2.0/networks/485d71d0-74ff-4a3c-85da-e64dbfeee771 HTTP/1.1" status: 204 len: 168 time: 0.4195571
2026-05-20 04:24:36.772 10 INFO neutron.api.wsgi [req-bc255625-ec61-41db-8744-51aca8263bec req-dbe310d3-c7e7-461b-8933-07a11f8285c8 bac8ae69c54d429f822b05632323b125 956d1f399c164b6e9e1ccbad0f849699 - - default default] 10.0.0.159 "GET /v2.0/ports?device_id=a1ab619c-e917-478f-9bf7-9238bae15d32 HTTP/1.1" status: 200 len: 210 time: 0.0182950
2026-05-20 04:24:36.952 9 INFO neutron.api.wsgi [None req-576b6dc2-d5eb-4a7f-bccd-a10ac6474dfd 96b3f473a70d4f00a5666dd888ec9f53 30eaf8ac2ed54fd48282592c8785ada7 - - default default] 10.0.0.8 "DELETE /v2.0/networks/9b592f5d-cf81-4342-a68a-cb163bd89cb0 HTTP/1.1" status: 204 len: 168 time: 0.2753589
2026-05-20 04:24:36.968 9 INFO neutron.pecan_wsgi.hooks.translation [None req-8f84631e-01ca-4d0d-b2de-c31976ad899d 96b3f473a70d4f00a5666dd888ec9f53 30eaf8ac2ed54fd48282592c8785ada7 - - default default] DELETE failed (client error): The resource could not be found.
2026-05-20 04:24:36.972 9 INFO neutron.api.wsgi [None req-8f84631e-01ca-4d0d-b2de-c31976ad899d 96b3f473a70d4f00a5666dd888ec9f53 30eaf8ac2ed54fd48282592c8785ada7 - - default default] 10.0.0.8 "DELETE /v2.0/networks/3e0dc517-5370-449d-9537-1b15d7c090d2 HTTP/1.1" status: 404 len: 339 time: 0.0153801
2026-05-20 04:24:38.049 9 INFO neutron.db.ovn_revision_numbers_db [None req-f99f3f55-12c6-453a-90d9-b267782c065f 863eb99aa6a94720be3fce0498d25c92 372b4dd9000f4fe0aa368e2fbc339545 - - default default] Successfully bumped revision number for resource ff147ac8-2860-4b3f-a6cb-8b5cad708f59 (type: security_groups) to 1
2026-05-20 04:24:38.061 9 INFO neutron.db.ovn_revision_numbers_db [None req-f99f3f55-12c6-453a-90d9-b267782c065f 863eb99aa6a94720be3fce0498d25c92 372b4dd9000f4fe0aa368e2fbc339545 - - default default] Successfully bumped revision number for resource 10e7c557-6ced-44b6-8f44-84788d685825 (type: security_group_rules) to 0
2026-05-20 04:24:38.073 9 INFO neutron.db.ovn_revision_numbers_db [None req-f99f3f55-12c6-453a-90d9-b267782c065f 863eb99aa6a94720be3fce0498d25c92 372b4dd9000f4fe0aa368e2fbc339545 - - default default] Successfully bumped revision number for resource 7fd30d90-a9ef-49de-8197-c46cebf3ebbe (type: security_group_rules) to 0
2026-05-20 04:24:38.090 9 INFO neutron.db.ovn_revision_numbers_db [None req-f99f3f55-12c6-453a-90d9-b267782c065f 863eb99aa6a94720be3fce0498d25c92 372b4dd9000f4fe0aa368e2fbc339545 - - default default] Successfully bumped revision number for resource a612f534-5bde-4f86-80ee-71f062d2648f (type: security_group_rules) to 0
2026-05-20 04:24:38.108 9 INFO neutron.db.ovn_revision_numbers_db [None req-f99f3f55-12c6-453a-90d9-b267782c065f 863eb99aa6a94720be3fce0498d25c92 372b4dd9000f4fe0aa368e2fbc339545 - - default default] Successfully bumped revision number for resource be117f5b-855f-402d-9e2f-39ab9a19a6be (type: security_group_rules) to 0
2026-05-20 04:24:38.143 9 INFO neutron.api.wsgi [None req-f99f3f55-12c6-453a-90d9-b267782c065f 863eb99aa6a94720be3fce0498d25c92 372b4dd9000f4fe0aa368e2fbc339545 - - default default] 10.0.0.8 "GET /v2.0/security-groups?tenant_id=c5b0f0b962394cb49e9656daa69ce3fd&name=default HTTP/1.1" status: 200 len: 3124 time: 0.5509839
2026-05-20 04:24:38.327 9 INFO neutron.api.wsgi [None req-c51737fd-1f63-4a8d-9461-5f3870ce7148 863eb99aa6a94720be3fce0498d25c92 372b4dd9000f4fe0aa368e2fbc339545 - - default default] 10.0.0.8 "DELETE /v2.0/security-groups/ff147ac8-2860-4b3f-a6cb-8b5cad708f59 HTTP/1.1" status: 204 len: 168 time: 0.1777537
2026-05-20 04:24:38.435 10 INFO neutron.api.wsgi [None req-7fde097c-6e8b-4892-99a2-7bed64d6311f 863eb99aa6a94720be3fce0498d25c92 372b4dd9000f4fe0aa368e2fbc339545 - - default default] 10.0.0.8 "GET /v2.0/security-groups?tenant_id=30eaf8ac2ed54fd48282592c8785ada7&name=default HTTP/1.1" status: 200 len: 3120 time: 0.0290079
2026-05-20 04:24:38.557 9 INFO neutron.api.wsgi [-] 10.0.0.119 "GET / HTTP/1.1" status: 200 len: 247 time: 0.0026407
2026-05-20 04:24:38.561 9 INFO neutron.api.wsgi [-] 10.0.0.119 "GET / HTTP/1.1" status: 200 len: 247 time: 0.0021141
2026-05-20 04:24:38.661 9 INFO neutron.services.segments.plugin [-] Segment cfeb1304-66ff-4f23-9838-f12179ef9d0c resource provider aggregate not found
2026-05-20 04:24:38.674 9 INFO neutron.services.segments.plugin [-] Segment cfeb1304-66ff-4f23-9838-f12179ef9d0c resource provider not found; error: Placement Client Error (4xx): {"errors": [{"status": 404, "title": "Not Found", "detail": "The resource could not be found.\n\n No resource provider with uuid cfeb1304-66ff-4f23-9838-f12179ef9d0c found for delete ", "request_id": "req-e309960e-c5a3-4f9e-ac9f-68b436272f23"}]}
2026-05-20 04:24:38.677 9 INFO neutron.services.segments.plugin [-] Segment cfeb1304-66ff-4f23-9838-f12179ef9d0c resource provider aggregate not found
2026-05-20 04:24:38.687 9 INFO neutron.services.segments.plugin [-] Segment cfeb1304-66ff-4f23-9838-f12179ef9d0c resource provider not found; error: Placement Client Error (4xx): {"errors": [{"status": 404, "title": "Not Found", "detail": "The resource could not be found.\n\n No resource provider with uuid cfeb1304-66ff-4f23-9838-f12179ef9d0c found for delete ", "request_id": "req-31a1ef81-d26b-4cd6-a3a1-ef40cfc58013"}]}
2026-05-20 04:24:38.858 10 WARNING neutron.plugins.ml2.drivers.ovn.mech_driver.ovsdb.ovn_client [None req-6f6434d9-4d74-4561-8b12-d3500bedb6c4 - - - - - -] No hosting information found for port 4dfbba03-aeca-4083-91a5-3a117dfec634: RuntimeError: No hosting information found for port 4dfbba03-aeca-4083-91a5-3a117dfec634
2026-05-20 04:24:38.883 10 INFO neutron.api.wsgi [None req-444e3bf5-199b-4e04-a7f6-1bc7d07a682a 863eb99aa6a94720be3fce0498d25c92 372b4dd9000f4fe0aa368e2fbc339545 - - default default] 10.0.0.8 "DELETE /v2.0/security-groups/8e10466a-5513-4409-90a8-546e0f6641a7 HTTP/1.1" status: 204 len: 168 time: 0.4438374
2026-05-20 04:24:38.921 10 INFO neutron.db.ovn_revision_numbers_db [None req-6f6434d9-4d74-4561-8b12-d3500bedb6c4 - - - - - -] Successfully bumped revision number for resource 4dfbba03-aeca-4083-91a5-3a117dfec634 (type: router_ports) to 2
2026-05-20 04:24:41.047 10 INFO neutron.api.wsgi [req-60b8b298-38e5-4e19-bf42-722ecff7688f req-662986bb-e15a-481c-97f3-d69b2e3eb261 bac8ae69c54d429f822b05632323b125 956d1f399c164b6e9e1ccbad0f849699 - - default default] 199.204.45.77 "GET /v2.0/networks?id=74c2d30d-0075-4121-bef8-81747b6cbfff HTTP/1.1" status: 200 len: 903 time: 0.0535367
2026-05-20 04:24:41.089 10 INFO neutron.api.wsgi [req-60b8b298-38e5-4e19-bf42-722ecff7688f req-d670a80c-49f7-409b-bc62-fa6fac3ae527 bac8ae69c54d429f822b05632323b125 956d1f399c164b6e9e1ccbad0f849699 - - default default] 199.204.45.77 "GET /v2.0/security-groups?fields=id&fields=name&tenant_id=956d1f399c164b6e9e1ccbad0f849699 HTTP/1.1" status: 200 len: 376 time: 0.0374227
2026-05-20 04:24:41.097 10 WARNING neutron_lib.context [req-60b8b298-38e5-4e19-bf42-722ecff7688f req-24e4f91c-8b1c-4a36-b96b-14b81dbb79dd bac8ae69c54d429f822b05632323b125 956d1f399c164b6e9e1ccbad0f849699 - - default default] Method 'is_advsvc' is deprecated since 2023.2 release (neutron-lib 3.8.0) and will be removed once support for the old RBAC API policies will be removed from Neutron. Please use method 'is_service_role' instead.
2026-05-20 04:24:41.389 10 WARNING neutron.scheduler.dhcp_agent_scheduler [req-60b8b298-38e5-4e19-bf42-722ecff7688f req-24e4f91c-8b1c-4a36-b96b-14b81dbb79dd bac8ae69c54d429f822b05632323b125 956d1f399c164b6e9e1ccbad0f849699 - - default default] No more DHCP agents
2026-05-20 04:24:41.390 10 WARNING neutron.api.rpc.agentnotifiers.dhcp_rpc_agent_api [req-60b8b298-38e5-4e19-bf42-722ecff7688f req-24e4f91c-8b1c-4a36-b96b-14b81dbb79dd bac8ae69c54d429f822b05632323b125 956d1f399c164b6e9e1ccbad0f849699 - - default default] Unable to schedule network 74c2d30d-0075-4121-bef8-81747b6cbfff: no agents available; will retry on subsequent port and subnet creation events.
2026-05-20 04:24:41.429 9 WARNING neutron.plugins.ml2.drivers.ovn.mech_driver.ovsdb.ovn_client [None req-1d28b700-fa0e-4b92-ae9c-24ece6c51630 - - - - - -] No hosting information found for port e11aa501-3353-408f-9524-1a35845b22dd: RuntimeError: No hosting information found for port e11aa501-3353-408f-9524-1a35845b22dd
2026-05-20 04:24:41.493 9 INFO neutron.db.ovn_revision_numbers_db [None req-1d28b700-fa0e-4b92-ae9c-24ece6c51630 - - - - - -] Successfully bumped revision number for resource e11aa501-3353-408f-9524-1a35845b22dd (type: router_ports) to 2
2026-05-20 04:24:41.509 10 INFO neutron.db.ovn_revision_numbers_db [req-60b8b298-38e5-4e19-bf42-722ecff7688f req-24e4f91c-8b1c-4a36-b96b-14b81dbb79dd bac8ae69c54d429f822b05632323b125 956d1f399c164b6e9e1ccbad0f849699 - - default default] Successfully bumped revision number for resource 130df4e5-06ef-4a5e-a3b8-735fac3e4b79 (type: ports) to 1
2026-05-20 04:24:41.529 10 INFO neutron.api.wsgi [req-60b8b298-38e5-4e19-bf42-722ecff7688f req-24e4f91c-8b1c-4a36-b96b-14b81dbb79dd bac8ae69c54d429f822b05632323b125 956d1f399c164b6e9e1ccbad0f849699 - - default default] 199.204.45.77 "POST /v2.0/ports HTTP/1.1" status: 201 len: 1388 time: 0.4363384 /var/lib/openstack/lib/python3.12/site-packages/pycadf/identifier.py:71: UserWarning: Invalid uuid: neutron. To ensure interoperability, identifiers should be a valid uuid. warnings.warn(('Invalid uuid: %s. To ensure interoperability, '
2026-05-20 04:24:41.849 10 INFO neutron.db.ovn_revision_numbers_db [req-60b8b298-38e5-4e19-bf42-722ecff7688f req-7404f9b2-9e05-402b-a5bf-2fde250cc56f 57692e10e8fd4b328a7dae3cc32e52ec ad1e096be674483688e6e805d7ad783b - - 60addf7264a345b38dfa0ab24c29b325 60addf7264a345b38dfa0ab24c29b325] Successfully bumped revision number for resource 130df4e5-06ef-4a5e-a3b8-735fac3e4b79 (type: ports) to 2
2026-05-20 04:24:41.908 9 INFO neutron.api.wsgi [req-cce892c8-f49c-488f-8c73-2878e634857e req-8bb86b84-6ddc-48f1-829b-c7d0b02fd8b0 bac8ae69c54d429f822b05632323b125 956d1f399c164b6e9e1ccbad0f849699 - - default default] 10.0.0.159 "GET /v2.0/ports?device_id=a1ab619c-e917-478f-9bf7-9238bae15d32 HTTP/1.1" status: 200 len: 1398 time: 0.0767326
2026-05-20 04:24:41.956 9 INFO neutron.api.wsgi [req-cce892c8-f49c-488f-8c73-2878e634857e req-24ed8e4f-31f0-4caf-bceb-61880b6972cc bac8ae69c54d429f822b05632323b125 956d1f399c164b6e9e1ccbad0f849699 - - default default] 10.0.0.159 "GET /v2.0/security-groups?id=57766d31-93c9-452a-bb59-662ebcf55d2f&fields=id&fields=name HTTP/1.1" status: 200 len: 309 time: 0.0416012
2026-05-20 04:24:42.034 10 INFO neutron.db.ovn_revision_numbers_db [req-60b8b298-38e5-4e19-bf42-722ecff7688f req-7404f9b2-9e05-402b-a5bf-2fde250cc56f 57692e10e8fd4b328a7dae3cc32e52ec ad1e096be674483688e6e805d7ad783b - - 60addf7264a345b38dfa0ab24c29b325 60addf7264a345b38dfa0ab24c29b325] Successfully bumped revision number for resource 130df4e5-06ef-4a5e-a3b8-735fac3e4b79 (type: ports) to 4
2026-05-20 04:24:42.050 10 INFO neutron.api.wsgi [req-60b8b298-38e5-4e19-bf42-722ecff7688f req-7404f9b2-9e05-402b-a5bf-2fde250cc56f 57692e10e8fd4b328a7dae3cc32e52ec ad1e096be674483688e6e805d7ad783b - - 60addf7264a345b38dfa0ab24c29b325 60addf7264a345b38dfa0ab24c29b325] 199.204.45.77 "PUT /v2.0/ports/130df4e5-06ef-4a5e-a3b8-735fac3e4b79 HTTP/1.1" status: 200 len: 1633 time: 0.5148497
2026-05-20 04:24:42.087 10 INFO neutron.notifiers.nova [-] Nova event matching ['req-fd7b2ff2-be1a-436e-91aa-d6894a93ebc5'] response: {'name': 'network-changed', 'server_uuid': 'a1ab619c-e917-478f-9bf7-9238bae15d32', 'tag': '130df4e5-06ef-4a5e-a3b8-735fac3e4b79', 'status': 'completed', 'code': 200} /var/lib/openstack/lib/python3.12/site-packages/pycadf/identifier.py:71: UserWarning: Invalid uuid: neutron. To ensure interoperability, identifiers should be a valid uuid. warnings.warn(('Invalid uuid: %s. To ensure interoperability, '
2026-05-20 04:24:42.643 10 INFO neutron.api.wsgi [req-6aee51e1-0f8f-4c90-a8bc-71208c8febc6 req-4581d19c-09db-4960-b25d-7f7e115320ad 57692e10e8fd4b328a7dae3cc32e52ec ad1e096be674483688e6e805d7ad783b - - 60addf7264a345b38dfa0ab24c29b325 60addf7264a345b38dfa0ab24c29b325] 199.204.45.77 "GET /v2.0/ports?tenant_id=956d1f399c164b6e9e1ccbad0f849699&device_id=a1ab619c-e917-478f-9bf7-9238bae15d32 HTTP/1.1" status: 200 len: 1636 time: 0.0477953
2026-05-20 04:24:42.700 10 INFO neutron.api.wsgi [req-6aee51e1-0f8f-4c90-a8bc-71208c8febc6 req-e45f58f7-92f1-4261-b678-0298c494a485 57692e10e8fd4b328a7dae3cc32e52ec ad1e096be674483688e6e805d7ad783b - - 60addf7264a345b38dfa0ab24c29b325 60addf7264a345b38dfa0ab24c29b325] 199.204.45.77 "GET /v2.0/networks?tenant_id=956d1f399c164b6e9e1ccbad0f849699&shared=False HTTP/1.1" status: 200 len: 2584 time: 0.0507321
2026-05-20 04:24:42.747 10 INFO neutron.api.wsgi [req-6aee51e1-0f8f-4c90-a8bc-71208c8febc6 req-41cad498-8c71-41b3-8439-17c365eb81ff 57692e10e8fd4b328a7dae3cc32e52ec ad1e096be674483688e6e805d7ad783b - - 60addf7264a345b38dfa0ab24c29b325 60addf7264a345b38dfa0ab24c29b325] 199.204.45.77 "GET /v2.0/networks?shared=True HTTP/1.1" status: 200 len: 952 time: 0.0420413
2026-05-20 04:24:43.792 10 INFO neutron.api.wsgi [req-60b8b298-38e5-4e19-bf42-722ecff7688f req-29b823d4-b993-4083-bede-95d2808b74f9 57692e10e8fd4b328a7dae3cc32e52ec ad1e096be674483688e6e805d7ad783b - - 60addf7264a345b38dfa0ab24c29b325 60addf7264a345b38dfa0ab24c29b325] 199.204.45.77 "GET /v2.0/ports?tenant_id=956d1f399c164b6e9e1ccbad0f849699&device_id=a1ab619c-e917-478f-9bf7-9238bae15d32 HTTP/1.1" status: 200 len: 1636 time: 0.0316813
2026-05-20 04:24:43.831 10 INFO neutron.api.wsgi [req-60b8b298-38e5-4e19-bf42-722ecff7688f req-c99ad9f6-e6c7-435f-bdf1-908f80ebbcbb 57692e10e8fd4b328a7dae3cc32e52ec ad1e096be674483688e6e805d7ad783b - - 60addf7264a345b38dfa0ab24c29b325 60addf7264a345b38dfa0ab24c29b325] 199.204.45.77 "GET /v2.0/floatingips?fixed_ip_address=10.2.1.132&port_id=130df4e5-06ef-4a5e-a3b8-735fac3e4b79 HTTP/1.1" status: 200 len: 217 time: 0.0332568
2026-05-20 04:24:43.850 10 INFO neutron.api.wsgi [req-60b8b298-38e5-4e19-bf42-722ecff7688f req-e5290f39-7dd3-4fac-8fea-b229b04e7991 57692e10e8fd4b328a7dae3cc32e52ec ad1e096be674483688e6e805d7ad783b - - 60addf7264a345b38dfa0ab24c29b325 60addf7264a345b38dfa0ab24c29b325] 199.204.45.77 "GET /v2.0/floatingips?fixed_ip_address=fd7b%3Af9f7%3Afff%3A4eca%3A%3A10a&port_id=130df4e5-06ef-4a5e-a3b8-735fac3e4b79 HTTP/1.1" status: 200 len: 217 time: 0.0137172
2026-05-20 04:24:43.889 10 INFO neutron.api.wsgi [req-60b8b298-38e5-4e19-bf42-722ecff7688f req-51ee2b8a-0e90-416b-8cb2-fbc466148ce8 57692e10e8fd4b328a7dae3cc32e52ec ad1e096be674483688e6e805d7ad783b - - 60addf7264a345b38dfa0ab24c29b325 60addf7264a345b38dfa0ab24c29b325] 199.204.45.77 "GET /v2.0/subnets?id=51cc8f4f-ada9-4ce0-98b7-f28d371e3465&id=f5061ed5-c4b8-486b-9edb-a1c197719f55 HTTP/1.1" status: 200 len: 1610 time: 0.0324869
2026-05-20 04:24:43.925 10 INFO neutron.api.wsgi [req-60b8b298-38e5-4e19-bf42-722ecff7688f req-0a5d5bcb-99bc-46f2-8876-952a39053eb4 57692e10e8fd4b328a7dae3cc32e52ec ad1e096be674483688e6e805d7ad783b - - 60addf7264a345b38dfa0ab24c29b325 60addf7264a345b38dfa0ab24c29b325] 199.204.45.77 "GET /v2.0/ports?network_id=74c2d30d-0075-4121-bef8-81747b6cbfff&device_owner=network%3Adhcp HTTP/1.1" status: 200 len: 210 time: 0.0301394
2026-05-20 04:24:43.942 10 INFO neutron.api.wsgi [req-60b8b298-38e5-4e19-bf42-722ecff7688f req-e04c1113-9975-4635-8836-e0df87899dfd 57692e10e8fd4b328a7dae3cc32e52ec ad1e096be674483688e6e805d7ad783b - - 60addf7264a345b38dfa0ab24c29b325 60addf7264a345b38dfa0ab24c29b325] 199.204.45.77 "GET /v2.0/ports?network_id=74c2d30d-0075-4121-bef8-81747b6cbfff&device_owner=network%3Adhcp HTTP/1.1" status: 200 len: 210 time: 0.0112784
2026-05-20 04:24:43.975 10 INFO neutron.api.wsgi [req-60b8b298-38e5-4e19-bf42-722ecff7688f req-b05e4ddc-34b0-4e34-9865-d18b97f15bc6 57692e10e8fd4b328a7dae3cc32e52ec ad1e096be674483688e6e805d7ad783b - - 60addf7264a345b38dfa0ab24c29b325 60addf7264a345b38dfa0ab24c29b325] 199.204.45.77 "GET /v2.0/networks/74c2d30d-0075-4121-bef8-81747b6cbfff?fields=segments HTTP/1.1" status: 200 len: 212 time: 0.0282638
2026-05-20 04:24:44.010 10 INFO neutron.api.wsgi [req-60b8b298-38e5-4e19-bf42-722ecff7688f req-88ee21f5-012f-419b-87cf-1eb27003a5e0 57692e10e8fd4b328a7dae3cc32e52ec ad1e096be674483688e6e805d7ad783b - - 60addf7264a345b38dfa0ab24c29b325 60addf7264a345b38dfa0ab24c29b325] 199.204.45.77 "GET /v2.0/networks/74c2d30d-0075-4121-bef8-81747b6cbfff?fields=provider%3Aphysical_network&fields=provider%3Anetwork_type HTTP/1.1" status: 200 len: 277 time: 0.0296247
2026-05-20 04:24:46.162 10 INFO neutron.plugins.ml2.drivers.ovn.mech_driver.mech_driver [None req-6f6434d9-4d74-4561-8b12-d3500bedb6c4 - - - - - -] OVN reports status up for port: 130df4e5-06ef-4a5e-a3b8-735fac3e4b79
2026-05-20 04:24:46.172 10 INFO neutron.plugins.ml2.plugin [None req-6f6434d9-4d74-4561-8b12-d3500bedb6c4 - - - - - -] Attempt 1 to provision port 130df4e5-06ef-4a5e-a3b8-735fac3e4b79
2026-05-20 04:24:46.295 10 INFO neutron.notifiers.nova [-] Nova event matching ['req-285bfaff-dfb1-4881-8014-a774ddbe0940'] response: {'server_uuid': 'a1ab619c-e917-478f-9bf7-9238bae15d32', 'name': 'network-vif-plugged', 'status': 'completed', 'tag': '130df4e5-06ef-4a5e-a3b8-735fac3e4b79', 'code': 200}
2026-05-20 04:24:46.409 10 INFO neutron.db.ovn_revision_numbers_db [None req-6f6434d9-4d74-4561-8b12-d3500bedb6c4 - - - - - -] Successfully bumped revision number for resource 130df4e5-06ef-4a5e-a3b8-735fac3e4b79 (type: ports) to 5 /var/lib/openstack/lib/python3.12/site-packages/pycadf/identifier.py:71: UserWarning: Invalid uuid: neutron. To ensure interoperability, identifiers should be a valid uuid. warnings.warn(('Invalid uuid: %s. To ensure interoperability, '
2026-05-20 04:24:47.088 10 INFO neutron.api.wsgi [req-da144583-7163-4e60-a1a6-8ce259b1573a req-dfa6471f-fc6d-4fef-a761-2c8cd3dacd35 bac8ae69c54d429f822b05632323b125 956d1f399c164b6e9e1ccbad0f849699 - - default default] 10.0.0.159 "GET /v2.0/ports?device_id=a1ab619c-e917-478f-9bf7-9238bae15d32 HTTP/1.1" status: 200 len: 1400 time: 0.0703537
2026-05-20 04:24:47.132 10 INFO neutron.api.wsgi [req-da144583-7163-4e60-a1a6-8ce259b1573a req-2b72cfb8-7982-4b24-a45e-304d08edf51d bac8ae69c54d429f822b05632323b125 956d1f399c164b6e9e1ccbad0f849699 - - default default] 10.0.0.159 "GET /v2.0/security-groups?id=57766d31-93c9-452a-bb59-662ebcf55d2f&fields=id&fields=name HTTP/1.1" status: 200 len: 309 time: 0.0374401
2026-05-20 04:24:48.331 10 INFO neutron.notifiers.nova [-] Nova event matching ['req-16065d2d-a6dd-428c-92b9-2dc2743f0710'] response: {'server_uuid': 'a1ab619c-e917-478f-9bf7-9238bae15d32', 'name': 'network-vif-plugged', 'status': 'completed', 'tag': '130df4e5-06ef-4a5e-a3b8-735fac3e4b79', 'code': 200}
2026-05-20 04:24:52.261 10 INFO neutron.api.wsgi [req-aeba2834-e430-43fd-a0e7-a381b5cbde26 req-baa1a70f-44e8-45df-a351-33372b7761c2 bac8ae69c54d429f822b05632323b125 956d1f399c164b6e9e1ccbad0f849699 - - default default] 10.0.0.159 "GET /v2.0/ports?device_id=a1ab619c-e917-478f-9bf7-9238bae15d32 HTTP/1.1" status: 200 len: 1400 time: 0.0664856
2026-05-20 04:24:52.302 10 INFO neutron.api.wsgi [req-aeba2834-e430-43fd-a0e7-a381b5cbde26 req-00a9ab08-dfe3-4759-85cf-6866309ea7aa bac8ae69c54d429f822b05632323b125 956d1f399c164b6e9e1ccbad0f849699 - - default default] 10.0.0.159 "GET /v2.0/security-groups?id=57766d31-93c9-452a-bb59-662ebcf55d2f&fields=id&fields=name HTTP/1.1" status: 200 len: 309 time: 0.0335889
2026-05-20 04:24:52.418 9 INFO neutron.api.wsgi [None req-2ef6d278-c251-48e3-80b6-77a921b2d5cb bac8ae69c54d429f822b05632323b125 956d1f399c164b6e9e1ccbad0f849699 - - default default] 10.0.0.8 "GET /v2.0/ports?network_id=74c2d30d-0075-4121-bef8-81747b6cbfff&mac_address=fa%3A16%3A3e%3A50%3A9d%3Ada HTTP/1.1" status: 200 len: 1395 time: 0.0920115
2026-05-20 04:24:52.427 9 WARNING neutron_lib.context [None req-bffb2fd9-a862-457c-8c0b-4401ea8a2546 bac8ae69c54d429f822b05632323b125 956d1f399c164b6e9e1ccbad0f849699 - - default default] Method 'is_advsvc' is deprecated since 2023.2 release (neutron-lib 3.8.0) and will be removed once support for the old RBAC API policies will be removed from Neutron. Please use method 'is_service_role' instead.
2026-05-20 04:24:52.642 9 WARNING neutron.scheduler.dhcp_agent_scheduler [None req-bffb2fd9-a862-457c-8c0b-4401ea8a2546 bac8ae69c54d429f822b05632323b125 956d1f399c164b6e9e1ccbad0f849699 - - default default] No more DHCP agents
2026-05-20 04:24:52.643 9 WARNING neutron.api.rpc.agentnotifiers.dhcp_rpc_agent_api [None req-bffb2fd9-a862-457c-8c0b-4401ea8a2546 bac8ae69c54d429f822b05632323b125 956d1f399c164b6e9e1ccbad0f849699 - - default default] Unable to schedule network b4089aac-2d02-4206-94da-046c5aa2ba30: no agents available; will retry on subsequent port and subnet creation events.
2026-05-20 04:24:53.282 9 INFO neutron.db.ovn_revision_numbers_db [None req-bffb2fd9-a862-457c-8c0b-4401ea8a2546 bac8ae69c54d429f822b05632323b125 956d1f399c164b6e9e1ccbad0f849699 - - default default] Successfully bumped revision number for resource 5a600487-dbdf-4a61-916b-374c8081eb19 (type: floatingips) to -1
2026-05-20 04:24:53.356 9 INFO neutron.db.ovn_revision_numbers_db [None req-bffb2fd9-a862-457c-8c0b-4401ea8a2546 bac8ae69c54d429f822b05632323b125 956d1f399c164b6e9e1ccbad0f849699 - - default default] Successfully bumped revision number for resource 5a600487-dbdf-4a61-916b-374c8081eb19 (type: floatingips) to 1
2026-05-20 04:24:53.357 9 INFO neutron.db.l3_db [None req-bffb2fd9-a862-457c-8c0b-4401ea8a2546 bac8ae69c54d429f822b05632323b125 956d1f399c164b6e9e1ccbad0f849699 - - default default] Floating IP 5a600487-dbdf-4a61-916b-374c8081eb19 associated. External IP: 10.96.250.205, port: 130df4e5-06ef-4a5e-a3b8-735fac3e4b79.
2026-05-20 04:24:53.388 9 INFO neutron.api.wsgi [None req-bffb2fd9-a862-457c-8c0b-4401ea8a2546 bac8ae69c54d429f822b05632323b125 956d1f399c164b6e9e1ccbad0f849699 - - default default] 10.0.0.8 "POST /v2.0/floatingips HTTP/1.1" status: 201 len: 1054 time: 0.9650443
2026-05-20 04:24:53.418 9 INFO neutron.notifiers.nova [-] Nova event matching ['req-119513bf-a411-4d46-bac3-fcb5b981cb16'] response: {'name': 'network-changed', 'server_uuid': 'a1ab619c-e917-478f-9bf7-9238bae15d32', 'tag': '130df4e5-06ef-4a5e-a3b8-735fac3e4b79', 'status': 'completed', 'code': 200}
2026-05-20 04:24:53.474 9 INFO neutron.api.wsgi [req-535ce8f6-78ed-455d-9fef-5197923b760d req-f1a7142c-d95f-49be-bea2-3aa157dc074a bac8ae69c54d429f822b05632323b125 956d1f399c164b6e9e1ccbad0f849699 - - default default] 10.0.0.159 "GET /v2.0/security-groups?name=tempest-lb_member_SG-79576070&fields=id&tenant_id=956d1f399c164b6e9e1ccbad0f849699 HTTP/1.1" status: 200 len: 267 time: 0.0312698
2026-05-20 04:24:53.521 9 INFO neutron.api.wsgi [req-535ce8f6-78ed-455d-9fef-5197923b760d req-2e5846a9-8584-4023-adc4-7ee51cbc1690 bac8ae69c54d429f822b05632323b125 956d1f399c164b6e9e1ccbad0f849699 - - default default] 10.0.0.159 "GET /v2.0/networks?id=edd4f9ea-bfcf-4e7c-8e14-7836a8da928f HTTP/1.1" status: 200 len: 904 time: 0.0409977
2026-05-20 04:24:53.535 9 INFO neutron.api.wsgi [req-535ce8f6-78ed-455d-9fef-5197923b760d req-2300a4d8-c8bc-4734-ac18-c0f15f1cb1de bac8ae69c54d429f822b05632323b125 956d1f399c164b6e9e1ccbad0f849699 - - default default] 10.0.0.159 "GET /v2.0/quotas/956d1f399c164b6e9e1ccbad0f849699 HTTP/1.1" status: 200 len: 491 time: 0.0078053
2026-05-20 04:24:53.559 10 INFO neutron.api.wsgi [-] 10.0.0.119 "GET / HTTP/1.1" status: 200 len: 247 time: 0.0035226
2026-05-20 04:24:53.562 10 INFO neutron.api.wsgi [-] 10.0.0.119 "GET / HTTP/1.1" status: 200 len: 247 time: 0.0021484
2026-05-20 04:24:53.646 9 INFO neutron.api.wsgi [req-535ce8f6-78ed-455d-9fef-5197923b760d req-7ce5f8b4-a362-48b4-ad48-1ca2552c63b7 bac8ae69c54d429f822b05632323b125 956d1f399c164b6e9e1ccbad0f849699 - - default default] 10.0.0.159 "GET /v2.0/ports?tenant_id=956d1f399c164b6e9e1ccbad0f849699&fields=id HTTP/1.1" status: 200 len: 532 time: 0.1068914
2026-05-20 04:24:53.699 9 INFO neutron.api.wsgi [req-535ce8f6-78ed-455d-9fef-5197923b760d req-1129bf4c-0cda-41b8-97bb-a76d97b37a28 57692e10e8fd4b328a7dae3cc32e52ec ad1e096be674483688e6e805d7ad783b - - 60addf7264a345b38dfa0ab24c29b325 60addf7264a345b38dfa0ab24c29b325] 10.0.0.159 "GET /v2.0/networks/edd4f9ea-bfcf-4e7c-8e14-7836a8da928f?fields=segments HTTP/1.1" status: 200 len: 212 time: 0.0380068
2026-05-20 04:24:53.741 9 INFO neutron.api.wsgi [req-535ce8f6-78ed-455d-9fef-5197923b760d req-f03f4e85-6499-410a-83be-2df6d2529e80 57692e10e8fd4b328a7dae3cc32e52ec ad1e096be674483688e6e805d7ad783b - - 60addf7264a345b38dfa0ab24c29b325 60addf7264a345b38dfa0ab24c29b325] 10.0.0.159 "GET /v2.0/networks/edd4f9ea-bfcf-4e7c-8e14-7836a8da928f?fields=provider%3Aphysical_network&fields=provider%3Anetwork_type HTTP/1.1" status: 200 len: 277 time: 0.0355437 /var/lib/openstack/lib/python3.12/site-packages/pycadf/identifier.py:71: UserWarning: Invalid uuid: neutron. To ensure interoperability, identifiers should be a valid uuid. warnings.warn(('Invalid uuid: %s. To ensure interoperability, '
2026-05-20 04:24:53.857 10 INFO neutron.api.wsgi [req-c2c96d3c-5ced-4dac-9aea-1aa68802190c req-3edb3254-3222-4892-8a6b-646f1758d7d0 bac8ae69c54d429f822b05632323b125 956d1f399c164b6e9e1ccbad0f849699 - - default default] 10.0.0.159 "GET /v2.0/ports?device_id=56e541f1-a87b-4c50-a425-aef104739c4a HTTP/1.1" status: 200 len: 210 time: 0.0201910
2026-05-20 04:24:53.962 10 INFO neutron.api.wsgi [req-a09392c9-f91a-4c19-bbf5-d1ff89b0a21b req-276c7c9f-1715-4179-9a2c-93184556f6d1 57692e10e8fd4b328a7dae3cc32e52ec ad1e096be674483688e6e805d7ad783b - - 60addf7264a345b38dfa0ab24c29b325 60addf7264a345b38dfa0ab24c29b325] 199.204.45.77 "GET /v2.0/ports?tenant_id=956d1f399c164b6e9e1ccbad0f849699&device_id=a1ab619c-e917-478f-9bf7-9238bae15d32 HTTP/1.1" status: 200 len: 1638 time: 0.0332322
2026-05-20 04:24:54.012 10 INFO neutron.api.wsgi [req-a09392c9-f91a-4c19-bbf5-d1ff89b0a21b req-a5ccc8aa-82ef-4a0d-86c9-5d0daba45d50 57692e10e8fd4b328a7dae3cc32e52ec ad1e096be674483688e6e805d7ad783b - - 60addf7264a345b38dfa0ab24c29b325 60addf7264a345b38dfa0ab24c29b325] 199.204.45.77 "GET /v2.0/networks?id=74c2d30d-0075-4121-bef8-81747b6cbfff HTTP/1.1" status: 200 len: 1002 time: 0.0444746
2026-05-20 04:24:54.055 10 INFO neutron.api.wsgi [req-a09392c9-f91a-4c19-bbf5-d1ff89b0a21b req-76f73242-89f1-4e8c-8cfb-04d1256d649d 57692e10e8fd4b328a7dae3cc32e52ec ad1e096be674483688e6e805d7ad783b - - 60addf7264a345b38dfa0ab24c29b325 60addf7264a345b38dfa0ab24c29b325] 199.204.45.77 "GET /v2.0/floatingips?fixed_ip_address=10.2.1.132&port_id=130df4e5-06ef-4a5e-a3b8-735fac3e4b79 HTTP/1.1" status: 200 len: 1059 time: 0.0372095
2026-05-20 04:24:54.076 10 INFO neutron.api.wsgi [req-a09392c9-f91a-4c19-bbf5-d1ff89b0a21b req-0355e506-02fa-4ee0-a2a2-7b32417290b7 57692e10e8fd4b328a7dae3cc32e52ec ad1e096be674483688e6e805d7ad783b - - 60addf7264a345b38dfa0ab24c29b325 60addf7264a345b38dfa0ab24c29b325] 199.204.45.77 "GET /v2.0/floatingips?fixed_ip_address=fd7b%3Af9f7%3Afff%3A4eca%3A%3A10a&port_id=130df4e5-06ef-4a5e-a3b8-735fac3e4b79 HTTP/1.1" status: 200 len: 217 time: 0.0154786
2026-05-20 04:24:54.110 10 INFO neutron.api.wsgi [req-a09392c9-f91a-4c19-bbf5-d1ff89b0a21b req-152ac80d-372d-498d-899a-cd2ee4660a22 57692e10e8fd4b328a7dae3cc32e52ec ad1e096be674483688e6e805d7ad783b - - 60addf7264a345b38dfa0ab24c29b325 60addf7264a345b38dfa0ab24c29b325] 199.204.45.77 "GET /v2.0/subnets?id=51cc8f4f-ada9-4ce0-98b7-f28d371e3465&id=f5061ed5-c4b8-486b-9edb-a1c197719f55 HTTP/1.1" status: 200 len: 1610 time: 0.0282056
2026-05-20 04:24:54.130 10 INFO neutron.api.wsgi [req-a09392c9-f91a-4c19-bbf5-d1ff89b0a21b req-ea99d49e-bd01-4eb3-aa41-a9a136d4299c 57692e10e8fd4b328a7dae3cc32e52ec ad1e096be674483688e6e805d7ad783b - - 60addf7264a345b38dfa0ab24c29b325 60addf7264a345b38dfa0ab24c29b325] 199.204.45.77 "GET /v2.0/ports?network_id=74c2d30d-0075-4121-bef8-81747b6cbfff&device_owner=network%3Adhcp HTTP/1.1" status: 200 len: 210 time: 0.0153663
2026-05-20 04:24:54.150 10 INFO neutron.api.wsgi [req-a09392c9-f91a-4c19-bbf5-d1ff89b0a21b req-80b2d3f3-c5d8-4344-b33c-e526ba95f6e3 57692e10e8fd4b328a7dae3cc32e52ec ad1e096be674483688e6e805d7ad783b - - 60addf7264a345b38dfa0ab24c29b325 60addf7264a345b38dfa0ab24c29b325] 199.204.45.77 "GET /v2.0/ports?network_id=74c2d30d-0075-4121-bef8-81747b6cbfff&device_owner=network%3Adhcp HTTP/1.1" status: 200 len: 210 time: 0.0145378
2026-05-20 04:24:54.191 10 INFO neutron.api.wsgi [req-a09392c9-f91a-4c19-bbf5-d1ff89b0a21b req-39b50f21-09ba-40b8-983e-599ab8b660f3 57692e10e8fd4b328a7dae3cc32e52ec ad1e096be674483688e6e805d7ad783b - - 60addf7264a345b38dfa0ab24c29b325 60addf7264a345b38dfa0ab24c29b325] 199.204.45.77 "GET /v2.0/networks/74c2d30d-0075-4121-bef8-81747b6cbfff?fields=segments HTTP/1.1" status: 200 len: 212 time: 0.0350535
2026-05-20 04:24:54.240 10 INFO neutron.api.wsgi [req-a09392c9-f91a-4c19-bbf5-d1ff89b0a21b req-8d55d484-f9c4-40ef-8978-75477e971665 57692e10e8fd4b328a7dae3cc32e52ec ad1e096be674483688e6e805d7ad783b - - 60addf7264a345b38dfa0ab24c29b325 60addf7264a345b38dfa0ab24c29b325] 199.204.45.77 "GET /v2.0/networks/74c2d30d-0075-4121-bef8-81747b6cbfff?fields=provider%3Aphysical_network&fields=provider%3Anetwork_type HTTP/1.1" status: 200 len: 277 time: 0.0416946
2026-05-20 04:24:58.119 10 INFO neutron.api.wsgi [req-535ce8f6-78ed-455d-9fef-5197923b760d req-2588360a-0024-4701-868b-ec90e95ee03b bac8ae69c54d429f822b05632323b125 956d1f399c164b6e9e1ccbad0f849699 - - default default] 199.204.45.77 "GET /v2.0/networks?id=edd4f9ea-bfcf-4e7c-8e14-7836a8da928f HTTP/1.1" status: 200 len: 904 time: 0.0396485
2026-05-20 04:24:58.161 10 INFO neutron.api.wsgi [req-535ce8f6-78ed-455d-9fef-5197923b760d req-9871d2d0-37f9-4451-93b7-9ece3d55d5ab bac8ae69c54d429f822b05632323b125 956d1f399c164b6e9e1ccbad0f849699 - - default default] 199.204.45.77 "GET /v2.0/security-groups?fields=id&fields=name&tenant_id=956d1f399c164b6e9e1ccbad0f849699 HTTP/1.1" status: 200 len: 376 time: 0.0371344
2026-05-20 04:24:58.169 10 WARNING neutron_lib.context [req-535ce8f6-78ed-455d-9fef-5197923b760d req-40bea5a3-77e7-4048-8064-d72e3509721e bac8ae69c54d429f822b05632323b125 956d1f399c164b6e9e1ccbad0f849699 - - default default] Method 'is_advsvc' is deprecated since 2023.2 release (neutron-lib 3.8.0) and will be removed once support for the old RBAC API policies will be removed from Neutron. Please use method 'is_service_role' instead.
2026-05-20 04:24:58.483 10 WARNING neutron.scheduler.dhcp_agent_scheduler [req-535ce8f6-78ed-455d-9fef-5197923b760d req-40bea5a3-77e7-4048-8064-d72e3509721e bac8ae69c54d429f822b05632323b125 956d1f399c164b6e9e1ccbad0f849699 - - default default] No more DHCP agents
2026-05-20 04:24:58.484 10 WARNING neutron.api.rpc.agentnotifiers.dhcp_rpc_agent_api [req-535ce8f6-78ed-455d-9fef-5197923b760d req-40bea5a3-77e7-4048-8064-d72e3509721e bac8ae69c54d429f822b05632323b125 956d1f399c164b6e9e1ccbad0f849699 - - default default] Unable to schedule network edd4f9ea-bfcf-4e7c-8e14-7836a8da928f: no agents available; will retry on subsequent port and subnet creation events.
2026-05-20 04:24:58.598 10 INFO neutron.db.ovn_revision_numbers_db [req-535ce8f6-78ed-455d-9fef-5197923b760d req-40bea5a3-77e7-4048-8064-d72e3509721e bac8ae69c54d429f822b05632323b125 956d1f399c164b6e9e1ccbad0f849699 - - default default] Successfully bumped revision number for resource 120ad7a8-9107-401f-9952-f6188c8436e5 (type: ports) to 1
2026-05-20 04:24:58.619 10 INFO neutron.api.wsgi [req-535ce8f6-78ed-455d-9fef-5197923b760d req-40bea5a3-77e7-4048-8064-d72e3509721e bac8ae69c54d429f822b05632323b125 956d1f399c164b6e9e1ccbad0f849699 - - default default] 199.204.45.77 "POST /v2.0/ports HTTP/1.1" status: 201 len: 1388 time: 0.4544282 /var/lib/openstack/lib/python3.12/site-packages/pycadf/identifier.py:71: UserWarning: Invalid uuid: neutron. To ensure interoperability, identifiers should be a valid uuid. warnings.warn(('Invalid uuid: %s. To ensure interoperability, '
2026-05-20 04:24:58.728 9 INFO neutron.api.wsgi [req-8b717b89-f9fb-475f-a878-ce3e0aeb3374 req-8417afe5-ab2c-40df-9863-074bddb26379 57692e10e8fd4b328a7dae3cc32e52ec ad1e096be674483688e6e805d7ad783b - - 60addf7264a345b38dfa0ab24c29b325 60addf7264a345b38dfa0ab24c29b325] 10.0.0.6 "GET /v2.0/ports?device_id=a1ab619c-e917-478f-9bf7-9238bae15d32 HTTP/1.1" status: 200 len: 1638 time: 0.0442107
2026-05-20 04:24:58.776 9 INFO neutron.api.wsgi [req-8b717b89-f9fb-475f-a878-ce3e0aeb3374 req-dd315526-0ca1-44c9-8341-2c4a10fde06a 57692e10e8fd4b328a7dae3cc32e52ec ad1e096be674483688e6e805d7ad783b - - 60addf7264a345b38dfa0ab24c29b325 60addf7264a345b38dfa0ab24c29b325] 10.0.0.6 "GET /v2.0/security-groups?id=57766d31-93c9-452a-bb59-662ebcf55d2f&fields=id&fields=name HTTP/1.1" status: 200 len: 309 time: 0.0419114
2026-05-20 04:24:58.978 9 INFO neutron.api.wsgi [req-b8e92c36-5c51-42df-9eb8-324a0d60a38d req-73965254-7ca0-4738-8fde-c08b78c952c4 bac8ae69c54d429f822b05632323b125 956d1f399c164b6e9e1ccbad0f849699 - - default default] 10.0.0.159 "GET /v2.0/ports?device_id=56e541f1-a87b-4c50-a425-aef104739c4a HTTP/1.1" status: 200 len: 1398 time: 0.0697641
2026-05-20 04:24:58.979 10 INFO neutron.db.ovn_revision_numbers_db [req-535ce8f6-78ed-455d-9fef-5197923b760d req-c561c1b6-1830-47d8-ab33-41be397bda6f 57692e10e8fd4b328a7dae3cc32e52ec ad1e096be674483688e6e805d7ad783b - - 60addf7264a345b38dfa0ab24c29b325 60addf7264a345b38dfa0ab24c29b325] Successfully bumped revision number for resource 120ad7a8-9107-401f-9952-f6188c8436e5 (type: ports) to 2
2026-05-20 04:24:59.016 9 INFO neutron.api.wsgi [req-b8e92c36-5c51-42df-9eb8-324a0d60a38d req-51063796-73e4-4fbb-a50a-4991da729b47 bac8ae69c54d429f822b05632323b125 956d1f399c164b6e9e1ccbad0f849699 - - default default] 10.0.0.159 "GET /v2.0/security-groups?id=57766d31-93c9-452a-bb59-662ebcf55d2f&fields=id&fields=name HTTP/1.1" status: 200 len: 309 time: 0.0310490
2026-05-20 04:24:59.177 10 INFO neutron.db.ovn_revision_numbers_db [req-535ce8f6-78ed-455d-9fef-5197923b760d req-c561c1b6-1830-47d8-ab33-41be397bda6f 57692e10e8fd4b328a7dae3cc32e52ec ad1e096be674483688e6e805d7ad783b - - 60addf7264a345b38dfa0ab24c29b325 60addf7264a345b38dfa0ab24c29b325] Successfully bumped revision number for resource 120ad7a8-9107-401f-9952-f6188c8436e5 (type: ports) to 4
2026-05-20 04:24:59.194 10 INFO neutron.api.wsgi [req-535ce8f6-78ed-455d-9fef-5197923b760d req-c561c1b6-1830-47d8-ab33-41be397bda6f 57692e10e8fd4b328a7dae3cc32e52ec ad1e096be674483688e6e805d7ad783b - - 60addf7264a345b38dfa0ab24c29b325 60addf7264a345b38dfa0ab24c29b325] 199.204.45.77 "PUT /v2.0/ports/120ad7a8-9107-401f-9952-f6188c8436e5 HTTP/1.1" status: 200 len: 1633 time: 0.5680947
2026-05-20 04:24:59.227 10 INFO neutron.notifiers.nova [-] Nova event matching ['req-20aa6f98-9ab5-4f77-b2ae-8fa54d938877'] response: {'name': 'network-changed', 'server_uuid': '56e541f1-a87b-4c50-a425-aef104739c4a', 'tag': '120ad7a8-9107-401f-9952-f6188c8436e5', 'status': 'completed', 'code': 200} /var/lib/openstack/lib/python3.12/site-packages/pycadf/identifier.py:71: UserWarning: Invalid uuid: neutron. To ensure interoperability, identifiers should be a valid uuid. warnings.warn(('Invalid uuid: %s. To ensure interoperability, '
2026-05-20 04:24:59.769 10 INFO neutron.api.wsgi [req-70e05d6b-94ec-4b59-bc24-e4963a82ab16 req-7822f2e8-f9ba-48b9-9bd1-67e12158ab94 57692e10e8fd4b328a7dae3cc32e52ec ad1e096be674483688e6e805d7ad783b - - 60addf7264a345b38dfa0ab24c29b325 60addf7264a345b38dfa0ab24c29b325] 199.204.45.77 "GET /v2.0/ports?tenant_id=956d1f399c164b6e9e1ccbad0f849699&device_id=56e541f1-a87b-4c50-a425-aef104739c4a HTTP/1.1" status: 200 len: 1636 time: 0.0327282
2026-05-20 04:24:59.833 10 INFO neutron.api.wsgi [req-70e05d6b-94ec-4b59-bc24-e4963a82ab16 req-23501417-02ef-4126-a448-fbe8c3c9175b 57692e10e8fd4b328a7dae3cc32e52ec ad1e096be674483688e6e805d7ad783b - - 60addf7264a345b38dfa0ab24c29b325 60addf7264a345b38dfa0ab24c29b325] 199.204.45.77 "GET /v2.0/networks?tenant_id=956d1f399c164b6e9e1ccbad0f849699&shared=False HTTP/1.1" status: 200 len: 2584 time: 0.0581779
2026-05-20 04:24:59.891 10 INFO neutron.api.wsgi [req-70e05d6b-94ec-4b59-bc24-e4963a82ab16 req-cb7317ee-98c9-4636-a2f0-23074ad34fe7 57692e10e8fd4b328a7dae3cc32e52ec ad1e096be674483688e6e805d7ad783b - - 60addf7264a345b38dfa0ab24c29b325 60addf7264a345b38dfa0ab24c29b325] 199.204.45.77 "GET /v2.0/networks?shared=True HTTP/1.1" status: 200 len: 952 time: 0.0539525
2026-05-20 04:25:00.949 10 INFO neutron.api.wsgi [req-535ce8f6-78ed-455d-9fef-5197923b760d req-7934c99c-0e92-4359-9ed7-345f68472d26 57692e10e8fd4b328a7dae3cc32e52ec ad1e096be674483688e6e805d7ad783b - - 60addf7264a345b38dfa0ab24c29b325 60addf7264a345b38dfa0ab24c29b325] 199.204.45.77 "GET /v2.0/ports?tenant_id=956d1f399c164b6e9e1ccbad0f849699&device_id=56e541f1-a87b-4c50-a425-aef104739c4a HTTP/1.1" status: 200 len: 1636 time: 0.0356450
2026-05-20 04:25:00.972 10 INFO neutron.api.wsgi [req-535ce8f6-78ed-455d-9fef-5197923b760d req-b6809070-d126-45c7-b3d3-31d7bbf42ac7 57692e10e8fd4b328a7dae3cc32e52ec ad1e096be674483688e6e805d7ad783b - - 60addf7264a345b38dfa0ab24c29b325 60addf7264a345b38dfa0ab24c29b325] 199.204.45.77 "GET /v2.0/floatingips?fixed_ip_address=10.2.2.31&port_id=120ad7a8-9107-401f-9952-f6188c8436e5 HTTP/1.1" status: 200 len: 217 time: 0.0174606
2026-05-20 04:25:00.991 10 INFO neutron.api.wsgi [req-535ce8f6-78ed-455d-9fef-5197923b760d req-dd74c8f2-afdf-4b75-ac6b-016969732a7e 57692e10e8fd4b328a7dae3cc32e52ec ad1e096be674483688e6e805d7ad783b - - 60addf7264a345b38dfa0ab24c29b325 60addf7264a345b38dfa0ab24c29b325] 199.204.45.77 "GET /v2.0/floatingips?fixed_ip_address=fd77%3A1457%3A4cf0%3A26a8%3A%3A293&port_id=120ad7a8-9107-401f-9952-f6188c8436e5 HTTP/1.1" status: 200 len: 217 time: 0.0152752
2026-05-20 04:25:01.024 10 INFO neutron.api.wsgi [req-535ce8f6-78ed-455d-9fef-5197923b760d req-d9149ae5-50df-4ad6-8557-33261f9049fa 57692e10e8fd4b328a7dae3cc32e52ec ad1e096be674483688e6e805d7ad783b - - 60addf7264a345b38dfa0ab24c29b325 60addf7264a345b38dfa0ab24c29b325] 199.204.45.77 "GET /v2.0/subnets?id=af6d18ed-8d5c-4374-9c12-c9efcf247a64&id=b8874f79-9ab4-41e4-8cff-567257dc26e7 HTTP/1.1" status: 200 len: 1615 time: 0.0288806
2026-05-20 04:25:01.049 10 INFO neutron.api.wsgi [req-535ce8f6-78ed-455d-9fef-5197923b760d req-f0e931d1-0a44-4a52-aaf1-88169db9a12d 57692e10e8fd4b328a7dae3cc32e52ec ad1e096be674483688e6e805d7ad783b - - 60addf7264a345b38dfa0ab24c29b325 60addf7264a345b38dfa0ab24c29b325] 199.204.45.77 "GET /v2.0/ports?network_id=edd4f9ea-bfcf-4e7c-8e14-7836a8da928f&device_owner=network%3Adhcp HTTP/1.1" status: 200 len: 210 time: 0.0197563
2026-05-20 04:25:01.080 10 INFO neutron.api.wsgi [req-535ce8f6-78ed-455d-9fef-5197923b760d req-d3faf6f5-477e-49c7-a0f5-a63136c1cfdb 57692e10e8fd4b328a7dae3cc32e52ec ad1e096be674483688e6e805d7ad783b - - 60addf7264a345b38dfa0ab24c29b325 60addf7264a345b38dfa0ab24c29b325] 199.204.45.77 "GET /v2.0/ports?network_id=edd4f9ea-bfcf-4e7c-8e14-7836a8da928f&device_owner=network%3Adhcp HTTP/1.1" status: 200 len: 210 time: 0.0253024
2026-05-20 04:25:01.127 10 INFO neutron.api.wsgi [req-535ce8f6-78ed-455d-9fef-5197923b760d req-08f11bf8-8018-43a5-81a2-c0dcaaefdbfb 57692e10e8fd4b328a7dae3cc32e52ec ad1e096be674483688e6e805d7ad783b - - 60addf7264a345b38dfa0ab24c29b325 60addf7264a345b38dfa0ab24c29b325] 199.204.45.77 "GET /v2.0/networks/edd4f9ea-bfcf-4e7c-8e14-7836a8da928f?fields=segments HTTP/1.1" status: 200 len: 212 time: 0.0432043
2026-05-20 04:25:01.176 10 INFO neutron.api.wsgi [req-535ce8f6-78ed-455d-9fef-5197923b760d req-385cdfcb-b32a-440b-9342-8f0763264932 57692e10e8fd4b328a7dae3cc32e52ec ad1e096be674483688e6e805d7ad783b - - 60addf7264a345b38dfa0ab24c29b325 60addf7264a345b38dfa0ab24c29b325] 199.204.45.77 "GET /v2.0/networks/edd4f9ea-bfcf-4e7c-8e14-7836a8da928f?fields=provider%3Aphysical_network&fields=provider%3Anetwork_type HTTP/1.1" status: 200 len: 277 time: 0.0438042
2026-05-20 04:25:03.342 9 INFO neutron.plugins.ml2.drivers.ovn.mech_driver.mech_driver [None req-1d28b700-fa0e-4b92-ae9c-24ece6c51630 - - - - - -] OVN reports status up for port: 120ad7a8-9107-401f-9952-f6188c8436e5
2026-05-20 04:25:03.354 9 INFO neutron.plugins.ml2.plugin [None req-1d28b700-fa0e-4b92-ae9c-24ece6c51630 - - - - - -] Attempt 1 to provision port 120ad7a8-9107-401f-9952-f6188c8436e5
2026-05-20 04:25:03.456 9 INFO neutron.notifiers.nova [-] Nova event matching ['req-4ad5764c-e330-4dfc-a930-2ded3addb1ce'] response: {'server_uuid': '56e541f1-a87b-4c50-a425-aef104739c4a', 'name': 'network-vif-plugged', 'status': 'completed', 'tag': '120ad7a8-9107-401f-9952-f6188c8436e5', 'code': 200}
2026-05-20 04:25:03.568 9 INFO neutron.db.ovn_revision_numbers_db [None req-1d28b700-fa0e-4b92-ae9c-24ece6c51630 - - - - - -] Successfully bumped revision number for resource 120ad7a8-9107-401f-9952-f6188c8436e5 (type: ports) to 5
2026-05-20 04:25:04.193 10 INFO neutron.api.wsgi [req-8851b438-c852-4ca3-8b04-dca6f33b94c4 req-49664e67-62ac-409b-bed4-aed3cb72390d bac8ae69c54d429f822b05632323b125 956d1f399c164b6e9e1ccbad0f849699 - - default default] 10.0.0.159 "GET /v2.0/ports?device_id=56e541f1-a87b-4c50-a425-aef104739c4a HTTP/1.1" status: 200 len: 1400 time: 0.1076624
2026-05-20 04:25:04.235 10 INFO neutron.api.wsgi [req-8851b438-c852-4ca3-8b04-dca6f33b94c4 req-1807368c-a1f5-45cb-b7cc-49721a26ea31 bac8ae69c54d429f822b05632323b125 956d1f399c164b6e9e1ccbad0f849699 - - default default] 10.0.0.159 "GET /v2.0/security-groups?id=57766d31-93c9-452a-bb59-662ebcf55d2f&fields=id&fields=name HTTP/1.1" status: 200 len: 309 time: 0.0367761
2026-05-20 04:25:05.493 9 INFO neutron.notifiers.nova [-] Nova event matching ['req-04eabdcf-4936-4d70-a849-d2578610b16b'] response: {'server_uuid': '56e541f1-a87b-4c50-a425-aef104739c4a', 'name': 'network-vif-plugged', 'status': 'completed', 'tag': '120ad7a8-9107-401f-9952-f6188c8436e5', 'code': 200}
2026-05-20 04:25:08.557 10 INFO neutron.api.wsgi [-] 10.0.0.119 "GET / HTTP/1.1" status: 200 len: 247 time: 0.0022633
2026-05-20 04:25:08.559 10 INFO neutron.api.wsgi [-] 10.0.0.119 "GET / HTTP/1.1" status: 200 len: 247 time: 0.0012963 /var/lib/openstack/lib/python3.12/site-packages/pycadf/identifier.py:71: UserWarning: Invalid uuid: neutron. To ensure interoperability, identifiers should be a valid uuid. warnings.warn(('Invalid uuid: %s. To ensure interoperability, '
2026-05-20 04:25:09.592 9 INFO neutron.api.wsgi [req-26ff6bde-bffe-4ab8-8c91-08ae5c17ca97 req-8ee545d2-835d-4d8b-b3ed-592796b2b37e bac8ae69c54d429f822b05632323b125 956d1f399c164b6e9e1ccbad0f849699 - - default default] 10.0.0.159 "GET /v2.0/ports?device_id=56e541f1-a87b-4c50-a425-aef104739c4a HTTP/1.1" status: 200 len: 1400 time: 0.2903645
2026-05-20 04:25:09.635 9 INFO neutron.api.wsgi [req-26ff6bde-bffe-4ab8-8c91-08ae5c17ca97 req-ec8837d8-0432-4383-93f6-1adbd1ab9513 bac8ae69c54d429f822b05632323b125 956d1f399c164b6e9e1ccbad0f849699 - - default default] 10.0.0.159 "GET /v2.0/security-groups?id=57766d31-93c9-452a-bb59-662ebcf55d2f&fields=id&fields=name HTTP/1.1" status: 200 len: 309 time: 0.0371194
2026-05-20 04:25:09.694 9 INFO neutron.api.wsgi [None req-4f027437-1f44-4925-b2a6-0a8ab85b9dc7 bac8ae69c54d429f822b05632323b125 956d1f399c164b6e9e1ccbad0f849699 - - default default] 10.0.0.8 "GET /v2.0/ports?network_id=edd4f9ea-bfcf-4e7c-8e14-7836a8da928f&mac_address=fa%3A16%3A3e%3A1e%3A99%3A9a HTTP/1.1" status: 200 len: 1395 time: 0.0322351
2026-05-20 04:25:09.705 9 WARNING neutron_lib.context [None req-ac20f450-3ff3-4f06-be32-3bfbbebbdff4 bac8ae69c54d429f822b05632323b125 956d1f399c164b6e9e1ccbad0f849699 - - default default] Method 'is_advsvc' is deprecated since 2023.2 release (neutron-lib 3.8.0) and will be removed once support for the old RBAC API policies will be removed from Neutron. Please use method 'is_service_role' instead.
2026-05-20 04:25:09.890 9 WARNING neutron.scheduler.dhcp_agent_scheduler [None req-ac20f450-3ff3-4f06-be32-3bfbbebbdff4 bac8ae69c54d429f822b05632323b125 956d1f399c164b6e9e1ccbad0f849699 - - default default] No more DHCP agents
2026-05-20 04:25:09.891 9 WARNING neutron.api.rpc.agentnotifiers.dhcp_rpc_agent_api [None req-ac20f450-3ff3-4f06-be32-3bfbbebbdff4 bac8ae69c54d429f822b05632323b125 956d1f399c164b6e9e1ccbad0f849699 - - default default] Unable to schedule network b4089aac-2d02-4206-94da-046c5aa2ba30: no agents available; will retry on subsequent port and subnet creation events.
2026-05-20 04:25:10.452 9 INFO neutron.db.ovn_revision_numbers_db [None req-ac20f450-3ff3-4f06-be32-3bfbbebbdff4 bac8ae69c54d429f822b05632323b125 956d1f399c164b6e9e1ccbad0f849699 - - default default] Successfully bumped revision number for resource 95488085-f519-4333-a150-b62695fd97a3 (type: floatingips) to -1 /var/lib/openstack/lib/python3.12/site-packages/pycadf/identifier.py:71: UserWarning: Invalid uuid: neutron. To ensure interoperability, identifiers should be a valid uuid. warnings.warn(('Invalid uuid: %s. To ensure interoperability, '
2026-05-20 04:25:10.540 9 INFO neutron.db.ovn_revision_numbers_db [None req-ac20f450-3ff3-4f06-be32-3bfbbebbdff4 bac8ae69c54d429f822b05632323b125 956d1f399c164b6e9e1ccbad0f849699 - - default default] Successfully bumped revision number for resource 95488085-f519-4333-a150-b62695fd97a3 (type: floatingips) to 1
2026-05-20 04:25:10.541 9 INFO neutron.db.l3_db [None req-ac20f450-3ff3-4f06-be32-3bfbbebbdff4 bac8ae69c54d429f822b05632323b125 956d1f399c164b6e9e1ccbad0f849699 - - default default] Floating IP 95488085-f519-4333-a150-b62695fd97a3 associated. External IP: 10.96.250.203, port: 120ad7a8-9107-401f-9952-f6188c8436e5.
2026-05-20 04:25:10.564 10 INFO neutron.api.wsgi [req-804c933d-3c11-4236-80b6-20bac0eee158 req-dd6b04b2-8add-4129-9959-c0a71df3f8c6 57692e10e8fd4b328a7dae3cc32e52ec ad1e096be674483688e6e805d7ad783b - - 60addf7264a345b38dfa0ab24c29b325 60addf7264a345b38dfa0ab24c29b325] 199.204.45.77 "GET /v2.0/ports?device_id=a1ab619c-e917-478f-9bf7-9238bae15d32&fields=binding%3Ahost_id&fields=binding%3Avif_type HTTP/1.1" status: 200 len: 265 time: 0.0514097
2026-05-20 04:25:10.580 9 INFO neutron.api.wsgi [None req-ac20f450-3ff3-4f06-be32-3bfbbebbdff4 bac8ae69c54d429f822b05632323b125 956d1f399c164b6e9e1ccbad0f849699 - - default default] 10.0.0.8 "POST /v2.0/floatingips HTTP/1.1" status: 201 len: 1053 time: 0.8794832
2026-05-20 04:25:10.614 9 INFO neutron.notifiers.nova [-] Nova event matching ['req-4ccf7555-f5ea-4aed-81e6-ad261a679e28'] response: {'name': 'network-changed', 'server_uuid': '56e541f1-a87b-4c50-a425-aef104739c4a', 'tag': '120ad7a8-9107-401f-9952-f6188c8436e5', 'status': 'completed', 'code': 200}
2026-05-20 04:25:11.160 10 INFO neutron.api.wsgi [req-d0b261a6-225a-41f8-bc54-98d3e3416a62 req-89fc25e0-5f0b-4116-8f48-93b69a56e554 57692e10e8fd4b328a7dae3cc32e52ec ad1e096be674483688e6e805d7ad783b - - 60addf7264a345b38dfa0ab24c29b325 60addf7264a345b38dfa0ab24c29b325] 199.204.45.77 "GET /v2.0/ports?tenant_id=956d1f399c164b6e9e1ccbad0f849699&device_id=56e541f1-a87b-4c50-a425-aef104739c4a HTTP/1.1" status: 200 len: 1638 time: 0.0332909
2026-05-20 04:25:11.205 10 INFO neutron.api.wsgi [req-d0b261a6-225a-41f8-bc54-98d3e3416a62 req-f0a04284-8282-4e08-87b0-5b0478bd05bc 57692e10e8fd4b328a7dae3cc32e52ec ad1e096be674483688e6e805d7ad783b - - 60addf7264a345b38dfa0ab24c29b325 60addf7264a345b38dfa0ab24c29b325] 199.204.45.77 "GET /v2.0/networks?id=edd4f9ea-bfcf-4e7c-8e14-7836a8da928f HTTP/1.1" status: 200 len: 1003 time: 0.0383034
