2026-05-20 04:22:21.283 10 WARNING neutron_lib.context [None req-a8641dd2-4af7-4b66-beef-8fa388d7714e 5ca848e39011463299fd868dcc35add1 e2b45a4370c14b2fa3751e831f01f566 - - default default] Method 'is_advsvc' is deprecated since 2023.2 release (neutron-lib 3.8.0) and will be removed once support for the old RBAC API policies will be removed from Neutron. Please use method 'is_service_role' instead.
2026-05-20 04:22:21.493 10 WARNING neutron.scheduler.dhcp_agent_scheduler [None req-a8641dd2-4af7-4b66-beef-8fa388d7714e 5ca848e39011463299fd868dcc35add1 e2b45a4370c14b2fa3751e831f01f566 - - default default] No more DHCP agents
2026-05-20 04:22:21.494 10 WARNING neutron.api.rpc.agentnotifiers.dhcp_rpc_agent_api [None req-a8641dd2-4af7-4b66-beef-8fa388d7714e 5ca848e39011463299fd868dcc35add1 e2b45a4370c14b2fa3751e831f01f566 - - default default] Unable to schedule network 0e36107f-7699-4548-a105-f2c80e23fd2d: no agents available; will retry on subsequent port and subnet creation events.
2026-05-20 04:22:21.560 10 INFO neutron.db.ovn_revision_numbers_db [None req-a8641dd2-4af7-4b66-beef-8fa388d7714e 5ca848e39011463299fd868dcc35add1 e2b45a4370c14b2fa3751e831f01f566 - - default default] Successfully bumped revision number for resource 0a60f782-e043-4a88-8e8f-d9c5c7cdc418 (type: ports) to 1
2026-05-20 04:22:21.580 10 INFO neutron.api.wsgi [None req-a8641dd2-4af7-4b66-beef-8fa388d7714e 5ca848e39011463299fd868dcc35add1 e2b45a4370c14b2fa3751e831f01f566 - - default default] 10.0.0.8 "POST /v2.0/ports HTTP/1.1" status: 201 len: 942 time: 0.3002517 /var/lib/openstack/lib/python3.12/site-packages/pycadf/identifier.py:71: UserWarning: Invalid uuid: neutron. To ensure interoperability, identifiers should be a valid uuid. warnings.warn(('Invalid uuid: %s. To ensure interoperability, '
2026-05-20 04:22:21.588 10 WARNING neutron_lib.context [None req-a0f8e6a8-73e6-424c-889a-de6892146d83 5ca848e39011463299fd868dcc35add1 e2b45a4370c14b2fa3751e831f01f566 - - default default] Method 'is_advsvc' is deprecated since 2023.2 release (neutron-lib 3.8.0) and will be removed once support for the old RBAC API policies will be removed from Neutron. Please use method 'is_service_role' instead.
2026-05-20 04:22:21.675 9 INFO neutron.db.ovn_revision_numbers_db [None req-bd0e8b24-0aee-426a-b411-811a04430951 c29ae2dab5604b8097d9c8a056fde3ac c1b1f4469e1e471ca25672d98e346a7d - - default default] Successfully bumped revision number for resource 16ba30bb-f63c-4735-8f4c-24635cdf88e0 (type: floatingips) to -1 /var/lib/openstack/lib/python3.12/site-packages/pycadf/identifier.py:71: UserWarning: Invalid uuid: neutron. To ensure interoperability, identifiers should be a valid uuid. warnings.warn(('Invalid uuid: %s. To ensure interoperability, '
2026-05-20 04:22:21.737 10 INFO neutron.api.wsgi [None req-a0f8e6a8-73e6-424c-889a-de6892146d83 5ca848e39011463299fd868dcc35add1 e2b45a4370c14b2fa3751e831f01f566 - - default default] 10.0.0.8 "POST /v2.0/trunks HTTP/1.1" status: 201 len: 608 time: 0.1528120
2026-05-20 04:22:21.765 10 INFO neutron.api.wsgi [None req-8515b472-8cc3-48e7-b55c-d58879b4e44a 5ca848e39011463299fd868dcc35add1 e2b45a4370c14b2fa3751e831f01f566 - - default default] 10.0.0.8 "PUT /v2.0/trunks/9eb3d716-da63-45c7-8aca-278347e44fb8/tags HTTP/1.1" status: 200 len: 210 time: 0.0237114
2026-05-20 04:22:21.791 10 INFO neutron.api.wsgi [None req-8714a0d4-1339-4c97-a741-b9ef7e8eda4a 5ca848e39011463299fd868dcc35add1 e2b45a4370c14b2fa3751e831f01f566 - - default default] 10.0.0.8 "PUT /v2.0/trunks/09116211-7cf5-48ce-a93e-a09f623f57c9/tags HTTP/1.1" status: 200 len: 218 time: 0.0233285
2026-05-20 04:22:21.792 9 INFO neutron.db.ovn_revision_numbers_db [None req-87fefd42-3bf5-4901-b5d6-dc4456bba006 863eb99aa6a94720be3fce0498d25c92 372b4dd9000f4fe0aa368e2fbc339545 - - default default] Successfully bumped revision number for resource ddfb8b68-2a7f-415b-8bda-c3f61f423837 (type: security_groups) to 1
2026-05-20 04:22:21.801 9 INFO neutron.db.ovn_revision_numbers_db [None req-bd0e8b24-0aee-426a-b411-811a04430951 c29ae2dab5604b8097d9c8a056fde3ac c1b1f4469e1e471ca25672d98e346a7d - - default default] Successfully bumped revision number for resource 16ba30bb-f63c-4735-8f4c-24635cdf88e0 (type: floatingips) to 1
2026-05-20 04:22:21.802 9 INFO neutron.db.l3_db [None req-bd0e8b24-0aee-426a-b411-811a04430951 c29ae2dab5604b8097d9c8a056fde3ac c1b1f4469e1e471ca25672d98e346a7d - - default default] Floating IP 16ba30bb-f63c-4735-8f4c-24635cdf88e0 associated. External IP: 10.96.250.220, port: 1030c2d7-0c3d-4619-8c67-8b545f528555.
2026-05-20 04:22:21.812 9 INFO neutron.db.ovn_revision_numbers_db [None req-87fefd42-3bf5-4901-b5d6-dc4456bba006 863eb99aa6a94720be3fce0498d25c92 372b4dd9000f4fe0aa368e2fbc339545 - - default default] Successfully bumped revision number for resource 28064679-cc56-4d80-8749-1d3ab5d42429 (type: security_group_rules) to 0
2026-05-20 04:22:21.830 9 INFO neutron.db.ovn_revision_numbers_db [None req-87fefd42-3bf5-4901-b5d6-dc4456bba006 863eb99aa6a94720be3fce0498d25c92 372b4dd9000f4fe0aa368e2fbc339545 - - default default] Successfully bumped revision number for resource 346bdcb2-02d3-4892-9f32-d84d4098be94 (type: security_group_rules) to 0
2026-05-20 04:22:21.834 10 INFO neutron.api.wsgi [req-817b3121-d1ed-46e3-bed6-9223dea5a8ea req-b16348ed-a383-4529-945a-90b70e1a6df9 2e81b429d7e749ae9f72d2179a9b1654 c4f2e03fe3ec4896a713e15d4a4bf85b - - default default] 10.0.0.159 "GET /v2.0/ports?device_id=d8aff1c1-dfa9-4842-b08c-044ff4a18f8a HTTP/1.1" status: 200 len: 210 time: 0.0173416
2026-05-20 04:22:21.847 9 INFO neutron.api.wsgi [None req-80c6da0c-92d6-4c52-919a-8a6d489ca0f6 5ca848e39011463299fd868dcc35add1 e2b45a4370c14b2fa3751e831f01f566 - - default default] 10.0.0.8 "PUT /v2.0/trunks/8bf6982c-2cdc-45de-b9ac-8c871cca3350/tags HTTP/1.1" status: 200 len: 227 time: 0.0530894
2026-05-20 04:22:21.848 9 INFO neutron.api.wsgi [None req-bd0e8b24-0aee-426a-b411-811a04430951 c29ae2dab5604b8097d9c8a056fde3ac c1b1f4469e1e471ca25672d98e346a7d - - default default] 10.0.0.8 "POST /v2.0/floatingips HTTP/1.1" status: 201 len: 1055 time: 0.9886072
2026-05-20 04:22:21.856 9 INFO neutron.db.ovn_revision_numbers_db [None req-87fefd42-3bf5-4901-b5d6-dc4456bba006 863eb99aa6a94720be3fce0498d25c92 372b4dd9000f4fe0aa368e2fbc339545 - - default default] Successfully bumped revision number for resource b16d23b0-d73e-4794-b5e8-0b289c8eab4f (type: security_group_rules) to 0
2026-05-20 04:22:21.873 10 INFO neutron.api.wsgi [None req-6f686be6-cbc2-4d58-8798-1aa5b72451fd 5ca848e39011463299fd868dcc35add1 e2b45a4370c14b2fa3751e831f01f566 - - default default] 10.0.0.8 "PUT /v2.0/trunks/5a766182-23d7-4dad-a4a4-bbe369352697/tags HTTP/1.1" status: 200 len: 212 time: 0.0226996
2026-05-20 04:22:21.876 9 INFO neutron.notifiers.nova [-] Nova event matching ['req-1d03708a-bf16-455a-8874-20f3ea37ea0b'] response: {'name': 'network-changed', 'server_uuid': '40994427-7f9f-4f51-961a-25d9b25524bd', 'tag': '1030c2d7-0c3d-4619-8c67-8b545f528555', 'status': 'completed', 'code': 200}
2026-05-20 04:22:21.885 9 INFO neutron.db.ovn_revision_numbers_db [None req-87fefd42-3bf5-4901-b5d6-dc4456bba006 863eb99aa6a94720be3fce0498d25c92 372b4dd9000f4fe0aa368e2fbc339545 - - default default] Successfully bumped revision number for resource e48e8b0f-294c-40a0-a5ff-88b4c6fac2f6 (type: security_group_rules) to 0
2026-05-20 04:22:21.892 9 INFO neutron.api.wsgi [None req-f974ca40-2ba3-45e7-bef3-378d2e52c25e c29ae2dab5604b8097d9c8a056fde3ac c1b1f4469e1e471ca25672d98e346a7d - - default default] 10.0.0.8 "GET /v2.0/floatingips/16ba30bb-f63c-4735-8f4c-24635cdf88e0 HTTP/1.1" status: 200 len: 1052 time: 0.0390339
2026-05-20 04:22:21.898 9 INFO neutron.api.wsgi [None req-ab1279e4-c2cc-4ef2-8446-76a9b55b0f20 5ca848e39011463299fd868dcc35add1 e2b45a4370c14b2fa3751e831f01f566 - - default default] 10.0.0.8 "GET /v2.0/trunks?tags=red HTTP/1.1" status: 200 len: 1447 time: 0.0194006
2026-05-20 04:22:21.918 9 INFO neutron.api.wsgi [None req-a95c2b42-e8ac-4c8b-911c-434e63d2bf29 5ca848e39011463299fd868dcc35add1 e2b45a4370c14b2fa3751e831f01f566 - - default default] 10.0.0.8 "GET /v2.0/trunks?tags=red%2Cblue HTTP/1.1" status: 200 len: 1041 time: 0.0164940
2026-05-20 04:22:21.927 9 INFO neutron.api.wsgi [None req-87fefd42-3bf5-4901-b5d6-dc4456bba006 863eb99aa6a94720be3fce0498d25c92 372b4dd9000f4fe0aa368e2fbc339545 - - default default] 10.0.0.8 "GET /v2.0/security-groups?tenant_id=ffda518e2d754e12a4e97bfb8b500b5e&name=default HTTP/1.1" status: 200 len: 3120 time: 0.3407140
2026-05-20 04:22:21.935 9 INFO neutron.api.wsgi [None req-82b4a8c7-5ff7-4210-98ad-dc104f8c0c2a 5ca848e39011463299fd868dcc35add1 e2b45a4370c14b2fa3751e831f01f566 - - default default] 10.0.0.8 "GET /v2.0/trunks?tags-any=blue HTTP/1.1" status: 200 len: 1041 time: 0.0138476
2026-05-20 04:22:21.952 9 INFO neutron.api.wsgi [None req-823e7e82-9637-49f6-89a1-c7df6574e9dd 5ca848e39011463299fd868dcc35add1 e2b45a4370c14b2fa3751e831f01f566 - - default default] 10.0.0.8 "GET /v2.0/trunks?tags-any=red%2Cblue HTTP/1.1" status: 200 len: 1447 time: 0.0151396
2026-05-20 04:22:21.968 9 INFO neutron.api.wsgi [None req-c50ef0e8-3598-40a2-bcd3-be48a82775ae 5ca848e39011463299fd868dcc35add1 e2b45a4370c14b2fa3751e831f01f566 - - default default] 10.0.0.8 "GET /v2.0/trunks?not-tags=red HTTP/1.1" status: 200 len: 1013 time: 0.0130508
2026-05-20 04:22:21.986 9 INFO neutron.api.wsgi [None req-3408efc9-5d98-4c10-bcb8-34dc0e58b2c2 5ca848e39011463299fd868dcc35add1 e2b45a4370c14b2fa3751e831f01f566 - - default default] 10.0.0.8 "GET /v2.0/trunks?not-tags=red%2Cblue HTTP/1.1" status: 200 len: 1419 time: 0.0162179
2026-05-20 04:22:22.001 9 INFO neutron.api.wsgi [None req-179bc10b-c4a6-49e8-b5c6-d14bd132f766 5ca848e39011463299fd868dcc35add1 e2b45a4370c14b2fa3751e831f01f566 - - default default] 10.0.0.8 "GET /v2.0/trunks?not-tags-any=blue HTTP/1.1" status: 200 len: 1419 time: 0.0126395
2026-05-20 04:22:22.017 9 INFO neutron.api.wsgi [None req-7560d4fa-dc44-461b-8062-b4eaa1690323 5ca848e39011463299fd868dcc35add1 e2b45a4370c14b2fa3751e831f01f566 - - default default] 10.0.0.8 "GET /v2.0/trunks?not-tags-any=red%2Cblue HTTP/1.1" status: 200 len: 1013 time: 0.0132432
2026-05-20 04:22:22.049 10 INFO neutron.api.wsgi [None req-069b87b4-7242-4e48-939a-ef2e37c1e583 5ca848e39011463299fd868dcc35add1 e2b45a4370c14b2fa3751e831f01f566 - - default default] 10.0.0.8 "GET /v2.0/trunks/9eb3d716-da63-45c7-8aca-278347e44fb8 HTTP/1.1" status: 200 len: 608 time: 0.0168796
2026-05-20 04:22:22.129 9 INFO neutron.api.wsgi [None req-93843b59-7f28-4d48-9b5a-93b55e1c9e57 5ca848e39011463299fd868dcc35add1 e2b45a4370c14b2fa3751e831f01f566 - - default default] 10.0.0.8 "GET /v2.0/ports/3e4d27f8-4b30-4d32-a273-7d345701829e HTTP/1.1" status: 200 len: 1020 time: 0.0765502
2026-05-20 04:22:22.149 10 INFO neutron.api.wsgi [None req-8af665af-0201-4183-90c8-7d6ce34c67bb 863eb99aa6a94720be3fce0498d25c92 372b4dd9000f4fe0aa368e2fbc339545 - - default default] 10.0.0.8 "DELETE /v2.0/security-groups/ddfb8b68-2a7f-415b-8bda-c3f61f423837 HTTP/1.1" status: 204 len: 168 time: 0.2177780
2026-05-20 04:22:22.215 10 INFO neutron.api.wsgi [None req-cfe941cf-6835-4356-be3d-5f64c678dcb8 5ca848e39011463299fd868dcc35add1 e2b45a4370c14b2fa3751e831f01f566 - - default default] 10.0.0.8 "DELETE /v2.0/trunks/9eb3d716-da63-45c7-8aca-278347e44fb8 HTTP/1.1" status: 204 len: 168 time: 0.0831890
2026-05-20 04:22:22.234 10 INFO neutron.api.wsgi [None req-bf263a87-bb8f-4647-a623-301f09910f43 5ca848e39011463299fd868dcc35add1 e2b45a4370c14b2fa3751e831f01f566 - - default default] 10.0.0.8 "GET /v2.0/trunks/09116211-7cf5-48ce-a93e-a09f623f57c9 HTTP/1.1" status: 200 len: 616 time: 0.0132773
2026-05-20 04:22:22.290 9 INFO neutron.api.wsgi [None req-40d6e5d2-619f-4bf4-8789-33ed18828c57 5ca848e39011463299fd868dcc35add1 e2b45a4370c14b2fa3751e831f01f566 - - default default] 10.0.0.8 "GET /v2.0/ports/6095a923-2eb3-446f-ba0d-9e03bfae1564 HTTP/1.1" status: 200 len: 1020 time: 0.0505478
2026-05-20 04:22:22.343 9 INFO neutron.api.wsgi [None req-82e4c6fd-7d61-4655-9c68-434d45504e2f 5ca848e39011463299fd868dcc35add1 e2b45a4370c14b2fa3751e831f01f566 - - default default] 10.0.0.8 "DELETE /v2.0/trunks/09116211-7cf5-48ce-a93e-a09f623f57c9 HTTP/1.1" status: 204 len: 168 time: 0.0499454
2026-05-20 04:22:22.357 9 INFO neutron.api.wsgi [None req-aa35ce3e-2293-49d2-b31e-b2602091b5f6 5ca848e39011463299fd868dcc35add1 e2b45a4370c14b2fa3751e831f01f566 - - default default] 10.0.0.8 "GET /v2.0/trunks/8bf6982c-2cdc-45de-b9ac-8c871cca3350 HTTP/1.1" status: 200 len: 625 time: 0.0095894
2026-05-20 04:22:22.404 9 INFO neutron.api.wsgi [None req-0ad71915-7f94-4462-a36d-a9aa3f10cc7d 5ca848e39011463299fd868dcc35add1 e2b45a4370c14b2fa3751e831f01f566 - - default default] 10.0.0.8 "GET /v2.0/ports/258491a7-c9c1-4b12-99c7-be659d31b6b7 HTTP/1.1" status: 200 len: 1020 time: 0.0435061
2026-05-20 04:22:22.435 10 INFO neutron.api.wsgi [req-51ed7245-f3ae-4227-8148-4347f2fa58f4 req-bba4c397-f38c-4801-ab21-871d0fdadabf 57692e10e8fd4b328a7dae3cc32e52ec ad1e096be674483688e6e805d7ad783b - - 60addf7264a345b38dfa0ab24c29b325 60addf7264a345b38dfa0ab24c29b325] 199.204.45.77 "GET /v2.0/ports?tenant_id=c1b1f4469e1e471ca25672d98e346a7d&device_id=40994427-7f9f-4f51-961a-25d9b25524bd HTTP/1.1" status: 200 len: 1413 time: 0.0483310
2026-05-20 04:22:22.468 9 INFO neutron.api.wsgi [None req-3eae4b73-f1d6-447c-ab49-efe4328b2abc 5ca848e39011463299fd868dcc35add1 e2b45a4370c14b2fa3751e831f01f566 - - default default] 10.0.0.8 "DELETE /v2.0/trunks/8bf6982c-2cdc-45de-b9ac-8c871cca3350 HTTP/1.1" status: 204 len: 168 time: 0.0541468
2026-05-20 04:22:22.475 10 INFO neutron.api.wsgi [req-51ed7245-f3ae-4227-8148-4347f2fa58f4 req-dd179309-2eb8-4862-a882-2dd6835f4508 57692e10e8fd4b328a7dae3cc32e52ec ad1e096be674483688e6e805d7ad783b - - 60addf7264a345b38dfa0ab24c29b325 60addf7264a345b38dfa0ab24c29b325] 199.204.45.77 "GET /v2.0/networks?id=f2800a67-bf2e-4ca6-931b-c771a4244880 HTTP/1.1" status: 200 len: 957 time: 0.0342934
2026-05-20 04:22:22.482 9 INFO neutron.api.wsgi [None req-35cd6833-1a25-4d5f-9e1d-b8469f2c89ca 5ca848e39011463299fd868dcc35add1 e2b45a4370c14b2fa3751e831f01f566 - - default default] 10.0.0.8 "GET /v2.0/trunks/5a766182-23d7-4dad-a4a4-bbe369352697 HTTP/1.1" status: 200 len: 610 time: 0.0094867
2026-05-20 04:22:22.509 10 INFO neutron.api.wsgi [req-51ed7245-f3ae-4227-8148-4347f2fa58f4 req-987cdc18-ddc4-412c-9c1a-91b0181ff9f6 57692e10e8fd4b328a7dae3cc32e52ec ad1e096be674483688e6e805d7ad783b - - 60addf7264a345b38dfa0ab24c29b325 60addf7264a345b38dfa0ab24c29b325] 199.204.45.77 "GET /v2.0/floatingips?fixed_ip_address=10.100.0.14&port_id=1030c2d7-0c3d-4619-8c67-8b545f528555 HTTP/1.1" status: 200 len: 1060 time: 0.0278051
2026-05-20 04:22:22.530 9 INFO neutron.api.wsgi [None req-e4df8190-c5a9-4c37-b200-712cf254dc2d 5ca848e39011463299fd868dcc35add1 e2b45a4370c14b2fa3751e831f01f566 - - default default] 10.0.0.8 "GET /v2.0/ports/636d8166-5e39-4f8e-a093-82b8056934da HTTP/1.1" status: 200 len: 1020 time: 0.0449734
2026-05-20 04:22:22.532 10 INFO neutron.api.wsgi [req-51ed7245-f3ae-4227-8148-4347f2fa58f4 req-c371ba67-0324-47ea-8af2-ae441dcb974c 57692e10e8fd4b328a7dae3cc32e52ec ad1e096be674483688e6e805d7ad783b - - 60addf7264a345b38dfa0ab24c29b325 60addf7264a345b38dfa0ab24c29b325] 199.204.45.77 "GET /v2.0/subnets?id=c8656bd7-cf01-493e-b37a-01445b000438 HTTP/1.1" status: 200 len: 876 time: 0.0185225
2026-05-20 04:22:22.549 10 INFO neutron.api.wsgi [req-51ed7245-f3ae-4227-8148-4347f2fa58f4 req-d4fbdc56-203d-4ee8-943f-c6276dca6b34 57692e10e8fd4b328a7dae3cc32e52ec ad1e096be674483688e6e805d7ad783b - - 60addf7264a345b38dfa0ab24c29b325 60addf7264a345b38dfa0ab24c29b325] 199.204.45.77 "GET /v2.0/ports?network_id=f2800a67-bf2e-4ca6-931b-c771a4244880&device_owner=network%3Adhcp HTTP/1.1" status: 200 len: 210 time: 0.0104170
2026-05-20 04:22:22.582 9 INFO neutron.api.wsgi [None req-dba5e4da-a924-400c-ae27-4696f1263a0a 5ca848e39011463299fd868dcc35add1 e2b45a4370c14b2fa3751e831f01f566 - - default default] 10.0.0.8 "DELETE /v2.0/trunks/5a766182-23d7-4dad-a4a4-bbe369352697 HTTP/1.1" status: 204 len: 168 time: 0.0477898
2026-05-20 04:22:22.587 10 INFO neutron.api.wsgi [req-51ed7245-f3ae-4227-8148-4347f2fa58f4 req-14aadf6c-e7ca-4d19-bb79-64a3b2b0b9f6 57692e10e8fd4b328a7dae3cc32e52ec ad1e096be674483688e6e805d7ad783b - - 60addf7264a345b38dfa0ab24c29b325 60addf7264a345b38dfa0ab24c29b325] 199.204.45.77 "GET /v2.0/networks/f2800a67-bf2e-4ca6-931b-c771a4244880?fields=segments HTTP/1.1" status: 200 len: 212 time: 0.0330026
2026-05-20 04:22:22.596 9 INFO neutron.api.wsgi [None req-432172c7-0984-4ef4-899d-813fecc29483 5ca848e39011463299fd868dcc35add1 e2b45a4370c14b2fa3751e831f01f566 - - default default] 10.0.0.8 "GET /v2.0/trunks/c0f42dfe-4228-404d-a74b-fcc497cafb2e HTTP/1.1" status: 200 len: 603 time: 0.0089653
2026-05-20 04:22:22.628 10 INFO neutron.api.wsgi [req-51ed7245-f3ae-4227-8148-4347f2fa58f4 req-482b522e-d8ec-43b6-951d-42e657d5bddd 57692e10e8fd4b328a7dae3cc32e52ec ad1e096be674483688e6e805d7ad783b - - 60addf7264a345b38dfa0ab24c29b325 60addf7264a345b38dfa0ab24c29b325] 199.204.45.77 "GET /v2.0/networks/f2800a67-bf2e-4ca6-931b-c771a4244880?fields=provider%3Aphysical_network&fields=provider%3Anetwork_type HTTP/1.1" status: 200 len: 277 time: 0.0352614
2026-05-20 04:22:22.648 9 INFO neutron.api.wsgi [None req-320b5f23-b130-479a-b4cf-698dbdc296db 5ca848e39011463299fd868dcc35add1 e2b45a4370c14b2fa3751e831f01f566 - - default default] 10.0.0.8 "GET /v2.0/ports/0a60f782-e043-4a88-8e8f-d9c5c7cdc418 HTTP/1.1" status: 200 len: 1020 time: 0.0495086
2026-05-20 04:22:22.692 9 INFO neutron.api.wsgi [None req-80057a56-d6b1-4cd7-b8b9-71d196fd0e4a 5ca848e39011463299fd868dcc35add1 e2b45a4370c14b2fa3751e831f01f566 - - default default] 10.0.0.8 "DELETE /v2.0/trunks/c0f42dfe-4228-404d-a74b-fcc497cafb2e HTTP/1.1" status: 204 len: 168 time: 0.0405600
2026-05-20 04:22:22.845 9 INFO neutron.api.wsgi [None req-254e8124-e958-45ba-9635-c794d80e2e5b 5ca848e39011463299fd868dcc35add1 e2b45a4370c14b2fa3751e831f01f566 - - default default] 10.0.0.8 "DELETE /v2.0/ports/3e4d27f8-4b30-4d32-a273-7d345701829e HTTP/1.1" status: 204 len: 168 time: 0.1489749
2026-05-20 04:22:22.904 10 INFO neutron.api.wsgi [req-e70af577-7eed-4154-bb0c-f7b8f845daa4 req-b16a31c3-e6c7-4bd5-8f1f-c5e91543d75f 2e81b429d7e749ae9f72d2179a9b1654 c4f2e03fe3ec4896a713e15d4a4bf85b - - default default] 10.0.0.159 "GET /v2.0/ports?device_id=d8aff1c1-dfa9-4842-b08c-044ff4a18f8a HTTP/1.1" status: 200 len: 210 time: 0.0158856
2026-05-20 04:22:22.927 10 INFO neutron.api.wsgi [req-f39c2e42-5ad4-434d-a5a8-cf67d34d382c req-9f21e659-758a-44db-8932-64b5255ab847 2e81b429d7e749ae9f72d2179a9b1654 c4f2e03fe3ec4896a713e15d4a4bf85b - - default default] 199.204.45.77 "GET /v2.0/networks?id=fdb8428b-4e44-40ad-b7a8-9d4382d9a080 HTTP/1.1" status: 200 len: 877 time: 0.0325031
2026-05-20 04:22:22.934 10 WARNING neutron_lib.context [req-f39c2e42-5ad4-434d-a5a8-cf67d34d382c req-1072ca86-fa2c-46ed-b831-7fea429c3549 2e81b429d7e749ae9f72d2179a9b1654 c4f2e03fe3ec4896a713e15d4a4bf85b - - default default] Method 'is_advsvc' is deprecated since 2023.2 release (neutron-lib 3.8.0) and will be removed once support for the old RBAC API policies will be removed from Neutron. Please use method 'is_service_role' instead.
2026-05-20 04:22:22.996 9 INFO neutron.api.wsgi [None req-429c2c7d-7c32-4163-bf1d-628a196218e8 5ca848e39011463299fd868dcc35add1 e2b45a4370c14b2fa3751e831f01f566 - - default default] 10.0.0.8 "DELETE /v2.0/ports/6095a923-2eb3-446f-ba0d-9e03bfae1564 HTTP/1.1" status: 204 len: 168 time: 0.1464310
2026-05-20 04:22:23.148 9 INFO neutron.api.wsgi [None req-4cc7a152-3805-453a-a5a6-4d7d5fce25ab 5ca848e39011463299fd868dcc35add1 e2b45a4370c14b2fa3751e831f01f566 - - default default] 10.0.0.8 "DELETE /v2.0/ports/258491a7-c9c1-4b12-99c7-be659d31b6b7 HTTP/1.1" status: 204 len: 168 time: 0.1485941
2026-05-20 04:22:23.216 10 WARNING neutron.scheduler.dhcp_agent_scheduler [req-f39c2e42-5ad4-434d-a5a8-cf67d34d382c req-1072ca86-fa2c-46ed-b831-7fea429c3549 2e81b429d7e749ae9f72d2179a9b1654 c4f2e03fe3ec4896a713e15d4a4bf85b - - default default] No more DHCP agents
2026-05-20 04:22:23.217 10 WARNING neutron.api.rpc.agentnotifiers.dhcp_rpc_agent_api [req-f39c2e42-5ad4-434d-a5a8-cf67d34d382c req-1072ca86-fa2c-46ed-b831-7fea429c3549 2e81b429d7e749ae9f72d2179a9b1654 c4f2e03fe3ec4896a713e15d4a4bf85b - - default default] Unable to schedule network fdb8428b-4e44-40ad-b7a8-9d4382d9a080: no agents available; will retry on subsequent port and subnet creation events.
2026-05-20 04:22:23.317 9 INFO neutron.api.wsgi [None req-60a76e74-d3ed-4c9f-94ba-e6a81b897778 5ca848e39011463299fd868dcc35add1 e2b45a4370c14b2fa3751e831f01f566 - - default default] 10.0.0.8 "DELETE /v2.0/ports/636d8166-5e39-4f8e-a093-82b8056934da HTTP/1.1" status: 204 len: 168 time: 0.1642709
2026-05-20 04:22:23.333 10 INFO neutron.db.ovn_revision_numbers_db [req-f39c2e42-5ad4-434d-a5a8-cf67d34d382c req-1072ca86-fa2c-46ed-b831-7fea429c3549 2e81b429d7e749ae9f72d2179a9b1654 c4f2e03fe3ec4896a713e15d4a4bf85b - - default default] Successfully bumped revision number for resource 30524784-7852-4be2-80dc-16b6f6bbc8ce (type: ports) to 1
2026-05-20 04:22:23.357 10 INFO neutron.api.wsgi [req-f39c2e42-5ad4-434d-a5a8-cf67d34d382c req-1072ca86-fa2c-46ed-b831-7fea429c3549 2e81b429d7e749ae9f72d2179a9b1654 c4f2e03fe3ec4896a713e15d4a4bf85b - - default default] 199.204.45.77 "POST /v2.0/ports HTTP/1.1" status: 201 len: 1158 time: 0.4266951 /var/lib/openstack/lib/python3.12/site-packages/pycadf/identifier.py:71: UserWarning: Invalid uuid: neutron. To ensure interoperability, identifiers should be a valid uuid. warnings.warn(('Invalid uuid: %s. To ensure interoperability, '
2026-05-20 04:22:23.501 9 INFO neutron.api.wsgi [None req-d6c0bbc8-4afc-4207-b71f-f6c6814cfbb9 5ca848e39011463299fd868dcc35add1 e2b45a4370c14b2fa3751e831f01f566 - - default default] 10.0.0.8 "DELETE /v2.0/ports/0a60f782-e043-4a88-8e8f-d9c5c7cdc418 HTTP/1.1" status: 204 len: 168 time: 0.1785629
2026-05-20 04:22:23.556 10 INFO neutron.api.wsgi [-] 10.0.0.119 "GET / HTTP/1.1" status: 200 len: 247 time: 0.0013301
2026-05-20 04:22:23.558 10 INFO neutron.api.wsgi [-] 10.0.0.119 "GET / HTTP/1.1" status: 200 len: 247 time: 0.0008667
2026-05-20 04:22:23.676 10 WARNING neutron.plugins.ml2.drivers.ovn.mech_driver.ovsdb.ovn_client [None req-e85e396a-f4b6-4bc2-8c18-e5542dd20e9f - - - - - -] No hosting information found for port 4f31effc-d050-4002-8d88-272db3daa9c8: RuntimeError: No hosting information found for port 4f31effc-d050-4002-8d88-272db3daa9c8
2026-05-20 04:22:23.716 10 INFO neutron.db.ovn_revision_numbers_db [req-f39c2e42-5ad4-434d-a5a8-cf67d34d382c req-31ad83d6-a559-45e4-8c2d-d7a11729a65b 57692e10e8fd4b328a7dae3cc32e52ec ad1e096be674483688e6e805d7ad783b - - 60addf7264a345b38dfa0ab24c29b325 60addf7264a345b38dfa0ab24c29b325] Successfully bumped revision number for resource 30524784-7852-4be2-80dc-16b6f6bbc8ce (type: ports) to 2
2026-05-20 04:22:23.750 10 INFO neutron.db.ovn_revision_numbers_db [None req-e85e396a-f4b6-4bc2-8c18-e5542dd20e9f - - - - - -] Successfully bumped revision number for resource 4f31effc-d050-4002-8d88-272db3daa9c8 (type: router_ports) to 2
2026-05-20 04:22:23.805 9 INFO neutron.services.segments.plugin [-] Segment d55b2da9-289e-4b8c-902d-63fe60daf502 resource provider aggregate not found
2026-05-20 04:22:23.809 9 INFO neutron.services.segments.plugin [-] Segment d55b2da9-289e-4b8c-902d-63fe60daf502 resource provider aggregate not found
2026-05-20 04:22:23.822 9 INFO neutron.services.segments.plugin [-] Segment d55b2da9-289e-4b8c-902d-63fe60daf502 resource provider not found; error: Placement Client Error (4xx): {"errors": [{"status": 404, "title": "Not Found", "detail": "The resource could not be found.\n\n No resource provider with uuid d55b2da9-289e-4b8c-902d-63fe60daf502 found for delete ", "request_id": "req-6ec5c598-f21b-4302-b04b-0150464f5e6b"}]}
2026-05-20 04:22:23.827 9 INFO neutron.services.segments.plugin [-] Segment d55b2da9-289e-4b8c-902d-63fe60daf502 resource provider not found; error: Placement Client Error (4xx): {"errors": [{"status": 404, "title": "Not Found", "detail": "The resource could not be found.\n\n No resource provider with uuid d55b2da9-289e-4b8c-902d-63fe60daf502 found for delete ", "request_id": "req-2b8b1ec6-de9f-4238-a9cd-d067c2ba344f"}]}
2026-05-20 04:22:23.841 9 INFO neutron.api.wsgi [None req-01c6f530-d420-4f75-8a3a-fc96e584ad64 5ca848e39011463299fd868dcc35add1 e2b45a4370c14b2fa3751e831f01f566 - - default default] 10.0.0.8 "DELETE /v2.0/networks/5db773ed-b18f-4560-86ca-6d31d0451327 HTTP/1.1" status: 204 len: 168 time: 0.3368657 /var/lib/openstack/lib/python3.12/site-packages/pycadf/identifier.py:71: UserWarning: Invalid uuid: neutron. To ensure interoperability, identifiers should be a valid uuid. warnings.warn(('Invalid uuid: %s. To ensure interoperability, '
2026-05-20 04:22:23.936 10 INFO neutron.db.ovn_revision_numbers_db [req-f39c2e42-5ad4-434d-a5a8-cf67d34d382c req-31ad83d6-a559-45e4-8c2d-d7a11729a65b 57692e10e8fd4b328a7dae3cc32e52ec ad1e096be674483688e6e805d7ad783b - - 60addf7264a345b38dfa0ab24c29b325 60addf7264a345b38dfa0ab24c29b325] Successfully bumped revision number for resource 30524784-7852-4be2-80dc-16b6f6bbc8ce (type: ports) to 4
2026-05-20 04:22:23.959 10 INFO neutron.api.wsgi [req-f39c2e42-5ad4-434d-a5a8-cf67d34d382c req-31ad83d6-a559-45e4-8c2d-d7a11729a65b 57692e10e8fd4b328a7dae3cc32e52ec ad1e096be674483688e6e805d7ad783b - - 60addf7264a345b38dfa0ab24c29b325 60addf7264a345b38dfa0ab24c29b325] 199.204.45.77 "PUT /v2.0/ports/30524784-7852-4be2-80dc-16b6f6bbc8ce HTTP/1.1" status: 200 len: 1404 time: 0.5960908
2026-05-20 04:22:23.992 10 INFO neutron.notifiers.nova [-] Nova event matching ['req-3274fc6b-36e8-4536-a070-8292426bd8f8'] response: {'name': 'network-changed', 'server_uuid': 'd8aff1c1-dfa9-4842-b08c-044ff4a18f8a', 'tag': '30524784-7852-4be2-80dc-16b6f6bbc8ce', 'status': 'completed', 'code': 200}
2026-05-20 04:22:24.050 9 INFO neutron.api.wsgi [req-567ec934-ab5b-486b-af96-028b7018f51d req-b20b9b72-e340-490e-9d81-b11d8fa3f563 2e81b429d7e749ae9f72d2179a9b1654 c4f2e03fe3ec4896a713e15d4a4bf85b - - default default] 10.0.0.159 "GET /v2.0/ports?device_id=d8aff1c1-dfa9-4842-b08c-044ff4a18f8a HTTP/1.1" status: 200 len: 1168 time: 0.0790839
2026-05-20 04:22:24.080 9 INFO neutron.api.wsgi [req-567ec934-ab5b-486b-af96-028b7018f51d req-2366ae44-187e-4b04-bdb1-2e3f2f35e387 2e81b429d7e749ae9f72d2179a9b1654 c4f2e03fe3ec4896a713e15d4a4bf85b - - default default] 10.0.0.159 "GET /v2.0/security-groups?id=1f49b5ff-1f8d-4681-95b8-8251f0790536&fields=id&fields=name HTTP/1.1" status: 200 len: 286 time: 0.0235422
2026-05-20 04:22:24.135 10 INFO neutron.services.segments.plugin [-] Segment 0d7dc72c-bf6b-477c-b36e-14dcab65db54 resource provider aggregate not found
2026-05-20 04:22:24.140 10 INFO neutron.services.segments.plugin [-] Segment 0d7dc72c-bf6b-477c-b36e-14dcab65db54 resource provider aggregate not found
2026-05-20 04:22:24.152 10 INFO neutron.services.segments.plugin [-] Segment 0d7dc72c-bf6b-477c-b36e-14dcab65db54 resource provider not found; error: Placement Client Error (4xx): {"errors": [{"status": 404, "title": "Not Found", "detail": "The resource could not be found.\n\n No resource provider with uuid 0d7dc72c-bf6b-477c-b36e-14dcab65db54 found for delete ", "request_id": "req-09ff2bfb-9359-4279-a055-d0dcf9417f68"}]}
2026-05-20 04:22:24.153 10 INFO neutron.services.segments.plugin [-] Segment 0d7dc72c-bf6b-477c-b36e-14dcab65db54 resource provider not found; error: Placement Client Error (4xx): {"errors": [{"status": 404, "title": "Not Found", "detail": "The resource could not be found.\n\n No resource provider with uuid 0d7dc72c-bf6b-477c-b36e-14dcab65db54 found for delete ", "request_id": "req-b65a1fc2-9efc-438d-85e2-371e17ee4a61"}]}
2026-05-20 04:22:24.167 10 INFO neutron.api.wsgi [None req-42a0ed9c-34fc-4560-9c18-761c8ee2d736 5ca848e39011463299fd868dcc35add1 e2b45a4370c14b2fa3751e831f01f566 - - default default] 10.0.0.8 "DELETE /v2.0/networks/c65b944c-ead6-4f3c-b13e-128e89b7be6c HTTP/1.1" status: 204 len: 168 time: 0.3177145
2026-05-20 04:22:24.410 9 INFO neutron.api.wsgi [None req-4a056e5e-cfdc-45f9-8c21-aac314976bb5 5ca848e39011463299fd868dcc35add1 e2b45a4370c14b2fa3751e831f01f566 - - default default] 10.0.0.8 "DELETE /v2.0/networks/3a48a771-7864-40ff-a470-c01af7db0b26 HTTP/1.1" status: 204 len: 168 time: 0.2377176
2026-05-20 04:22:24.538 10 INFO neutron.api.wsgi [req-50d1e980-ea92-48c5-b4a9-cea1c0a7d4d1 req-8160591c-67ce-4cb7-8d2e-968921712395 57692e10e8fd4b328a7dae3cc32e52ec ad1e096be674483688e6e805d7ad783b - - 60addf7264a345b38dfa0ab24c29b325 60addf7264a345b38dfa0ab24c29b325] 199.204.45.77 "GET /v2.0/ports?tenant_id=c4f2e03fe3ec4896a713e15d4a4bf85b&device_id=d8aff1c1-dfa9-4842-b08c-044ff4a18f8a HTTP/1.1" status: 200 len: 1407 time: 0.0389631
2026-05-20 04:22:24.584 10 INFO neutron.api.wsgi [req-50d1e980-ea92-48c5-b4a9-cea1c0a7d4d1 req-380a4e84-5dfd-4a73-ba06-20476aab7154 57692e10e8fd4b328a7dae3cc32e52ec ad1e096be674483688e6e805d7ad783b - - 60addf7264a345b38dfa0ab24c29b325 60addf7264a345b38dfa0ab24c29b325] 199.204.45.77 "GET /v2.0/networks?tenant_id=c4f2e03fe3ec4896a713e15d4a4bf85b&shared=False HTTP/1.1" status: 200 len: 976 time: 0.0397131
2026-05-20 04:22:24.629 10 INFO neutron.api.wsgi [req-50d1e980-ea92-48c5-b4a9-cea1c0a7d4d1 req-0b325e4e-6212-4619-8de1-b846eb5dde27 57692e10e8fd4b328a7dae3cc32e52ec ad1e096be674483688e6e805d7ad783b - - 60addf7264a345b38dfa0ab24c29b325 60addf7264a345b38dfa0ab24c29b325] 199.204.45.77 "GET /v2.0/networks?shared=True HTTP/1.1" status: 200 len: 952 time: 0.0408247
2026-05-20 04:22:24.655 9 INFO neutron.api.wsgi [None req-05798d82-eac2-4757-960d-3e1a772d9556 5ca848e39011463299fd868dcc35add1 e2b45a4370c14b2fa3751e831f01f566 - - default default] 10.0.0.8 "DELETE /v2.0/networks/7ae0f21a-416b-4037-bf36-f3d998357bed HTTP/1.1" status: 204 len: 168 time: 0.2409770
2026-05-20 04:22:24.880 9 INFO neutron.api.wsgi [None req-302722cd-0b7c-43a6-9225-096d0970c0d2 5ca848e39011463299fd868dcc35add1 e2b45a4370c14b2fa3751e831f01f566 - - default default] 10.0.0.8 "DELETE /v2.0/networks/0e36107f-7699-4548-a105-f2c80e23fd2d HTTP/1.1" status: 204 len: 168 time: 0.2178087
2026-05-20 04:22:24.907 9 INFO neutron.api.wsgi [None req-fa661d12-40d5-47e6-8e2f-e9622f8a8a22 742092b6ee8c489ea74424b712a39699 ea13201d457942c8afc34de7a62ba4b3 - - default default] 10.0.0.184 "GET /v2.0/extensions HTTP/1.1" status: 200 len: 19298 time: 0.0856843
2026-05-20 04:22:24.986 9 INFO neutron.api.wsgi [None req-a17074fc-dd18-46fa-b6ad-23ff3e81ebed 742092b6ee8c489ea74424b712a39699 ea13201d457942c8afc34de7a62ba4b3 - - default default] 10.0.0.184 "GET /v2.0/quotas/ea13201d457942c8afc34de7a62ba4b3/details HTTP/1.1" status: 200 len: 1046 time: 0.0677044
2026-05-20 04:22:25.170 9 INFO neutron.api.wsgi [req-2ce116ba-810a-43ea-b4a1-262fcbd765f5 req-344b9891-6432-43d5-a0e5-50654e8bc526 2e81b429d7e749ae9f72d2179a9b1654 c4f2e03fe3ec4896a713e15d4a4bf85b - - default default] 10.0.0.159 "GET /v2.0/ports?device_id=d8aff1c1-dfa9-4842-b08c-044ff4a18f8a HTTP/1.1" status: 200 len: 1168 time: 0.0251489
2026-05-20 04:22:25.203 9 INFO neutron.api.wsgi [req-2ce116ba-810a-43ea-b4a1-262fcbd765f5 req-b4c2f6c6-444e-4604-bb8e-8af1fa42e7ab 2e81b429d7e749ae9f72d2179a9b1654 c4f2e03fe3ec4896a713e15d4a4bf85b - - default default] 10.0.0.159 "GET /v2.0/security-groups?id=1f49b5ff-1f8d-4681-95b8-8251f0790536&fields=id&fields=name HTTP/1.1" status: 200 len: 286 time: 0.0291381
2026-05-20 04:22:25.681 10 INFO neutron.api.wsgi [req-f39c2e42-5ad4-434d-a5a8-cf67d34d382c req-b359d809-ba28-49ea-9822-ac3e50ab94e2 57692e10e8fd4b328a7dae3cc32e52ec ad1e096be674483688e6e805d7ad783b - - 60addf7264a345b38dfa0ab24c29b325 60addf7264a345b38dfa0ab24c29b325] 199.204.45.77 "GET /v2.0/ports?tenant_id=c4f2e03fe3ec4896a713e15d4a4bf85b&device_id=d8aff1c1-dfa9-4842-b08c-044ff4a18f8a HTTP/1.1" status: 200 len: 1407 time: 0.0336831
2026-05-20 04:22:25.705 10 INFO neutron.api.wsgi [req-f39c2e42-5ad4-434d-a5a8-cf67d34d382c req-08513108-7514-4de9-8346-329bbce9af66 57692e10e8fd4b328a7dae3cc32e52ec ad1e096be674483688e6e805d7ad783b - - 60addf7264a345b38dfa0ab24c29b325 60addf7264a345b38dfa0ab24c29b325] 199.204.45.77 "GET /v2.0/floatingips?fixed_ip_address=10.100.0.7&port_id=30524784-7852-4be2-80dc-16b6f6bbc8ce HTTP/1.1" status: 200 len: 217 time: 0.0177209
2026-05-20 04:22:25.732 10 INFO neutron.api.wsgi [req-f39c2e42-5ad4-434d-a5a8-cf67d34d382c req-477f4c14-450d-494b-b7fe-8d5364ec0f40 57692e10e8fd4b328a7dae3cc32e52ec ad1e096be674483688e6e805d7ad783b - - 60addf7264a345b38dfa0ab24c29b325 60addf7264a345b38dfa0ab24c29b325] 199.204.45.77 "GET /v2.0/subnets?id=b287cea7-3fe3-477b-b6d7-a95c00c72ce5 HTTP/1.1" status: 200 len: 895 time: 0.0212727
2026-05-20 04:22:25.753 10 INFO neutron.api.wsgi [req-f39c2e42-5ad4-434d-a5a8-cf67d34d382c req-008b8fff-0325-4da9-bd21-46d1f7efa1aa 57692e10e8fd4b328a7dae3cc32e52ec ad1e096be674483688e6e805d7ad783b - - 60addf7264a345b38dfa0ab24c29b325 60addf7264a345b38dfa0ab24c29b325] 199.204.45.77 "GET /v2.0/ports?network_id=fdb8428b-4e44-40ad-b7a8-9d4382d9a080&device_owner=network%3Adhcp HTTP/1.1" status: 200 len: 210 time: 0.0155895
2026-05-20 04:22:25.802 10 INFO neutron.api.wsgi [req-f39c2e42-5ad4-434d-a5a8-cf67d34d382c req-3c05784c-87ec-4eea-9700-25e662b57950 57692e10e8fd4b328a7dae3cc32e52ec ad1e096be674483688e6e805d7ad783b - - 60addf7264a345b38dfa0ab24c29b325 60addf7264a345b38dfa0ab24c29b325] 199.204.45.77 "GET /v2.0/networks/fdb8428b-4e44-40ad-b7a8-9d4382d9a080?fields=segments HTTP/1.1" status: 200 len: 212 time: 0.0451615
2026-05-20 04:22:25.844 9 INFO neutron.services.segments.plugin [-] Segment bb3410ae-69b6-4818-a6b4-00164ccea7b0 resource provider aggregate not found
2026-05-20 04:22:25.849 10 INFO neutron.api.wsgi [req-f39c2e42-5ad4-434d-a5a8-cf67d34d382c req-8f3332ab-72ae-49ba-9802-4574e27ea581 57692e10e8fd4b328a7dae3cc32e52ec ad1e096be674483688e6e805d7ad783b - - 60addf7264a345b38dfa0ab24c29b325 60addf7264a345b38dfa0ab24c29b325] 199.204.45.77 "GET /v2.0/networks/fdb8428b-4e44-40ad-b7a8-9d4382d9a080?fields=provider%3Aphysical_network&fields=provider%3Anetwork_type HTTP/1.1" status: 200 len: 277 time: 0.0382826
2026-05-20 04:22:25.849 9 INFO neutron.services.segments.plugin [-] Segment bb3410ae-69b6-4818-a6b4-00164ccea7b0 resource provider aggregate not found
2026-05-20 04:22:25.863 9 INFO neutron.services.segments.plugin [-] Segment bb3410ae-69b6-4818-a6b4-00164ccea7b0 resource provider not found; error: Placement Client Error (4xx): {"errors": [{"status": 404, "title": "Not Found", "detail": "The resource could not be found.\n\n No resource provider with uuid bb3410ae-69b6-4818-a6b4-00164ccea7b0 found for delete ", "request_id": "req-1955e317-813d-4e0d-adc2-62ab643bc278"}]}
2026-05-20 04:22:25.864 10 INFO neutron.api.wsgi [None req-a7a2e958-c8ea-46ec-94a9-6f42ebe99f4c 863eb99aa6a94720be3fce0498d25c92 372b4dd9000f4fe0aa368e2fbc339545 - - default default] 10.0.0.8 "GET /v2.0/security-groups?tenant_id=e2b45a4370c14b2fa3751e831f01f566&name=default HTTP/1.1" status: 200 len: 3120 time: 0.2204781
2026-05-20 04:22:25.883 9 INFO neutron.services.segments.plugin [-] Segment bb3410ae-69b6-4818-a6b4-00164ccea7b0 resource provider not found; error: Placement Client Error (4xx): {"errors": [{"status": 404, "title": "Not Found", "detail": "The resource could not be found.\n\n No resource provider with uuid bb3410ae-69b6-4818-a6b4-00164ccea7b0 found for delete ", "request_id": "req-3e47a9ee-3e21-47e8-9d14-95efc58ce018"}]}
2026-05-20 04:22:25.892 9 INFO neutron.services.segments.plugin [-] Segment fd3a790b-06cc-4073-81ac-a1bf1e6b6bef resource provider aggregate not found
2026-05-20 04:22:25.902 9 INFO neutron.services.segments.plugin [-] Segment fd3a790b-06cc-4073-81ac-a1bf1e6b6bef resource provider aggregate not found
2026-05-20 04:22:25.914 9 INFO neutron.services.segments.plugin [-] Segment fd3a790b-06cc-4073-81ac-a1bf1e6b6bef resource provider not found; error: Placement Client Error (4xx): {"errors": [{"status": 404, "title": "Not Found", "detail": "The resource could not be found.\n\n No resource provider with uuid fd3a790b-06cc-4073-81ac-a1bf1e6b6bef found for delete ", "request_id": "req-2b5101d7-72ef-4840-ac09-1bc1ad45f53c"}]}
2026-05-20 04:22:25.925 9 INFO neutron.services.segments.plugin [-] Segment 3051e38b-9827-4e12-9b0d-9e412da90e1d resource provider aggregate not found
2026-05-20 04:22:25.931 9 INFO neutron.services.segments.plugin [-] Segment fd3a790b-06cc-4073-81ac-a1bf1e6b6bef resource provider not found; error: Placement Client Error (4xx): {"errors": [{"status": 404, "title": "Not Found", "detail": "The resource could not be found.\n\n No resource provider with uuid fd3a790b-06cc-4073-81ac-a1bf1e6b6bef found for delete ", "request_id": "req-7a47b025-a357-4afb-ac7f-ee14edc73ce2"}]}
2026-05-20 04:22:25.936 9 INFO neutron.services.segments.plugin [-] Segment 3051e38b-9827-4e12-9b0d-9e412da90e1d resource provider not found; error: Placement Client Error (4xx): {"errors": [{"status": 404, "title": "Not Found", "detail": "The resource could not be found.\n\n No resource provider with uuid 3051e38b-9827-4e12-9b0d-9e412da90e1d found for delete ", "request_id": "req-f9cc9acd-63c0-4f0e-bfd8-e3b4a1b96b2c"}]}
2026-05-20 04:22:25.944 9 INFO neutron.services.segments.plugin [-] Segment 3051e38b-9827-4e12-9b0d-9e412da90e1d resource provider aggregate not found
2026-05-20 04:22:25.958 9 INFO neutron.services.segments.plugin [-] Segment 3051e38b-9827-4e12-9b0d-9e412da90e1d resource provider not found; error: Placement Client Error (4xx): {"errors": [{"status": 404, "title": "Not Found", "detail": "The resource could not be found.\n\n No resource provider with uuid 3051e38b-9827-4e12-9b0d-9e412da90e1d found for delete ", "request_id": "req-089b8561-5bc9-47d0-904f-8ff828ad6d51"}]}
2026-05-20 04:22:26.100 9 INFO neutron.api.wsgi [None req-7373d39d-0184-4fb4-a7ab-637280bd1feb 863eb99aa6a94720be3fce0498d25c92 372b4dd9000f4fe0aa368e2fbc339545 - - default default] 10.0.0.8 "DELETE /v2.0/security-groups/bd846b63-d73b-4982-94ca-a78ef8852d89 HTTP/1.1" status: 204 len: 168 time: 0.2305140
2026-05-20 04:22:26.297 9 INFO neutron.db.ovn_revision_numbers_db [None req-97d9d74b-a674-4c6a-8601-4b1262dd90df 863eb99aa6a94720be3fce0498d25c92 372b4dd9000f4fe0aa368e2fbc339545 - - default default] Successfully bumped revision number for resource 0aea92d2-b4ab-4fcf-b31a-7b8e245485ea (type: security_groups) to 1
2026-05-20 04:22:26.308 9 INFO neutron.db.ovn_revision_numbers_db [None req-97d9d74b-a674-4c6a-8601-4b1262dd90df 863eb99aa6a94720be3fce0498d25c92 372b4dd9000f4fe0aa368e2fbc339545 - - default default] Successfully bumped revision number for resource 1f8792a5-3bc0-4ba2-ad9a-9a437f0555af (type: security_group_rules) to 0
2026-05-20 04:22:26.319 9 INFO neutron.db.ovn_revision_numbers_db [None req-97d9d74b-a674-4c6a-8601-4b1262dd90df 863eb99aa6a94720be3fce0498d25c92 372b4dd9000f4fe0aa368e2fbc339545 - - default default] Successfully bumped revision number for resource 510410fd-733e-4bc2-a4ff-68982a725b65 (type: security_group_rules) to 0
2026-05-20 04:22:26.323 10 INFO neutron.api.wsgi [req-e58fc309-9bdf-47eb-8feb-c4b3bc5b83be req-f4a68bbe-f9c3-4351-9d52-2fd99fc37b49 2e81b429d7e749ae9f72d2179a9b1654 c4f2e03fe3ec4896a713e15d4a4bf85b - - default default] 10.0.0.159 "GET /v2.0/ports?device_id=d8aff1c1-dfa9-4842-b08c-044ff4a18f8a HTTP/1.1" status: 200 len: 1168 time: 0.0641456
2026-05-20 04:22:26.343 9 INFO neutron.db.ovn_revision_numbers_db [None req-97d9d74b-a674-4c6a-8601-4b1262dd90df 863eb99aa6a94720be3fce0498d25c92 372b4dd9000f4fe0aa368e2fbc339545 - - default default] Successfully bumped revision number for resource 52c48342-714b-4f79-a12a-01dec1df9fb9 (type: security_group_rules) to 0
2026-05-20 04:22:26.358 9 INFO neutron.db.ovn_revision_numbers_db [None req-97d9d74b-a674-4c6a-8601-4b1262dd90df 863eb99aa6a94720be3fce0498d25c92 372b4dd9000f4fe0aa368e2fbc339545 - - default default] Successfully bumped revision number for resource be994d51-4053-4f51-a35b-70cbcaa32234 (type: security_group_rules) to 0
2026-05-20 04:22:26.359 10 INFO neutron.api.wsgi [req-e58fc309-9bdf-47eb-8feb-c4b3bc5b83be req-cf4759d5-6dd7-43a7-ab42-4438f6810181 2e81b429d7e749ae9f72d2179a9b1654 c4f2e03fe3ec4896a713e15d4a4bf85b - - default default] 10.0.0.159 "GET /v2.0/security-groups?id=1f49b5ff-1f8d-4681-95b8-8251f0790536&fields=id&fields=name HTTP/1.1" status: 200 len: 286 time: 0.0321217
2026-05-20 04:22:26.389 9 INFO neutron.api.wsgi [None req-97d9d74b-a674-4c6a-8601-4b1262dd90df 863eb99aa6a94720be3fce0498d25c92 372b4dd9000f4fe0aa368e2fbc339545 - - default default] 10.0.0.8 "GET /v2.0/security-groups?tenant_id=98e2e5829f74452eacfd1a57c4c7026f&name=default HTTP/1.1" status: 200 len: 3120 time: 0.1865911
2026-05-20 04:22:26.586 9 INFO neutron.api.wsgi [None req-b7ff37f9-09fc-4ea9-868a-20bbfc483ec6 863eb99aa6a94720be3fce0498d25c92 372b4dd9000f4fe0aa368e2fbc339545 - - default default] 10.0.0.8 "DELETE /v2.0/security-groups/0aea92d2-b4ab-4fcf-b31a-7b8e245485ea HTTP/1.1" status: 204 len: 168 time: 0.1920745
2026-05-20 04:22:26.845 10 INFO neutron.db.ovn_revision_numbers_db [None req-7a290129-e150-4173-98e0-9c3ea7b792f2 863eb99aa6a94720be3fce0498d25c92 372b4dd9000f4fe0aa368e2fbc339545 - - default default] Successfully bumped revision number for resource 820771d5-fa29-4ba8-8339-e927a8481faf (type: security_groups) to 1
2026-05-20 04:22:26.858 10 INFO neutron.db.ovn_revision_numbers_db [None req-7a290129-e150-4173-98e0-9c3ea7b792f2 863eb99aa6a94720be3fce0498d25c92 372b4dd9000f4fe0aa368e2fbc339545 - - default default] Successfully bumped revision number for resource 1115ad33-3897-49c3-8935-cd1ff513323d (type: security_group_rules) to 0
2026-05-20 04:22:26.882 10 INFO neutron.db.ovn_revision_numbers_db [None req-7a290129-e150-4173-98e0-9c3ea7b792f2 863eb99aa6a94720be3fce0498d25c92 372b4dd9000f4fe0aa368e2fbc339545 - - default default] Successfully bumped revision number for resource 6066baf3-070b-4881-9db7-a329b809aa6e (type: security_group_rules) to 0
2026-05-20 04:22:26.897 10 INFO neutron.db.ovn_revision_numbers_db [None req-7a290129-e150-4173-98e0-9c3ea7b792f2 863eb99aa6a94720be3fce0498d25c92 372b4dd9000f4fe0aa368e2fbc339545 - - default default] Successfully bumped revision number for resource 8bf151a1-2a15-4eee-9a18-5f53ae568cfb (type: security_group_rules) to 0
2026-05-20 04:22:26.909 10 INFO neutron.db.ovn_revision_numbers_db [None req-7a290129-e150-4173-98e0-9c3ea7b792f2 863eb99aa6a94720be3fce0498d25c92 372b4dd9000f4fe0aa368e2fbc339545 - - default default] Successfully bumped revision number for resource c3349cf9-ccd0-4e8a-b6f2-c3d7ccf3d74f (type: security_group_rules) to 0
2026-05-20 04:22:26.950 10 INFO neutron.api.wsgi [None req-7a290129-e150-4173-98e0-9c3ea7b792f2 863eb99aa6a94720be3fce0498d25c92 372b4dd9000f4fe0aa368e2fbc339545 - - default default] 10.0.0.8 "GET /v2.0/security-groups?tenant_id=1a18be8c67ab4bc7bc065d1964b5d3ba&name=default HTTP/1.1" status: 200 len: 3120 time: 0.2226112
2026-05-20 04:22:27.034 10 INFO neutron.api.wsgi [None req-062bf092-d034-4616-ad93-f8e6b060b038 742092b6ee8c489ea74424b712a39699 ea13201d457942c8afc34de7a62ba4b3 - - default default] 10.0.0.184 "GET /v2.0/extensions HTTP/1.1" status: 200 len: 19298 time: 0.0067382
2026-05-20 04:22:27.134 9 INFO neutron.api.wsgi [None req-65d83c86-eb77-4940-8847-2df6a8d3ca62 742092b6ee8c489ea74424b712a39699 ea13201d457942c8afc34de7a62ba4b3 - - default default] 10.0.0.184 "GET /v2.0/quotas/ea13201d457942c8afc34de7a62ba4b3/details HTTP/1.1" status: 200 len: 1046 time: 0.0856214
2026-05-20 04:22:27.153 10 INFO neutron.api.wsgi [None req-7d770e64-f351-4f72-9554-c8588055a2da 863eb99aa6a94720be3fce0498d25c92 372b4dd9000f4fe0aa368e2fbc339545 - - default default] 10.0.0.8 "DELETE /v2.0/security-groups/820771d5-fa29-4ba8-8339-e927a8481faf HTTP/1.1" status: 204 len: 168 time: 0.1987319
2026-05-20 04:22:27.449 9 INFO neutron.api.wsgi [req-f377ea95-cf6e-45c0-a063-b08d9af45de0 req-5c164041-0cf3-4551-ba63-53b4bc6e7be6 2e81b429d7e749ae9f72d2179a9b1654 c4f2e03fe3ec4896a713e15d4a4bf85b - - default default] 10.0.0.159 "GET /v2.0/ports?device_id=d8aff1c1-dfa9-4842-b08c-044ff4a18f8a HTTP/1.1" status: 200 len: 1168 time: 0.0240738
2026-05-20 04:22:27.480 9 INFO neutron.api.wsgi [req-f377ea95-cf6e-45c0-a063-b08d9af45de0 req-52d7e089-d954-4c75-b875-1260f56f07ac 2e81b429d7e749ae9f72d2179a9b1654 c4f2e03fe3ec4896a713e15d4a4bf85b - - default default] 10.0.0.159 "GET /v2.0/security-groups?id=1f49b5ff-1f8d-4681-95b8-8251f0790536&fields=id&fields=name HTTP/1.1" status: 200 len: 286 time: 0.0274453
2026-05-20 04:22:28.029 10 INFO neutron.plugins.ml2.drivers.ovn.mech_driver.mech_driver [None req-e85e396a-f4b6-4bc2-8c18-e5542dd20e9f - - - - - -] OVN reports status up for port: 30524784-7852-4be2-80dc-16b6f6bbc8ce
2026-05-20 04:22:28.043 10 INFO neutron.plugins.ml2.plugin [None req-e85e396a-f4b6-4bc2-8c18-e5542dd20e9f - - - - - -] Attempt 1 to provision port 30524784-7852-4be2-80dc-16b6f6bbc8ce
2026-05-20 04:22:28.153 10 INFO neutron.notifiers.nova [-] Nova event matching ['req-acc43d69-4ea0-4350-8807-b8af9affb8c7'] response: {'server_uuid': 'd8aff1c1-dfa9-4842-b08c-044ff4a18f8a', 'name': 'network-vif-plugged', 'status': 'completed', 'tag': '30524784-7852-4be2-80dc-16b6f6bbc8ce', 'code': 200}
2026-05-20 04:22:28.251 10 INFO neutron.db.ovn_revision_numbers_db [None req-e85e396a-f4b6-4bc2-8c18-e5542dd20e9f - - - - - -] Successfully bumped revision number for resource 30524784-7852-4be2-80dc-16b6f6bbc8ce (type: ports) to 5
2026-05-20 04:22:28.597 9 INFO neutron.api.wsgi [req-ac670f7b-689b-47e1-9288-80b778d9e6f8 req-b1a36641-ff31-4cf3-9271-5a001ef86ec2 2e81b429d7e749ae9f72d2179a9b1654 c4f2e03fe3ec4896a713e15d4a4bf85b - - default default] 10.0.0.159 "GET /v2.0/ports?device_id=d8aff1c1-dfa9-4842-b08c-044ff4a18f8a HTTP/1.1" status: 200 len: 1170 time: 0.0374718
2026-05-20 04:22:28.632 9 INFO neutron.api.wsgi [req-ac670f7b-689b-47e1-9288-80b778d9e6f8 req-703c1857-7d2c-428d-aed0-0accafa5d768 2e81b429d7e749ae9f72d2179a9b1654 c4f2e03fe3ec4896a713e15d4a4bf85b - - default default] 10.0.0.159 "GET /v2.0/security-groups?id=1f49b5ff-1f8d-4681-95b8-8251f0790536&fields=id&fields=name HTTP/1.1" status: 200 len: 286 time: 0.0280640 /var/lib/openstack/lib/python3.12/site-packages/pycadf/identifier.py:71: UserWarning: Invalid uuid: neutron. To ensure interoperability, identifiers should be a valid uuid. warnings.warn(('Invalid uuid: %s. To ensure interoperability, '
2026-05-20 04:22:29.410 10 INFO neutron.db.ovn_revision_numbers_db [None req-1c4de9c8-5adc-4ffb-a921-fe2366a26779 863eb99aa6a94720be3fce0498d25c92 372b4dd9000f4fe0aa368e2fbc339545 - - default default] Successfully bumped revision number for resource 83137a56-b799-454e-b2b4-ae0b80aef238 (type: security_groups) to 1
2026-05-20 04:22:29.420 10 INFO neutron.db.ovn_revision_numbers_db [None req-1c4de9c8-5adc-4ffb-a921-fe2366a26779 863eb99aa6a94720be3fce0498d25c92 372b4dd9000f4fe0aa368e2fbc339545 - - default default] Successfully bumped revision number for resource 32df1687-bd61-4e37-a833-69e0ffa8c22f (type: security_group_rules) to 0
2026-05-20 04:22:29.430 10 INFO neutron.db.ovn_revision_numbers_db [None req-1c4de9c8-5adc-4ffb-a921-fe2366a26779 863eb99aa6a94720be3fce0498d25c92 372b4dd9000f4fe0aa368e2fbc339545 - - default default] Successfully bumped revision number for resource 44312ff9-f7da-41e2-88fd-802117672ad2 (type: security_group_rules) to 0
2026-05-20 04:22:29.441 10 INFO neutron.db.ovn_revision_numbers_db [None req-1c4de9c8-5adc-4ffb-a921-fe2366a26779 863eb99aa6a94720be3fce0498d25c92 372b4dd9000f4fe0aa368e2fbc339545 - - default default] Successfully bumped revision number for resource 5063368b-d3ef-447a-947b-65f68af64aef (type: security_group_rules) to 0
2026-05-20 04:22:29.452 10 INFO neutron.db.ovn_revision_numbers_db [None req-1c4de9c8-5adc-4ffb-a921-fe2366a26779 863eb99aa6a94720be3fce0498d25c92 372b4dd9000f4fe0aa368e2fbc339545 - - default default] Successfully bumped revision number for resource 90174eed-a17b-4c61-aea1-8a6dcae3846d (type: security_group_rules) to 0
2026-05-20 04:22:29.479 10 INFO neutron.api.wsgi [None req-1c4de9c8-5adc-4ffb-a921-fe2366a26779 863eb99aa6a94720be3fce0498d25c92 372b4dd9000f4fe0aa368e2fbc339545 - - default default] 10.0.0.8 "GET /v2.0/security-groups?tenant_id=ea13201d457942c8afc34de7a62ba4b3&name=default HTTP/1.1" status: 200 len: 3120 time: 0.3220003
2026-05-20 04:22:29.653 10 INFO neutron.api.wsgi [None req-cb547c73-fb5d-435f-b8ca-195a090cc1cd 863eb99aa6a94720be3fce0498d25c92 372b4dd9000f4fe0aa368e2fbc339545 - - default default] 10.0.0.8 "DELETE /v2.0/security-groups/83137a56-b799-454e-b2b4-ae0b80aef238 HTTP/1.1" status: 204 len: 168 time: 0.1654034
2026-05-20 04:22:29.729 10 INFO neutron.api.wsgi [req-67ec1daf-b607-4b69-a411-d38b28e837db req-68b5530c-2690-48f7-8cb0-c12952689192 2e81b429d7e749ae9f72d2179a9b1654 c4f2e03fe3ec4896a713e15d4a4bf85b - - default default] 10.0.0.159 "GET /v2.0/ports?device_id=d8aff1c1-dfa9-4842-b08c-044ff4a18f8a HTTP/1.1" status: 200 len: 1170 time: 0.0334082
2026-05-20 04:22:29.762 10 INFO neutron.api.wsgi [req-67ec1daf-b607-4b69-a411-d38b28e837db req-f8fb60fd-f844-46c3-953f-82b558f79f4c 2e81b429d7e749ae9f72d2179a9b1654 c4f2e03fe3ec4896a713e15d4a4bf85b - - default default] 10.0.0.159 "GET /v2.0/security-groups?id=1f49b5ff-1f8d-4681-95b8-8251f0790536&fields=id&fields=name HTTP/1.1" status: 200 len: 286 time: 0.0267782
2026-05-20 04:22:30.182 10 INFO neutron.notifiers.nova [-] Nova event matching ['req-92686e40-9801-4ea7-9291-1f238bdfafdf'] response: {'server_uuid': 'd8aff1c1-dfa9-4842-b08c-044ff4a18f8a', 'name': 'network-vif-plugged', 'status': 'completed', 'tag': '30524784-7852-4be2-80dc-16b6f6bbc8ce', 'code': 200}
2026-05-20 04:22:30.586 9 INFO neutron.api.wsgi [req-c8a30668-028f-4e7a-ad71-a0ee6e359cb0 req-5006b2fa-d614-4acd-ae97-158d8244fa48 57692e10e8fd4b328a7dae3cc32e52ec ad1e096be674483688e6e805d7ad783b - - 60addf7264a345b38dfa0ab24c29b325 60addf7264a345b38dfa0ab24c29b325] 10.0.0.6 "GET /v2.0/ports?device_id=40994427-7f9f-4f51-961a-25d9b25524bd HTTP/1.1" status: 200 len: 1413 time: 0.0337100
