2026-05-20 04:22:37.751 10 INFO neutron.db.ovn_revision_numbers_db [None req-cebf552a-319a-4dc9-8c22-40d14bc9acbf 65361bdf87c14e7c95941d0ae8d81736 32b94a89bd09438b9a286b31eeb4720a - - default default] Successfully bumped revision number for resource 511d7431-eab1-4f50-bd55-b088598a2bb7 (type: routers) to 1
2026-05-20 04:22:37.761 10 INFO neutron.api.wsgi [None req-cebf552a-319a-4dc9-8c22-40d14bc9acbf 65361bdf87c14e7c95941d0ae8d81736 32b94a89bd09438b9a286b31eeb4720a - - default default] 10.0.0.8 "POST /v2.0/routers HTTP/1.1" status: 201 len: 769 time: 0.2350452
2026-05-20 04:22:37.803 10 INFO neutron.api.wsgi [None req-3d106a84-7120-471b-8daf-7da5e931225e 65361bdf87c14e7c95941d0ae8d81736 32b94a89bd09438b9a286b31eeb4720a - - default default] 10.0.0.8 "PUT /v2.0/routers/511d7431-eab1-4f50-bd55-b088598a2bb7/tags HTTP/1.1" status: 200 len: 218 time: 0.0364757
2026-05-20 04:22:37.847 9 WARNING neutron.scheduler.dhcp_agent_scheduler [None req-62513b5b-723c-499b-b081-6492d1b3525a 863eb99aa6a94720be3fce0498d25c92 372b4dd9000f4fe0aa368e2fbc339545 - - default default] No more DHCP agents
2026-05-20 04:22:37.848 9 WARNING neutron.api.rpc.agentnotifiers.dhcp_rpc_agent_api [None req-62513b5b-723c-499b-b081-6492d1b3525a 863eb99aa6a94720be3fce0498d25c92 372b4dd9000f4fe0aa368e2fbc339545 - - default default] Unable to schedule network 4611e98a-7d19-423f-b129-0d23f32db8b7: no agents available; will retry on subsequent port and subnet creation events.
2026-05-20 04:22:37.855 10 INFO neutron.api.wsgi [None req-62261ddf-3a0d-4edc-9b45-d5f4d1318463 65361bdf87c14e7c95941d0ae8d81736 32b94a89bd09438b9a286b31eeb4720a - - default default] 10.0.0.8 "GET /v2.0/routers/511d7431-eab1-4f50-bd55-b088598a2bb7/tags HTTP/1.1" status: 200 len: 218 time: 0.0473659
2026-05-20 04:22:37.921 10 INFO neutron.api.wsgi [None req-30f71fca-3b0d-43d8-a267-92bab7c81762 65361bdf87c14e7c95941d0ae8d81736 32b94a89bd09438b9a286b31eeb4720a - - default default] 10.0.0.8 "PUT /v2.0/routers/511d7431-eab1-4f50-bd55-b088598a2bb7/tags/green HTTP/1.1" status: 201 len: 201 time: 0.0604582
2026-05-20 04:22:37.924 9 INFO neutron.db.ovn_revision_numbers_db [None req-62513b5b-723c-499b-b081-6492d1b3525a 863eb99aa6a94720be3fce0498d25c92 372b4dd9000f4fe0aa368e2fbc339545 - - default default] Successfully bumped revision number for resource 136ae720-604c-4dad-9698-f967c3fd66ff (type: ports) to 1
2026-05-20 04:22:37.946 9 INFO neutron.api.wsgi [None req-62513b5b-723c-499b-b081-6492d1b3525a 863eb99aa6a94720be3fce0498d25c92 372b4dd9000f4fe0aa368e2fbc339545 - - default default] 10.0.0.8 "POST /v2.0/networks HTTP/1.1" status: 201 len: 941 time: 0.7655671
2026-05-20 04:22:37.959 10 INFO neutron.api.wsgi [None req-a0ca1055-e826-45dd-9fda-49d8e91a1386 65361bdf87c14e7c95941d0ae8d81736 32b94a89bd09438b9a286b31eeb4720a - - default default] 10.0.0.8 "GET /v2.0/routers/511d7431-eab1-4f50-bd55-b088598a2bb7/tags HTTP/1.1" status: 200 len: 227 time: 0.0340111
2026-05-20 04:22:37.995 10 INFO neutron.api.wsgi [None req-9af1f036-83f1-460e-8932-1aca1ace994a 65361bdf87c14e7c95941d0ae8d81736 32b94a89bd09438b9a286b31eeb4720a - - default default] 10.0.0.8 "PUT /v2.0/routers/511d7431-eab1-4f50-bd55-b088598a2bb7/tags/red HTTP/1.1" status: 201 len: 201 time: 0.0321867
2026-05-20 04:22:38.030 10 INFO neutron.api.wsgi [None req-20c12b4c-e9df-4626-91b7-d5b38eeb0989 65361bdf87c14e7c95941d0ae8d81736 32b94a89bd09438b9a286b31eeb4720a - - default default] 10.0.0.8 "GET /v2.0/routers/511d7431-eab1-4f50-bd55-b088598a2bb7/tags HTTP/1.1" status: 200 len: 227 time: 0.0310500
2026-05-20 04:22:38.077 10 INFO neutron.api.wsgi [None req-0374caa1-3fff-4750-89cd-ada2bf48d5d8 65361bdf87c14e7c95941d0ae8d81736 32b94a89bd09438b9a286b31eeb4720a - - default default] 10.0.0.8 "PUT /v2.0/routers/511d7431-eab1-4f50-bd55-b088598a2bb7/tags/black.or.white HTTP/1.1" status: 201 len: 201 time: 0.0428045
2026-05-20 04:22:38.122 9 INFO neutron.api.wsgi [None req-96beb2f7-608c-43b1-8b55-bf4e8213ef25 65361bdf87c14e7c95941d0ae8d81736 32b94a89bd09438b9a286b31eeb4720a - - default default] 10.0.0.8 "GET /v2.0/routers/511d7431-eab1-4f50-bd55-b088598a2bb7/tags HTTP/1.1" status: 200 len: 245 time: 0.0413306
2026-05-20 04:22:38.140 9 WARNING neutron.scheduler.dhcp_agent_scheduler [None req-9fce9e02-402f-4c3d-ae29-14a414f7a04a 863eb99aa6a94720be3fce0498d25c92 372b4dd9000f4fe0aa368e2fbc339545 - - default default] No more DHCP agents
2026-05-20 04:22:38.148 9 WARNING neutron.api.rpc.agentnotifiers.dhcp_rpc_agent_api [None req-9fce9e02-402f-4c3d-ae29-14a414f7a04a 863eb99aa6a94720be3fce0498d25c92 372b4dd9000f4fe0aa368e2fbc339545 - - default default] Unable to schedule network 4611e98a-7d19-423f-b129-0d23f32db8b7: no agents available; will retry on subsequent port and subnet creation events.
2026-05-20 04:22:38.178 10 INFO neutron.api.wsgi [None req-e3bcfd99-6c2c-46ef-b2e3-0cc223dcf5de 65361bdf87c14e7c95941d0ae8d81736 32b94a89bd09438b9a286b31eeb4720a - - default default] 10.0.0.8 "PUT /v2.0/routers/511d7431-eab1-4f50-bd55-b088598a2bb7/tags HTTP/1.1" status: 200 len: 230 time: 0.0522003
2026-05-20 04:22:38.213 10 INFO neutron.api.wsgi [None req-c1507606-b519-42df-8716-cb503cada710 65361bdf87c14e7c95941d0ae8d81736 32b94a89bd09438b9a286b31eeb4720a - - default default] 10.0.0.8 "GET /v2.0/routers/511d7431-eab1-4f50-bd55-b088598a2bb7/tags HTTP/1.1" status: 200 len: 230 time: 0.0301020
2026-05-20 04:22:38.256 10 INFO neutron.api.wsgi [None req-df7232bd-151d-4d3c-8e9c-6e4b9797ac8f 65361bdf87c14e7c95941d0ae8d81736 32b94a89bd09438b9a286b31eeb4720a - - default default] 10.0.0.8 "GET /v2.0/routers/511d7431-eab1-4f50-bd55-b088598a2bb7/tags/red HTTP/1.1" status: 204 len: 168 time: 0.0326743
2026-05-20 04:22:38.293 10 INFO neutron.api.v2.resource [None req-48960a8e-ba53-4e62-9d07-00a8f34e2b00 65361bdf87c14e7c95941d0ae8d81736 32b94a89bd09438b9a286b31eeb4720a - - default default] show failed (client error): The resource could not be found.
2026-05-20 04:22:38.294 10 INFO neutron.api.wsgi [None req-48960a8e-ba53-4e62-9d07-00a8f34e2b00 65361bdf87c14e7c95941d0ae8d81736 32b94a89bd09438b9a286b31eeb4720a - - default default] 10.0.0.8 "GET /v2.0/routers/511d7431-eab1-4f50-bd55-b088598a2bb7/tags/green HTTP/1.1" status: 404 len: 299 time: 0.0334442
2026-05-20 04:22:38.368 9 INFO neutron.api.wsgi [None req-52ce213c-b336-411d-b315-9799c0403f83 863eb99aa6a94720be3fce0498d25c92 372b4dd9000f4fe0aa368e2fbc339545 - - default default] 10.0.0.8 "PUT /v2.0/routers/bca9b3ab-eefd-4c41-b3e3-8e69847cb9c0/remove_router_interface HTTP/1.1" status: 200 len: 503 time: 1.2878292
2026-05-20 04:22:38.397 9 INFO neutron.api.wsgi [None req-d9de0b51-f3c5-4b8a-a998-106c96e6fc07 65361bdf87c14e7c95941d0ae8d81736 32b94a89bd09438b9a286b31eeb4720a - - default default] 10.0.0.8 "DELETE /v2.0/routers/511d7431-eab1-4f50-bd55-b088598a2bb7/tags/red HTTP/1.1" status: 204 len: 168 time: 0.0982349 /var/lib/openstack/lib/python3.12/site-packages/pycadf/identifier.py:71: UserWarning: Invalid uuid: neutron. To ensure interoperability, identifiers should be a valid uuid. warnings.warn(('Invalid uuid: %s. To ensure interoperability, '
2026-05-20 04:22:38.443 9 INFO neutron.api.wsgi [None req-2d73f76b-0cf5-46d1-b5bf-7b446654c7f9 65361bdf87c14e7c95941d0ae8d81736 32b94a89bd09438b9a286b31eeb4720a - - default default] 10.0.0.8 "GET /v2.0/routers/511d7431-eab1-4f50-bd55-b088598a2bb7/tags HTTP/1.1" status: 200 len: 223 time: 0.0407050
2026-05-20 04:22:38.492 9 INFO neutron.api.v2.resource [None req-01468fc8-0e15-4614-b478-90eff2831293 65361bdf87c14e7c95941d0ae8d81736 32b94a89bd09438b9a286b31eeb4720a - - default default] delete failed (client error): The resource could not be found.
2026-05-20 04:22:38.493 9 INFO neutron.api.wsgi [None req-01468fc8-0e15-4614-b478-90eff2831293 65361bdf87c14e7c95941d0ae8d81736 32b94a89bd09438b9a286b31eeb4720a - - default default] 10.0.0.8 "DELETE /v2.0/routers/511d7431-eab1-4f50-bd55-b088598a2bb7/tags/green HTTP/1.1" status: 404 len: 299 time: 0.0437071
2026-05-20 04:22:38.550 9 INFO neutron.api.wsgi [None req-5242feba-222b-441d-8d72-c55be51ac16f 65361bdf87c14e7c95941d0ae8d81736 32b94a89bd09438b9a286b31eeb4720a - - default default] 10.0.0.8 "DELETE /v2.0/routers/511d7431-eab1-4f50-bd55-b088598a2bb7/tags HTTP/1.1" status: 204 len: 168 time: 0.0518832
2026-05-20 04:22:38.556 10 INFO neutron.api.wsgi [-] 10.0.0.119 "GET / HTTP/1.1" status: 200 len: 247 time: 0.0016005
2026-05-20 04:22:38.558 10 INFO neutron.api.wsgi [-] 10.0.0.119 "GET / HTTP/1.1" status: 200 len: 247 time: 0.0015504
2026-05-20 04:22:38.589 9 INFO neutron.api.wsgi [None req-7cc090d9-4ac2-45a9-b9a7-34bb694cac8a 65361bdf87c14e7c95941d0ae8d81736 32b94a89bd09438b9a286b31eeb4720a - - default default] 10.0.0.8 "GET /v2.0/routers/511d7431-eab1-4f50-bd55-b088598a2bb7/tags HTTP/1.1" status: 200 len: 205 time: 0.0324819
2026-05-20 04:22:38.629 10 INFO neutron.api.wsgi [None req-0429b521-1aab-40b5-afcb-3cd989132175 65361bdf87c14e7c95941d0ae8d81736 32b94a89bd09438b9a286b31eeb4720a - - default default] 10.0.0.8 "GET /v2.0/routers/511d7431-eab1-4f50-bd55-b088598a2bb7 HTTP/1.1" status: 200 len: 770 time: 0.0336854
2026-05-20 04:22:38.681 9 INFO neutron.db.ovn_revision_numbers_db [None req-f8cc5384-4a1a-4821-a77b-e2ccd44bea9a - - - - - -] Successfully bumped revision number for resource 136ae720-604c-4dad-9698-f967c3fd66ff (type: ports) to 2
2026-05-20 04:22:38.704 10 INFO neutron.api.wsgi [req-3daa1e58-f614-4e11-9868-b2b8d048c1e9 req-009987d7-ae6a-4a8f-a02d-c85af17c71f1 c29ae2dab5604b8097d9c8a056fde3ac c1b1f4469e1e471ca25672d98e346a7d - - default default] 10.0.0.159 "GET /v2.0/ports?device_id=76527035-f8b9-460f-a706-48b0aa7a0d51 HTTP/1.1" status: 200 len: 210 time: 0.0223274
2026-05-20 04:22:38.711 9 INFO neutron.db.ovn_revision_numbers_db [None req-f8cc5384-4a1a-4821-a77b-e2ccd44bea9a - - - - - -] Successfully bumped revision number for resource ed7e1994-a027-44bf-a0c7-c83064a7db62 (type: subnets) to 0
2026-05-20 04:22:38.726 9 INFO neutron.api.wsgi [None req-9fce9e02-402f-4c3d-ae29-14a414f7a04a 863eb99aa6a94720be3fce0498d25c92 372b4dd9000f4fe0aa368e2fbc339545 - - default default] 10.0.0.8 "POST /v2.0/subnets HTTP/1.1" status: 201 len: 886 time: 0.7715728
2026-05-20 04:22:38.910 10 INFO neutron.db.ovn_revision_numbers_db [None req-b10bc5e2-be7d-42a0-b3f3-0ed32bf8c06a 65361bdf87c14e7c95941d0ae8d81736 32b94a89bd09438b9a286b31eeb4720a - - default default] Successfully bumped revision number for resource 511d7431-eab1-4f50-bd55-b088598a2bb7 (type: routers) to 7
2026-05-20 04:22:38.915 10 INFO neutron.api.wsgi [None req-b10bc5e2-be7d-42a0-b3f3-0ed32bf8c06a 65361bdf87c14e7c95941d0ae8d81736 32b94a89bd09438b9a286b31eeb4720a - - default default] 10.0.0.8 "PUT /v2.0/routers/511d7431-eab1-4f50-bd55-b088598a2bb7 HTTP/1.1" status: 200 len: 770 time: 0.2814400
2026-05-20 04:22:38.933 10 INFO neutron.api.wsgi [None req-395102b1-e3a5-4827-b7be-68cd7d95ca90 65361bdf87c14e7c95941d0ae8d81736 32b94a89bd09438b9a286b31eeb4720a - - default default] 10.0.0.8 "GET /v2.0/ports?device_id=511d7431-eab1-4f50-bd55-b088598a2bb7 HTTP/1.1" status: 200 len: 205 time: 0.0133123
2026-05-20 04:22:39.031 9 WARNING neutron.scheduler.dhcp_agent_scheduler [None req-50c01683-027b-4ce9-8b88-1ab673b32c97 863eb99aa6a94720be3fce0498d25c92 372b4dd9000f4fe0aa368e2fbc339545 - - default default] No more DHCP agents
2026-05-20 04:22:39.032 9 WARNING neutron.api.rpc.agentnotifiers.dhcp_rpc_agent_api [None req-50c01683-027b-4ce9-8b88-1ab673b32c97 863eb99aa6a94720be3fce0498d25c92 372b4dd9000f4fe0aa368e2fbc339545 - - default default] Unable to schedule network b4089aac-2d02-4206-94da-046c5aa2ba30: no agents available; will retry on subsequent port and subnet creation events.
2026-05-20 04:22:39.119 9 INFO neutron.db.ovn_revision_numbers_db [None req-50c01683-027b-4ce9-8b88-1ab673b32c97 863eb99aa6a94720be3fce0498d25c92 372b4dd9000f4fe0aa368e2fbc339545 - - default default] Successfully bumped revision number for resource 9965e49e-db4a-40ec-ae2b-d06f84cf935a (type: ports) to 1
2026-05-20 04:22:39.161 10 INFO neutron.api.wsgi [None req-471f860b-fcde-47e8-96a2-7f1d7e6e22fc 65361bdf87c14e7c95941d0ae8d81736 32b94a89bd09438b9a286b31eeb4720a - - default default] 10.0.0.8 "DELETE /v2.0/routers/511d7431-eab1-4f50-bd55-b088598a2bb7 HTTP/1.1" status: 204 len: 168 time: 0.2233510
2026-05-20 04:22:39.217 10 INFO neutron.api.wsgi [None req-43db63cb-3a84-4c2b-8902-8291158a81a5 863eb99aa6a94720be3fce0498d25c92 372b4dd9000f4fe0aa368e2fbc339545 - - default default] 10.0.0.8 "DELETE /v2.0/routers/bca9b3ab-eefd-4c41-b3e3-8e69847cb9c0 HTTP/1.1" status: 204 len: 168 time: 0.8443506
2026-05-20 04:22:39.365 10 INFO neutron.api.wsgi [None req-c913f666-67a4-4e83-948b-a3788de521cd 863eb99aa6a94720be3fce0498d25c92 372b4dd9000f4fe0aa368e2fbc339545 - - default default] 10.0.0.8 "DELETE /v2.0/subnets/b287cea7-3fe3-477b-b6d7-a95c00c72ce5 HTTP/1.1" status: 204 len: 168 time: 0.1431153
2026-05-20 04:22:39.603 9 INFO neutron.plugins.ml2.drivers.ovn.mech_driver.ovsdb.commands [None req-12ab5c90-8989-4f42-9334-e79221420d30 - - - - - -] Schedule LRP lrp-9965e49e-db4a-40ec-ae2b-d06f84cf935a on gateway 84081367-4f53-4f23-9772-58bfc96e566c with priority 1
2026-05-20 04:22:39.611 9 INFO neutron.plugins.ml2.drivers.ovn.mech_driver.mech_driver [None req-813b5150-313b-4077-b809-088b02e47d1a - - - - - -] OVN reports status up for port: 9965e49e-db4a-40ec-ae2b-d06f84cf935a
2026-05-20 04:22:39.625 9 INFO neutron.plugins.ml2.drivers.ovn.mech_driver.ovsdb.ovsdb_monitor [None req-90fe7410-8b18-4d46-a3a3-1fca33c81c65 - - - - - -] Router 2b514724-af15-4907-a814-72de50eb3503 is bound to host instance
2026-05-20 04:22:39.627 9 INFO neutron.plugins.ml2.plugin [None req-813b5150-313b-4077-b809-088b02e47d1a - - - - - -] Attempt 1 to provision port 9965e49e-db4a-40ec-ae2b-d06f84cf935a
2026-05-20 04:22:39.657 10 INFO neutron.services.segments.plugin [-] Segment 14b03239-a050-4754-8e29-d45096cd0f1f resource provider aggregate not found
2026-05-20 04:22:39.664 10 INFO neutron.services.segments.plugin [-] Segment 14b03239-a050-4754-8e29-d45096cd0f1f resource provider aggregate not found
2026-05-20 04:22:39.669 9 INFO neutron.db.ovn_revision_numbers_db [None req-50c01683-027b-4ce9-8b88-1ab673b32c97 863eb99aa6a94720be3fce0498d25c92 372b4dd9000f4fe0aa368e2fbc339545 - - default default] Successfully bumped revision number for resource 9965e49e-db4a-40ec-ae2b-d06f84cf935a (type: router_ports) to 1
2026-05-20 04:22:39.670 10 INFO neutron.services.segments.plugin [-] Segment 14b03239-a050-4754-8e29-d45096cd0f1f resource provider not found; error: Placement Client Error (4xx): {"errors": [{"status": 404, "title": "Not Found", "detail": "The resource could not be found.\n\n No resource provider with uuid 14b03239-a050-4754-8e29-d45096cd0f1f found for delete ", "request_id": "req-b2bb4f1a-2dcd-4340-ad57-aa23e7497c78"}]}
2026-05-20 04:22:39.681 10 INFO neutron.services.segments.plugin [-] Segment 14b03239-a050-4754-8e29-d45096cd0f1f resource provider not found; error: Placement Client Error (4xx): {"errors": [{"status": 404, "title": "Not Found", "detail": "The resource could not be found.\n\n No resource provider with uuid 14b03239-a050-4754-8e29-d45096cd0f1f found for delete ", "request_id": "req-9f34313c-b78e-4fe1-8072-e0bd035be83e"}]}
2026-05-20 04:22:39.694 10 INFO neutron.api.wsgi [None req-c43dc9d4-dfad-40d8-a300-05746836c448 863eb99aa6a94720be3fce0498d25c92 372b4dd9000f4fe0aa368e2fbc339545 - - default default] 10.0.0.8 "DELETE /v2.0/networks/fdb8428b-4e44-40ad-b7a8-9d4382d9a080 HTTP/1.1" status: 204 len: 168 time: 0.3245878
2026-05-20 04:22:39.751 9 INFO neutron.db.ovn_revision_numbers_db [None req-50c01683-027b-4ce9-8b88-1ab673b32c97 863eb99aa6a94720be3fce0498d25c92 372b4dd9000f4fe0aa368e2fbc339545 - - default default] Successfully bumped revision number for resource 2b514724-af15-4907-a814-72de50eb3503 (type: routers) to 2
2026-05-20 04:22:39.773 9 INFO neutron.api.wsgi [None req-50c01683-027b-4ce9-8b88-1ab673b32c97 863eb99aa6a94720be3fce0498d25c92 372b4dd9000f4fe0aa368e2fbc339545 - - default default] 10.0.0.8 "POST /v2.0/routers HTTP/1.1" status: 201 len: 1164 time: 1.0424700
2026-05-20 04:22:39.779 9 INFO neutron.api.wsgi [req-aab2319c-0915-49ed-b7d4-3c9bf336e4d4 req-d4f53738-9776-46e8-abad-bac4763049ad c29ae2dab5604b8097d9c8a056fde3ac c1b1f4469e1e471ca25672d98e346a7d - - default default] 10.0.0.159 "GET /v2.0/ports?device_id=76527035-f8b9-460f-a706-48b0aa7a0d51 HTTP/1.1" status: 200 len: 210 time: 0.0189791
2026-05-20 04:22:39.885 9 INFO neutron.api.wsgi [None req-a3dfbfc6-94a9-4c85-a5ab-702cb117540e 863eb99aa6a94720be3fce0498d25c92 372b4dd9000f4fe0aa368e2fbc339545 - - default default] 10.0.0.8 "GET /v2.0/security-groups?tenant_id=c4f2e03fe3ec4896a713e15d4a4bf85b&name=default HTTP/1.1" status: 200 len: 3120 time: 0.0363879
2026-05-20 04:22:40.089 9 INFO neutron.api.wsgi [None req-474ad73a-9624-454a-a66f-ac49bed1ece2 863eb99aa6a94720be3fce0498d25c92 372b4dd9000f4fe0aa368e2fbc339545 - - default default] 10.0.0.8 "DELETE /v2.0/security-groups/1f49b5ff-1f8d-4681-95b8-8251f0790536 HTTP/1.1" status: 204 len: 168 time: 0.1988697
2026-05-20 04:22:40.093 9 INFO neutron.db.ovn_revision_numbers_db [None req-aa4953b9-dea3-437e-bf7b-ca5deda8997e - - - - - -] Successfully bumped revision number for resource 9965e49e-db4a-40ec-ae2b-d06f84cf935a (type: ports) to 1
2026-05-20 04:22:40.132 10 INFO neutron.db.ovn_revision_numbers_db [None req-69ec5dd7-be96-43b2-9984-bb01a9958adf 863eb99aa6a94720be3fce0498d25c92 372b4dd9000f4fe0aa368e2fbc339545 - - default default] Successfully bumped revision number for resource fac09104-acf0-4308-914d-06c09fe4e583 (type: security_groups) to 1
2026-05-20 04:22:40.148 10 INFO neutron.db.ovn_revision_numbers_db [None req-69ec5dd7-be96-43b2-9984-bb01a9958adf 863eb99aa6a94720be3fce0498d25c92 372b4dd9000f4fe0aa368e2fbc339545 - - default default] Successfully bumped revision number for resource 223ddf21-7eec-46bb-80c8-fdf945dca0a6 (type: security_group_rules) to 0
2026-05-20 04:22:40.161 10 INFO neutron.db.ovn_revision_numbers_db [None req-69ec5dd7-be96-43b2-9984-bb01a9958adf 863eb99aa6a94720be3fce0498d25c92 372b4dd9000f4fe0aa368e2fbc339545 - - default default] Successfully bumped revision number for resource a0176f41-afdf-4245-825d-576ce2394561 (type: security_group_rules) to 0
2026-05-20 04:22:40.180 10 INFO neutron.db.ovn_revision_numbers_db [None req-69ec5dd7-be96-43b2-9984-bb01a9958adf 863eb99aa6a94720be3fce0498d25c92 372b4dd9000f4fe0aa368e2fbc339545 - - default default] Successfully bumped revision number for resource bf732b32-78f9-42cd-99e9-b6994b9ab3ee (type: security_group_rules) to 0
2026-05-20 04:22:40.193 10 INFO neutron.db.ovn_revision_numbers_db [None req-69ec5dd7-be96-43b2-9984-bb01a9958adf 863eb99aa6a94720be3fce0498d25c92 372b4dd9000f4fe0aa368e2fbc339545 - - default default] Successfully bumped revision number for resource dee0c8ed-008d-4cd4-ae5b-e7c73a17b1e0 (type: security_group_rules) to 0
2026-05-20 04:22:40.205 10 WARNING neutron.scheduler.dhcp_agent_scheduler [None req-e5ad2d8c-b12d-460c-ae11-f1683bb482c8 863eb99aa6a94720be3fce0498d25c92 372b4dd9000f4fe0aa368e2fbc339545 - - default default] No more DHCP agents
2026-05-20 04:22:40.208 10 WARNING neutron.api.rpc.agentnotifiers.dhcp_rpc_agent_api [None req-e5ad2d8c-b12d-460c-ae11-f1683bb482c8 863eb99aa6a94720be3fce0498d25c92 372b4dd9000f4fe0aa368e2fbc339545 - - default default] Unable to schedule network 4611e98a-7d19-423f-b129-0d23f32db8b7: no agents available; will retry on subsequent port and subnet creation events.
2026-05-20 04:22:40.223 10 INFO neutron.api.wsgi [None req-69ec5dd7-be96-43b2-9984-bb01a9958adf 863eb99aa6a94720be3fce0498d25c92 372b4dd9000f4fe0aa368e2fbc339545 - - default default] 10.0.0.8 "GET /v2.0/security-groups?tenant_id=2ba53450e2ad46578184b9f90cab7cb2&name=default HTTP/1.1" status: 200 len: 3120 time: 0.3944283
2026-05-20 04:22:40.348 10 INFO neutron.db.ovn_revision_numbers_db [None req-e5ad2d8c-b12d-460c-ae11-f1683bb482c8 863eb99aa6a94720be3fce0498d25c92 372b4dd9000f4fe0aa368e2fbc339545 - - default default] Successfully bumped revision number for resource cbbcab5c-b03f-4e90-888b-aa9b1c2f3586 (type: ports) to 1
2026-05-20 04:22:40.413 9 INFO neutron.db.ovn_revision_numbers_db [None req-aa4953b9-dea3-437e-bf7b-ca5deda8997e - - - - - -] Successfully bumped revision number for resource 9965e49e-db4a-40ec-ae2b-d06f84cf935a (type: ports) to 4
2026-05-20 04:22:40.448 10 INFO neutron.api.wsgi [None req-c2521b8c-172a-48ff-878e-cdfdbb808d1b 863eb99aa6a94720be3fce0498d25c92 372b4dd9000f4fe0aa368e2fbc339545 - - default default] 10.0.0.8 "DELETE /v2.0/security-groups/fac09104-acf0-4308-914d-06c09fe4e583 HTTP/1.1" status: 204 len: 168 time: 0.2201693
2026-05-20 04:22:40.678 9 INFO neutron.db.ovn_revision_numbers_db [None req-aa4953b9-dea3-437e-bf7b-ca5deda8997e - - - - - -] Successfully bumped revision number for resource 9965e49e-db4a-40ec-ae2b-d06f84cf935a (type: ports) to 5
2026-05-20 04:22:40.701 10 INFO neutron.db.ovn_revision_numbers_db [None req-e07d0ba1-fe0f-44a2-8ada-185c49beaab2 863eb99aa6a94720be3fce0498d25c92 372b4dd9000f4fe0aa368e2fbc339545 - - default default] Successfully bumped revision number for resource 0bcf3789-d859-4042-b0b7-7eebef31a2cb (type: security_groups) to 1
2026-05-20 04:22:40.717 10 INFO neutron.db.ovn_revision_numbers_db [None req-e07d0ba1-fe0f-44a2-8ada-185c49beaab2 863eb99aa6a94720be3fce0498d25c92 372b4dd9000f4fe0aa368e2fbc339545 - - default default] Successfully bumped revision number for resource 5dc8501c-525a-4bbf-a160-fef6117abb07 (type: security_group_rules) to 0
2026-05-20 04:22:40.734 10 INFO neutron.db.ovn_revision_numbers_db [None req-e07d0ba1-fe0f-44a2-8ada-185c49beaab2 863eb99aa6a94720be3fce0498d25c92 372b4dd9000f4fe0aa368e2fbc339545 - - default default] Successfully bumped revision number for resource 66298c1d-7811-484a-b340-de99628798ba (type: security_group_rules) to 0
2026-05-20 04:22:40.750 10 INFO neutron.db.ovn_revision_numbers_db [None req-e07d0ba1-fe0f-44a2-8ada-185c49beaab2 863eb99aa6a94720be3fce0498d25c92 372b4dd9000f4fe0aa368e2fbc339545 - - default default] Successfully bumped revision number for resource 803300fc-15fb-4bb1-90bd-8a8102eaecaf (type: security_group_rules) to 0
2026-05-20 04:22:40.765 10 INFO neutron.db.ovn_revision_numbers_db [None req-e07d0ba1-fe0f-44a2-8ada-185c49beaab2 863eb99aa6a94720be3fce0498d25c92 372b4dd9000f4fe0aa368e2fbc339545 - - default default] Successfully bumped revision number for resource a606bb38-e4c9-4a8c-9ebe-db836dc2d910 (type: security_group_rules) to 0
2026-05-20 04:22:40.805 10 INFO neutron.api.wsgi [None req-e07d0ba1-fe0f-44a2-8ada-185c49beaab2 863eb99aa6a94720be3fce0498d25c92 372b4dd9000f4fe0aa368e2fbc339545 - - default default] 10.0.0.8 "GET /v2.0/security-groups?tenant_id=32b94a89bd09438b9a286b31eeb4720a&name=default HTTP/1.1" status: 200 len: 3120 time: 0.2260411
2026-05-20 04:22:40.866 10 INFO neutron.api.wsgi [req-86f6b54d-794c-4088-925d-19146f3587f5 req-bc6492ee-1466-469f-bebe-f24257035f17 c29ae2dab5604b8097d9c8a056fde3ac c1b1f4469e1e471ca25672d98e346a7d - - default default] 10.0.0.159 "GET /v2.0/ports?device_id=76527035-f8b9-460f-a706-48b0aa7a0d51 HTTP/1.1" status: 200 len: 210 time: 0.0190825
2026-05-20 04:22:40.908 10 INFO neutron.db.ovn_revision_numbers_db [None req-e5ad2d8c-b12d-460c-ae11-f1683bb482c8 863eb99aa6a94720be3fce0498d25c92 372b4dd9000f4fe0aa368e2fbc339545 - - default default] Successfully bumped revision number for resource cbbcab5c-b03f-4e90-888b-aa9b1c2f3586 (type: ports) to 1
2026-05-20 04:22:40.944 10 WARNING neutron.scheduler.dhcp_agent_scheduler [None req-e5ad2d8c-b12d-460c-ae11-f1683bb482c8 863eb99aa6a94720be3fce0498d25c92 372b4dd9000f4fe0aa368e2fbc339545 - - default default] No more DHCP agents
2026-05-20 04:22:40.945 10 WARNING neutron.api.rpc.agentnotifiers.dhcp_rpc_agent_api [None req-e5ad2d8c-b12d-460c-ae11-f1683bb482c8 863eb99aa6a94720be3fce0498d25c92 372b4dd9000f4fe0aa368e2fbc339545 - - default default] Unable to schedule network 4611e98a-7d19-423f-b129-0d23f32db8b7: no agents available; will retry on subsequent port and subnet creation events.
2026-05-20 04:22:41.011 9 INFO neutron.api.wsgi [None req-85ed3f92-19d5-4361-a6d9-54f84b4efe73 863eb99aa6a94720be3fce0498d25c92 372b4dd9000f4fe0aa368e2fbc339545 - - default default] 10.0.0.8 "DELETE /v2.0/security-groups/0bcf3789-d859-4042-b0b7-7eebef31a2cb HTTP/1.1" status: 204 len: 168 time: 0.1984940
2026-05-20 04:22:41.565 10 INFO neutron.db.ovn_revision_numbers_db [None req-e5ad2d8c-b12d-460c-ae11-f1683bb482c8 863eb99aa6a94720be3fce0498d25c92 372b4dd9000f4fe0aa368e2fbc339545 - - default default] Successfully bumped revision number for resource cbbcab5c-b03f-4e90-888b-aa9b1c2f3586 (type: router_ports) to 1
2026-05-20 04:22:41.572 10 INFO neutron.api.wsgi [None req-e5ad2d8c-b12d-460c-ae11-f1683bb482c8 863eb99aa6a94720be3fce0498d25c92 372b4dd9000f4fe0aa368e2fbc339545 - - default default] 10.0.0.8 "PUT /v2.0/routers/2b514724-af15-4907-a814-72de50eb3503/add_router_interface HTTP/1.1" status: 200 len: 503 time: 1.7941527
2026-05-20 04:22:41.856 10 INFO neutron.api.wsgi [req-53550ca5-dd2b-451b-a6d8-a12cecd4d768 req-cac5169f-ee53-4217-8c99-8aa1dcb6e633 c29ae2dab5604b8097d9c8a056fde3ac c1b1f4469e1e471ca25672d98e346a7d - - default default] 199.204.45.77 "GET /v2.0/networks?id=f2800a67-bf2e-4ca6-931b-c771a4244880 HTTP/1.1" status: 200 len: 858 time: 0.0506802
2026-05-20 04:22:41.867 10 WARNING neutron.plugins.ml2.drivers.ovn.mech_driver.ovsdb.ovn_client [None req-0915d16c-ef45-44d2-9276-4eaee5aaf3a3 - - - - - -] No hosting information found for port 4548906e-4d25-455d-8b13-521cd3f98b93: RuntimeError: No hosting information found for port 4548906e-4d25-455d-8b13-521cd3f98b93
2026-05-20 04:22:41.900 10 INFO neutron.api.wsgi [req-53550ca5-dd2b-451b-a6d8-a12cecd4d768 req-6e2e6046-ed68-46f8-ab4f-aac7f278e991 c29ae2dab5604b8097d9c8a056fde3ac c1b1f4469e1e471ca25672d98e346a7d - - default default] 199.204.45.77 "GET /v2.0/security-groups?fields=id&fields=name&tenant_id=c1b1f4469e1e471ca25672d98e346a7d HTTP/1.1" status: 200 len: 473 time: 0.0407617
2026-05-20 04:22:41.907 10 WARNING neutron_lib.context [req-53550ca5-dd2b-451b-a6d8-a12cecd4d768 req-e3060ffb-7186-407d-a625-7471ddc48631 c29ae2dab5604b8097d9c8a056fde3ac c1b1f4469e1e471ca25672d98e346a7d - - default default] Method 'is_advsvc' is deprecated since 2023.2 release (neutron-lib 3.8.0) and will be removed once support for the old RBAC API policies will be removed from Neutron. Please use method 'is_service_role' instead.
2026-05-20 04:22:41.939 10 INFO neutron.db.ovn_revision_numbers_db [None req-0915d16c-ef45-44d2-9276-4eaee5aaf3a3 - - - - - -] Successfully bumped revision number for resource 4548906e-4d25-455d-8b13-521cd3f98b93 (type: router_ports) to 2
2026-05-20 04:22:41.946 9 INFO neutron.api.wsgi [req-9332501a-4804-40ee-9f02-acd4cb4d264e req-67107681-75fb-444b-907c-fb57d0710871 c29ae2dab5604b8097d9c8a056fde3ac c1b1f4469e1e471ca25672d98e346a7d - - default default] 10.0.0.159 "GET /v2.0/ports?device_id=76527035-f8b9-460f-a706-48b0aa7a0d51 HTTP/1.1" status: 200 len: 210 time: 0.0191429
2026-05-20 04:22:41.977 10 INFO neutron.plugins.ml2.drivers.ovn.mech_driver.mech_driver [None req-0915d16c-ef45-44d2-9276-4eaee5aaf3a3 - - - - - -] OVN reports status up for port: cbbcab5c-b03f-4e90-888b-aa9b1c2f3586
2026-05-20 04:22:41.985 10 INFO neutron.plugins.ml2.plugin [None req-0915d16c-ef45-44d2-9276-4eaee5aaf3a3 - - - - - -] Attempt 1 to provision port cbbcab5c-b03f-4e90-888b-aa9b1c2f3586
2026-05-20 04:22:42.159 9 WARNING neutron_lib.context [None req-d464f403-2d79-4f02-b8ec-2793a64d6600 8e29ce69b0d84f279975a2978a87f96d 3152355a5ab54738b458960a101e09a1 - - default default] Method 'is_advsvc' is deprecated since 2023.2 release (neutron-lib 3.8.0) and will be removed once support for the old RBAC API policies will be removed from Neutron. Please use method 'is_service_role' instead.
2026-05-20 04:22:42.201 10 WARNING neutron.scheduler.dhcp_agent_scheduler [req-53550ca5-dd2b-451b-a6d8-a12cecd4d768 req-e3060ffb-7186-407d-a625-7471ddc48631 c29ae2dab5604b8097d9c8a056fde3ac c1b1f4469e1e471ca25672d98e346a7d - - default default] No more DHCP agents
2026-05-20 04:22:42.203 10 WARNING neutron.api.rpc.agentnotifiers.dhcp_rpc_agent_api [req-53550ca5-dd2b-451b-a6d8-a12cecd4d768 req-e3060ffb-7186-407d-a625-7471ddc48631 c29ae2dab5604b8097d9c8a056fde3ac c1b1f4469e1e471ca25672d98e346a7d - - default default] Unable to schedule network f2800a67-bf2e-4ca6-931b-c771a4244880: no agents available; will retry on subsequent port and subnet creation events.
2026-05-20 04:22:42.255 9 INFO neutron.db.ovn_revision_numbers_db [None req-d464f403-2d79-4f02-b8ec-2793a64d6600 8e29ce69b0d84f279975a2978a87f96d 3152355a5ab54738b458960a101e09a1 - - default default] Successfully bumped revision number for resource e99d5776-453c-43ca-bc70-2d07ab3b15b2 (type: security_groups) to 1
2026-05-20 04:22:42.268 9 INFO neutron.db.ovn_revision_numbers_db [None req-d464f403-2d79-4f02-b8ec-2793a64d6600 8e29ce69b0d84f279975a2978a87f96d 3152355a5ab54738b458960a101e09a1 - - default default] Successfully bumped revision number for resource 8c097769-43ad-4663-834c-1cccbdd29024 (type: security_group_rules) to 0
2026-05-20 04:22:42.281 9 INFO neutron.db.ovn_revision_numbers_db [None req-d464f403-2d79-4f02-b8ec-2793a64d6600 8e29ce69b0d84f279975a2978a87f96d 3152355a5ab54738b458960a101e09a1 - - default default] Successfully bumped revision number for resource c25bce1c-557e-4331-afea-e24605c5d058 (type: security_group_rules) to 0
2026-05-20 04:22:42.316 9 INFO neutron.api.wsgi [None req-d464f403-2d79-4f02-b8ec-2793a64d6600 8e29ce69b0d84f279975a2978a87f96d 3152355a5ab54738b458960a101e09a1 - - default default] 10.0.0.8 "POST /v2.0/security-groups HTTP/1.1" status: 201 len: 1875 time: 0.1604867 /var/lib/openstack/lib/python3.12/site-packages/pycadf/identifier.py:71: UserWarning: Invalid uuid: neutron. To ensure interoperability, identifiers should be a valid uuid. warnings.warn(('Invalid uuid: %s. To ensure interoperability, '
2026-05-20 04:22:42.324 10 WARNING neutron_lib.context [None req-104b7e02-672d-49ca-9be4-65b7c170d901 8e29ce69b0d84f279975a2978a87f96d 3152355a5ab54738b458960a101e09a1 - - default default] Method 'is_advsvc' is deprecated since 2023.2 release (neutron-lib 3.8.0) and will be removed once support for the old RBAC API policies will be removed from Neutron. Please use method 'is_service_role' instead.
2026-05-20 04:22:42.387 10 INFO neutron.db.ovn_revision_numbers_db [None req-0915d16c-ef45-44d2-9276-4eaee5aaf3a3 - - - - - -] Successfully bumped revision number for resource cbbcab5c-b03f-4e90-888b-aa9b1c2f3586 (type: ports) to 2
2026-05-20 04:22:42.390 10 INFO neutron.db.ovn_revision_numbers_db [req-53550ca5-dd2b-451b-a6d8-a12cecd4d768 req-e3060ffb-7186-407d-a625-7471ddc48631 c29ae2dab5604b8097d9c8a056fde3ac c1b1f4469e1e471ca25672d98e346a7d - - default default] Successfully bumped revision number for resource 22a1c903-6b33-439a-9a56-226908c2977d (type: ports) to 1
2026-05-20 04:22:42.420 10 INFO neutron.api.wsgi [req-53550ca5-dd2b-451b-a6d8-a12cecd4d768 req-e3060ffb-7186-407d-a625-7471ddc48631 c29ae2dab5604b8097d9c8a056fde3ac c1b1f4469e1e471ca25672d98e346a7d - - default default] 199.204.45.77 "POST /v2.0/ports HTTP/1.1" status: 201 len: 1162 time: 0.5167944
2026-05-20 04:22:42.482 10 INFO neutron.db.ovn_revision_numbers_db [None req-104b7e02-672d-49ca-9be4-65b7c170d901 8e29ce69b0d84f279975a2978a87f96d 3152355a5ab54738b458960a101e09a1 - - default default] Successfully bumped revision number for resource d6a8d3c2-b32c-41b5-9de5-af7942b8c803 (type: security_group_rules) to 0
2026-05-20 04:22:42.522 10 INFO neutron.api.wsgi [None req-104b7e02-672d-49ca-9be4-65b7c170d901 8e29ce69b0d84f279975a2978a87f96d 3152355a5ab54738b458960a101e09a1 - - default default] 10.0.0.8 "POST /v2.0/security-group-rules HTTP/1.1" status: 201 len: 796 time: 0.2012737
2026-05-20 04:22:42.534 9 WARNING neutron_lib.context [None req-9d3e4278-e9dc-4986-bdc0-ae3403eb4b65 8e29ce69b0d84f279975a2978a87f96d 3152355a5ab54738b458960a101e09a1 - - default default] Method 'is_advsvc' is deprecated since 2023.2 release (neutron-lib 3.8.0) and will be removed once support for the old RBAC API policies will be removed from Neutron. Please use method 'is_service_role' instead.
2026-05-20 04:22:42.645 9 INFO neutron.db.ovn_revision_numbers_db [None req-9d3e4278-e9dc-4986-bdc0-ae3403eb4b65 8e29ce69b0d84f279975a2978a87f96d 3152355a5ab54738b458960a101e09a1 - - default default] Successfully bumped revision number for resource 67016e09-f827-4558-958a-f797b4dad63e (type: security_group_rules) to 0
2026-05-20 04:22:42.672 9 INFO neutron.api.wsgi [None req-9d3e4278-e9dc-4986-bdc0-ae3403eb4b65 8e29ce69b0d84f279975a2978a87f96d 3152355a5ab54738b458960a101e09a1 - - default default] 10.0.0.8 "POST /v2.0/security-group-rules HTTP/1.1" status: 201 len: 795 time: 0.1441083
2026-05-20 04:22:42.681 9 WARNING neutron_lib.context [None req-b3221057-e71b-491f-a0a8-ff7248e2fd09 8e29ce69b0d84f279975a2978a87f96d 3152355a5ab54738b458960a101e09a1 - - default default] Method 'is_advsvc' is deprecated since 2023.2 release (neutron-lib 3.8.0) and will be removed once support for the old RBAC API policies will be removed from Neutron. Please use method 'is_service_role' instead.
2026-05-20 04:22:42.782 9 INFO neutron.db.ovn_revision_numbers_db [None req-b3221057-e71b-491f-a0a8-ff7248e2fd09 8e29ce69b0d84f279975a2978a87f96d 3152355a5ab54738b458960a101e09a1 - - default default] Successfully bumped revision number for resource f1da2c25-3b39-41e8-900f-ffb281dca838 (type: security_group_rules) to 0
2026-05-20 04:22:42.785 10 INFO neutron.db.ovn_revision_numbers_db [req-53550ca5-dd2b-451b-a6d8-a12cecd4d768 req-b080b41a-5a3d-4ceb-9999-28a28428ecb9 57692e10e8fd4b328a7dae3cc32e52ec ad1e096be674483688e6e805d7ad783b - - 60addf7264a345b38dfa0ab24c29b325 60addf7264a345b38dfa0ab24c29b325] Successfully bumped revision number for resource 22a1c903-6b33-439a-9a56-226908c2977d (type: ports) to 2
2026-05-20 04:22:42.810 9 INFO neutron.api.wsgi [None req-b3221057-e71b-491f-a0a8-ff7248e2fd09 8e29ce69b0d84f279975a2978a87f96d 3152355a5ab54738b458960a101e09a1 - - default default] 10.0.0.8 "POST /v2.0/security-group-rules HTTP/1.1" status: 201 len: 801 time: 0.1323156
2026-05-20 04:22:42.819 9 WARNING neutron_lib.context [None req-c8b1a67d-3ffe-463f-ba8b-f2252541c221 8e29ce69b0d84f279975a2978a87f96d 3152355a5ab54738b458960a101e09a1 - - default default] Method 'is_advsvc' is deprecated since 2023.2 release (neutron-lib 3.8.0) and will be removed once support for the old RBAC API policies will be removed from Neutron. Please use method 'is_service_role' instead.
2026-05-20 04:22:42.928 9 INFO neutron.db.ovn_revision_numbers_db [None req-c8b1a67d-3ffe-463f-ba8b-f2252541c221 8e29ce69b0d84f279975a2978a87f96d 3152355a5ab54738b458960a101e09a1 - - default default] Successfully bumped revision number for resource d2c1d413-966d-42d1-a5e4-069a4d72aa56 (type: security_group_rules) to 0
2026-05-20 04:22:42.961 9 INFO neutron.api.wsgi [None req-c8b1a67d-3ffe-463f-ba8b-f2252541c221 8e29ce69b0d84f279975a2978a87f96d 3152355a5ab54738b458960a101e09a1 - - default default] 10.0.0.8 "POST /v2.0/security-group-rules HTTP/1.1" status: 201 len: 800 time: 0.1469440
2026-05-20 04:22:42.964 10 INFO neutron.db.ovn_revision_numbers_db [req-53550ca5-dd2b-451b-a6d8-a12cecd4d768 req-b080b41a-5a3d-4ceb-9999-28a28428ecb9 57692e10e8fd4b328a7dae3cc32e52ec ad1e096be674483688e6e805d7ad783b - - 60addf7264a345b38dfa0ab24c29b325 60addf7264a345b38dfa0ab24c29b325] Successfully bumped revision number for resource 22a1c903-6b33-439a-9a56-226908c2977d (type: ports) to 4
2026-05-20 04:22:42.971 9 WARNING neutron_lib.context [None req-05f5b342-478b-406b-a892-fc3da844217e 8e29ce69b0d84f279975a2978a87f96d 3152355a5ab54738b458960a101e09a1 - - default default] Method 'is_advsvc' is deprecated since 2023.2 release (neutron-lib 3.8.0) and will be removed once support for the old RBAC API policies will be removed from Neutron. Please use method 'is_service_role' instead.
2026-05-20 04:22:42.982 10 INFO neutron.api.wsgi [req-53550ca5-dd2b-451b-a6d8-a12cecd4d768 req-b080b41a-5a3d-4ceb-9999-28a28428ecb9 57692e10e8fd4b328a7dae3cc32e52ec ad1e096be674483688e6e805d7ad783b - - 60addf7264a345b38dfa0ab24c29b325 60addf7264a345b38dfa0ab24c29b325] 199.204.45.77 "PUT /v2.0/ports/22a1c903-6b33-439a-9a56-226908c2977d HTTP/1.1" status: 200 len: 1408 time: 0.5543573
2026-05-20 04:22:43.012 10 INFO neutron.notifiers.nova [-] Nova event matching ['req-9ada6f28-67f4-41ed-8866-b11819bcf63c'] response: {'name': 'network-changed', 'server_uuid': '76527035-f8b9-460f-a706-48b0aa7a0d51', 'tag': '22a1c903-6b33-439a-9a56-226908c2977d', 'status': 'completed', 'code': 200}
2026-05-20 04:22:43.022 9 INFO neutron.db.securitygroups_db [None req-05f5b342-478b-406b-a892-fc3da844217e 8e29ce69b0d84f279975a2978a87f96d 3152355a5ab54738b458960a101e09a1 - - default default] Project 3152355a5ab54738b458960a101e09a1 added a security group rule with legacy IPv6 ICMP protocol name icmp, ipv6-icmp should be used instead. It was automatically converted.
2026-05-20 04:22:43.094 9 INFO neutron.api.wsgi [req-6e83104c-fb40-4bc8-b019-8d1bee8b7aba req-9173b8be-9044-4ac4-8518-ab9d09f5abf9 c29ae2dab5604b8097d9c8a056fde3ac c1b1f4469e1e471ca25672d98e346a7d - - default default] 10.0.0.159 "GET /v2.0/ports?device_id=76527035-f8b9-460f-a706-48b0aa7a0d51 HTTP/1.1" status: 200 len: 1172 time: 0.0838368
2026-05-20 04:22:43.135 9 INFO neutron.db.ovn_revision_numbers_db [None req-05f5b342-478b-406b-a892-fc3da844217e 8e29ce69b0d84f279975a2978a87f96d 3152355a5ab54738b458960a101e09a1 - - default default] Successfully bumped revision number for resource 784fb8fd-f3bc-4f30-a919-ea79b22beb29 (type: security_group_rules) to 0
2026-05-20 04:22:43.138 9 INFO neutron.api.wsgi [req-6e83104c-fb40-4bc8-b019-8d1bee8b7aba req-f27c2f84-16c4-45ec-a9da-7a7af140dc05 c29ae2dab5604b8097d9c8a056fde3ac c1b1f4469e1e471ca25672d98e346a7d - - default default] 10.0.0.159 "GET /v2.0/security-groups?id=80596f0e-574d-434e-98c4-a8d8b32e8925&fields=id&fields=name HTTP/1.1" status: 200 len: 313 time: 0.0371766
2026-05-20 04:22:43.165 9 INFO neutron.api.wsgi [None req-05f5b342-478b-406b-a892-fc3da844217e 8e29ce69b0d84f279975a2978a87f96d 3152355a5ab54738b458960a101e09a1 - - default default] 10.0.0.8 "POST /v2.0/security-group-rules HTTP/1.1" status: 201 len: 806 time: 0.1993649
2026-05-20 04:22:43.175 9 WARNING neutron_lib.context [None req-d9cb4bce-032c-425c-bc52-81fe62fed767 8e29ce69b0d84f279975a2978a87f96d 3152355a5ab54738b458960a101e09a1 - - default default] Method 'is_advsvc' is deprecated since 2023.2 release (neutron-lib 3.8.0) and will be removed once support for the old RBAC API policies will be removed from Neutron. Please use method 'is_service_role' instead.
2026-05-20 04:22:43.210 9 INFO neutron.db.securitygroups_db [None req-d9cb4bce-032c-425c-bc52-81fe62fed767 8e29ce69b0d84f279975a2978a87f96d 3152355a5ab54738b458960a101e09a1 - - default default] Project 3152355a5ab54738b458960a101e09a1 added a security group rule with legacy IPv6 ICMP protocol name icmp, ipv6-icmp should be used instead. It was automatically converted.
2026-05-20 04:22:43.293 9 INFO neutron.db.ovn_revision_numbers_db [None req-d9cb4bce-032c-425c-bc52-81fe62fed767 8e29ce69b0d84f279975a2978a87f96d 3152355a5ab54738b458960a101e09a1 - - default default] Successfully bumped revision number for resource dbffd745-8dc0-4073-bef0-79de07f0de9f (type: security_group_rules) to 0
2026-05-20 04:22:43.320 9 INFO neutron.api.wsgi [None req-d9cb4bce-032c-425c-bc52-81fe62fed767 8e29ce69b0d84f279975a2978a87f96d 3152355a5ab54738b458960a101e09a1 - - default default] 10.0.0.8 "POST /v2.0/security-group-rules HTTP/1.1" status: 201 len: 805 time: 0.1494186 /var/lib/openstack/lib/python3.12/site-packages/pycadf/identifier.py:71: UserWarning: Invalid uuid: neutron. To ensure interoperability, identifiers should be a valid uuid. warnings.warn(('Invalid uuid: %s. To ensure interoperability, '
2026-05-20 04:22:43.550 10 INFO neutron.api.wsgi [req-79d675e8-b70e-423b-b497-443ed0144ace req-acccaad5-6a30-4dcd-a595-c59b812dd584 57692e10e8fd4b328a7dae3cc32e52ec ad1e096be674483688e6e805d7ad783b - - 60addf7264a345b38dfa0ab24c29b325 60addf7264a345b38dfa0ab24c29b325] 199.204.45.77 "GET /v2.0/ports?tenant_id=c1b1f4469e1e471ca25672d98e346a7d&device_id=76527035-f8b9-460f-a706-48b0aa7a0d51 HTTP/1.1" status: 200 len: 1411 time: 0.0265524
2026-05-20 04:22:43.594 10 INFO neutron.api.wsgi [req-79d675e8-b70e-423b-b497-443ed0144ace req-7959df4a-9f08-4e86-9a1a-55f54fff616e 57692e10e8fd4b328a7dae3cc32e52ec ad1e096be674483688e6e805d7ad783b - - 60addf7264a345b38dfa0ab24c29b325 60addf7264a345b38dfa0ab24c29b325] 199.204.45.77 "GET /v2.0/networks?tenant_id=c1b1f4469e1e471ca25672d98e346a7d&shared=False HTTP/1.1" status: 200 len: 957 time: 0.0398421
2026-05-20 04:22:43.639 10 INFO neutron.api.wsgi [req-79d675e8-b70e-423b-b497-443ed0144ace req-fb8bf46b-e436-403d-9ac5-cc54433e91ad 57692e10e8fd4b328a7dae3cc32e52ec ad1e096be674483688e6e805d7ad783b - - 60addf7264a345b38dfa0ab24c29b325 60addf7264a345b38dfa0ab24c29b325] 199.204.45.77 "GET /v2.0/networks?shared=True HTTP/1.1" status: 200 len: 952 time: 0.0388174
2026-05-20 04:22:43.745 9 WARNING neutron_lib.context [None req-2a8a3082-af02-41c7-8e87-991a5fc7c345 8e29ce69b0d84f279975a2978a87f96d 3152355a5ab54738b458960a101e09a1 - - default default] Method 'is_advsvc' is deprecated since 2023.2 release (neutron-lib 3.8.0) and will be removed once support for the old RBAC API policies will be removed from Neutron. Please use method 'is_service_role' instead.
2026-05-20 04:22:43.853 9 INFO neutron.db.ovn_revision_numbers_db [None req-2a8a3082-af02-41c7-8e87-991a5fc7c345 8e29ce69b0d84f279975a2978a87f96d 3152355a5ab54738b458960a101e09a1 - - default default] Successfully bumped revision number for resource 3d658db8-51b8-4e10-b74f-b08aab0557d9 (type: security_groups) to 1
2026-05-20 04:22:43.865 9 INFO neutron.db.ovn_revision_numbers_db [None req-2a8a3082-af02-41c7-8e87-991a5fc7c345 8e29ce69b0d84f279975a2978a87f96d 3152355a5ab54738b458960a101e09a1 - - default default] Successfully bumped revision number for resource e376e6f3-b860-448f-bc41-9f1f0e2c532a (type: security_group_rules) to 0
2026-05-20 04:22:43.878 9 INFO neutron.db.ovn_revision_numbers_db [None req-2a8a3082-af02-41c7-8e87-991a5fc7c345 8e29ce69b0d84f279975a2978a87f96d 3152355a5ab54738b458960a101e09a1 - - default default] Successfully bumped revision number for resource ecac92ee-bd3c-4092-a1c6-846c26d971d9 (type: security_group_rules) to 0
2026-05-20 04:22:43.910 9 INFO neutron.api.wsgi [None req-2a8a3082-af02-41c7-8e87-991a5fc7c345 8e29ce69b0d84f279975a2978a87f96d 3152355a5ab54738b458960a101e09a1 - - default default] 10.0.0.8 "POST /v2.0/security-groups HTTP/1.1" status: 201 len: 1858 time: 0.1695478
2026-05-20 04:22:43.919 9 WARNING neutron_lib.context [None req-9facc4ba-3137-4937-a826-d5e0fbc03e91 8e29ce69b0d84f279975a2978a87f96d 3152355a5ab54738b458960a101e09a1 - - default default] Method 'is_advsvc' is deprecated since 2023.2 release (neutron-lib 3.8.0) and will be removed once support for the old RBAC API policies will be removed from Neutron. Please use method 'is_service_role' instead.
2026-05-20 04:22:44.037 9 INFO neutron.db.ovn_revision_numbers_db [None req-9facc4ba-3137-4937-a826-d5e0fbc03e91 8e29ce69b0d84f279975a2978a87f96d 3152355a5ab54738b458960a101e09a1 - - default default] Successfully bumped revision number for resource ebeee9a8-8946-4b2e-860e-b5175902931f (type: security_group_rules) to 0
2026-05-20 04:22:44.070 9 INFO neutron.api.wsgi [None req-9facc4ba-3137-4937-a826-d5e0fbc03e91 8e29ce69b0d84f279975a2978a87f96d 3152355a5ab54738b458960a101e09a1 - - default default] 10.0.0.8 "POST /v2.0/security-group-rules HTTP/1.1" status: 201 len: 796 time: 0.1551437
2026-05-20 04:22:44.083 10 WARNING neutron_lib.context [None req-3944fd0b-3c5d-45cf-b698-6c902731d1ee 8e29ce69b0d84f279975a2978a87f96d 3152355a5ab54738b458960a101e09a1 - - default default] Method 'is_advsvc' is deprecated since 2023.2 release (neutron-lib 3.8.0) and will be removed once support for the old RBAC API policies will be removed from Neutron. Please use method 'is_service_role' instead.
2026-05-20 04:22:44.209 10 INFO neutron.db.ovn_revision_numbers_db [None req-3944fd0b-3c5d-45cf-b698-6c902731d1ee 8e29ce69b0d84f279975a2978a87f96d 3152355a5ab54738b458960a101e09a1 - - default default] Successfully bumped revision number for resource 9b14f08c-bd96-4e1d-997c-b09ebee9d4db (type: security_group_rules) to 0
2026-05-20 04:22:44.216 10 WARNING neutron_lib.context [None req-dd8dd5cb-bd02-47e1-ba4d-5c7b4253a886 5ca3bc8a1a554b1baaf653b944c558c1 57f2886187e54bdaa30d996c99069860 - - default default] Method 'is_advsvc' is deprecated since 2023.2 release (neutron-lib 3.8.0) and will be removed once support for the old RBAC API policies will be removed from Neutron. Please use method 'is_service_role' instead.
2026-05-20 04:22:44.237 9 INFO neutron.api.wsgi [req-4a460f3a-a15c-4723-b140-2a06375aba4f req-58fa74fa-a1ef-4a5a-8d38-a691d2187e33 c29ae2dab5604b8097d9c8a056fde3ac c1b1f4469e1e471ca25672d98e346a7d - - default default] 10.0.0.159 "GET /v2.0/ports?device_id=76527035-f8b9-460f-a706-48b0aa7a0d51 HTTP/1.1" status: 200 len: 1172 time: 0.0319440
2026-05-20 04:22:44.242 10 INFO neutron.api.wsgi [None req-3944fd0b-3c5d-45cf-b698-6c902731d1ee 8e29ce69b0d84f279975a2978a87f96d 3152355a5ab54738b458960a101e09a1 - - default default] 10.0.0.8 "POST /v2.0/security-group-rules HTTP/1.1" status: 201 len: 801 time: 0.1661754
2026-05-20 04:22:44.250 10 WARNING neutron_lib.context [None req-73c619ca-85ef-4300-acbc-a55dfff79e2d 8e29ce69b0d84f279975a2978a87f96d 3152355a5ab54738b458960a101e09a1 - - default default] Method 'is_advsvc' is deprecated since 2023.2 release (neutron-lib 3.8.0) and will be removed once support for the old RBAC API policies will be removed from Neutron. Please use method 'is_service_role' instead.
2026-05-20 04:22:44.278 9 INFO neutron.api.wsgi [req-4a460f3a-a15c-4723-b140-2a06375aba4f req-f96b32dc-0d1b-4355-9b64-f791841f02b9 c29ae2dab5604b8097d9c8a056fde3ac c1b1f4469e1e471ca25672d98e346a7d - - default default] 10.0.0.159 "GET /v2.0/security-groups?id=80596f0e-574d-434e-98c4-a8d8b32e8925&fields=id&fields=name HTTP/1.1" status: 200 len: 313 time: 0.0362122
2026-05-20 04:22:44.310 9 INFO neutron.db.ovn_revision_numbers_db [None req-9174101f-26af-4230-bed3-314ba9f044c5 863eb99aa6a94720be3fce0498d25c92 372b4dd9000f4fe0aa368e2fbc339545 - - default default] Successfully bumped revision number for resource 1c8b57d8-abfb-43cb-9bfa-6a38e6acd487 (type: security_groups) to 1
2026-05-20 04:22:44.324 9 INFO neutron.db.ovn_revision_numbers_db [None req-9174101f-26af-4230-bed3-314ba9f044c5 863eb99aa6a94720be3fce0498d25c92 372b4dd9000f4fe0aa368e2fbc339545 - - default default] Successfully bumped revision number for resource 0cf909e1-97da-4fba-9918-6c70b27ef3fa (type: security_group_rules) to 0
2026-05-20 04:22:44.336 9 INFO neutron.db.ovn_revision_numbers_db [None req-9174101f-26af-4230-bed3-314ba9f044c5 863eb99aa6a94720be3fce0498d25c92 372b4dd9000f4fe0aa368e2fbc339545 - - default default] Successfully bumped revision number for resource 3d2de5c1-ea3e-4f02-8ac2-5ab30a4c57d4 (type: security_group_rules) to 0
2026-05-20 04:22:44.337 10 INFO neutron.db.ovn_revision_numbers_db [None req-dd8dd5cb-bd02-47e1-ba4d-5c7b4253a886 5ca3bc8a1a554b1baaf653b944c558c1 57f2886187e54bdaa30d996c99069860 - - default default] Successfully bumped revision number for resource 57fa8673-192c-42ec-81c5-75a2cfda7bae (type: security_groups) to 1
2026-05-20 04:22:44.347 9 INFO neutron.db.ovn_revision_numbers_db [None req-9174101f-26af-4230-bed3-314ba9f044c5 863eb99aa6a94720be3fce0498d25c92 372b4dd9000f4fe0aa368e2fbc339545 - - default default] Successfully bumped revision number for resource 61b3ba15-9f18-46d4-b721-bc51d9951bfc (type: security_group_rules) to 0
2026-05-20 04:22:44.350 10 INFO neutron.db.ovn_revision_numbers_db [None req-dd8dd5cb-bd02-47e1-ba4d-5c7b4253a886 5ca3bc8a1a554b1baaf653b944c558c1 57f2886187e54bdaa30d996c99069860 - - default default] Successfully bumped revision number for resource 63d40bef-4650-4751-bddd-c063e7a99170 (type: security_group_rules) to 0
2026-05-20 04:22:44.359 9 INFO neutron.db.ovn_revision_numbers_db [None req-9174101f-26af-4230-bed3-314ba9f044c5 863eb99aa6a94720be3fce0498d25c92 372b4dd9000f4fe0aa368e2fbc339545 - - default default] Successfully bumped revision number for resource a452f632-5a3c-4fe2-be25-f02ec84651b2 (type: security_group_rules) to 0
2026-05-20 04:22:44.363 10 INFO neutron.db.ovn_revision_numbers_db [None req-dd8dd5cb-bd02-47e1-ba4d-5c7b4253a886 5ca3bc8a1a554b1baaf653b944c558c1 57f2886187e54bdaa30d996c99069860 - - default default] Successfully bumped revision number for resource d6b851c7-f5b4-4fc5-ac1e-a82810b0840d (type: security_group_rules) to 0
2026-05-20 04:22:44.379 10 INFO neutron.db.ovn_revision_numbers_db [None req-dd8dd5cb-bd02-47e1-ba4d-5c7b4253a886 5ca3bc8a1a554b1baaf653b944c558c1 57f2886187e54bdaa30d996c99069860 - - default default] Successfully bumped revision number for resource ddbdf35b-641b-46d6-b400-d62ce899a875 (type: security_group_rules) to 0
2026-05-20 04:22:44.392 9 INFO neutron.api.wsgi [None req-9174101f-26af-4230-bed3-314ba9f044c5 863eb99aa6a94720be3fce0498d25c92 372b4dd9000f4fe0aa368e2fbc339545 - - default default] 10.0.0.8 "GET /v2.0/security-groups?tenant_id=c8f7c91ae0654b2c969e7a1dbcabc6c0&name=default HTTP/1.1" status: 200 len: 3120 time: 0.3043118
2026-05-20 04:22:44.393 10 INFO neutron.db.ovn_revision_numbers_db [None req-dd8dd5cb-bd02-47e1-ba4d-5c7b4253a886 5ca3bc8a1a554b1baaf653b944c558c1 57f2886187e54bdaa30d996c99069860 - - default default] Successfully bumped revision number for resource ecb6ea76-aa01-48f3-bc7f-11709fe83002 (type: security_group_rules) to 0
2026-05-20 04:22:44.456 10 WARNING neutron.scheduler.dhcp_agent_scheduler [None req-73c619ca-85ef-4300-acbc-a55dfff79e2d 8e29ce69b0d84f279975a2978a87f96d 3152355a5ab54738b458960a101e09a1 - - default default] No more DHCP agents
