2026-05-20 04:23:58.726 10 INFO neutron.db.ovn_revision_numbers_db [None req-783782b9-6d3f-41f1-a6bb-99dd644f2b3d 36066cd83aaa4de78ab78922df8b8a38 781bb4458f654b569bbf391b6b2764a4 - - default default] Successfully bumped revision number for resource f256aa2b-b304-445c-afe3-a372ab878b09 (type: networks) to 1
2026-05-20 04:23:58.837 9 INFO neutron.plugins.ml2.drivers.ovn.mech_driver.ovsdb.commands [None req-12ab5c90-8989-4f42-9334-e79221420d30 - - - - - -] Schedule LRP lrp-8bf56e2d-807d-4f69-889c-fbb9ad984e40 on gateway 84081367-4f53-4f23-9772-58bfc96e566c with priority 1
2026-05-20 04:23:58.880 9 INFO neutron.db.ovn_revision_numbers_db [None req-9f5e230d-5f3e-4274-b9eb-bcdec536456b 96b3f473a70d4f00a5666dd888ec9f53 30eaf8ac2ed54fd48282592c8785ada7 - - default default] Successfully bumped revision number for resource 8bf56e2d-807d-4f69-889c-fbb9ad984e40 (type: router_ports) to 1
2026-05-20 04:23:58.890 10 WARNING neutron.scheduler.dhcp_agent_scheduler [None req-783782b9-6d3f-41f1-a6bb-99dd644f2b3d 36066cd83aaa4de78ab78922df8b8a38 781bb4458f654b569bbf391b6b2764a4 - - default default] No more DHCP agents
2026-05-20 04:23:58.891 10 WARNING neutron.api.rpc.agentnotifiers.dhcp_rpc_agent_api [None req-783782b9-6d3f-41f1-a6bb-99dd644f2b3d 36066cd83aaa4de78ab78922df8b8a38 781bb4458f654b569bbf391b6b2764a4 - - default default] Unable to schedule network f256aa2b-b304-445c-afe3-a372ab878b09: no agents available; will retry on subsequent port and subnet creation events.
2026-05-20 04:23:58.942 10 INFO neutron.db.ovn_revision_numbers_db [None req-783782b9-6d3f-41f1-a6bb-99dd644f2b3d 36066cd83aaa4de78ab78922df8b8a38 781bb4458f654b569bbf391b6b2764a4 - - default default] Successfully bumped revision number for resource d3e3fd61-fbd4-411a-8af6-8e9485d1ed75 (type: ports) to 1
2026-05-20 04:23:58.959 10 INFO neutron.api.wsgi [None req-783782b9-6d3f-41f1-a6bb-99dd644f2b3d 36066cd83aaa4de78ab78922df8b8a38 781bb4458f654b569bbf391b6b2764a4 - - default default] 10.0.0.8 "POST /v2.0/networks HTTP/1.1" status: 201 len: 831 time: 0.4470108
2026-05-20 04:23:58.977 10 WARNING neutron_lib.context [None req-d0c9b608-dc89-4686-bfb8-017365655630 36066cd83aaa4de78ab78922df8b8a38 781bb4458f654b569bbf391b6b2764a4 - - default default] Method 'is_advsvc' is deprecated since 2023.2 release (neutron-lib 3.8.0) and will be removed once support for the old RBAC API policies will be removed from Neutron. Please use method 'is_service_role' instead.
2026-05-20 04:23:58.982 9 INFO neutron.db.ovn_revision_numbers_db [None req-9f5e230d-5f3e-4274-b9eb-bcdec536456b 96b3f473a70d4f00a5666dd888ec9f53 30eaf8ac2ed54fd48282592c8785ada7 - - default default] Successfully bumped revision number for resource cbb1f497-9852-460b-aabc-535f4e544d0c (type: routers) to 2
2026-05-20 04:23:59.004 9 INFO neutron.api.wsgi [None req-9f5e230d-5f3e-4274-b9eb-bcdec536456b 96b3f473a70d4f00a5666dd888ec9f53 30eaf8ac2ed54fd48282592c8785ada7 - - default default] 10.0.0.8 "POST /v2.0/routers HTTP/1.1" status: 201 len: 1136 time: 1.1939352
2026-05-20 04:23:59.220 10 WARNING neutron.scheduler.dhcp_agent_scheduler [None req-d0c9b608-dc89-4686-bfb8-017365655630 36066cd83aaa4de78ab78922df8b8a38 781bb4458f654b569bbf391b6b2764a4 - - default default] No more DHCP agents
2026-05-20 04:23:59.221 10 WARNING neutron.api.rpc.agentnotifiers.dhcp_rpc_agent_api [None req-d0c9b608-dc89-4686-bfb8-017365655630 36066cd83aaa4de78ab78922df8b8a38 781bb4458f654b569bbf391b6b2764a4 - - default default] Unable to schedule network f256aa2b-b304-445c-afe3-a372ab878b09: no agents available; will retry on subsequent port and subnet creation events.
2026-05-20 04:23:59.282 10 INFO neutron.db.ovn_revision_numbers_db [None req-d0c9b608-dc89-4686-bfb8-017365655630 36066cd83aaa4de78ab78922df8b8a38 781bb4458f654b569bbf391b6b2764a4 - - default default] Successfully bumped revision number for resource 0dfb39cf-600d-4a38-b5ed-c193f790d6bf (type: ports) to 1
2026-05-20 04:23:59.305 10 INFO neutron.api.wsgi [None req-d0c9b608-dc89-4686-bfb8-017365655630 36066cd83aaa4de78ab78922df8b8a38 781bb4458f654b569bbf391b6b2764a4 - - default default] 10.0.0.8 "POST /v2.0/ports HTTP/1.1" status: 201 len: 942 time: 0.3426068 /var/lib/openstack/lib/python3.12/site-packages/pycadf/identifier.py:71: UserWarning: Invalid uuid: neutron. To ensure interoperability, identifiers should be a valid uuid. warnings.warn(('Invalid uuid: %s. To ensure interoperability, '
2026-05-20 04:23:59.318 10 WARNING neutron_lib.context [None req-0a83961d-f3ef-46cf-a75e-332453f3fedf 36066cd83aaa4de78ab78922df8b8a38 781bb4458f654b569bbf391b6b2764a4 - - default default] Method 'is_advsvc' is deprecated since 2023.2 release (neutron-lib 3.8.0) and will be removed once support for the old RBAC API policies will be removed from Neutron. Please use method 'is_service_role' instead.
2026-05-20 04:23:59.404 10 INFO neutron.db.segments_db [None req-0a83961d-f3ef-46cf-a75e-332453f3fedf 36066cd83aaa4de78ab78922df8b8a38 781bb4458f654b569bbf391b6b2764a4 - - default default] Added segment 79e94806-de28-4e79-aa2e-ec1d055285fa of type geneve for network ed578f4d-1055-464a-b3b4-fe335af071f9
2026-05-20 04:23:59.412 10 WARNING neutron.plugins.ml2.drivers.ovn.mech_driver.ovsdb.ovn_client [None req-172066ce-a180-48e5-84f0-c6944398b562 - - - - - -] No hosting information found for port 496eff2a-4d16-4854-aab2-da23f7a4ac40: RuntimeError: No hosting information found for port 496eff2a-4d16-4854-aab2-da23f7a4ac40
2026-05-20 04:23:59.503 10 INFO neutron.db.ovn_revision_numbers_db [None req-172066ce-a180-48e5-84f0-c6944398b562 - - - - - -] Successfully bumped revision number for resource 496eff2a-4d16-4854-aab2-da23f7a4ac40 (type: router_ports) to 2
2026-05-20 04:23:59.503 10 INFO neutron.plugins.ml2.drivers.ovn.mech_driver.mech_driver [None req-172066ce-a180-48e5-84f0-c6944398b562 - - - - - -] OVN reports status up for port: 977a4cfd-d848-483d-a870-cc8ff5e953d5
2026-05-20 04:23:59.513 10 INFO neutron.plugins.ml2.plugin [None req-172066ce-a180-48e5-84f0-c6944398b562 - - - - - -] Attempt 1 to provision port 977a4cfd-d848-483d-a870-cc8ff5e953d5
2026-05-20 04:23:59.523 9 WARNING neutron.scheduler.dhcp_agent_scheduler [None req-472b35af-fada-46b6-87f6-ef1bacbfacc2 96b3f473a70d4f00a5666dd888ec9f53 30eaf8ac2ed54fd48282592c8785ada7 - - default default] No more DHCP agents
2026-05-20 04:23:59.524 9 WARNING neutron.api.rpc.agentnotifiers.dhcp_rpc_agent_api [None req-472b35af-fada-46b6-87f6-ef1bacbfacc2 96b3f473a70d4f00a5666dd888ec9f53 30eaf8ac2ed54fd48282592c8785ada7 - - default default] Unable to schedule network 485d71d0-74ff-4a3c-85da-e64dbfeee771: no agents available; will retry on subsequent port and subnet creation events.
2026-05-20 04:23:59.535 10 INFO neutron.db.ovn_revision_numbers_db [None req-0a83961d-f3ef-46cf-a75e-332453f3fedf 36066cd83aaa4de78ab78922df8b8a38 781bb4458f654b569bbf391b6b2764a4 - - default default] Successfully bumped revision number for resource ed578f4d-1055-464a-b3b4-fe335af071f9 (type: networks) to 1
2026-05-20 04:23:59.657 9 INFO neutron.db.ovn_revision_numbers_db [None req-472b35af-fada-46b6-87f6-ef1bacbfacc2 96b3f473a70d4f00a5666dd888ec9f53 30eaf8ac2ed54fd48282592c8785ada7 - - default default] Successfully bumped revision number for resource f249a769-b606-4921-990c-bab54795b72a (type: ports) to 1
2026-05-20 04:23:59.695 10 WARNING neutron.scheduler.dhcp_agent_scheduler [None req-0a83961d-f3ef-46cf-a75e-332453f3fedf 36066cd83aaa4de78ab78922df8b8a38 781bb4458f654b569bbf391b6b2764a4 - - default default] No more DHCP agents
2026-05-20 04:23:59.697 10 WARNING neutron.api.rpc.agentnotifiers.dhcp_rpc_agent_api [None req-0a83961d-f3ef-46cf-a75e-332453f3fedf 36066cd83aaa4de78ab78922df8b8a38 781bb4458f654b569bbf391b6b2764a4 - - default default] Unable to schedule network ed578f4d-1055-464a-b3b4-fe335af071f9: no agents available; will retry on subsequent port and subnet creation events.
2026-05-20 04:23:59.751 10 INFO neutron.db.ovn_revision_numbers_db [None req-0a83961d-f3ef-46cf-a75e-332453f3fedf 36066cd83aaa4de78ab78922df8b8a38 781bb4458f654b569bbf391b6b2764a4 - - default default] Successfully bumped revision number for resource 1d00194e-6c0b-4b14-bc73-6ada63ac4a27 (type: ports) to 1
2026-05-20 04:23:59.770 10 INFO neutron.api.wsgi [None req-0a83961d-f3ef-46cf-a75e-332453f3fedf 36066cd83aaa4de78ab78922df8b8a38 781bb4458f654b569bbf391b6b2764a4 - - default default] 10.0.0.8 "POST /v2.0/networks HTTP/1.1" status: 201 len: 830 time: 0.4557269
2026-05-20 04:23:59.778 10 WARNING neutron_lib.context [None req-e91ccfeb-47b8-40f7-88bc-6e009a2c44f6 36066cd83aaa4de78ab78922df8b8a38 781bb4458f654b569bbf391b6b2764a4 - - default default] Method 'is_advsvc' is deprecated since 2023.2 release (neutron-lib 3.8.0) and will be removed once support for the old RBAC API policies will be removed from Neutron. Please use method 'is_service_role' instead.
2026-05-20 04:23:59.939 10 INFO neutron.db.ovn_revision_numbers_db [None req-172066ce-a180-48e5-84f0-c6944398b562 - - - - - -] Successfully bumped revision number for resource 977a4cfd-d848-483d-a870-cc8ff5e953d5 (type: ports) to 2
2026-05-20 04:24:00.009 10 WARNING neutron.scheduler.dhcp_agent_scheduler [None req-e91ccfeb-47b8-40f7-88bc-6e009a2c44f6 36066cd83aaa4de78ab78922df8b8a38 781bb4458f654b569bbf391b6b2764a4 - - default default] No more DHCP agents
2026-05-20 04:24:00.011 10 WARNING neutron.api.rpc.agentnotifiers.dhcp_rpc_agent_api [None req-e91ccfeb-47b8-40f7-88bc-6e009a2c44f6 36066cd83aaa4de78ab78922df8b8a38 781bb4458f654b569bbf391b6b2764a4 - - default default] Unable to schedule network ed578f4d-1055-464a-b3b4-fe335af071f9: no agents available; will retry on subsequent port and subnet creation events.
2026-05-20 04:24:00.074 10 INFO neutron.db.ovn_revision_numbers_db [None req-e91ccfeb-47b8-40f7-88bc-6e009a2c44f6 36066cd83aaa4de78ab78922df8b8a38 781bb4458f654b569bbf391b6b2764a4 - - default default] Successfully bumped revision number for resource 1801daee-6bc2-4da9-8a9c-3c980e4c6c5b (type: ports) to 1
2026-05-20 04:24:00.098 10 INFO neutron.api.wsgi [None req-e91ccfeb-47b8-40f7-88bc-6e009a2c44f6 36066cd83aaa4de78ab78922df8b8a38 781bb4458f654b569bbf391b6b2764a4 - - default default] 10.0.0.8 "POST /v2.0/ports HTTP/1.1" status: 201 len: 942 time: 0.3227153 /var/lib/openstack/lib/python3.12/site-packages/pycadf/identifier.py:71: UserWarning: Invalid uuid: neutron. To ensure interoperability, identifiers should be a valid uuid. warnings.warn(('Invalid uuid: %s. To ensure interoperability, '
2026-05-20 04:24:00.106 10 WARNING neutron_lib.context [None req-6664c157-8894-487a-aab1-2bbb126ca9df 36066cd83aaa4de78ab78922df8b8a38 781bb4458f654b569bbf391b6b2764a4 - - default default] Method 'is_advsvc' is deprecated since 2023.2 release (neutron-lib 3.8.0) and will be removed once support for the old RBAC API policies will be removed from Neutron. Please use method 'is_service_role' instead.
2026-05-20 04:24:00.195 10 INFO neutron.db.segments_db [None req-6664c157-8894-487a-aab1-2bbb126ca9df 36066cd83aaa4de78ab78922df8b8a38 781bb4458f654b569bbf391b6b2764a4 - - default default] Added segment 9210b888-0f30-4ed7-aebe-1d30163443b0 of type geneve for network c7b02e23-266b-4b52-9bc1-27e12ecd6576
2026-05-20 04:24:00.222 9 INFO neutron.db.ovn_revision_numbers_db [None req-472b35af-fada-46b6-87f6-ef1bacbfacc2 96b3f473a70d4f00a5666dd888ec9f53 30eaf8ac2ed54fd48282592c8785ada7 - - default default] Successfully bumped revision number for resource f249a769-b606-4921-990c-bab54795b72a (type: ports) to 1
2026-05-20 04:24:00.255 9 WARNING neutron.scheduler.dhcp_agent_scheduler [None req-472b35af-fada-46b6-87f6-ef1bacbfacc2 96b3f473a70d4f00a5666dd888ec9f53 30eaf8ac2ed54fd48282592c8785ada7 - - default default] No more DHCP agents
2026-05-20 04:24:00.256 9 WARNING neutron.api.rpc.agentnotifiers.dhcp_rpc_agent_api [None req-472b35af-fada-46b6-87f6-ef1bacbfacc2 96b3f473a70d4f00a5666dd888ec9f53 30eaf8ac2ed54fd48282592c8785ada7 - - default default] Unable to schedule network 485d71d0-74ff-4a3c-85da-e64dbfeee771: no agents available; will retry on subsequent port and subnet creation events.
2026-05-20 04:24:00.333 10 INFO neutron.db.ovn_revision_numbers_db [None req-6664c157-8894-487a-aab1-2bbb126ca9df 36066cd83aaa4de78ab78922df8b8a38 781bb4458f654b569bbf391b6b2764a4 - - default default] Successfully bumped revision number for resource c7b02e23-266b-4b52-9bc1-27e12ecd6576 (type: networks) to 1
2026-05-20 04:24:00.502 9 INFO neutron.plugins.ml2.drivers.ovn.mech_driver.mech_driver [None req-aff9a5da-a807-4886-a94d-a7dcdb380169 - - - - - -] OVN reports status up for port: c2b96d43-e0c2-401e-9575-0e20b738fb52
2026-05-20 04:24:00.502 10 WARNING neutron.scheduler.dhcp_agent_scheduler [None req-6664c157-8894-487a-aab1-2bbb126ca9df 36066cd83aaa4de78ab78922df8b8a38 781bb4458f654b569bbf391b6b2764a4 - - default default] No more DHCP agents
2026-05-20 04:24:00.504 10 WARNING neutron.api.rpc.agentnotifiers.dhcp_rpc_agent_api [None req-6664c157-8894-487a-aab1-2bbb126ca9df 36066cd83aaa4de78ab78922df8b8a38 781bb4458f654b569bbf391b6b2764a4 - - default default] Unable to schedule network c7b02e23-266b-4b52-9bc1-27e12ecd6576: no agents available; will retry on subsequent port and subnet creation events.
2026-05-20 04:24:00.523 9 INFO neutron.plugins.ml2.plugin [None req-aff9a5da-a807-4886-a94d-a7dcdb380169 - - - - - -] Attempt 1 to provision port c2b96d43-e0c2-401e-9575-0e20b738fb52
2026-05-20 04:24:00.566 10 INFO neutron.db.ovn_revision_numbers_db [None req-6664c157-8894-487a-aab1-2bbb126ca9df 36066cd83aaa4de78ab78922df8b8a38 781bb4458f654b569bbf391b6b2764a4 - - default default] Successfully bumped revision number for resource a03a3dbf-c1d3-496e-8251-7435ed895454 (type: ports) to 1
2026-05-20 04:24:00.602 10 INFO neutron.api.wsgi [None req-6664c157-8894-487a-aab1-2bbb126ca9df 36066cd83aaa4de78ab78922df8b8a38 781bb4458f654b569bbf391b6b2764a4 - - default default] 10.0.0.8 "POST /v2.0/networks HTTP/1.1" status: 201 len: 831 time: 0.5002756
2026-05-20 04:24:00.613 9 WARNING neutron_lib.context [None req-90d48d37-27f8-4ae6-93df-30f66fc80cb9 36066cd83aaa4de78ab78922df8b8a38 781bb4458f654b569bbf391b6b2764a4 - - default default] Method 'is_advsvc' is deprecated since 2023.2 release (neutron-lib 3.8.0) and will be removed once support for the old RBAC API policies will be removed from Neutron. Please use method 'is_service_role' instead.
2026-05-20 04:24:00.632 9 INFO neutron.db.ovn_revision_numbers_db [None req-472b35af-fada-46b6-87f6-ef1bacbfacc2 96b3f473a70d4f00a5666dd888ec9f53 30eaf8ac2ed54fd48282592c8785ada7 - - default default] Successfully bumped revision number for resource f249a769-b606-4921-990c-bab54795b72a (type: router_ports) to 1
2026-05-20 04:24:00.637 9 INFO neutron.api.wsgi [None req-472b35af-fada-46b6-87f6-ef1bacbfacc2 96b3f473a70d4f00a5666dd888ec9f53 30eaf8ac2ed54fd48282592c8785ada7 - - default default] 10.0.0.8 "PUT /v2.0/routers/cbb1f497-9852-460b-aabc-535f4e544d0c/add_router_interface HTTP/1.1" status: 200 len: 503 time: 1.6268461
2026-05-20 04:24:00.802 9 INFO neutron.db.ovn_revision_numbers_db [None req-aff9a5da-a807-4886-a94d-a7dcdb380169 - - - - - -] Successfully bumped revision number for resource c2b96d43-e0c2-401e-9575-0e20b738fb52 (type: ports) to 4
2026-05-20 04:24:00.878 9 WARNING neutron.scheduler.dhcp_agent_scheduler [None req-90d48d37-27f8-4ae6-93df-30f66fc80cb9 36066cd83aaa4de78ab78922df8b8a38 781bb4458f654b569bbf391b6b2764a4 - - default default] No more DHCP agents
2026-05-20 04:24:00.880 9 WARNING neutron.api.rpc.agentnotifiers.dhcp_rpc_agent_api [None req-90d48d37-27f8-4ae6-93df-30f66fc80cb9 36066cd83aaa4de78ab78922df8b8a38 781bb4458f654b569bbf391b6b2764a4 - - default default] Unable to schedule network c7b02e23-266b-4b52-9bc1-27e12ecd6576: no agents available; will retry on subsequent port and subnet creation events.
2026-05-20 04:24:00.936 9 INFO neutron.db.ovn_revision_numbers_db [None req-90d48d37-27f8-4ae6-93df-30f66fc80cb9 36066cd83aaa4de78ab78922df8b8a38 781bb4458f654b569bbf391b6b2764a4 - - default default] Successfully bumped revision number for resource d0525d46-8b7c-4f56-8d78-565b90d276b9 (type: ports) to 1
2026-05-20 04:24:00.953 9 INFO neutron.api.wsgi [None req-90d48d37-27f8-4ae6-93df-30f66fc80cb9 36066cd83aaa4de78ab78922df8b8a38 781bb4458f654b569bbf391b6b2764a4 - - default default] 10.0.0.8 "POST /v2.0/ports HTTP/1.1" status: 201 len: 942 time: 0.3449435
2026-05-20 04:24:00.970 10 WARNING neutron_lib.context [None req-0c5b7a9c-2634-4537-93e1-42eeb8737734 36066cd83aaa4de78ab78922df8b8a38 781bb4458f654b569bbf391b6b2764a4 - - default default] Method 'is_advsvc' is deprecated since 2023.2 release (neutron-lib 3.8.0) and will be removed once support for the old RBAC API policies will be removed from Neutron. Please use method 'is_service_role' instead.
2026-05-20 04:24:01.054 10 INFO neutron.db.segments_db [None req-0c5b7a9c-2634-4537-93e1-42eeb8737734 36066cd83aaa4de78ab78922df8b8a38 781bb4458f654b569bbf391b6b2764a4 - - default default] Added segment 543dcac7-0380-4d16-80c3-939f04fdf6ee of type geneve for network ed401f63-c33d-468e-9cf1-3659bd32ca92
2026-05-20 04:24:01.097 10 WARNING neutron.scheduler.dhcp_agent_scheduler [None req-b1570eaf-5c70-4075-8080-586080e1b0ba - - - - - -] No more DHCP agents
2026-05-20 04:24:01.099 10 WARNING neutron.api.rpc.agentnotifiers.dhcp_rpc_agent_api [None req-b1570eaf-5c70-4075-8080-586080e1b0ba - - - - - -] Unable to schedule network b4089aac-2d02-4206-94da-046c5aa2ba30: no agents available; will retry on subsequent port and subnet creation events.
2026-05-20 04:24:01.184 10 INFO neutron.db.ovn_revision_numbers_db [None req-0c5b7a9c-2634-4537-93e1-42eeb8737734 36066cd83aaa4de78ab78922df8b8a38 781bb4458f654b569bbf391b6b2764a4 - - default default] Successfully bumped revision number for resource ed401f63-c33d-468e-9cf1-3659bd32ca92 (type: networks) to 1
2026-05-20 04:24:01.238 10 INFO neutron.db.ovn_revision_numbers_db [None req-b1570eaf-5c70-4075-8080-586080e1b0ba - - - - - -] Successfully bumped revision number for resource 07178e5a-9db7-4c3b-915f-3ec211223cbc (type: ports) to 1
2026-05-20 04:24:01.367 10 WARNING neutron.scheduler.dhcp_agent_scheduler [None req-0c5b7a9c-2634-4537-93e1-42eeb8737734 36066cd83aaa4de78ab78922df8b8a38 781bb4458f654b569bbf391b6b2764a4 - - default default] No more DHCP agents
2026-05-20 04:24:01.370 10 WARNING neutron.api.rpc.agentnotifiers.dhcp_rpc_agent_api [None req-0c5b7a9c-2634-4537-93e1-42eeb8737734 36066cd83aaa4de78ab78922df8b8a38 781bb4458f654b569bbf391b6b2764a4 - - default default] Unable to schedule network ed401f63-c33d-468e-9cf1-3659bd32ca92: no agents available; will retry on subsequent port and subnet creation events.
2026-05-20 04:24:01.402 9 INFO neutron.plugins.ml2.drivers.ovn.mech_driver.mech_driver [None req-c953d777-a422-4e6e-b5e1-da883445f6d1 - - - - - -] OVN reports status up for port: c4ec9ada-c8b0-46f6-9d36-7a6d580afa61
2026-05-20 04:24:01.415 9 INFO neutron.plugins.ml2.plugin [None req-c953d777-a422-4e6e-b5e1-da883445f6d1 - - - - - -] Attempt 1 to provision port c4ec9ada-c8b0-46f6-9d36-7a6d580afa61
2026-05-20 04:24:01.440 10 INFO neutron.db.ovn_revision_numbers_db [None req-0c5b7a9c-2634-4537-93e1-42eeb8737734 36066cd83aaa4de78ab78922df8b8a38 781bb4458f654b569bbf391b6b2764a4 - - default default] Successfully bumped revision number for resource 32e9c97a-c544-4aeb-8abe-a9b8ffef0721 (type: ports) to 1
2026-05-20 04:24:01.462 10 INFO neutron.api.wsgi [None req-0c5b7a9c-2634-4537-93e1-42eeb8737734 36066cd83aaa4de78ab78922df8b8a38 781bb4458f654b569bbf391b6b2764a4 - - default default] 10.0.0.8 "POST /v2.0/networks HTTP/1.1" status: 201 len: 831 time: 0.4967453
2026-05-20 04:24:01.470 10 WARNING neutron_lib.context [None req-a7214685-9933-4af7-9ae0-22f019dd66e3 36066cd83aaa4de78ab78922df8b8a38 781bb4458f654b569bbf391b6b2764a4 - - default default] Method 'is_advsvc' is deprecated since 2023.2 release (neutron-lib 3.8.0) and will be removed once support for the old RBAC API policies will be removed from Neutron. Please use method 'is_service_role' instead.
2026-05-20 04:24:01.494 10 INFO neutron.db.ovn_revision_numbers_db [None req-b1570eaf-5c70-4075-8080-586080e1b0ba - - - - - -] Successfully bumped revision number for resource 07178e5a-9db7-4c3b-915f-3ec211223cbc (type: ports) to 3
2026-05-20 04:24:01.573 10 INFO neutron.db.segments_db [None req-b1570eaf-5c70-4075-8080-586080e1b0ba - - - - - -] Added segment 8f3c2962-e4c4-488f-8127-e8d7053831d8 of type geneve for network e6fc9c3e-7fcb-4f0e-89df-dcd26ae68054
2026-05-20 04:24:01.602 9 INFO neutron.db.ovn_revision_numbers_db [None req-c953d777-a422-4e6e-b5e1-da883445f6d1 - - - - - -] Successfully bumped revision number for resource c4ec9ada-c8b0-46f6-9d36-7a6d580afa61 (type: ports) to 4
2026-05-20 04:24:01.716 10 INFO neutron.db.ovn_revision_numbers_db [None req-d7026250-1e36-40d8-b137-22886da596e7 - - - - - -] Successfully bumped revision number for resource e6fc9c3e-7fcb-4f0e-89df-dcd26ae68054 (type: networks) to 1
2026-05-20 04:24:01.730 10 WARNING neutron.scheduler.dhcp_agent_scheduler [None req-a7214685-9933-4af7-9ae0-22f019dd66e3 36066cd83aaa4de78ab78922df8b8a38 781bb4458f654b569bbf391b6b2764a4 - - default default] No more DHCP agents
2026-05-20 04:24:01.731 10 WARNING neutron.api.rpc.agentnotifiers.dhcp_rpc_agent_api [None req-a7214685-9933-4af7-9ae0-22f019dd66e3 36066cd83aaa4de78ab78922df8b8a38 781bb4458f654b569bbf391b6b2764a4 - - default default] Unable to schedule network ed401f63-c33d-468e-9cf1-3659bd32ca92: no agents available; will retry on subsequent port and subnet creation events.
2026-05-20 04:24:01.807 10 INFO neutron.db.ovn_revision_numbers_db [None req-a7214685-9933-4af7-9ae0-22f019dd66e3 36066cd83aaa4de78ab78922df8b8a38 781bb4458f654b569bbf391b6b2764a4 - - default default] Successfully bumped revision number for resource 063ed012-9a4c-48cf-b0e5-53b04623ede6 (type: ports) to 1
2026-05-20 04:24:01.829 10 INFO neutron.api.wsgi [None req-a7214685-9933-4af7-9ae0-22f019dd66e3 36066cd83aaa4de78ab78922df8b8a38 781bb4458f654b569bbf391b6b2764a4 - - default default] 10.0.0.8 "POST /v2.0/ports HTTP/1.1" status: 201 len: 942 time: 0.3623910 /var/lib/openstack/lib/python3.12/site-packages/pycadf/identifier.py:71: UserWarning: Invalid uuid: neutron. To ensure interoperability, identifiers should be a valid uuid. warnings.warn(('Invalid uuid: %s. To ensure interoperability, '
2026-05-20 04:24:01.869 9 INFO neutron.api.wsgi [None req-a1e66bc6-e139-4c3e-a0a7-dc503d012ffe 36066cd83aaa4de78ab78922df8b8a38 781bb4458f654b569bbf391b6b2764a4 - - default default] 10.0.0.8 "PUT /v2.0/ports/33aae7cf-cbe6-4091-aa26-0fec56816710/tags HTTP/1.1" status: 200 len: 210 time: 0.0349159
2026-05-20 04:24:01.877 10 WARNING neutron.scheduler.dhcp_agent_scheduler [None req-d7026250-1e36-40d8-b137-22886da596e7 - - - - - -] No more DHCP agents
2026-05-20 04:24:01.879 10 WARNING neutron.api.rpc.agentnotifiers.dhcp_rpc_agent_api [None req-d7026250-1e36-40d8-b137-22886da596e7 - - - - - -] Unable to schedule network e6fc9c3e-7fcb-4f0e-89df-dcd26ae68054: no agents available; will retry on subsequent port and subnet creation events.
2026-05-20 04:24:01.904 9 INFO neutron.api.wsgi [None req-7e855a09-dbc6-43c1-a71f-53560ca2eeea 36066cd83aaa4de78ab78922df8b8a38 781bb4458f654b569bbf391b6b2764a4 - - default default] 10.0.0.8 "PUT /v2.0/ports/0dfb39cf-600d-4a38-b5ed-c193f790d6bf/tags HTTP/1.1" status: 200 len: 218 time: 0.0308304
2026-05-20 04:24:01.932 10 INFO neutron.db.ovn_revision_numbers_db [None req-d7026250-1e36-40d8-b137-22886da596e7 - - - - - -] Successfully bumped revision number for resource e8756e28-4150-496b-b48e-de2a46f0bd46 (type: ports) to 1
2026-05-20 04:24:01.944 9 INFO neutron.api.wsgi [None req-eee0c45c-10a0-40a5-b45b-189e7ad8ac84 36066cd83aaa4de78ab78922df8b8a38 781bb4458f654b569bbf391b6b2764a4 - - default default] 10.0.0.8 "PUT /v2.0/ports/1801daee-6bc2-4da9-8a9c-3c980e4c6c5b/tags HTTP/1.1" status: 200 len: 227 time: 0.0357506
2026-05-20 04:24:01.982 9 INFO neutron.api.wsgi [None req-30cca960-0f94-4bbe-93ea-4267c1c7a8b4 36066cd83aaa4de78ab78922df8b8a38 781bb4458f654b569bbf391b6b2764a4 - - default default] 10.0.0.8 "PUT /v2.0/ports/d0525d46-8b7c-4f56-8d78-565b90d276b9/tags HTTP/1.1" status: 200 len: 212 time: 0.0324950
2026-05-20 04:24:02.063 10 WARNING neutron.scheduler.dhcp_agent_scheduler [None req-d7026250-1e36-40d8-b137-22886da596e7 - - - - - -] No more DHCP agents
2026-05-20 04:24:02.064 10 WARNING neutron.api.rpc.agentnotifiers.dhcp_rpc_agent_api [None req-d7026250-1e36-40d8-b137-22886da596e7 - - - - - -] Unable to schedule network e6fc9c3e-7fcb-4f0e-89df-dcd26ae68054: no agents available; will retry on subsequent port and subnet creation events.
2026-05-20 04:24:02.085 10 INFO neutron.db.ovn_revision_numbers_db [None req-d7026250-1e36-40d8-b137-22886da596e7 - - - - - -] Successfully bumped revision number for resource b7cfb8a2-8162-483b-a8ec-da49643e90c1 (type: subnets) to 0
2026-05-20 04:24:02.097 9 INFO neutron.api.wsgi [None req-3d0e79d2-c790-4a41-9b2c-ef8fa93e34a4 36066cd83aaa4de78ab78922df8b8a38 781bb4458f654b569bbf391b6b2764a4 - - default default] 10.0.0.8 "GET /v2.0/ports?tags=red HTTP/1.1" status: 200 len: 2448 time: 0.1098354
2026-05-20 04:24:02.148 9 INFO neutron.api.wsgi [None req-1bd3b267-de30-4187-b589-37074c851486 36066cd83aaa4de78ab78922df8b8a38 781bb4458f654b569bbf391b6b2764a4 - - default default] 10.0.0.8 "GET /v2.0/ports?tags=red%2Cblue HTTP/1.1" status: 200 len: 1708 time: 0.0454130
2026-05-20 04:24:02.209 9 INFO neutron.api.wsgi [None req-0c994e57-0699-4abd-b9bc-0ae7e4777e50 36066cd83aaa4de78ab78922df8b8a38 781bb4458f654b569bbf391b6b2764a4 - - default default] 10.0.0.8 "GET /v2.0/ports?tags-any=blue HTTP/1.1" status: 200 len: 1708 time: 0.0561180
2026-05-20 04:24:02.250 9 INFO neutron.api.wsgi [None req-66c51aff-1796-4889-aec3-dd419bb79d39 36066cd83aaa4de78ab78922df8b8a38 781bb4458f654b569bbf391b6b2764a4 - - default default] 10.0.0.8 "GET /v2.0/ports?tags-any=red%2Cblue HTTP/1.1" status: 200 len: 2448 time: 0.0368688
2026-05-20 04:24:02.369 9 INFO neutron.api.wsgi [None req-cbe90323-ccd3-4f4b-98e9-5e033a5e15e1 36066cd83aaa4de78ab78922df8b8a38 781bb4458f654b569bbf391b6b2764a4 - - default default] 10.0.0.8 "GET /v2.0/ports?not-tags=red HTTP/1.1" status: 200 len: 5463 time: 0.1135104
2026-05-20 04:24:02.451 9 INFO neutron.api.wsgi [None req-f5b02b5a-edfd-4a4d-b94c-8c5e328bd942 36066cd83aaa4de78ab78922df8b8a38 781bb4458f654b569bbf391b6b2764a4 - - default default] 10.0.0.8 "GET /v2.0/ports?not-tags=red%2Cblue HTTP/1.1" status: 200 len: 6203 time: 0.0757298
2026-05-20 04:24:02.525 9 INFO neutron.api.wsgi [None req-561efc89-1e98-4990-9336-1726a5e0920d 36066cd83aaa4de78ab78922df8b8a38 781bb4458f654b569bbf391b6b2764a4 - - default default] 10.0.0.8 "GET /v2.0/ports?not-tags-any=blue HTTP/1.1" status: 200 len: 6203 time: 0.0689533
2026-05-20 04:24:02.576 9 INFO neutron.api.wsgi [None req-36a05edd-5d46-444e-be71-37ae975d8442 36066cd83aaa4de78ab78922df8b8a38 781bb4458f654b569bbf391b6b2764a4 - - default default] 10.0.0.8 "GET /v2.0/ports?not-tags-any=red%2Cblue HTTP/1.1" status: 200 len: 5463 time: 0.0459344 /var/lib/openstack/lib/python3.12/site-packages/pycadf/identifier.py:71: UserWarning: Invalid uuid: neutron. To ensure interoperability, identifiers should be a valid uuid. warnings.warn(('Invalid uuid: %s. To ensure interoperability, '
2026-05-20 04:24:02.737 10 WARNING neutron_lib.context [None req-89b98b1a-1a5a-49d3-8fa9-4ad5b0154447 b919907c164c442eae6971e41472b835 1b8798afe3c4428197e9c78a74d4581a - - default default] Method 'is_advsvc' is deprecated since 2023.2 release (neutron-lib 3.8.0) and will be removed once support for the old RBAC API policies will be removed from Neutron. Please use method 'is_service_role' instead.
2026-05-20 04:24:02.797 9 INFO neutron.api.wsgi [None req-da7f4183-5b5d-44ac-ba71-039c32aa03c9 36066cd83aaa4de78ab78922df8b8a38 781bb4458f654b569bbf391b6b2764a4 - - default default] 10.0.0.8 "DELETE /v2.0/ports/33aae7cf-cbe6-4091-aa26-0fec56816710 HTTP/1.1" status: 204 len: 168 time: 0.2141190
2026-05-20 04:24:02.808 10 INFO neutron.api.wsgi [None req-89b98b1a-1a5a-49d3-8fa9-4ad5b0154447 b919907c164c442eae6971e41472b835 1b8798afe3c4428197e9c78a74d4581a - - default default] 10.0.0.8 "POST /v2.0/subnetpools HTTP/1.1" status: 201 len: 715 time: 0.2612438
2026-05-20 04:24:02.815 10 WARNING neutron_lib.context [None req-9063eb2a-5c1b-42a5-98eb-68fe4b75c887 b919907c164c442eae6971e41472b835 1b8798afe3c4428197e9c78a74d4581a - - default default] Method 'is_advsvc' is deprecated since 2023.2 release (neutron-lib 3.8.0) and will be removed once support for the old RBAC API policies will be removed from Neutron. Please use method 'is_service_role' instead.
2026-05-20 04:24:02.865 10 WARNING neutron.scheduler.dhcp_agent_scheduler [None req-d7026250-1e36-40d8-b137-22886da596e7 - - - - - -] No more DHCP agents
2026-05-20 04:24:02.866 10 WARNING neutron.api.rpc.agentnotifiers.dhcp_rpc_agent_api [None req-d7026250-1e36-40d8-b137-22886da596e7 - - - - - -] Unable to schedule network e6fc9c3e-7fcb-4f0e-89df-dcd26ae68054: no agents available; will retry on subsequent port and subnet creation events.
2026-05-20 04:24:02.875 10 INFO neutron.api.wsgi [None req-9063eb2a-5c1b-42a5-98eb-68fe4b75c887 b919907c164c442eae6971e41472b835 1b8798afe3c4428197e9c78a74d4581a - - default default] 10.0.0.8 "POST /v2.0/subnetpools HTTP/1.1" status: 201 len: 715 time: 0.0633435
2026-05-20 04:24:02.883 10 WARNING neutron_lib.context [None req-6c01c4c8-b445-4170-bae6-4e6111d26c8f b919907c164c442eae6971e41472b835 1b8798afe3c4428197e9c78a74d4581a - - default default] Method 'is_advsvc' is deprecated since 2023.2 release (neutron-lib 3.8.0) and will be removed once support for the old RBAC API policies will be removed from Neutron. Please use method 'is_service_role' instead.
2026-05-20 04:24:02.931 10 INFO neutron.api.wsgi [None req-6c01c4c8-b445-4170-bae6-4e6111d26c8f b919907c164c442eae6971e41472b835 1b8798afe3c4428197e9c78a74d4581a - - default default] 10.0.0.8 "POST /v2.0/subnetpools HTTP/1.1" status: 201 len: 715 time: 0.0518703
2026-05-20 04:24:02.942 10 WARNING neutron_lib.context [None req-9682a267-44d0-41d0-af12-e4881c93b34a b919907c164c442eae6971e41472b835 1b8798afe3c4428197e9c78a74d4581a - - default default] Method 'is_advsvc' is deprecated since 2023.2 release (neutron-lib 3.8.0) and will be removed once support for the old RBAC API policies will be removed from Neutron. Please use method 'is_service_role' instead.
2026-05-20 04:24:02.996 10 INFO neutron.api.wsgi [None req-9682a267-44d0-41d0-af12-e4881c93b34a b919907c164c442eae6971e41472b835 1b8798afe3c4428197e9c78a74d4581a - - default default] 10.0.0.8 "POST /v2.0/subnetpools HTTP/1.1" status: 201 len: 715 time: 0.0605488
2026-05-20 04:24:02.996 9 INFO neutron.api.wsgi [None req-e6fd0669-9a1f-447e-a267-f852aa61cb0c 36066cd83aaa4de78ab78922df8b8a38 781bb4458f654b569bbf391b6b2764a4 - - default default] 10.0.0.8 "DELETE /v2.0/ports/0dfb39cf-600d-4a38-b5ed-c193f790d6bf HTTP/1.1" status: 204 len: 168 time: 0.1956255
2026-05-20 04:24:02.997 10 INFO neutron.db.ovn_revision_numbers_db [None req-d7026250-1e36-40d8-b137-22886da596e7 - - - - - -] Successfully bumped revision number for resource eecef712-dc63-435a-9d1e-ae817749a6d4 (type: ports) to 1
2026-05-20 04:24:03.006 9 WARNING neutron_lib.context [None req-b3613e50-8829-4f39-ae28-47d9b98f01de b919907c164c442eae6971e41472b835 1b8798afe3c4428197e9c78a74d4581a - - default default] Method 'is_advsvc' is deprecated since 2023.2 release (neutron-lib 3.8.0) and will be removed once support for the old RBAC API policies will be removed from Neutron. Please use method 'is_service_role' instead.
2026-05-20 04:24:03.046 9 INFO neutron.api.wsgi [None req-b3613e50-8829-4f39-ae28-47d9b98f01de b919907c164c442eae6971e41472b835 1b8798afe3c4428197e9c78a74d4581a - - default default] 10.0.0.8 "POST /v2.0/subnetpools HTTP/1.1" status: 201 len: 715 time: 0.0445144
2026-05-20 04:24:03.088 9 INFO neutron.api.wsgi [None req-84d72e06-24e6-4dbe-b20a-2200bb627730 b919907c164c442eae6971e41472b835 1b8798afe3c4428197e9c78a74d4581a - - default default] 10.0.0.8 "PUT /v2.0/subnetpools/e72ab680-835d-4c52-8b47-533918919d6d/tags HTTP/1.1" status: 200 len: 210 time: 0.0365756
2026-05-20 04:24:03.116 9 INFO neutron.api.wsgi [None req-d994c222-f589-48bb-be9f-0489d6bb3678 b919907c164c442eae6971e41472b835 1b8798afe3c4428197e9c78a74d4581a - - default default] 10.0.0.8 "PUT /v2.0/subnetpools/625e0486-a692-4b8c-a728-36f9119df057/tags HTTP/1.1" status: 200 len: 218 time: 0.0254109
2026-05-20 04:24:03.147 9 INFO neutron.api.wsgi [None req-6e72df2e-01e1-4378-b4d1-aef30d5335f9 b919907c164c442eae6971e41472b835 1b8798afe3c4428197e9c78a74d4581a - - default default] 10.0.0.8 "PUT /v2.0/subnetpools/e57c7836-adda-4924-9b29-719fabf5e335/tags HTTP/1.1" status: 200 len: 227 time: 0.0271993
2026-05-20 04:24:03.175 9 INFO neutron.api.wsgi [None req-b79ff23d-eb59-4538-bac5-4601fd5f3b32 b919907c164c442eae6971e41472b835 1b8798afe3c4428197e9c78a74d4581a - - default default] 10.0.0.8 "PUT /v2.0/subnetpools/c677231e-ed51-4317-acc0-d5a04aa504f2/tags HTTP/1.1" status: 200 len: 212 time: 0.0232220
2026-05-20 04:24:03.207 10 INFO neutron.api.wsgi [None req-a3f5994f-d5d3-49ef-bfde-35e60b8504d2 b919907c164c442eae6971e41472b835 1b8798afe3c4428197e9c78a74d4581a - - default default] 10.0.0.8 "GET /v2.0/subnetpools?tags=red HTTP/1.1" status: 200 len: 1758 time: 0.0267856
2026-05-20 04:24:03.242 9 INFO neutron.api.wsgi [None req-77a1d04b-2955-45df-a1bd-480c72cb6d50 b919907c164c442eae6971e41472b835 1b8798afe3c4428197e9c78a74d4581a - - default default] 10.0.0.8 "GET /v2.0/subnetpools?tags=red%2Cblue HTTP/1.1" status: 200 len: 1251 time: 0.0272839
2026-05-20 04:24:03.272 10 INFO neutron.api.wsgi [None req-2a3c0eb8-fdae-43cf-ab4f-dced4f442a87 b919907c164c442eae6971e41472b835 1b8798afe3c4428197e9c78a74d4581a - - default default] 10.0.0.8 "GET /v2.0/subnetpools?tags-any=blue HTTP/1.1" status: 200 len: 1251 time: 0.0254180
2026-05-20 04:24:03.300 9 INFO neutron.api.wsgi [None req-24916924-3e1b-44db-a6f2-fd50e4c30f95 b919907c164c442eae6971e41472b835 1b8798afe3c4428197e9c78a74d4581a - - default default] 10.0.0.8 "GET /v2.0/subnetpools?tags-any=red%2Cblue HTTP/1.1" status: 200 len: 1758 time: 0.0214820
2026-05-20 04:24:03.301 10 INFO neutron.api.wsgi [None req-6fefbaf1-c71f-4ae2-987b-ff16551c6cf1 36066cd83aaa4de78ab78922df8b8a38 781bb4458f654b569bbf391b6b2764a4 - - default default] 10.0.0.8 "DELETE /v2.0/ports/1801daee-6bc2-4da9-8a9c-3c980e4c6c5b HTTP/1.1" status: 204 len: 168 time: 0.2998891
2026-05-20 04:24:03.320 9 INFO neutron.api.wsgi [None req-b36f9585-f009-438d-bdff-3e33b036d310 b919907c164c442eae6971e41472b835 1b8798afe3c4428197e9c78a74d4581a - - default default] 10.0.0.8 "GET /v2.0/subnetpools?not-tags=red HTTP/1.1" status: 200 len: 1223 time: 0.0164509
2026-05-20 04:24:03.350 9 INFO neutron.api.wsgi [None req-0e32fbef-ce9f-4fc9-98c1-82d55f12e6c8 b919907c164c442eae6971e41472b835 1b8798afe3c4428197e9c78a74d4581a - - default default] 10.0.0.8 "GET /v2.0/subnetpools?not-tags=red%2Cblue HTTP/1.1" status: 200 len: 1730 time: 0.0245342
2026-05-20 04:24:03.370 9 INFO neutron.api.wsgi [None req-a7814be9-5a60-4e29-9466-6ae7ae4a350d b919907c164c442eae6971e41472b835 1b8798afe3c4428197e9c78a74d4581a - - default default] 10.0.0.8 "GET /v2.0/subnetpools?not-tags-any=blue HTTP/1.1" status: 200 len: 1730 time: 0.0156982
2026-05-20 04:24:03.390 9 INFO neutron.api.wsgi [None req-7906dae7-c9f6-490c-80ae-f34b14144c41 b919907c164c442eae6971e41472b835 1b8798afe3c4428197e9c78a74d4581a - - default default] 10.0.0.8 "GET /v2.0/subnetpools?not-tags-any=red%2Cblue HTTP/1.1" status: 200 len: 1223 time: 0.0140932
2026-05-20 04:24:03.440 9 INFO neutron.api.wsgi [None req-0525275c-9631-4af1-ba65-cf62f3ca3707 b919907c164c442eae6971e41472b835 1b8798afe3c4428197e9c78a74d4581a - - default default] 10.0.0.8 "DELETE /v2.0/subnetpools/e72ab680-835d-4c52-8b47-533918919d6d HTTP/1.1" status: 204 len: 168 time: 0.0413001
2026-05-20 04:24:03.485 9 INFO neutron.api.wsgi [None req-6f64740e-0a84-4d33-abbe-c97d7e715c9a b919907c164c442eae6971e41472b835 1b8798afe3c4428197e9c78a74d4581a - - default default] 10.0.0.8 "DELETE /v2.0/subnetpools/625e0486-a692-4b8c-a728-36f9119df057 HTTP/1.1" status: 204 len: 168 time: 0.0394492
2026-05-20 04:24:03.526 9 INFO neutron.api.wsgi [None req-5cc7f298-ce35-4e8a-928d-05f6695d987a b919907c164c442eae6971e41472b835 1b8798afe3c4428197e9c78a74d4581a - - default default] 10.0.0.8 "DELETE /v2.0/subnetpools/e57c7836-adda-4924-9b29-719fabf5e335 HTTP/1.1" status: 204 len: 168 time: 0.0368576
2026-05-20 04:24:03.551 10 INFO neutron.api.wsgi [None req-f83475a3-7134-4bbd-bb73-3bb31108f81b 36066cd83aaa4de78ab78922df8b8a38 781bb4458f654b569bbf391b6b2764a4 - - default default] 10.0.0.8 "DELETE /v2.0/ports/d0525d46-8b7c-4f56-8d78-565b90d276b9 HTTP/1.1" status: 204 len: 168 time: 0.2459025
2026-05-20 04:24:03.598 9 INFO neutron.api.wsgi [None req-8b99306e-bf0c-40b7-9342-7cfd433b5eec b919907c164c442eae6971e41472b835 1b8798afe3c4428197e9c78a74d4581a - - default default] 10.0.0.8 "DELETE /v2.0/subnetpools/c677231e-ed51-4317-acc0-d5a04aa504f2 HTTP/1.1" status: 204 len: 168 time: 0.0687637
2026-05-20 04:24:03.628 10 INFO neutron.db.ovn_revision_numbers_db [None req-d7026250-1e36-40d8-b137-22886da596e7 - - - - - -] Successfully bumped revision number for resource eecef712-dc63-435a-9d1e-ae817749a6d4 (type: ports) to 1
2026-05-20 04:24:03.666 10 INFO neutron.api.wsgi [None req-71c2fb56-c9e5-4a8f-b98b-6a91c820761b b919907c164c442eae6971e41472b835 1b8798afe3c4428197e9c78a74d4581a - - default default] 10.0.0.8 "DELETE /v2.0/subnetpools/80163529-c409-47e5-8da3-42b625c033db HTTP/1.1" status: 204 len: 168 time: 0.0568442
2026-05-20 04:24:03.719 10 WARNING neutron.scheduler.dhcp_agent_scheduler [None req-d7026250-1e36-40d8-b137-22886da596e7 - - - - - -] No more DHCP agents
2026-05-20 04:24:03.721 10 WARNING neutron.api.rpc.agentnotifiers.dhcp_rpc_agent_api [None req-d7026250-1e36-40d8-b137-22886da596e7 - - - - - -] Unable to schedule network e6fc9c3e-7fcb-4f0e-89df-dcd26ae68054: no agents available; will retry on subsequent port and subnet creation events.
2026-05-20 04:24:03.765 9 INFO neutron.api.wsgi [None req-3830e06c-7179-4e76-8452-258c7ea7bf48 36066cd83aaa4de78ab78922df8b8a38 781bb4458f654b569bbf391b6b2764a4 - - default default] 10.0.0.8 "DELETE /v2.0/ports/063ed012-9a4c-48cf-b0e5-53b04623ede6 HTTP/1.1" status: 204 len: 168 time: 0.2082028
2026-05-20 04:24:04.023 9 INFO neutron.services.segments.plugin [-] Segment 8a8d019f-6d8a-42a9-b133-89bbd52498f2 resource provider aggregate not found
2026-05-20 04:24:04.026 9 INFO neutron.services.segments.plugin [-] Segment 8a8d019f-6d8a-42a9-b133-89bbd52498f2 resource provider aggregate not found
2026-05-20 04:24:04.032 9 INFO neutron.services.segments.plugin [-] Segment 8a8d019f-6d8a-42a9-b133-89bbd52498f2 resource provider not found; error: Placement Client Error (4xx): {"errors": [{"status": 404, "title": "Not Found", "detail": "The resource could not be found.\n\n No resource provider with uuid 8a8d019f-6d8a-42a9-b133-89bbd52498f2 found for delete ", "request_id": "req-d9f4b589-cbcb-4763-8180-bbc191fc6ef9"}]}
2026-05-20 04:24:04.046 9 INFO neutron.services.segments.plugin [-] Segment 8a8d019f-6d8a-42a9-b133-89bbd52498f2 resource provider not found; error: Placement Client Error (4xx): {"errors": [{"status": 404, "title": "Not Found", "detail": "The resource could not be found.\n\n No resource provider with uuid 8a8d019f-6d8a-42a9-b133-89bbd52498f2 found for delete ", "request_id": "req-157592ea-2804-440f-a814-e5d488fa5c20"}]}
2026-05-20 04:24:04.070 9 INFO neutron.api.wsgi [None req-1759410a-3943-4182-8b48-73b157fe5bd6 36066cd83aaa4de78ab78922df8b8a38 781bb4458f654b569bbf391b6b2764a4 - - default default] 10.0.0.8 "DELETE /v2.0/networks/c85eb573-250b-4f74-8e25-2224f64d875a HTTP/1.1" status: 204 len: 168 time: 0.2995491
2026-05-20 04:24:04.239 10 INFO neutron.db.ovn_revision_numbers_db [None req-d7026250-1e36-40d8-b137-22886da596e7 - - - - - -] Successfully bumped revision number for resource eecef712-dc63-435a-9d1e-ae817749a6d4 (type: router_ports) to 1
2026-05-20 04:24:04.362 9 INFO neutron.api.wsgi [None req-ea768934-8e73-4fc6-a6dd-4bab266397c3 36066cd83aaa4de78ab78922df8b8a38 781bb4458f654b569bbf391b6b2764a4 - - default default] 10.0.0.8 "DELETE /v2.0/networks/f256aa2b-b304-445c-afe3-a372ab878b09 HTTP/1.1" status: 204 len: 168 time: 0.2811615
2026-05-20 04:24:04.416 10 WARNING neutron.scheduler.dhcp_agent_scheduler [None req-d7026250-1e36-40d8-b137-22886da596e7 - - - - - -] No more DHCP agents
2026-05-20 04:24:04.418 10 WARNING neutron.api.rpc.agentnotifiers.dhcp_rpc_agent_api [None req-d7026250-1e36-40d8-b137-22886da596e7 - - - - - -] Unable to schedule network e6fc9c3e-7fcb-4f0e-89df-dcd26ae68054: no agents available; will retry on subsequent port and subnet creation events.
2026-05-20 04:24:04.530 10 INFO neutron.db.ovn_revision_numbers_db [None req-d7026250-1e36-40d8-b137-22886da596e7 - - - - - -] Successfully bumped revision number for resource 2e0bc080-a5b1-4b32-80af-c1e4f6792676 (type: ports) to 1
2026-05-20 04:24:04.662 9 INFO neutron.api.wsgi [None req-df014043-f26a-468a-be7e-e7e696175de9 36066cd83aaa4de78ab78922df8b8a38 781bb4458f654b569bbf391b6b2764a4 - - default default] 10.0.0.8 "DELETE /v2.0/networks/ed578f4d-1055-464a-b3b4-fe335af071f9 HTTP/1.1" status: 204 len: 168 time: 0.2950642
2026-05-20 04:24:04.744 10 INFO neutron.db.ovn_revision_numbers_db [None req-d7026250-1e36-40d8-b137-22886da596e7 - - - - - -] Successfully bumped revision number for resource 2e0bc080-a5b1-4b32-80af-c1e4f6792676 (type: ports) to 3
2026-05-20 04:24:04.826 10 INFO neutron.db.ovn_revision_numbers_db [None req-e2bde60b-a911-4806-a417-a3512f10ecb3 863eb99aa6a94720be3fce0498d25c92 372b4dd9000f4fe0aa368e2fbc339545 - - default default] Successfully bumped revision number for resource 64a7eeb1-1430-4799-9081-be40f274d700 (type: security_groups) to 1
2026-05-20 04:24:04.847 10 INFO neutron.db.ovn_revision_numbers_db [None req-e2bde60b-a911-4806-a417-a3512f10ecb3 863eb99aa6a94720be3fce0498d25c92 372b4dd9000f4fe0aa368e2fbc339545 - - default default] Successfully bumped revision number for resource 01c24e84-995c-4a95-b0c3-9f1ab8d8db66 (type: security_group_rules) to 0
2026-05-20 04:24:04.867 10 INFO neutron.db.ovn_revision_numbers_db [None req-e2bde60b-a911-4806-a417-a3512f10ecb3 863eb99aa6a94720be3fce0498d25c92 372b4dd9000f4fe0aa368e2fbc339545 - - default default] Successfully bumped revision number for resource 5014e198-a01a-4c62-9149-a49c1093bc95 (type: security_group_rules) to 0
2026-05-20 04:24:04.879 10 INFO neutron.db.ovn_revision_numbers_db [None req-e2bde60b-a911-4806-a417-a3512f10ecb3 863eb99aa6a94720be3fce0498d25c92 372b4dd9000f4fe0aa368e2fbc339545 - - default default] Successfully bumped revision number for resource a13812ec-0c08-416f-89e2-f21627ae294a (type: security_group_rules) to 0
2026-05-20 04:24:04.894 10 INFO neutron.db.ovn_revision_numbers_db [None req-e2bde60b-a911-4806-a417-a3512f10ecb3 863eb99aa6a94720be3fce0498d25c92 372b4dd9000f4fe0aa368e2fbc339545 - - default default] Successfully bumped revision number for resource fe7783bb-1793-4336-8c4d-f34770fa4bb5 (type: security_group_rules) to 0
2026-05-20 04:24:04.898 10 INFO neutron.api.wsgi [None req-f84158ef-b9b2-4575-94f2-7223d1f134b8 989516eaf5024ea6a083af44291ab6ca c5b0f0b962394cb49e9656daa69ce3fd - - default default] 10.0.0.8 "POST /v2.0/vpn/vpnservices HTTP/1.1" status: 201 len: 656 time: 4.2558820
2026-05-20 04:24:04.914 10 INFO neutron.api.wsgi [None req-8aa5a11d-82d7-416b-bbd2-b15ebb7f940b 96b3f473a70d4f00a5666dd888ec9f53 30eaf8ac2ed54fd48282592c8785ada7 - - default default] 10.0.0.8 "GET /v2.0/vpn/vpnservices HTTP/1.1" status: 200 len: 1507 time: 0.0111263
2026-05-20 04:24:04.927 10 INFO neutron.api.wsgi [None req-e2bde60b-a911-4806-a417-a3512f10ecb3 863eb99aa6a94720be3fce0498d25c92 372b4dd9000f4fe0aa368e2fbc339545 - - default default] 10.0.0.8 "GET /v2.0/security-groups?tenant_id=dc3360c1c19b46d9bbaa58d07ed64642&name=default HTTP/1.1" status: 200 len: 3124 time: 0.4309893
2026-05-20 04:24:04.971 9 INFO neutron.api.wsgi [None req-5d54e920-dda3-4992-9e66-70a549760c27 36066cd83aaa4de78ab78922df8b8a38 781bb4458f654b569bbf391b6b2764a4 - - default default] 10.0.0.8 "DELETE /v2.0/networks/c7b02e23-266b-4b52-9bc1-27e12ecd6576 HTTP/1.1" status: 204 len: 168 time: 0.3030746
2026-05-20 04:24:05.090 10 INFO neutron.api.wsgi [None req-a344378c-0b4d-4395-8ece-8835bee59a51 863eb99aa6a94720be3fce0498d25c92 372b4dd9000f4fe0aa368e2fbc339545 - - default default] 10.0.0.8 "DELETE /v2.0/security-groups/64a7eeb1-1430-4799-9081-be40f274d700 HTTP/1.1" status: 204 len: 168 time: 0.1581821
2026-05-20 04:24:05.283 10 INFO neutron.db.ovn_revision_numbers_db [None req-8ba4e809-cc5f-4008-8e5f-f5c9a1ca10a8 863eb99aa6a94720be3fce0498d25c92 372b4dd9000f4fe0aa368e2fbc339545 - - default default] Successfully bumped revision number for resource 111e7b71-0cad-499a-8892-ef71c8d604f7 (type: security_groups) to 1
2026-05-20 04:24:05.294 10 INFO neutron.db.ovn_revision_numbers_db [None req-8ba4e809-cc5f-4008-8e5f-f5c9a1ca10a8 863eb99aa6a94720be3fce0498d25c92 372b4dd9000f4fe0aa368e2fbc339545 - - default default] Successfully bumped revision number for resource 25b0e0f9-4e0e-4369-bb13-4d3a8496e6a0 (type: security_group_rules) to 0
2026-05-20 04:24:05.307 10 INFO neutron.db.ovn_revision_numbers_db [None req-8ba4e809-cc5f-4008-8e5f-f5c9a1ca10a8 863eb99aa6a94720be3fce0498d25c92 372b4dd9000f4fe0aa368e2fbc339545 - - default default] Successfully bumped revision number for resource 4e958c95-2d27-453c-8bfd-42cfcfcbc7f6 (type: security_group_rules) to 0
2026-05-20 04:24:05.318 10 INFO neutron.db.ovn_revision_numbers_db [None req-8ba4e809-cc5f-4008-8e5f-f5c9a1ca10a8 863eb99aa6a94720be3fce0498d25c92 372b4dd9000f4fe0aa368e2fbc339545 - - default default] Successfully bumped revision number for resource a2795f5d-28ef-4b6c-9829-b224f03243d2 (type: security_group_rules) to 0
2026-05-20 04:24:05.336 10 INFO neutron.db.ovn_revision_numbers_db [None req-8ba4e809-cc5f-4008-8e5f-f5c9a1ca10a8 863eb99aa6a94720be3fce0498d25c92 372b4dd9000f4fe0aa368e2fbc339545 - - default default] Successfully bumped revision number for resource ac62048c-2b7c-4756-9122-9781d95dfb07 (type: security_group_rules) to 0
2026-05-20 04:24:05.370 10 INFO neutron.api.wsgi [None req-8ba4e809-cc5f-4008-8e5f-f5c9a1ca10a8 863eb99aa6a94720be3fce0498d25c92 372b4dd9000f4fe0aa368e2fbc339545 - - default default] 10.0.0.8 "GET /v2.0/security-groups?tenant_id=a42796c15dd24f9fbd57e89b1753b704&name=default HTTP/1.1" status: 200 len: 3124 time: 0.1761458
2026-05-20 04:24:05.405 10 WARNING neutron.plugins.ml2.drivers.ovn.mech_driver.ovsdb.ovn_client [None req-f5b7c882-bfd9-4208-b03c-f0313c9f0f8e - - - - - -] No hosting information found for port 977a4cfd-d848-483d-a870-cc8ff5e953d5: RuntimeError: No hosting information found for port 977a4cfd-d848-483d-a870-cc8ff5e953d5
2026-05-20 04:24:05.479 10 INFO neutron.db.ovn_revision_numbers_db [None req-f5b7c882-bfd9-4208-b03c-f0313c9f0f8e - - - - - -] Successfully bumped revision number for resource 977a4cfd-d848-483d-a870-cc8ff5e953d5 (type: router_ports) to 2
2026-05-20 04:24:05.523 10 INFO neutron.plugins.ml2.drivers.ovn.mech_driver.mech_driver [None req-f5b7c882-bfd9-4208-b03c-f0313c9f0f8e - - - - - -] OVN reports status up for port: 8bf56e2d-807d-4f69-889c-fbb9ad984e40
2026-05-20 04:24:05.530 10 INFO neutron.plugins.ml2.plugin [None req-f5b7c882-bfd9-4208-b03c-f0313c9f0f8e - - - - - -] Attempt 1 to provision port 8bf56e2d-807d-4f69-889c-fbb9ad984e40
2026-05-20 04:24:05.578 10 INFO neutron.api.wsgi [None req-14341ef6-30c3-4aa5-98e2-7c9b0dc62ad8 863eb99aa6a94720be3fce0498d25c92 372b4dd9000f4fe0aa368e2fbc339545 - - default default] 10.0.0.8 "DELETE /v2.0/security-groups/111e7b71-0cad-499a-8892-ef71c8d604f7 HTTP/1.1" status: 204 len: 168 time: 0.2040548
2026-05-20 04:24:05.764 9 INFO neutron.api.wsgi [None req-69489a6d-3f1f-4f6f-8fac-1671b3cd4d19 36066cd83aaa4de78ab78922df8b8a38 781bb4458f654b569bbf391b6b2764a4 - - default default] 10.0.0.8 "DELETE /v2.0/networks/ed401f63-c33d-468e-9cf1-3659bd32ca92 HTTP/1.1" status: 204 len: 168 time: 0.7884953
2026-05-20 04:24:05.843 10 INFO neutron.db.ovn_revision_numbers_db [None req-1bc5ca8c-2684-49ff-930a-623d6ef17340 863eb99aa6a94720be3fce0498d25c92 372b4dd9000f4fe0aa368e2fbc339545 - - default default] Successfully bumped revision number for resource 2d95d282-7925-4d29-b8d9-5e9c2fd8a921 (type: security_groups) to 1
2026-05-20 04:24:05.858 10 INFO neutron.db.ovn_revision_numbers_db [None req-1bc5ca8c-2684-49ff-930a-623d6ef17340 863eb99aa6a94720be3fce0498d25c92 372b4dd9000f4fe0aa368e2fbc339545 - - default default] Successfully bumped revision number for resource 4c4c0d37-e14c-4466-bed9-9760eb027224 (type: security_group_rules) to 0
2026-05-20 04:24:05.886 10 INFO neutron.db.ovn_revision_numbers_db [None req-1bc5ca8c-2684-49ff-930a-623d6ef17340 863eb99aa6a94720be3fce0498d25c92 372b4dd9000f4fe0aa368e2fbc339545 - - default default] Successfully bumped revision number for resource 8d28c37d-34fa-4bdc-94ab-81d29634ca1d (type: security_group_rules) to 0
2026-05-20 04:24:05.909 10 INFO neutron.db.ovn_revision_numbers_db [None req-1bc5ca8c-2684-49ff-930a-623d6ef17340 863eb99aa6a94720be3fce0498d25c92 372b4dd9000f4fe0aa368e2fbc339545 - - default default] Successfully bumped revision number for resource b341f2a3-d266-4408-9557-de99e7da2827 (type: security_group_rules) to 0
2026-05-20 04:24:05.923 10 INFO neutron.db.ovn_revision_numbers_db [None req-1bc5ca8c-2684-49ff-930a-623d6ef17340 863eb99aa6a94720be3fce0498d25c92 372b4dd9000f4fe0aa368e2fbc339545 - - default default] Successfully bumped revision number for resource e8cb4727-af92-43cf-80d7-ba8bebed040b (type: security_group_rules) to 0
