2026-05-20 04:24:11.183 9 INFO neutron.api.wsgi [None req-adbae7a4-9677-4415-afb0-fafa7be0209c 5c5094aa851b417d820fbaec11c1e356 c15f8eaeb95047a18b2a49c864b2f5db - - default default] 10.0.0.8 "DELETE /v2.0/ports/b7cb5da8-3a9b-413a-90de-065a67c95c6d/tags HTTP/1.1" status: 204 len: 168 time: 0.0460894
2026-05-20 04:24:11.198 10 INFO neutron.api.wsgi [None req-949f0ee4-3a1f-48b2-8090-976835186129 279c84f82ca846d38203e70a2bd21bfe 51af1ea5a3c3462888cbd29c52ec0540 - - default default] 10.0.0.8 "GET /v2.0/policies/4abd5e64-b150-43ce-8fa4-aacf779c47df/tags HTTP/1.1" status: 200 len: 218 time: 0.0199926
2026-05-20 04:24:11.206 10 INFO neutron.api.wsgi [None req-d0271aa3-766c-4e95-9081-0ec12f0e25dd 96b3f473a70d4f00a5666dd888ec9f53 30eaf8ac2ed54fd48282592c8785ada7 - - default default] 10.0.0.8 "POST /v2.0/vpn/ipsecpolicies HTTP/1.1" status: 201 len: 611 time: 0.0387452
2026-05-20 04:24:11.214 9 INFO neutron.api.wsgi [None req-9782a30c-a161-4b3c-b787-4cf601b6305a 5c5094aa851b417d820fbaec11c1e356 c15f8eaeb95047a18b2a49c864b2f5db - - default default] 10.0.0.8 "GET /v2.0/ports/b7cb5da8-3a9b-413a-90de-065a67c95c6d/tags HTTP/1.1" status: 200 len: 205 time: 0.0277319
2026-05-20 04:24:11.228 9 INFO neutron.api.wsgi [None req-799b31d7-5f09-4c5a-865c-2f9fa7ba013f 96b3f473a70d4f00a5666dd888ec9f53 30eaf8ac2ed54fd48282592c8785ada7 - - default default] 10.0.0.8 "PUT /v2.0/vpn/ipsecpolicies/6f1f98ca-fe43-4ec3-8df2-f35fd7303e2f HTTP/1.1" status: 200 len: 625 time: 0.0186229
2026-05-20 04:24:11.235 10 INFO neutron.api.wsgi [None req-a2ea46ae-89a9-42b6-bcb4-4f0fb895b082 279c84f82ca846d38203e70a2bd21bfe 51af1ea5a3c3462888cbd29c52ec0540 - - default default] 10.0.0.8 "PUT /v2.0/policies/4abd5e64-b150-43ce-8fa4-aacf779c47df/tags/green HTTP/1.1" status: 201 len: 201 time: 0.0321395
2026-05-20 04:24:11.259 9 INFO neutron.api.wsgi [None req-5285a1ee-777e-4c62-bf76-cad29bfff213 279c84f82ca846d38203e70a2bd21bfe 51af1ea5a3c3462888cbd29c52ec0540 - - default default] 10.0.0.8 "GET /v2.0/policies/4abd5e64-b150-43ce-8fa4-aacf779c47df/tags HTTP/1.1" status: 200 len: 227 time: 0.0195100
2026-05-20 04:24:11.262 9 INFO neutron.api.wsgi [None req-f05a4fd7-7444-4ab7-b282-217d1b703ac2 96b3f473a70d4f00a5666dd888ec9f53 30eaf8ac2ed54fd48282592c8785ada7 - - default default] 10.0.0.8 "DELETE /v2.0/vpn/ipsecpolicies/6f1f98ca-fe43-4ec3-8df2-f35fd7303e2f HTTP/1.1" status: 204 len: 168 time: 0.0285125
2026-05-20 04:24:11.283 9 INFO neutron.api.v2.resource [None req-7405f213-adf8-4743-a671-cc1f0f85596e 96b3f473a70d4f00a5666dd888ec9f53 30eaf8ac2ed54fd48282592c8785ada7 - - default default] delete failed (client error): The resource could not be found.
2026-05-20 04:24:11.284 9 INFO neutron.api.wsgi [None req-7405f213-adf8-4743-a671-cc1f0f85596e 96b3f473a70d4f00a5666dd888ec9f53 30eaf8ac2ed54fd48282592c8785ada7 - - default default] 10.0.0.8 "DELETE /v2.0/vpn/ipsecpolicies/6f1f98ca-fe43-4ec3-8df2-f35fd7303e2f HTTP/1.1" status: 404 len: 346 time: 0.0157893
2026-05-20 04:24:11.295 9 INFO neutron.api.wsgi [None req-87a411d0-75a4-4012-98d1-d74f6040a3e6 279c84f82ca846d38203e70a2bd21bfe 51af1ea5a3c3462888cbd29c52ec0540 - - default default] 10.0.0.8 "PUT /v2.0/policies/4abd5e64-b150-43ce-8fa4-aacf779c47df/tags/red HTTP/1.1" status: 201 len: 201 time: 0.0185823
2026-05-20 04:24:11.295 9 INFO neutron.api.v2.resource [None req-52af709c-6150-4899-a974-c907b74cf087 96b3f473a70d4f00a5666dd888ec9f53 30eaf8ac2ed54fd48282592c8785ada7 - - default default] delete failed (client error): The resource could not be found.
2026-05-20 04:24:11.296 9 INFO neutron.api.wsgi [None req-52af709c-6150-4899-a974-c907b74cf087 96b3f473a70d4f00a5666dd888ec9f53 30eaf8ac2ed54fd48282592c8785ada7 - - default default] 10.0.0.8 "DELETE /v2.0/vpn/ipsecpolicies/6f1f98ca-fe43-4ec3-8df2-f35fd7303e2f HTTP/1.1" status: 404 len: 346 time: 0.0084441
2026-05-20 04:24:11.310 9 WARNING neutron_lib.context [None req-8ecfd3f2-d907-4dbf-b97e-b853f62d1f15 96b3f473a70d4f00a5666dd888ec9f53 30eaf8ac2ed54fd48282592c8785ada7 - - default default] Method 'is_advsvc' is deprecated since 2023.2 release (neutron-lib 3.8.0) and will be removed once support for the old RBAC API policies will be removed from Neutron. Please use method 'is_service_role' instead.
2026-05-20 04:24:11.324 9 INFO neutron.api.wsgi [None req-d33a0ca0-5748-4841-a864-9974905d02ed 279c84f82ca846d38203e70a2bd21bfe 51af1ea5a3c3462888cbd29c52ec0540 - - default default] 10.0.0.8 "GET /v2.0/policies/4abd5e64-b150-43ce-8fa4-aacf779c47df/tags HTTP/1.1" status: 200 len: 227 time: 0.0253301
2026-05-20 04:24:11.362 9 INFO neutron.api.wsgi [None req-1bbf2400-dfdc-4d27-b1d1-c7df6bcbbbb2 279c84f82ca846d38203e70a2bd21bfe 51af1ea5a3c3462888cbd29c52ec0540 - - default default] 10.0.0.8 "PUT /v2.0/policies/4abd5e64-b150-43ce-8fa4-aacf779c47df/tags/black.or.white HTTP/1.1" status: 201 len: 201 time: 0.0331082
2026-05-20 04:24:11.379 9 INFO neutron.api.wsgi [None req-b2b37869-49d5-4c8a-90d7-2830611755d1 279c84f82ca846d38203e70a2bd21bfe 51af1ea5a3c3462888cbd29c52ec0540 - - default default] 10.0.0.8 "GET /v2.0/policies/4abd5e64-b150-43ce-8fa4-aacf779c47df/tags HTTP/1.1" status: 200 len: 245 time: 0.0120237
2026-05-20 04:24:11.402 9 INFO neutron.db.segments_db [None req-8ecfd3f2-d907-4dbf-b97e-b853f62d1f15 96b3f473a70d4f00a5666dd888ec9f53 30eaf8ac2ed54fd48282592c8785ada7 - - default default] Added segment cfeb1304-66ff-4f23-9838-f12179ef9d0c of type geneve for network 9b592f5d-cf81-4342-a68a-cb163bd89cb0
2026-05-20 04:24:11.420 10 INFO neutron.api.wsgi [None req-ef48e62b-7a64-429b-8117-ef33b2796cfa 279c84f82ca846d38203e70a2bd21bfe 51af1ea5a3c3462888cbd29c52ec0540 - - default default] 10.0.0.8 "PUT /v2.0/policies/4abd5e64-b150-43ce-8fa4-aacf779c47df/tags HTTP/1.1" status: 200 len: 230 time: 0.0369201
2026-05-20 04:24:11.432 10 INFO neutron.api.wsgi [None req-3df52e96-e8e3-4721-84df-f0d3cbd81313 5c5094aa851b417d820fbaec11c1e356 c15f8eaeb95047a18b2a49c864b2f5db - - default default] 10.0.0.8 "DELETE /v2.0/ports/b7cb5da8-3a9b-413a-90de-065a67c95c6d HTTP/1.1" status: 204 len: 168 time: 0.2106833
2026-05-20 04:24:11.448 9 INFO neutron.api.wsgi [None req-6f2404a8-2152-4775-b9a6-d4e7ed8f86ae 279c84f82ca846d38203e70a2bd21bfe 51af1ea5a3c3462888cbd29c52ec0540 - - default default] 10.0.0.8 "GET /v2.0/policies/4abd5e64-b150-43ce-8fa4-aacf779c47df/tags HTTP/1.1" status: 200 len: 230 time: 0.0234547
2026-05-20 04:24:11.471 9 INFO neutron.api.wsgi [None req-04588fe9-cd44-4765-ab9d-d2e48d5596d4 279c84f82ca846d38203e70a2bd21bfe 51af1ea5a3c3462888cbd29c52ec0540 - - default default] 10.0.0.8 "GET /v2.0/policies/4abd5e64-b150-43ce-8fa4-aacf779c47df/tags/red HTTP/1.1" status: 204 len: 168 time: 0.0190766
2026-05-20 04:24:11.490 9 INFO neutron.api.v2.resource [None req-a279a794-ac95-4f75-9b3d-2f178ea94e47 279c84f82ca846d38203e70a2bd21bfe 51af1ea5a3c3462888cbd29c52ec0540 - - default default] show failed (client error): The resource could not be found.
2026-05-20 04:24:11.491 9 INFO neutron.api.wsgi [None req-a279a794-ac95-4f75-9b3d-2f178ea94e47 279c84f82ca846d38203e70a2bd21bfe 51af1ea5a3c3462888cbd29c52ec0540 - - default default] 10.0.0.8 "GET /v2.0/policies/4abd5e64-b150-43ce-8fa4-aacf779c47df/tags/green HTTP/1.1" status: 404 len: 299 time: 0.0153780
2026-05-20 04:24:11.525 9 INFO neutron.db.ovn_revision_numbers_db [None req-8ecfd3f2-d907-4dbf-b97e-b853f62d1f15 96b3f473a70d4f00a5666dd888ec9f53 30eaf8ac2ed54fd48282592c8785ada7 - - default default] Successfully bumped revision number for resource 9b592f5d-cf81-4342-a68a-cb163bd89cb0 (type: networks) to 1
2026-05-20 04:24:11.537 9 INFO neutron.api.wsgi [None req-0ec03f22-70a5-4d6f-bb9e-192b919a910d 279c84f82ca846d38203e70a2bd21bfe 51af1ea5a3c3462888cbd29c52ec0540 - - default default] 10.0.0.8 "DELETE /v2.0/policies/4abd5e64-b150-43ce-8fa4-aacf779c47df/tags/red HTTP/1.1" status: 204 len: 168 time: 0.0408649
2026-05-20 04:24:11.560 9 INFO neutron.api.wsgi [None req-79883d51-5277-473f-b620-224adccdd388 279c84f82ca846d38203e70a2bd21bfe 51af1ea5a3c3462888cbd29c52ec0540 - - default default] 10.0.0.8 "GET /v2.0/policies/4abd5e64-b150-43ce-8fa4-aacf779c47df/tags HTTP/1.1" status: 200 len: 223 time: 0.0179312
2026-05-20 04:24:11.581 10 INFO neutron.api.v2.resource [None req-6ea431aa-318e-459a-86d2-d2e177da4290 279c84f82ca846d38203e70a2bd21bfe 51af1ea5a3c3462888cbd29c52ec0540 - - default default] delete failed (client error): The resource could not be found.
2026-05-20 04:24:11.581 10 INFO neutron.api.wsgi [None req-6ea431aa-318e-459a-86d2-d2e177da4290 279c84f82ca846d38203e70a2bd21bfe 51af1ea5a3c3462888cbd29c52ec0540 - - default default] 10.0.0.8 "DELETE /v2.0/policies/4abd5e64-b150-43ce-8fa4-aacf779c47df/tags/green HTTP/1.1" status: 404 len: 299 time: 0.0182197
2026-05-20 04:24:11.617 10 INFO neutron.api.wsgi [None req-ad3e15ce-96ae-4106-9273-2db215269319 279c84f82ca846d38203e70a2bd21bfe 51af1ea5a3c3462888cbd29c52ec0540 - - default default] 10.0.0.8 "DELETE /v2.0/policies/4abd5e64-b150-43ce-8fa4-aacf779c47df/tags HTTP/1.1" status: 204 len: 168 time: 0.0311899
2026-05-20 04:24:11.643 10 INFO neutron.api.wsgi [None req-74f74ac6-9fc4-4ce6-8466-3aee0b4b7247 279c84f82ca846d38203e70a2bd21bfe 51af1ea5a3c3462888cbd29c52ec0540 - - default default] 10.0.0.8 "GET /v2.0/policies/4abd5e64-b150-43ce-8fa4-aacf779c47df/tags HTTP/1.1" status: 200 len: 205 time: 0.0208702
2026-05-20 04:24:11.680 9 WARNING neutron.scheduler.dhcp_agent_scheduler [None req-8ecfd3f2-d907-4dbf-b97e-b853f62d1f15 96b3f473a70d4f00a5666dd888ec9f53 30eaf8ac2ed54fd48282592c8785ada7 - - default default] No more DHCP agents
2026-05-20 04:24:11.682 9 WARNING neutron.api.rpc.agentnotifiers.dhcp_rpc_agent_api [None req-8ecfd3f2-d907-4dbf-b97e-b853f62d1f15 96b3f473a70d4f00a5666dd888ec9f53 30eaf8ac2ed54fd48282592c8785ada7 - - default default] Unable to schedule network 9b592f5d-cf81-4342-a68a-cb163bd89cb0: no agents available; will retry on subsequent port and subnet creation events.
2026-05-20 04:24:11.693 10 INFO neutron.services.segments.plugin [-] Segment 29c89a70-e25f-428e-9ec3-336f1bb65904 resource provider aggregate not found
2026-05-20 04:24:11.697 10 INFO neutron.services.segments.plugin [-] Segment 29c89a70-e25f-428e-9ec3-336f1bb65904 resource provider aggregate not found
2026-05-20 04:24:11.702 10 INFO neutron.services.segments.plugin [-] Segment 29c89a70-e25f-428e-9ec3-336f1bb65904 resource provider not found; error: Placement Client Error (4xx): {"errors": [{"status": 404, "title": "Not Found", "detail": "The resource could not be found.\n\n No resource provider with uuid 29c89a70-e25f-428e-9ec3-336f1bb65904 found for delete ", "request_id": "req-00b4f679-3a6c-432f-94e9-4d2a4461739b"}]}
2026-05-20 04:24:11.704 9 INFO neutron.api.wsgi [None req-7603ee42-de92-4db3-9735-7b35f01fad24 279c84f82ca846d38203e70a2bd21bfe 51af1ea5a3c3462888cbd29c52ec0540 - - default default] 10.0.0.8 "DELETE /v2.0/qos/policies/4abd5e64-b150-43ce-8fa4-aacf779c47df HTTP/1.1" status: 204 len: 168 time: 0.0499878
2026-05-20 04:24:11.713 10 INFO neutron.services.segments.plugin [-] Segment 29c89a70-e25f-428e-9ec3-336f1bb65904 resource provider not found; error: Placement Client Error (4xx): {"errors": [{"status": 404, "title": "Not Found", "detail": "The resource could not be found.\n\n No resource provider with uuid 29c89a70-e25f-428e-9ec3-336f1bb65904 found for delete ", "request_id": "req-4e6860f4-3150-4f14-ae0f-1dd50bf1ad03"}]}
2026-05-20 04:24:11.726 10 INFO neutron.api.wsgi [None req-ceb8e89a-667e-4e87-a43a-04ed34147af7 863eb99aa6a94720be3fce0498d25c92 372b4dd9000f4fe0aa368e2fbc339545 - - default default] 10.0.0.17 "GET /v2.0/security-groups HTTP/1.1" status: 200 len: 23390 time: 0.0878508
2026-05-20 04:24:11.734 10 INFO neutron.api.wsgi [None req-488d176f-c5e9-4dda-b36d-ca2b6152a3d6 5c5094aa851b417d820fbaec11c1e356 c15f8eaeb95047a18b2a49c864b2f5db - - default default] 10.0.0.8 "DELETE /v2.0/networks/54b937c8-c003-4a4b-b71c-e783aa78b124 HTTP/1.1" status: 204 len: 168 time: 0.2976313
2026-05-20 04:24:11.743 10 INFO neutron.api.wsgi [None req-2d507c36-caa7-4dc1-956e-49f22e99e6de 863eb99aa6a94720be3fce0498d25c92 372b4dd9000f4fe0aa368e2fbc339545 - - default default] 10.0.0.17 "GET /v2.0/agents HTTP/1.1" status: 200 len: 1390 time: 0.0094030
2026-05-20 04:24:11.745 9 INFO neutron.db.ovn_revision_numbers_db [None req-8ecfd3f2-d907-4dbf-b97e-b853f62d1f15 96b3f473a70d4f00a5666dd888ec9f53 30eaf8ac2ed54fd48282592c8785ada7 - - default default] Successfully bumped revision number for resource c7228ca7-d886-4acd-b87a-bf6f74e87530 (type: ports) to 1
2026-05-20 04:24:11.765 9 INFO neutron.api.wsgi [None req-8ecfd3f2-d907-4dbf-b97e-b853f62d1f15 96b3f473a70d4f00a5666dd888ec9f53 30eaf8ac2ed54fd48282592c8785ada7 - - default default] 10.0.0.8 "POST /v2.0/networks HTTP/1.1" status: 201 len: 831 time: 0.4618237
2026-05-20 04:24:11.773 9 WARNING neutron_lib.context [None req-399d6320-a940-4140-87d0-3f08078e642c 96b3f473a70d4f00a5666dd888ec9f53 30eaf8ac2ed54fd48282592c8785ada7 - - default default] Method 'is_advsvc' is deprecated since 2023.2 release (neutron-lib 3.8.0) and will be removed once support for the old RBAC API policies will be removed from Neutron. Please use method 'is_service_role' instead.
2026-05-20 04:24:11.774 10 INFO neutron.api.wsgi [None req-00afd872-e887-4a90-a30d-ac170003df8a 863eb99aa6a94720be3fce0498d25c92 372b4dd9000f4fe0aa368e2fbc339545 - - default default] 10.0.0.17 "GET /v2.0/floatingips HTTP/1.1" status: 200 len: 193 time: 0.0280304
2026-05-20 04:24:11.804 10 INFO neutron.api.wsgi [None req-dad80476-6b05-4e44-a7f2-ff0a66385bfd 863eb99aa6a94720be3fce0498d25c92 372b4dd9000f4fe0aa368e2fbc339545 - - default default] 10.0.0.17 "GET /v2.0/subnets HTTP/1.1" status: 200 len: 3449 time: 0.0292532
2026-05-20 04:24:11.843 10 INFO neutron.api.wsgi [None req-84306300-785a-44f9-9882-883c485860de 863eb99aa6a94720be3fce0498d25c92 372b4dd9000f4fe0aa368e2fbc339545 - - default default] 10.0.0.17 "GET /v2.0/subnets HTTP/1.1" status: 200 len: 3449 time: 0.0384045
2026-05-20 04:24:11.852 10 INFO neutron.api.wsgi [None req-d96aae29-7c80-46b4-a47c-ca164f9dd106 863eb99aa6a94720be3fce0498d25c92 372b4dd9000f4fe0aa368e2fbc339545 - - default default] 10.0.0.17 "GET /v2.0/subnetpools HTTP/1.1" status: 200 len: 193 time: 0.0064197
2026-05-20 04:24:11.923 10 INFO neutron.api.wsgi [None req-e092ebe3-d9fd-4b1c-a18c-d82844863501 863eb99aa6a94720be3fce0498d25c92 372b4dd9000f4fe0aa368e2fbc339545 - - default default] 10.0.0.17 "GET /v2.0/ports HTTP/1.1" status: 200 len: 16636 time: 0.0695629
2026-05-20 04:24:11.935 9 WARNING neutron.scheduler.dhcp_agent_scheduler [None req-399d6320-a940-4140-87d0-3f08078e642c 96b3f473a70d4f00a5666dd888ec9f53 30eaf8ac2ed54fd48282592c8785ada7 - - default default] No more DHCP agents
2026-05-20 04:24:11.939 9 WARNING neutron.api.rpc.agentnotifiers.dhcp_rpc_agent_api [None req-399d6320-a940-4140-87d0-3f08078e642c 96b3f473a70d4f00a5666dd888ec9f53 30eaf8ac2ed54fd48282592c8785ada7 - - default default] Unable to schedule network 9b592f5d-cf81-4342-a68a-cb163bd89cb0: no agents available; will retry on subsequent port and subnet creation events.
2026-05-20 04:24:11.991 10 INFO neutron.api.wsgi [None req-6cc3130a-b92b-4ae6-a8a1-eb68f7626b48 863eb99aa6a94720be3fce0498d25c92 372b4dd9000f4fe0aa368e2fbc339545 - - default default] 10.0.0.17 "GET /v2.0/networks HTTP/1.1" status: 200 len: 5283 time: 0.0594907
2026-05-20 04:24:12.074 10 INFO neutron.api.wsgi [None req-c729c2e9-7f21-4d04-87b7-a84d3ddcbcbd 863eb99aa6a94720be3fce0498d25c92 372b4dd9000f4fe0aa368e2fbc339545 - - default default] 10.0.0.17 "GET /v2.0/routers HTTP/1.1" status: 200 len: 2189 time: 0.0790396
2026-05-20 04:24:12.092 10 INFO neutron.api.wsgi [None req-a637bcde-4528-4a6e-85f6-b9c6fba37078 863eb99aa6a94720be3fce0498d25c92 372b4dd9000f4fe0aa368e2fbc339545 - - default default] 10.0.0.17 "GET /v2.0/agents?binary=ovn-controller HTTP/1.1" status: 200 len: 591 time: 0.0143197
2026-05-20 04:24:12.105 10 INFO neutron.api.wsgi [None req-b367b091-badf-4c14-869e-1fb89777c873 863eb99aa6a94720be3fce0498d25c92 372b4dd9000f4fe0aa368e2fbc339545 - - default default] 10.0.0.17 "GET /v2.0/network-ip-availabilities HTTP/1.1" status: 200 len: 2952 time: 0.0122249
2026-05-20 04:24:12.345 9 INFO neutron.db.ovn_revision_numbers_db [None req-a3a07bfd-3179-4d33-94cd-83a22afb6ede - - - - - -] Successfully bumped revision number for resource c7228ca7-d886-4acd-b87a-bf6f74e87530 (type: ports) to 2
2026-05-20 04:24:12.367 9 INFO neutron.db.ovn_revision_numbers_db [None req-a3a07bfd-3179-4d33-94cd-83a22afb6ede - - - - - -] Successfully bumped revision number for resource e0864ea8-9ad1-4a53-adc5-c9258aac852d (type: subnets) to 0
2026-05-20 04:24:12.378 9 INFO neutron.api.wsgi [None req-399d6320-a940-4140-87d0-3f08078e642c 96b3f473a70d4f00a5666dd888ec9f53 30eaf8ac2ed54fd48282592c8785ada7 - - default default] 10.0.0.8 "POST /v2.0/subnets HTTP/1.1" status: 201 len: 828 time: 0.6082368
2026-05-20 04:24:12.386 9 WARNING neutron_lib.context [None req-56c06ea8-a0e8-49fb-8b88-7b8b8ae4d2b4 96b3f473a70d4f00a5666dd888ec9f53 30eaf8ac2ed54fd48282592c8785ada7 - - default default] Method 'is_advsvc' is deprecated since 2023.2 release (neutron-lib 3.8.0) and will be removed once support for the old RBAC API policies will be removed from Neutron. Please use method 'is_service_role' instead.
2026-05-20 04:24:12.428 9 INFO neutron.api.wsgi [None req-afd56687-f412-4a91-a20b-5c570d5007b6 863eb99aa6a94720be3fce0498d25c92 372b4dd9000f4fe0aa368e2fbc339545 - - default default] 10.0.0.8 "GET /v2.0/security-groups?tenant_id=c15f8eaeb95047a18b2a49c864b2f5db&name=default HTTP/1.1" status: 200 len: 3124 time: 0.1216269
2026-05-20 04:24:12.627 9 INFO neutron.db.ovn_revision_numbers_db [None req-1d95d208-8f54-4711-929c-0455e9e71fe0 863eb99aa6a94720be3fce0498d25c92 372b4dd9000f4fe0aa368e2fbc339545 - - default default] Successfully bumped revision number for resource 0401ded5-b3cf-42f1-87b3-3c878888116a (type: security_groups) to 1
2026-05-20 04:24:12.650 9 INFO neutron.db.ovn_revision_numbers_db [None req-1d95d208-8f54-4711-929c-0455e9e71fe0 863eb99aa6a94720be3fce0498d25c92 372b4dd9000f4fe0aa368e2fbc339545 - - default default] Successfully bumped revision number for resource 50703181-a4b2-488a-b6b2-4cdeb0034da6 (type: security_group_rules) to 0
2026-05-20 04:24:12.671 9 INFO neutron.db.ovn_revision_numbers_db [None req-1d95d208-8f54-4711-929c-0455e9e71fe0 863eb99aa6a94720be3fce0498d25c92 372b4dd9000f4fe0aa368e2fbc339545 - - default default] Successfully bumped revision number for resource 5ca6d6ac-0dc0-4b3b-b315-a89783f500ea (type: security_group_rules) to 0
2026-05-20 04:24:12.689 9 INFO neutron.db.ovn_revision_numbers_db [None req-1d95d208-8f54-4711-929c-0455e9e71fe0 863eb99aa6a94720be3fce0498d25c92 372b4dd9000f4fe0aa368e2fbc339545 - - default default] Successfully bumped revision number for resource 9bfff7ca-1dd3-43a6-ae4e-e6a87eadff6b (type: security_group_rules) to 0
2026-05-20 04:24:12.703 9 INFO neutron.db.ovn_revision_numbers_db [None req-1d95d208-8f54-4711-929c-0455e9e71fe0 863eb99aa6a94720be3fce0498d25c92 372b4dd9000f4fe0aa368e2fbc339545 - - default default] Successfully bumped revision number for resource bf58fe49-8e1a-4242-9e6d-ba186bf1f3c1 (type: security_group_rules) to 0
2026-05-20 04:24:12.753 9 INFO neutron.api.wsgi [None req-1d95d208-8f54-4711-929c-0455e9e71fe0 863eb99aa6a94720be3fce0498d25c92 372b4dd9000f4fe0aa368e2fbc339545 - - default default] 10.0.0.8 "GET /v2.0/security-groups?tenant_id=51af1ea5a3c3462888cbd29c52ec0540&name=default HTTP/1.1" status: 200 len: 3124 time: 0.4635870
2026-05-20 04:24:12.756 9 INFO neutron.api.wsgi [None req-69eef9d1-bba7-49fd-bca9-4900a49d1cc5 863eb99aa6a94720be3fce0498d25c92 372b4dd9000f4fe0aa368e2fbc339545 - - default default] 10.0.0.8 "DELETE /v2.0/security-groups/67f675f2-0867-4fd5-b648-36da48f2a971 HTTP/1.1" status: 204 len: 168 time: 0.3235171
2026-05-20 04:24:12.833 9 WARNING neutron.scheduler.dhcp_agent_scheduler [None req-56c06ea8-a0e8-49fb-8b88-7b8b8ae4d2b4 96b3f473a70d4f00a5666dd888ec9f53 30eaf8ac2ed54fd48282592c8785ada7 - - default default] No more DHCP agents
2026-05-20 04:24:12.834 9 WARNING neutron.api.rpc.agentnotifiers.dhcp_rpc_agent_api [None req-56c06ea8-a0e8-49fb-8b88-7b8b8ae4d2b4 96b3f473a70d4f00a5666dd888ec9f53 30eaf8ac2ed54fd48282592c8785ada7 - - default default] Unable to schedule network b4089aac-2d02-4206-94da-046c5aa2ba30: no agents available; will retry on subsequent port and subnet creation events.
2026-05-20 04:24:12.947 9 INFO neutron.db.ovn_revision_numbers_db [None req-56c06ea8-a0e8-49fb-8b88-7b8b8ae4d2b4 96b3f473a70d4f00a5666dd888ec9f53 30eaf8ac2ed54fd48282592c8785ada7 - - default default] Successfully bumped revision number for resource a4307eda-bc9b-43b6-94b5-a674ede029c0 (type: ports) to 1
2026-05-20 04:24:12.963 10 INFO neutron.api.wsgi [None req-23108e63-c1b1-4e8f-a828-0c65f6e78a2f 863eb99aa6a94720be3fce0498d25c92 372b4dd9000f4fe0aa368e2fbc339545 - - default default] 10.0.0.8 "DELETE /v2.0/security-groups/0401ded5-b3cf-42f1-87b3-3c878888116a HTTP/1.1" status: 204 len: 168 time: 0.2044492
2026-05-20 04:24:12.986 9 INFO neutron.db.ovn_revision_numbers_db [None req-b80e20a0-f16b-4174-8c80-330aabe2807d 863eb99aa6a94720be3fce0498d25c92 372b4dd9000f4fe0aa368e2fbc339545 - - default default] Successfully bumped revision number for resource 5901aec3-deaf-46b0-90c8-e9c7c6148f4f (type: security_groups) to 1
2026-05-20 04:24:13.000 9 INFO neutron.db.ovn_revision_numbers_db [None req-b80e20a0-f16b-4174-8c80-330aabe2807d 863eb99aa6a94720be3fce0498d25c92 372b4dd9000f4fe0aa368e2fbc339545 - - default default] Successfully bumped revision number for resource 2fb43343-9981-4385-b635-8d7a8a8a7929 (type: security_group_rules) to 0
2026-05-20 04:24:13.022 9 INFO neutron.db.ovn_revision_numbers_db [None req-b80e20a0-f16b-4174-8c80-330aabe2807d 863eb99aa6a94720be3fce0498d25c92 372b4dd9000f4fe0aa368e2fbc339545 - - default default] Successfully bumped revision number for resource 97844416-0aac-4cf8-928e-6f45d2be2296 (type: security_group_rules) to 0
2026-05-20 04:24:13.038 9 INFO neutron.db.ovn_revision_numbers_db [None req-b80e20a0-f16b-4174-8c80-330aabe2807d 863eb99aa6a94720be3fce0498d25c92 372b4dd9000f4fe0aa368e2fbc339545 - - default default] Successfully bumped revision number for resource a701ec5a-813a-4ba4-93f5-f3f670014860 (type: security_group_rules) to 0
2026-05-20 04:24:13.050 9 INFO neutron.db.ovn_revision_numbers_db [None req-b80e20a0-f16b-4174-8c80-330aabe2807d 863eb99aa6a94720be3fce0498d25c92 372b4dd9000f4fe0aa368e2fbc339545 - - default default] Successfully bumped revision number for resource c3352c86-d55f-42c1-92c5-bdc784932596 (type: security_group_rules) to 0
2026-05-20 04:24:13.096 9 INFO neutron.api.wsgi [None req-b80e20a0-f16b-4174-8c80-330aabe2807d 863eb99aa6a94720be3fce0498d25c92 372b4dd9000f4fe0aa368e2fbc339545 - - default default] 10.0.0.8 "GET /v2.0/security-groups?tenant_id=e989bf02b631429e8bd840602ba558a4&name=default HTTP/1.1" status: 200 len: 3124 time: 0.2456815
2026-05-20 04:24:13.215 10 INFO neutron.db.ovn_revision_numbers_db [None req-f5fb0503-0f41-407f-84e4-a5622e02ff02 863eb99aa6a94720be3fce0498d25c92 372b4dd9000f4fe0aa368e2fbc339545 - - default default] Successfully bumped revision number for resource e47583af-58be-427a-968d-756566b83a72 (type: security_groups) to 1
2026-05-20 04:24:13.229 10 INFO neutron.db.ovn_revision_numbers_db [None req-f5fb0503-0f41-407f-84e4-a5622e02ff02 863eb99aa6a94720be3fce0498d25c92 372b4dd9000f4fe0aa368e2fbc339545 - - default default] Successfully bumped revision number for resource 18001e70-222a-46fd-a552-53c2ee25037f (type: security_group_rules) to 0
2026-05-20 04:24:13.249 10 INFO neutron.db.ovn_revision_numbers_db [None req-f5fb0503-0f41-407f-84e4-a5622e02ff02 863eb99aa6a94720be3fce0498d25c92 372b4dd9000f4fe0aa368e2fbc339545 - - default default] Successfully bumped revision number for resource 79f394b3-21b8-4e5d-b413-a58354a0e947 (type: security_group_rules) to 0
2026-05-20 04:24:13.261 10 INFO neutron.db.ovn_revision_numbers_db [None req-f5fb0503-0f41-407f-84e4-a5622e02ff02 863eb99aa6a94720be3fce0498d25c92 372b4dd9000f4fe0aa368e2fbc339545 - - default default] Successfully bumped revision number for resource 87c6b987-8433-4241-a8f1-31bd38b44369 (type: security_group_rules) to 0
2026-05-20 04:24:13.278 10 INFO neutron.db.ovn_revision_numbers_db [None req-f5fb0503-0f41-407f-84e4-a5622e02ff02 863eb99aa6a94720be3fce0498d25c92 372b4dd9000f4fe0aa368e2fbc339545 - - default default] Successfully bumped revision number for resource e5c1fc62-5b4c-4491-8e66-b8b30b74cea1 (type: security_group_rules) to 0
2026-05-20 04:24:13.310 10 INFO neutron.api.wsgi [None req-f5fb0503-0f41-407f-84e4-a5622e02ff02 863eb99aa6a94720be3fce0498d25c92 372b4dd9000f4fe0aa368e2fbc339545 - - default default] 10.0.0.8 "GET /v2.0/security-groups?tenant_id=8231a985bb7d44878281b171ba178609&name=default HTTP/1.1" status: 200 len: 3124 time: 0.2233205
2026-05-20 04:24:13.321 10 INFO neutron.api.wsgi [None req-30263008-de28-4d93-9ba7-4ad711215b54 863eb99aa6a94720be3fce0498d25c92 372b4dd9000f4fe0aa368e2fbc339545 - - default default] 10.0.0.8 "DELETE /v2.0/security-groups/5901aec3-deaf-46b0-90c8-e9c7c6148f4f HTTP/1.1" status: 204 len: 168 time: 0.2200313
2026-05-20 04:24:13.447 9 INFO neutron.plugins.ml2.drivers.ovn.mech_driver.ovsdb.commands [None req-12ab5c90-8989-4f42-9334-e79221420d30 - - - - - -] Schedule LRP lrp-a4307eda-bc9b-43b6-94b5-a674ede029c0 on gateway 84081367-4f53-4f23-9772-58bfc96e566c with priority 1
2026-05-20 04:24:13.454 9 INFO neutron.plugins.ml2.drivers.ovn.mech_driver.mech_driver [None req-2338adc7-b659-4601-86e9-ec4eb5a57816 - - - - - -] OVN reports status up for port: a4307eda-bc9b-43b6-94b5-a674ede029c0
2026-05-20 04:24:13.467 9 INFO neutron.plugins.ml2.plugin [None req-2338adc7-b659-4601-86e9-ec4eb5a57816 - - - - - -] Attempt 1 to provision port a4307eda-bc9b-43b6-94b5-a674ede029c0
2026-05-20 04:24:13.502 9 INFO neutron.db.ovn_revision_numbers_db [None req-56c06ea8-a0e8-49fb-8b88-7b8b8ae4d2b4 96b3f473a70d4f00a5666dd888ec9f53 30eaf8ac2ed54fd48282592c8785ada7 - - default default] Successfully bumped revision number for resource a4307eda-bc9b-43b6-94b5-a674ede029c0 (type: router_ports) to 1
2026-05-20 04:24:13.525 10 INFO neutron.api.wsgi [None req-5f08e55c-e8a3-4be1-9cbb-fe52b706b7df 863eb99aa6a94720be3fce0498d25c92 372b4dd9000f4fe0aa368e2fbc339545 - - default default] 10.0.0.8 "DELETE /v2.0/security-groups/e47583af-58be-427a-968d-756566b83a72 HTTP/1.1" status: 204 len: 168 time: 0.2109046
2026-05-20 04:24:13.560 9 INFO neutron.db.ovn_revision_numbers_db [None req-56c06ea8-a0e8-49fb-8b88-7b8b8ae4d2b4 96b3f473a70d4f00a5666dd888ec9f53 30eaf8ac2ed54fd48282592c8785ada7 - - default default] Successfully bumped revision number for resource 3c40169a-87a7-4263-a5c2-cf71a2898d31 (type: routers) to 2
2026-05-20 04:24:13.576 9 INFO neutron.api.wsgi [None req-56c06ea8-a0e8-49fb-8b88-7b8b8ae4d2b4 96b3f473a70d4f00a5666dd888ec9f53 30eaf8ac2ed54fd48282592c8785ada7 - - default default] 10.0.0.8 "POST /v2.0/routers HTTP/1.1" status: 201 len: 1135 time: 1.1929469
2026-05-20 04:24:14.046 9 WARNING neutron.scheduler.dhcp_agent_scheduler [None req-1a2ba5e3-4eb7-458a-a5f6-9a593473ecb5 96b3f473a70d4f00a5666dd888ec9f53 30eaf8ac2ed54fd48282592c8785ada7 - - default default] No more DHCP agents
2026-05-20 04:24:14.047 9 WARNING neutron.api.rpc.agentnotifiers.dhcp_rpc_agent_api [None req-1a2ba5e3-4eb7-458a-a5f6-9a593473ecb5 96b3f473a70d4f00a5666dd888ec9f53 30eaf8ac2ed54fd48282592c8785ada7 - - default default] Unable to schedule network 9b592f5d-cf81-4342-a68a-cb163bd89cb0: no agents available; will retry on subsequent port and subnet creation events.
2026-05-20 04:24:14.160 9 INFO neutron.db.ovn_revision_numbers_db [None req-1a2ba5e3-4eb7-458a-a5f6-9a593473ecb5 96b3f473a70d4f00a5666dd888ec9f53 30eaf8ac2ed54fd48282592c8785ada7 - - default default] Successfully bumped revision number for resource 209a1131-e31e-4f32-b98d-1bfe6f4fb89e (type: ports) to 1
2026-05-20 04:24:14.665 9 INFO neutron.db.ovn_revision_numbers_db [None req-1a2ba5e3-4eb7-458a-a5f6-9a593473ecb5 96b3f473a70d4f00a5666dd888ec9f53 30eaf8ac2ed54fd48282592c8785ada7 - - default default] Successfully bumped revision number for resource 209a1131-e31e-4f32-b98d-1bfe6f4fb89e (type: ports) to 1
2026-05-20 04:24:14.713 9 WARNING neutron.scheduler.dhcp_agent_scheduler [None req-1a2ba5e3-4eb7-458a-a5f6-9a593473ecb5 96b3f473a70d4f00a5666dd888ec9f53 30eaf8ac2ed54fd48282592c8785ada7 - - default default] No more DHCP agents
2026-05-20 04:24:14.715 9 WARNING neutron.api.rpc.agentnotifiers.dhcp_rpc_agent_api [None req-1a2ba5e3-4eb7-458a-a5f6-9a593473ecb5 96b3f473a70d4f00a5666dd888ec9f53 30eaf8ac2ed54fd48282592c8785ada7 - - default default] Unable to schedule network 9b592f5d-cf81-4342-a68a-cb163bd89cb0: no agents available; will retry on subsequent port and subnet creation events.
2026-05-20 04:24:15.034 9 INFO neutron.db.ovn_revision_numbers_db [None req-1a2ba5e3-4eb7-458a-a5f6-9a593473ecb5 96b3f473a70d4f00a5666dd888ec9f53 30eaf8ac2ed54fd48282592c8785ada7 - - default default] Successfully bumped revision number for resource 209a1131-e31e-4f32-b98d-1bfe6f4fb89e (type: router_ports) to 1
2026-05-20 04:24:15.039 9 INFO neutron.api.wsgi [None req-1a2ba5e3-4eb7-458a-a5f6-9a593473ecb5 96b3f473a70d4f00a5666dd888ec9f53 30eaf8ac2ed54fd48282592c8785ada7 - - default default] 10.0.0.8 "PUT /v2.0/routers/3c40169a-87a7-4263-a5c2-cf71a2898d31/add_router_interface HTTP/1.1" status: 200 len: 503 time: 1.4585717
2026-05-20 04:24:15.049 9 WARNING neutron_lib.context [None req-c05c371b-3c20-41ca-8543-721a547089cc 96b3f473a70d4f00a5666dd888ec9f53 30eaf8ac2ed54fd48282592c8785ada7 - - default default] Method 'is_advsvc' is deprecated since 2023.2 release (neutron-lib 3.8.0) and will be removed once support for the old RBAC API policies will be removed from Neutron. Please use method 'is_service_role' instead.
2026-05-20 04:24:15.489 9 WARNING neutron.scheduler.dhcp_agent_scheduler [None req-bea54b90-25f1-4679-9d51-57dbffb860d9 - - - - - -] No more DHCP agents
2026-05-20 04:24:15.492 9 WARNING neutron.api.rpc.agentnotifiers.dhcp_rpc_agent_api [None req-bea54b90-25f1-4679-9d51-57dbffb860d9 - - - - - -] Unable to schedule network b4089aac-2d02-4206-94da-046c5aa2ba30: no agents available; will retry on subsequent port and subnet creation events.
2026-05-20 04:24:15.748 10 WARNING neutron.plugins.ml2.drivers.ovn.mech_driver.ovsdb.ovn_client [None req-9fb9a4de-959e-4e62-8d9d-45d2946f910b - - - - - -] No hosting information found for port f249a769-b606-4921-990c-bab54795b72a: RuntimeError: No hosting information found for port f249a769-b606-4921-990c-bab54795b72a
2026-05-20 04:24:15.823 10 INFO neutron.db.ovn_revision_numbers_db [None req-9fb9a4de-959e-4e62-8d9d-45d2946f910b - - - - - -] Successfully bumped revision number for resource f249a769-b606-4921-990c-bab54795b72a (type: router_ports) to 2
2026-05-20 04:24:15.823 10 INFO neutron.plugins.ml2.drivers.ovn.mech_driver.mech_driver [None req-9fb9a4de-959e-4e62-8d9d-45d2946f910b - - - - - -] OVN reports status up for port: eecef712-dc63-435a-9d1e-ae817749a6d4
2026-05-20 04:24:15.889 9 INFO neutron.db.ovn_revision_numbers_db [None req-bea54b90-25f1-4679-9d51-57dbffb860d9 - - - - - -] Successfully bumped revision number for resource a5f1ac80-4827-4c2e-a0ba-fc0fa15808c6 (type: ports) to 1
2026-05-20 04:24:16.116 9 INFO neutron.db.ovn_revision_numbers_db [None req-bea54b90-25f1-4679-9d51-57dbffb860d9 - - - - - -] Successfully bumped revision number for resource a5f1ac80-4827-4c2e-a0ba-fc0fa15808c6 (type: ports) to 3
2026-05-20 04:24:16.166 9 INFO neutron.db.segments_db [None req-bea54b90-25f1-4679-9d51-57dbffb860d9 - - - - - -] Added segment 962f1640-4d4a-499f-8d46-3d2d21655572 of type geneve for network d989d23a-6ef4-40ab-8b50-6b3657935b79
2026-05-20 04:24:16.274 9 INFO neutron.db.ovn_revision_numbers_db [None req-d43c3035-43ca-4151-9e8b-057df00ad3c7 - - - - - -] Successfully bumped revision number for resource d989d23a-6ef4-40ab-8b50-6b3657935b79 (type: networks) to 1
2026-05-20 04:24:16.418 9 WARNING neutron.scheduler.dhcp_agent_scheduler [None req-d43c3035-43ca-4151-9e8b-057df00ad3c7 - - - - - -] No more DHCP agents
2026-05-20 04:24:16.419 9 WARNING neutron.api.rpc.agentnotifiers.dhcp_rpc_agent_api [None req-d43c3035-43ca-4151-9e8b-057df00ad3c7 - - - - - -] Unable to schedule network d989d23a-6ef4-40ab-8b50-6b3657935b79: no agents available; will retry on subsequent port and subnet creation events.
2026-05-20 04:24:16.486 9 INFO neutron.db.ovn_revision_numbers_db [None req-d43c3035-43ca-4151-9e8b-057df00ad3c7 - - - - - -] Successfully bumped revision number for resource 2d2c244e-c8cb-4c09-9ad6-944fd2adacfc (type: ports) to 1
2026-05-20 04:24:16.498 9 WARNING neutron_lib.context [None req-ba086c4d-79db-4784-85af-1720466e8501 8874faf622774873a43d7fbaafae3302 75e2880903e84874ace3faa169a5630a - - default default] Method 'is_advsvc' is deprecated since 2023.2 release (neutron-lib 3.8.0) and will be removed once support for the old RBAC API policies will be removed from Neutron. Please use method 'is_service_role' instead.
2026-05-20 04:24:16.635 9 WARNING neutron.scheduler.dhcp_agent_scheduler [None req-d43c3035-43ca-4151-9e8b-057df00ad3c7 - - - - - -] No more DHCP agents
2026-05-20 04:24:16.638 9 WARNING neutron.api.rpc.agentnotifiers.dhcp_rpc_agent_api [None req-d43c3035-43ca-4151-9e8b-057df00ad3c7 - - - - - -] Unable to schedule network d989d23a-6ef4-40ab-8b50-6b3657935b79: no agents available; will retry on subsequent port and subnet creation events.
2026-05-20 04:24:16.660 9 INFO neutron.db.ovn_revision_numbers_db [None req-ba086c4d-79db-4784-85af-1720466e8501 8874faf622774873a43d7fbaafae3302 75e2880903e84874ace3faa169a5630a - - default default] Successfully bumped revision number for resource b7bcab35-0356-4ec8-a45c-e19110bb29cd (type: security_groups) to 1
2026-05-20 04:24:16.661 9 INFO neutron.db.ovn_revision_numbers_db [None req-d43c3035-43ca-4151-9e8b-057df00ad3c7 - - - - - -] Successfully bumped revision number for resource 5696dea0-6328-4f7d-8c9e-9d609f30449a (type: subnets) to 0
2026-05-20 04:24:16.693 9 INFO neutron.db.ovn_revision_numbers_db [None req-ba086c4d-79db-4784-85af-1720466e8501 8874faf622774873a43d7fbaafae3302 75e2880903e84874ace3faa169a5630a - - default default] Successfully bumped revision number for resource 56b9c683-165c-4235-bbd1-809b99d6383f (type: security_group_rules) to 0
2026-05-20 04:24:16.707 9 INFO neutron.db.ovn_revision_numbers_db [None req-ba086c4d-79db-4784-85af-1720466e8501 8874faf622774873a43d7fbaafae3302 75e2880903e84874ace3faa169a5630a - - default default] Successfully bumped revision number for resource 68f3d206-a542-4763-aae5-68ea9eebd9e5 (type: security_group_rules) to 0
2026-05-20 04:24:16.736 9 INFO neutron.db.ovn_revision_numbers_db [None req-ba086c4d-79db-4784-85af-1720466e8501 8874faf622774873a43d7fbaafae3302 75e2880903e84874ace3faa169a5630a - - default default] Successfully bumped revision number for resource d250f120-aac9-4930-bb0a-f1ec51f1b6ba (type: security_group_rules) to 0
2026-05-20 04:24:16.757 9 INFO neutron.db.ovn_revision_numbers_db [None req-ba086c4d-79db-4784-85af-1720466e8501 8874faf622774873a43d7fbaafae3302 75e2880903e84874ace3faa169a5630a - - default default] Successfully bumped revision number for resource f868a5a6-74c2-4f3b-b7a1-10fd4a38e8c9 (type: security_group_rules) to 0
2026-05-20 04:24:16.829 9 INFO neutron.db.segments_db [None req-ba086c4d-79db-4784-85af-1720466e8501 8874faf622774873a43d7fbaafae3302 75e2880903e84874ace3faa169a5630a - - default default] Added segment 4738068c-e5ed-46cb-acf2-d6e477883e98 of type geneve for network 2a03e311-5ed8-447d-adff-94ff6a90fb6c
2026-05-20 04:24:16.980 9 INFO neutron.db.ovn_revision_numbers_db [None req-ba086c4d-79db-4784-85af-1720466e8501 8874faf622774873a43d7fbaafae3302 75e2880903e84874ace3faa169a5630a - - default default] Successfully bumped revision number for resource 2a03e311-5ed8-447d-adff-94ff6a90fb6c (type: networks) to 1
2026-05-20 04:24:17.058 9 WARNING neutron.scheduler.dhcp_agent_scheduler [None req-d43c3035-43ca-4151-9e8b-057df00ad3c7 - - - - - -] No more DHCP agents
2026-05-20 04:24:17.060 9 WARNING neutron.api.rpc.agentnotifiers.dhcp_rpc_agent_api [None req-d43c3035-43ca-4151-9e8b-057df00ad3c7 - - - - - -] Unable to schedule network d989d23a-6ef4-40ab-8b50-6b3657935b79: no agents available; will retry on subsequent port and subnet creation events.
2026-05-20 04:24:17.126 9 WARNING neutron.scheduler.dhcp_agent_scheduler [None req-ba086c4d-79db-4784-85af-1720466e8501 8874faf622774873a43d7fbaafae3302 75e2880903e84874ace3faa169a5630a - - default default] No more DHCP agents
2026-05-20 04:24:17.127 9 WARNING neutron.api.rpc.agentnotifiers.dhcp_rpc_agent_api [None req-ba086c4d-79db-4784-85af-1720466e8501 8874faf622774873a43d7fbaafae3302 75e2880903e84874ace3faa169a5630a - - default default] Unable to schedule network 2a03e311-5ed8-447d-adff-94ff6a90fb6c: no agents available; will retry on subsequent port and subnet creation events.
2026-05-20 04:24:17.186 9 INFO neutron.db.ovn_revision_numbers_db [None req-d43c3035-43ca-4151-9e8b-057df00ad3c7 - - - - - -] Successfully bumped revision number for resource 453f4673-d4c2-4c1d-a7b2-25a6f586a0e5 (type: ports) to 1
2026-05-20 04:24:17.201 9 INFO neutron.db.ovn_revision_numbers_db [None req-ba086c4d-79db-4784-85af-1720466e8501 8874faf622774873a43d7fbaafae3302 75e2880903e84874ace3faa169a5630a - - default default] Successfully bumped revision number for resource ff57ecba-427c-4d80-8240-50f1b722065c (type: ports) to 1
2026-05-20 04:24:17.239 9 INFO neutron.api.wsgi [None req-ba086c4d-79db-4784-85af-1720466e8501 8874faf622774873a43d7fbaafae3302 75e2880903e84874ace3faa169a5630a - - default default] 10.0.0.8 "POST /v2.0/networks HTTP/1.1" status: 201 len: 831 time: 0.8421249
2026-05-20 04:24:17.250 10 WARNING neutron_lib.context [None req-d02b2889-b16a-4f5a-b1d6-6a6e3480dc46 8874faf622774873a43d7fbaafae3302 75e2880903e84874ace3faa169a5630a - - default default] Method 'is_advsvc' is deprecated since 2023.2 release (neutron-lib 3.8.0) and will be removed once support for the old RBAC API policies will be removed from Neutron. Please use method 'is_service_role' instead.
2026-05-20 04:24:17.405 10 WARNING neutron.scheduler.dhcp_agent_scheduler [None req-d02b2889-b16a-4f5a-b1d6-6a6e3480dc46 8874faf622774873a43d7fbaafae3302 75e2880903e84874ace3faa169a5630a - - default default] No more DHCP agents
2026-05-20 04:24:17.407 10 WARNING neutron.api.rpc.agentnotifiers.dhcp_rpc_agent_api [None req-d02b2889-b16a-4f5a-b1d6-6a6e3480dc46 8874faf622774873a43d7fbaafae3302 75e2880903e84874ace3faa169a5630a - - default default] Unable to schedule network 2a03e311-5ed8-447d-adff-94ff6a90fb6c: no agents available; will retry on subsequent port and subnet creation events.
2026-05-20 04:24:17.701 10 INFO neutron.plugins.ml2.drivers.ovn.mech_driver.mech_driver [None req-9fb9a4de-959e-4e62-8d9d-45d2946f910b - - - - - -] OVN reports status up for port: 453f4673-d4c2-4c1d-a7b2-25a6f586a0e5
2026-05-20 04:24:17.708 10 INFO neutron.plugins.ml2.plugin [None req-9fb9a4de-959e-4e62-8d9d-45d2946f910b - - - - - -] Attempt 1 to provision port 453f4673-d4c2-4c1d-a7b2-25a6f586a0e5
2026-05-20 04:24:17.722 9 INFO neutron.db.ovn_revision_numbers_db [None req-d43c3035-43ca-4151-9e8b-057df00ad3c7 - - - - - -] Successfully bumped revision number for resource 453f4673-d4c2-4c1d-a7b2-25a6f586a0e5 (type: ports) to 1
2026-05-20 04:24:17.778 9 WARNING neutron.scheduler.dhcp_agent_scheduler [None req-d43c3035-43ca-4151-9e8b-057df00ad3c7 - - - - - -] No more DHCP agents
2026-05-20 04:24:17.779 9 WARNING neutron.api.rpc.agentnotifiers.dhcp_rpc_agent_api [None req-d43c3035-43ca-4151-9e8b-057df00ad3c7 - - - - - -] Unable to schedule network d989d23a-6ef4-40ab-8b50-6b3657935b79: no agents available; will retry on subsequent port and subnet creation events.
2026-05-20 04:24:17.787 10 INFO neutron.db.ovn_revision_numbers_db [None req-7f62fb60-7896-4e4e-80ad-3fab9a2a47ce - - - - - -] Successfully bumped revision number for resource ff57ecba-427c-4d80-8240-50f1b722065c (type: ports) to 2
2026-05-20 04:24:17.828 10 INFO neutron.db.ovn_revision_numbers_db [None req-7f62fb60-7896-4e4e-80ad-3fab9a2a47ce - - - - - -] Successfully bumped revision number for resource 7eebecb8-4dc0-435e-8ef1-6bd8d7591363 (type: subnets) to 0
2026-05-20 04:24:17.843 10 INFO neutron.api.wsgi [None req-d02b2889-b16a-4f5a-b1d6-6a6e3480dc46 8874faf622774873a43d7fbaafae3302 75e2880903e84874ace3faa169a5630a - - default default] 10.0.0.8 "POST /v2.0/subnets HTTP/1.1" status: 201 len: 825 time: 0.5969479
2026-05-20 04:24:17.909 10 INFO neutron.api.wsgi [None req-c311a2e7-cd13-41e3-9ad0-ee4396bd802d 8874faf622774873a43d7fbaafae3302 75e2880903e84874ace3faa169a5630a - - default default] 10.0.0.8 "PUT /v2.0/subnets/7eebecb8-4dc0-435e-8ef1-6bd8d7591363/tags HTTP/1.1" status: 200 len: 218 time: 0.0604463
2026-05-20 04:24:17.969 10 INFO neutron.api.wsgi [None req-f01429e4-77f1-4f41-b5b0-8055fb07fdd2 8874faf622774873a43d7fbaafae3302 75e2880903e84874ace3faa169a5630a - - default default] 10.0.0.8 "GET /v2.0/subnets/7eebecb8-4dc0-435e-8ef1-6bd8d7591363/tags HTTP/1.1" status: 200 len: 218 time: 0.0522995
2026-05-20 04:24:18.034 10 INFO neutron.api.wsgi [None req-f58f094f-41b2-4d6b-8470-3a41c4735e4e 8874faf622774873a43d7fbaafae3302 75e2880903e84874ace3faa169a5630a - - default default] 10.0.0.8 "PUT /v2.0/subnets/7eebecb8-4dc0-435e-8ef1-6bd8d7591363/tags/green HTTP/1.1" status: 201 len: 201 time: 0.0535643
2026-05-20 04:24:18.084 9 INFO neutron.api.wsgi [None req-c08fc063-ba9c-416a-90ff-6aafc8dd6b88 8874faf622774873a43d7fbaafae3302 75e2880903e84874ace3faa169a5630a - - default default] 10.0.0.8 "GET /v2.0/subnets/7eebecb8-4dc0-435e-8ef1-6bd8d7591363/tags HTTP/1.1" status: 200 len: 227 time: 0.0435281
2026-05-20 04:24:18.099 10 INFO neutron.db.ovn_revision_numbers_db [None req-9fb9a4de-959e-4e62-8d9d-45d2946f910b - - - - - -] Successfully bumped revision number for resource 453f4673-d4c2-4c1d-a7b2-25a6f586a0e5 (type: ports) to 2
2026-05-20 04:24:18.127 10 INFO neutron.api.wsgi [None req-cd9a8732-a792-41fb-bf34-64a96a17c4f2 8874faf622774873a43d7fbaafae3302 75e2880903e84874ace3faa169a5630a - - default default] 10.0.0.8 "PUT /v2.0/subnets/7eebecb8-4dc0-435e-8ef1-6bd8d7591363/tags/red HTTP/1.1" status: 201 len: 201 time: 0.0382850
2026-05-20 04:24:18.160 10 INFO neutron.api.wsgi [None req-9bd43342-38ab-4148-8f7e-d0198dbfac5c 8874faf622774873a43d7fbaafae3302 75e2880903e84874ace3faa169a5630a - - default default] 10.0.0.8 "GET /v2.0/subnets/7eebecb8-4dc0-435e-8ef1-6bd8d7591363/tags HTTP/1.1" status: 200 len: 227 time: 0.0277112
2026-05-20 04:24:18.211 9 INFO neutron.api.wsgi [None req-aaa28597-d006-4d09-a155-0320bf7a423e 8874faf622774873a43d7fbaafae3302 75e2880903e84874ace3faa169a5630a - - default default] 10.0.0.8 "PUT /v2.0/subnets/7eebecb8-4dc0-435e-8ef1-6bd8d7591363/tags/black.or.white HTTP/1.1" status: 201 len: 201 time: 0.0477574
2026-05-20 04:24:18.241 10 INFO neutron.api.wsgi [None req-2e077288-1642-4d31-b88c-e9c7bdb25aac 8874faf622774873a43d7fbaafae3302 75e2880903e84874ace3faa169a5630a - - default default] 10.0.0.8 "GET /v2.0/subnets/7eebecb8-4dc0-435e-8ef1-6bd8d7591363/tags HTTP/1.1" status: 200 len: 245 time: 0.0245607
2026-05-20 04:24:18.284 10 INFO neutron.api.wsgi [None req-8a935bd9-a416-4c92-91cf-926579acc1b8 8874faf622774873a43d7fbaafae3302 75e2880903e84874ace3faa169a5630a - - default default] 10.0.0.8 "PUT /v2.0/subnets/7eebecb8-4dc0-435e-8ef1-6bd8d7591363/tags HTTP/1.1" status: 200 len: 230 time: 0.0389171
2026-05-20 04:24:18.311 10 INFO neutron.api.wsgi [None req-35cb85fc-8ca3-41e7-b50f-07b6f014f3d6 8874faf622774873a43d7fbaafae3302 75e2880903e84874ace3faa169a5630a - - default default] 10.0.0.8 "GET /v2.0/subnets/7eebecb8-4dc0-435e-8ef1-6bd8d7591363/tags HTTP/1.1" status: 200 len: 230 time: 0.0226247
2026-05-20 04:24:18.337 10 INFO neutron.api.wsgi [None req-3900463e-3eb5-40f4-b1ef-ab670d9ff439 8874faf622774873a43d7fbaafae3302 75e2880903e84874ace3faa169a5630a - - default default] 10.0.0.8 "GET /v2.0/subnets/7eebecb8-4dc0-435e-8ef1-6bd8d7591363/tags/red HTTP/1.1" status: 204 len: 168 time: 0.0210917
2026-05-20 04:24:18.363 10 INFO neutron.api.v2.resource [None req-92d94142-5348-441e-95f4-3af69e3971f5 8874faf622774873a43d7fbaafae3302 75e2880903e84874ace3faa169a5630a - - default default] show failed (client error): The resource could not be found.
2026-05-20 04:24:18.364 10 INFO neutron.api.wsgi [None req-92d94142-5348-441e-95f4-3af69e3971f5 8874faf622774873a43d7fbaafae3302 75e2880903e84874ace3faa169a5630a - - default default] 10.0.0.8 "GET /v2.0/subnets/7eebecb8-4dc0-435e-8ef1-6bd8d7591363/tags/green HTTP/1.1" status: 404 len: 299 time: 0.0239663
2026-05-20 04:24:18.406 10 INFO neutron.api.wsgi [None req-73cad3b8-363e-47d8-82a4-4d6a85e11f00 8874faf622774873a43d7fbaafae3302 75e2880903e84874ace3faa169a5630a - - default default] 10.0.0.8 "DELETE /v2.0/subnets/7eebecb8-4dc0-435e-8ef1-6bd8d7591363/tags/red HTTP/1.1" status: 204 len: 168 time: 0.0374551
2026-05-20 04:24:18.421 9 INFO neutron.db.ovn_revision_numbers_db [None req-d43c3035-43ca-4151-9e8b-057df00ad3c7 - - - - - -] Successfully bumped revision number for resource 453f4673-d4c2-4c1d-a7b2-25a6f586a0e5 (type: router_ports) to 1
2026-05-20 04:24:18.442 10 INFO neutron.api.wsgi [None req-c36713f5-dc76-47aa-8dd5-961b9cfd806c 8874faf622774873a43d7fbaafae3302 75e2880903e84874ace3faa169a5630a - - default default] 10.0.0.8 "GET /v2.0/subnets/7eebecb8-4dc0-435e-8ef1-6bd8d7591363/tags HTTP/1.1" status: 200 len: 223 time: 0.0318146
2026-05-20 04:24:18.472 10 INFO neutron.api.v2.resource [None req-5348a502-fa97-46c5-bd06-977c1da1a9cd 8874faf622774873a43d7fbaafae3302 75e2880903e84874ace3faa169a5630a - - default default] delete failed (client error): The resource could not be found.
2026-05-20 04:24:18.473 10 INFO neutron.api.wsgi [None req-5348a502-fa97-46c5-bd06-977c1da1a9cd 8874faf622774873a43d7fbaafae3302 75e2880903e84874ace3faa169a5630a - - default default] 10.0.0.8 "DELETE /v2.0/subnets/7eebecb8-4dc0-435e-8ef1-6bd8d7591363/tags/green HTTP/1.1" status: 404 len: 299 time: 0.0244765
2026-05-20 04:24:18.511 10 INFO neutron.api.wsgi [None req-c5f9782e-63c5-440e-bdf6-1151ed521fb7 8874faf622774873a43d7fbaafae3302 75e2880903e84874ace3faa169a5630a - - default default] 10.0.0.8 "DELETE /v2.0/subnets/7eebecb8-4dc0-435e-8ef1-6bd8d7591363/tags HTTP/1.1" status: 204 len: 168 time: 0.0338166
2026-05-20 04:24:18.536 10 INFO neutron.api.wsgi [None req-208dd7c0-ed6f-40be-a60f-41d9eed3c8d5 8874faf622774873a43d7fbaafae3302 75e2880903e84874ace3faa169a5630a - - default default] 10.0.0.8 "GET /v2.0/subnets/7eebecb8-4dc0-435e-8ef1-6bd8d7591363/tags HTTP/1.1" status: 200 len: 205 time: 0.0224264
2026-05-20 04:24:18.622 9 WARNING neutron.scheduler.dhcp_agent_scheduler [None req-d43c3035-43ca-4151-9e8b-057df00ad3c7 - - - - - -] No more DHCP agents
2026-05-20 04:24:18.623 9 WARNING neutron.api.rpc.agentnotifiers.dhcp_rpc_agent_api [None req-d43c3035-43ca-4151-9e8b-057df00ad3c7 - - - - - -] Unable to schedule network d989d23a-6ef4-40ab-8b50-6b3657935b79: no agents available; will retry on subsequent port and subnet creation events.
2026-05-20 04:24:18.691 9 WARNING neutron.plugins.ml2.drivers.ovn.mech_driver.ovsdb.ovn_client [None req-2338adc7-b659-4601-86e9-ec4eb5a57816 - - - - - -] No hosting information found for port a4307eda-bc9b-43b6-94b5-a674ede029c0: RuntimeError: No hosting information found for port a4307eda-bc9b-43b6-94b5-a674ede029c0
2026-05-20 04:24:18.691 9 INFO neutron.plugins.ml2.drivers.ovn.mech_driver.mech_driver [None req-2338adc7-b659-4601-86e9-ec4eb5a57816 - - - - - -] OVN reports status up for port: 209a1131-e31e-4f32-b98d-1bfe6f4fb89e
2026-05-20 04:24:18.692 10 INFO neutron.api.wsgi [None req-4a2c7e51-4a27-4563-beb1-54e2aa22efce 8874faf622774873a43d7fbaafae3302 75e2880903e84874ace3faa169a5630a - - default default] 10.0.0.8 "DELETE /v2.0/subnets/7eebecb8-4dc0-435e-8ef1-6bd8d7591363 HTTP/1.1" status: 204 len: 168 time: 0.1435177
2026-05-20 04:24:18.706 9 INFO neutron.plugins.ml2.plugin [None req-2338adc7-b659-4601-86e9-ec4eb5a57816 - - - - - -] Attempt 1 to provision port 209a1131-e31e-4f32-b98d-1bfe6f4fb89e
2026-05-20 04:24:18.776 9 INFO neutron.db.ovn_revision_numbers_db [None req-d43c3035-43ca-4151-9e8b-057df00ad3c7 - - - - - -] Successfully bumped revision number for resource 4d903827-93d1-4a8f-8970-1d4d9d813398 (type: ports) to 1
2026-05-20 04:24:18.940 10 INFO neutron.services.segments.plugin [-] Segment 4738068c-e5ed-46cb-acf2-d6e477883e98 resource provider aggregate not found
2026-05-20 04:24:18.944 10 INFO neutron.services.segments.plugin [-] Segment 4738068c-e5ed-46cb-acf2-d6e477883e98 resource provider aggregate not found
2026-05-20 04:24:18.957 10 INFO neutron.services.segments.plugin [-] Segment 4738068c-e5ed-46cb-acf2-d6e477883e98 resource provider not found; error: Placement Client Error (4xx): {"errors": [{"status": 404, "title": "Not Found", "detail": "The resource could not be found.\n\n No resource provider with uuid 4738068c-e5ed-46cb-acf2-d6e477883e98 found for delete ", "request_id": "req-2bca91fd-f377-4a9f-8e6e-12b8d9eec7eb"}]}
2026-05-20 04:24:18.957 10 INFO neutron.services.segments.plugin [-] Segment 4738068c-e5ed-46cb-acf2-d6e477883e98 resource provider not found; error: Placement Client Error (4xx): {"errors": [{"status": 404, "title": "Not Found", "detail": "The resource could not be found.\n\n No resource provider with uuid 4738068c-e5ed-46cb-acf2-d6e477883e98 found for delete ", "request_id": "req-b1ed32eb-088d-43a2-a564-5415a3d10b74"}]}
2026-05-20 04:24:18.970 10 INFO neutron.api.wsgi [None req-d942e7e4-d239-4253-ad58-ea36566a2ec5 8874faf622774873a43d7fbaafae3302 75e2880903e84874ace3faa169a5630a - - default default] 10.0.0.8 "DELETE /v2.0/networks/2a03e311-5ed8-447d-adff-94ff6a90fb6c HTTP/1.1" status: 204 len: 168 time: 0.2729783
2026-05-20 04:24:19.014 9 INFO neutron.db.ovn_revision_numbers_db [None req-d43c3035-43ca-4151-9e8b-057df00ad3c7 - - - - - -] Successfully bumped revision number for resource 4d903827-93d1-4a8f-8970-1d4d9d813398 (type: ports) to 3
