2026-05-20 04:20:20.361 10 INFO neutron.api.wsgi [req-1c60306a-88ad-49cf-92a5-ce16f820c5b3 req-32b4dc64-7ec8-4a13-bed8-8a3da57f66bd ce10c0e1267846d99bdabf3ee223ef6f ab830835732340b3b1c49dc81b6ea337 - - default default] 10.0.0.159 "DELETE /v2.0/security-groups/63e7d351-88c4-4dd8-a755-baee347e2daa HTTP/1.1" status: 204 len: 173 time: 0.1464317
2026-05-20 04:20:20.382 10 INFO neutron.api.wsgi [req-b585d356-7a2d-45ad-aeb2-496cf59d4ee4 req-bfd18b3b-797d-4a91-8a47-e7b58791ce40 57692e10e8fd4b328a7dae3cc32e52ec ad1e096be674483688e6e805d7ad783b - - 60addf7264a345b38dfa0ab24c29b325 60addf7264a345b38dfa0ab24c29b325] 199.204.45.77 "GET /v2.0/networks/0423357d-93d1-4c65-a91f-4d8b2cd49f3f?fields=segments HTTP/1.1" status: 200 len: 212 time: 0.0377400
2026-05-20 04:20:20.398 9 INFO neutron.api.v2.resource [req-d55d13fc-7e60-42f9-8fd8-8fa4f37d6276 req-bad9e4c1-ff05-46c9-9a30-501f227a5035 ce10c0e1267846d99bdabf3ee223ef6f ab830835732340b3b1c49dc81b6ea337 - - default default] show failed (client error): The resource could not be found.
2026-05-20 04:20:20.399 9 INFO neutron.api.wsgi [req-d55d13fc-7e60-42f9-8fd8-8fa4f37d6276 req-bad9e4c1-ff05-46c9-9a30-501f227a5035 ce10c0e1267846d99bdabf3ee223ef6f ab830835732340b3b1c49dc81b6ea337 - - default default] 10.0.0.159 "GET /v2.0/security-groups/63e7d351-88c4-4dd8-a755-baee347e2daa HTTP/1.1" status: 404 len: 352 time: 0.0169060
2026-05-20 04:20:20.433 10 INFO neutron.api.wsgi [req-b585d356-7a2d-45ad-aeb2-496cf59d4ee4 req-264fdbea-1e1d-41ee-94c3-faaa40b79002 57692e10e8fd4b328a7dae3cc32e52ec ad1e096be674483688e6e805d7ad783b - - 60addf7264a345b38dfa0ab24c29b325 60addf7264a345b38dfa0ab24c29b325] 199.204.45.77 "GET /v2.0/networks/0423357d-93d1-4c65-a91f-4d8b2cd49f3f?fields=provider%3Aphysical_network&fields=provider%3Anetwork_type HTTP/1.1" status: 200 len: 277 time: 0.0453165
2026-05-20 04:20:20.443 10 INFO neutron.api.wsgi [req-ed50ef1d-6992-4d3c-be29-b0d8ae59a4e5 req-36111a54-afff-4546-b6fc-69ed63183129 ce10c0e1267846d99bdabf3ee223ef6f ab830835732340b3b1c49dc81b6ea337 - - default default] 10.0.0.159 "GET /v2.0/security-groups/deb3cd78-9f42-4a89-8e69-773a9e4ac0af HTTP/1.1" status: 200 len: 1879 time: 0.0219190
2026-05-20 04:20:20.549 10 INFO neutron.api.wsgi [req-ed50ef1d-6992-4d3c-be29-b0d8ae59a4e5 req-61fafff6-5d5e-402d-b4e3-6ec2ed0e9dee ce10c0e1267846d99bdabf3ee223ef6f ab830835732340b3b1c49dc81b6ea337 - - default default] 10.0.0.159 "DELETE /v2.0/security-groups/deb3cd78-9f42-4a89-8e69-773a9e4ac0af HTTP/1.1" status: 204 len: 173 time: 0.1002691
2026-05-20 04:20:20.585 9 INFO neutron.api.v2.resource [req-58173b3e-37bd-4231-81a9-82a1c0e8ca4a req-e27f9b17-0578-4fe7-b823-129efa21e8a5 ce10c0e1267846d99bdabf3ee223ef6f ab830835732340b3b1c49dc81b6ea337 - - default default] show failed (client error): The resource could not be found.
2026-05-20 04:20:20.587 9 INFO neutron.api.wsgi [req-58173b3e-37bd-4231-81a9-82a1c0e8ca4a req-e27f9b17-0578-4fe7-b823-129efa21e8a5 ce10c0e1267846d99bdabf3ee223ef6f ab830835732340b3b1c49dc81b6ea337 - - default default] 10.0.0.159 "GET /v2.0/security-groups/deb3cd78-9f42-4a89-8e69-773a9e4ac0af HTTP/1.1" status: 404 len: 352 time: 0.0159533
2026-05-20 04:20:20.621 10 INFO neutron.api.wsgi [req-df19df55-7382-4950-9e5b-df69d9370c3b req-1ec6a203-5823-4c7a-a014-f83610645cb9 ce10c0e1267846d99bdabf3ee223ef6f ab830835732340b3b1c49dc81b6ea337 - - default default] 10.0.0.159 "GET /v2.0/security-groups/e6ed4c7b-7286-41bd-bf8a-12d3825af866 HTTP/1.1" status: 200 len: 1881 time: 0.0179060
2026-05-20 04:20:20.734 10 INFO neutron.api.wsgi [req-df19df55-7382-4950-9e5b-df69d9370c3b req-ba12ae47-5e70-4cb5-90cf-f75e7bc20ea3 ce10c0e1267846d99bdabf3ee223ef6f ab830835732340b3b1c49dc81b6ea337 - - default default] 10.0.0.159 "DELETE /v2.0/security-groups/e6ed4c7b-7286-41bd-bf8a-12d3825af866 HTTP/1.1" status: 204 len: 173 time: 0.1072495
2026-05-20 04:20:20.740 9 INFO neutron.api.wsgi [req-3799e8a6-761e-40c8-beb7-358d6737dcae req-a2d3549f-cd99-4dda-8b5c-6d42db9918cd 30ca92f563434f09a10cc8ee6450a448 cee09bb08ddd4a0da3aecc3230ad093f - - default default] 10.0.0.159 "GET /v2.0/ports?device_id=c78b2c93-bdae-497e-8f16-21bdd2079cd7 HTTP/1.1" status: 200 len: 1168 time: 0.0283136
2026-05-20 04:20:20.774 9 INFO neutron.api.wsgi [req-3799e8a6-761e-40c8-beb7-358d6737dcae req-924d80cd-0d15-47ea-aa93-2bb0f04bb176 30ca92f563434f09a10cc8ee6450a448 cee09bb08ddd4a0da3aecc3230ad093f - - default default] 10.0.0.159 "GET /v2.0/security-groups?id=f614bf7c-adf4-46b0-a369-159410be6c91&fields=id&fields=name HTTP/1.1" status: 200 len: 313 time: 0.0293243
2026-05-20 04:20:20.800 9 INFO neutron.api.v2.resource [req-0ce550bc-f48b-4f47-be0e-8c3f66429b7f req-44786551-a400-4c7e-a592-fa05c237c2bb ce10c0e1267846d99bdabf3ee223ef6f ab830835732340b3b1c49dc81b6ea337 - - default default] show failed (client error): The resource could not be found.
2026-05-20 04:20:20.801 9 INFO neutron.api.wsgi [req-0ce550bc-f48b-4f47-be0e-8c3f66429b7f req-44786551-a400-4c7e-a592-fa05c237c2bb ce10c0e1267846d99bdabf3ee223ef6f ab830835732340b3b1c49dc81b6ea337 - - default default] 10.0.0.159 "GET /v2.0/security-groups/e6ed4c7b-7286-41bd-bf8a-12d3825af866 HTTP/1.1" status: 404 len: 352 time: 0.0073228
2026-05-20 04:20:20.816 10 INFO neutron.api.wsgi [req-9ad291e1-ba3d-4d9a-a1ec-e5229a9a3823 req-7a231246-6413-4b4d-9c8a-384505bb8f8d 42a65cfc2ce247629712ef740ebad03d 43877bdc77be453aa5d189138809b7f4 - - default default] 10.0.0.159 "GET /v2.0/ports?device_id=e29e5d6e-89d3-4aec-ae42-285aa2e1b6bf HTTP/1.1" status: 200 len: 1168 time: 0.0441873
2026-05-20 04:20:20.848 10 INFO neutron.api.wsgi [req-9ad291e1-ba3d-4d9a-a1ec-e5229a9a3823 req-26a93b1d-d445-4ec9-a103-b29e53141100 42a65cfc2ce247629712ef740ebad03d 43877bdc77be453aa5d189138809b7f4 - - default default] 10.0.0.159 "GET /v2.0/security-groups?id=80fe619f-aafb-4331-83ec-fc0ffa78f344&fields=id&fields=name HTTP/1.1" status: 200 len: 313 time: 0.0271151
2026-05-20 04:20:20.853 9 INFO neutron.api.wsgi [req-dd4c27f2-92a4-4d96-9f74-950adcb1e82b req-bee9544f-ec11-45fa-b4c4-4d0b6891f6ce ce10c0e1267846d99bdabf3ee223ef6f ab830835732340b3b1c49dc81b6ea337 - - default default] 10.0.0.159 "GET /v2.0/security-groups?tenant_id=ab830835732340b3b1c49dc81b6ea337 HTTP/1.1" status: 200 len: 3125 time: 0.0315590
2026-05-20 04:20:20.887 9 INFO neutron.api.wsgi [req-dd4c27f2-92a4-4d96-9f74-950adcb1e82b req-62c56db4-c3b5-45c3-87ca-8e58fbfdf826 ce10c0e1267846d99bdabf3ee223ef6f ab830835732340b3b1c49dc81b6ea337 - - default default] 10.0.0.159 "GET /v2.0/security-groups/1909be5e-98c5-4786-bdbf-51d9f2bdbe0c HTTP/1.1" status: 200 len: 3122 time: 0.0274534
2026-05-20 04:20:20.913 9 INFO neutron.api.wsgi [req-dd4c27f2-92a4-4d96-9f74-950adcb1e82b req-22a06b38-73b4-457d-867b-679cfb1f11e2 ce10c0e1267846d99bdabf3ee223ef6f ab830835732340b3b1c49dc81b6ea337 - - default default] 10.0.0.159 "GET /v2.0/security-groups/1909be5e-98c5-4786-bdbf-51d9f2bdbe0c HTTP/1.1" status: 200 len: 3122 time: 0.0210009
2026-05-20 04:20:20.942 10 INFO neutron.api.v2.resource [req-fb3e3fd1-0aae-4bd4-b957-d785eded99ec req-d718c04b-f06f-43bf-9e68-7c92088df433 ce10c0e1267846d99bdabf3ee223ef6f ab830835732340b3b1c49dc81b6ea337 - - default default] show failed (client error): The resource could not be found.
2026-05-20 04:20:20.943 10 INFO neutron.api.wsgi [req-fb3e3fd1-0aae-4bd4-b957-d785eded99ec req-d718c04b-f06f-43bf-9e68-7c92088df433 ce10c0e1267846d99bdabf3ee223ef6f ab830835732340b3b1c49dc81b6ea337 - - default default] 10.0.0.159 "GET /v2.0/security-groups/e6ed4c7b-7286-41bd-bf8a-12d3825af866 HTTP/1.1" status: 404 len: 352 time: 0.0090561
2026-05-20 04:20:20.972 9 INFO neutron.api.v2.resource [req-544703b0-fe01-4557-9157-f1a13090f1a4 req-6889dffb-3a52-4bd0-af9c-151d2cb1021f ce10c0e1267846d99bdabf3ee223ef6f ab830835732340b3b1c49dc81b6ea337 - - default default] show failed (client error): The resource could not be found.
2026-05-20 04:20:20.973 9 INFO neutron.api.wsgi [req-544703b0-fe01-4557-9157-f1a13090f1a4 req-6889dffb-3a52-4bd0-af9c-151d2cb1021f ce10c0e1267846d99bdabf3ee223ef6f ab830835732340b3b1c49dc81b6ea337 - - default default] 10.0.0.159 "GET /v2.0/security-groups/deb3cd78-9f42-4a89-8e69-773a9e4ac0af HTTP/1.1" status: 404 len: 352 time: 0.0122151
2026-05-20 04:20:20.999 10 INFO neutron.api.v2.resource [req-60315c6c-0891-47aa-8e43-5130401935d4 req-139f17bb-04fd-45cf-94aa-ed97172189e8 ce10c0e1267846d99bdabf3ee223ef6f ab830835732340b3b1c49dc81b6ea337 - - default default] show failed (client error): The resource could not be found.
2026-05-20 04:20:21.000 10 INFO neutron.api.wsgi [req-60315c6c-0891-47aa-8e43-5130401935d4 req-139f17bb-04fd-45cf-94aa-ed97172189e8 ce10c0e1267846d99bdabf3ee223ef6f ab830835732340b3b1c49dc81b6ea337 - - default default] 10.0.0.159 "GET /v2.0/security-groups/63e7d351-88c4-4dd8-a755-baee347e2daa HTTP/1.1" status: 404 len: 352 time: 0.0107834
2026-05-20 04:20:21.342 9 INFO neutron.api.wsgi [req-171f9aef-092c-4028-9574-76a338b6c79e req-197a7bea-3607-4375-a634-1f6bb48330fd 3b776b72fe684f6a87f99f540cd9e07b 7961e56242d74acf8ee58e3205d6d849 - - default default] 10.0.0.159 "GET /v2.0/ports?device_id=07a50616-053a-4391-86fe-6dabc5cf79f9 HTTP/1.1" status: 200 len: 1172 time: 0.0295088
2026-05-20 04:20:21.373 9 INFO neutron.api.wsgi [req-171f9aef-092c-4028-9574-76a338b6c79e req-c8e91fdf-2829-42e3-8c0e-fcb5178f4d08 3b776b72fe684f6a87f99f540cd9e07b 7961e56242d74acf8ee58e3205d6d849 - - default default] 10.0.0.159 "GET /v2.0/security-groups?id=e0d914cd-c6d3-4dd1-ae93-7da5d4a531a0&fields=id&fields=name HTTP/1.1" status: 200 len: 312 time: 0.0258844
2026-05-20 04:20:21.483 10 INFO neutron.api.wsgi [req-9a37232d-0867-48f1-9f16-42331eea2908 req-70c14056-139e-4218-927c-1bbce2d6c5cf 57692e10e8fd4b328a7dae3cc32e52ec ad1e096be674483688e6e805d7ad783b - - 60addf7264a345b38dfa0ab24c29b325 60addf7264a345b38dfa0ab24c29b325] 199.204.45.77 "GET /v2.0/ports?tenant_id=7961e56242d74acf8ee58e3205d6d849&device_id=07a50616-053a-4391-86fe-6dabc5cf79f9 HTTP/1.1" status: 200 len: 1411 time: 0.0311499
2026-05-20 04:20:21.544 10 INFO neutron.api.wsgi [req-9a37232d-0867-48f1-9f16-42331eea2908 req-96069053-db00-47e7-9a9a-1fddc475319a 57692e10e8fd4b328a7dae3cc32e52ec ad1e096be674483688e6e805d7ad783b - - 60addf7264a345b38dfa0ab24c29b325 60addf7264a345b38dfa0ab24c29b325] 199.204.45.77 "GET /v2.0/networks?id=0423357d-93d1-4c65-a91f-4d8b2cd49f3f HTTP/1.1" status: 200 len: 967 time: 0.0540974
2026-05-20 04:20:21.567 10 INFO neutron.api.wsgi [req-9a37232d-0867-48f1-9f16-42331eea2908 req-9f8d299a-709e-4698-902b-b4968ec30624 57692e10e8fd4b328a7dae3cc32e52ec ad1e096be674483688e6e805d7ad783b - - 60addf7264a345b38dfa0ab24c29b325 60addf7264a345b38dfa0ab24c29b325] 199.204.45.77 "GET /v2.0/floatingips?fixed_ip_address=10.100.0.10&port_id=47e4c3ba-473a-4931-841a-e7dbffe72bed HTTP/1.1" status: 200 len: 217 time: 0.0164657
2026-05-20 04:20:21.614 10 INFO neutron.api.wsgi [req-9a37232d-0867-48f1-9f16-42331eea2908 req-3c884d64-ac2f-4fec-8cea-9dfda8116358 57692e10e8fd4b328a7dae3cc32e52ec ad1e096be674483688e6e805d7ad783b - - 60addf7264a345b38dfa0ab24c29b325 60addf7264a345b38dfa0ab24c29b325] 199.204.45.77 "GET /v2.0/subnets?id=4bb5ee6a-537d-4151-8d3e-ffc00cc89d95 HTTP/1.1" status: 200 len: 886 time: 0.0399208
2026-05-20 04:20:21.642 10 INFO neutron.api.wsgi [req-9a37232d-0867-48f1-9f16-42331eea2908 req-d35ed1ea-5e43-46a1-8f65-62422280fecc 57692e10e8fd4b328a7dae3cc32e52ec ad1e096be674483688e6e805d7ad783b - - 60addf7264a345b38dfa0ab24c29b325 60addf7264a345b38dfa0ab24c29b325] 199.204.45.77 "GET /v2.0/ports?network_id=0423357d-93d1-4c65-a91f-4d8b2cd49f3f&device_owner=network%3Adhcp HTTP/1.1" status: 200 len: 210 time: 0.0216005
2026-05-20 04:20:21.703 10 INFO neutron.api.wsgi [req-9a37232d-0867-48f1-9f16-42331eea2908 req-70d1e336-dfd1-4242-b46c-b806cd9c0726 57692e10e8fd4b328a7dae3cc32e52ec ad1e096be674483688e6e805d7ad783b - - 60addf7264a345b38dfa0ab24c29b325 60addf7264a345b38dfa0ab24c29b325] 199.204.45.77 "GET /v2.0/networks/0423357d-93d1-4c65-a91f-4d8b2cd49f3f?fields=segments HTTP/1.1" status: 200 len: 212 time: 0.0538170
2026-05-20 04:20:21.779 10 INFO neutron.api.wsgi [req-9a37232d-0867-48f1-9f16-42331eea2908 req-48da6123-d20a-4d5b-8f44-1bceae2c3194 57692e10e8fd4b328a7dae3cc32e52ec ad1e096be674483688e6e805d7ad783b - - 60addf7264a345b38dfa0ab24c29b325 60addf7264a345b38dfa0ab24c29b325] 199.204.45.77 "GET /v2.0/networks/0423357d-93d1-4c65-a91f-4d8b2cd49f3f?fields=provider%3Aphysical_network&fields=provider%3Anetwork_type HTTP/1.1" status: 200 len: 277 time: 0.0576565
2026-05-20 04:20:21.915 10 INFO neutron.api.wsgi [req-2d484a8e-3cd8-4fee-8a0a-401fce261e0f req-9fdc8892-f519-454d-a9ad-5a739c54b70c 30ca92f563434f09a10cc8ee6450a448 cee09bb08ddd4a0da3aecc3230ad093f - - default default] 10.0.0.159 "GET /v2.0/ports?device_id=c78b2c93-bdae-497e-8f16-21bdd2079cd7 HTTP/1.1" status: 200 len: 1168 time: 0.0795646
2026-05-20 04:20:21.934 9 INFO neutron.api.wsgi [req-b1bbffdd-befe-4406-bf3a-2a6c0d9ee019 req-59d55bd1-f47f-436b-9a67-535f24c2b768 42a65cfc2ce247629712ef740ebad03d 43877bdc77be453aa5d189138809b7f4 - - default default] 10.0.0.159 "GET /v2.0/ports?device_id=e29e5d6e-89d3-4aec-ae42-285aa2e1b6bf HTTP/1.1" status: 200 len: 1168 time: 0.0278454
2026-05-20 04:20:21.958 10 INFO neutron.api.wsgi [req-2d484a8e-3cd8-4fee-8a0a-401fce261e0f req-c2a5e437-e454-4562-a5b0-97b396b89d2b 30ca92f563434f09a10cc8ee6450a448 cee09bb08ddd4a0da3aecc3230ad093f - - default default] 10.0.0.159 "GET /v2.0/security-groups?id=f614bf7c-adf4-46b0-a369-159410be6c91&fields=id&fields=name HTTP/1.1" status: 200 len: 313 time: 0.0364609
2026-05-20 04:20:21.968 9 INFO neutron.api.wsgi [req-b1bbffdd-befe-4406-bf3a-2a6c0d9ee019 req-96c8d142-cb2d-4263-bfe9-61514b45c7b6 42a65cfc2ce247629712ef740ebad03d 43877bdc77be453aa5d189138809b7f4 - - default default] 10.0.0.159 "GET /v2.0/security-groups?id=80fe619f-aafb-4331-83ec-fc0ffa78f344&fields=id&fields=name HTTP/1.1" status: 200 len: 313 time: 0.0285769
2026-05-20 04:20:22.071 10 WARNING neutron.plugins.ml2.drivers.ovn.mech_driver.ovsdb.ovn_client [None req-d3497d03-34bc-49d6-818d-0675d9e74def - - - - - -] No hosting information found for port f2811bc7-e343-4e45-b05f-4e0c790cbf34: RuntimeError: No hosting information found for port f2811bc7-e343-4e45-b05f-4e0c790cbf34
2026-05-20 04:20:22.423 10 INFO neutron.db.ovn_revision_numbers_db [None req-d3497d03-34bc-49d6-818d-0675d9e74def - - - - - -] Successfully bumped revision number for resource eea9a0d2-f4ba-40f3-af87-b8d8888c3761 (type: router_ports) to 2
2026-05-20 04:20:22.483 10 INFO neutron.api.wsgi [req-908f0034-6b1f-4f00-b1fd-80c14aeaead4 req-1004207d-43c5-463f-acf9-fd5229bd8d18 3b776b72fe684f6a87f99f540cd9e07b 7961e56242d74acf8ee58e3205d6d849 - - default default] 10.0.0.159 "GET /v2.0/ports?device_id=07a50616-053a-4391-86fe-6dabc5cf79f9 HTTP/1.1" status: 200 len: 1172 time: 0.0502036
2026-05-20 04:20:22.553 10 INFO neutron.api.wsgi [None req-6fdcadf2-8b9a-488b-b81c-1c4f23566c96 863eb99aa6a94720be3fce0498d25c92 372b4dd9000f4fe0aa368e2fbc339545 - - default default] 10.0.0.8 "PUT /v2.0/routers/7dc29283-a9d7-4539-8848-a7e12df3b268/remove_router_interface HTTP/1.1" status: 200 len: 503 time: 1.5447669
2026-05-20 04:20:22.555 10 INFO neutron.db.ovn_revision_numbers_db [None req-d3497d03-34bc-49d6-818d-0675d9e74def - - - - - -] Successfully bumped revision number for resource f2811bc7-e343-4e45-b05f-4e0c790cbf34 (type: router_ports) to 2
2026-05-20 04:20:22.558 10 INFO neutron.api.wsgi [req-908f0034-6b1f-4f00-b1fd-80c14aeaead4 req-1ce1a586-e9fd-41e7-a5d8-80c5910aa251 3b776b72fe684f6a87f99f540cd9e07b 7961e56242d74acf8ee58e3205d6d849 - - default default] 10.0.0.159 "GET /v2.0/security-groups?id=e0d914cd-c6d3-4dd1-ae93-7da5d4a531a0&fields=id&fields=name HTTP/1.1" status: 200 len: 312 time: 0.0686896
2026-05-20 04:20:22.590 10 INFO neutron.plugins.ml2.drivers.ovn.mech_driver.mech_driver [None req-d3497d03-34bc-49d6-818d-0675d9e74def - - - - - -] OVN reports status up for port: a029adea-ec0b-4447-9dc8-db2fd7058de6
2026-05-20 04:20:22.601 10 INFO neutron.plugins.ml2.plugin [None req-d3497d03-34bc-49d6-818d-0675d9e74def - - - - - -] Attempt 1 to provision port a029adea-ec0b-4447-9dc8-db2fd7058de6
2026-05-20 04:20:22.842 10 INFO neutron.plugins.ml2.drivers.ovn.mech_driver.mech_driver [None req-d3497d03-34bc-49d6-818d-0675d9e74def - - - - - -] OVN reports status up for port: 47e4c3ba-473a-4931-841a-e7dbffe72bed
2026-05-20 04:20:22.862 10 INFO neutron.plugins.ml2.plugin [None req-d3497d03-34bc-49d6-818d-0675d9e74def - - - - - -] Attempt 1 to provision port 47e4c3ba-473a-4931-841a-e7dbffe72bed
2026-05-20 04:20:22.973 10 INFO neutron.notifiers.nova [-] Nova event matching ['req-b1827cb9-0b6a-4d06-b248-c12034b04e5a'] response: {'server_uuid': '07a50616-053a-4391-86fe-6dabc5cf79f9', 'name': 'network-vif-plugged', 'status': 'completed', 'tag': '47e4c3ba-473a-4931-841a-e7dbffe72bed', 'code': 200} /var/lib/openstack/lib/python3.12/site-packages/pycadf/identifier.py:71: UserWarning: Invalid uuid: neutron. To ensure interoperability, identifiers should be a valid uuid. warnings.warn(('Invalid uuid: %s. To ensure interoperability, '
2026-05-20 04:20:23.064 10 INFO neutron.api.wsgi [req-746cf4d3-9e7e-464d-a9ed-489625218db4 req-785565d8-f35d-4bcb-a4fb-f4bc6cfedf35 30ca92f563434f09a10cc8ee6450a448 cee09bb08ddd4a0da3aecc3230ad093f - - default default] 10.0.0.159 "GET /v2.0/ports?device_id=c78b2c93-bdae-497e-8f16-21bdd2079cd7 HTTP/1.1" status: 200 len: 1168 time: 0.0344524
2026-05-20 04:20:23.111 9 INFO neutron.api.wsgi [req-ab749168-a66d-45fb-be99-9f9bb2463d72 req-66851810-2fca-4847-ac56-715ebe96c491 42a65cfc2ce247629712ef740ebad03d 43877bdc77be453aa5d189138809b7f4 - - default default] 10.0.0.159 "GET /v2.0/ports?device_id=e29e5d6e-89d3-4aec-ae42-285aa2e1b6bf HTTP/1.1" status: 200 len: 1168 time: 0.0814011
2026-05-20 04:20:23.116 9 WARNING neutron.plugins.ml2.drivers.ovn.mech_driver.ovsdb.ovn_client [None req-b0817a88-8648-408a-b6fa-4776114db0e1 - - - - - -] No port found with ID 214a2741-d39f-41fa-948e-66a2dd1e5732: RuntimeError: No port found with ID 214a2741-d39f-41fa-948e-66a2dd1e5732
2026-05-20 04:20:23.127 9 INFO neutron.plugins.ml2.drivers.ovn.mech_driver.mech_driver [None req-b0817a88-8648-408a-b6fa-4776114db0e1 - - - - - -] OVN reports status up for port: 9c0952cf-e845-496d-a063-78982555111d
2026-05-20 04:20:23.149 10 INFO neutron.api.wsgi [req-746cf4d3-9e7e-464d-a9ed-489625218db4 req-06846495-8e02-49c4-92bb-e6b6523061c3 30ca92f563434f09a10cc8ee6450a448 cee09bb08ddd4a0da3aecc3230ad093f - - default default] 10.0.0.159 "GET /v2.0/security-groups?id=f614bf7c-adf4-46b0-a369-159410be6c91&fields=id&fields=name HTTP/1.1" status: 200 len: 313 time: 0.0791969
2026-05-20 04:20:23.156 10 INFO neutron.db.ovn_revision_numbers_db [None req-d3497d03-34bc-49d6-818d-0675d9e74def - - - - - -] Successfully bumped revision number for resource 47e4c3ba-473a-4931-841a-e7dbffe72bed (type: ports) to 5
2026-05-20 04:20:23.159 9 INFO neutron.plugins.ml2.plugin [None req-b0817a88-8648-408a-b6fa-4776114db0e1 - - - - - -] Attempt 1 to provision port 9c0952cf-e845-496d-a063-78982555111d
2026-05-20 04:20:23.177 9 INFO neutron.api.wsgi [req-ab749168-a66d-45fb-be99-9f9bb2463d72 req-9c4d0ea1-bbe3-4452-b091-0d924b754375 42a65cfc2ce247629712ef740ebad03d 43877bdc77be453aa5d189138809b7f4 - - default default] 10.0.0.159 "GET /v2.0/security-groups?id=80fe619f-aafb-4331-83ec-fc0ffa78f344&fields=id&fields=name HTTP/1.1" status: 200 len: 313 time: 0.0592878
2026-05-20 04:20:23.360 9 INFO neutron.api.wsgi [None req-ebf3acfc-8b8f-4596-9529-cd90780737b8 863eb99aa6a94720be3fce0498d25c92 372b4dd9000f4fe0aa368e2fbc339545 - - default default] 10.0.0.8 "DELETE /v2.0/routers/7dc29283-a9d7-4539-8848-a7e12df3b268 HTTP/1.1" status: 204 len: 168 time: 0.7997224
2026-05-20 04:20:23.511 9 INFO neutron.db.ovn_revision_numbers_db [None req-b0817a88-8648-408a-b6fa-4776114db0e1 - - - - - -] Successfully bumped revision number for resource 9c0952cf-e845-496d-a063-78982555111d (type: ports) to 5
2026-05-20 04:20:23.540 9 INFO neutron.api.wsgi [None req-7a3e1586-5523-4790-ab8a-99301e265250 863eb99aa6a94720be3fce0498d25c92 372b4dd9000f4fe0aa368e2fbc339545 - - default default] 10.0.0.8 "DELETE /v2.0/subnets/a36d8706-feeb-47b7-b94c-b9e1d6bd8b25 HTTP/1.1" status: 204 len: 168 time: 0.1733036 /var/lib/openstack/lib/python3.12/site-packages/pycadf/identifier.py:71: UserWarning: Invalid uuid: neutron. To ensure interoperability, identifiers should be a valid uuid. warnings.warn(('Invalid uuid: %s. To ensure interoperability, '
2026-05-20 04:20:23.558 10 INFO neutron.api.wsgi [-] 10.0.0.119 "GET / HTTP/1.1" status: 200 len: 247 time: 0.0025070
2026-05-20 04:20:23.559 9 INFO neutron.api.wsgi [-] 10.0.0.119 "GET / HTTP/1.1" status: 200 len: 247 time: 0.0015132
2026-05-20 04:20:23.578 9 INFO neutron.plugins.ml2.drivers.ovn.mech_driver.mech_driver [None req-9d328a55-a523-4756-879e-26871f786380 - - - - - -] OVN reports status up for port: 665d99d8-d439-46e8-ad34-16101576adad
2026-05-20 04:20:23.607 9 INFO neutron.plugins.ml2.plugin [None req-9d328a55-a523-4756-879e-26871f786380 - - - - - -] Attempt 1 to provision port 665d99d8-d439-46e8-ad34-16101576adad
2026-05-20 04:20:23.685 10 INFO neutron.api.wsgi [req-8f86b565-70e3-4edb-b086-860d00b274fd req-397c6a81-051c-4b39-94ac-c1332e4fba26 3b776b72fe684f6a87f99f540cd9e07b 7961e56242d74acf8ee58e3205d6d849 - - default default] 10.0.0.159 "GET /v2.0/ports?device_id=07a50616-053a-4391-86fe-6dabc5cf79f9 HTTP/1.1" status: 200 len: 1174 time: 0.0473771
2026-05-20 04:20:23.739 9 INFO neutron.notifiers.nova [-] Nova event matching ['req-3eeccf0b-d047-476c-a9d4-217d81f84dd8'] response: {'server_uuid': 'c78b2c93-bdae-497e-8f16-21bdd2079cd7', 'name': 'network-vif-plugged', 'status': 'completed', 'tag': '9c0952cf-e845-496d-a063-78982555111d', 'code': 200}
2026-05-20 04:20:23.742 10 INFO neutron.api.wsgi [req-8f86b565-70e3-4edb-b086-860d00b274fd req-0ed13477-51fc-4f3d-b534-884e42092765 3b776b72fe684f6a87f99f540cd9e07b 7961e56242d74acf8ee58e3205d6d849 - - default default] 10.0.0.159 "GET /v2.0/security-groups?id=e0d914cd-c6d3-4dd1-ae93-7da5d4a531a0&fields=id&fields=name HTTP/1.1" status: 200 len: 312 time: 0.0523362
2026-05-20 04:20:23.871 9 INFO neutron.db.ovn_revision_numbers_db [None req-9d328a55-a523-4756-879e-26871f786380 - - - - - -] Successfully bumped revision number for resource 665d99d8-d439-46e8-ad34-16101576adad (type: ports) to 5
2026-05-20 04:20:24.001 10 INFO neutron.api.wsgi [None req-f6db083e-7eae-4ffb-a60f-06eb4a28ccf4 863eb99aa6a94720be3fce0498d25c92 372b4dd9000f4fe0aa368e2fbc339545 - - default default] 10.0.0.8 "DELETE /v2.0/networks/d4a1523c-c5fa-4118-b3cd-2a5a1b136e62 HTTP/1.1" status: 204 len: 168 time: 0.4524300 /var/lib/openstack/lib/python3.12/site-packages/pycadf/identifier.py:71: UserWarning: Invalid uuid: neutron. To ensure interoperability, identifiers should be a valid uuid. warnings.warn(('Invalid uuid: %s. To ensure interoperability, '
2026-05-20 04:20:24.165 9 INFO neutron.api.wsgi [None req-672ee7dc-aaa4-4ea0-858e-be49e5dc9e20 863eb99aa6a94720be3fce0498d25c92 372b4dd9000f4fe0aa368e2fbc339545 - - default default] 10.0.0.8 "GET /v2.0/security-groups?tenant_id=ab830835732340b3b1c49dc81b6ea337&name=default HTTP/1.1" status: 200 len: 3120 time: 0.0434647
2026-05-20 04:20:24.353 10 INFO neutron.api.wsgi [req-df468ab7-6032-4119-98e6-41ec72f8650e req-b4b5279e-cebd-4771-89dc-2cb6e3185216 42a65cfc2ce247629712ef740ebad03d 43877bdc77be453aa5d189138809b7f4 - - default default] 10.0.0.159 "GET /v2.0/ports?device_id=e29e5d6e-89d3-4aec-ae42-285aa2e1b6bf HTTP/1.1" status: 200 len: 1170 time: 0.1176553
2026-05-20 04:20:24.394 9 INFO neutron.api.wsgi [req-b4510050-63af-4834-81fd-ddba9246f79b req-66127627-7fb0-485b-878b-ad209dd70c50 30ca92f563434f09a10cc8ee6450a448 cee09bb08ddd4a0da3aecc3230ad093f - - default default] 10.0.0.159 "GET /v2.0/ports?device_id=c78b2c93-bdae-497e-8f16-21bdd2079cd7 HTTP/1.1" status: 200 len: 1170 time: 0.1470909
2026-05-20 04:20:24.422 10 INFO neutron.api.wsgi [req-df468ab7-6032-4119-98e6-41ec72f8650e req-77be0101-ea57-45db-a9bf-272ab6762bbb 42a65cfc2ce247629712ef740ebad03d 43877bdc77be453aa5d189138809b7f4 - - default default] 10.0.0.159 "GET /v2.0/security-groups?id=80fe619f-aafb-4331-83ec-fc0ffa78f344&fields=id&fields=name HTTP/1.1" status: 200 len: 313 time: 0.0623262
2026-05-20 04:20:24.496 10 INFO neutron.services.segments.plugin [-] Segment 6f216072-42dd-488d-8dfc-96e6f5fa95e1 resource provider aggregate not found
2026-05-20 04:20:24.498 9 INFO neutron.api.wsgi [req-b4510050-63af-4834-81fd-ddba9246f79b req-cc65b05e-c320-4b0d-8acc-62d56b406395 30ca92f563434f09a10cc8ee6450a448 cee09bb08ddd4a0da3aecc3230ad093f - - default default] 10.0.0.159 "GET /v2.0/security-groups?id=f614bf7c-adf4-46b0-a369-159410be6c91&fields=id&fields=name HTTP/1.1" status: 200 len: 313 time: 0.0958400
2026-05-20 04:20:24.511 10 INFO neutron.services.segments.plugin [-] Segment 6f216072-42dd-488d-8dfc-96e6f5fa95e1 resource provider not found; error: Placement Client Error (4xx): {"errors": [{"status": 404, "title": "Not Found", "detail": "The resource could not be found.\n\n No resource provider with uuid 6f216072-42dd-488d-8dfc-96e6f5fa95e1 found for delete ", "request_id": "req-5b6f824f-ee86-4c01-ab0c-8ac2dd4338b6"}]}
2026-05-20 04:20:24.512 10 INFO neutron.services.segments.plugin [-] Segment 6f216072-42dd-488d-8dfc-96e6f5fa95e1 resource provider aggregate not found
2026-05-20 04:20:24.525 10 INFO neutron.services.segments.plugin [-] Segment 6f216072-42dd-488d-8dfc-96e6f5fa95e1 resource provider not found; error: Placement Client Error (4xx): {"errors": [{"status": 404, "title": "Not Found", "detail": "The resource could not be found.\n\n No resource provider with uuid 6f216072-42dd-488d-8dfc-96e6f5fa95e1 found for delete ", "request_id": "req-66b216d8-2e6f-46d4-ae7e-fb2c60992bc0"}]}
2026-05-20 04:20:24.553 9 INFO neutron.api.wsgi [None req-13fcb02f-6693-4f4f-ad08-f2eae22e0279 863eb99aa6a94720be3fce0498d25c92 372b4dd9000f4fe0aa368e2fbc339545 - - default default] 10.0.0.8 "DELETE /v2.0/security-groups/1909be5e-98c5-4786-bdbf-51d9f2bdbe0c HTTP/1.1" status: 204 len: 168 time: 0.3838835
2026-05-20 04:20:24.916 10 INFO neutron.api.wsgi [req-0b01603f-6eed-40d4-80f6-602c65e8212e req-706b5e15-e879-4bb2-ba52-034b78cf3284 3b776b72fe684f6a87f99f540cd9e07b 7961e56242d74acf8ee58e3205d6d849 - - default default] 10.0.0.159 "GET /v2.0/ports?device_id=07a50616-053a-4391-86fe-6dabc5cf79f9 HTTP/1.1" status: 200 len: 1174 time: 0.1031332
2026-05-20 04:20:24.946 10 INFO neutron.api.wsgi [req-0b01603f-6eed-40d4-80f6-602c65e8212e req-703a27ff-6672-4a3d-a0d3-e0bc5ffb8a68 3b776b72fe684f6a87f99f540cd9e07b 7961e56242d74acf8ee58e3205d6d849 - - default default] 10.0.0.159 "GET /v2.0/security-groups?id=e0d914cd-c6d3-4dd1-ae93-7da5d4a531a0&fields=id&fields=name HTTP/1.1" status: 200 len: 312 time: 0.0268614
2026-05-20 04:20:24.996 10 INFO neutron.notifiers.nova [-] Nova event matching ['req-0df115cb-3308-4e7b-999a-31eff3219f1b'] response: {'server_uuid': '07a50616-053a-4391-86fe-6dabc5cf79f9', 'name': 'network-vif-plugged', 'status': 'completed', 'tag': '47e4c3ba-473a-4931-841a-e7dbffe72bed', 'code': 200}
2026-05-20 04:20:25.179 9 INFO neutron.api.wsgi [req-19ef7c3e-3e9f-48ee-9b1a-e3c096988be1 req-cc5f9ded-9d4c-4f08-9e6b-61f11ab0bf1c 3b776b72fe684f6a87f99f540cd9e07b 7961e56242d74acf8ee58e3205d6d849 - - default default] 10.0.0.159 "GET /v2.0/ports?device_id=07a50616-053a-4391-86fe-6dabc5cf79f9 HTTP/1.1" status: 200 len: 1174 time: 0.1519177
2026-05-20 04:20:25.518 10 INFO neutron.api.wsgi [req-f5fc8cd6-8527-4327-8e91-9bc2c155d612 req-319367f0-c9df-4fa9-b61b-7b8af221a7c2 42a65cfc2ce247629712ef740ebad03d 43877bdc77be453aa5d189138809b7f4 - - default default] 10.0.0.159 "GET /v2.0/ports?device_id=e29e5d6e-89d3-4aec-ae42-285aa2e1b6bf HTTP/1.1" status: 200 len: 1170 time: 0.0334463
2026-05-20 04:20:25.565 10 INFO neutron.api.wsgi [req-f5fc8cd6-8527-4327-8e91-9bc2c155d612 req-731ab676-94c1-4cef-82e8-c855be651743 42a65cfc2ce247629712ef740ebad03d 43877bdc77be453aa5d189138809b7f4 - - default default] 10.0.0.159 "GET /v2.0/security-groups?id=80fe619f-aafb-4331-83ec-fc0ffa78f344&fields=id&fields=name HTTP/1.1" status: 200 len: 313 time: 0.0416503
2026-05-20 04:20:25.615 9 INFO neutron.api.wsgi [req-e2ba4246-7699-4e9e-8d31-c7c0a8b44c74 req-ba2cf3f3-1920-4e41-ab11-03884a9d6482 30ca92f563434f09a10cc8ee6450a448 cee09bb08ddd4a0da3aecc3230ad093f - - default default] 10.0.0.159 "GET /v2.0/ports?device_id=c78b2c93-bdae-497e-8f16-21bdd2079cd7 HTTP/1.1" status: 200 len: 1170 time: 0.0534804
2026-05-20 04:20:25.656 9 INFO neutron.api.wsgi [req-e2ba4246-7699-4e9e-8d31-c7c0a8b44c74 req-cb155e23-babf-4aab-beca-5e180bbc9400 30ca92f563434f09a10cc8ee6450a448 cee09bb08ddd4a0da3aecc3230ad093f - - default default] 10.0.0.159 "GET /v2.0/security-groups?id=f614bf7c-adf4-46b0-a369-159410be6c91&fields=id&fields=name HTTP/1.1" status: 200 len: 313 time: 0.0371292
2026-05-20 04:20:25.768 10 INFO neutron.api.wsgi [req-7d52cf43-8810-45dc-b493-06e0c063b2fd req-1f36528b-888d-4ab0-b1d6-699142029a79 30ca92f563434f09a10cc8ee6450a448 cee09bb08ddd4a0da3aecc3230ad093f - - default default] 10.0.0.159 "GET /v2.0/ports?device_id=c78b2c93-bdae-497e-8f16-21bdd2079cd7 HTTP/1.1" status: 200 len: 1170 time: 0.0346341
2026-05-20 04:20:25.783 9 INFO neutron.notifiers.nova [-] Nova event matching ['req-2ca3ed2c-1f1d-450f-8a5e-7a1b181c7920'] response: {'server_uuid': 'c78b2c93-bdae-497e-8f16-21bdd2079cd7', 'name': 'network-vif-plugged', 'status': 'completed', 'tag': '9c0952cf-e845-496d-a063-78982555111d', 'code': 200}
2026-05-20 04:20:25.784 9 INFO neutron.notifiers.nova [-] Nova event matching ['req-2ca3ed2c-1f1d-450f-8a5e-7a1b181c7920'] response: {'server_uuid': 'e29e5d6e-89d3-4aec-ae42-285aa2e1b6bf', 'name': 'network-vif-plugged', 'status': 'completed', 'tag': '665d99d8-d439-46e8-ad34-16101576adad', 'code': 200}
2026-05-20 04:20:25.784 9 INFO neutron.notifiers.nova [-] Nova event matching ['req-2ca3ed2c-1f1d-450f-8a5e-7a1b181c7920'] response: {'server_uuid': 'e29e5d6e-89d3-4aec-ae42-285aa2e1b6bf', 'name': 'network-vif-plugged', 'status': 'completed', 'tag': '665d99d8-d439-46e8-ad34-16101576adad', 'code': 200}
2026-05-20 04:20:25.854 9 INFO neutron.db.ovn_revision_numbers_db [None req-888857fa-95ec-4cc2-8791-4c502a8bb013 3b776b72fe684f6a87f99f540cd9e07b 7961e56242d74acf8ee58e3205d6d849 - - default default] Successfully bumped revision number for resource e3cab786-846b-4c67-ad56-8709bebcde61 (type: floatingips) to 1
2026-05-20 04:20:26.044 9 INFO neutron.db.ovn_revision_numbers_db [None req-888857fa-95ec-4cc2-8791-4c502a8bb013 3b776b72fe684f6a87f99f540cd9e07b 7961e56242d74acf8ee58e3205d6d849 - - default default] Successfully bumped revision number for resource e3cab786-846b-4c67-ad56-8709bebcde61 (type: floatingips) to 2
2026-05-20 04:20:26.045 9 INFO neutron.db.l3_db [None req-888857fa-95ec-4cc2-8791-4c502a8bb013 3b776b72fe684f6a87f99f540cd9e07b 7961e56242d74acf8ee58e3205d6d849 - - default default] Floating IP e3cab786-846b-4c67-ad56-8709bebcde61 associated. External IP: 10.96.250.208, port: 47e4c3ba-473a-4931-841a-e7dbffe72bed.
2026-05-20 04:20:26.076 9 INFO neutron.api.wsgi [None req-888857fa-95ec-4cc2-8791-4c502a8bb013 3b776b72fe684f6a87f99f540cd9e07b 7961e56242d74acf8ee58e3205d6d849 - - default default] 10.0.0.8 "PUT /v2.0/floatingips/e3cab786-846b-4c67-ad56-8709bebcde61 HTTP/1.1" status: 200 len: 1050 time: 0.8798969
2026-05-20 04:20:26.151 10 INFO neutron.api.wsgi [req-e28d9136-5c5b-4331-b4e4-d5cbcdda7690 req-9b958930-33ca-4dbd-885c-eb17aab3de83 3b776b72fe684f6a87f99f540cd9e07b 7961e56242d74acf8ee58e3205d6d849 - - default default] 10.0.0.159 "GET /v2.0/ports?device_id=07a50616-053a-4391-86fe-6dabc5cf79f9 HTTP/1.1" status: 200 len: 1174 time: 0.0394239
2026-05-20 04:20:26.212 10 INFO neutron.api.wsgi [req-e28d9136-5c5b-4331-b4e4-d5cbcdda7690 req-5f49d87d-fa86-4479-b3a6-0e43ab1a560e 3b776b72fe684f6a87f99f540cd9e07b 7961e56242d74acf8ee58e3205d6d849 - - default default] 10.0.0.159 "GET /v2.0/security-groups?id=e0d914cd-c6d3-4dd1-ae93-7da5d4a531a0&fields=id&fields=name HTTP/1.1" status: 200 len: 312 time: 0.0566795
2026-05-20 04:20:26.420 10 INFO neutron.db.ovn_revision_numbers_db [None req-d90f5cc3-459a-4cd5-98e1-68fa1833754c 30ca92f563434f09a10cc8ee6450a448 cee09bb08ddd4a0da3aecc3230ad093f - - default default] Successfully bumped revision number for resource 39d0e25a-a28d-4801-98f2-ff918a3b7dd4 (type: floatingips) to 1 /var/lib/openstack/lib/python3.12/site-packages/pycadf/identifier.py:71: UserWarning: Invalid uuid: neutron. To ensure interoperability, identifiers should be a valid uuid. warnings.warn(('Invalid uuid: %s. To ensure interoperability, '
2026-05-20 04:20:26.544 10 INFO neutron.db.ovn_revision_numbers_db [None req-d90f5cc3-459a-4cd5-98e1-68fa1833754c 30ca92f563434f09a10cc8ee6450a448 cee09bb08ddd4a0da3aecc3230ad093f - - default default] Successfully bumped revision number for resource 39d0e25a-a28d-4801-98f2-ff918a3b7dd4 (type: floatingips) to 2
2026-05-20 04:20:26.544 10 INFO neutron.db.l3_db [None req-d90f5cc3-459a-4cd5-98e1-68fa1833754c 30ca92f563434f09a10cc8ee6450a448 cee09bb08ddd4a0da3aecc3230ad093f - - default default] Floating IP 39d0e25a-a28d-4801-98f2-ff918a3b7dd4 associated. External IP: 10.96.250.201, port: 9c0952cf-e845-496d-a063-78982555111d.
2026-05-20 04:20:26.585 10 INFO neutron.api.wsgi [None req-d90f5cc3-459a-4cd5-98e1-68fa1833754c 30ca92f563434f09a10cc8ee6450a448 cee09bb08ddd4a0da3aecc3230ad093f - - default default] 10.0.0.8 "PUT /v2.0/floatingips/39d0e25a-a28d-4801-98f2-ff918a3b7dd4 HTTP/1.1" status: 200 len: 1049 time: 0.8070009
2026-05-20 04:20:26.602 9 INFO neutron.api.wsgi [req-23e9d7a3-5d59-4032-a175-0915e879bb60 req-6fb6788a-82a5-4465-96a9-8c9028c8c4e2 3b776b72fe684f6a87f99f540cd9e07b 7961e56242d74acf8ee58e3205d6d849 - - default default] 10.0.0.159 "GET /v2.0/ports?device_id=07a50616-053a-4391-86fe-6dabc5cf79f9 HTTP/1.1" status: 200 len: 1174 time: 0.1072159 /var/lib/openstack/lib/python3.12/site-packages/pycadf/identifier.py:71: UserWarning: Invalid uuid: neutron. To ensure interoperability, identifiers should be a valid uuid. warnings.warn(('Invalid uuid: %s. To ensure interoperability, '
2026-05-20 04:20:26.636 9 INFO neutron.api.wsgi [req-23e9d7a3-5d59-4032-a175-0915e879bb60 req-cf64cbd9-6140-4f3d-8a82-2aa2178de971 3b776b72fe684f6a87f99f540cd9e07b 7961e56242d74acf8ee58e3205d6d849 - - default default] 10.0.0.159 "GET /v2.0/security-groups?id=e0d914cd-c6d3-4dd1-ae93-7da5d4a531a0&fields=id&fields=name HTTP/1.1" status: 200 len: 312 time: 0.0301793
2026-05-20 04:20:26.650 10 INFO neutron.api.wsgi [req-abc6dd5a-42b0-44f1-8995-6b29a2a65e2e req-5aadddaf-dc0f-4130-9a16-c1189f965cec 30ca92f563434f09a10cc8ee6450a448 cee09bb08ddd4a0da3aecc3230ad093f - - default default] 10.0.0.159 "GET /v2.0/ports?device_id=c78b2c93-bdae-497e-8f16-21bdd2079cd7 HTTP/1.1" status: 200 len: 1170 time: 0.0317118
2026-05-20 04:20:26.690 10 INFO neutron.api.wsgi [req-abc6dd5a-42b0-44f1-8995-6b29a2a65e2e req-e7f21751-7fe1-43aa-b807-e54ede8b8ede 30ca92f563434f09a10cc8ee6450a448 cee09bb08ddd4a0da3aecc3230ad093f - - default default] 10.0.0.159 "GET /v2.0/security-groups?id=f614bf7c-adf4-46b0-a369-159410be6c91&fields=id&fields=name HTTP/1.1" status: 200 len: 313 time: 0.0341380
2026-05-20 04:20:26.690 9 INFO neutron.api.wsgi [req-15879816-43fe-4ad4-b512-2a49d3ba7f7b req-040c91cf-1472-441d-8813-c5e03f0388f1 42a65cfc2ce247629712ef740ebad03d 43877bdc77be453aa5d189138809b7f4 - - default default] 10.0.0.159 "GET /v2.0/ports?device_id=e29e5d6e-89d3-4aec-ae42-285aa2e1b6bf HTTP/1.1" status: 200 len: 1170 time: 0.0253599
2026-05-20 04:20:26.726 9 INFO neutron.api.wsgi [req-15879816-43fe-4ad4-b512-2a49d3ba7f7b req-62c24403-6d77-49a4-830d-ca706d121c8e 42a65cfc2ce247629712ef740ebad03d 43877bdc77be453aa5d189138809b7f4 - - default default] 10.0.0.159 "GET /v2.0/security-groups?id=80fe619f-aafb-4331-83ec-fc0ffa78f344&fields=id&fields=name HTTP/1.1" status: 200 len: 313 time: 0.0310233
2026-05-20 04:20:26.815 10 INFO neutron.db.ovn_revision_numbers_db [None req-e65f7785-8940-409c-af4e-dc50d103383e 863eb99aa6a94720be3fce0498d25c92 372b4dd9000f4fe0aa368e2fbc339545 - - default default] Successfully bumped revision number for resource 17214678-ee3d-4bbc-a098-132205270b23 (type: security_groups) to 1
2026-05-20 04:20:26.830 10 INFO neutron.db.ovn_revision_numbers_db [None req-e65f7785-8940-409c-af4e-dc50d103383e 863eb99aa6a94720be3fce0498d25c92 372b4dd9000f4fe0aa368e2fbc339545 - - default default] Successfully bumped revision number for resource 1a050699-ed0d-4ccd-bbe7-fdded380e987 (type: security_group_rules) to 0
2026-05-20 04:20:26.842 10 INFO neutron.db.ovn_revision_numbers_db [None req-e65f7785-8940-409c-af4e-dc50d103383e 863eb99aa6a94720be3fce0498d25c92 372b4dd9000f4fe0aa368e2fbc339545 - - default default] Successfully bumped revision number for resource 2a81ad0b-eccf-42f0-b87e-978cbe8d605d (type: security_group_rules) to 0
2026-05-20 04:20:26.856 10 INFO neutron.db.ovn_revision_numbers_db [None req-e65f7785-8940-409c-af4e-dc50d103383e 863eb99aa6a94720be3fce0498d25c92 372b4dd9000f4fe0aa368e2fbc339545 - - default default] Successfully bumped revision number for resource 34fc2ee3-ec74-4932-9e94-9ae56a59830d (type: security_group_rules) to 0
2026-05-20 04:20:26.882 10 INFO neutron.db.ovn_revision_numbers_db [None req-e65f7785-8940-409c-af4e-dc50d103383e 863eb99aa6a94720be3fce0498d25c92 372b4dd9000f4fe0aa368e2fbc339545 - - default default] Successfully bumped revision number for resource 695d397d-6f40-44a2-8307-bbf029e28881 (type: security_group_rules) to 0
2026-05-20 04:20:26.943 10 INFO neutron.db.segments_db [None req-e65f7785-8940-409c-af4e-dc50d103383e 863eb99aa6a94720be3fce0498d25c92 372b4dd9000f4fe0aa368e2fbc339545 - - default default] Added segment 0d8322dd-1056-4c1c-90aa-51b077a77176 of type geneve for network 7ef7be36-8f31-40f4-a3eb-ed1f3103b8c3
2026-05-20 04:20:27.026 10 INFO neutron.plugins.ml2.drivers.ovn.mech_driver.mech_driver [None req-a09dc7a9-d12d-466f-8b6f-e427ce21adcc - - - - - -] OVN reports status down for port: 47e4c3ba-473a-4931-841a-e7dbffe72bed
2026-05-20 04:20:27.056 10 INFO neutron.notifiers.nova [-] Nova event matching ['req-e7761b3b-7531-4edf-8796-8deb7a14b9cf'] response: {'name': 'network-changed', 'server_uuid': 'c78b2c93-bdae-497e-8f16-21bdd2079cd7', 'tag': '9c0952cf-e845-496d-a063-78982555111d', 'status': 'completed', 'code': 200}
2026-05-20 04:20:27.059 10 INFO neutron.db.ovn_revision_numbers_db [None req-e65f7785-8940-409c-af4e-dc50d103383e 863eb99aa6a94720be3fce0498d25c92 372b4dd9000f4fe0aa368e2fbc339545 - - default default] Successfully bumped revision number for resource 7ef7be36-8f31-40f4-a3eb-ed1f3103b8c3 (type: networks) to 1
2026-05-20 04:20:27.246 10 WARNING neutron.scheduler.dhcp_agent_scheduler [None req-e65f7785-8940-409c-af4e-dc50d103383e 863eb99aa6a94720be3fce0498d25c92 372b4dd9000f4fe0aa368e2fbc339545 - - default default] No more DHCP agents
2026-05-20 04:20:27.248 10 WARNING neutron.api.rpc.agentnotifiers.dhcp_rpc_agent_api [None req-e65f7785-8940-409c-af4e-dc50d103383e 863eb99aa6a94720be3fce0498d25c92 372b4dd9000f4fe0aa368e2fbc339545 - - default default] Unable to schedule network 7ef7be36-8f31-40f4-a3eb-ed1f3103b8c3: no agents available; will retry on subsequent port and subnet creation events.
2026-05-20 04:20:27.289 10 INFO neutron.db.ovn_revision_numbers_db [None req-a09dc7a9-d12d-466f-8b6f-e427ce21adcc - - - - - -] Successfully bumped revision number for resource 47e4c3ba-473a-4931-841a-e7dbffe72bed (type: ports) to 6
2026-05-20 04:20:27.306 10 INFO neutron.db.ovn_revision_numbers_db [None req-e65f7785-8940-409c-af4e-dc50d103383e 863eb99aa6a94720be3fce0498d25c92 372b4dd9000f4fe0aa368e2fbc339545 - - default default] Successfully bumped revision number for resource 7bdeefc7-b7ab-46ed-93ba-ac7c6abebc75 (type: ports) to 1
2026-05-20 04:20:27.324 10 INFO neutron.api.wsgi [None req-e65f7785-8940-409c-af4e-dc50d103383e 863eb99aa6a94720be3fce0498d25c92 372b4dd9000f4fe0aa368e2fbc339545 - - default default] 10.0.0.8 "POST /v2.0/networks HTTP/1.1" status: 201 len: 949 time: 0.9656391 /var/lib/openstack/lib/python3.12/site-packages/pycadf/identifier.py:71: UserWarning: Invalid uuid: neutron. To ensure interoperability, identifiers should be a valid uuid. warnings.warn(('Invalid uuid: %s. To ensure interoperability, '
2026-05-20 04:20:27.479 10 WARNING neutron.scheduler.dhcp_agent_scheduler [None req-b9537ef4-4b45-4f8a-97cb-d10dc17edc18 863eb99aa6a94720be3fce0498d25c92 372b4dd9000f4fe0aa368e2fbc339545 - - default default] No more DHCP agents
2026-05-20 04:20:27.480 10 WARNING neutron.api.rpc.agentnotifiers.dhcp_rpc_agent_api [None req-b9537ef4-4b45-4f8a-97cb-d10dc17edc18 863eb99aa6a94720be3fce0498d25c92 372b4dd9000f4fe0aa368e2fbc339545 - - default default] Unable to schedule network 7ef7be36-8f31-40f4-a3eb-ed1f3103b8c3: no agents available; will retry on subsequent port and subnet creation events.
2026-05-20 04:20:27.609 10 INFO neutron.api.wsgi [req-e0e81cd2-0469-4474-9e15-26a013fcb1fd req-94416e1d-0168-417f-8ab2-885b4882c891 57692e10e8fd4b328a7dae3cc32e52ec ad1e096be674483688e6e805d7ad783b - - 60addf7264a345b38dfa0ab24c29b325 60addf7264a345b38dfa0ab24c29b325] 199.204.45.77 "GET /v2.0/ports?tenant_id=cee09bb08ddd4a0da3aecc3230ad093f&device_id=c78b2c93-bdae-497e-8f16-21bdd2079cd7 HTTP/1.1" status: 200 len: 1409 time: 0.0439968
2026-05-20 04:20:27.663 10 INFO neutron.api.wsgi [req-e0e81cd2-0469-4474-9e15-26a013fcb1fd req-d2d624e8-e928-4150-ba5a-4702e30109d4 57692e10e8fd4b328a7dae3cc32e52ec ad1e096be674483688e6e805d7ad783b - - 60addf7264a345b38dfa0ab24c29b325 60addf7264a345b38dfa0ab24c29b325] 199.204.45.77 "GET /v2.0/networks?id=e7a1d06d-35b7-454e-b6ca-85d95bd03ebc HTTP/1.1" status: 200 len: 982 time: 0.0458248
2026-05-20 04:20:27.730 9 INFO neutron.api.wsgi [req-e932304f-e0cd-49ed-a5c2-e68e48008b8d req-5ea49733-c03d-40a2-a7b9-12f5d7f9b557 3b776b72fe684f6a87f99f540cd9e07b 7961e56242d74acf8ee58e3205d6d849 - - default default] 10.0.0.159 "GET /v2.0/ports?device_id=07a50616-053a-4391-86fe-6dabc5cf79f9 HTTP/1.1" status: 200 len: 1172 time: 0.0308261
2026-05-20 04:20:27.736 10 INFO neutron.api.wsgi [req-e0e81cd2-0469-4474-9e15-26a013fcb1fd req-e72146be-55e6-4257-8ee2-201579d65da7 57692e10e8fd4b328a7dae3cc32e52ec ad1e096be674483688e6e805d7ad783b - - 60addf7264a345b38dfa0ab24c29b325 60addf7264a345b38dfa0ab24c29b325] 199.204.45.77 "GET /v2.0/floatingips?fixed_ip_address=10.100.0.5&port_id=9c0952cf-e845-496d-a063-78982555111d HTTP/1.1" status: 200 len: 1059 time: 0.0635161
2026-05-20 04:20:27.769 10 INFO neutron.api.wsgi [req-e0e81cd2-0469-4474-9e15-26a013fcb1fd req-3cc7dc44-737f-4292-98b1-fff25bb56e2b 57692e10e8fd4b328a7dae3cc32e52ec ad1e096be674483688e6e805d7ad783b - - 60addf7264a345b38dfa0ab24c29b325 60addf7264a345b38dfa0ab24c29b325] 199.204.45.77 "GET /v2.0/subnets?id=dc50969b-c9c0-4c4c-9b2a-196299fdf036 HTTP/1.1" status: 200 len: 901 time: 0.0302122
2026-05-20 04:20:27.794 9 INFO neutron.api.wsgi [req-e932304f-e0cd-49ed-a5c2-e68e48008b8d req-2468855d-819e-42f3-805c-3cd91ba62b43 3b776b72fe684f6a87f99f540cd9e07b 7961e56242d74acf8ee58e3205d6d849 - - default default] 10.0.0.159 "GET /v2.0/security-groups?id=e0d914cd-c6d3-4dd1-ae93-7da5d4a531a0&fields=id&fields=name HTTP/1.1" status: 200 len: 312 time: 0.0518217
2026-05-20 04:20:27.802 10 INFO neutron.api.wsgi [req-e0e81cd2-0469-4474-9e15-26a013fcb1fd req-1d53404b-873d-44f5-9fa4-ad468b3aaafd 57692e10e8fd4b328a7dae3cc32e52ec ad1e096be674483688e6e805d7ad783b - - 60addf7264a345b38dfa0ab24c29b325 60addf7264a345b38dfa0ab24c29b325] 199.204.45.77 "GET /v2.0/ports?network_id=e7a1d06d-35b7-454e-b6ca-85d95bd03ebc&device_owner=network%3Adhcp HTTP/1.1" status: 200 len: 210 time: 0.0244892
2026-05-20 04:20:27.831 9 INFO neutron.notifiers.nova [-] Nova event matching ['req-c75db91b-39fb-442b-98f8-59ae3d4ea902'] response: {'name': 'network-changed', 'server_uuid': '07a50616-053a-4391-86fe-6dabc5cf79f9', 'tag': '47e4c3ba-473a-4931-841a-e7dbffe72bed', 'status': 'completed', 'code': 200}
2026-05-20 04:20:27.849 10 INFO neutron.api.wsgi [req-6275518e-a9eb-42e1-a19f-3924f835afbe req-37b4cc90-a3c9-4534-8b99-4fad0b9797ea 42a65cfc2ce247629712ef740ebad03d 43877bdc77be453aa5d189138809b7f4 - - default default] 10.0.0.159 "GET /v2.0/ports?device_id=e29e5d6e-89d3-4aec-ae42-285aa2e1b6bf HTTP/1.1" status: 200 len: 1170 time: 0.0580068
2026-05-20 04:20:27.887 10 INFO neutron.api.wsgi [req-e0e81cd2-0469-4474-9e15-26a013fcb1fd req-ef226cee-bac0-4121-8d9d-f78e24d5376c 57692e10e8fd4b328a7dae3cc32e52ec ad1e096be674483688e6e805d7ad783b - - 60addf7264a345b38dfa0ab24c29b325 60addf7264a345b38dfa0ab24c29b325] 199.204.45.77 "GET /v2.0/networks/e7a1d06d-35b7-454e-b6ca-85d95bd03ebc?fields=segments HTTP/1.1" status: 200 len: 212 time: 0.0741286
2026-05-20 04:20:27.903 10 INFO neutron.api.wsgi [req-6275518e-a9eb-42e1-a19f-3924f835afbe req-96c56db7-0ce9-4198-ac24-6f61f6b5ae88 42a65cfc2ce247629712ef740ebad03d 43877bdc77be453aa5d189138809b7f4 - - default default] 10.0.0.159 "GET /v2.0/security-groups?id=80fe619f-aafb-4331-83ec-fc0ffa78f344&fields=id&fields=name HTTP/1.1" status: 200 len: 313 time: 0.0466676
2026-05-20 04:20:27.934 10 INFO neutron.api.wsgi [req-e0e81cd2-0469-4474-9e15-26a013fcb1fd req-534cf552-6736-4301-b311-303a16ecc95d 57692e10e8fd4b328a7dae3cc32e52ec ad1e096be674483688e6e805d7ad783b - - 60addf7264a345b38dfa0ab24c29b325 60addf7264a345b38dfa0ab24c29b325] 199.204.45.77 "GET /v2.0/networks/e7a1d06d-35b7-454e-b6ca-85d95bd03ebc?fields=provider%3Aphysical_network&fields=provider%3Anetwork_type HTTP/1.1" status: 200 len: 277 time: 0.0433574
2026-05-20 04:20:28.003 10 INFO neutron.db.ovn_revision_numbers_db [None req-4ba6cbd4-97c8-41b6-8f43-225bdae35c7b - - - - - -] Successfully bumped revision number for resource 7bdeefc7-b7ab-46ed-93ba-ac7c6abebc75 (type: ports) to 2
2026-05-20 04:20:28.005 9 INFO neutron.api.wsgi [req-1cbc6c0f-287a-42bb-a28a-e22ecda55d25 req-55061a48-10c0-4274-959a-35f9fba793f0 42a65cfc2ce247629712ef740ebad03d 43877bdc77be453aa5d189138809b7f4 - - default default] 10.0.0.159 "GET /v2.0/ports?device_id=e29e5d6e-89d3-4aec-ae42-285aa2e1b6bf HTTP/1.1" status: 200 len: 1170 time: 0.0416596
2026-05-20 04:20:28.034 10 INFO neutron.db.ovn_revision_numbers_db [None req-4ba6cbd4-97c8-41b6-8f43-225bdae35c7b - - - - - -] Successfully bumped revision number for resource 726d5c61-2a67-4907-8666-02ad5c95d733 (type: subnets) to 0
2026-05-20 04:20:28.048 10 INFO neutron.api.wsgi [None req-b9537ef4-4b45-4f8a-97cb-d10dc17edc18 863eb99aa6a94720be3fce0498d25c92 372b4dd9000f4fe0aa368e2fbc339545 - - default default] 10.0.0.8 "POST /v2.0/subnets HTTP/1.1" status: 201 len: 893 time: 0.7100348
2026-05-20 04:20:28.285 10 INFO neutron.api.wsgi [req-1dfb8e07-00e6-4b1e-bac8-972dc221246d req-d323a86d-78d2-44d9-893b-0cfc0a043c62 3b776b72fe684f6a87f99f540cd9e07b 7961e56242d74acf8ee58e3205d6d849 - - default default] 199.204.45.77 "GET /v2.0/ports?device_id=07a50616-053a-4391-86fe-6dabc5cf79f9 HTTP/1.1" status: 200 len: 1172 time: 0.0441654
2026-05-20 04:20:28.393 10 INFO neutron.api.wsgi [req-fd1728d8-55ad-42a4-bb9e-7f1258c7e3c2 req-a1719edd-934d-4a7a-8f5d-02c28e3e4e02 57692e10e8fd4b328a7dae3cc32e52ec ad1e096be674483688e6e805d7ad783b - - 60addf7264a345b38dfa0ab24c29b325 60addf7264a345b38dfa0ab24c29b325] 199.204.45.77 "GET /v2.0/ports?tenant_id=7961e56242d74acf8ee58e3205d6d849&device_id=07a50616-053a-4391-86fe-6dabc5cf79f9 HTTP/1.1" status: 200 len: 1411 time: 0.0477226
2026-05-20 04:20:28.604 9 WARNING neutron.scheduler.dhcp_agent_scheduler [None req-c5efe434-0bb7-4294-9114-61df931bde97 863eb99aa6a94720be3fce0498d25c92 372b4dd9000f4fe0aa368e2fbc339545 - - default default] No more DHCP agents
2026-05-20 04:20:28.612 9 WARNING neutron.api.rpc.agentnotifiers.dhcp_rpc_agent_api [None req-c5efe434-0bb7-4294-9114-61df931bde97 863eb99aa6a94720be3fce0498d25c92 372b4dd9000f4fe0aa368e2fbc339545 - - default default] Unable to schedule network b4089aac-2d02-4206-94da-046c5aa2ba30: no agents available; will retry on subsequent port and subnet creation events.
2026-05-20 04:20:28.646 10 INFO neutron.api.wsgi [req-fd1728d8-55ad-42a4-bb9e-7f1258c7e3c2 req-71a58dba-6266-48b7-a32b-1e2e790390c6 57692e10e8fd4b328a7dae3cc32e52ec ad1e096be674483688e6e805d7ad783b - - 60addf7264a345b38dfa0ab24c29b325 60addf7264a345b38dfa0ab24c29b325] 199.204.45.77 "GET /v2.0/networks?id=0423357d-93d1-4c65-a91f-4d8b2cd49f3f HTTP/1.1" status: 200 len: 967 time: 0.2494226
2026-05-20 04:20:28.689 10 INFO neutron.api.wsgi [req-fd1728d8-55ad-42a4-bb9e-7f1258c7e3c2 req-430e26fa-fafc-4ccd-b293-ab91cb5055f7 57692e10e8fd4b328a7dae3cc32e52ec ad1e096be674483688e6e805d7ad783b - - 60addf7264a345b38dfa0ab24c29b325 60addf7264a345b38dfa0ab24c29b325] 199.204.45.77 "GET /v2.0/floatingips?fixed_ip_address=10.100.0.10&port_id=47e4c3ba-473a-4931-841a-e7dbffe72bed HTTP/1.1" status: 200 len: 1058 time: 0.0359867
2026-05-20 04:20:28.693 9 INFO neutron.db.ovn_revision_numbers_db [None req-c4566dbe-e511-466d-8b32-dfe56a965179 42a65cfc2ce247629712ef740ebad03d 43877bdc77be453aa5d189138809b7f4 - - default default] Successfully bumped revision number for resource 15bb82be-d4be-427c-8e78-b91d66af1cfb (type: floatingips) to 1
2026-05-20 04:20:28.745 10 INFO neutron.api.wsgi [req-fd1728d8-55ad-42a4-bb9e-7f1258c7e3c2 req-06a4f2c6-f204-4983-96cf-579202d47a37 57692e10e8fd4b328a7dae3cc32e52ec ad1e096be674483688e6e805d7ad783b - - 60addf7264a345b38dfa0ab24c29b325 60addf7264a345b38dfa0ab24c29b325] 199.204.45.77 "GET /v2.0/subnets?id=4bb5ee6a-537d-4151-8d3e-ffc00cc89d95 HTTP/1.1" status: 200 len: 886 time: 0.0379515
2026-05-20 04:20:28.774 9 INFO neutron.db.ovn_revision_numbers_db [None req-c5efe434-0bb7-4294-9114-61df931bde97 863eb99aa6a94720be3fce0498d25c92 372b4dd9000f4fe0aa368e2fbc339545 - - default default] Successfully bumped revision number for resource f1dcb676-48dd-4b5e-b32f-b9578caf5ae8 (type: ports) to 1
