2026-05-20 04:22:30.619 9 INFO neutron.api.wsgi [req-c8a30668-028f-4e7a-ad71-a0ee6e359cb0 req-7843c97c-3930-4133-8a46-81a9d79e271f 57692e10e8fd4b328a7dae3cc32e52ec ad1e096be674483688e6e805d7ad783b - - 60addf7264a345b38dfa0ab24c29b325 60addf7264a345b38dfa0ab24c29b325] 10.0.0.6 "GET /v2.0/security-groups?id=01036352-0f4d-454e-ab20-048f7acb2ff8&fields=id&fields=name HTTP/1.1" status: 200 len: 313 time: 0.0280185
2026-05-20 04:22:30.757 10 WARNING neutron_lib.context [None req-76c005f3-8da0-4f4e-9332-707ad7e6994f 5c26cb2a475d4268ac0eb81efe980413 3317cff533c1481987036c0ac71cb97e - - default default] Method 'is_advsvc' is deprecated since 2023.2 release (neutron-lib 3.8.0) and will be removed once support for the old RBAC API policies will be removed from Neutron. Please use method 'is_service_role' instead.
2026-05-20 04:22:30.870 10 INFO neutron.api.wsgi [req-39a23f02-0876-4238-84a4-91b93724651f req-8a70119e-e635-4f06-b04f-8cfa99162bd6 2e81b429d7e749ae9f72d2179a9b1654 c4f2e03fe3ec4896a713e15d4a4bf85b - - default default] 10.0.0.159 "GET /v2.0/ports?device_id=d8aff1c1-dfa9-4842-b08c-044ff4a18f8a HTTP/1.1" status: 200 len: 1170 time: 0.0401208
2026-05-20 04:22:30.910 10 INFO neutron.api.wsgi [req-39a23f02-0876-4238-84a4-91b93724651f req-39935ef3-2e7c-4327-b037-f39a4e785a72 2e81b429d7e749ae9f72d2179a9b1654 c4f2e03fe3ec4896a713e15d4a4bf85b - - default default] 10.0.0.159 "GET /v2.0/security-groups?id=1f49b5ff-1f8d-4681-95b8-8251f0790536&fields=id&fields=name HTTP/1.1" status: 200 len: 286 time: 0.0338700
2026-05-20 04:22:30.941 10 INFO neutron.db.ovn_revision_numbers_db [None req-76c005f3-8da0-4f4e-9332-707ad7e6994f 5c26cb2a475d4268ac0eb81efe980413 3317cff533c1481987036c0ac71cb97e - - default default] Successfully bumped revision number for resource 87fc2edf-3b4f-4a46-86aa-443e3de3957c (type: security_groups) to 1
2026-05-20 04:22:30.968 10 INFO neutron.db.ovn_revision_numbers_db [None req-76c005f3-8da0-4f4e-9332-707ad7e6994f 5c26cb2a475d4268ac0eb81efe980413 3317cff533c1481987036c0ac71cb97e - - default default] Successfully bumped revision number for resource 1beb476c-cc7c-42c9-933f-4e6772e3d6df (type: security_group_rules) to 0
2026-05-20 04:22:30.986 10 INFO neutron.db.ovn_revision_numbers_db [None req-76c005f3-8da0-4f4e-9332-707ad7e6994f 5c26cb2a475d4268ac0eb81efe980413 3317cff533c1481987036c0ac71cb97e - - default default] Successfully bumped revision number for resource 61f3c2a6-c42d-4d54-a039-2c22808f6e2d (type: security_group_rules) to 0
2026-05-20 04:22:30.997 10 INFO neutron.db.ovn_revision_numbers_db [None req-76c005f3-8da0-4f4e-9332-707ad7e6994f 5c26cb2a475d4268ac0eb81efe980413 3317cff533c1481987036c0ac71cb97e - - default default] Successfully bumped revision number for resource c2cfa111-ea17-4905-8ae8-f1392b57bb2c (type: security_group_rules) to 0
2026-05-20 04:22:31.031 10 INFO neutron.db.ovn_revision_numbers_db [None req-76c005f3-8da0-4f4e-9332-707ad7e6994f 5c26cb2a475d4268ac0eb81efe980413 3317cff533c1481987036c0ac71cb97e - - default default] Successfully bumped revision number for resource da16f3dc-d361-405a-85af-db8f2c23666f (type: security_group_rules) to 0
2026-05-20 04:22:31.114 10 INFO neutron.db.segments_db [None req-76c005f3-8da0-4f4e-9332-707ad7e6994f 5c26cb2a475d4268ac0eb81efe980413 3317cff533c1481987036c0ac71cb97e - - default default] Added segment 899f59be-898a-413f-9717-e94ee6ff4a5a of type geneve for network 082a134a-e82b-4201-9380-a210a35e76ac
2026-05-20 04:22:31.234 10 INFO neutron.db.ovn_revision_numbers_db [None req-76c005f3-8da0-4f4e-9332-707ad7e6994f 5c26cb2a475d4268ac0eb81efe980413 3317cff533c1481987036c0ac71cb97e - - default default] Successfully bumped revision number for resource 082a134a-e82b-4201-9380-a210a35e76ac (type: networks) to 1
2026-05-20 04:22:31.307 9 INFO neutron.api.wsgi [req-ee2c0ff3-a0fd-416e-a80e-b924821cf1e8 req-7b1c8fb7-2f2a-48bd-953f-7ff16b610bfe 2e81b429d7e749ae9f72d2179a9b1654 c4f2e03fe3ec4896a713e15d4a4bf85b - - default default] 10.0.0.159 "GET /v2.0/ports?device_id=d8aff1c1-dfa9-4842-b08c-044ff4a18f8a HTTP/1.1" status: 200 len: 1170 time: 0.1000955
2026-05-20 04:22:31.336 9 INFO neutron.api.wsgi [req-ee2c0ff3-a0fd-416e-a80e-b924821cf1e8 req-58a68a08-3e53-45bf-b66b-ed02906fc23d 2e81b429d7e749ae9f72d2179a9b1654 c4f2e03fe3ec4896a713e15d4a4bf85b - - default default] 10.0.0.159 "GET /v2.0/security-groups?id=1f49b5ff-1f8d-4681-95b8-8251f0790536&fields=id&fields=name HTTP/1.1" status: 200 len: 286 time: 0.0256190
2026-05-20 04:22:31.411 10 WARNING neutron.scheduler.dhcp_agent_scheduler [None req-76c005f3-8da0-4f4e-9332-707ad7e6994f 5c26cb2a475d4268ac0eb81efe980413 3317cff533c1481987036c0ac71cb97e - - default default] No more DHCP agents
2026-05-20 04:22:31.412 10 WARNING neutron.api.rpc.agentnotifiers.dhcp_rpc_agent_api [None req-76c005f3-8da0-4f4e-9332-707ad7e6994f 5c26cb2a475d4268ac0eb81efe980413 3317cff533c1481987036c0ac71cb97e - - default default] Unable to schedule network 082a134a-e82b-4201-9380-a210a35e76ac: no agents available; will retry on subsequent port and subnet creation events.
2026-05-20 04:22:31.487 10 INFO neutron.db.ovn_revision_numbers_db [None req-76c005f3-8da0-4f4e-9332-707ad7e6994f 5c26cb2a475d4268ac0eb81efe980413 3317cff533c1481987036c0ac71cb97e - - default default] Successfully bumped revision number for resource a66d322b-7991-47dd-a868-baf439bfdc62 (type: ports) to 1
2026-05-20 04:22:31.506 10 INFO neutron.api.wsgi [None req-76c005f3-8da0-4f4e-9332-707ad7e6994f 5c26cb2a475d4268ac0eb81efe980413 3317cff533c1481987036c0ac71cb97e - - default default] 10.0.0.8 "POST /v2.0/networks HTTP/1.1" status: 201 len: 830 time: 0.9481916
2026-05-20 04:22:31.542 10 INFO neutron.api.wsgi [None req-0b837238-630a-4a82-b56c-916274222ced 5c26cb2a475d4268ac0eb81efe980413 3317cff533c1481987036c0ac71cb97e - - default default] 10.0.0.8 "PUT /v2.0/networks/082a134a-e82b-4201-9380-a210a35e76ac/tags HTTP/1.1" status: 200 len: 218 time: 0.0311315
2026-05-20 04:22:31.571 10 INFO neutron.api.wsgi [None req-1e9b5215-bef4-4f4e-9464-d30f8868e585 5c26cb2a475d4268ac0eb81efe980413 3317cff533c1481987036c0ac71cb97e - - default default] 10.0.0.8 "GET /v2.0/networks/082a134a-e82b-4201-9380-a210a35e76ac/tags HTTP/1.1" status: 200 len: 218 time: 0.0243604
2026-05-20 04:22:31.595 9 INFO neutron.db.ovn_revision_numbers_db [None req-4784a2ec-644f-45fc-a861-6f3b5e656212 863eb99aa6a94720be3fce0498d25c92 372b4dd9000f4fe0aa368e2fbc339545 - - default default] Successfully bumped revision number for resource 9a1516f1-baa7-463e-adce-c98e6ed717b1 (type: security_groups) to 1
2026-05-20 04:22:31.609 9 INFO neutron.db.ovn_revision_numbers_db [None req-4784a2ec-644f-45fc-a861-6f3b5e656212 863eb99aa6a94720be3fce0498d25c92 372b4dd9000f4fe0aa368e2fbc339545 - - default default] Successfully bumped revision number for resource 42957a9d-2ae8-4ec7-9613-90da92a45b5b (type: security_group_rules) to 0
2026-05-20 04:22:31.612 10 INFO neutron.api.wsgi [None req-16ff7d13-db58-4e65-b766-6b43dc8e0caa 5c26cb2a475d4268ac0eb81efe980413 3317cff533c1481987036c0ac71cb97e - - default default] 10.0.0.8 "PUT /v2.0/networks/082a134a-e82b-4201-9380-a210a35e76ac/tags/green HTTP/1.1" status: 201 len: 201 time: 0.0360367
2026-05-20 04:22:31.620 9 INFO neutron.db.ovn_revision_numbers_db [None req-4784a2ec-644f-45fc-a861-6f3b5e656212 863eb99aa6a94720be3fce0498d25c92 372b4dd9000f4fe0aa368e2fbc339545 - - default default] Successfully bumped revision number for resource 4c0f8e2f-cbb3-4a0f-81c5-5cb49fa4d207 (type: security_group_rules) to 0
2026-05-20 04:22:31.637 9 INFO neutron.db.ovn_revision_numbers_db [None req-4784a2ec-644f-45fc-a861-6f3b5e656212 863eb99aa6a94720be3fce0498d25c92 372b4dd9000f4fe0aa368e2fbc339545 - - default default] Successfully bumped revision number for resource 99a0da29-8cc6-42bb-aa10-4366e9d4d838 (type: security_group_rules) to 0
2026-05-20 04:22:31.640 10 INFO neutron.api.wsgi [None req-2138da6b-3692-464c-89ae-41264bd56bb5 5c26cb2a475d4268ac0eb81efe980413 3317cff533c1481987036c0ac71cb97e - - default default] 10.0.0.8 "GET /v2.0/networks/082a134a-e82b-4201-9380-a210a35e76ac/tags HTTP/1.1" status: 200 len: 227 time: 0.0235927
2026-05-20 04:22:31.656 9 INFO neutron.db.ovn_revision_numbers_db [None req-4784a2ec-644f-45fc-a861-6f3b5e656212 863eb99aa6a94720be3fce0498d25c92 372b4dd9000f4fe0aa368e2fbc339545 - - default default] Successfully bumped revision number for resource df978c84-0100-48d8-8a87-4248d42d6657 (type: security_group_rules) to 0
2026-05-20 04:22:31.676 9 INFO neutron.api.wsgi [None req-73de6577-2857-4088-8a8b-c601ae3b5e89 5c26cb2a475d4268ac0eb81efe980413 3317cff533c1481987036c0ac71cb97e - - default default] 10.0.0.8 "PUT /v2.0/networks/082a134a-e82b-4201-9380-a210a35e76ac/tags/red HTTP/1.1" status: 201 len: 201 time: 0.0323207
2026-05-20 04:22:31.706 10 INFO neutron.api.wsgi [None req-ee902290-4003-43bf-9928-38aa3e90407b 5c26cb2a475d4268ac0eb81efe980413 3317cff533c1481987036c0ac71cb97e - - default default] 10.0.0.8 "GET /v2.0/networks/082a134a-e82b-4201-9380-a210a35e76ac/tags HTTP/1.1" status: 200 len: 227 time: 0.0257902
2026-05-20 04:22:31.711 9 INFO neutron.db.segments_db [None req-4784a2ec-644f-45fc-a861-6f3b5e656212 863eb99aa6a94720be3fce0498d25c92 372b4dd9000f4fe0aa368e2fbc339545 - - default default] Added segment d8e3b40e-9358-492f-aa47-a9911c443404 of type geneve for network b32839ac-7fb6-4641-96b7-79e87827ae16
2026-05-20 04:22:31.736 10 INFO neutron.plugins.ml2.drivers.ovn.mech_driver.mech_driver [None req-56cf9d14-bb0f-458b-accd-6a204d1da694 - - - - - -] OVN reports status down for port: 30524784-7852-4be2-80dc-16b6f6bbc8ce
2026-05-20 04:22:31.763 10 INFO neutron.api.wsgi [None req-fdfc8df5-824d-4599-8533-aa6d6a4ebe44 5c26cb2a475d4268ac0eb81efe980413 3317cff533c1481987036c0ac71cb97e - - default default] 10.0.0.8 "PUT /v2.0/networks/082a134a-e82b-4201-9380-a210a35e76ac/tags/black.or.white HTTP/1.1" status: 201 len: 201 time: 0.0533617
2026-05-20 04:22:31.807 10 INFO neutron.api.wsgi [None req-5aabc87d-677f-4435-b940-faa2091dc6dc 5c26cb2a475d4268ac0eb81efe980413 3317cff533c1481987036c0ac71cb97e - - default default] 10.0.0.8 "GET /v2.0/networks/082a134a-e82b-4201-9380-a210a35e76ac/tags HTTP/1.1" status: 200 len: 245 time: 0.0374854
2026-05-20 04:22:31.827 9 INFO neutron.db.ovn_revision_numbers_db [None req-4784a2ec-644f-45fc-a861-6f3b5e656212 863eb99aa6a94720be3fce0498d25c92 372b4dd9000f4fe0aa368e2fbc339545 - - default default] Successfully bumped revision number for resource b32839ac-7fb6-4641-96b7-79e87827ae16 (type: networks) to 1
2026-05-20 04:22:31.871 9 INFO neutron.api.wsgi [None req-15ce4dca-3b3f-496c-a701-d05315a471c8 5c26cb2a475d4268ac0eb81efe980413 3317cff533c1481987036c0ac71cb97e - - default default] 10.0.0.8 "PUT /v2.0/networks/082a134a-e82b-4201-9380-a210a35e76ac/tags HTTP/1.1" status: 200 len: 230 time: 0.0597141
2026-05-20 04:22:31.912 10 INFO neutron.api.wsgi [None req-b2f9cf23-0d12-4912-bf3b-d1d78b426b24 5c26cb2a475d4268ac0eb81efe980413 3317cff533c1481987036c0ac71cb97e - - default default] 10.0.0.8 "GET /v2.0/networks/082a134a-e82b-4201-9380-a210a35e76ac/tags HTTP/1.1" status: 200 len: 230 time: 0.0310774
2026-05-20 04:22:31.946 9 INFO neutron.api.wsgi [None req-fca78ac6-59b1-47e8-80d6-5039955ec67a 5c26cb2a475d4268ac0eb81efe980413 3317cff533c1481987036c0ac71cb97e - - default default] 10.0.0.8 "GET /v2.0/networks/082a134a-e82b-4201-9380-a210a35e76ac/tags/red HTTP/1.1" status: 204 len: 168 time: 0.0308199
2026-05-20 04:22:31.991 10 INFO neutron.db.ovn_revision_numbers_db [None req-56cf9d14-bb0f-458b-accd-6a204d1da694 - - - - - -] Successfully bumped revision number for resource 30524784-7852-4be2-80dc-16b6f6bbc8ce (type: ports) to 6
2026-05-20 04:22:31.992 9 INFO neutron.api.v2.resource [None req-f099d348-18be-425b-9ec2-5a0d2ed59adc 5c26cb2a475d4268ac0eb81efe980413 3317cff533c1481987036c0ac71cb97e - - default default] show failed (client error): The resource could not be found.
2026-05-20 04:22:31.993 9 INFO neutron.api.wsgi [None req-f099d348-18be-425b-9ec2-5a0d2ed59adc 5c26cb2a475d4268ac0eb81efe980413 3317cff533c1481987036c0ac71cb97e - - default default] 10.0.0.8 "GET /v2.0/networks/082a134a-e82b-4201-9380-a210a35e76ac/tags/green HTTP/1.1" status: 404 len: 299 time: 0.0401785
2026-05-20 04:22:32.009 9 WARNING neutron.scheduler.dhcp_agent_scheduler [None req-4784a2ec-644f-45fc-a861-6f3b5e656212 863eb99aa6a94720be3fce0498d25c92 372b4dd9000f4fe0aa368e2fbc339545 - - default default] No more DHCP agents
2026-05-20 04:22:32.011 9 WARNING neutron.api.rpc.agentnotifiers.dhcp_rpc_agent_api [None req-4784a2ec-644f-45fc-a861-6f3b5e656212 863eb99aa6a94720be3fce0498d25c92 372b4dd9000f4fe0aa368e2fbc339545 - - default default] Unable to schedule network b32839ac-7fb6-4641-96b7-79e87827ae16: no agents available; will retry on subsequent port and subnet creation events.
2026-05-20 04:22:32.035 9 INFO neutron.api.wsgi [None req-d718f30d-ca56-470c-aff1-959014f19c81 5c26cb2a475d4268ac0eb81efe980413 3317cff533c1481987036c0ac71cb97e - - default default] 10.0.0.8 "DELETE /v2.0/networks/082a134a-e82b-4201-9380-a210a35e76ac/tags/red HTTP/1.1" status: 204 len: 168 time: 0.0382285
2026-05-20 04:22:32.067 9 INFO neutron.db.ovn_revision_numbers_db [None req-4784a2ec-644f-45fc-a861-6f3b5e656212 863eb99aa6a94720be3fce0498d25c92 372b4dd9000f4fe0aa368e2fbc339545 - - default default] Successfully bumped revision number for resource 8043588c-090a-4ac2-8d26-93bd6b028d69 (type: ports) to 1
2026-05-20 04:22:32.084 9 INFO neutron.api.wsgi [None req-4784a2ec-644f-45fc-a861-6f3b5e656212 863eb99aa6a94720be3fce0498d25c92 372b4dd9000f4fe0aa368e2fbc339545 - - default default] 10.0.0.8 "POST /v2.0/networks HTTP/1.1" status: 201 len: 943 time: 0.7337806
2026-05-20 04:22:32.085 10 INFO neutron.api.wsgi [None req-d41f70f8-9598-40a6-9dcf-cbe7c4ade099 5c26cb2a475d4268ac0eb81efe980413 3317cff533c1481987036c0ac71cb97e - - default default] 10.0.0.8 "GET /v2.0/networks/082a134a-e82b-4201-9380-a210a35e76ac/tags HTTP/1.1" status: 200 len: 223 time: 0.0447707 /var/lib/openstack/lib/python3.12/site-packages/pycadf/identifier.py:71: UserWarning: Invalid uuid: neutron. To ensure interoperability, identifiers should be a valid uuid. warnings.warn(('Invalid uuid: %s. To ensure interoperability, '
2026-05-20 04:22:32.108 9 INFO neutron.api.v2.resource [None req-ef3381f5-c5e8-4452-9e77-bbd42ad1e6fc 5c26cb2a475d4268ac0eb81efe980413 3317cff533c1481987036c0ac71cb97e - - default default] delete failed (client error): The resource could not be found.
2026-05-20 04:22:32.108 9 INFO neutron.api.wsgi [None req-ef3381f5-c5e8-4452-9e77-bbd42ad1e6fc 5c26cb2a475d4268ac0eb81efe980413 3317cff533c1481987036c0ac71cb97e - - default default] 10.0.0.8 "DELETE /v2.0/networks/082a134a-e82b-4201-9380-a210a35e76ac/tags/green HTTP/1.1" status: 404 len: 299 time: 0.0207312
2026-05-20 04:22:32.142 9 INFO neutron.api.wsgi [None req-b3feff85-0937-422f-9e3c-2dca9a72b040 5c26cb2a475d4268ac0eb81efe980413 3317cff533c1481987036c0ac71cb97e - - default default] 10.0.0.8 "DELETE /v2.0/networks/082a134a-e82b-4201-9380-a210a35e76ac/tags HTTP/1.1" status: 204 len: 168 time: 0.0311923
2026-05-20 04:22:32.172 9 INFO neutron.api.wsgi [None req-16f75b99-4595-49be-82ef-0c52b13f5797 5c26cb2a475d4268ac0eb81efe980413 3317cff533c1481987036c0ac71cb97e - - default default] 10.0.0.8 "GET /v2.0/networks/082a134a-e82b-4201-9380-a210a35e76ac/tags HTTP/1.1" status: 200 len: 205 time: 0.0221345
2026-05-20 04:22:32.215 10 WARNING neutron.scheduler.dhcp_agent_scheduler [None req-423ae135-42d7-4ea4-8e9a-d94363ca018a 863eb99aa6a94720be3fce0498d25c92 372b4dd9000f4fe0aa368e2fbc339545 - - default default] No more DHCP agents
2026-05-20 04:22:32.216 10 WARNING neutron.api.rpc.agentnotifiers.dhcp_rpc_agent_api [None req-423ae135-42d7-4ea4-8e9a-d94363ca018a 863eb99aa6a94720be3fce0498d25c92 372b4dd9000f4fe0aa368e2fbc339545 - - default default] Unable to schedule network b32839ac-7fb6-4641-96b7-79e87827ae16: no agents available; will retry on subsequent port and subnet creation events.
2026-05-20 04:22:32.218 10 INFO neutron.notifiers.nova [-] Nova event matching ['req-36832417-71fd-44b9-b41a-0ac2d285018a'] response: {'server_uuid': 'd8aff1c1-dfa9-4842-b08c-044ff4a18f8a', 'name': 'network-vif-unplugged', 'status': 'completed', 'tag': '30524784-7852-4be2-80dc-16b6f6bbc8ce', 'code': 200}
2026-05-20 04:22:32.218 10 INFO neutron.notifiers.nova [-] Nova event matching ['req-36832417-71fd-44b9-b41a-0ac2d285018a'] response: {'server_uuid': 'd8aff1c1-dfa9-4842-b08c-044ff4a18f8a', 'name': 'network-vif-unplugged', 'status': 'completed', 'tag': '30524784-7852-4be2-80dc-16b6f6bbc8ce', 'code': 200}
2026-05-20 04:22:32.424 9 INFO neutron.api.wsgi [req-472a0e61-3624-4a35-955c-d1a000243c21 req-09d51a34-f17a-4e8f-801c-d58b54526d9f 2e81b429d7e749ae9f72d2179a9b1654 c4f2e03fe3ec4896a713e15d4a4bf85b - - default default] 10.0.0.159 "GET /v2.0/ports?device_id=d8aff1c1-dfa9-4842-b08c-044ff4a18f8a HTTP/1.1" status: 200 len: 1168 time: 0.0292299
2026-05-20 04:22:32.451 9 INFO neutron.services.segments.plugin [-] Segment 899f59be-898a-413f-9717-e94ee6ff4a5a resource provider aggregate not found
2026-05-20 04:22:32.456 9 INFO neutron.services.segments.plugin [-] Segment 899f59be-898a-413f-9717-e94ee6ff4a5a resource provider aggregate not found
2026-05-20 04:22:32.468 9 INFO neutron.services.segments.plugin [-] Segment 899f59be-898a-413f-9717-e94ee6ff4a5a resource provider not found; error: Placement Client Error (4xx): {"errors": [{"status": 404, "title": "Not Found", "detail": "The resource could not be found.\n\n No resource provider with uuid 899f59be-898a-413f-9717-e94ee6ff4a5a found for delete ", "request_id": "req-2182ecfe-91d9-417f-8569-e3d778c62c4f"}]}
2026-05-20 04:22:32.470 9 INFO neutron.services.segments.plugin [-] Segment 899f59be-898a-413f-9717-e94ee6ff4a5a resource provider not found; error: Placement Client Error (4xx): {"errors": [{"status": 404, "title": "Not Found", "detail": "The resource could not be found.\n\n No resource provider with uuid 899f59be-898a-413f-9717-e94ee6ff4a5a found for delete ", "request_id": "req-f6a79bc1-9d47-4fc4-8f35-528a6e9ab038"}]}
2026-05-20 04:22:32.484 9 INFO neutron.api.wsgi [req-472a0e61-3624-4a35-955c-d1a000243c21 req-85023e71-3c14-4b91-9d24-1ebaf16b355b 2e81b429d7e749ae9f72d2179a9b1654 c4f2e03fe3ec4896a713e15d4a4bf85b - - default default] 10.0.0.159 "GET /v2.0/security-groups?id=1f49b5ff-1f8d-4681-95b8-8251f0790536&fields=id&fields=name HTTP/1.1" status: 200 len: 286 time: 0.0464668
2026-05-20 04:22:32.498 9 INFO neutron.api.wsgi [None req-786c8336-2e86-409a-a62d-c0d927ec1e87 5c26cb2a475d4268ac0eb81efe980413 3317cff533c1481987036c0ac71cb97e - - default default] 10.0.0.8 "DELETE /v2.0/networks/082a134a-e82b-4201-9380-a210a35e76ac HTTP/1.1" status: 204 len: 168 time: 0.3170447
2026-05-20 04:22:32.566 10 INFO neutron.db.ovn_revision_numbers_db [None req-fa40ec3b-83c0-49f5-b55b-5d29b4401668 - - - - - -] Successfully bumped revision number for resource 8043588c-090a-4ac2-8d26-93bd6b028d69 (type: ports) to 2
2026-05-20 04:22:32.590 10 INFO neutron.db.ovn_revision_numbers_db [None req-fa40ec3b-83c0-49f5-b55b-5d29b4401668 - - - - - -] Successfully bumped revision number for resource 7e6815d4-6418-4499-9372-a6dae1b8e855 (type: subnets) to 0
2026-05-20 04:22:32.604 10 INFO neutron.api.wsgi [None req-423ae135-42d7-4ea4-8e9a-d94363ca018a 863eb99aa6a94720be3fce0498d25c92 372b4dd9000f4fe0aa368e2fbc339545 - - default default] 10.0.0.8 "POST /v2.0/subnets HTTP/1.1" status: 201 len: 887 time: 0.5148535
2026-05-20 04:22:33.042 10 INFO neutron.api.wsgi [req-9c706c24-e993-4d39-9994-462346f92c9d req-fc646e46-3c13-46d7-a707-d172509a4868 2e81b429d7e749ae9f72d2179a9b1654 c4f2e03fe3ec4896a713e15d4a4bf85b - - default default] 199.204.45.77 "GET /v2.0/ports?device_id=d8aff1c1-dfa9-4842-b08c-044ff4a18f8a HTTP/1.1" status: 200 len: 1168 time: 0.0833783
2026-05-20 04:22:33.043 10 WARNING neutron.scheduler.dhcp_agent_scheduler [None req-e9d1edb4-439c-4de0-ac2a-35dd6f6d825b 863eb99aa6a94720be3fce0498d25c92 372b4dd9000f4fe0aa368e2fbc339545 - - default default] No more DHCP agents
2026-05-20 04:22:33.044 10 WARNING neutron.api.rpc.agentnotifiers.dhcp_rpc_agent_api [None req-e9d1edb4-439c-4de0-ac2a-35dd6f6d825b 863eb99aa6a94720be3fce0498d25c92 372b4dd9000f4fe0aa368e2fbc339545 - - default default] Unable to schedule network b4089aac-2d02-4206-94da-046c5aa2ba30: no agents available; will retry on subsequent port and subnet creation events.
2026-05-20 04:22:33.157 9 INFO neutron.api.wsgi [None req-2be3c3b0-80be-4f98-b3d7-19e3908f4aaa 987c3fcce3e045c09aa524dee7784eee cd2c950b4b774811b0cb65cfff9cfa80 - - default default] 10.0.0.8 "GET /v2.0/ports?project_id=c1b1f4469e1e471ca25672d98e346a7d&network_id=f2800a67-bf2e-4ca6-931b-c771a4244880 HTTP/1.1" status: 200 len: 3514 time: 0.0494938
2026-05-20 04:22:33.176 10 INFO neutron.db.ovn_revision_numbers_db [None req-e9d1edb4-439c-4de0-ac2a-35dd6f6d825b 863eb99aa6a94720be3fce0498d25c92 372b4dd9000f4fe0aa368e2fbc339545 - - default default] Successfully bumped revision number for resource d024b57d-d9f2-4574-90e3-adb06d61ee70 (type: ports) to 1
2026-05-20 04:22:33.331 10 INFO neutron.api.wsgi [req-9c706c24-e993-4d39-9994-462346f92c9d req-0d27965d-5143-4f8c-9789-356c8167d354 2e81b429d7e749ae9f72d2179a9b1654 c4f2e03fe3ec4896a713e15d4a4bf85b - - default default] 199.204.45.77 "DELETE /v2.0/ports/30524784-7852-4be2-80dc-16b6f6bbc8ce HTTP/1.1" status: 204 len: 173 time: 0.2851915
2026-05-20 04:22:33.441 9 INFO neutron.api.wsgi [None req-c4a6c59c-8636-41b8-bc54-e28f279d97a8 987c3fcce3e045c09aa524dee7784eee cd2c950b4b774811b0cb65cfff9cfa80 - - default default] 10.0.0.8 "GET /v2.0/subnets?network_id=b4089aac-2d02-4206-94da-046c5aa2ba30 HTTP/1.1" status: 200 len: 861 time: 0.0308335
2026-05-20 04:22:33.445 10 INFO neutron.db.ovn_revision_numbers_db [None req-5eb3a063-4cf3-490d-bc9c-f8d4b8d0bbfb 863eb99aa6a94720be3fce0498d25c92 372b4dd9000f4fe0aa368e2fbc339545 - - default default] Successfully bumped revision number for resource 84335a93-12f6-4691-91b5-fd95ebbe1f14 (type: security_groups) to 1
2026-05-20 04:22:33.463 10 INFO neutron.db.ovn_revision_numbers_db [None req-5eb3a063-4cf3-490d-bc9c-f8d4b8d0bbfb 863eb99aa6a94720be3fce0498d25c92 372b4dd9000f4fe0aa368e2fbc339545 - - default default] Successfully bumped revision number for resource 02b242a4-db1f-4ace-924f-524ab2af1f6e (type: security_group_rules) to 0
2026-05-20 04:22:33.478 10 INFO neutron.db.ovn_revision_numbers_db [None req-5eb3a063-4cf3-490d-bc9c-f8d4b8d0bbfb 863eb99aa6a94720be3fce0498d25c92 372b4dd9000f4fe0aa368e2fbc339545 - - default default] Successfully bumped revision number for resource 1ab71113-5411-4f14-a208-7672b6800fac (type: security_group_rules) to 0
2026-05-20 04:22:33.491 10 INFO neutron.db.ovn_revision_numbers_db [None req-5eb3a063-4cf3-490d-bc9c-f8d4b8d0bbfb 863eb99aa6a94720be3fce0498d25c92 372b4dd9000f4fe0aa368e2fbc339545 - - default default] Successfully bumped revision number for resource ad924574-ec4c-422c-927a-03035db6431e (type: security_group_rules) to 0
2026-05-20 04:22:33.505 10 INFO neutron.db.ovn_revision_numbers_db [None req-5eb3a063-4cf3-490d-bc9c-f8d4b8d0bbfb 863eb99aa6a94720be3fce0498d25c92 372b4dd9000f4fe0aa368e2fbc339545 - - default default] Successfully bumped revision number for resource f17fe8d9-bdad-4829-bc13-6a17b4673ea4 (type: security_group_rules) to 0
2026-05-20 04:22:33.823 10 INFO neutron.api.wsgi [req-baba1f1e-28e5-433c-8056-bbf0b9156f29 req-df8c4740-3643-4b30-bfbf-b687120093ce 2e81b429d7e749ae9f72d2179a9b1654 c4f2e03fe3ec4896a713e15d4a4bf85b - - default default] 10.0.0.159 "GET /v2.0/ports?device_id=d8aff1c1-dfa9-4842-b08c-044ff4a18f8a HTTP/1.1" status: 200 len: 210 time: 0.2779834
2026-05-20 04:22:33.828 10 INFO neutron.api.wsgi [None req-5eb3a063-4cf3-490d-bc9c-f8d4b8d0bbfb 863eb99aa6a94720be3fce0498d25c92 372b4dd9000f4fe0aa368e2fbc339545 - - default default] 10.0.0.8 "GET /v2.0/security-groups?tenant_id=c33946b356d841daa59b0fd14da3e1e3&name=default HTTP/1.1" status: 200 len: 3120 time: 0.6059778
2026-05-20 04:22:34.025 9 INFO neutron.db.ovn_revision_numbers_db [None req-884c471a-9b42-452d-826c-0deeada002cb c29ae2dab5604b8097d9c8a056fde3ac c1b1f4469e1e471ca25672d98e346a7d - - default default] Successfully bumped revision number for resource 16ba30bb-f63c-4735-8f4c-24635cdf88e0 (type: floatingips) to 2
2026-05-20 04:22:34.041 10 INFO neutron.api.wsgi [None req-8ab98f6c-6422-4e76-81fe-deb6b20e27b8 863eb99aa6a94720be3fce0498d25c92 372b4dd9000f4fe0aa368e2fbc339545 - - default default] 10.0.0.8 "DELETE /v2.0/security-groups/84335a93-12f6-4691-91b5-fd95ebbe1f14 HTTP/1.1" status: 204 len: 168 time: 0.2075722
2026-05-20 04:22:34.048 10 INFO neutron.plugins.ml2.drivers.ovn.mech_driver.ovsdb.commands [None req-5a351f97-8975-4ef8-b751-cb50b77536cc - - - - - -] Schedule LRP lrp-d024b57d-d9f2-4574-90e3-adb06d61ee70 on gateway 84081367-4f53-4f23-9772-58bfc96e566c with priority 1
2026-05-20 04:22:34.063 10 INFO neutron.plugins.ml2.drivers.ovn.mech_driver.mech_driver [None req-193654c9-7544-42db-a309-f573cfd4068f - - - - - -] OVN reports status up for port: d024b57d-d9f2-4574-90e3-adb06d61ee70
2026-05-20 04:22:34.072 10 INFO neutron.plugins.ml2.plugin [None req-193654c9-7544-42db-a309-f573cfd4068f - - - - - -] Attempt 1 to provision port d024b57d-d9f2-4574-90e3-adb06d61ee70
2026-05-20 04:22:34.074 9 INFO neutron.plugins.ml2.drivers.ovn.mech_driver.ovsdb.ovsdb_monitor [None req-a445675a-7e21-4bba-8719-a9f5bec6a401 - - - - - -] Router cb60ecbc-2dfb-4f63-a60d-80ede3d4d7e1 is bound to host instance
2026-05-20 04:22:34.081 10 INFO neutron.db.ovn_revision_numbers_db [None req-e9d1edb4-439c-4de0-ac2a-35dd6f6d825b 863eb99aa6a94720be3fce0498d25c92 372b4dd9000f4fe0aa368e2fbc339545 - - default default] Successfully bumped revision number for resource d024b57d-d9f2-4574-90e3-adb06d61ee70 (type: router_ports) to 1
2026-05-20 04:22:34.106 9 INFO neutron.db.l3_db [None req-884c471a-9b42-452d-826c-0deeada002cb c29ae2dab5604b8097d9c8a056fde3ac c1b1f4469e1e471ca25672d98e346a7d - - default default] Floating IP 16ba30bb-f63c-4735-8f4c-24635cdf88e0 disassociated. External IP: 10.96.250.220, port: 1030c2d7-0c3d-4619-8c67-8b545f528555.
2026-05-20 04:22:34.133 9 INFO neutron.api.wsgi [None req-884c471a-9b42-452d-826c-0deeada002cb c29ae2dab5604b8097d9c8a056fde3ac c1b1f4469e1e471ca25672d98e346a7d - - default default] 10.0.0.8 "PUT /v2.0/floatingips/16ba30bb-f63c-4735-8f4c-24635cdf88e0 HTTP/1.1" status: 200 len: 748 time: 0.4662457 /var/lib/openstack/lib/python3.12/site-packages/pycadf/identifier.py:71: UserWarning: Invalid uuid: neutron. To ensure interoperability, identifiers should be a valid uuid. warnings.warn(('Invalid uuid: %s. To ensure interoperability, '
2026-05-20 04:22:34.162 10 INFO neutron.db.ovn_revision_numbers_db [None req-e9d1edb4-439c-4de0-ac2a-35dd6f6d825b 863eb99aa6a94720be3fce0498d25c92 372b4dd9000f4fe0aa368e2fbc339545 - - default default] Successfully bumped revision number for resource cb60ecbc-2dfb-4f63-a60d-80ede3d4d7e1 (type: routers) to 2
2026-05-20 04:22:34.165 10 INFO neutron.api.wsgi [None req-295c90b1-2058-409d-ba4e-44925951dd38 c29ae2dab5604b8097d9c8a056fde3ac c1b1f4469e1e471ca25672d98e346a7d - - default default] 10.0.0.8 "GET /v2.0/floatingips/16ba30bb-f63c-4735-8f4c-24635cdf88e0 HTTP/1.1" status: 200 len: 746 time: 0.0261340
2026-05-20 04:22:34.171 9 INFO neutron.notifiers.nova [-] Nova event matching ['req-d7e6e881-0ab1-43e5-80dd-39606fb4d6ce'] response: {'name': 'network-changed', 'server_uuid': '40994427-7f9f-4f51-961a-25d9b25524bd', 'tag': '1030c2d7-0c3d-4619-8c67-8b545f528555', 'status': 'completed', 'code': 200}
2026-05-20 04:22:34.179 10 INFO neutron.api.wsgi [None req-e9d1edb4-439c-4de0-ac2a-35dd6f6d825b 863eb99aa6a94720be3fce0498d25c92 372b4dd9000f4fe0aa368e2fbc339545 - - default default] 10.0.0.8 "POST /v2.0/routers HTTP/1.1" status: 201 len: 1165 time: 1.5689504
2026-05-20 04:22:34.182 9 INFO neutron.api.wsgi [None req-4e5f5b39-59d1-4d85-9b61-6aa2f65336aa 863eb99aa6a94720be3fce0498d25c92 372b4dd9000f4fe0aa368e2fbc339545 - - default default] 10.0.0.8 "GET /v2.0/security-groups?tenant_id=3317cff533c1481987036c0ac71cb97e&name=default HTTP/1.1" status: 200 len: 3120 time: 0.0306079
2026-05-20 04:22:34.245 10 INFO neutron.notifiers.nova [-] Nova event matching ['req-eede3ef7-b9f1-463d-87b8-db8937d1c57a'] response: {'server_uuid': 'd8aff1c1-dfa9-4842-b08c-044ff4a18f8a', 'name': 'network-vif-deleted', 'tag': '30524784-7852-4be2-80dc-16b6f6bbc8ce', 'status': 'completed', 'code': 200}
2026-05-20 04:22:34.363 10 INFO neutron.api.wsgi [None req-d6343074-ff71-456d-9f29-a71b3893b0e3 863eb99aa6a94720be3fce0498d25c92 372b4dd9000f4fe0aa368e2fbc339545 - - default default] 10.0.0.8 "DELETE /v2.0/security-groups/87fc2edf-3b4f-4a46-86aa-443e3de3957c HTTP/1.1" status: 204 len: 168 time: 0.1761076
2026-05-20 04:22:34.523 9 INFO neutron.db.ovn_revision_numbers_db [None req-90fe7410-8b18-4d46-a3a3-1fca33c81c65 - - - - - -] Successfully bumped revision number for resource d024b57d-d9f2-4574-90e3-adb06d61ee70 (type: ports) to 1
2026-05-20 04:22:34.656 9 WARNING neutron.scheduler.dhcp_agent_scheduler [None req-938f79aa-d40d-4463-82be-77624af44a01 863eb99aa6a94720be3fce0498d25c92 372b4dd9000f4fe0aa368e2fbc339545 - - default default] No more DHCP agents
2026-05-20 04:22:34.657 9 WARNING neutron.api.rpc.agentnotifiers.dhcp_rpc_agent_api [None req-938f79aa-d40d-4463-82be-77624af44a01 863eb99aa6a94720be3fce0498d25c92 372b4dd9000f4fe0aa368e2fbc339545 - - default default] Unable to schedule network b32839ac-7fb6-4641-96b7-79e87827ae16: no agents available; will retry on subsequent port and subnet creation events.
2026-05-20 04:22:34.711 10 INFO neutron.api.wsgi [req-51db81c5-3aae-45a4-976a-7c54460c691e req-3b7c6e08-92ab-427d-b3bc-d52b200a4fe8 57692e10e8fd4b328a7dae3cc32e52ec ad1e096be674483688e6e805d7ad783b - - 60addf7264a345b38dfa0ab24c29b325 60addf7264a345b38dfa0ab24c29b325] 199.204.45.77 "GET /v2.0/ports?tenant_id=c1b1f4469e1e471ca25672d98e346a7d&device_id=40994427-7f9f-4f51-961a-25d9b25524bd HTTP/1.1" status: 200 len: 1413 time: 0.0302770
2026-05-20 04:22:34.756 10 INFO neutron.api.wsgi [req-51db81c5-3aae-45a4-976a-7c54460c691e req-dc84a2fa-449e-4679-9775-e18f65fc8739 57692e10e8fd4b328a7dae3cc32e52ec ad1e096be674483688e6e805d7ad783b - - 60addf7264a345b38dfa0ab24c29b325 60addf7264a345b38dfa0ab24c29b325] 199.204.45.77 "GET /v2.0/networks?id=f2800a67-bf2e-4ca6-931b-c771a4244880 HTTP/1.1" status: 200 len: 957 time: 0.0394614
2026-05-20 04:22:34.770 9 INFO neutron.db.ovn_revision_numbers_db [None req-938f79aa-d40d-4463-82be-77624af44a01 863eb99aa6a94720be3fce0498d25c92 372b4dd9000f4fe0aa368e2fbc339545 - - default default] Successfully bumped revision number for resource 4548906e-4d25-455d-8b13-521cd3f98b93 (type: ports) to 1
2026-05-20 04:22:34.773 10 INFO neutron.api.wsgi [req-51db81c5-3aae-45a4-976a-7c54460c691e req-66ef7819-2988-4cc5-b877-6595a7a753cc 57692e10e8fd4b328a7dae3cc32e52ec ad1e096be674483688e6e805d7ad783b - - 60addf7264a345b38dfa0ab24c29b325 60addf7264a345b38dfa0ab24c29b325] 199.204.45.77 "GET /v2.0/floatingips?fixed_ip_address=10.100.0.14&port_id=1030c2d7-0c3d-4619-8c67-8b545f528555 HTTP/1.1" status: 200 len: 217 time: 0.0132058
2026-05-20 04:22:34.798 10 INFO neutron.api.wsgi [req-51db81c5-3aae-45a4-976a-7c54460c691e req-4e608d3a-801c-4c8b-b8ef-6589426804b3 57692e10e8fd4b328a7dae3cc32e52ec ad1e096be674483688e6e805d7ad783b - - 60addf7264a345b38dfa0ab24c29b325 60addf7264a345b38dfa0ab24c29b325] 199.204.45.77 "GET /v2.0/subnets?id=c8656bd7-cf01-493e-b37a-01445b000438 HTTP/1.1" status: 200 len: 876 time: 0.0208597
2026-05-20 04:22:34.816 10 INFO neutron.api.wsgi [req-51db81c5-3aae-45a4-976a-7c54460c691e req-6dc0f272-d7ce-4de3-a88b-bfacf0a734d3 57692e10e8fd4b328a7dae3cc32e52ec ad1e096be674483688e6e805d7ad783b - - 60addf7264a345b38dfa0ab24c29b325 60addf7264a345b38dfa0ab24c29b325] 199.204.45.77 "GET /v2.0/ports?network_id=f2800a67-bf2e-4ca6-931b-c771a4244880&device_owner=network%3Adhcp HTTP/1.1" status: 200 len: 210 time: 0.0136273
2026-05-20 04:22:34.860 10 INFO neutron.api.wsgi [req-51db81c5-3aae-45a4-976a-7c54460c691e req-d35ec6bb-4348-4191-ad1a-d1ac01713322 57692e10e8fd4b328a7dae3cc32e52ec ad1e096be674483688e6e805d7ad783b - - 60addf7264a345b38dfa0ab24c29b325 60addf7264a345b38dfa0ab24c29b325] 199.204.45.77 "GET /v2.0/networks/f2800a67-bf2e-4ca6-931b-c771a4244880?fields=segments HTTP/1.1" status: 200 len: 212 time: 0.0389082
2026-05-20 04:22:34.863 9 INFO neutron.db.ovn_revision_numbers_db [None req-90fe7410-8b18-4d46-a3a3-1fca33c81c65 - - - - - -] Successfully bumped revision number for resource d024b57d-d9f2-4574-90e3-adb06d61ee70 (type: ports) to 4
2026-05-20 04:22:34.897 10 INFO neutron.api.wsgi [req-51db81c5-3aae-45a4-976a-7c54460c691e req-adbba67d-9ac6-432b-a9d4-7896f39725f4 57692e10e8fd4b328a7dae3cc32e52ec ad1e096be674483688e6e805d7ad783b - - 60addf7264a345b38dfa0ab24c29b325 60addf7264a345b38dfa0ab24c29b325] 199.204.45.77 "GET /v2.0/networks/f2800a67-bf2e-4ca6-931b-c771a4244880?fields=provider%3Aphysical_network&fields=provider%3Anetwork_type HTTP/1.1" status: 200 len: 277 time: 0.0345540
2026-05-20 04:22:34.934 10 INFO neutron.api.wsgi [req-e2819b37-58f0-4218-bff8-1cc6fd07f988 req-d1732c09-39a2-46c1-a7a3-8fccafd5d95d 2e81b429d7e749ae9f72d2179a9b1654 c4f2e03fe3ec4896a713e15d4a4bf85b - - default default] 10.0.0.159 "GET /v2.0/ports?device_id=d8aff1c1-dfa9-4842-b08c-044ff4a18f8a HTTP/1.1" status: 200 len: 210 time: 0.0169494
2026-05-20 04:22:35.182 9 INFO neutron.db.ovn_revision_numbers_db [None req-90fe7410-8b18-4d46-a3a3-1fca33c81c65 - - - - - -] Successfully bumped revision number for resource d024b57d-d9f2-4574-90e3-adb06d61ee70 (type: ports) to 5
2026-05-20 04:22:35.216 9 WARNING neutron_lib.context [None req-23b6bf21-3c9a-431d-8782-dd6c00e7aec9 c29ae2dab5604b8097d9c8a056fde3ac c1b1f4469e1e471ca25672d98e346a7d - - default default] Method 'is_advsvc' is deprecated since 2023.2 release (neutron-lib 3.8.0) and will be removed once support for the old RBAC API policies will be removed from Neutron. Please use method 'is_service_role' instead.
2026-05-20 04:22:35.355 9 INFO neutron.db.ovn_revision_numbers_db [None req-23b6bf21-3c9a-431d-8782-dd6c00e7aec9 c29ae2dab5604b8097d9c8a056fde3ac c1b1f4469e1e471ca25672d98e346a7d - - default default] Successfully bumped revision number for resource 80596f0e-574d-434e-98c4-a8d8b32e8925 (type: security_groups) to 1
2026-05-20 04:22:35.381 9 INFO neutron.db.ovn_revision_numbers_db [None req-938f79aa-d40d-4463-82be-77624af44a01 863eb99aa6a94720be3fce0498d25c92 372b4dd9000f4fe0aa368e2fbc339545 - - default default] Successfully bumped revision number for resource 4548906e-4d25-455d-8b13-521cd3f98b93 (type: ports) to 1
2026-05-20 04:22:35.384 9 INFO neutron.db.ovn_revision_numbers_db [None req-23b6bf21-3c9a-431d-8782-dd6c00e7aec9 c29ae2dab5604b8097d9c8a056fde3ac c1b1f4469e1e471ca25672d98e346a7d - - default default] Successfully bumped revision number for resource 33d47198-b936-47bd-adf8-a01a710299ca (type: security_group_rules) to 0
2026-05-20 04:22:35.398 9 INFO neutron.db.ovn_revision_numbers_db [None req-23b6bf21-3c9a-431d-8782-dd6c00e7aec9 c29ae2dab5604b8097d9c8a056fde3ac c1b1f4469e1e471ca25672d98e346a7d - - default default] Successfully bumped revision number for resource dceaab02-4bde-4bc5-acdc-5a02809bd755 (type: security_group_rules) to 0
2026-05-20 04:22:35.429 9 INFO neutron.api.wsgi [None req-23b6bf21-3c9a-431d-8782-dd6c00e7aec9 c29ae2dab5604b8097d9c8a056fde3ac c1b1f4469e1e471ca25672d98e346a7d - - default default] 10.0.0.8 "POST /v2.0/security-groups HTTP/1.1" status: 201 len: 1875 time: 0.2174058
2026-05-20 04:22:35.434 9 WARNING neutron.scheduler.dhcp_agent_scheduler [None req-938f79aa-d40d-4463-82be-77624af44a01 863eb99aa6a94720be3fce0498d25c92 372b4dd9000f4fe0aa368e2fbc339545 - - default default] No more DHCP agents
2026-05-20 04:22:35.438 9 WARNING neutron_lib.context [None req-4313829b-d44d-4115-9e16-a487098f1700 c29ae2dab5604b8097d9c8a056fde3ac c1b1f4469e1e471ca25672d98e346a7d - - default default] Method 'is_advsvc' is deprecated since 2023.2 release (neutron-lib 3.8.0) and will be removed once support for the old RBAC API policies will be removed from Neutron. Please use method 'is_service_role' instead.
2026-05-20 04:22:35.440 9 WARNING neutron.api.rpc.agentnotifiers.dhcp_rpc_agent_api [None req-938f79aa-d40d-4463-82be-77624af44a01 863eb99aa6a94720be3fce0498d25c92 372b4dd9000f4fe0aa368e2fbc339545 - - default default] Unable to schedule network b32839ac-7fb6-4641-96b7-79e87827ae16: no agents available; will retry on subsequent port and subnet creation events.
2026-05-20 04:22:35.587 9 INFO neutron.db.ovn_revision_numbers_db [None req-4313829b-d44d-4115-9e16-a487098f1700 c29ae2dab5604b8097d9c8a056fde3ac c1b1f4469e1e471ca25672d98e346a7d - - default default] Successfully bumped revision number for resource fb34375c-bc09-4aa9-b334-09623b01154a (type: security_group_rules) to 0
2026-05-20 04:22:35.621 9 INFO neutron.api.wsgi [None req-4313829b-d44d-4115-9e16-a487098f1700 c29ae2dab5604b8097d9c8a056fde3ac c1b1f4469e1e471ca25672d98e346a7d - - default default] 10.0.0.8 "POST /v2.0/security-group-rules HTTP/1.1" status: 201 len: 796 time: 0.1875448
2026-05-20 04:22:35.631 10 WARNING neutron_lib.context [None req-43c5f1ce-4d39-4697-af3d-42f3404ff84a c29ae2dab5604b8097d9c8a056fde3ac c1b1f4469e1e471ca25672d98e346a7d - - default default] Method 'is_advsvc' is deprecated since 2023.2 release (neutron-lib 3.8.0) and will be removed once support for the old RBAC API policies will be removed from Neutron. Please use method 'is_service_role' instead.
2026-05-20 04:22:35.757 10 INFO neutron.db.ovn_revision_numbers_db [None req-43c5f1ce-4d39-4697-af3d-42f3404ff84a c29ae2dab5604b8097d9c8a056fde3ac c1b1f4469e1e471ca25672d98e346a7d - - default default] Successfully bumped revision number for resource 39ab9982-e0c1-4a48-ab6e-675e2a2a21dd (type: security_group_rules) to 0
2026-05-20 04:22:35.788 10 INFO neutron.api.wsgi [None req-43c5f1ce-4d39-4697-af3d-42f3404ff84a c29ae2dab5604b8097d9c8a056fde3ac c1b1f4469e1e471ca25672d98e346a7d - - default default] 10.0.0.8 "POST /v2.0/security-group-rules HTTP/1.1" status: 201 len: 795 time: 0.1600356
2026-05-20 04:22:35.796 10 WARNING neutron_lib.context [None req-24f0de6b-43a5-4e70-a79d-7ac892b2b572 c29ae2dab5604b8097d9c8a056fde3ac c1b1f4469e1e471ca25672d98e346a7d - - default default] Method 'is_advsvc' is deprecated since 2023.2 release (neutron-lib 3.8.0) and will be removed once support for the old RBAC API policies will be removed from Neutron. Please use method 'is_service_role' instead.
2026-05-20 04:22:35.901 10 INFO neutron.db.ovn_revision_numbers_db [None req-24f0de6b-43a5-4e70-a79d-7ac892b2b572 c29ae2dab5604b8097d9c8a056fde3ac c1b1f4469e1e471ca25672d98e346a7d - - default default] Successfully bumped revision number for resource e36fd597-94b6-48df-897d-547974cfc119 (type: security_group_rules) to 0
2026-05-20 04:22:35.927 10 INFO neutron.api.wsgi [None req-24f0de6b-43a5-4e70-a79d-7ac892b2b572 c29ae2dab5604b8097d9c8a056fde3ac c1b1f4469e1e471ca25672d98e346a7d - - default default] 10.0.0.8 "POST /v2.0/security-group-rules HTTP/1.1" status: 201 len: 801 time: 0.1347704
2026-05-20 04:22:35.935 10 WARNING neutron_lib.context [None req-b4f67340-1df3-4c73-acc0-f312917dcf25 c29ae2dab5604b8097d9c8a056fde3ac c1b1f4469e1e471ca25672d98e346a7d - - default default] Method 'is_advsvc' is deprecated since 2023.2 release (neutron-lib 3.8.0) and will be removed once support for the old RBAC API policies will be removed from Neutron. Please use method 'is_service_role' instead.
2026-05-20 04:22:36.021 10 INFO neutron.api.wsgi [req-cb197c86-72b1-4541-89fb-9b6243dff820 req-bcc39126-b863-4751-a886-069ff0e4537f 2e81b429d7e749ae9f72d2179a9b1654 c4f2e03fe3ec4896a713e15d4a4bf85b - - default default] 10.0.0.159 "GET /v2.0/ports?device_id=d8aff1c1-dfa9-4842-b08c-044ff4a18f8a HTTP/1.1" status: 200 len: 210 time: 0.0167551
2026-05-20 04:22:36.090 10 INFO neutron.db.ovn_revision_numbers_db [None req-b4f67340-1df3-4c73-acc0-f312917dcf25 c29ae2dab5604b8097d9c8a056fde3ac c1b1f4469e1e471ca25672d98e346a7d - - default default] Successfully bumped revision number for resource 39072d62-2be6-409d-8f50-edaa320993e1 (type: security_group_rules) to 0
2026-05-20 04:22:36.134 10 INFO neutron.api.wsgi [None req-b4f67340-1df3-4c73-acc0-f312917dcf25 c29ae2dab5604b8097d9c8a056fde3ac c1b1f4469e1e471ca25672d98e346a7d - - default default] 10.0.0.8 "POST /v2.0/security-group-rules HTTP/1.1" status: 201 len: 800 time: 0.2029290
2026-05-20 04:22:36.142 9 INFO neutron.db.ovn_revision_numbers_db [None req-938f79aa-d40d-4463-82be-77624af44a01 863eb99aa6a94720be3fce0498d25c92 372b4dd9000f4fe0aa368e2fbc339545 - - default default] Successfully bumped revision number for resource 4548906e-4d25-455d-8b13-521cd3f98b93 (type: router_ports) to 1
2026-05-20 04:22:36.147 10 WARNING neutron_lib.context [None req-a42c716f-163e-44c0-a3a6-2ab3dd5fe0bf c29ae2dab5604b8097d9c8a056fde3ac c1b1f4469e1e471ca25672d98e346a7d - - default default] Method 'is_advsvc' is deprecated since 2023.2 release (neutron-lib 3.8.0) and will be removed once support for the old RBAC API policies will be removed from Neutron. Please use method 'is_service_role' instead.
2026-05-20 04:22:36.147 9 INFO neutron.api.wsgi [None req-938f79aa-d40d-4463-82be-77624af44a01 863eb99aa6a94720be3fce0498d25c92 372b4dd9000f4fe0aa368e2fbc339545 - - default default] 10.0.0.8 "PUT /v2.0/routers/cb60ecbc-2dfb-4f63-a60d-80ede3d4d7e1/add_router_interface HTTP/1.1" status: 200 len: 503 time: 1.9603331
2026-05-20 04:22:36.210 10 INFO neutron.db.securitygroups_db [None req-a42c716f-163e-44c0-a3a6-2ab3dd5fe0bf c29ae2dab5604b8097d9c8a056fde3ac c1b1f4469e1e471ca25672d98e346a7d - - default default] Project c1b1f4469e1e471ca25672d98e346a7d added a security group rule with legacy IPv6 ICMP protocol name icmp, ipv6-icmp should be used instead. It was automatically converted.
2026-05-20 04:22:36.341 10 INFO neutron.db.ovn_revision_numbers_db [None req-a42c716f-163e-44c0-a3a6-2ab3dd5fe0bf c29ae2dab5604b8097d9c8a056fde3ac c1b1f4469e1e471ca25672d98e346a7d - - default default] Successfully bumped revision number for resource 5ce915cd-758a-42c8-bbbd-ddf15d1abbd5 (type: security_group_rules) to 0
2026-05-20 04:22:36.369 10 INFO neutron.api.wsgi [None req-a42c716f-163e-44c0-a3a6-2ab3dd5fe0bf c29ae2dab5604b8097d9c8a056fde3ac c1b1f4469e1e471ca25672d98e346a7d - - default default] 10.0.0.8 "POST /v2.0/security-group-rules HTTP/1.1" status: 201 len: 806 time: 0.2269371
2026-05-20 04:22:36.385 10 WARNING neutron_lib.context [None req-ce243634-5522-404d-aad7-64450b75823b c29ae2dab5604b8097d9c8a056fde3ac c1b1f4469e1e471ca25672d98e346a7d - - default default] Method 'is_advsvc' is deprecated since 2023.2 release (neutron-lib 3.8.0) and will be removed once support for the old RBAC API policies will be removed from Neutron. Please use method 'is_service_role' instead.
2026-05-20 04:22:36.423 10 INFO neutron.db.securitygroups_db [None req-ce243634-5522-404d-aad7-64450b75823b c29ae2dab5604b8097d9c8a056fde3ac c1b1f4469e1e471ca25672d98e346a7d - - default default] Project c1b1f4469e1e471ca25672d98e346a7d added a security group rule with legacy IPv6 ICMP protocol name icmp, ipv6-icmp should be used instead. It was automatically converted.
2026-05-20 04:22:36.522 10 INFO neutron.db.ovn_revision_numbers_db [None req-ce243634-5522-404d-aad7-64450b75823b c29ae2dab5604b8097d9c8a056fde3ac c1b1f4469e1e471ca25672d98e346a7d - - default default] Successfully bumped revision number for resource da888a4c-ba10-4f82-8e75-aaaebeefb8a6 (type: security_group_rules) to 0
2026-05-20 04:22:36.561 10 INFO neutron.api.wsgi [None req-ce243634-5522-404d-aad7-64450b75823b c29ae2dab5604b8097d9c8a056fde3ac c1b1f4469e1e471ca25672d98e346a7d - - default default] 10.0.0.8 "POST /v2.0/security-group-rules HTTP/1.1" status: 201 len: 805 time: 0.1847482
2026-05-20 04:22:36.855 10 INFO neutron.plugins.ml2.drivers.ovn.mech_driver.mech_driver [None req-193654c9-7544-42db-a309-f573cfd4068f - - - - - -] OVN reports status up for port: 4548906e-4d25-455d-8b13-521cd3f98b93
2026-05-20 04:22:36.860 10 INFO neutron.plugins.ml2.plugin [None req-193654c9-7544-42db-a309-f573cfd4068f - - - - - -] Attempt 1 to provision port 4548906e-4d25-455d-8b13-521cd3f98b93
2026-05-20 04:22:37.084 10 INFO neutron.api.wsgi [None req-f07507dd-856b-4d35-945e-6a08bd742791 c29ae2dab5604b8097d9c8a056fde3ac c1b1f4469e1e471ca25672d98e346a7d - - default default] 10.0.0.8 "GET /v2.0/networks HTTP/1.1" status: 200 len: 1491 time: 0.1440620
2026-05-20 04:22:37.209 10 INFO neutron.api.wsgi [req-53550ca5-dd2b-451b-a6d8-a12cecd4d768 req-1f6e5aa7-ccc0-4871-a173-473b8ee92ef9 c29ae2dab5604b8097d9c8a056fde3ac c1b1f4469e1e471ca25672d98e346a7d - - default default] 10.0.0.159 "GET /v2.0/security-groups?name=tempest-secgroup-smoke-2011339131&fields=id&tenant_id=c1b1f4469e1e471ca25672d98e346a7d HTTP/1.1" status: 200 len: 267 time: 0.0539222
2026-05-20 04:22:37.245 10 INFO neutron.db.ovn_revision_numbers_db [None req-193654c9-7544-42db-a309-f573cfd4068f - - - - - -] Successfully bumped revision number for resource 4548906e-4d25-455d-8b13-521cd3f98b93 (type: ports) to 2
2026-05-20 04:22:37.266 10 INFO neutron.api.wsgi [req-53550ca5-dd2b-451b-a6d8-a12cecd4d768 req-1022916f-f6c0-41aa-bd99-f31f428160d3 c29ae2dab5604b8097d9c8a056fde3ac c1b1f4469e1e471ca25672d98e346a7d - - default default] 10.0.0.159 "GET /v2.0/networks?id=f2800a67-bf2e-4ca6-931b-c771a4244880 HTTP/1.1" status: 200 len: 858 time: 0.0502727
2026-05-20 04:22:37.279 10 INFO neutron.api.wsgi [req-53550ca5-dd2b-451b-a6d8-a12cecd4d768 req-5d5c61ce-800f-4eec-976b-61f0645bfdf1 c29ae2dab5604b8097d9c8a056fde3ac c1b1f4469e1e471ca25672d98e346a7d - - default default] 10.0.0.159 "GET /v2.0/quotas/c1b1f4469e1e471ca25672d98e346a7d HTTP/1.1" status: 200 len: 491 time: 0.0079255
2026-05-20 04:22:37.359 10 INFO neutron.api.wsgi [req-53550ca5-dd2b-451b-a6d8-a12cecd4d768 req-dcc678fb-0b1f-4bf3-a073-87325546f16e c29ae2dab5604b8097d9c8a056fde3ac c1b1f4469e1e471ca25672d98e346a7d - - default default] 10.0.0.159 "GET /v2.0/ports?tenant_id=c1b1f4469e1e471ca25672d98e346a7d&fields=id HTTP/1.1" status: 200 len: 348 time: 0.0761371
2026-05-20 04:22:37.364 9 INFO neutron.db.ovn_revision_numbers_db [None req-62513b5b-723c-499b-b081-6492d1b3525a 863eb99aa6a94720be3fce0498d25c92 372b4dd9000f4fe0aa368e2fbc339545 - - default default] Successfully bumped revision number for resource b734dad1-5a00-4a46-af03-f9b087aa28bc (type: security_groups) to 1
2026-05-20 04:22:37.379 9 INFO neutron.db.ovn_revision_numbers_db [None req-62513b5b-723c-499b-b081-6492d1b3525a 863eb99aa6a94720be3fce0498d25c92 372b4dd9000f4fe0aa368e2fbc339545 - - default default] Successfully bumped revision number for resource 0fffebf7-857b-401b-bfc6-621aed66dac9 (type: security_group_rules) to 0
2026-05-20 04:22:37.395 9 INFO neutron.db.ovn_revision_numbers_db [None req-62513b5b-723c-499b-b081-6492d1b3525a 863eb99aa6a94720be3fce0498d25c92 372b4dd9000f4fe0aa368e2fbc339545 - - default default] Successfully bumped revision number for resource 7a561489-a5e5-44ef-9e79-f7e03c1dc124 (type: security_group_rules) to 0
2026-05-20 04:22:37.404 10 INFO neutron.api.wsgi [req-53550ca5-dd2b-451b-a6d8-a12cecd4d768 req-f5644189-1732-4dab-b114-4d36bc21cd9e 57692e10e8fd4b328a7dae3cc32e52ec ad1e096be674483688e6e805d7ad783b - - 60addf7264a345b38dfa0ab24c29b325 60addf7264a345b38dfa0ab24c29b325] 10.0.0.159 "GET /v2.0/networks/f2800a67-bf2e-4ca6-931b-c771a4244880?fields=segments HTTP/1.1" status: 200 len: 212 time: 0.0377195
2026-05-20 04:22:37.410 9 INFO neutron.db.ovn_revision_numbers_db [None req-62513b5b-723c-499b-b081-6492d1b3525a 863eb99aa6a94720be3fce0498d25c92 372b4dd9000f4fe0aa368e2fbc339545 - - default default] Successfully bumped revision number for resource a421bbef-1b8e-4dcc-9bc5-8ae52f055a98 (type: security_group_rules) to 0
2026-05-20 04:22:37.428 9 INFO neutron.db.ovn_revision_numbers_db [None req-62513b5b-723c-499b-b081-6492d1b3525a 863eb99aa6a94720be3fce0498d25c92 372b4dd9000f4fe0aa368e2fbc339545 - - default default] Successfully bumped revision number for resource ceace0fc-6030-491f-a0b5-341f447735ab (type: security_group_rules) to 0
2026-05-20 04:22:37.452 10 INFO neutron.api.wsgi [req-53550ca5-dd2b-451b-a6d8-a12cecd4d768 req-c8ef52b5-cf30-42e4-8f04-6dfcbaefb734 57692e10e8fd4b328a7dae3cc32e52ec ad1e096be674483688e6e805d7ad783b - - 60addf7264a345b38dfa0ab24c29b325 60addf7264a345b38dfa0ab24c29b325] 10.0.0.159 "GET /v2.0/networks/f2800a67-bf2e-4ca6-931b-c771a4244880?fields=provider%3Aphysical_network&fields=provider%3Anetwork_type HTTP/1.1" status: 200 len: 277 time: 0.0450211
2026-05-20 04:22:37.511 9 INFO neutron.db.segments_db [None req-62513b5b-723c-499b-b081-6492d1b3525a 863eb99aa6a94720be3fce0498d25c92 372b4dd9000f4fe0aa368e2fbc339545 - - default default] Added segment b933020e-cde1-4132-afb3-b0becd6f9cc6 of type geneve for network 4611e98a-7d19-423f-b129-0d23f32db8b7
2026-05-20 04:22:37.613 9 INFO neutron.api.wsgi [req-b34296e0-230a-49e2-bf7f-88640119d81d req-a09f6638-c12c-4a77-b306-0254344877dc c29ae2dab5604b8097d9c8a056fde3ac c1b1f4469e1e471ca25672d98e346a7d - - default default] 10.0.0.159 "GET /v2.0/ports?device_id=76527035-f8b9-460f-a706-48b0aa7a0d51 HTTP/1.1" status: 200 len: 210 time: 0.0254886
2026-05-20 04:22:37.670 9 INFO neutron.db.ovn_revision_numbers_db [None req-62513b5b-723c-499b-b081-6492d1b3525a 863eb99aa6a94720be3fce0498d25c92 372b4dd9000f4fe0aa368e2fbc339545 - - default default] Successfully bumped revision number for resource 4611e98a-7d19-423f-b129-0d23f32db8b7 (type: networks) to 1
2026-05-20 04:22:37.683 10 WARNING neutron_lib.context [None req-cebf552a-319a-4dc9-8c22-40d14bc9acbf 65361bdf87c14e7c95941d0ae8d81736 32b94a89bd09438b9a286b31eeb4720a - - default default] Method 'is_advsvc' is deprecated since 2023.2 release (neutron-lib 3.8.0) and will be removed once support for the old RBAC API policies will be removed from Neutron. Please use method 'is_service_role' instead.
