2026-05-20 04:21:23.056 10 INFO neutron.pecan_wsgi.hooks.translation [None req-44f19617-b70e-4958-baa5-5ebd3204bfd4 49c2407e133f4a8d91f969034c2ead8e 971b1155517f47b3a0c4da92df49ce9a - - default default] DELETE failed (client error): The resource could not be found.
2026-05-20 04:21:23.058 10 INFO neutron.api.wsgi [None req-44f19617-b70e-4958-baa5-5ebd3204bfd4 49c2407e133f4a8d91f969034c2ead8e 971b1155517f47b3a0c4da92df49ce9a - - default default] 10.0.0.8 "DELETE /v2.0/subnets/d6fc701f-fd8c-4f29-b8ce-80a3a29e1720 HTTP/1.1" status: 404 len: 337 time: 0.0159466
2026-05-20 04:21:23.075 10 INFO neutron.pecan_wsgi.hooks.translation [None req-6bd7eb6d-7889-4145-91e7-7d037f31fe47 49c2407e133f4a8d91f969034c2ead8e 971b1155517f47b3a0c4da92df49ce9a - - default default] DELETE failed (client error): The resource could not be found.
2026-05-20 04:21:23.076 10 INFO neutron.api.wsgi [None req-6bd7eb6d-7889-4145-91e7-7d037f31fe47 49c2407e133f4a8d91f969034c2ead8e 971b1155517f47b3a0c4da92df49ce9a - - default default] 10.0.0.8 "DELETE /v2.0/networks/484f0f87-d899-4339-9bb5-2a66dd666fb9 HTTP/1.1" status: 404 len: 339 time: 0.0131578
2026-05-20 04:21:23.182 9 INFO neutron.api.wsgi [None req-8e01e2ca-c011-4543-8267-6c0c77aa2c85 0d13f1d7c9644d709e57d0fd46e42b9a e1de0b9e2bc74b15b0c68b2b40de050a - - default default] 10.0.0.8 "PUT /v2.0/routers/db4c8487-5620-46fa-92b0-cde108ce4d48/remove_router_interface HTTP/1.1" status: 200 len: 503 time: 0.7913311 /var/lib/openstack/lib/python3.12/site-packages/pycadf/identifier.py:71: UserWarning: Invalid uuid: neutron. To ensure interoperability, identifiers should be a valid uuid. warnings.warn(('Invalid uuid: %s. To ensure interoperability, '
2026-05-20 04:21:23.310 9 INFO neutron.api.wsgi [None req-bb4d2cb7-5f88-4f01-977f-57c7127cae8e 49c2407e133f4a8d91f969034c2ead8e 971b1155517f47b3a0c4da92df49ce9a - - default default] 10.0.0.8 "DELETE /v2.0/subnets/e97f895e-f728-4926-82ef-05bf5d2007b8 HTTP/1.1" status: 204 len: 168 time: 0.2296081 /var/lib/openstack/lib/python3.12/site-packages/pycadf/identifier.py:71: UserWarning: Invalid uuid: neutron. To ensure interoperability, identifiers should be a valid uuid. warnings.warn(('Invalid uuid: %s. To ensure interoperability, '
2026-05-20 04:21:23.364 10 INFO neutron.db.ovn_revision_numbers_db [None req-152c9097-99b8-44a0-8f66-8a421eba9a86 e209b11af4e042da8bdf6f5f0703dbd7 edf02e9302b24726b745188e8fd21b6b - - default default] Successfully bumped revision number for resource d9b73675-adb1-4111-b7b4-ffdc9c80fc83 (type: ports) to 2
2026-05-20 04:21:23.374 10 INFO neutron.api.wsgi [req-32f1e012-10b6-4739-a091-beb0996220e4 req-91d4f162-fef2-459e-ba36-7c72d5db69ea 7453a43c949b4cbca121eba99ee3c0f7 51cee0367d234736ab0a6390e35c2e21 - - default default] 10.0.0.159 "GET /v2.0/ports?device_id=4de3778f-36b1-4b10-b241-42747223e1f7 HTTP/1.1" status: 200 len: 1168 time: 0.0492539
2026-05-20 04:21:23.430 10 INFO neutron.api.wsgi [req-32f1e012-10b6-4739-a091-beb0996220e4 req-ea391448-2ee7-4ab4-a858-752332e5417e 7453a43c949b4cbca121eba99ee3c0f7 51cee0367d234736ab0a6390e35c2e21 - - default default] 10.0.0.159 "GET /v2.0/security-groups?id=0c9d2a4e-0011-46e5-8c6d-24d7592aa987&fields=id&fields=name HTTP/1.1" status: 200 len: 313 time: 0.0506120
2026-05-20 04:21:23.439 10 WARNING neutron.scheduler.dhcp_agent_scheduler [None req-152c9097-99b8-44a0-8f66-8a421eba9a86 e209b11af4e042da8bdf6f5f0703dbd7 edf02e9302b24726b745188e8fd21b6b - - default default] No more DHCP agents
2026-05-20 04:21:23.441 10 WARNING neutron.api.rpc.agentnotifiers.dhcp_rpc_agent_api [None req-152c9097-99b8-44a0-8f66-8a421eba9a86 e209b11af4e042da8bdf6f5f0703dbd7 edf02e9302b24726b745188e8fd21b6b - - default default] Unable to schedule network 27e9ce94-903c-4f06-a9ac-70dac9ef1fa8: no agents available; will retry on subsequent port and subnet creation events.
2026-05-20 04:21:23.523 10 WARNING neutron.plugins.ml2.drivers.ovn.mech_driver.ovsdb.ovn_client [None req-6c8953d7-cbd6-46ea-9be9-bfab038cc1d5 - - - - - -] No port found with ID a2023478-ef4a-48a7-9c8e-60684ed70afd: RuntimeError: No port found with ID a2023478-ef4a-48a7-9c8e-60684ed70afd
2026-05-20 04:21:23.556 9 INFO neutron.api.wsgi [-] 10.0.0.119 "GET / HTTP/1.1" status: 200 len: 247 time: 0.0017655
2026-05-20 04:21:23.558 9 INFO neutron.api.wsgi [-] 10.0.0.119 "GET / HTTP/1.1" status: 200 len: 247 time: 0.0012541
2026-05-20 04:21:23.592 10 INFO neutron.plugins.ml2.drivers.ovn.mech_driver.mech_driver [None req-6c8953d7-cbd6-46ea-9be9-bfab038cc1d5 - - - - - -] OVN reports status up for port: 2e5a4e5a-f397-48c9-ac78-d22e8e4a5680
2026-05-20 04:21:23.690 10 INFO neutron.db.ovn_revision_numbers_db [None req-152c9097-99b8-44a0-8f66-8a421eba9a86 e209b11af4e042da8bdf6f5f0703dbd7 edf02e9302b24726b745188e8fd21b6b - - default default] Successfully bumped revision number for resource d9b73675-adb1-4111-b7b4-ffdc9c80fc83 (type: router_ports) to 2
2026-05-20 04:21:23.695 10 INFO neutron.api.wsgi [None req-152c9097-99b8-44a0-8f66-8a421eba9a86 e209b11af4e042da8bdf6f5f0703dbd7 edf02e9302b24726b745188e8fd21b6b - - default default] 10.0.0.8 "PUT /v2.0/routers/d2b75723-25b4-478f-bfa3-9c5e063ae960/add_router_interface HTTP/1.1" status: 200 len: 503 time: 1.5704134
2026-05-20 04:21:23.749 10 INFO neutron.services.segments.plugin [-] Segment 92bfbe3a-87aa-4717-ad99-927775320f5e resource provider aggregate not found
2026-05-20 04:21:23.754 10 INFO neutron.services.segments.plugin [-] Segment 92bfbe3a-87aa-4717-ad99-927775320f5e resource provider aggregate not found
2026-05-20 04:21:23.765 10 INFO neutron.services.segments.plugin [-] Segment 92bfbe3a-87aa-4717-ad99-927775320f5e resource provider not found; error: Placement Client Error (4xx): {"errors": [{"status": 404, "title": "Not Found", "detail": "The resource could not be found.\n\n No resource provider with uuid 92bfbe3a-87aa-4717-ad99-927775320f5e found for delete ", "request_id": "req-c0bed5f6-0a82-40a7-bcd3-8decf7c0ed4a"}]}
2026-05-20 04:21:23.769 10 INFO neutron.services.segments.plugin [-] Segment 92bfbe3a-87aa-4717-ad99-927775320f5e resource provider not found; error: Placement Client Error (4xx): {"errors": [{"status": 404, "title": "Not Found", "detail": "The resource could not be found.\n\n No resource provider with uuid 92bfbe3a-87aa-4717-ad99-927775320f5e found for delete ", "request_id": "req-a18c7c16-8d07-4f51-9543-d6abc9758862"}]}
2026-05-20 04:21:23.786 10 INFO neutron.api.wsgi [None req-82b790c9-38cc-47f5-8304-4323c5adbf06 49c2407e133f4a8d91f969034c2ead8e 971b1155517f47b3a0c4da92df49ce9a - - default default] 10.0.0.8 "DELETE /v2.0/networks/d733c53c-3faf-4bd3-a563-da61830a0853 HTTP/1.1" status: 204 len: 168 time: 0.4702907
2026-05-20 04:21:23.788 9 INFO neutron.api.wsgi [None req-4809bc77-7df8-409e-a9d8-a10822c289a4 e209b11af4e042da8bdf6f5f0703dbd7 edf02e9302b24726b745188e8fd21b6b - - default default] 10.0.0.8 "GET /v2.0/ports/d9b73675-adb1-4111-b7b4-ffdc9c80fc83 HTTP/1.1" status: 200 len: 1219 time: 0.0867054
2026-05-20 04:21:23.799 9 INFO neutron.api.wsgi [None req-0799105a-4ce4-4fa3-baa7-56d8f49263f9 0d13f1d7c9644d709e57d0fd46e42b9a e1de0b9e2bc74b15b0c68b2b40de050a - - default default] 10.0.0.8 "DELETE /v2.0/routers/db4c8487-5620-46fa-92b0-cde108ce4d48 HTTP/1.1" status: 204 len: 168 time: 0.6105373 /var/lib/openstack/lib/python3.12/site-packages/pycadf/identifier.py:71: UserWarning: Invalid uuid: neutron. To ensure interoperability, identifiers should be a valid uuid. warnings.warn(('Invalid uuid: %s. To ensure interoperability, '
2026-05-20 04:21:23.965 10 INFO neutron.api.wsgi [None req-417a6d63-6177-4c7b-883b-327f44c663b4 0d13f1d7c9644d709e57d0fd46e42b9a e1de0b9e2bc74b15b0c68b2b40de050a - - default default] 10.0.0.8 "DELETE /v2.0/subnets/df782f8d-04cc-48e9-9a91-7b5ce8aec213 HTTP/1.1" status: 204 len: 168 time: 0.1623156 /var/lib/openstack/lib/python3.12/site-packages/pycadf/identifier.py:71: UserWarning: Invalid uuid: neutron. To ensure interoperability, identifiers should be a valid uuid. warnings.warn(('Invalid uuid: %s. To ensure interoperability, '
2026-05-20 04:21:23.978 9 WARNING neutron.plugins.ml2.drivers.ovn.mech_driver.ovsdb.ovn_client [None req-ce0a1346-19c8-4f22-8bac-71efda39d2af - - - - - -] No port found with ID 81443467-e0f7-4d37-a090-01bc698b2a25: RuntimeError: No port found with ID 81443467-e0f7-4d37-a090-01bc698b2a25
2026-05-20 04:21:24.094 9 INFO neutron.plugins.ml2.drivers.ovn.mech_driver.mech_driver [None req-ce0a1346-19c8-4f22-8bac-71efda39d2af - - - - - -] OVN reports status up for port: d9b73675-adb1-4111-b7b4-ffdc9c80fc83
2026-05-20 04:21:24.111 9 INFO neutron.plugins.ml2.plugin [None req-ce0a1346-19c8-4f22-8bac-71efda39d2af - - - - - -] Attempt 1 to provision port d9b73675-adb1-4111-b7b4-ffdc9c80fc83 /var/lib/openstack/lib/python3.12/site-packages/pycadf/identifier.py:71: UserWarning: Invalid uuid: neutron. To ensure interoperability, identifiers should be a valid uuid. warnings.warn(('Invalid uuid: %s. To ensure interoperability, '
2026-05-20 04:21:24.438 9 INFO neutron.api.wsgi [None req-0cb9878d-810f-4078-86d3-78aa35a4d47c 863eb99aa6a94720be3fce0498d25c92 372b4dd9000f4fe0aa368e2fbc339545 - - default default] 10.0.0.8 "GET /v2.0/security-groups?tenant_id=971b1155517f47b3a0c4da92df49ce9a&name=default HTTP/1.1" status: 200 len: 3120 time: 0.1472452
2026-05-20 04:21:24.473 9 ERROR neutron.plugins.ml2.managers [None req-ce0a1346-19c8-4f22-8bac-71efda39d2af - - - - - -] Mechanism driver 'ovn' failed in update_port_postcommit: ovsdbapp.backend.ovs_idl.idlutils.RowNotFound: Cannot find Logical_Switch_Port with name=d9b73675-adb1-4111-b7b4-ffdc9c80fc83
2026-05-20 04:21:24.473 9 ERROR neutron.plugins.ml2.managers
Traceback (most recent call last):
2026-05-20 04:21:24.473 9 ERROR neutron.plugins.ml2.managers
File "/var/lib/openstack/lib/python3.12/site-packages/neutron/plugins/ml2/managers.py", line 481, in _call_on_drivers
2026-05-20 04:21:24.473 9 ERROR neutron.plugins.ml2.managers getattr(driver.obj, method_name)(context)
2026-05-20 04:21:24.473 9 ERROR neutron.plugins.ml2.managers
File "/var/lib/openstack/lib/python3.12/site-packages/neutron/plugins/ml2/drivers/ovn/mech_driver/mech_driver.py", line 987, in update_port_postcommit
2026-05-20 04:21:24.473 9 ERROR neutron.plugins.ml2.managers self._ovn_update_port(context.plugin_context, port, original_port,
2026-05-20 04:21:24.473 9 ERROR neutron.plugins.ml2.managers
File "/var/lib/openstack/lib/python3.12/site-packages/neutron/plugins/ml2/drivers/ovn/mech_driver/mech_driver.py", line 867, in _ovn_update_port
2026-05-20 04:21:24.473 9 ERROR neutron.plugins.ml2.managers self._ovn_client.update_port(plugin_context, port,
2026-05-20 04:21:24.473 9 ERROR neutron.plugins.ml2.managers
File "/var/lib/openstack/lib/python3.12/site-packages/neutron/plugins/ml2/drivers/ovn/mech_driver/ovsdb/ovn_client.py", line 759, in update_port
2026-05-20 04:21:24.473 9 ERROR neutron.plugins.ml2.managers ovn_port = self._nb_idl.lookup('Logical_Switch_Port', port['id'])
2026-05-20 04:21:24.473 9 ERROR neutron.plugins.ml2.managers ^^^^^^^^^^^^^^^^^^^^^^^^^^^^^^^^^^^^^^^^^^^^^^^^^^^^^^
2026-05-20 04:21:24.473 9 ERROR neutron.plugins.ml2.managers
File "/var/lib/openstack/lib/python3.12/site-packages/ovsdbapp/backend/ovs_idl/__init__.py", line 184, in lookup
2026-05-20 04:21:24.473 9 ERROR neutron.plugins.ml2.managers return self._lookup(table, record)
2026-05-20 04:21:24.473 9 ERROR neutron.plugins.ml2.managers ^^^^^^^^^^^^^^^^^^^^^^^^^^^
2026-05-20 04:21:24.473 9 ERROR neutron.plugins.ml2.managers
File "/var/lib/openstack/lib/python3.12/site-packages/ovsdbapp/backend/ovs_idl/__init__.py", line 235, in _lookup
2026-05-20 04:21:24.473 9 ERROR neutron.plugins.ml2.managers row = idlutils.row_by_value(self, rl.table, rl.column, record)
2026-05-20 04:21:24.473 9 ERROR neutron.plugins.ml2.managers ^^^^^^^^^^^^^^^^^^^^^^^^^^^^^^^^^^^^^^^^^^^^^^^^^^^^^^^^
2026-05-20 04:21:24.473 9 ERROR neutron.plugins.ml2.managers
File "/var/lib/openstack/lib/python3.12/site-packages/ovsdbapp/backend/ovs_idl/idlutils.py", line 114, in row_by_value
2026-05-20 04:21:24.473 9 ERROR neutron.plugins.ml2.managers raise RowNotFound(table=table, col=column, match=match)
2026-05-20 04:21:24.473 9 ERROR neutron.plugins.ml2.managers ovsdbapp.backend.ovs_idl.idlutils.RowNotFound: Cannot find Logical_Switch_Port with name=d9b73675-adb1-4111-b7b4-ffdc9c80fc83
2026-05-20 04:21:24.473 9 ERROR neutron.plugins.ml2.managers
2026-05-20 04:21:24.489 9 ERROR ovsdbapp.backend.ovs_idl.command [None req-ce0a1346-19c8-4f22-8bac-71efda39d2af - - - - - -] Error executing command (LspGetUpCommand): ovsdbapp.backend.ovs_idl.idlutils.RowNotFound: Cannot find Logical_Switch_Port with name=d9b73675-adb1-4111-b7b4-ffdc9c80fc83
2026-05-20 04:21:24.489 9 ERROR ovsdbapp.backend.ovs_idl.command
Traceback (most recent call last):
2026-05-20 04:21:24.489 9 ERROR ovsdbapp.backend.ovs_idl.command
File "/var/lib/openstack/lib/python3.12/site-packages/ovsdbapp/backend/ovs_idl/command.py", line 47, in execute
2026-05-20 04:21:24.489 9 ERROR ovsdbapp.backend.ovs_idl.command self.run_idl(None)
2026-05-20 04:21:24.489 9 ERROR ovsdbapp.backend.ovs_idl.command
File "/var/lib/openstack/lib/python3.12/site-packages/ovsdbapp/schema/ovn_northbound/commands.py", line 679, in run_idl
2026-05-20 04:21:24.489 9 ERROR ovsdbapp.backend.ovs_idl.command lsp = self.api.lookup('Logical_Switch_Port', self.port)
2026-05-20 04:21:24.489 9 ERROR ovsdbapp.backend.ovs_idl.command ^^^^^^^^^^^^^^^^^^^^^^^^^^^^^^^^^^^^^^^^^^^^^^^^^
2026-05-20 04:21:24.489 9 ERROR ovsdbapp.backend.ovs_idl.command
File "/var/lib/openstack/lib/python3.12/site-packages/ovsdbapp/backend/ovs_idl/__init__.py", line 184, in lookup
2026-05-20 04:21:24.489 9 ERROR ovsdbapp.backend.ovs_idl.command return self._lookup(table, record)
2026-05-20 04:21:24.489 9 ERROR ovsdbapp.backend.ovs_idl.command ^^^^^^^^^^^^^^^^^^^^^^^^^^^
2026-05-20 04:21:24.489 9 ERROR ovsdbapp.backend.ovs_idl.command
File "/var/lib/openstack/lib/python3.12/site-packages/ovsdbapp/backend/ovs_idl/__init__.py", line 235, in _lookup
2026-05-20 04:21:24.489 9 ERROR ovsdbapp.backend.ovs_idl.command row = idlutils.row_by_value(self, rl.table, rl.column, record)
2026-05-20 04:21:24.489 9 ERROR ovsdbapp.backend.ovs_idl.command ^^^^^^^^^^^^^^^^^^^^^^^^^^^^^^^^^^^^^^^^^^^^^^^^^^^^^^^^
2026-05-20 04:21:24.489 9 ERROR ovsdbapp.backend.ovs_idl.command
File "/var/lib/openstack/lib/python3.12/site-packages/ovsdbapp/backend/ovs_idl/idlutils.py", line 114, in row_by_value
2026-05-20 04:21:24.489 9 ERROR ovsdbapp.backend.ovs_idl.command raise RowNotFound(table=table, col=column, match=match)
2026-05-20 04:21:24.489 9 ERROR ovsdbapp.backend.ovs_idl.command ovsdbapp.backend.ovs_idl.idlutils.RowNotFound: Cannot find Logical_Switch_Port with name=d9b73675-adb1-4111-b7b4-ffdc9c80fc83
2026-05-20 04:21:24.489 9 ERROR ovsdbapp.backend.ovs_idl.command
2026-05-20 04:21:24.490 9 ERROR ovsdbapp.event [None req-ce0a1346-19c8-4f22-8bac-71efda39d2af - - - - - -] Unexpected exception in notify_loop: ovsdbapp.backend.ovs_idl.idlutils.RowNotFound: Cannot find Logical_Switch_Port with name=d9b73675-adb1-4111-b7b4-ffdc9c80fc83
2026-05-20 04:21:24.490 9 ERROR ovsdbapp.event
Traceback (most recent call last):
2026-05-20 04:21:24.490 9 ERROR ovsdbapp.event
File "/var/lib/openstack/lib/python3.12/site-packages/ovsdbapp/event.py", line 177, in notify_loop
2026-05-20 04:21:24.490 9 ERROR ovsdbapp.event match.run(event, row, updates)
2026-05-20 04:21:24.490 9 ERROR ovsdbapp.event
File "/var/lib/openstack/lib/python3.12/site-packages/neutron/plugins/ml2/drivers/ovn/mech_driver/ovsdb/ovsdb_monitor.py", line 511, in run
2026-05-20 04:21:24.490 9 ERROR ovsdbapp.event self.driver.set_port_status_up(row.name)
2026-05-20 04:21:24.490 9 ERROR ovsdbapp.event
File "/var/lib/openstack/lib/python3.12/site-packages/neutron/plugins/ml2/drivers/ovn/mech_driver/mech_driver.py", line 1286, in set_port_status_up
2026-05-20 04:21:24.490 9 ERROR ovsdbapp.event self._ovn_client.update_lsp_host_info(admin_context, db_port)
2026-05-20 04:21:24.490 9 ERROR ovsdbapp.event
File "/var/lib/openstack/lib/python3.12/site-packages/neutron/plugins/ml2/drivers/ovn/mech_driver/ovsdb/ovn_client.py", line 314, in update_lsp_host_info
2026-05-20 04:21:24.490 9 ERROR ovsdbapp.event port_up = self._nb_idl.lsp_get_up(db_port.id).execute(
2026-05-20 04:21:24.490 9 ERROR ovsdbapp.event ^^^^^^^^^^^^^^^^^^^^^^^^^^^^^^^^^^^^^^^^^^^^
2026-05-20 04:21:24.490 9 ERROR ovsdbapp.event
File "/var/lib/openstack/lib/python3.12/site-packages/ovsdbapp/backend/ovs_idl/command.py", line 47, in execute
2026-05-20 04:21:24.490 9 ERROR ovsdbapp.event self.run_idl(None)
2026-05-20 04:21:24.490 9 ERROR ovsdbapp.event
File "/var/lib/openstack/lib/python3.12/site-packages/ovsdbapp/schema/ovn_northbound/commands.py", line 679, in run_idl
2026-05-20 04:21:24.490 9 ERROR ovsdbapp.event lsp = self.api.lookup('Logical_Switch_Port', self.port)
2026-05-20 04:21:24.490 9 ERROR ovsdbapp.event ^^^^^^^^^^^^^^^^^^^^^^^^^^^^^^^^^^^^^^^^^^^^^^^^^
2026-05-20 04:21:24.490 9 ERROR ovsdbapp.event
File "/var/lib/openstack/lib/python3.12/site-packages/ovsdbapp/backend/ovs_idl/__init__.py", line 184, in lookup
2026-05-20 04:21:24.490 9 ERROR ovsdbapp.event return self._lookup(table, record)
2026-05-20 04:21:24.490 9 ERROR ovsdbapp.event ^^^^^^^^^^^^^^^^^^^^^^^^^^^
2026-05-20 04:21:24.490 9 ERROR ovsdbapp.event
File "/var/lib/openstack/lib/python3.12/site-packages/ovsdbapp/backend/ovs_idl/__init__.py", line 235, in _lookup
2026-05-20 04:21:24.490 9 ERROR ovsdbapp.event row = idlutils.row_by_value(self, rl.table, rl.column, record)
2026-05-20 04:21:24.490 9 ERROR ovsdbapp.event ^^^^^^^^^^^^^^^^^^^^^^^^^^^^^^^^^^^^^^^^^^^^^^^^^^^^^^^^
2026-05-20 04:21:24.490 9 ERROR ovsdbapp.event
File "/var/lib/openstack/lib/python3.12/site-packages/ovsdbapp/backend/ovs_idl/idlutils.py", line 114, in row_by_value
2026-05-20 04:21:24.490 9 ERROR ovsdbapp.event raise RowNotFound(table=table, col=column, match=match)
2026-05-20 04:21:24.490 9 ERROR ovsdbapp.event ovsdbapp.backend.ovs_idl.idlutils.RowNotFound: Cannot find Logical_Switch_Port with name=d9b73675-adb1-4111-b7b4-ffdc9c80fc83
2026-05-20 04:21:24.490 9 ERROR ovsdbapp.event
2026-05-20 04:21:24.498 9 INFO neutron.plugins.ml2.drivers.ovn.mech_driver.mech_driver [None req-ce0a1346-19c8-4f22-8bac-71efda39d2af - - - - - -] OVN reports status up for port: 29a46df9-cdf6-40c3-875e-ec6979665726
2026-05-20 04:21:24.525 9 INFO neutron.plugins.ml2.plugin [None req-ce0a1346-19c8-4f22-8bac-71efda39d2af - - - - - -] Attempt 1 to provision port 29a46df9-cdf6-40c3-875e-ec6979665726
2026-05-20 04:21:24.535 10 INFO neutron.api.wsgi [req-daec07fb-5b4e-41dd-8e2c-1ce94a615153 req-de004ac0-4c99-4e9c-a7e0-43f5e1dd96bf 7453a43c949b4cbca121eba99ee3c0f7 51cee0367d234736ab0a6390e35c2e21 - - default default] 10.0.0.159 "GET /v2.0/ports?device_id=4de3778f-36b1-4b10-b241-42747223e1f7 HTTP/1.1" status: 200 len: 1168 time: 0.0469806
2026-05-20 04:21:24.589 10 INFO neutron.api.wsgi [req-daec07fb-5b4e-41dd-8e2c-1ce94a615153 req-6dd80da4-24ca-4cde-9f4a-a5fabc6fe4a7 7453a43c949b4cbca121eba99ee3c0f7 51cee0367d234736ab0a6390e35c2e21 - - default default] 10.0.0.159 "GET /v2.0/security-groups?id=0c9d2a4e-0011-46e5-8c6d-24d7592aa987&fields=id&fields=name HTTP/1.1" status: 200 len: 313 time: 0.0485661
2026-05-20 04:21:24.608 9 INFO neutron.api.wsgi [None req-5fe6da95-50e2-4629-b707-0fee17a20098 e209b11af4e042da8bdf6f5f0703dbd7 edf02e9302b24726b745188e8fd21b6b - - default default] 10.0.0.8 "PUT /v2.0/routers/d2b75723-25b4-478f-bfa3-9c5e063ae960/remove_router_interface HTTP/1.1" status: 200 len: 503 time: 0.8157799
2026-05-20 04:21:24.634 9 INFO neutron.api.wsgi [None req-afdee907-7790-48ec-9def-43f5cb89bf4b 0d13f1d7c9644d709e57d0fd46e42b9a e1de0b9e2bc74b15b0c68b2b40de050a - - default default] 10.0.0.8 "DELETE /v2.0/networks/4184b7b9-a10b-44e8-becc-fd3d0bd0fd2b HTTP/1.1" status: 204 len: 168 time: 0.6638846
2026-05-20 04:21:24.686 10 INFO neutron.api.v2.resource [None req-ecd01eb8-0b7a-4bc0-917b-380a3e24ec35 e209b11af4e042da8bdf6f5f0703dbd7 edf02e9302b24726b745188e8fd21b6b - - default default] remove_router_interface failed (client error): The resource could not be found.
2026-05-20 04:21:24.687 10 INFO neutron.api.wsgi [None req-ecd01eb8-0b7a-4bc0-917b-380a3e24ec35 e209b11af4e042da8bdf6f5f0703dbd7 edf02e9302b24726b745188e8fd21b6b - - default default] 10.0.0.8 "PUT /v2.0/routers/d2b75723-25b4-478f-bfa3-9c5e063ae960/remove_router_interface HTTP/1.1" status: 404 len: 398 time: 0.0735645
2026-05-20 04:21:24.690 9 INFO neutron.notifiers.nova [-] Nova event matching ['req-17d321e4-bb8d-4fe1-9c07-8535c8121bc2'] response: {'server_uuid': '4de3778f-36b1-4b10-b241-42747223e1f7', 'name': 'network-vif-plugged', 'status': 'completed', 'tag': '29a46df9-cdf6-40c3-875e-ec6979665726', 'code': 200}
2026-05-20 04:21:24.708 10 INFO neutron.api.wsgi [None req-174dd93d-d010-47e0-8544-2d9d8a9cc5a8 e209b11af4e042da8bdf6f5f0703dbd7 edf02e9302b24726b745188e8fd21b6b - - default default] 10.0.0.8 "GET /v2.0/ports?device_id=d2b75723-25b4-478f-bfa3-9c5e063ae960 HTTP/1.1" status: 200 len: 205 time: 0.0162594
2026-05-20 04:21:24.750 9 INFO neutron.services.segments.plugin [-] Segment 140aaf63-a43c-4cbd-bf31-5967e9200f1e resource provider aggregate not found
2026-05-20 04:21:24.759 9 INFO neutron.services.segments.plugin [-] Segment 140aaf63-a43c-4cbd-bf31-5967e9200f1e resource provider not found; error: Placement Client Error (4xx): {"errors": [{"status": 404, "title": "Not Found", "detail": "The resource could not be found.\n\n No resource provider with uuid 140aaf63-a43c-4cbd-bf31-5967e9200f1e found for delete ", "request_id": "req-ec247c82-fac7-4274-8077-a50cb8605714"}]}
2026-05-20 04:21:24.761 9 INFO neutron.services.segments.plugin [-] Segment 140aaf63-a43c-4cbd-bf31-5967e9200f1e resource provider aggregate not found
2026-05-20 04:21:24.765 10 INFO neutron.api.wsgi [None req-22de1c24-4d62-4c22-b25d-4eb49a308a1d 863eb99aa6a94720be3fce0498d25c92 372b4dd9000f4fe0aa368e2fbc339545 - - default default] 10.0.0.8 "DELETE /v2.0/security-groups/9215a530-6a01-4ff2-8ad7-77a3b8935b24 HTTP/1.1" status: 204 len: 168 time: 0.3228168
2026-05-20 04:21:24.778 9 INFO neutron.services.segments.plugin [-] Segment 140aaf63-a43c-4cbd-bf31-5967e9200f1e resource provider not found; error: Placement Client Error (4xx): {"errors": [{"status": 404, "title": "Not Found", "detail": "The resource could not be found.\n\n No resource provider with uuid 140aaf63-a43c-4cbd-bf31-5967e9200f1e found for delete ", "request_id": "req-35cd98bb-d910-43f2-89dc-25d5bf306cee"}]}
2026-05-20 04:21:24.810 9 INFO neutron.db.ovn_revision_numbers_db [None req-ce0a1346-19c8-4f22-8bac-71efda39d2af - - - - - -] Successfully bumped revision number for resource 29a46df9-cdf6-40c3-875e-ec6979665726 (type: ports) to 5
2026-05-20 04:21:24.883 10 INFO neutron.api.wsgi [None req-d504b511-a119-42f0-b8ff-f56a087ea7cd e209b11af4e042da8bdf6f5f0703dbd7 edf02e9302b24726b745188e8fd21b6b - - default default] 10.0.0.8 "DELETE /v2.0/routers/d2b75723-25b4-478f-bfa3-9c5e063ae960 HTTP/1.1" status: 204 len: 168 time: 0.1675589
2026-05-20 04:21:25.020 10 INFO neutron.api.wsgi [None req-bac5edd1-a2f2-4afc-a93c-6300153f4d6e e209b11af4e042da8bdf6f5f0703dbd7 edf02e9302b24726b745188e8fd21b6b - - default default] 10.0.0.8 "DELETE /v2.0/subnets/72e6808f-ae5e-4789-b408-98399928d725 HTTP/1.1" status: 204 len: 168 time: 0.1315160
2026-05-20 04:21:25.287 10 INFO neutron.api.wsgi [None req-7f713159-24a8-461c-9f3c-4f05f3a0ab76 863eb99aa6a94720be3fce0498d25c92 372b4dd9000f4fe0aa368e2fbc339545 - - default default] 10.0.0.8 "GET /v2.0/security-groups?tenant_id=e1de0b9e2bc74b15b0c68b2b40de050a&name=default HTTP/1.1" status: 200 len: 3120 time: 0.1899631
2026-05-20 04:21:25.359 10 INFO neutron.api.wsgi [None req-1ec5d286-c017-41c6-8027-557ff7a7f246 e209b11af4e042da8bdf6f5f0703dbd7 edf02e9302b24726b745188e8fd21b6b - - default default] 10.0.0.8 "DELETE /v2.0/networks/27e9ce94-903c-4f06-a9ac-70dac9ef1fa8 HTTP/1.1" status: 204 len: 168 time: 0.3340416
2026-05-20 04:21:25.371 10 WARNING neutron_lib.context [None req-4b68db28-6dcd-4d8c-b51e-00156a24c8a4 e209b11af4e042da8bdf6f5f0703dbd7 edf02e9302b24726b745188e8fd21b6b - - default default] Method 'is_advsvc' is deprecated since 2023.2 release (neutron-lib 3.8.0) and will be removed once support for the old RBAC API policies will be removed from Neutron. Please use method 'is_service_role' instead.
2026-05-20 04:21:25.464 10 INFO neutron.db.segments_db [None req-4b68db28-6dcd-4d8c-b51e-00156a24c8a4 e209b11af4e042da8bdf6f5f0703dbd7 edf02e9302b24726b745188e8fd21b6b - - default default] Added segment 11061607-77e5-4efd-8f7b-44cdd4a201e3 of type geneve for network ecdf6eca-ed7e-45d6-a0f7-e6ad2a35e181
2026-05-20 04:21:25.475 10 INFO neutron.api.wsgi [None req-e8c5c01c-1721-4337-8f15-573298d41e38 863eb99aa6a94720be3fce0498d25c92 372b4dd9000f4fe0aa368e2fbc339545 - - default default] 10.0.0.8 "DELETE /v2.0/security-groups/8b68c4d1-d064-4fe6-ae04-eda9e14ae57c HTTP/1.1" status: 204 len: 168 time: 0.1823690
2026-05-20 04:21:25.567 10 INFO neutron.db.ovn_revision_numbers_db [None req-4b68db28-6dcd-4d8c-b51e-00156a24c8a4 e209b11af4e042da8bdf6f5f0703dbd7 edf02e9302b24726b745188e8fd21b6b - - default default] Successfully bumped revision number for resource ecdf6eca-ed7e-45d6-a0f7-e6ad2a35e181 (type: networks) to 1
2026-05-20 04:21:25.688 10 INFO neutron.api.wsgi [req-bdbae662-1b52-461f-8177-7b8499f74dc8 req-84482b9b-9673-4bb3-af0f-249be1608b00 7453a43c949b4cbca121eba99ee3c0f7 51cee0367d234736ab0a6390e35c2e21 - - default default] 10.0.0.159 "GET /v2.0/ports?device_id=4de3778f-36b1-4b10-b241-42747223e1f7 HTTP/1.1" status: 200 len: 1170 time: 0.0366733
2026-05-20 04:21:25.735 10 INFO neutron.api.wsgi [req-bdbae662-1b52-461f-8177-7b8499f74dc8 req-b96b2ce7-310e-448d-a2f1-e6dc72c589a7 7453a43c949b4cbca121eba99ee3c0f7 51cee0367d234736ab0a6390e35c2e21 - - default default] 10.0.0.159 "GET /v2.0/security-groups?id=0c9d2a4e-0011-46e5-8c6d-24d7592aa987&fields=id&fields=name HTTP/1.1" status: 200 len: 313 time: 0.0412617
2026-05-20 04:21:25.747 10 WARNING neutron.scheduler.dhcp_agent_scheduler [None req-4b68db28-6dcd-4d8c-b51e-00156a24c8a4 e209b11af4e042da8bdf6f5f0703dbd7 edf02e9302b24726b745188e8fd21b6b - - default default] No more DHCP agents
2026-05-20 04:21:25.748 10 WARNING neutron.api.rpc.agentnotifiers.dhcp_rpc_agent_api [None req-4b68db28-6dcd-4d8c-b51e-00156a24c8a4 e209b11af4e042da8bdf6f5f0703dbd7 edf02e9302b24726b745188e8fd21b6b - - default default] Unable to schedule network ecdf6eca-ed7e-45d6-a0f7-e6ad2a35e181: no agents available; will retry on subsequent port and subnet creation events.
2026-05-20 04:21:25.789 10 INFO neutron.services.segments.plugin [-] Segment 6d0db915-b267-4979-b9fc-cee589b23709 resource provider aggregate not found
2026-05-20 04:21:25.794 10 INFO neutron.services.segments.plugin [-] Segment 6d0db915-b267-4979-b9fc-cee589b23709 resource provider aggregate not found
2026-05-20 04:21:25.810 10 INFO neutron.services.segments.plugin [-] Segment 6d0db915-b267-4979-b9fc-cee589b23709 resource provider not found; error: Placement Client Error (4xx): {"errors": [{"status": 404, "title": "Not Found", "detail": "The resource could not be found.\n\n No resource provider with uuid 6d0db915-b267-4979-b9fc-cee589b23709 found for delete ", "request_id": "req-61cef428-123e-4c02-a79b-254706cccadb"}]}
2026-05-20 04:21:25.811 10 INFO neutron.services.segments.plugin [-] Segment 6d0db915-b267-4979-b9fc-cee589b23709 resource provider not found; error: Placement Client Error (4xx): {"errors": [{"status": 404, "title": "Not Found", "detail": "The resource could not be found.\n\n No resource provider with uuid 6d0db915-b267-4979-b9fc-cee589b23709 found for delete ", "request_id": "req-6e8d246d-e9f2-49fa-92c5-291947d90c4b"}]}
2026-05-20 04:21:25.837 10 INFO neutron.db.ovn_revision_numbers_db [None req-4b68db28-6dcd-4d8c-b51e-00156a24c8a4 e209b11af4e042da8bdf6f5f0703dbd7 edf02e9302b24726b745188e8fd21b6b - - default default] Successfully bumped revision number for resource 9fa860e1-df78-4ee6-9743-ec5ffc3daa6a (type: ports) to 1
2026-05-20 04:21:25.861 10 INFO neutron.api.wsgi [None req-4b68db28-6dcd-4d8c-b51e-00156a24c8a4 e209b11af4e042da8bdf6f5f0703dbd7 edf02e9302b24726b745188e8fd21b6b - - default default] 10.0.0.8 "POST /v2.0/networks HTTP/1.1" status: 201 len: 832 time: 0.4925594 /var/lib/openstack/lib/python3.12/site-packages/pycadf/identifier.py:71: UserWarning: Invalid uuid: neutron. To ensure interoperability, identifiers should be a valid uuid. warnings.warn(('Invalid uuid: %s. To ensure interoperability, '
2026-05-20 04:21:25.876 9 WARNING neutron_lib.context [None req-0a74a7bb-c012-4cdd-91f3-acd146d1a8b4 e209b11af4e042da8bdf6f5f0703dbd7 edf02e9302b24726b745188e8fd21b6b - - default default] Method 'is_advsvc' is deprecated since 2023.2 release (neutron-lib 3.8.0) and will be removed once support for the old RBAC API policies will be removed from Neutron. Please use method 'is_service_role' instead.
2026-05-20 04:21:26.115 9 WARNING neutron.scheduler.dhcp_agent_scheduler [None req-0a74a7bb-c012-4cdd-91f3-acd146d1a8b4 e209b11af4e042da8bdf6f5f0703dbd7 edf02e9302b24726b745188e8fd21b6b - - default default] No more DHCP agents
2026-05-20 04:21:26.117 9 WARNING neutron.api.rpc.agentnotifiers.dhcp_rpc_agent_api [None req-0a74a7bb-c012-4cdd-91f3-acd146d1a8b4 e209b11af4e042da8bdf6f5f0703dbd7 edf02e9302b24726b745188e8fd21b6b - - default default] Unable to schedule network ecdf6eca-ed7e-45d6-a0f7-e6ad2a35e181: no agents available; will retry on subsequent port and subnet creation events.
2026-05-20 04:21:26.142 9 INFO neutron.db.ovn_revision_numbers_db [None req-0a74a7bb-c012-4cdd-91f3-acd146d1a8b4 e209b11af4e042da8bdf6f5f0703dbd7 edf02e9302b24726b745188e8fd21b6b - - default default] Successfully bumped revision number for resource 09f4c5ad-0ae5-4f98-9337-81ba8667f01e (type: subnets) to 0
2026-05-20 04:21:26.155 9 INFO neutron.api.wsgi [None req-0a74a7bb-c012-4cdd-91f3-acd146d1a8b4 e209b11af4e042da8bdf6f5f0703dbd7 edf02e9302b24726b745188e8fd21b6b - - default default] 10.0.0.8 "POST /v2.0/subnets HTTP/1.1" status: 201 len: 845 time: 0.2851000
2026-05-20 04:21:26.165 9 WARNING neutron_lib.context [None req-70b5fe93-89b6-43be-b02d-0c6575387eaf e209b11af4e042da8bdf6f5f0703dbd7 edf02e9302b24726b745188e8fd21b6b - - default default] Method 'is_advsvc' is deprecated since 2023.2 release (neutron-lib 3.8.0) and will be removed once support for the old RBAC API policies will be removed from Neutron. Please use method 'is_service_role' instead.
2026-05-20 04:21:26.272 9 INFO neutron.db.ovn_revision_numbers_db [None req-70b5fe93-89b6-43be-b02d-0c6575387eaf e209b11af4e042da8bdf6f5f0703dbd7 edf02e9302b24726b745188e8fd21b6b - - default default] Successfully bumped revision number for resource 4156f2f5-cc42-41f9-81e5-2b8725f09ff5 (type: routers) to 1
2026-05-20 04:21:26.291 9 INFO neutron.api.wsgi [None req-70b5fe93-89b6-43be-b02d-0c6575387eaf e209b11af4e042da8bdf6f5f0703dbd7 edf02e9302b24726b745188e8fd21b6b - - default default] 10.0.0.8 "POST /v2.0/routers HTTP/1.1" status: 201 len: 806 time: 0.1307304
2026-05-20 04:21:26.644 9 WARNING neutron.scheduler.dhcp_agent_scheduler [None req-7d5e49cf-bc39-4072-8bc4-e25b7d2a4c16 e209b11af4e042da8bdf6f5f0703dbd7 edf02e9302b24726b745188e8fd21b6b - - default default] No more DHCP agents
2026-05-20 04:21:26.650 9 WARNING neutron.api.rpc.agentnotifiers.dhcp_rpc_agent_api [None req-7d5e49cf-bc39-4072-8bc4-e25b7d2a4c16 e209b11af4e042da8bdf6f5f0703dbd7 edf02e9302b24726b745188e8fd21b6b - - default default] Unable to schedule network ecdf6eca-ed7e-45d6-a0f7-e6ad2a35e181: no agents available; will retry on subsequent port and subnet creation events.
2026-05-20 04:21:26.668 10 WARNING neutron_lib.context [None req-80acf444-53ac-4366-a848-53a573c0d374 854c6a531cbd451db2e8dc8d192db9d4 8d89dff1e3c747409c3af7e9ae13dd7e - - default default] Method 'is_advsvc' is deprecated since 2023.2 release (neutron-lib 3.8.0) and will be removed once support for the old RBAC API policies will be removed from Neutron. Please use method 'is_service_role' instead.
2026-05-20 04:21:26.740 9 INFO neutron.notifiers.nova [-] Nova event matching ['req-0e2237d1-debc-4664-8222-87669c418691'] response: {'server_uuid': '4de3778f-36b1-4b10-b241-42747223e1f7', 'name': 'network-vif-plugged', 'status': 'completed', 'tag': '29a46df9-cdf6-40c3-875e-ec6979665726', 'code': 200}
2026-05-20 04:21:26.753 9 INFO neutron.db.ovn_revision_numbers_db [None req-7d5e49cf-bc39-4072-8bc4-e25b7d2a4c16 e209b11af4e042da8bdf6f5f0703dbd7 edf02e9302b24726b745188e8fd21b6b - - default default] Successfully bumped revision number for resource 3db6ffd6-00c2-4a45-a13c-3a9cd8a4fad0 (type: ports) to 1
2026-05-20 04:21:26.823 10 INFO neutron.db.ovn_revision_numbers_db [None req-80acf444-53ac-4366-a848-53a573c0d374 854c6a531cbd451db2e8dc8d192db9d4 8d89dff1e3c747409c3af7e9ae13dd7e - - default default] Successfully bumped revision number for resource 26e088b4-845f-49db-b117-e019fee7f9ed (type: security_groups) to 1
2026-05-20 04:21:26.849 10 INFO neutron.db.ovn_revision_numbers_db [None req-80acf444-53ac-4366-a848-53a573c0d374 854c6a531cbd451db2e8dc8d192db9d4 8d89dff1e3c747409c3af7e9ae13dd7e - - default default] Successfully bumped revision number for resource 5e444fa5-c6b7-41dc-a390-f63717d28acf (type: security_group_rules) to 0
2026-05-20 04:21:26.870 10 INFO neutron.api.wsgi [req-073462ea-dfdf-46ce-a42d-fa8ca2e693a8 req-58af7582-cc28-4c2d-993e-26da2b4d0a16 7453a43c949b4cbca121eba99ee3c0f7 51cee0367d234736ab0a6390e35c2e21 - - default default] 10.0.0.159 "GET /v2.0/ports?device_id=4de3778f-36b1-4b10-b241-42747223e1f7 HTTP/1.1" status: 200 len: 1170 time: 0.0657690
2026-05-20 04:21:26.871 10 INFO neutron.db.ovn_revision_numbers_db [None req-80acf444-53ac-4366-a848-53a573c0d374 854c6a531cbd451db2e8dc8d192db9d4 8d89dff1e3c747409c3af7e9ae13dd7e - - default default] Successfully bumped revision number for resource 85844e7f-82ff-40fc-837a-5e7996ccac96 (type: security_group_rules) to 0
2026-05-20 04:21:26.889 10 INFO neutron.db.ovn_revision_numbers_db [None req-80acf444-53ac-4366-a848-53a573c0d374 854c6a531cbd451db2e8dc8d192db9d4 8d89dff1e3c747409c3af7e9ae13dd7e - - default default] Successfully bumped revision number for resource a9366b21-200b-4c82-9d29-91c50de0516a (type: security_group_rules) to 0
2026-05-20 04:21:26.904 10 INFO neutron.api.wsgi [req-073462ea-dfdf-46ce-a42d-fa8ca2e693a8 req-0d7bfbf3-8705-48ec-84d3-1620b82d0b6d 7453a43c949b4cbca121eba99ee3c0f7 51cee0367d234736ab0a6390e35c2e21 - - default default] 10.0.0.159 "GET /v2.0/security-groups?id=0c9d2a4e-0011-46e5-8c6d-24d7592aa987&fields=id&fields=name HTTP/1.1" status: 200 len: 313 time: 0.0275486
2026-05-20 04:21:26.905 10 INFO neutron.db.ovn_revision_numbers_db [None req-80acf444-53ac-4366-a848-53a573c0d374 854c6a531cbd451db2e8dc8d192db9d4 8d89dff1e3c747409c3af7e9ae13dd7e - - default default] Successfully bumped revision number for resource e5b23426-dfae-4423-8bf2-6a200c2266b4 (type: security_group_rules) to 0
2026-05-20 04:21:26.976 10 INFO neutron.db.segments_db [None req-80acf444-53ac-4366-a848-53a573c0d374 854c6a531cbd451db2e8dc8d192db9d4 8d89dff1e3c747409c3af7e9ae13dd7e - - default default] Added segment da0fa4c8-1581-4431-b825-49de77c399a6 of type geneve for network 7a555e14-a33c-4699-9b65-5b192fa63205
2026-05-20 04:21:27.054 9 INFO neutron.api.wsgi [req-59642b5f-32db-4a43-9c2b-d3b9c4344b83 req-8988312b-fb65-4bcd-8208-78e40423a99b 7453a43c949b4cbca121eba99ee3c0f7 51cee0367d234736ab0a6390e35c2e21 - - default default] 10.0.0.159 "GET /v2.0/ports?device_id=4de3778f-36b1-4b10-b241-42747223e1f7 HTTP/1.1" status: 200 len: 1170 time: 0.0924206
2026-05-20 04:21:27.121 10 INFO neutron.db.ovn_revision_numbers_db [None req-80acf444-53ac-4366-a848-53a573c0d374 854c6a531cbd451db2e8dc8d192db9d4 8d89dff1e3c747409c3af7e9ae13dd7e - - default default] Successfully bumped revision number for resource 7a555e14-a33c-4699-9b65-5b192fa63205 (type: networks) to 1
2026-05-20 04:21:27.238 10 WARNING neutron_lib.context [None req-863cf809-668e-48c8-8389-9c2db7d63402 2a5ef3cbd9b9476a9db543e00c8efb15 a40d348fb2c34c0c83541de4168dff5f - - default default] Method 'is_advsvc' is deprecated since 2023.2 release (neutron-lib 3.8.0) and will be removed once support for the old RBAC API policies will be removed from Neutron. Please use method 'is_service_role' instead.
2026-05-20 04:21:27.245 9 INFO neutron.plugins.ml2.drivers.ovn.mech_driver.mech_driver [None req-2ade3f13-8673-43e1-b8b1-ba7667ad959f - - - - - -] OVN reports status up for port: 3db6ffd6-00c2-4a45-a13c-3a9cd8a4fad0
2026-05-20 04:21:27.256 9 INFO neutron.plugins.ml2.plugin [None req-2ade3f13-8673-43e1-b8b1-ba7667ad959f - - - - - -] Attempt 1 to provision port 3db6ffd6-00c2-4a45-a13c-3a9cd8a4fad0
2026-05-20 04:21:27.269 9 INFO neutron.db.ovn_revision_numbers_db [None req-7d5e49cf-bc39-4072-8bc4-e25b7d2a4c16 e209b11af4e042da8bdf6f5f0703dbd7 edf02e9302b24726b745188e8fd21b6b - - default default] Successfully bumped revision number for resource 3db6ffd6-00c2-4a45-a13c-3a9cd8a4fad0 (type: ports) to 1
2026-05-20 04:21:27.326 9 WARNING neutron.scheduler.dhcp_agent_scheduler [None req-7d5e49cf-bc39-4072-8bc4-e25b7d2a4c16 e209b11af4e042da8bdf6f5f0703dbd7 edf02e9302b24726b745188e8fd21b6b - - default default] No more DHCP agents
2026-05-20 04:21:27.327 9 WARNING neutron.api.rpc.agentnotifiers.dhcp_rpc_agent_api [None req-7d5e49cf-bc39-4072-8bc4-e25b7d2a4c16 e209b11af4e042da8bdf6f5f0703dbd7 edf02e9302b24726b745188e8fd21b6b - - default default] Unable to schedule network ecdf6eca-ed7e-45d6-a0f7-e6ad2a35e181: no agents available; will retry on subsequent port and subnet creation events.
2026-05-20 04:21:27.386 10 WARNING neutron.scheduler.dhcp_agent_scheduler [None req-80acf444-53ac-4366-a848-53a573c0d374 854c6a531cbd451db2e8dc8d192db9d4 8d89dff1e3c747409c3af7e9ae13dd7e - - default default] No more DHCP agents
2026-05-20 04:21:27.389 10 WARNING neutron.api.rpc.agentnotifiers.dhcp_rpc_agent_api [None req-80acf444-53ac-4366-a848-53a573c0d374 854c6a531cbd451db2e8dc8d192db9d4 8d89dff1e3c747409c3af7e9ae13dd7e - - default default] Unable to schedule network 7a555e14-a33c-4699-9b65-5b192fa63205: no agents available; will retry on subsequent port and subnet creation events.
2026-05-20 04:21:27.433 10 INFO neutron.db.ovn_revision_numbers_db [None req-863cf809-668e-48c8-8389-9c2db7d63402 2a5ef3cbd9b9476a9db543e00c8efb15 a40d348fb2c34c0c83541de4168dff5f - - default default] Successfully bumped revision number for resource 26d16bfb-3e9c-46ed-a522-d6f42d7c0b3a (type: security_groups) to 1
2026-05-20 04:21:27.459 10 INFO neutron.db.ovn_revision_numbers_db [None req-863cf809-668e-48c8-8389-9c2db7d63402 2a5ef3cbd9b9476a9db543e00c8efb15 a40d348fb2c34c0c83541de4168dff5f - - default default] Successfully bumped revision number for resource 4b8e492e-4b67-4710-8c62-128fc944a071 (type: security_group_rules) to 0
2026-05-20 04:21:27.479 10 INFO neutron.db.ovn_revision_numbers_db [None req-80acf444-53ac-4366-a848-53a573c0d374 854c6a531cbd451db2e8dc8d192db9d4 8d89dff1e3c747409c3af7e9ae13dd7e - - default default] Successfully bumped revision number for resource 3520ceb6-3313-4279-adec-44f30e160720 (type: ports) to 1
2026-05-20 04:21:27.488 10 INFO neutron.db.ovn_revision_numbers_db [None req-863cf809-668e-48c8-8389-9c2db7d63402 2a5ef3cbd9b9476a9db543e00c8efb15 a40d348fb2c34c0c83541de4168dff5f - - default default] Successfully bumped revision number for resource 847857d4-38e2-4393-8375-2eb1e02ba6cc (type: security_group_rules) to 0
2026-05-20 04:21:27.508 10 INFO neutron.api.wsgi [None req-80acf444-53ac-4366-a848-53a573c0d374 854c6a531cbd451db2e8dc8d192db9d4 8d89dff1e3c747409c3af7e9ae13dd7e - - default default] 10.0.0.8 "POST /v2.0/networks HTTP/1.1" status: 201 len: 847 time: 0.9982388
2026-05-20 04:21:27.514 10 INFO neutron.db.ovn_revision_numbers_db [None req-863cf809-668e-48c8-8389-9c2db7d63402 2a5ef3cbd9b9476a9db543e00c8efb15 a40d348fb2c34c0c83541de4168dff5f - - default default] Successfully bumped revision number for resource 97fc2fa4-fefa-48bb-8679-8efdbe3df1dc (type: security_group_rules) to 0
2026-05-20 04:21:27.519 9 WARNING neutron_lib.context [None req-a42c2023-3fd6-4743-b64d-787ac855974b 854c6a531cbd451db2e8dc8d192db9d4 8d89dff1e3c747409c3af7e9ae13dd7e - - default default] Method 'is_advsvc' is deprecated since 2023.2 release (neutron-lib 3.8.0) and will be removed once support for the old RBAC API policies will be removed from Neutron. Please use method 'is_service_role' instead.
2026-05-20 04:21:27.533 10 INFO neutron.db.ovn_revision_numbers_db [None req-863cf809-668e-48c8-8389-9c2db7d63402 2a5ef3cbd9b9476a9db543e00c8efb15 a40d348fb2c34c0c83541de4168dff5f - - default default] Successfully bumped revision number for resource db99d55a-f762-43c1-aa9e-ab7daae6c7c8 (type: security_group_rules) to 0
2026-05-20 04:21:27.567 9 INFO neutron.db.ovn_revision_numbers_db [None req-7d5e49cf-bc39-4072-8bc4-e25b7d2a4c16 e209b11af4e042da8bdf6f5f0703dbd7 edf02e9302b24726b745188e8fd21b6b - - default default] Successfully bumped revision number for resource 3db6ffd6-00c2-4a45-a13c-3a9cd8a4fad0 (type: router_ports) to 1
2026-05-20 04:21:27.572 9 INFO neutron.api.wsgi [None req-7d5e49cf-bc39-4072-8bc4-e25b7d2a4c16 e209b11af4e042da8bdf6f5f0703dbd7 edf02e9302b24726b745188e8fd21b6b - - default default] 10.0.0.8 "PUT /v2.0/routers/4156f2f5-cc42-41f9-81e5-2b8725f09ff5/add_router_interface HTTP/1.1" status: 200 len: 503 time: 1.2706766
2026-05-20 04:21:27.617 9 INFO neutron.api.wsgi [None req-e9cc90ad-1da8-49ee-998e-d67a74432299 e209b11af4e042da8bdf6f5f0703dbd7 edf02e9302b24726b745188e8fd21b6b - - default default] 10.0.0.8 "GET /v2.0/ports/3db6ffd6-00c2-4a45-a13c-3a9cd8a4fad0 HTTP/1.1" status: 200 len: 1141 time: 0.0404968 /var/lib/openstack/lib/python3.12/site-packages/pycadf/identifier.py:71: UserWarning: Invalid uuid: neutron. To ensure interoperability, identifiers should be a valid uuid. warnings.warn(('Invalid uuid: %s. To ensure interoperability, '
2026-05-20 04:21:27.663 10 INFO neutron.db.ovn_revision_numbers_db [None req-37a3f0eb-722c-4dd6-9fc7-df0a5f90bf07 7453a43c949b4cbca121eba99ee3c0f7 51cee0367d234736ab0a6390e35c2e21 - - default default] Successfully bumped revision number for resource 1277650a-3c88-4853-bd27-cfff8989da97 (type: floatingips) to 1
2026-05-20 04:21:27.696 10 INFO neutron.db.ovn_revision_numbers_db [None req-863cf809-668e-48c8-8389-9c2db7d63402 2a5ef3cbd9b9476a9db543e00c8efb15 a40d348fb2c34c0c83541de4168dff5f - - default default] Successfully bumped revision number for resource 4a46a2cc-691b-4f00-ab16-27cbd1640c4a (type: security_groups) to 1
2026-05-20 04:21:27.722 10 INFO neutron.api.wsgi [None req-a7409a49-1d21-4947-b382-8732cc74fe45 e209b11af4e042da8bdf6f5f0703dbd7 edf02e9302b24726b745188e8fd21b6b - - default default] 10.0.0.8 "GET /v2.0/ports/3db6ffd6-00c2-4a45-a13c-3a9cd8a4fad0 HTTP/1.1" status: 200 len: 1141 time: 0.0967922
2026-05-20 04:21:27.723 10 INFO neutron.db.ovn_revision_numbers_db [None req-863cf809-668e-48c8-8389-9c2db7d63402 2a5ef3cbd9b9476a9db543e00c8efb15 a40d348fb2c34c0c83541de4168dff5f - - default default] Successfully bumped revision number for resource 5b66081d-01f7-462c-9bf9-e42c2a84e95f (type: security_group_rules) to 0
2026-05-20 04:21:27.743 10 INFO neutron.db.ovn_revision_numbers_db [None req-863cf809-668e-48c8-8389-9c2db7d63402 2a5ef3cbd9b9476a9db543e00c8efb15 a40d348fb2c34c0c83541de4168dff5f - - default default] Successfully bumped revision number for resource c65be35f-56e0-4ad7-b2cd-689189788a96 (type: security_group_rules) to 0
2026-05-20 04:21:27.806 10 INFO neutron.api.wsgi [None req-863cf809-668e-48c8-8389-9c2db7d63402 2a5ef3cbd9b9476a9db543e00c8efb15 a40d348fb2c34c0c83541de4168dff5f - - default default] 10.0.0.8 "POST /v2.0/security-groups HTTP/1.1" status: 201 len: 1825 time: 0.6744368
2026-05-20 04:21:27.851 10 INFO neutron.db.ovn_revision_numbers_db [None req-37a3f0eb-722c-4dd6-9fc7-df0a5f90bf07 7453a43c949b4cbca121eba99ee3c0f7 51cee0367d234736ab0a6390e35c2e21 - - default default] Successfully bumped revision number for resource 1277650a-3c88-4853-bd27-cfff8989da97 (type: floatingips) to 2
2026-05-20 04:21:27.852 10 INFO neutron.db.l3_db [None req-37a3f0eb-722c-4dd6-9fc7-df0a5f90bf07 7453a43c949b4cbca121eba99ee3c0f7 51cee0367d234736ab0a6390e35c2e21 - - default default] Floating IP 1277650a-3c88-4853-bd27-cfff8989da97 associated. External IP: 10.96.250.204, port: 29a46df9-cdf6-40c3-875e-ec6979665726.
2026-05-20 04:21:27.861 10 INFO neutron.api.wsgi [None req-29dda232-83e9-48aa-a316-b7dd7f78bd06 2a5ef3cbd9b9476a9db543e00c8efb15 a40d348fb2c34c0c83541de4168dff5f - - default default] 10.0.0.8 "GET /v2.0/security-groups HTTP/1.1" status: 200 len: 4725 time: 0.0495553
2026-05-20 04:21:27.887 9 INFO neutron.db.ovn_revision_numbers_db [None req-2ade3f13-8673-43e1-b8b1-ba7667ad959f - - - - - -] Successfully bumped revision number for resource 3db6ffd6-00c2-4a45-a13c-3a9cd8a4fad0 (type: ports) to 2
2026-05-20 04:21:27.889 10 INFO neutron.api.wsgi [None req-37a3f0eb-722c-4dd6-9fc7-df0a5f90bf07 7453a43c949b4cbca121eba99ee3c0f7 51cee0367d234736ab0a6390e35c2e21 - - default default] 10.0.0.8 "PUT /v2.0/floatingips/1277650a-3c88-4853-bd27-cfff8989da97 HTTP/1.1" status: 200 len: 1049 time: 0.8235590
2026-05-20 04:21:27.930 10 INFO neutron.notifiers.nova [-] Nova event matching ['req-ce21e878-a4f6-489b-9e7b-1a484bb2f292'] response: {'name': 'network-changed', 'server_uuid': '4de3778f-36b1-4b10-b241-42747223e1f7', 'tag': '29a46df9-cdf6-40c3-875e-ec6979665726', 'status': 'completed', 'code': 200}
2026-05-20 04:21:27.961 10 INFO neutron.db.ovn_revision_numbers_db [None req-cea8f1ba-1aee-4e5f-80be-7dd7ef8d0ebd 2a5ef3cbd9b9476a9db543e00c8efb15 a40d348fb2c34c0c83541de4168dff5f - - default default] Successfully bumped revision number for resource 4a46a2cc-691b-4f00-ab16-27cbd1640c4a (type: security_groups) to 2
2026-05-20 04:21:27.971 9 WARNING neutron.scheduler.dhcp_agent_scheduler [None req-a42c2023-3fd6-4743-b64d-787ac855974b 854c6a531cbd451db2e8dc8d192db9d4 8d89dff1e3c747409c3af7e9ae13dd7e - - default default] No more DHCP agents
2026-05-20 04:21:27.972 9 WARNING neutron.api.rpc.agentnotifiers.dhcp_rpc_agent_api [None req-a42c2023-3fd6-4743-b64d-787ac855974b 854c6a531cbd451db2e8dc8d192db9d4 8d89dff1e3c747409c3af7e9ae13dd7e - - default default] Unable to schedule network 7a555e14-a33c-4699-9b65-5b192fa63205: no agents available; will retry on subsequent port and subnet creation events.
2026-05-20 04:21:27.988 10 INFO neutron.api.wsgi [None req-cea8f1ba-1aee-4e5f-80be-7dd7ef8d0ebd 2a5ef3cbd9b9476a9db543e00c8efb15 a40d348fb2c34c0c83541de4168dff5f - - default default] 10.0.0.8 "PUT /v2.0/security-groups/4a46a2cc-691b-4f00-ab16-27cbd1640c4a HTTP/1.1" status: 200 len: 1858 time: 0.1203806 /var/lib/openstack/lib/python3.12/site-packages/pycadf/identifier.py:71: UserWarning: Invalid uuid: neutron. To ensure interoperability, identifiers should be a valid uuid. warnings.warn(('Invalid uuid: %s. To ensure interoperability, '
2026-05-20 04:21:28.016 9 INFO neutron.api.wsgi [None req-31a68668-ec62-4ea1-80f6-047be44d2406 2a5ef3cbd9b9476a9db543e00c8efb15 a40d348fb2c34c0c83541de4168dff5f - - default default] 10.0.0.8 "GET /v2.0/security-groups/4a46a2cc-691b-4f00-ab16-27cbd1640c4a HTTP/1.1" status: 200 len: 1858 time: 0.0232475
2026-05-20 04:21:28.044 9 INFO neutron.db.ovn_revision_numbers_db [None req-a42c2023-3fd6-4743-b64d-787ac855974b 854c6a531cbd451db2e8dc8d192db9d4 8d89dff1e3c747409c3af7e9ae13dd7e - - default default] Successfully bumped revision number for resource 9946ab5c-712c-415a-b53a-9d71c5195df8 (type: ports) to 1
2026-05-20 04:21:28.068 9 INFO neutron.api.wsgi [None req-a42c2023-3fd6-4743-b64d-787ac855974b 854c6a531cbd451db2e8dc8d192db9d4 8d89dff1e3c747409c3af7e9ae13dd7e - - default default] 10.0.0.8 "POST /v2.0/ports HTTP/1.1" status: 201 len: 977 time: 0.5544059
2026-05-20 04:21:28.078 9 WARNING neutron_lib.context [None req-2eb72961-568d-4820-8371-a88ca8bc743f 854c6a531cbd451db2e8dc8d192db9d4 8d89dff1e3c747409c3af7e9ae13dd7e - - default default] Method 'is_advsvc' is deprecated since 2023.2 release (neutron-lib 3.8.0) and will be removed once support for the old RBAC API policies will be removed from Neutron. Please use method 'is_service_role' instead.
2026-05-20 04:21:28.142 10 INFO neutron.api.wsgi [None req-11814dbe-3246-45f9-80bc-bb09956b3cb6 2a5ef3cbd9b9476a9db543e00c8efb15 a40d348fb2c34c0c83541de4168dff5f - - default default] 10.0.0.8 "DELETE /v2.0/security-groups/4a46a2cc-691b-4f00-ab16-27cbd1640c4a HTTP/1.1" status: 204 len: 168 time: 0.1166937
2026-05-20 04:21:28.169 9 INFO neutron.db.segments_db [None req-2eb72961-568d-4820-8371-a88ca8bc743f 854c6a531cbd451db2e8dc8d192db9d4 8d89dff1e3c747409c3af7e9ae13dd7e - - default default] Added segment c5eaa6b4-906c-40ad-b5f8-93b3f22e2184 of type geneve for network 89f1e755-2072-410d-829e-74a8c6c65b87
2026-05-20 04:21:28.195 9 INFO neutron.api.wsgi [None req-1270496b-a406-42d1-96a9-b64e856ef31a 2a5ef3cbd9b9476a9db543e00c8efb15 a40d348fb2c34c0c83541de4168dff5f - - default default] 10.0.0.8 "GET /v2.0/security-groups HTTP/1.1" status: 200 len: 3120 time: 0.0469756
2026-05-20 04:21:28.211 10 INFO neutron.api.v2.resource [None req-41fba75d-03d3-421c-9309-a6bf03897eb4 2a5ef3cbd9b9476a9db543e00c8efb15 a40d348fb2c34c0c83541de4168dff5f - - default default] delete failed (client error): The resource could not be found.
2026-05-20 04:21:28.212 10 INFO neutron.api.wsgi [None req-41fba75d-03d3-421c-9309-a6bf03897eb4 2a5ef3cbd9b9476a9db543e00c8efb15 a40d348fb2c34c0c83541de4168dff5f - - default default] 10.0.0.8 "DELETE /v2.0/security-groups/4a46a2cc-691b-4f00-ab16-27cbd1640c4a HTTP/1.1" status: 404 len: 347 time: 0.0122278
