2026-05-20 04:23:48.997 10 INFO neutron.api.wsgi [None req-f451a563-970d-4689-abc5-f3e999b630ed 863eb99aa6a94720be3fce0498d25c92 372b4dd9000f4fe0aa368e2fbc339545 - - default default] 10.0.0.8 "GET /v2.0/security-groups?tenant_id=3b2eff435f84474c9fedf7f00c8b5a0c&name=default HTTP/1.1" status: 200 len: 3123 time: 0.3052442
2026-05-20 04:23:49.011 9 INFO neutron.api.wsgi [None req-1f5431f9-6783-4629-80a5-5843fc54b709 863eb99aa6a94720be3fce0498d25c92 372b4dd9000f4fe0aa368e2fbc339545 - - default default] 10.0.0.8 "GET /v2.0/security-groups?tenant_id=83d78cdb96ed448196f1daa5dfc50aa6&name=default HTTP/1.1" status: 200 len: 3124 time: 0.3142033
2026-05-20 04:23:49.219 9 WARNING neutron.scheduler.dhcp_agent_scheduler [None req-27bbe656-4282-43dd-baa8-167fe09d53cd 96b3f473a70d4f00a5666dd888ec9f53 30eaf8ac2ed54fd48282592c8785ada7 - - default default] No more DHCP agents
2026-05-20 04:23:49.220 9 WARNING neutron.api.rpc.agentnotifiers.dhcp_rpc_agent_api [None req-27bbe656-4282-43dd-baa8-167fe09d53cd 96b3f473a70d4f00a5666dd888ec9f53 30eaf8ac2ed54fd48282592c8785ada7 - - default default] Unable to schedule network 8aa52cc0-65b9-40da-9e43-0a68b49241fa: no agents available; will retry on subsequent port and subnet creation events.
2026-05-20 04:23:49.227 10 INFO neutron.api.wsgi [None req-e578bc16-c522-45a4-80b8-c77426bb84fa 863eb99aa6a94720be3fce0498d25c92 372b4dd9000f4fe0aa368e2fbc339545 - - default default] 10.0.0.8 "DELETE /v2.0/security-groups/da38350e-2f28-4819-9073-674a9afd9e30 HTTP/1.1" status: 204 len: 168 time: 0.2243733
2026-05-20 04:23:49.256 10 INFO neutron.api.wsgi [None req-16f4326b-22f0-4d46-b4f0-16bacc033122 863eb99aa6a94720be3fce0498d25c92 372b4dd9000f4fe0aa368e2fbc339545 - - default default] 10.0.0.8 "DELETE /v2.0/security-groups/6f6d83b2-7fe6-4ef8-bb47-2e5263f9c0c3 HTTP/1.1" status: 204 len: 168 time: 0.2382987
2026-05-20 04:23:49.314 9 INFO neutron.db.ovn_revision_numbers_db [None req-27bbe656-4282-43dd-baa8-167fe09d53cd 96b3f473a70d4f00a5666dd888ec9f53 30eaf8ac2ed54fd48282592c8785ada7 - - default default] Successfully bumped revision number for resource 496eff2a-4d16-4854-aab2-da23f7a4ac40 (type: ports) to 1
2026-05-20 04:23:49.397 10 INFO neutron.db.ovn_revision_numbers_db [None req-83c32e76-2982-4ddc-883b-75e135d73a6f 863eb99aa6a94720be3fce0498d25c92 372b4dd9000f4fe0aa368e2fbc339545 - - default default] Successfully bumped revision number for resource 11826930-e285-43aa-b17b-a7ace70818a3 (type: security_groups) to 1
2026-05-20 04:23:49.408 10 INFO neutron.db.ovn_revision_numbers_db [None req-83c32e76-2982-4ddc-883b-75e135d73a6f 863eb99aa6a94720be3fce0498d25c92 372b4dd9000f4fe0aa368e2fbc339545 - - default default] Successfully bumped revision number for resource 25309b52-54b1-48ab-bab3-e5c7139282b1 (type: security_group_rules) to 0
2026-05-20 04:23:49.417 10 INFO neutron.db.ovn_revision_numbers_db [None req-83c32e76-2982-4ddc-883b-75e135d73a6f 863eb99aa6a94720be3fce0498d25c92 372b4dd9000f4fe0aa368e2fbc339545 - - default default] Successfully bumped revision number for resource 2f788c2f-c211-4d74-aa4a-c928d725c0ee (type: security_group_rules) to 0
2026-05-20 04:23:49.426 10 INFO neutron.db.ovn_revision_numbers_db [None req-83c32e76-2982-4ddc-883b-75e135d73a6f 863eb99aa6a94720be3fce0498d25c92 372b4dd9000f4fe0aa368e2fbc339545 - - default default] Successfully bumped revision number for resource 43b5c80b-a18a-425a-b0ce-de4338c0c716 (type: security_group_rules) to 0
2026-05-20 04:23:49.430 9 INFO neutron.api.wsgi [None req-23313d2e-7128-41d0-ad29-f6da20564863 863eb99aa6a94720be3fce0498d25c92 372b4dd9000f4fe0aa368e2fbc339545 - - default default] 10.0.0.8 "GET /v2.0/security-groups?tenant_id=41c1bf5c8fbe4f9fa095a949f38d60fc&name=default HTTP/1.1" status: 200 len: 3120 time: 0.0360351
2026-05-20 04:23:49.434 10 INFO neutron.db.ovn_revision_numbers_db [None req-83c32e76-2982-4ddc-883b-75e135d73a6f 863eb99aa6a94720be3fce0498d25c92 372b4dd9000f4fe0aa368e2fbc339545 - - default default] Successfully bumped revision number for resource fc52e61d-ab79-497e-acac-4b8781d95ad2 (type: security_group_rules) to 0
2026-05-20 04:23:49.474 10 INFO neutron.api.wsgi [None req-83c32e76-2982-4ddc-883b-75e135d73a6f 863eb99aa6a94720be3fce0498d25c92 372b4dd9000f4fe0aa368e2fbc339545 - - default default] 10.0.0.8 "GET /v2.0/security-groups?tenant_id=77fefd5e47af400cbbcbfe8ce3348f28&name=default HTTP/1.1" status: 200 len: 3124 time: 0.1713336
2026-05-20 04:23:49.628 10 INFO neutron.api.wsgi [None req-1dfdf0ae-2be9-4986-a64a-c738d1a26d63 863eb99aa6a94720be3fce0498d25c92 372b4dd9000f4fe0aa368e2fbc339545 - - default default] 10.0.0.8 "DELETE /v2.0/security-groups/d9760ade-5ced-41bb-8827-43f0f566bc0e HTTP/1.1" status: 204 len: 168 time: 0.1921484
2026-05-20 04:23:49.651 10 INFO neutron.api.wsgi [None req-c1d72586-2b03-4a51-939c-2339559912ce 863eb99aa6a94720be3fce0498d25c92 372b4dd9000f4fe0aa368e2fbc339545 - - default default] 10.0.0.8 "DELETE /v2.0/security-groups/11826930-e285-43aa-b17b-a7ace70818a3 HTTP/1.1" status: 204 len: 168 time: 0.1727533
2026-05-20 04:23:49.812 10 INFO neutron.db.ovn_revision_numbers_db [None req-f82ae117-516e-4867-8171-630449f7c871 863eb99aa6a94720be3fce0498d25c92 372b4dd9000f4fe0aa368e2fbc339545 - - default default] Successfully bumped revision number for resource 0fdbf644-f3a2-4ca8-8883-f1c653a15d36 (type: security_groups) to 1
2026-05-20 04:23:49.822 10 INFO neutron.db.ovn_revision_numbers_db [None req-f82ae117-516e-4867-8171-630449f7c871 863eb99aa6a94720be3fce0498d25c92 372b4dd9000f4fe0aa368e2fbc339545 - - default default] Successfully bumped revision number for resource 27d15719-fe30-48c9-9321-b1bf89f0a7f9 (type: security_group_rules) to 0
2026-05-20 04:23:49.832 10 INFO neutron.db.ovn_revision_numbers_db [None req-f82ae117-516e-4867-8171-630449f7c871 863eb99aa6a94720be3fce0498d25c92 372b4dd9000f4fe0aa368e2fbc339545 - - default default] Successfully bumped revision number for resource 33eef64e-aecf-4311-9327-e616d7ca4d1d (type: security_group_rules) to 0
2026-05-20 04:23:49.845 10 INFO neutron.db.ovn_revision_numbers_db [None req-f82ae117-516e-4867-8171-630449f7c871 863eb99aa6a94720be3fce0498d25c92 372b4dd9000f4fe0aa368e2fbc339545 - - default default] Successfully bumped revision number for resource 5a6ac66a-ad7c-4cd5-9778-cad208a1f8c6 (type: security_group_rules) to 0
2026-05-20 04:23:49.856 10 INFO neutron.db.ovn_revision_numbers_db [None req-f82ae117-516e-4867-8171-630449f7c871 863eb99aa6a94720be3fce0498d25c92 372b4dd9000f4fe0aa368e2fbc339545 - - default default] Successfully bumped revision number for resource aaf9bbf4-92d6-422e-af43-9cb14f835775 (type: security_group_rules) to 0
2026-05-20 04:23:49.871 9 INFO neutron.db.ovn_revision_numbers_db [None req-27bbe656-4282-43dd-baa8-167fe09d53cd 96b3f473a70d4f00a5666dd888ec9f53 30eaf8ac2ed54fd48282592c8785ada7 - - default default] Successfully bumped revision number for resource 496eff2a-4d16-4854-aab2-da23f7a4ac40 (type: ports) to 1
2026-05-20 04:23:49.886 10 INFO neutron.api.wsgi [None req-f82ae117-516e-4867-8171-630449f7c871 863eb99aa6a94720be3fce0498d25c92 372b4dd9000f4fe0aa368e2fbc339545 - - default default] 10.0.0.8 "GET /v2.0/security-groups?tenant_id=21b2f6443048453992d6885867589104&name=default HTTP/1.1" status: 200 len: 3124 time: 0.1484642
2026-05-20 04:23:49.915 9 WARNING neutron.scheduler.dhcp_agent_scheduler [None req-27bbe656-4282-43dd-baa8-167fe09d53cd 96b3f473a70d4f00a5666dd888ec9f53 30eaf8ac2ed54fd48282592c8785ada7 - - default default] No more DHCP agents
2026-05-20 04:23:49.916 9 WARNING neutron.api.rpc.agentnotifiers.dhcp_rpc_agent_api [None req-27bbe656-4282-43dd-baa8-167fe09d53cd 96b3f473a70d4f00a5666dd888ec9f53 30eaf8ac2ed54fd48282592c8785ada7 - - default default] Unable to schedule network 8aa52cc0-65b9-40da-9e43-0a68b49241fa: no agents available; will retry on subsequent port and subnet creation events.
2026-05-20 04:23:50.078 10 INFO neutron.api.wsgi [None req-bb94de5c-022e-4502-9f23-fa6758ed0776 863eb99aa6a94720be3fce0498d25c92 372b4dd9000f4fe0aa368e2fbc339545 - - default default] 10.0.0.8 "DELETE /v2.0/security-groups/0fdbf644-f3a2-4ca8-8883-f1c653a15d36 HTTP/1.1" status: 204 len: 168 time: 0.1875849
2026-05-20 04:23:50.228 9 INFO neutron.db.ovn_revision_numbers_db [None req-27bbe656-4282-43dd-baa8-167fe09d53cd 96b3f473a70d4f00a5666dd888ec9f53 30eaf8ac2ed54fd48282592c8785ada7 - - default default] Successfully bumped revision number for resource 496eff2a-4d16-4854-aab2-da23f7a4ac40 (type: router_ports) to 1
2026-05-20 04:23:50.233 9 INFO neutron.api.wsgi [None req-27bbe656-4282-43dd-baa8-167fe09d53cd 96b3f473a70d4f00a5666dd888ec9f53 30eaf8ac2ed54fd48282592c8785ada7 - - default default] 10.0.0.8 "PUT /v2.0/routers/edf41bd4-338f-4c5b-9691-c168c0c3f262/add_router_interface HTTP/1.1" status: 200 len: 503 time: 1.4766703
2026-05-20 04:23:50.245 10 WARNING neutron_lib.context [None req-82757b66-bf7d-4850-a1cc-110bc89bb09d 96b3f473a70d4f00a5666dd888ec9f53 30eaf8ac2ed54fd48282592c8785ada7 - - default default] Method 'is_advsvc' is deprecated since 2023.2 release (neutron-lib 3.8.0) and will be removed once support for the old RBAC API policies will be removed from Neutron. Please use method 'is_service_role' instead.
2026-05-20 04:23:51.068 10 WARNING neutron.scheduler.dhcp_agent_scheduler [None req-bf2f9c9a-e185-4b3d-b597-2489ef7e92c7 - - - - - -] No more DHCP agents
2026-05-20 04:23:51.070 10 WARNING neutron.api.rpc.agentnotifiers.dhcp_rpc_agent_api [None req-bf2f9c9a-e185-4b3d-b597-2489ef7e92c7 - - - - - -] Unable to schedule network b4089aac-2d02-4206-94da-046c5aa2ba30: no agents available; will retry on subsequent port and subnet creation events.
2026-05-20 04:23:51.180 10 INFO neutron.db.ovn_revision_numbers_db [None req-bf2f9c9a-e185-4b3d-b597-2489ef7e92c7 - - - - - -] Successfully bumped revision number for resource c2b96d43-e0c2-401e-9575-0e20b738fb52 (type: ports) to 1
2026-05-20 04:23:51.365 10 INFO neutron.db.ovn_revision_numbers_db [None req-bf2f9c9a-e185-4b3d-b597-2489ef7e92c7 - - - - - -] Successfully bumped revision number for resource c2b96d43-e0c2-401e-9575-0e20b738fb52 (type: ports) to 3
2026-05-20 04:23:51.420 10 INFO neutron.db.segments_db [None req-bf2f9c9a-e185-4b3d-b597-2489ef7e92c7 - - - - - -] Added segment 460aa222-1c7c-481a-ae2b-6fdaad5e412a of type geneve for network 39f43747-766a-456b-b0a3-affa6e0bbe65
2026-05-20 04:23:51.522 10 INFO neutron.db.ovn_revision_numbers_db [None req-f98617d1-7ad5-4c24-9f56-ffc8c0883ae0 - - - - - -] Successfully bumped revision number for resource 39f43747-766a-456b-b0a3-affa6e0bbe65 (type: networks) to 1
2026-05-20 04:23:51.636 10 WARNING neutron.scheduler.dhcp_agent_scheduler [None req-f98617d1-7ad5-4c24-9f56-ffc8c0883ae0 - - - - - -] No more DHCP agents
2026-05-20 04:23:51.637 10 WARNING neutron.api.rpc.agentnotifiers.dhcp_rpc_agent_api [None req-f98617d1-7ad5-4c24-9f56-ffc8c0883ae0 - - - - - -] Unable to schedule network 39f43747-766a-456b-b0a3-affa6e0bbe65: no agents available; will retry on subsequent port and subnet creation events.
2026-05-20 04:23:51.696 10 INFO neutron.db.ovn_revision_numbers_db [None req-f98617d1-7ad5-4c24-9f56-ffc8c0883ae0 - - - - - -] Successfully bumped revision number for resource 40449f1c-96ff-4c12-9f99-cca5024a1f79 (type: ports) to 1
2026-05-20 04:23:51.802 10 WARNING neutron.scheduler.dhcp_agent_scheduler [None req-f98617d1-7ad5-4c24-9f56-ffc8c0883ae0 - - - - - -] No more DHCP agents
2026-05-20 04:23:51.803 10 WARNING neutron.api.rpc.agentnotifiers.dhcp_rpc_agent_api [None req-f98617d1-7ad5-4c24-9f56-ffc8c0883ae0 - - - - - -] Unable to schedule network 39f43747-766a-456b-b0a3-affa6e0bbe65: no agents available; will retry on subsequent port and subnet creation events.
2026-05-20 04:23:51.827 10 INFO neutron.db.ovn_revision_numbers_db [None req-f98617d1-7ad5-4c24-9f56-ffc8c0883ae0 - - - - - -] Successfully bumped revision number for resource d81379b8-9646-4835-9579-331c45013c7c (type: subnets) to 0
2026-05-20 04:23:52.183 10 WARNING neutron.scheduler.dhcp_agent_scheduler [None req-f98617d1-7ad5-4c24-9f56-ffc8c0883ae0 - - - - - -] No more DHCP agents
2026-05-20 04:23:52.184 10 WARNING neutron.api.rpc.agentnotifiers.dhcp_rpc_agent_api [None req-f98617d1-7ad5-4c24-9f56-ffc8c0883ae0 - - - - - -] Unable to schedule network 39f43747-766a-456b-b0a3-affa6e0bbe65: no agents available; will retry on subsequent port and subnet creation events.
2026-05-20 04:23:52.296 10 INFO neutron.db.ovn_revision_numbers_db [None req-f98617d1-7ad5-4c24-9f56-ffc8c0883ae0 - - - - - -] Successfully bumped revision number for resource 977a4cfd-d848-483d-a870-cc8ff5e953d5 (type: ports) to 1
2026-05-20 04:23:52.831 10 INFO neutron.db.ovn_revision_numbers_db [None req-f98617d1-7ad5-4c24-9f56-ffc8c0883ae0 - - - - - -] Successfully bumped revision number for resource 977a4cfd-d848-483d-a870-cc8ff5e953d5 (type: ports) to 1
2026-05-20 04:23:52.878 10 WARNING neutron.scheduler.dhcp_agent_scheduler [None req-f98617d1-7ad5-4c24-9f56-ffc8c0883ae0 - - - - - -] No more DHCP agents
2026-05-20 04:23:52.879 10 WARNING neutron.api.rpc.agentnotifiers.dhcp_rpc_agent_api [None req-f98617d1-7ad5-4c24-9f56-ffc8c0883ae0 - - - - - -] Unable to schedule network 39f43747-766a-456b-b0a3-affa6e0bbe65: no agents available; will retry on subsequent port and subnet creation events.
2026-05-20 04:23:53.100 10 INFO neutron.db.ovn_revision_numbers_db [None req-1509b8c9-194e-44bf-baaa-036c9c966943 863eb99aa6a94720be3fce0498d25c92 372b4dd9000f4fe0aa368e2fbc339545 - - default default] Successfully bumped revision number for resource a3140cc4-f2a0-4779-b60e-a973eb2d8ade (type: security_groups) to 1
2026-05-20 04:23:53.120 10 INFO neutron.db.ovn_revision_numbers_db [None req-1509b8c9-194e-44bf-baaa-036c9c966943 863eb99aa6a94720be3fce0498d25c92 372b4dd9000f4fe0aa368e2fbc339545 - - default default] Successfully bumped revision number for resource 5e7cd718-de26-4abc-a5bc-dafad64c3b62 (type: security_group_rules) to 0
2026-05-20 04:23:53.138 10 INFO neutron.db.ovn_revision_numbers_db [None req-1509b8c9-194e-44bf-baaa-036c9c966943 863eb99aa6a94720be3fce0498d25c92 372b4dd9000f4fe0aa368e2fbc339545 - - default default] Successfully bumped revision number for resource 8fa95c72-03c3-4cb6-b553-96da55f3d6d1 (type: security_group_rules) to 0
2026-05-20 04:23:53.153 10 INFO neutron.db.ovn_revision_numbers_db [None req-1509b8c9-194e-44bf-baaa-036c9c966943 863eb99aa6a94720be3fce0498d25c92 372b4dd9000f4fe0aa368e2fbc339545 - - default default] Successfully bumped revision number for resource ab7a86fb-982e-4f2c-aed3-24a3af1c9d6f (type: security_group_rules) to 0
2026-05-20 04:23:53.169 10 INFO neutron.db.ovn_revision_numbers_db [None req-1509b8c9-194e-44bf-baaa-036c9c966943 863eb99aa6a94720be3fce0498d25c92 372b4dd9000f4fe0aa368e2fbc339545 - - default default] Successfully bumped revision number for resource c40b181b-4eb6-451d-a8cc-a5ff7a12dcb8 (type: security_group_rules) to 0
2026-05-20 04:23:53.205 10 INFO neutron.api.wsgi [None req-1509b8c9-194e-44bf-baaa-036c9c966943 863eb99aa6a94720be3fce0498d25c92 372b4dd9000f4fe0aa368e2fbc339545 - - default default] 10.0.0.8 "GET /v2.0/security-groups?tenant_id=f27a4c91dc114f9c813e00f06275509d&name=default HTTP/1.1" status: 200 len: 3124 time: 0.3783138
2026-05-20 04:23:53.351 10 INFO neutron.db.ovn_revision_numbers_db [None req-f98617d1-7ad5-4c24-9f56-ffc8c0883ae0 - - - - - -] Successfully bumped revision number for resource 977a4cfd-d848-483d-a870-cc8ff5e953d5 (type: router_ports) to 1
2026-05-20 04:23:53.436 10 INFO neutron.api.wsgi [None req-e3829b90-79b2-44e4-ad4a-69d749042e38 863eb99aa6a94720be3fce0498d25c92 372b4dd9000f4fe0aa368e2fbc339545 - - default default] 10.0.0.8 "DELETE /v2.0/security-groups/a3140cc4-f2a0-4779-b60e-a973eb2d8ade HTTP/1.1" status: 204 len: 168 time: 0.2262886
2026-05-20 04:23:53.540 10 WARNING neutron.scheduler.dhcp_agent_scheduler [None req-f98617d1-7ad5-4c24-9f56-ffc8c0883ae0 - - - - - -] No more DHCP agents
2026-05-20 04:23:53.542 10 WARNING neutron.api.rpc.agentnotifiers.dhcp_rpc_agent_api [None req-f98617d1-7ad5-4c24-9f56-ffc8c0883ae0 - - - - - -] Unable to schedule network 39f43747-766a-456b-b0a3-affa6e0bbe65: no agents available; will retry on subsequent port and subnet creation events.
2026-05-20 04:23:53.557 9 INFO neutron.api.wsgi [-] 10.0.0.119 "GET / HTTP/1.1" status: 200 len: 247 time: 0.0021818
2026-05-20 04:23:53.559 9 INFO neutron.api.wsgi [-] 10.0.0.119 "GET / HTTP/1.1" status: 200 len: 247 time: 0.0011306
2026-05-20 04:23:53.700 10 INFO neutron.db.ovn_revision_numbers_db [None req-f98617d1-7ad5-4c24-9f56-ffc8c0883ae0 - - - - - -] Successfully bumped revision number for resource c4ec9ada-c8b0-46f6-9d36-7a6d580afa61 (type: ports) to 1
2026-05-20 04:23:53.854 10 WARNING neutron.plugins.ml2.drivers.ovn.mech_driver.ovsdb.ovn_client [None req-ada5421e-fbd8-4418-ba66-8011ac2fcacf - - - - - -] No hosting information found for port bd86ebab-e039-4b77-b206-73b55008c8b0: RuntimeError: No hosting information found for port bd86ebab-e039-4b77-b206-73b55008c8b0
2026-05-20 04:23:53.854 10 INFO neutron.plugins.ml2.drivers.ovn.mech_driver.mech_driver [None req-ada5421e-fbd8-4418-ba66-8011ac2fcacf - - - - - -] OVN reports status up for port: 496eff2a-4d16-4854-aab2-da23f7a4ac40
2026-05-20 04:23:53.860 10 INFO neutron.plugins.ml2.plugin [None req-ada5421e-fbd8-4418-ba66-8011ac2fcacf - - - - - -] Attempt 1 to provision port 496eff2a-4d16-4854-aab2-da23f7a4ac40
2026-05-20 04:23:53.953 10 INFO neutron.db.ovn_revision_numbers_db [None req-f98617d1-7ad5-4c24-9f56-ffc8c0883ae0 - - - - - -] Successfully bumped revision number for resource c4ec9ada-c8b0-46f6-9d36-7a6d580afa61 (type: ports) to 3
2026-05-20 04:23:54.129 9 INFO neutron.api.wsgi [None req-c1f2cf15-a659-476d-b675-260ba5751451 0f85d734902046e39088225d7d261013 8432989b232a4478b528f329dc3cb275 - - default default] 10.0.0.8 "POST /v2.0/qos/policies HTTP/1.1" status: 201 len: 558 time: 0.1572249
2026-05-20 04:23:54.176 9 INFO neutron.api.wsgi [None req-c97d39b4-70d7-42cb-bb13-966d7b8cd79a 0f85d734902046e39088225d7d261013 8432989b232a4478b528f329dc3cb275 - - default default] 10.0.0.8 "POST /v2.0/qos/policies HTTP/1.1" status: 201 len: 558 time: 0.0412078
2026-05-20 04:23:54.201 10 INFO neutron.api.wsgi [None req-82757b66-bf7d-4850-a1cc-110bc89bb09d 96b3f473a70d4f00a5666dd888ec9f53 30eaf8ac2ed54fd48282592c8785ada7 - - default default] 10.0.0.8 "POST /v2.0/vpn/vpnservices HTTP/1.1" status: 201 len: 656 time: 3.9614308
2026-05-20 04:23:54.208 9 INFO neutron.api.wsgi [None req-b66c30aa-3b00-40a3-b0cb-a803d97755fe 0f85d734902046e39088225d7d261013 8432989b232a4478b528f329dc3cb275 - - default default] 10.0.0.8 "POST /v2.0/qos/policies HTTP/1.1" status: 201 len: 558 time: 0.0280223
2026-05-20 04:23:54.210 10 WARNING neutron_lib.context [None req-1c82692b-2154-476a-b84d-4be1cc3eaad4 96b3f473a70d4f00a5666dd888ec9f53 30eaf8ac2ed54fd48282592c8785ada7 - - default default] Method 'is_advsvc' is deprecated since 2023.2 release (neutron-lib 3.8.0) and will be removed once support for the old RBAC API policies will be removed from Neutron. Please use method 'is_service_role' instead.
2026-05-20 04:23:54.244 9 INFO neutron.api.wsgi [None req-f57b437c-cd9d-439a-91ee-62954179cd3b 0f85d734902046e39088225d7d261013 8432989b232a4478b528f329dc3cb275 - - default default] 10.0.0.8 "POST /v2.0/qos/policies HTTP/1.1" status: 201 len: 558 time: 0.0308332
2026-05-20 04:23:54.278 9 INFO neutron.api.wsgi [None req-dfa5ad5d-970d-4f6b-9ea0-ea0bb483a2e6 0f85d734902046e39088225d7d261013 8432989b232a4478b528f329dc3cb275 - - default default] 10.0.0.8 "POST /v2.0/qos/policies HTTP/1.1" status: 201 len: 558 time: 0.0295956
2026-05-20 04:23:54.307 9 INFO neutron.api.wsgi [None req-87e8d83e-d46c-4a36-938c-d011517975d0 0f85d734902046e39088225d7d261013 8432989b232a4478b528f329dc3cb275 - - default default] 10.0.0.8 "PUT /v2.0/policies/c5663401-9cfa-4513-8ef1-ce71789a68aa/tags HTTP/1.1" status: 200 len: 210 time: 0.0216553
2026-05-20 04:23:54.335 9 INFO neutron.api.wsgi [None req-2e4d950c-ee3f-4726-ae98-276a9535e8eb 0f85d734902046e39088225d7d261013 8432989b232a4478b528f329dc3cb275 - - default default] 10.0.0.8 "PUT /v2.0/policies/b961a4f8-106f-46ea-b14e-b9ff4fcbdf9a/tags HTTP/1.1" status: 200 len: 218 time: 0.0230310
2026-05-20 04:23:54.366 9 INFO neutron.api.wsgi [None req-c9424318-a27d-4b3f-8733-4451b462b339 0f85d734902046e39088225d7d261013 8432989b232a4478b528f329dc3cb275 - - default default] 10.0.0.8 "PUT /v2.0/policies/28e91e48-6b20-4119-8424-51f28c775f55/tags HTTP/1.1" status: 200 len: 227 time: 0.0243471
2026-05-20 04:23:54.376 10 INFO neutron.db.ovn_revision_numbers_db [None req-ada5421e-fbd8-4418-ba66-8011ac2fcacf - - - - - -] Successfully bumped revision number for resource 496eff2a-4d16-4854-aab2-da23f7a4ac40 (type: ports) to 2
2026-05-20 04:23:54.391 9 INFO neutron.api.wsgi [None req-d74a8c2f-c8a5-461d-8f97-b71ca63dd226 0f85d734902046e39088225d7d261013 8432989b232a4478b528f329dc3cb275 - - default default] 10.0.0.8 "PUT /v2.0/policies/0cecbd53-2b59-408d-b578-88bbeffb9734/tags HTTP/1.1" status: 200 len: 212 time: 0.0207891
2026-05-20 04:23:54.558 10 INFO neutron.api.wsgi [None req-1c82692b-2154-476a-b84d-4be1cc3eaad4 96b3f473a70d4f00a5666dd888ec9f53 30eaf8ac2ed54fd48282592c8785ada7 - - default default] 10.0.0.8 "POST /v2.0/vpn/vpnservices HTTP/1.1" status: 201 len: 622 time: 0.3519793
2026-05-20 04:23:54.570 10 WARNING neutron_lib.context [None req-aeab81fc-bc34-4f4f-b5ae-b56b653704c2 96b3f473a70d4f00a5666dd888ec9f53 30eaf8ac2ed54fd48282592c8785ada7 - - default default] Method 'is_advsvc' is deprecated since 2023.2 release (neutron-lib 3.8.0) and will be removed once support for the old RBAC API policies will be removed from Neutron. Please use method 'is_service_role' instead.
2026-05-20 04:23:54.602 10 INFO neutron.api.wsgi [None req-aeab81fc-bc34-4f4f-b5ae-b56b653704c2 96b3f473a70d4f00a5666dd888ec9f53 30eaf8ac2ed54fd48282592c8785ada7 - - default default] 10.0.0.8 "POST /v2.0/vpn/ikepolicies HTTP/1.1" status: 201 len: 602 time: 0.0351219
2026-05-20 04:23:54.618 10 WARNING neutron_lib.context [None req-7a4ef52e-2cd3-4500-82a5-0747275c0197 96b3f473a70d4f00a5666dd888ec9f53 30eaf8ac2ed54fd48282592c8785ada7 - - default default] Method 'is_advsvc' is deprecated since 2023.2 release (neutron-lib 3.8.0) and will be removed once support for the old RBAC API policies will be removed from Neutron. Please use method 'is_service_role' instead.
2026-05-20 04:23:54.656 10 INFO neutron.api.wsgi [None req-7a4ef52e-2cd3-4500-82a5-0747275c0197 96b3f473a70d4f00a5666dd888ec9f53 30eaf8ac2ed54fd48282592c8785ada7 - - default default] 10.0.0.8 "POST /v2.0/vpn/ipsecpolicies HTTP/1.1" status: 201 len: 611 time: 0.0440567
2026-05-20 04:23:54.667 9 WARNING neutron_lib.context [None req-aa230890-1f2e-4a90-94f7-9dcc1aa89199 96b3f473a70d4f00a5666dd888ec9f53 30eaf8ac2ed54fd48282592c8785ada7 - - default default] Method 'is_advsvc' is deprecated since 2023.2 release (neutron-lib 3.8.0) and will be removed once support for the old RBAC API policies will be removed from Neutron. Please use method 'is_service_role' instead.
2026-05-20 04:23:54.721 9 INFO neutron.api.wsgi [None req-aa230890-1f2e-4a90-94f7-9dcc1aa89199 96b3f473a70d4f00a5666dd888ec9f53 30eaf8ac2ed54fd48282592c8785ada7 - - default default] 10.0.0.8 "POST /v2.0/vpn/endpoint-groups HTTP/1.1" status: 201 len: 526 time: 0.0607629
2026-05-20 04:23:54.730 9 WARNING neutron_lib.context [None req-41b5165a-01d9-438c-bb4e-08fbbe5bae98 96b3f473a70d4f00a5666dd888ec9f53 30eaf8ac2ed54fd48282592c8785ada7 - - default default] Method 'is_advsvc' is deprecated since 2023.2 release (neutron-lib 3.8.0) and will be removed once support for the old RBAC API policies will be removed from Neutron. Please use method 'is_service_role' instead.
2026-05-20 04:23:54.761 9 INFO neutron.api.wsgi [None req-41b5165a-01d9-438c-bb4e-08fbbe5bae98 96b3f473a70d4f00a5666dd888ec9f53 30eaf8ac2ed54fd48282592c8785ada7 - - default default] 10.0.0.8 "POST /v2.0/vpn/endpoint-groups HTTP/1.1" status: 201 len: 519 time: 0.0337217
2026-05-20 04:23:54.768 9 WARNING neutron_lib.context [None req-823ed1dc-6b1f-4993-8b51-e48a434c15b9 96b3f473a70d4f00a5666dd888ec9f53 30eaf8ac2ed54fd48282592c8785ada7 - - default default] Method 'is_advsvc' is deprecated since 2023.2 release (neutron-lib 3.8.0) and will be removed once support for the old RBAC API policies will be removed from Neutron. Please use method 'is_service_role' instead.
2026-05-20 04:23:55.027 9 INFO neutron.api.wsgi [None req-2e2c0b88-486e-4848-a9ba-d29a5530f08a 6f17d031ffe043c5ab7d29ade1b72f43 ddf7894526fc4be68a868b29a78c7d14 - - default default] 10.0.0.8 "GET /v2.0/qos/policies?tags=red HTTP/1.1" status: 200 len: 1296 time: 0.2859128
2026-05-20 04:23:55.342 9 INFO neutron.api.wsgi [None req-85388b9b-ebe3-4b05-8fb2-7b48ecc6ca34 6f17d031ffe043c5ab7d29ade1b72f43 ddf7894526fc4be68a868b29a78c7d14 - - default default] 10.0.0.8 "GET /v2.0/qos/policies?tags=red%2Cblue HTTP/1.1" status: 200 len: 941 time: 0.3089659
2026-05-20 04:23:55.411 9 INFO neutron.api.wsgi [None req-6af50866-ce67-4d27-9274-ed2c037d5cdd 6f17d031ffe043c5ab7d29ade1b72f43 ddf7894526fc4be68a868b29a78c7d14 - - default default] 10.0.0.8 "GET /v2.0/qos/policies?tags-any=blue HTTP/1.1" status: 200 len: 941 time: 0.0642939
2026-05-20 04:23:55.509 10 INFO neutron.api.wsgi [None req-997fdbce-9217-43c2-91aa-a62e6d2a8397 6f17d031ffe043c5ab7d29ade1b72f43 ddf7894526fc4be68a868b29a78c7d14 - - default default] 10.0.0.8 "GET /v2.0/qos/policies?tags-any=red%2Cblue HTTP/1.1" status: 200 len: 1296 time: 0.0924864
2026-05-20 04:23:55.573 9 INFO neutron.api.wsgi [None req-7cd8304c-3626-4b56-b3d0-4c1a06354340 6f17d031ffe043c5ab7d29ade1b72f43 ddf7894526fc4be68a868b29a78c7d14 - - default default] 10.0.0.8 "GET /v2.0/qos/policies?not-tags=red HTTP/1.1" status: 200 len: 913 time: 0.0591342
2026-05-20 04:23:55.646 10 INFO neutron.api.wsgi [None req-829e468f-cfdf-4f58-804d-0ec12c1be2a2 6f17d031ffe043c5ab7d29ade1b72f43 ddf7894526fc4be68a868b29a78c7d14 - - default default] 10.0.0.8 "GET /v2.0/qos/policies?not-tags=red%2Cblue HTTP/1.1" status: 200 len: 1268 time: 0.0667038
2026-05-20 04:23:55.698 9 INFO neutron.db.ovn_revision_numbers_db [None req-823ed1dc-6b1f-4993-8b51-e48a434c15b9 96b3f473a70d4f00a5666dd888ec9f53 30eaf8ac2ed54fd48282592c8785ada7 - - default default] Successfully bumped revision number for resource edf41bd4-338f-4c5b-9691-c168c0c3f262 (type: routers) to 5
2026-05-20 04:23:55.709 10 INFO neutron.api.wsgi [None req-892e09f3-730e-40b1-a645-11229ec1beba 6f17d031ffe043c5ab7d29ade1b72f43 ddf7894526fc4be68a868b29a78c7d14 - - default default] 10.0.0.8 "GET /v2.0/qos/policies?not-tags-any=blue HTTP/1.1" status: 200 len: 1268 time: 0.0585494
2026-05-20 04:23:55.751 9 INFO neutron.api.wsgi [None req-823ed1dc-6b1f-4993-8b51-e48a434c15b9 96b3f473a70d4f00a5666dd888ec9f53 30eaf8ac2ed54fd48282592c8785ada7 - - default default] 10.0.0.8 "POST /v2.0/vpn/ipsec-site-connections HTTP/1.1" status: 201 len: 1002 time: 0.9865050
2026-05-20 04:23:55.759 9 WARNING neutron_lib.context [None req-c3792922-491f-41a0-801b-205880478554 96b3f473a70d4f00a5666dd888ec9f53 30eaf8ac2ed54fd48282592c8785ada7 - - default default] Method 'is_advsvc' is deprecated since 2023.2 release (neutron-lib 3.8.0) and will be removed once support for the old RBAC API policies will be removed from Neutron. Please use method 'is_service_role' instead.
2026-05-20 04:23:55.786 9 INFO neutron.api.wsgi [None req-7a1376ac-8bb0-40b7-afb2-f830cbcb518d 6f17d031ffe043c5ab7d29ade1b72f43 ddf7894526fc4be68a868b29a78c7d14 - - default default] 10.0.0.8 "GET /v2.0/qos/policies?not-tags-any=red%2Cblue HTTP/1.1" status: 200 len: 913 time: 0.0725813
2026-05-20 04:23:55.794 9 INFO neutron.api.wsgi [None req-c3792922-491f-41a0-801b-205880478554 96b3f473a70d4f00a5666dd888ec9f53 30eaf8ac2ed54fd48282592c8785ada7 - - default default] 10.0.0.8 "POST /v2.0/vpn/endpoint-groups HTTP/1.1" status: 201 len: 489 time: 0.0382624
2026-05-20 04:23:55.848 10 INFO neutron.api.wsgi [None req-995def3b-3dfd-4d39-b0bc-cf89ea923512 0f85d734902046e39088225d7d261013 8432989b232a4478b528f329dc3cb275 - - default default] 10.0.0.8 "DELETE /v2.0/qos/policies/c5663401-9cfa-4513-8ef1-ce71789a68aa HTTP/1.1" status: 204 len: 168 time: 0.0527165
2026-05-20 04:23:55.853 9 INFO neutron.api.wsgi [None req-2de70f91-0a43-441a-aa9e-efdd4f5969d9 96b3f473a70d4f00a5666dd888ec9f53 30eaf8ac2ed54fd48282592c8785ada7 - - default default] 10.0.0.8 "DELETE /v2.0/vpn/endpoint-groups/ee564572-e524-44d5-9714-4c9d06c6522f HTTP/1.1" status: 204 len: 168 time: 0.0497763
2026-05-20 04:23:55.871 9 INFO neutron.api.wsgi [None req-e8344d46-2e2e-4727-8458-eed6e10697b3 96b3f473a70d4f00a5666dd888ec9f53 30eaf8ac2ed54fd48282592c8785ada7 - - default default] 10.0.0.8 "GET /v2.0/vpn/endpoint-groups HTTP/1.1" status: 200 len: 826 time: 0.0137320
2026-05-20 04:23:55.886 9 INFO neutron.api.wsgi [None req-45b150de-338f-40d5-a2f7-a390eeae144d 96b3f473a70d4f00a5666dd888ec9f53 30eaf8ac2ed54fd48282592c8785ada7 - - default default] 10.0.0.8 "GET /v2.0/vpn/endpoint-groups HTTP/1.1" status: 200 len: 826 time: 0.0103552
2026-05-20 04:23:55.901 10 INFO neutron.api.wsgi [None req-5c117030-d352-4101-8d32-8c088e5d4cb8 0f85d734902046e39088225d7d261013 8432989b232a4478b528f329dc3cb275 - - default default] 10.0.0.8 "DELETE /v2.0/qos/policies/b961a4f8-106f-46ea-b14e-b9ff4fcbdf9a HTTP/1.1" status: 204 len: 168 time: 0.0470939
2026-05-20 04:23:55.949 10 INFO neutron.api.wsgi [None req-68a03142-5d57-415b-b063-7e05b9f0842f 0f85d734902046e39088225d7d261013 8432989b232a4478b528f329dc3cb275 - - default default] 10.0.0.8 "DELETE /v2.0/qos/policies/28e91e48-6b20-4119-8424-51f28c775f55 HTTP/1.1" status: 204 len: 168 time: 0.0416691
2026-05-20 04:23:56.007 10 INFO neutron.api.wsgi [None req-f9e5ceee-0f7e-46e9-a498-b969b988d73d 0f85d734902046e39088225d7d261013 8432989b232a4478b528f329dc3cb275 - - default default] 10.0.0.8 "DELETE /v2.0/qos/policies/0cecbd53-2b59-408d-b578-88bbeffb9734 HTTP/1.1" status: 204 len: 168 time: 0.0535004
2026-05-20 04:23:56.061 10 INFO neutron.api.wsgi [None req-383cb46f-adf2-4c37-a693-dd488a8ce84b 0f85d734902046e39088225d7d261013 8432989b232a4478b528f329dc3cb275 - - default default] 10.0.0.8 "DELETE /v2.0/qos/policies/a7ffdc32-b635-4626-815c-d3f4526a201c HTTP/1.1" status: 204 len: 168 time: 0.0457349
2026-05-20 04:23:56.499 9 INFO neutron.api.wsgi [None req-f24583fc-6da0-4df9-b3b8-f4c52cb77f37 989516eaf5024ea6a083af44291ab6ca c5b0f0b962394cb49e9656daa69ce3fd - - default default] 10.0.0.8 "POST /v2.0/vpn/ikepolicies HTTP/1.1" status: 201 len: 602 time: 0.2645879
2026-05-20 04:23:56.522 9 INFO neutron.api.wsgi [None req-5cb828dd-eae4-47e8-b0dd-198b4f18f2a1 96b3f473a70d4f00a5666dd888ec9f53 30eaf8ac2ed54fd48282592c8785ada7 - - default default] 10.0.0.8 "GET /v2.0/vpn/ikepolicies HTTP/1.1" status: 200 len: 991 time: 0.0177066
2026-05-20 04:23:56.558 10 INFO neutron.api.wsgi [None req-cbdff19d-89e5-4c59-aead-5040da432463 989516eaf5024ea6a083af44291ab6ca c5b0f0b962394cb49e9656daa69ce3fd - - default default] 10.0.0.8 "DELETE /v2.0/vpn/ikepolicies/cd1b164e-534d-42ed-a921-216f8a3999e5 HTTP/1.1" status: 204 len: 168 time: 0.0305617
2026-05-20 04:23:56.620 9 INFO neutron.api.wsgi [None req-d4e39b83-5dc7-4fee-b917-e82ef4fc85e1 989516eaf5024ea6a083af44291ab6ca c5b0f0b962394cb49e9656daa69ce3fd - - default default] 10.0.0.8 "POST /v2.0/vpn/ipsecpolicies HTTP/1.1" status: 201 len: 611 time: 0.0532980
2026-05-20 04:23:56.638 10 INFO neutron.api.wsgi [None req-ee085c84-3054-426c-af7a-4db463b20cfe 96b3f473a70d4f00a5666dd888ec9f53 30eaf8ac2ed54fd48282592c8785ada7 - - default default] 10.0.0.8 "GET /v2.0/vpn/ipsecpolicies HTTP/1.1" status: 200 len: 1007 time: 0.0135126
2026-05-20 04:23:56.687 9 INFO neutron.api.wsgi [None req-d67610c2-c28f-478f-ab56-bc6d5f4690d7 989516eaf5024ea6a083af44291ab6ca c5b0f0b962394cb49e9656daa69ce3fd - - default default] 10.0.0.8 "DELETE /v2.0/vpn/ipsecpolicies/66ef5854-f8cf-422f-8e7d-be1b1bdeca7b HTTP/1.1" status: 204 len: 168 time: 0.0413127
2026-05-20 04:23:56.701 10 WARNING neutron_lib.context [None req-a0425e0a-263f-4d09-a597-d61064123ba8 96b3f473a70d4f00a5666dd888ec9f53 30eaf8ac2ed54fd48282592c8785ada7 - - default default] Method 'is_advsvc' is deprecated since 2023.2 release (neutron-lib 3.8.0) and will be removed once support for the old RBAC API policies will be removed from Neutron. Please use method 'is_service_role' instead.
2026-05-20 04:23:56.792 10 INFO neutron.db.segments_db [None req-a0425e0a-263f-4d09-a597-d61064123ba8 96b3f473a70d4f00a5666dd888ec9f53 30eaf8ac2ed54fd48282592c8785ada7 - - default default] Added segment 0d82d6db-badc-4dc5-a9d2-673177323f0a of type geneve for network 485d71d0-74ff-4a3c-85da-e64dbfeee771
2026-05-20 04:23:56.906 10 INFO neutron.db.ovn_revision_numbers_db [None req-a0425e0a-263f-4d09-a597-d61064123ba8 96b3f473a70d4f00a5666dd888ec9f53 30eaf8ac2ed54fd48282592c8785ada7 - - default default] Successfully bumped revision number for resource 485d71d0-74ff-4a3c-85da-e64dbfeee771 (type: networks) to 1
2026-05-20 04:23:57.046 10 WARNING neutron.scheduler.dhcp_agent_scheduler [None req-a0425e0a-263f-4d09-a597-d61064123ba8 96b3f473a70d4f00a5666dd888ec9f53 30eaf8ac2ed54fd48282592c8785ada7 - - default default] No more DHCP agents
2026-05-20 04:23:57.048 10 WARNING neutron.api.rpc.agentnotifiers.dhcp_rpc_agent_api [None req-a0425e0a-263f-4d09-a597-d61064123ba8 96b3f473a70d4f00a5666dd888ec9f53 30eaf8ac2ed54fd48282592c8785ada7 - - default default] Unable to schedule network 485d71d0-74ff-4a3c-85da-e64dbfeee771: no agents available; will retry on subsequent port and subnet creation events.
2026-05-20 04:23:57.058 9 INFO neutron.db.ovn_revision_numbers_db [None req-86565676-17f2-4951-ad2c-de23be99b37d 863eb99aa6a94720be3fce0498d25c92 372b4dd9000f4fe0aa368e2fbc339545 - - default default] Successfully bumped revision number for resource 7cd7ceaa-dc5f-4388-92b0-b5a47dc50984 (type: security_groups) to 1
2026-05-20 04:23:57.083 9 INFO neutron.db.ovn_revision_numbers_db [None req-86565676-17f2-4951-ad2c-de23be99b37d 863eb99aa6a94720be3fce0498d25c92 372b4dd9000f4fe0aa368e2fbc339545 - - default default] Successfully bumped revision number for resource 796f8a22-0f09-4733-b306-f3742b0c8e06 (type: security_group_rules) to 0
2026-05-20 04:23:57.093 9 INFO neutron.db.ovn_revision_numbers_db [None req-86565676-17f2-4951-ad2c-de23be99b37d 863eb99aa6a94720be3fce0498d25c92 372b4dd9000f4fe0aa368e2fbc339545 - - default default] Successfully bumped revision number for resource baedfc1c-802f-4768-a149-28a460afc3b4 (type: security_group_rules) to 0
2026-05-20 04:23:57.106 9 INFO neutron.db.ovn_revision_numbers_db [None req-86565676-17f2-4951-ad2c-de23be99b37d 863eb99aa6a94720be3fce0498d25c92 372b4dd9000f4fe0aa368e2fbc339545 - - default default] Successfully bumped revision number for resource d5495040-bd50-4ee0-a583-af6e18bab99c (type: security_group_rules) to 0
2026-05-20 04:23:57.108 10 INFO neutron.db.ovn_revision_numbers_db [None req-a0425e0a-263f-4d09-a597-d61064123ba8 96b3f473a70d4f00a5666dd888ec9f53 30eaf8ac2ed54fd48282592c8785ada7 - - default default] Successfully bumped revision number for resource 68e82a73-1e9c-4be6-b356-4bf0a3384ab6 (type: ports) to 1
2026-05-20 04:23:57.121 9 INFO neutron.db.ovn_revision_numbers_db [None req-86565676-17f2-4951-ad2c-de23be99b37d 863eb99aa6a94720be3fce0498d25c92 372b4dd9000f4fe0aa368e2fbc339545 - - default default] Successfully bumped revision number for resource e48d3808-1f7d-4584-b895-89db06cfae3c (type: security_group_rules) to 0
2026-05-20 04:23:57.131 10 INFO neutron.api.wsgi [None req-a0425e0a-263f-4d09-a597-d61064123ba8 96b3f473a70d4f00a5666dd888ec9f53 30eaf8ac2ed54fd48282592c8785ada7 - - default default] 10.0.0.8 "POST /v2.0/networks HTTP/1.1" status: 201 len: 830 time: 0.4367118
2026-05-20 04:23:57.143 9 WARNING neutron_lib.context [None req-d1ececde-a07a-45d4-84af-7a8f03415c39 96b3f473a70d4f00a5666dd888ec9f53 30eaf8ac2ed54fd48282592c8785ada7 - - default default] Method 'is_advsvc' is deprecated since 2023.2 release (neutron-lib 3.8.0) and will be removed once support for the old RBAC API policies will be removed from Neutron. Please use method 'is_service_role' instead.
2026-05-20 04:23:57.162 9 INFO neutron.api.wsgi [None req-86565676-17f2-4951-ad2c-de23be99b37d 863eb99aa6a94720be3fce0498d25c92 372b4dd9000f4fe0aa368e2fbc339545 - - default default] 10.0.0.8 "GET /v2.0/security-groups?tenant_id=8432989b232a4478b528f329dc3cb275&name=default HTTP/1.1" status: 200 len: 3124 time: 0.3571169
2026-05-20 04:23:57.318 9 WARNING neutron.scheduler.dhcp_agent_scheduler [None req-d1ececde-a07a-45d4-84af-7a8f03415c39 96b3f473a70d4f00a5666dd888ec9f53 30eaf8ac2ed54fd48282592c8785ada7 - - default default] No more DHCP agents
2026-05-20 04:23:57.319 9 WARNING neutron.api.rpc.agentnotifiers.dhcp_rpc_agent_api [None req-d1ececde-a07a-45d4-84af-7a8f03415c39 96b3f473a70d4f00a5666dd888ec9f53 30eaf8ac2ed54fd48282592c8785ada7 - - default default] Unable to schedule network 485d71d0-74ff-4a3c-85da-e64dbfeee771: no agents available; will retry on subsequent port and subnet creation events.
2026-05-20 04:23:57.349 10 INFO neutron.api.wsgi [None req-8e8c53d2-4f90-48ef-b763-7d45b7b80053 863eb99aa6a94720be3fce0498d25c92 372b4dd9000f4fe0aa368e2fbc339545 - - default default] 10.0.0.8 "DELETE /v2.0/security-groups/7cd7ceaa-dc5f-4388-92b0-b5a47dc50984 HTTP/1.1" status: 204 len: 168 time: 0.1811817
2026-05-20 04:23:57.529 10 INFO neutron.db.ovn_revision_numbers_db [None req-7b36f47a-acb6-4fd2-b8f7-3bba313b44ee 863eb99aa6a94720be3fce0498d25c92 372b4dd9000f4fe0aa368e2fbc339545 - - default default] Successfully bumped revision number for resource 6c0fb82a-ba02-4a26-9825-96ab859b5515 (type: security_groups) to 1
2026-05-20 04:23:57.548 10 INFO neutron.db.ovn_revision_numbers_db [None req-7b36f47a-acb6-4fd2-b8f7-3bba313b44ee 863eb99aa6a94720be3fce0498d25c92 372b4dd9000f4fe0aa368e2fbc339545 - - default default] Successfully bumped revision number for resource 3654dbb9-3330-47f6-87f6-c892978e59a9 (type: security_group_rules) to 0
2026-05-20 04:23:57.560 10 INFO neutron.db.ovn_revision_numbers_db [None req-7b36f47a-acb6-4fd2-b8f7-3bba313b44ee 863eb99aa6a94720be3fce0498d25c92 372b4dd9000f4fe0aa368e2fbc339545 - - default default] Successfully bumped revision number for resource 3771840c-5a4d-4568-8a41-bfa90bd4ab8e (type: security_group_rules) to 0
2026-05-20 04:23:57.572 10 WARNING neutron_lib.context [None req-165d1ab2-2e6d-4866-ab74-972f3950a345 36066cd83aaa4de78ab78922df8b8a38 781bb4458f654b569bbf391b6b2764a4 - - default default] Method 'is_advsvc' is deprecated since 2023.2 release (neutron-lib 3.8.0) and will be removed once support for the old RBAC API policies will be removed from Neutron. Please use method 'is_service_role' instead.
2026-05-20 04:23:57.582 10 INFO neutron.db.ovn_revision_numbers_db [None req-7b36f47a-acb6-4fd2-b8f7-3bba313b44ee 863eb99aa6a94720be3fce0498d25c92 372b4dd9000f4fe0aa368e2fbc339545 - - default default] Successfully bumped revision number for resource 68f80a43-4db7-469f-a447-0efd79532d54 (type: security_group_rules) to 0
2026-05-20 04:23:57.601 10 INFO neutron.db.ovn_revision_numbers_db [None req-7b36f47a-acb6-4fd2-b8f7-3bba313b44ee 863eb99aa6a94720be3fce0498d25c92 372b4dd9000f4fe0aa368e2fbc339545 - - default default] Successfully bumped revision number for resource cc73762c-0183-45e5-8993-995bcfe0a17c (type: security_group_rules) to 0
2026-05-20 04:23:57.646 10 INFO neutron.api.wsgi [None req-7b36f47a-acb6-4fd2-b8f7-3bba313b44ee 863eb99aa6a94720be3fce0498d25c92 372b4dd9000f4fe0aa368e2fbc339545 - - default default] 10.0.0.8 "GET /v2.0/security-groups?tenant_id=70795dde5ca2458bafeb43960eb9706d&name=default HTTP/1.1" status: 200 len: 3124 time: 0.2128756
2026-05-20 04:23:57.698 10 INFO neutron.db.ovn_revision_numbers_db [None req-165d1ab2-2e6d-4866-ab74-972f3950a345 36066cd83aaa4de78ab78922df8b8a38 781bb4458f654b569bbf391b6b2764a4 - - default default] Successfully bumped revision number for resource fc48f17c-3a3f-4b56-89a7-654c617e77ce (type: security_groups) to 1
2026-05-20 04:23:57.711 10 INFO neutron.db.ovn_revision_numbers_db [None req-165d1ab2-2e6d-4866-ab74-972f3950a345 36066cd83aaa4de78ab78922df8b8a38 781bb4458f654b569bbf391b6b2764a4 - - default default] Successfully bumped revision number for resource 2eca4ab5-dff0-424e-adce-a1736a192e33 (type: security_group_rules) to 0
2026-05-20 04:23:57.723 10 INFO neutron.db.ovn_revision_numbers_db [None req-165d1ab2-2e6d-4866-ab74-972f3950a345 36066cd83aaa4de78ab78922df8b8a38 781bb4458f654b569bbf391b6b2764a4 - - default default] Successfully bumped revision number for resource 390fba05-9259-44fd-babe-d94407bee608 (type: security_group_rules) to 0
2026-05-20 04:23:57.736 10 INFO neutron.db.ovn_revision_numbers_db [None req-165d1ab2-2e6d-4866-ab74-972f3950a345 36066cd83aaa4de78ab78922df8b8a38 781bb4458f654b569bbf391b6b2764a4 - - default default] Successfully bumped revision number for resource 7f23c8d5-9233-4607-b983-02019e018730 (type: security_group_rules) to 0
2026-05-20 04:23:57.745 10 INFO neutron.db.ovn_revision_numbers_db [None req-165d1ab2-2e6d-4866-ab74-972f3950a345 36066cd83aaa4de78ab78922df8b8a38 781bb4458f654b569bbf391b6b2764a4 - - default default] Successfully bumped revision number for resource f512fc0f-9567-4a92-ab5d-5cb1d7b2304e (type: security_group_rules) to 0
2026-05-20 04:23:57.758 9 INFO neutron.db.ovn_revision_numbers_db [None req-855d886f-137f-4c3b-88f1-9cbb16205669 - - - - - -] Successfully bumped revision number for resource 68e82a73-1e9c-4be6-b356-4bf0a3384ab6 (type: ports) to 2
2026-05-20 04:23:57.793 9 INFO neutron.db.ovn_revision_numbers_db [None req-855d886f-137f-4c3b-88f1-9cbb16205669 - - - - - -] Successfully bumped revision number for resource 34c7d21f-2e8d-4be3-a795-36f7756b7d92 (type: subnets) to 0
2026-05-20 04:23:57.806 9 INFO neutron.api.wsgi [None req-d1ececde-a07a-45d4-84af-7a8f03415c39 96b3f473a70d4f00a5666dd888ec9f53 30eaf8ac2ed54fd48282592c8785ada7 - - default default] 10.0.0.8 "POST /v2.0/subnets HTTP/1.1" status: 201 len: 828 time: 0.6685064
2026-05-20 04:23:57.815 9 WARNING neutron_lib.context [None req-9f5e230d-5f3e-4274-b9eb-bcdec536456b 96b3f473a70d4f00a5666dd888ec9f53 30eaf8ac2ed54fd48282592c8785ada7 - - default default] Method 'is_advsvc' is deprecated since 2023.2 release (neutron-lib 3.8.0) and will be removed once support for the old RBAC API policies will be removed from Neutron. Please use method 'is_service_role' instead.
2026-05-20 04:23:57.815 10 INFO neutron.db.segments_db [None req-165d1ab2-2e6d-4866-ab74-972f3950a345 36066cd83aaa4de78ab78922df8b8a38 781bb4458f654b569bbf391b6b2764a4 - - default default] Added segment 8a8d019f-6d8a-42a9-b133-89bbd52498f2 of type geneve for network c85eb573-250b-4f74-8e25-2224f64d875a
2026-05-20 04:23:57.889 9 INFO neutron.api.wsgi [None req-db231734-02af-441f-b2ea-2c9778d80826 863eb99aa6a94720be3fce0498d25c92 372b4dd9000f4fe0aa368e2fbc339545 - - default default] 10.0.0.8 "DELETE /v2.0/security-groups/6c0fb82a-ba02-4a26-9825-96ab859b5515 HTTP/1.1" status: 204 len: 168 time: 0.2365062
2026-05-20 04:23:57.914 10 INFO neutron.db.ovn_revision_numbers_db [None req-165d1ab2-2e6d-4866-ab74-972f3950a345 36066cd83aaa4de78ab78922df8b8a38 781bb4458f654b569bbf391b6b2764a4 - - default default] Successfully bumped revision number for resource c85eb573-250b-4f74-8e25-2224f64d875a (type: networks) to 1
2026-05-20 04:23:58.077 10 WARNING neutron.scheduler.dhcp_agent_scheduler [None req-165d1ab2-2e6d-4866-ab74-972f3950a345 36066cd83aaa4de78ab78922df8b8a38 781bb4458f654b569bbf391b6b2764a4 - - default default] No more DHCP agents
2026-05-20 04:23:58.078 10 WARNING neutron.api.rpc.agentnotifiers.dhcp_rpc_agent_api [None req-165d1ab2-2e6d-4866-ab74-972f3950a345 36066cd83aaa4de78ab78922df8b8a38 781bb4458f654b569bbf391b6b2764a4 - - default default] Unable to schedule network c85eb573-250b-4f74-8e25-2224f64d875a: no agents available; will retry on subsequent port and subnet creation events.
2026-05-20 04:23:58.143 10 INFO neutron.db.ovn_revision_numbers_db [None req-165d1ab2-2e6d-4866-ab74-972f3950a345 36066cd83aaa4de78ab78922df8b8a38 781bb4458f654b569bbf391b6b2764a4 - - default default] Successfully bumped revision number for resource 8b3d7f18-1a9a-4be5-9e7c-4b3bffc67d84 (type: ports) to 1
2026-05-20 04:23:58.163 10 INFO neutron.api.wsgi [None req-165d1ab2-2e6d-4866-ab74-972f3950a345 36066cd83aaa4de78ab78922df8b8a38 781bb4458f654b569bbf391b6b2764a4 - - default default] 10.0.0.8 "POST /v2.0/networks HTTP/1.1" status: 201 len: 831 time: 0.7448800
2026-05-20 04:23:58.169 9 INFO neutron.db.ovn_revision_numbers_db [None req-c36bbd2f-9d39-4fd1-96d5-641ea513737f 863eb99aa6a94720be3fce0498d25c92 372b4dd9000f4fe0aa368e2fbc339545 - - default default] Successfully bumped revision number for resource 7e8e3179-005c-428a-889d-d2e97b7f3daa (type: security_groups) to 1
2026-05-20 04:23:58.172 10 WARNING neutron_lib.context [None req-0d6365a6-6b31-41e4-8e4a-65f82e819b2b 36066cd83aaa4de78ab78922df8b8a38 781bb4458f654b569bbf391b6b2764a4 - - default default] Method 'is_advsvc' is deprecated since 2023.2 release (neutron-lib 3.8.0) and will be removed once support for the old RBAC API policies will be removed from Neutron. Please use method 'is_service_role' instead.
2026-05-20 04:23:58.183 9 INFO neutron.db.ovn_revision_numbers_db [None req-c36bbd2f-9d39-4fd1-96d5-641ea513737f 863eb99aa6a94720be3fce0498d25c92 372b4dd9000f4fe0aa368e2fbc339545 - - default default] Successfully bumped revision number for resource 15cc5820-f82c-47ec-8264-c0d84d3f3618 (type: security_group_rules) to 0
2026-05-20 04:23:58.195 9 WARNING neutron.scheduler.dhcp_agent_scheduler [None req-9f5e230d-5f3e-4274-b9eb-bcdec536456b 96b3f473a70d4f00a5666dd888ec9f53 30eaf8ac2ed54fd48282592c8785ada7 - - default default] No more DHCP agents
2026-05-20 04:23:58.196 9 WARNING neutron.api.rpc.agentnotifiers.dhcp_rpc_agent_api [None req-9f5e230d-5f3e-4274-b9eb-bcdec536456b 96b3f473a70d4f00a5666dd888ec9f53 30eaf8ac2ed54fd48282592c8785ada7 - - default default] Unable to schedule network b4089aac-2d02-4206-94da-046c5aa2ba30: no agents available; will retry on subsequent port and subnet creation events.
2026-05-20 04:23:58.197 9 INFO neutron.db.ovn_revision_numbers_db [None req-c36bbd2f-9d39-4fd1-96d5-641ea513737f 863eb99aa6a94720be3fce0498d25c92 372b4dd9000f4fe0aa368e2fbc339545 - - default default] Successfully bumped revision number for resource 2d830d81-efbf-44e2-a6e5-71933f1eb5d8 (type: security_group_rules) to 0
2026-05-20 04:23:58.214 9 INFO neutron.db.ovn_revision_numbers_db [None req-c36bbd2f-9d39-4fd1-96d5-641ea513737f 863eb99aa6a94720be3fce0498d25c92 372b4dd9000f4fe0aa368e2fbc339545 - - default default] Successfully bumped revision number for resource dd2495e2-5031-4139-b709-ace5b13067fa (type: security_group_rules) to 0
2026-05-20 04:23:58.239 9 INFO neutron.db.ovn_revision_numbers_db [None req-c36bbd2f-9d39-4fd1-96d5-641ea513737f 863eb99aa6a94720be3fce0498d25c92 372b4dd9000f4fe0aa368e2fbc339545 - - default default] Successfully bumped revision number for resource e91c309c-22fb-4a90-b0f8-af3c05f271bf (type: security_group_rules) to 0
2026-05-20 04:23:58.273 9 INFO neutron.api.wsgi [None req-c36bbd2f-9d39-4fd1-96d5-641ea513737f 863eb99aa6a94720be3fce0498d25c92 372b4dd9000f4fe0aa368e2fbc339545 - - default default] 10.0.0.8 "GET /v2.0/security-groups?tenant_id=ddf7894526fc4be68a868b29a78c7d14&name=default HTTP/1.1" status: 200 len: 3124 time: 0.2514606
2026-05-20 04:23:58.318 9 INFO neutron.db.ovn_revision_numbers_db [None req-9f5e230d-5f3e-4274-b9eb-bcdec536456b 96b3f473a70d4f00a5666dd888ec9f53 30eaf8ac2ed54fd48282592c8785ada7 - - default default] Successfully bumped revision number for resource 8bf56e2d-807d-4f69-889c-fbb9ad984e40 (type: ports) to 1
2026-05-20 04:23:58.421 10 WARNING neutron.scheduler.dhcp_agent_scheduler [None req-0d6365a6-6b31-41e4-8e4a-65f82e819b2b 36066cd83aaa4de78ab78922df8b8a38 781bb4458f654b569bbf391b6b2764a4 - - default default] No more DHCP agents
2026-05-20 04:23:58.425 10 WARNING neutron.api.rpc.agentnotifiers.dhcp_rpc_agent_api [None req-0d6365a6-6b31-41e4-8e4a-65f82e819b2b 36066cd83aaa4de78ab78922df8b8a38 781bb4458f654b569bbf391b6b2764a4 - - default default] Unable to schedule network c85eb573-250b-4f74-8e25-2224f64d875a: no agents available; will retry on subsequent port and subnet creation events.
2026-05-20 04:23:58.486 10 INFO neutron.db.ovn_revision_numbers_db [None req-0d6365a6-6b31-41e4-8e4a-65f82e819b2b 36066cd83aaa4de78ab78922df8b8a38 781bb4458f654b569bbf391b6b2764a4 - - default default] Successfully bumped revision number for resource 33aae7cf-cbe6-4091-aa26-0fec56816710 (type: ports) to 1
2026-05-20 04:23:58.508 10 INFO neutron.api.wsgi [None req-0d6365a6-6b31-41e4-8e4a-65f82e819b2b 36066cd83aaa4de78ab78922df8b8a38 781bb4458f654b569bbf391b6b2764a4 - - default default] 10.0.0.8 "POST /v2.0/ports HTTP/1.1" status: 201 len: 942 time: 0.3397183 /var/lib/openstack/lib/python3.12/site-packages/pycadf/identifier.py:71: UserWarning: Invalid uuid: neutron. To ensure interoperability, identifiers should be a valid uuid. warnings.warn(('Invalid uuid: %s. To ensure interoperability, '
2026-05-20 04:23:58.516 10 WARNING neutron_lib.context [None req-783782b9-6d3f-41f1-a6bb-99dd644f2b3d 36066cd83aaa4de78ab78922df8b8a38 781bb4458f654b569bbf391b6b2764a4 - - default default] Method 'is_advsvc' is deprecated since 2023.2 release (neutron-lib 3.8.0) and will be removed once support for the old RBAC API policies will be removed from Neutron. Please use method 'is_service_role' instead.
2026-05-20 04:23:58.521 10 INFO neutron.api.wsgi [None req-0f1df67d-b0fb-4ff4-944e-8ca5cc535674 863eb99aa6a94720be3fce0498d25c92 372b4dd9000f4fe0aa368e2fbc339545 - - default default] 10.0.0.8 "DELETE /v2.0/security-groups/7e8e3179-005c-428a-889d-d2e97b7f3daa HTTP/1.1" status: 204 len: 168 time: 0.2420743
2026-05-20 04:23:58.595 10 INFO neutron.db.segments_db [None req-783782b9-6d3f-41f1-a6bb-99dd644f2b3d 36066cd83aaa4de78ab78922df8b8a38 781bb4458f654b569bbf391b6b2764a4 - - default default] Added segment bbb5329a-538d-42d9-b3f1-a9a08c05298f of type geneve for network f256aa2b-b304-445c-afe3-a372ab878b09
