2026-05-20 04:21:05.169 9 INFO neutron.api.wsgi [None req-7591b46e-6a06-49b2-967d-8b007b4c9046 863eb99aa6a94720be3fce0498d25c92 372b4dd9000f4fe0aa368e2fbc339545 - - default default] 10.0.0.8 "DELETE /v2.0/security-groups/17214678-ee3d-4bbc-a098-132205270b23 HTTP/1.1" status: 204 len: 168 time: 0.2459555
2026-05-20 04:21:05.181 9 INFO neutron.pecan_wsgi.hooks.translation [None req-1dff8c64-a4f7-45c9-8ecc-07283d017db7 148fe4aa9390437f9efe8f29d4d4f939 bda63232b5c14141a3fbbc8d79721ece - - default default] DELETE failed (client error): The resource could not be found.
2026-05-20 04:21:05.183 9 INFO neutron.api.wsgi [None req-1dff8c64-a4f7-45c9-8ecc-07283d017db7 148fe4aa9390437f9efe8f29d4d4f939 bda63232b5c14141a3fbbc8d79721ece - - default default] 10.0.0.8 "DELETE /v2.0/ports/7f120977-7598-4b9e-bdfa-35585c2a1e6a HTTP/1.1" status: 404 len: 333 time: 0.0127480
2026-05-20 04:21:05.195 9 INFO neutron.pecan_wsgi.hooks.translation [None req-d21dcc32-ec06-4474-b05b-7f016e5974bc 148fe4aa9390437f9efe8f29d4d4f939 bda63232b5c14141a3fbbc8d79721ece - - default default] DELETE failed (client error): The resource could not be found.
2026-05-20 04:21:05.198 9 INFO neutron.api.wsgi [None req-d21dcc32-ec06-4474-b05b-7f016e5974bc 148fe4aa9390437f9efe8f29d4d4f939 bda63232b5c14141a3fbbc8d79721ece - - default default] 10.0.0.8 "DELETE /v2.0/subnets/52d55c57-898d-4fa6-9a4e-00f7e908163e HTTP/1.1" status: 404 len: 337 time: 0.0114515
2026-05-20 04:21:05.209 9 INFO neutron.pecan_wsgi.hooks.translation [None req-2e4146b6-f60b-418a-b224-e0dee8ccae32 148fe4aa9390437f9efe8f29d4d4f939 bda63232b5c14141a3fbbc8d79721ece - - default default] DELETE failed (client error): The resource could not be found.
2026-05-20 04:21:05.212 9 INFO neutron.api.wsgi [None req-2e4146b6-f60b-418a-b224-e0dee8ccae32 148fe4aa9390437f9efe8f29d4d4f939 bda63232b5c14141a3fbbc8d79721ece - - default default] 10.0.0.8 "DELETE /v2.0/subnets/f2772829-4527-46e3-9865-f370288e8279 HTTP/1.1" status: 404 len: 337 time: 0.0101693
2026-05-20 04:21:05.236 10 INFO neutron.api.wsgi [None req-eb9546d1-2bb7-4bd9-b9c3-f2872c94d8a2 5c9650eab87548fda8634283c54ae429 cf993119edf442dea253208114a162ea - - default default] 10.0.0.8 "DELETE /v2.0/ports/b5655558-ec5b-4656-aefd-1490e7ffcd57 HTTP/1.1" status: 204 len: 168 time: 0.2279859
2026-05-20 04:21:05.288 10 INFO neutron.api.wsgi [None req-b23fffba-a6a0-4186-bea6-6d952ccf1d57 5c9650eab87548fda8634283c54ae429 cf993119edf442dea253208114a162ea - - default default] 10.0.0.8 "GET /v2.0/ports HTTP/1.1" status: 200 len: 1718 time: 0.0473387
2026-05-20 04:21:05.306 10 WARNING neutron_lib.context [None req-80e885fd-ff28-4540-8f34-aa7d21bdff79 5c9650eab87548fda8634283c54ae429 cf993119edf442dea253208114a162ea - - default default] Method 'is_advsvc' is deprecated since 2023.2 release (neutron-lib 3.8.0) and will be removed once support for the old RBAC API policies will be removed from Neutron. Please use method 'is_service_role' instead.
2026-05-20 04:21:05.406 10 INFO neutron.db.segments_db [None req-80e885fd-ff28-4540-8f34-aa7d21bdff79 5c9650eab87548fda8634283c54ae429 cf993119edf442dea253208114a162ea - - default default] Added segment bc4f7c1a-a778-4862-ba7d-dd971f5008ea of type geneve for network 5021d99f-caea-4a92-894d-2be40c8933ba
2026-05-20 04:21:05.450 9 INFO neutron.api.wsgi [None req-20ffc1e1-a466-4547-b4e8-b0151ca0311b 148fe4aa9390437f9efe8f29d4d4f939 bda63232b5c14141a3fbbc8d79721ece - - default default] 10.0.0.8 "DELETE /v2.0/ports/92afc057-d4ad-41ea-974b-ec7195edbe04 HTTP/1.1" status: 204 len: 168 time: 0.2338715
2026-05-20 04:21:05.537 10 INFO neutron.db.ovn_revision_numbers_db [None req-80e885fd-ff28-4540-8f34-aa7d21bdff79 5c9650eab87548fda8634283c54ae429 cf993119edf442dea253208114a162ea - - default default] Successfully bumped revision number for resource 5021d99f-caea-4a92-894d-2be40c8933ba (type: networks) to 1
2026-05-20 04:21:05.752 9 INFO neutron.api.wsgi [None req-6a4c20e6-c2d6-42e1-9286-4f06eb7227a5 148fe4aa9390437f9efe8f29d4d4f939 bda63232b5c14141a3fbbc8d79721ece - - default default] 10.0.0.8 "DELETE /v2.0/networks/d22c8711-51b9-40e4-b91c-bf8bdc13f935 HTTP/1.1" status: 204 len: 168 time: 0.2981160
2026-05-20 04:21:05.904 10 WARNING neutron.scheduler.dhcp_agent_scheduler [None req-80e885fd-ff28-4540-8f34-aa7d21bdff79 5c9650eab87548fda8634283c54ae429 cf993119edf442dea253208114a162ea - - default default] No more DHCP agents
2026-05-20 04:21:05.905 10 WARNING neutron.api.rpc.agentnotifiers.dhcp_rpc_agent_api [None req-80e885fd-ff28-4540-8f34-aa7d21bdff79 5c9650eab87548fda8634283c54ae429 cf993119edf442dea253208114a162ea - - default default] Unable to schedule network 5021d99f-caea-4a92-894d-2be40c8933ba: no agents available; will retry on subsequent port and subnet creation events.
2026-05-20 04:21:05.966 10 INFO neutron.db.ovn_revision_numbers_db [None req-80e885fd-ff28-4540-8f34-aa7d21bdff79 5c9650eab87548fda8634283c54ae429 cf993119edf442dea253208114a162ea - - default default] Successfully bumped revision number for resource e3e5182c-99f8-4957-8fac-61f53f63867c (type: ports) to 1
2026-05-20 04:21:05.994 10 INFO neutron.api.wsgi [None req-80e885fd-ff28-4540-8f34-aa7d21bdff79 5c9650eab87548fda8634283c54ae429 cf993119edf442dea253208114a162ea - - default default] 10.0.0.8 "POST /v2.0/networks HTTP/1.1" status: 201 len: 849 time: 0.6945777
2026-05-20 04:21:06.003 9 WARNING neutron_lib.context [None req-a2e7770f-897b-40a4-83ca-2cb3934501de 5c9650eab87548fda8634283c54ae429 cf993119edf442dea253208114a162ea - - default default] Method 'is_advsvc' is deprecated since 2023.2 release (neutron-lib 3.8.0) and will be removed once support for the old RBAC API policies will be removed from Neutron. Please use method 'is_service_role' instead.
2026-05-20 04:21:06.050 9 INFO neutron.services.segments.plugin [-] Segment 3a63c07f-f0f8-47ed-9529-c2b1e65b40b3 resource provider aggregate not found
2026-05-20 04:21:06.053 9 INFO neutron.services.segments.plugin [-] Segment 3a63c07f-f0f8-47ed-9529-c2b1e65b40b3 resource provider aggregate not found
2026-05-20 04:21:06.069 9 INFO neutron.services.segments.plugin [-] Segment 3a63c07f-f0f8-47ed-9529-c2b1e65b40b3 resource provider not found; error: Placement Client Error (4xx): {"errors": [{"status": 404, "title": "Not Found", "detail": "The resource could not be found.\n\n No resource provider with uuid 3a63c07f-f0f8-47ed-9529-c2b1e65b40b3 found for delete ", "request_id": "req-589da4b9-c05d-4c2f-bca8-cdf5dac0143b"}]}
2026-05-20 04:21:06.070 9 INFO neutron.services.segments.plugin [-] Segment 3a63c07f-f0f8-47ed-9529-c2b1e65b40b3 resource provider not found; error: Placement Client Error (4xx): {"errors": [{"status": 404, "title": "Not Found", "detail": "The resource could not be found.\n\n No resource provider with uuid 3a63c07f-f0f8-47ed-9529-c2b1e65b40b3 found for delete ", "request_id": "req-f20edff3-ab5c-4112-b0de-d123ef7b0668"}]}
2026-05-20 04:21:06.113 9 INFO neutron.db.segments_db [None req-a2e7770f-897b-40a4-83ca-2cb3934501de 5c9650eab87548fda8634283c54ae429 cf993119edf442dea253208114a162ea - - default default] Added segment 168742b7-03b2-4438-951c-d17797d79865 of type geneve for network 46d19e52-4d59-489f-9956-8f22969ba736
2026-05-20 04:21:06.126 9 INFO neutron.db.ovn_revision_numbers_db [None req-a56dfcf3-06dc-486a-b039-0c74facce467 863eb99aa6a94720be3fce0498d25c92 372b4dd9000f4fe0aa368e2fbc339545 - - default default] Successfully bumped revision number for resource f94553d9-5dff-44c7-88b9-658a882e945b (type: security_groups) to 1
2026-05-20 04:21:06.143 9 INFO neutron.db.ovn_revision_numbers_db [None req-a56dfcf3-06dc-486a-b039-0c74facce467 863eb99aa6a94720be3fce0498d25c92 372b4dd9000f4fe0aa368e2fbc339545 - - default default] Successfully bumped revision number for resource 36079d74-1b26-46ab-a6d9-1f225370343e (type: security_group_rules) to 0
2026-05-20 04:21:06.157 9 INFO neutron.db.ovn_revision_numbers_db [None req-a56dfcf3-06dc-486a-b039-0c74facce467 863eb99aa6a94720be3fce0498d25c92 372b4dd9000f4fe0aa368e2fbc339545 - - default default] Successfully bumped revision number for resource 616466b8-9485-41cc-88ef-9b94765c73a5 (type: security_group_rules) to 0
2026-05-20 04:21:06.172 9 INFO neutron.db.ovn_revision_numbers_db [None req-a56dfcf3-06dc-486a-b039-0c74facce467 863eb99aa6a94720be3fce0498d25c92 372b4dd9000f4fe0aa368e2fbc339545 - - default default] Successfully bumped revision number for resource a0caa947-b84e-42ce-8bc1-1acf7d9e4ced (type: security_group_rules) to 0
2026-05-20 04:21:06.185 9 INFO neutron.db.ovn_revision_numbers_db [None req-a56dfcf3-06dc-486a-b039-0c74facce467 863eb99aa6a94720be3fce0498d25c92 372b4dd9000f4fe0aa368e2fbc339545 - - default default] Successfully bumped revision number for resource b4ba9114-bb30-4f95-b98d-54e800bf549f (type: security_group_rules) to 0
2026-05-20 04:21:06.221 9 INFO neutron.api.wsgi [None req-a56dfcf3-06dc-486a-b039-0c74facce467 863eb99aa6a94720be3fce0498d25c92 372b4dd9000f4fe0aa368e2fbc339545 - - default default] 10.0.0.8 "GET /v2.0/security-groups?tenant_id=ae10f06b19f44dbfa3c67b771167365b&name=default HTTP/1.1" status: 200 len: 3120 time: 0.4876783
2026-05-20 04:21:06.222 9 INFO neutron.db.ovn_revision_numbers_db [None req-a2e7770f-897b-40a4-83ca-2cb3934501de 5c9650eab87548fda8634283c54ae429 cf993119edf442dea253208114a162ea - - default default] Successfully bumped revision number for resource 46d19e52-4d59-489f-9956-8f22969ba736 (type: networks) to 1
2026-05-20 04:21:06.389 9 WARNING neutron.scheduler.dhcp_agent_scheduler [None req-a2e7770f-897b-40a4-83ca-2cb3934501de 5c9650eab87548fda8634283c54ae429 cf993119edf442dea253208114a162ea - - default default] No more DHCP agents
2026-05-20 04:21:06.390 9 WARNING neutron.api.rpc.agentnotifiers.dhcp_rpc_agent_api [None req-a2e7770f-897b-40a4-83ca-2cb3934501de 5c9650eab87548fda8634283c54ae429 cf993119edf442dea253208114a162ea - - default default] Unable to schedule network 46d19e52-4d59-489f-9956-8f22969ba736: no agents available; will retry on subsequent port and subnet creation events.
2026-05-20 04:21:06.435 10 INFO neutron.api.wsgi [None req-76d02bad-e28b-4eda-8d98-02b02043a782 863eb99aa6a94720be3fce0498d25c92 372b4dd9000f4fe0aa368e2fbc339545 - - default default] 10.0.0.8 "GET /v2.0/security-groups?tenant_id=bda63232b5c14141a3fbbc8d79721ece&name=default HTTP/1.1" status: 200 len: 3120 time: 0.2284174
2026-05-20 04:21:06.457 10 INFO neutron.services.segments.plugin [-] Segment 0d8322dd-1056-4c1c-90aa-51b077a77176 resource provider aggregate not found
2026-05-20 04:21:06.461 10 INFO neutron.services.segments.plugin [-] Segment 0d8322dd-1056-4c1c-90aa-51b077a77176 resource provider aggregate not found
2026-05-20 04:21:06.471 10 INFO neutron.services.segments.plugin [-] Segment 0d8322dd-1056-4c1c-90aa-51b077a77176 resource provider not found; error: Placement Client Error (4xx): {"errors": [{"status": 404, "title": "Not Found", "detail": "The resource could not be found.\n\n No resource provider with uuid 0d8322dd-1056-4c1c-90aa-51b077a77176 found for delete ", "request_id": "req-da5393c9-f7ea-4ece-97fd-ab9bc322f34f"}]}
2026-05-20 04:21:06.472 10 INFO neutron.services.segments.plugin [-] Segment 0d8322dd-1056-4c1c-90aa-51b077a77176 resource provider not found; error: Placement Client Error (4xx): {"errors": [{"status": 404, "title": "Not Found", "detail": "The resource could not be found.\n\n No resource provider with uuid 0d8322dd-1056-4c1c-90aa-51b077a77176 found for delete ", "request_id": "req-e61e4125-9be6-4d2f-b0e8-2a73aba7e14b"}]}
2026-05-20 04:21:06.473 9 INFO neutron.db.ovn_revision_numbers_db [None req-a2e7770f-897b-40a4-83ca-2cb3934501de 5c9650eab87548fda8634283c54ae429 cf993119edf442dea253208114a162ea - - default default] Successfully bumped revision number for resource 1b75e0d8-453d-4fd2-95b3-277e705a95c5 (type: ports) to 1
2026-05-20 04:21:06.487 10 INFO neutron.api.wsgi [None req-ffe30b4e-bbd6-4848-8d4f-91ac8600f324 863eb99aa6a94720be3fce0498d25c92 372b4dd9000f4fe0aa368e2fbc339545 - - default default] 10.0.0.8 "DELETE /v2.0/security-groups/f94553d9-5dff-44c7-88b9-658a882e945b HTTP/1.1" status: 204 len: 168 time: 0.2598557
2026-05-20 04:21:06.492 9 INFO neutron.api.wsgi [None req-a2e7770f-897b-40a4-83ca-2cb3934501de 5c9650eab87548fda8634283c54ae429 cf993119edf442dea253208114a162ea - - default default] 10.0.0.8 "POST /v2.0/networks HTTP/1.1" status: 201 len: 849 time: 0.4942353
2026-05-20 04:21:06.524 10 WARNING neutron_lib.context [None req-c06af94b-e162-4dcd-ae38-db8a98d33280 5c9650eab87548fda8634283c54ae429 cf993119edf442dea253208114a162ea - - default default] Method 'is_advsvc' is deprecated since 2023.2 release (neutron-lib 3.8.0) and will be removed once support for the old RBAC API policies will be removed from Neutron. Please use method 'is_service_role' instead.
2026-05-20 04:21:06.546 10 WARNING neutron_lib.context [None req-c06af94b-e162-4dcd-ae38-db8a98d33280 5c9650eab87548fda8634283c54ae429 cf993119edf442dea253208114a162ea - - default default] Method 'is_advsvc' is deprecated since 2023.2 release (neutron-lib 3.8.0) and will be removed once support for the old RBAC API policies will be removed from Neutron. Please use method 'is_service_role' instead.
2026-05-20 04:21:06.629 9 INFO neutron.api.wsgi [None req-746bb53c-83a1-4275-934c-0701c256f487 863eb99aa6a94720be3fce0498d25c92 372b4dd9000f4fe0aa368e2fbc339545 - - default default] 10.0.0.8 "DELETE /v2.0/security-groups/5784df82-f3b4-48ff-9ac5-eb6d7745c986 HTTP/1.1" status: 204 len: 168 time: 0.1890128
2026-05-20 04:21:06.700 10 INFO neutron.db.ovn_revision_numbers_db [None req-aa273c83-0f31-4e00-81fc-8feb31dd9743 863eb99aa6a94720be3fce0498d25c92 372b4dd9000f4fe0aa368e2fbc339545 - - default default] Successfully bumped revision number for resource c9647846-9188-4762-bde7-53752a27a1dc (type: security_groups) to 1
2026-05-20 04:21:06.722 10 INFO neutron.db.ovn_revision_numbers_db [None req-aa273c83-0f31-4e00-81fc-8feb31dd9743 863eb99aa6a94720be3fce0498d25c92 372b4dd9000f4fe0aa368e2fbc339545 - - default default] Successfully bumped revision number for resource 3ec9b19c-60cd-4cb9-a88e-ab559c65e7ce (type: security_group_rules) to 0
2026-05-20 04:21:06.741 10 INFO neutron.db.ovn_revision_numbers_db [None req-aa273c83-0f31-4e00-81fc-8feb31dd9743 863eb99aa6a94720be3fce0498d25c92 372b4dd9000f4fe0aa368e2fbc339545 - - default default] Successfully bumped revision number for resource 5d5b7e4e-a3b4-4b82-ad91-f76f0a937dde (type: security_group_rules) to 0
2026-05-20 04:21:06.761 10 INFO neutron.db.ovn_revision_numbers_db [None req-aa273c83-0f31-4e00-81fc-8feb31dd9743 863eb99aa6a94720be3fce0498d25c92 372b4dd9000f4fe0aa368e2fbc339545 - - default default] Successfully bumped revision number for resource 9a5bd483-24b8-4672-88d5-0c3c80fd9102 (type: security_group_rules) to 0
2026-05-20 04:21:06.778 10 INFO neutron.db.ovn_revision_numbers_db [None req-aa273c83-0f31-4e00-81fc-8feb31dd9743 863eb99aa6a94720be3fce0498d25c92 372b4dd9000f4fe0aa368e2fbc339545 - - default default] Successfully bumped revision number for resource d6f218ae-8ea6-485e-af3f-4aa9995aef08 (type: security_group_rules) to 0
2026-05-20 04:21:06.831 10 INFO neutron.api.wsgi [None req-aa273c83-0f31-4e00-81fc-8feb31dd9743 863eb99aa6a94720be3fce0498d25c92 372b4dd9000f4fe0aa368e2fbc339545 - - default default] 10.0.0.8 "GET /v2.0/security-groups?tenant_id=af9d7f06eb0f418cb9c2ac7f1f8e1dcc&name=default HTTP/1.1" status: 200 len: 3120 time: 0.2655957
2026-05-20 04:21:06.879 10 WARNING neutron.scheduler.dhcp_agent_scheduler [None req-c06af94b-e162-4dcd-ae38-db8a98d33280 5c9650eab87548fda8634283c54ae429 cf993119edf442dea253208114a162ea - - default default] No more DHCP agents
2026-05-20 04:21:06.880 10 WARNING neutron.api.rpc.agentnotifiers.dhcp_rpc_agent_api [None req-c06af94b-e162-4dcd-ae38-db8a98d33280 5c9650eab87548fda8634283c54ae429 cf993119edf442dea253208114a162ea - - default default] Unable to schedule network 5021d99f-caea-4a92-894d-2be40c8933ba: no agents available; will retry on subsequent port and subnet creation events.
2026-05-20 04:21:07.067 9 INFO neutron.api.wsgi [None req-f3edeadd-df07-468f-b5df-459f452c4cc0 863eb99aa6a94720be3fce0498d25c92 372b4dd9000f4fe0aa368e2fbc339545 - - default default] 10.0.0.8 "DELETE /v2.0/security-groups/c9647846-9188-4762-bde7-53752a27a1dc HTTP/1.1" status: 204 len: 168 time: 0.2312350
2026-05-20 04:21:07.168 9 INFO neutron.db.ovn_revision_numbers_db [None req-3d30509e-ec59-4480-bc9f-f0873fd46bf2 863eb99aa6a94720be3fce0498d25c92 372b4dd9000f4fe0aa368e2fbc339545 - - default default] Successfully bumped revision number for resource 55c9c177-168b-45d4-9efd-84802efff430 (type: security_groups) to 1
2026-05-20 04:21:07.178 9 INFO neutron.db.ovn_revision_numbers_db [None req-3d30509e-ec59-4480-bc9f-f0873fd46bf2 863eb99aa6a94720be3fce0498d25c92 372b4dd9000f4fe0aa368e2fbc339545 - - default default] Successfully bumped revision number for resource 399074f1-bb52-407e-9db2-fec1befb525e (type: security_group_rules) to 0
2026-05-20 04:21:07.191 9 INFO neutron.db.ovn_revision_numbers_db [None req-3d30509e-ec59-4480-bc9f-f0873fd46bf2 863eb99aa6a94720be3fce0498d25c92 372b4dd9000f4fe0aa368e2fbc339545 - - default default] Successfully bumped revision number for resource 400cbd36-39e8-4d5d-bd09-4eee290b6d6b (type: security_group_rules) to 0
2026-05-20 04:21:07.202 9 INFO neutron.db.ovn_revision_numbers_db [None req-3d30509e-ec59-4480-bc9f-f0873fd46bf2 863eb99aa6a94720be3fce0498d25c92 372b4dd9000f4fe0aa368e2fbc339545 - - default default] Successfully bumped revision number for resource 6a8fa780-877d-4289-bdc9-22fe78ad8eb9 (type: security_group_rules) to 0
2026-05-20 04:21:07.214 9 INFO neutron.db.ovn_revision_numbers_db [None req-3d30509e-ec59-4480-bc9f-f0873fd46bf2 863eb99aa6a94720be3fce0498d25c92 372b4dd9000f4fe0aa368e2fbc339545 - - default default] Successfully bumped revision number for resource e69de58b-59a9-42c8-b16e-e63ef071a61e (type: security_group_rules) to 0
2026-05-20 04:21:07.246 10 INFO neutron.db.ovn_revision_numbers_db [None req-aa718c14-5ce6-490d-90e3-ca77e2b015d4 - - - - - -] Successfully bumped revision number for resource e3e5182c-99f8-4957-8fac-61f53f63867c (type: ports) to 2
2026-05-20 04:21:07.274 10 INFO neutron.db.ovn_revision_numbers_db [None req-aa718c14-5ce6-490d-90e3-ca77e2b015d4 - - - - - -] Successfully bumped revision number for resource 1d3e0333-b8f7-46d3-b4f8-a07e650f8113 (type: subnets) to 0
2026-05-20 04:21:07.279 9 INFO neutron.db.segments_db [None req-3d30509e-ec59-4480-bc9f-f0873fd46bf2 863eb99aa6a94720be3fce0498d25c92 372b4dd9000f4fe0aa368e2fbc339545 - - default default] Added segment b2824c72-5446-4e70-a8c6-64a80205efbe of type geneve for network 5645e3cb-925a-4f5f-a2b8-4b02c1a0fbaa
2026-05-20 04:21:07.299 10 WARNING neutron.scheduler.dhcp_agent_scheduler [None req-c06af94b-e162-4dcd-ae38-db8a98d33280 5c9650eab87548fda8634283c54ae429 cf993119edf442dea253208114a162ea - - default default] No more DHCP agents
2026-05-20 04:21:07.301 10 WARNING neutron.api.rpc.agentnotifiers.dhcp_rpc_agent_api [None req-c06af94b-e162-4dcd-ae38-db8a98d33280 5c9650eab87548fda8634283c54ae429 cf993119edf442dea253208114a162ea - - default default] Unable to schedule network 46d19e52-4d59-489f-9956-8f22969ba736: no agents available; will retry on subsequent port and subnet creation events.
2026-05-20 04:21:07.382 9 INFO neutron.db.ovn_revision_numbers_db [None req-3d30509e-ec59-4480-bc9f-f0873fd46bf2 863eb99aa6a94720be3fce0498d25c92 372b4dd9000f4fe0aa368e2fbc339545 - - default default] Successfully bumped revision number for resource 5645e3cb-925a-4f5f-a2b8-4b02c1a0fbaa (type: networks) to 1
2026-05-20 04:21:07.517 9 WARNING neutron.scheduler.dhcp_agent_scheduler [None req-3d30509e-ec59-4480-bc9f-f0873fd46bf2 863eb99aa6a94720be3fce0498d25c92 372b4dd9000f4fe0aa368e2fbc339545 - - default default] No more DHCP agents
2026-05-20 04:21:07.518 9 WARNING neutron.api.rpc.agentnotifiers.dhcp_rpc_agent_api [None req-3d30509e-ec59-4480-bc9f-f0873fd46bf2 863eb99aa6a94720be3fce0498d25c92 372b4dd9000f4fe0aa368e2fbc339545 - - default default] Unable to schedule network 5645e3cb-925a-4f5f-a2b8-4b02c1a0fbaa: no agents available; will retry on subsequent port and subnet creation events.
2026-05-20 04:21:07.572 9 INFO neutron.db.ovn_revision_numbers_db [None req-3d30509e-ec59-4480-bc9f-f0873fd46bf2 863eb99aa6a94720be3fce0498d25c92 372b4dd9000f4fe0aa368e2fbc339545 - - default default] Successfully bumped revision number for resource 93b132c4-03a7-4866-80f9-e63fbe185618 (type: ports) to 1
2026-05-20 04:21:07.591 9 INFO neutron.api.wsgi [None req-3d30509e-ec59-4480-bc9f-f0873fd46bf2 863eb99aa6a94720be3fce0498d25c92 372b4dd9000f4fe0aa368e2fbc339545 - - default default] 10.0.0.8 "POST /v2.0/networks HTTP/1.1" status: 201 len: 946 time: 0.7038620
2026-05-20 04:21:07.672 10 INFO neutron.db.ovn_revision_numbers_db [None req-f8e5a121-5baa-4603-babd-a830fe4e9fb0 - - - - - -] Successfully bumped revision number for resource 1b75e0d8-453d-4fd2-95b3-277e705a95c5 (type: ports) to 2
2026-05-20 04:21:07.698 10 INFO neutron.db.ovn_revision_numbers_db [None req-f8e5a121-5baa-4603-babd-a830fe4e9fb0 - - - - - -] Successfully bumped revision number for resource 173444a3-1972-4d4c-8827-fa3c97334217 (type: subnets) to 0
2026-05-20 04:21:07.715 10 INFO neutron.api.wsgi [None req-c06af94b-e162-4dcd-ae38-db8a98d33280 5c9650eab87548fda8634283c54ae429 cf993119edf442dea253208114a162ea - - default default] 10.0.0.8 "POST /v2.0/subnets HTTP/1.1" status: 201 len: 1473 time: 1.1973670
2026-05-20 04:21:07.724 9 WARNING neutron.scheduler.dhcp_agent_scheduler [None req-010be08d-1f32-41d9-8707-880904a48a40 863eb99aa6a94720be3fce0498d25c92 372b4dd9000f4fe0aa368e2fbc339545 - - default default] No more DHCP agents
2026-05-20 04:21:07.725 9 WARNING neutron.api.rpc.agentnotifiers.dhcp_rpc_agent_api [None req-010be08d-1f32-41d9-8707-880904a48a40 863eb99aa6a94720be3fce0498d25c92 372b4dd9000f4fe0aa368e2fbc339545 - - default default] Unable to schedule network 5645e3cb-925a-4f5f-a2b8-4b02c1a0fbaa: no agents available; will retry on subsequent port and subnet creation events.
2026-05-20 04:21:07.751 10 INFO neutron.api.wsgi [None req-312ea99b-084e-491c-862f-d0515caa7289 5c9650eab87548fda8634283c54ae429 cf993119edf442dea253208114a162ea - - default default] 10.0.0.8 "GET /v2.0/subnets HTTP/1.1" status: 200 len: 2104 time: 0.0298405
2026-05-20 04:21:07.881 10 INFO neutron.api.wsgi [None req-915cef08-7987-4266-846d-996ec570b975 5c9650eab87548fda8634283c54ae429 cf993119edf442dea253208114a162ea - - default default] 10.0.0.8 "DELETE /v2.0/subnets/1d3e0333-b8f7-46d3-b4f8-a07e650f8113 HTTP/1.1" status: 204 len: 168 time: 0.1245692
2026-05-20 04:21:08.052 10 INFO neutron.api.wsgi [None req-e593118e-b0b9-4f1f-9d83-74e6a1cafc5f 5c9650eab87548fda8634283c54ae429 cf993119edf442dea253208114a162ea - - default default] 10.0.0.8 "DELETE /v2.0/subnets/173444a3-1972-4d4c-8827-fa3c97334217 HTTP/1.1" status: 204 len: 168 time: 0.1646609
2026-05-20 04:21:08.080 10 INFO neutron.api.wsgi [None req-8e0730ad-cbed-4c86-a61f-78fb7d71f4b9 5c9650eab87548fda8634283c54ae429 cf993119edf442dea253208114a162ea - - default default] 10.0.0.8 "GET /v2.0/subnets HTTP/1.1" status: 200 len: 843 time: 0.0226829
2026-05-20 04:21:08.129 9 INFO neutron.db.ovn_revision_numbers_db [None req-ff2bec64-4daf-4c84-b47b-c344e5f388ec - - - - - -] Successfully bumped revision number for resource 93b132c4-03a7-4866-80f9-e63fbe185618 (type: ports) to 2
2026-05-20 04:21:08.179 9 INFO neutron.db.ovn_revision_numbers_db [None req-ff2bec64-4daf-4c84-b47b-c344e5f388ec - - - - - -] Successfully bumped revision number for resource 9d560e38-a9da-4fd1-9fc4-97de38a9684e (type: subnets) to 0
2026-05-20 04:21:08.205 9 INFO neutron.api.wsgi [None req-010be08d-1f32-41d9-8707-880904a48a40 863eb99aa6a94720be3fce0498d25c92 372b4dd9000f4fe0aa368e2fbc339545 - - default default] 10.0.0.8 "POST /v2.0/subnets HTTP/1.1" status: 201 len: 890 time: 0.6081896
2026-05-20 04:21:08.392 10 INFO neutron.api.wsgi [None req-09542196-69b6-4bc7-8d65-76b0b38fc310 5c9650eab87548fda8634283c54ae429 cf993119edf442dea253208114a162ea - - default default] 10.0.0.8 "DELETE /v2.0/networks/46d19e52-4d59-489f-9956-8f22969ba736 HTTP/1.1" status: 204 len: 168 time: 0.3038750
2026-05-20 04:21:08.485 10 INFO neutron.services.segments.plugin [-] Segment 168742b7-03b2-4438-951c-d17797d79865 resource provider aggregate not found
2026-05-20 04:21:08.491 10 INFO neutron.services.segments.plugin [-] Segment 168742b7-03b2-4438-951c-d17797d79865 resource provider aggregate not found
2026-05-20 04:21:08.499 10 INFO neutron.services.segments.plugin [-] Segment 168742b7-03b2-4438-951c-d17797d79865 resource provider not found; error: Placement Client Error (4xx): {"errors": [{"status": 404, "title": "Not Found", "detail": "The resource could not be found.\n\n No resource provider with uuid 168742b7-03b2-4438-951c-d17797d79865 found for delete ", "request_id": "req-a37b16a3-d673-4bb8-a4c3-8d12582dee32"}]}
2026-05-20 04:21:08.502 10 INFO neutron.services.segments.plugin [-] Segment 168742b7-03b2-4438-951c-d17797d79865 resource provider not found; error: Placement Client Error (4xx): {"errors": [{"status": 404, "title": "Not Found", "detail": "The resource could not be found.\n\n No resource provider with uuid 168742b7-03b2-4438-951c-d17797d79865 found for delete ", "request_id": "req-3c3be427-c57b-464e-9fd4-f96f6f4c856d"}]}
2026-05-20 04:21:08.549 9 WARNING neutron_lib.context [None req-6c10b3b8-a879-4b3c-970b-0f5372937e38 e209b11af4e042da8bdf6f5f0703dbd7 edf02e9302b24726b745188e8fd21b6b - - default default] Method 'is_advsvc' is deprecated since 2023.2 release (neutron-lib 3.8.0) and will be removed once support for the old RBAC API policies will be removed from Neutron. Please use method 'is_service_role' instead.
2026-05-20 04:21:08.557 9 INFO neutron.api.wsgi [-] 10.0.0.119 "GET / HTTP/1.1" status: 200 len: 247 time: 0.0012047
2026-05-20 04:21:08.557 10 INFO neutron.api.wsgi [-] 10.0.0.119 "GET / HTTP/1.1" status: 200 len: 247 time: 0.0013514
2026-05-20 04:21:08.607 9 WARNING neutron.scheduler.dhcp_agent_scheduler [None req-a4e79726-1d9d-453b-9ced-15baea1e6f47 863eb99aa6a94720be3fce0498d25c92 372b4dd9000f4fe0aa368e2fbc339545 - - default default] No more DHCP agents
2026-05-20 04:21:08.608 9 WARNING neutron.api.rpc.agentnotifiers.dhcp_rpc_agent_api [None req-a4e79726-1d9d-453b-9ced-15baea1e6f47 863eb99aa6a94720be3fce0498d25c92 372b4dd9000f4fe0aa368e2fbc339545 - - default default] Unable to schedule network b4089aac-2d02-4206-94da-046c5aa2ba30: no agents available; will retry on subsequent port and subnet creation events.
2026-05-20 04:21:08.682 9 INFO neutron.db.ovn_revision_numbers_db [None req-6c10b3b8-a879-4b3c-970b-0f5372937e38 e209b11af4e042da8bdf6f5f0703dbd7 edf02e9302b24726b745188e8fd21b6b - - default default] Successfully bumped revision number for resource 1717e525-6e72-4481-b362-0078c1a59130 (type: security_groups) to 1
2026-05-20 04:21:08.700 9 INFO neutron.db.ovn_revision_numbers_db [None req-6c10b3b8-a879-4b3c-970b-0f5372937e38 e209b11af4e042da8bdf6f5f0703dbd7 edf02e9302b24726b745188e8fd21b6b - - default default] Successfully bumped revision number for resource 017d7086-0b16-45b0-afcf-9901c98984ed (type: security_group_rules) to 0
2026-05-20 04:21:08.713 10 INFO neutron.api.wsgi [None req-427c6b4b-9f4e-4111-8d47-9ffbe265d889 5c9650eab87548fda8634283c54ae429 cf993119edf442dea253208114a162ea - - default default] 10.0.0.8 "DELETE /v2.0/networks/5021d99f-caea-4a92-894d-2be40c8933ba HTTP/1.1" status: 204 len: 168 time: 0.3171020
2026-05-20 04:21:08.714 9 INFO neutron.db.ovn_revision_numbers_db [None req-6c10b3b8-a879-4b3c-970b-0f5372937e38 e209b11af4e042da8bdf6f5f0703dbd7 edf02e9302b24726b745188e8fd21b6b - - default default] Successfully bumped revision number for resource 52a76386-cdaf-4f98-978f-23e827c710d0 (type: security_group_rules) to 0
2026-05-20 04:21:08.731 9 INFO neutron.db.ovn_revision_numbers_db [None req-6c10b3b8-a879-4b3c-970b-0f5372937e38 e209b11af4e042da8bdf6f5f0703dbd7 edf02e9302b24726b745188e8fd21b6b - - default default] Successfully bumped revision number for resource e070ee92-fda5-4c11-9f0e-5b02e3e7d66a (type: security_group_rules) to 0
2026-05-20 04:21:08.744 9 INFO neutron.db.ovn_revision_numbers_db [None req-a4e79726-1d9d-453b-9ced-15baea1e6f47 863eb99aa6a94720be3fce0498d25c92 372b4dd9000f4fe0aa368e2fbc339545 - - default default] Successfully bumped revision number for resource d49da4e2-448a-4a4a-a668-3e6418e5f1e9 (type: ports) to 1
2026-05-20 04:21:08.746 9 INFO neutron.db.ovn_revision_numbers_db [None req-6c10b3b8-a879-4b3c-970b-0f5372937e38 e209b11af4e042da8bdf6f5f0703dbd7 edf02e9302b24726b745188e8fd21b6b - - default default] Successfully bumped revision number for resource e64ded5d-0597-4542-b025-68bf6537b199 (type: security_group_rules) to 0
2026-05-20 04:21:08.832 9 INFO neutron.db.segments_db [None req-6c10b3b8-a879-4b3c-970b-0f5372937e38 e209b11af4e042da8bdf6f5f0703dbd7 edf02e9302b24726b745188e8fd21b6b - - default default] Added segment 2db2cb14-c3c0-415e-a926-86a1096ef379 of type geneve for network b037cab6-7162-40d2-9dad-6613f9afc5a4
2026-05-20 04:21:08.969 9 INFO neutron.db.ovn_revision_numbers_db [None req-6c10b3b8-a879-4b3c-970b-0f5372937e38 e209b11af4e042da8bdf6f5f0703dbd7 edf02e9302b24726b745188e8fd21b6b - - default default] Successfully bumped revision number for resource b037cab6-7162-40d2-9dad-6613f9afc5a4 (type: networks) to 1
2026-05-20 04:21:09.023 10 INFO neutron.api.wsgi [None req-b8f8ddba-67fb-4d54-8ef6-cf40a0f2c684 5c9650eab87548fda8634283c54ae429 cf993119edf442dea253208114a162ea - - default default] 10.0.0.8 "DELETE /v2.0/networks/d4083f84-ca1c-46c9-a9fe-325a82ac6daf HTTP/1.1" status: 204 len: 168 time: 0.3030417
2026-05-20 04:21:09.160 9 WARNING neutron.scheduler.dhcp_agent_scheduler [None req-6c10b3b8-a879-4b3c-970b-0f5372937e38 e209b11af4e042da8bdf6f5f0703dbd7 edf02e9302b24726b745188e8fd21b6b - - default default] No more DHCP agents
2026-05-20 04:21:09.162 9 WARNING neutron.api.rpc.agentnotifiers.dhcp_rpc_agent_api [None req-6c10b3b8-a879-4b3c-970b-0f5372937e38 e209b11af4e042da8bdf6f5f0703dbd7 edf02e9302b24726b745188e8fd21b6b - - default default] Unable to schedule network b037cab6-7162-40d2-9dad-6613f9afc5a4: no agents available; will retry on subsequent port and subnet creation events.
2026-05-20 04:21:09.223 9 INFO neutron.db.ovn_revision_numbers_db [None req-6c10b3b8-a879-4b3c-970b-0f5372937e38 e209b11af4e042da8bdf6f5f0703dbd7 edf02e9302b24726b745188e8fd21b6b - - default default] Successfully bumped revision number for resource 5e6c5cb9-c15d-425e-814f-85f7f1307a08 (type: ports) to 1
2026-05-20 04:21:09.245 9 INFO neutron.api.wsgi [None req-6c10b3b8-a879-4b3c-970b-0f5372937e38 e209b11af4e042da8bdf6f5f0703dbd7 edf02e9302b24726b745188e8fd21b6b - - default default] 10.0.0.8 "POST /v2.0/networks HTTP/1.1" status: 201 len: 833 time: 0.8775420
2026-05-20 04:21:09.256 10 WARNING neutron_lib.context [None req-99bd4ed1-9dcb-452e-af1c-64fe375848a5 e209b11af4e042da8bdf6f5f0703dbd7 edf02e9302b24726b745188e8fd21b6b - - default default] Method 'is_advsvc' is deprecated since 2023.2 release (neutron-lib 3.8.0) and will be removed once support for the old RBAC API policies will be removed from Neutron. Please use method 'is_service_role' instead.
2026-05-20 04:21:09.319 10 INFO neutron.api.wsgi [None req-1a4ef672-0511-4637-b815-811b407f9512 5c9650eab87548fda8634283c54ae429 cf993119edf442dea253208114a162ea - - default default] 10.0.0.8 "DELETE /v2.0/networks/3dcc6a03-8ed2-4b08-a2b1-fdd573b29093 HTTP/1.1" status: 204 len: 168 time: 0.2893178
2026-05-20 04:21:09.340 10 INFO neutron.db.segments_db [None req-99bd4ed1-9dcb-452e-af1c-64fe375848a5 e209b11af4e042da8bdf6f5f0703dbd7 edf02e9302b24726b745188e8fd21b6b - - default default] Added segment 23445820-181a-472f-a042-3383b8a187f9 of type geneve for network e5a65933-93e9-41f1-a032-9522986416be
2026-05-20 04:21:09.372 9 INFO neutron.plugins.ml2.drivers.ovn.mech_driver.ovsdb.commands [None req-12ab5c90-8989-4f42-9334-e79221420d30 - - - - - -] Schedule LRP lrp-d49da4e2-448a-4a4a-a668-3e6418e5f1e9 on gateway 84081367-4f53-4f23-9772-58bfc96e566c with priority 1
2026-05-20 04:21:09.398 10 INFO neutron.plugins.ml2.drivers.ovn.mech_driver.mech_driver [None req-4cdfeefa-0004-4c26-9dec-e4af5a636d55 - - - - - -] OVN reports status up for port: d49da4e2-448a-4a4a-a668-3e6418e5f1e9
2026-05-20 04:21:09.407 10 INFO neutron.plugins.ml2.drivers.ovn.mech_driver.ovsdb.ovsdb_monitor [None req-a022b78f-c21d-4faf-a0d7-243f867b6e94 - - - - - -] Router 3771e593-52ca-4278-85de-8403b9d473b5 is bound to host instance
2026-05-20 04:21:09.410 9 INFO neutron.db.ovn_revision_numbers_db [None req-a4e79726-1d9d-453b-9ced-15baea1e6f47 863eb99aa6a94720be3fce0498d25c92 372b4dd9000f4fe0aa368e2fbc339545 - - default default] Successfully bumped revision number for resource d49da4e2-448a-4a4a-a668-3e6418e5f1e9 (type: router_ports) to 1
2026-05-20 04:21:09.419 10 INFO neutron.plugins.ml2.plugin [None req-4cdfeefa-0004-4c26-9dec-e4af5a636d55 - - - - - -] Attempt 1 to provision port d49da4e2-448a-4a4a-a668-3e6418e5f1e9
2026-05-20 04:21:09.483 9 INFO neutron.db.ovn_revision_numbers_db [None req-a4e79726-1d9d-453b-9ced-15baea1e6f47 863eb99aa6a94720be3fce0498d25c92 372b4dd9000f4fe0aa368e2fbc339545 - - default default] Successfully bumped revision number for resource 3771e593-52ca-4278-85de-8403b9d473b5 (type: routers) to 2
2026-05-20 04:21:09.507 9 INFO neutron.api.wsgi [None req-a4e79726-1d9d-453b-9ced-15baea1e6f47 863eb99aa6a94720be3fce0498d25c92 372b4dd9000f4fe0aa368e2fbc339545 - - default default] 10.0.0.8 "POST /v2.0/routers HTTP/1.1" status: 201 len: 1168 time: 1.2936747
2026-05-20 04:21:09.513 10 INFO neutron.db.ovn_revision_numbers_db [None req-99bd4ed1-9dcb-452e-af1c-64fe375848a5 e209b11af4e042da8bdf6f5f0703dbd7 edf02e9302b24726b745188e8fd21b6b - - default default] Successfully bumped revision number for resource e5a65933-93e9-41f1-a032-9522986416be (type: networks) to 1
2026-05-20 04:21:09.713 10 INFO neutron.db.ovn_revision_numbers_db [None req-b7cd0ff3-bc39-4744-9f8e-ff48382b8de3 863eb99aa6a94720be3fce0498d25c92 372b4dd9000f4fe0aa368e2fbc339545 - - default default] Successfully bumped revision number for resource 70db8886-2998-44fc-b4b9-bb13ec5393f9 (type: security_groups) to 1
2026-05-20 04:21:09.717 10 WARNING neutron.scheduler.dhcp_agent_scheduler [None req-99bd4ed1-9dcb-452e-af1c-64fe375848a5 e209b11af4e042da8bdf6f5f0703dbd7 edf02e9302b24726b745188e8fd21b6b - - default default] No more DHCP agents
2026-05-20 04:21:09.719 10 WARNING neutron.api.rpc.agentnotifiers.dhcp_rpc_agent_api [None req-99bd4ed1-9dcb-452e-af1c-64fe375848a5 e209b11af4e042da8bdf6f5f0703dbd7 edf02e9302b24726b745188e8fd21b6b - - default default] Unable to schedule network e5a65933-93e9-41f1-a032-9522986416be: no agents available; will retry on subsequent port and subnet creation events.
2026-05-20 04:21:09.738 10 INFO neutron.db.ovn_revision_numbers_db [None req-b7cd0ff3-bc39-4744-9f8e-ff48382b8de3 863eb99aa6a94720be3fce0498d25c92 372b4dd9000f4fe0aa368e2fbc339545 - - default default] Successfully bumped revision number for resource 338beedb-99f9-4ea4-ba7c-18c9063e8e52 (type: security_group_rules) to 0
2026-05-20 04:21:09.760 10 INFO neutron.db.ovn_revision_numbers_db [None req-b7cd0ff3-bc39-4744-9f8e-ff48382b8de3 863eb99aa6a94720be3fce0498d25c92 372b4dd9000f4fe0aa368e2fbc339545 - - default default] Successfully bumped revision number for resource 8cd32817-7e9e-484f-ab8f-b7c28fe59ad0 (type: security_group_rules) to 0
2026-05-20 04:21:09.781 10 INFO neutron.db.ovn_revision_numbers_db [None req-b7cd0ff3-bc39-4744-9f8e-ff48382b8de3 863eb99aa6a94720be3fce0498d25c92 372b4dd9000f4fe0aa368e2fbc339545 - - default default] Successfully bumped revision number for resource 931b983d-67b4-4008-8d2e-ab7bdffbe845 (type: security_group_rules) to 0
2026-05-20 04:21:09.785 9 INFO neutron.api.wsgi [None req-2856d0d7-6d20-4cdc-b917-7612c2c16d30 863eb99aa6a94720be3fce0498d25c92 372b4dd9000f4fe0aa368e2fbc339545 - - default default] 10.0.0.8 "GET /v2.0/security-groups?tenant_id=cf993119edf442dea253208114a162ea&name=default HTTP/1.1" status: 200 len: 3120 time: 0.0805597
2026-05-20 04:21:09.803 10 INFO neutron.db.ovn_revision_numbers_db [None req-b7cd0ff3-bc39-4744-9f8e-ff48382b8de3 863eb99aa6a94720be3fce0498d25c92 372b4dd9000f4fe0aa368e2fbc339545 - - default default] Successfully bumped revision number for resource ea8b84c4-a5ed-4670-b208-a1ad4bb8e978 (type: security_group_rules) to 0
2026-05-20 04:21:09.805 10 INFO neutron.db.ovn_revision_numbers_db [None req-99bd4ed1-9dcb-452e-af1c-64fe375848a5 e209b11af4e042da8bdf6f5f0703dbd7 edf02e9302b24726b745188e8fd21b6b - - default default] Successfully bumped revision number for resource f7009d2d-8d13-4e64-9b61-fe4bc8672783 (type: ports) to 1
2026-05-20 04:21:09.833 10 INFO neutron.api.wsgi [None req-99bd4ed1-9dcb-452e-af1c-64fe375848a5 e209b11af4e042da8bdf6f5f0703dbd7 edf02e9302b24726b745188e8fd21b6b - - default default] 10.0.0.8 "POST /v2.0/networks HTTP/1.1" status: 201 len: 833 time: 0.5824237
2026-05-20 04:21:09.843 10 INFO neutron.api.wsgi [None req-b7cd0ff3-bc39-4744-9f8e-ff48382b8de3 863eb99aa6a94720be3fce0498d25c92 372b4dd9000f4fe0aa368e2fbc339545 - - default default] 10.0.0.8 "GET /v2.0/security-groups?tenant_id=5ddc528fcee646a89946c64abd086879&name=default HTTP/1.1" status: 200 len: 3120 time: 0.4949734
2026-05-20 04:21:09.851 9 WARNING neutron_lib.context [None req-34b35f39-380b-43e7-917d-3ea3a07bf177 e209b11af4e042da8bdf6f5f0703dbd7 edf02e9302b24726b745188e8fd21b6b - - default default] Method 'is_advsvc' is deprecated since 2023.2 release (neutron-lib 3.8.0) and will be removed once support for the old RBAC API policies will be removed from Neutron. Please use method 'is_service_role' instead.
2026-05-20 04:21:09.932 10 INFO neutron.db.ovn_revision_numbers_db [None req-ef2b0ffd-4bf3-4b3e-ab69-21230a009bc0 - - - - - -] Successfully bumped revision number for resource d49da4e2-448a-4a4a-a668-3e6418e5f1e9 (type: ports) to 1
2026-05-20 04:21:09.966 9 WARNING neutron.scheduler.dhcp_agent_scheduler [None req-d1b28f27-0542-4ed4-8895-cdc5122ba07b 863eb99aa6a94720be3fce0498d25c92 372b4dd9000f4fe0aa368e2fbc339545 - - default default] No more DHCP agents
2026-05-20 04:21:09.974 9 WARNING neutron.api.rpc.agentnotifiers.dhcp_rpc_agent_api [None req-d1b28f27-0542-4ed4-8895-cdc5122ba07b 863eb99aa6a94720be3fce0498d25c92 372b4dd9000f4fe0aa368e2fbc339545 - - default default] Unable to schedule network 5645e3cb-925a-4f5f-a2b8-4b02c1a0fbaa: no agents available; will retry on subsequent port and subnet creation events.
2026-05-20 04:21:10.072 10 INFO neutron.api.wsgi [None req-d345e9ed-f295-496f-b3a7-44965ddf2d43 863eb99aa6a94720be3fce0498d25c92 372b4dd9000f4fe0aa368e2fbc339545 - - default default] 10.0.0.8 "DELETE /v2.0/security-groups/70db8886-2998-44fc-b4b9-bb13ec5393f9 HTTP/1.1" status: 204 len: 168 time: 0.2243724
2026-05-20 04:21:10.090 9 INFO neutron.api.wsgi [None req-afc80570-c59e-4f2c-9b68-466f447c603b 863eb99aa6a94720be3fce0498d25c92 372b4dd9000f4fe0aa368e2fbc339545 - - default default] 10.0.0.8 "DELETE /v2.0/security-groups/841e0753-1072-425a-9cd8-cea894508af7 HTTP/1.1" status: 204 len: 168 time: 0.2982833
2026-05-20 04:21:10.110 9 WARNING neutron.scheduler.dhcp_agent_scheduler [None req-34b35f39-380b-43e7-917d-3ea3a07bf177 e209b11af4e042da8bdf6f5f0703dbd7 edf02e9302b24726b745188e8fd21b6b - - default default] No more DHCP agents
2026-05-20 04:21:10.111 9 WARNING neutron.api.rpc.agentnotifiers.dhcp_rpc_agent_api [None req-34b35f39-380b-43e7-917d-3ea3a07bf177 e209b11af4e042da8bdf6f5f0703dbd7 edf02e9302b24726b745188e8fd21b6b - - default default] Unable to schedule network b037cab6-7162-40d2-9dad-6613f9afc5a4: no agents available; will retry on subsequent port and subnet creation events.
2026-05-20 04:21:10.140 9 INFO neutron.db.ovn_revision_numbers_db [None req-d1b28f27-0542-4ed4-8895-cdc5122ba07b 863eb99aa6a94720be3fce0498d25c92 372b4dd9000f4fe0aa368e2fbc339545 - - default default] Successfully bumped revision number for resource 06e2a0c8-039a-4a58-9f7a-d5d7be7e599e (type: ports) to 1
2026-05-20 04:21:10.142 9 INFO neutron.db.ovn_revision_numbers_db [None req-34b35f39-380b-43e7-917d-3ea3a07bf177 e209b11af4e042da8bdf6f5f0703dbd7 edf02e9302b24726b745188e8fd21b6b - - default default] Successfully bumped revision number for resource 3c0b3549-6faa-4818-a0e5-bd6f470d25f9 (type: subnets) to 0
2026-05-20 04:21:10.154 9 INFO neutron.api.wsgi [None req-34b35f39-380b-43e7-917d-3ea3a07bf177 e209b11af4e042da8bdf6f5f0703dbd7 edf02e9302b24726b745188e8fd21b6b - - default default] 10.0.0.8 "POST /v2.0/subnets HTTP/1.1" status: 201 len: 845 time: 0.3156998
2026-05-20 04:21:10.163 10 WARNING neutron_lib.context [None req-16c45831-8338-42b7-90ee-0c6d298207e5 e209b11af4e042da8bdf6f5f0703dbd7 edf02e9302b24726b745188e8fd21b6b - - default default] Method 'is_advsvc' is deprecated since 2023.2 release (neutron-lib 3.8.0) and will be removed once support for the old RBAC API policies will be removed from Neutron. Please use method 'is_service_role' instead.
2026-05-20 04:21:10.258 10 INFO neutron.db.ovn_revision_numbers_db [None req-ef2b0ffd-4bf3-4b3e-ab69-21230a009bc0 - - - - - -] Successfully bumped revision number for resource d49da4e2-448a-4a4a-a668-3e6418e5f1e9 (type: ports) to 4
2026-05-20 04:21:10.350 10 WARNING neutron.scheduler.dhcp_agent_scheduler [None req-16c45831-8338-42b7-90ee-0c6d298207e5 e209b11af4e042da8bdf6f5f0703dbd7 edf02e9302b24726b745188e8fd21b6b - - default default] No more DHCP agents
2026-05-20 04:21:10.353 10 WARNING neutron.api.rpc.agentnotifiers.dhcp_rpc_agent_api [None req-16c45831-8338-42b7-90ee-0c6d298207e5 e209b11af4e042da8bdf6f5f0703dbd7 edf02e9302b24726b745188e8fd21b6b - - default default] Unable to schedule network e5a65933-93e9-41f1-a032-9522986416be: no agents available; will retry on subsequent port and subnet creation events.
2026-05-20 04:21:10.380 10 INFO neutron.db.ovn_revision_numbers_db [None req-16c45831-8338-42b7-90ee-0c6d298207e5 e209b11af4e042da8bdf6f5f0703dbd7 edf02e9302b24726b745188e8fd21b6b - - default default] Successfully bumped revision number for resource 611dc5b6-fe28-4336-8d71-d61e472fb631 (type: subnets) to 0
2026-05-20 04:21:10.396 10 INFO neutron.api.wsgi [None req-16c45831-8338-42b7-90ee-0c6d298207e5 e209b11af4e042da8bdf6f5f0703dbd7 edf02e9302b24726b745188e8fd21b6b - - default default] 10.0.0.8 "POST /v2.0/subnets HTTP/1.1" status: 201 len: 854 time: 0.2370763
2026-05-20 04:21:10.407 10 WARNING neutron_lib.context [None req-f8db14b8-f5cd-472f-a82c-daa81b8249b2 e209b11af4e042da8bdf6f5f0703dbd7 edf02e9302b24726b745188e8fd21b6b - - default default] Method 'is_advsvc' is deprecated since 2023.2 release (neutron-lib 3.8.0) and will be removed once support for the old RBAC API policies will be removed from Neutron. Please use method 'is_service_role' instead.
2026-05-20 04:21:10.508 10 INFO neutron.db.ovn_revision_numbers_db [None req-f8db14b8-f5cd-472f-a82c-daa81b8249b2 e209b11af4e042da8bdf6f5f0703dbd7 edf02e9302b24726b745188e8fd21b6b - - default default] Successfully bumped revision number for resource efeec559-94d3-453f-9595-0d217d9ad835 (type: routers) to 1
2026-05-20 04:21:10.518 10 INFO neutron.services.segments.plugin [-] Segment bc4f7c1a-a778-4862-ba7d-dd971f5008ea resource provider aggregate not found
2026-05-20 04:21:10.521 10 INFO neutron.services.segments.plugin [-] Segment bc4f7c1a-a778-4862-ba7d-dd971f5008ea resource provider aggregate not found
2026-05-20 04:21:10.525 10 INFO neutron.api.wsgi [None req-f8db14b8-f5cd-472f-a82c-daa81b8249b2 e209b11af4e042da8bdf6f5f0703dbd7 edf02e9302b24726b745188e8fd21b6b - - default default] 10.0.0.8 "POST /v2.0/routers HTTP/1.1" status: 201 len: 805 time: 0.1220732
2026-05-20 04:21:10.529 10 INFO neutron.services.segments.plugin [-] Segment bc4f7c1a-a778-4862-ba7d-dd971f5008ea resource provider not found; error: Placement Client Error (4xx): {"errors": [{"status": 404, "title": "Not Found", "detail": "The resource could not be found.\n\n No resource provider with uuid bc4f7c1a-a778-4862-ba7d-dd971f5008ea found for delete ", "request_id": "req-eb0fd01b-0417-4f89-953a-8a78f0337155"}]}
2026-05-20 04:21:10.533 10 INFO neutron.services.segments.plugin [-] Segment bc4f7c1a-a778-4862-ba7d-dd971f5008ea resource provider not found; error: Placement Client Error (4xx): {"errors": [{"status": 404, "title": "Not Found", "detail": "The resource could not be found.\n\n No resource provider with uuid bc4f7c1a-a778-4862-ba7d-dd971f5008ea found for delete ", "request_id": "req-d875d6c2-abdd-448c-a30d-9ac02b48f107"}]}
2026-05-20 04:21:10.542 10 INFO neutron.services.segments.plugin [-] Segment bd3871c4-de93-469f-b5cb-f20af2ec30b0 resource provider aggregate not found
2026-05-20 04:21:10.544 10 INFO neutron.services.segments.plugin [-] Segment bd3871c4-de93-469f-b5cb-f20af2ec30b0 resource provider aggregate not found
2026-05-20 04:21:10.555 10 INFO neutron.services.segments.plugin [-] Segment bd3871c4-de93-469f-b5cb-f20af2ec30b0 resource provider not found; error: Placement Client Error (4xx): {"errors": [{"status": 404, "title": "Not Found", "detail": "The resource could not be found.\n\n No resource provider with uuid bd3871c4-de93-469f-b5cb-f20af2ec30b0 found for delete ", "request_id": "req-60b813d7-2615-448b-b0be-8d52adfa68d1"}]}
2026-05-20 04:21:10.559 10 INFO neutron.services.segments.plugin [-] Segment bd3871c4-de93-469f-b5cb-f20af2ec30b0 resource provider not found; error: Placement Client Error (4xx): {"errors": [{"status": 404, "title": "Not Found", "detail": "The resource could not be found.\n\n No resource provider with uuid bd3871c4-de93-469f-b5cb-f20af2ec30b0 found for delete ", "request_id": "req-e98d635f-931c-487a-a6f3-544c73c6f1f6"}]}
2026-05-20 04:21:10.567 10 INFO neutron.services.segments.plugin [-] Segment 423380d6-a382-4051-9699-8fdb5d80820b resource provider aggregate not found
2026-05-20 04:21:10.569 10 INFO neutron.db.ovn_revision_numbers_db [None req-ef2b0ffd-4bf3-4b3e-ab69-21230a009bc0 - - - - - -] Successfully bumped revision number for resource d49da4e2-448a-4a4a-a668-3e6418e5f1e9 (type: ports) to 5
2026-05-20 04:21:10.572 10 INFO neutron.services.segments.plugin [-] Segment 423380d6-a382-4051-9699-8fdb5d80820b resource provider aggregate not found
2026-05-20 04:21:10.576 10 INFO neutron.services.segments.plugin [-] Segment 423380d6-a382-4051-9699-8fdb5d80820b resource provider not found; error: Placement Client Error (4xx): {"errors": [{"status": 404, "title": "Not Found", "detail": "The resource could not be found.\n\n No resource provider with uuid 423380d6-a382-4051-9699-8fdb5d80820b found for delete ", "request_id": "req-460c00fa-b871-494f-9045-22e6ae2d356a"}]}
2026-05-20 04:21:10.581 10 INFO neutron.services.segments.plugin [-] Segment 423380d6-a382-4051-9699-8fdb5d80820b resource provider not found; error: Placement Client Error (4xx): {"errors": [{"status": 404, "title": "Not Found", "detail": "The resource could not be found.\n\n No resource provider with uuid 423380d6-a382-4051-9699-8fdb5d80820b found for delete ", "request_id": "req-5ce5249e-2e67-4d63-8113-336758160ba9"}]}
2026-05-20 04:21:10.865 9 INFO neutron.db.ovn_revision_numbers_db [None req-d1b28f27-0542-4ed4-8895-cdc5122ba07b 863eb99aa6a94720be3fce0498d25c92 372b4dd9000f4fe0aa368e2fbc339545 - - default default] Successfully bumped revision number for resource 06e2a0c8-039a-4a58-9f7a-d5d7be7e599e (type: ports) to 1
2026-05-20 04:21:10.927 9 WARNING neutron.scheduler.dhcp_agent_scheduler [None req-d1b28f27-0542-4ed4-8895-cdc5122ba07b 863eb99aa6a94720be3fce0498d25c92 372b4dd9000f4fe0aa368e2fbc339545 - - default default] No more DHCP agents
2026-05-20 04:21:10.929 9 WARNING neutron.api.rpc.agentnotifiers.dhcp_rpc_agent_api [None req-d1b28f27-0542-4ed4-8895-cdc5122ba07b 863eb99aa6a94720be3fce0498d25c92 372b4dd9000f4fe0aa368e2fbc339545 - - default default] Unable to schedule network 5645e3cb-925a-4f5f-a2b8-4b02c1a0fbaa: no agents available; will retry on subsequent port and subnet creation events.
2026-05-20 04:21:11.060 9 WARNING neutron.scheduler.dhcp_agent_scheduler [None req-5f2691a2-4dba-47af-8b12-ab35614975c1 e209b11af4e042da8bdf6f5f0703dbd7 edf02e9302b24726b745188e8fd21b6b - - default default] No more DHCP agents
2026-05-20 04:21:11.063 9 WARNING neutron.api.rpc.agentnotifiers.dhcp_rpc_agent_api [None req-5f2691a2-4dba-47af-8b12-ab35614975c1 e209b11af4e042da8bdf6f5f0703dbd7 edf02e9302b24726b745188e8fd21b6b - - default default] Unable to schedule network b037cab6-7162-40d2-9dad-6613f9afc5a4: no agents available; will retry on subsequent port and subnet creation events.
2026-05-20 04:21:11.158 9 INFO neutron.db.ovn_revision_numbers_db [None req-5f2691a2-4dba-47af-8b12-ab35614975c1 e209b11af4e042da8bdf6f5f0703dbd7 edf02e9302b24726b745188e8fd21b6b - - default default] Successfully bumped revision number for resource a2023478-ef4a-48a7-9c8e-60684ed70afd (type: ports) to 1
2026-05-20 04:21:11.395 9 INFO neutron.db.ovn_revision_numbers_db [None req-d1b28f27-0542-4ed4-8895-cdc5122ba07b 863eb99aa6a94720be3fce0498d25c92 372b4dd9000f4fe0aa368e2fbc339545 - - default default] Successfully bumped revision number for resource 06e2a0c8-039a-4a58-9f7a-d5d7be7e599e (type: router_ports) to 1
2026-05-20 04:21:11.399 9 INFO neutron.api.wsgi [None req-d1b28f27-0542-4ed4-8895-cdc5122ba07b 863eb99aa6a94720be3fce0498d25c92 372b4dd9000f4fe0aa368e2fbc339545 - - default default] 10.0.0.8 "PUT /v2.0/routers/3771e593-52ca-4278-85de-8403b9d473b5/add_router_interface HTTP/1.1" status: 200 len: 503 time: 1.8851717
2026-05-20 04:21:11.581 9 INFO neutron.db.ovn_revision_numbers_db [None req-5f2691a2-4dba-47af-8b12-ab35614975c1 e209b11af4e042da8bdf6f5f0703dbd7 edf02e9302b24726b745188e8fd21b6b - - default default] Successfully bumped revision number for resource a2023478-ef4a-48a7-9c8e-60684ed70afd (type: ports) to 1
2026-05-20 04:21:11.617 9 WARNING neutron.scheduler.dhcp_agent_scheduler [None req-5f2691a2-4dba-47af-8b12-ab35614975c1 e209b11af4e042da8bdf6f5f0703dbd7 edf02e9302b24726b745188e8fd21b6b - - default default] No more DHCP agents
