2026-05-20 04:20:28.796 10 INFO neutron.api.wsgi [req-fd1728d8-55ad-42a4-bb9e-7f1258c7e3c2 req-bcf80e8e-6416-4819-951b-53215a5787bc 57692e10e8fd4b328a7dae3cc32e52ec ad1e096be674483688e6e805d7ad783b - - 60addf7264a345b38dfa0ab24c29b325 60addf7264a345b38dfa0ab24c29b325] 199.204.45.77 "GET /v2.0/ports?network_id=0423357d-93d1-4c65-a91f-4d8b2cd49f3f&device_owner=network%3Adhcp HTTP/1.1" status: 200 len: 210 time: 0.0271654
2026-05-20 04:20:28.815 9 INFO neutron.db.ovn_revision_numbers_db [None req-c4566dbe-e511-466d-8b32-dfe56a965179 42a65cfc2ce247629712ef740ebad03d 43877bdc77be453aa5d189138809b7f4 - - default default] Successfully bumped revision number for resource 15bb82be-d4be-427c-8e78-b91d66af1cfb (type: floatingips) to 2
2026-05-20 04:20:28.816 9 INFO neutron.db.l3_db [None req-c4566dbe-e511-466d-8b32-dfe56a965179 42a65cfc2ce247629712ef740ebad03d 43877bdc77be453aa5d189138809b7f4 - - default default] Floating IP 15bb82be-d4be-427c-8e78-b91d66af1cfb associated. External IP: 10.96.250.212, port: 665d99d8-d439-46e8-ad34-16101576adad.
2026-05-20 04:20:28.842 9 INFO neutron.api.wsgi [None req-c4566dbe-e511-466d-8b32-dfe56a965179 42a65cfc2ce247629712ef740ebad03d 43877bdc77be453aa5d189138809b7f4 - - default default] 10.0.0.8 "PUT /v2.0/floatingips/15bb82be-d4be-427c-8e78-b91d66af1cfb HTTP/1.1" status: 200 len: 1049 time: 0.8228586
2026-05-20 04:20:28.845 10 INFO neutron.api.wsgi [req-fd1728d8-55ad-42a4-bb9e-7f1258c7e3c2 req-ef240568-d49f-46c4-aadd-e85d75a68c41 57692e10e8fd4b328a7dae3cc32e52ec ad1e096be674483688e6e805d7ad783b - - 60addf7264a345b38dfa0ab24c29b325 60addf7264a345b38dfa0ab24c29b325] 199.204.45.77 "GET /v2.0/networks/0423357d-93d1-4c65-a91f-4d8b2cd49f3f?fields=segments HTTP/1.1" status: 200 len: 212 time: 0.0445235 /var/lib/openstack/lib/python3.12/site-packages/pycadf/identifier.py:71: UserWarning: Invalid uuid: neutron. To ensure interoperability, identifiers should be a valid uuid. warnings.warn(('Invalid uuid: %s. To ensure interoperability, '
2026-05-20 04:20:28.900 10 INFO neutron.api.wsgi [req-3baca159-31d6-4cd6-859d-fe788b5598c0 req-7b96f41c-b292-47c5-84ff-d3957df7f62a 3b776b72fe684f6a87f99f540cd9e07b 7961e56242d74acf8ee58e3205d6d849 - - default default] 10.0.0.159 "GET /v2.0/ports?device_id=07a50616-053a-4391-86fe-6dabc5cf79f9 HTTP/1.1" status: 200 len: 1172 time: 0.0436506
2026-05-20 04:20:28.936 10 INFO neutron.api.wsgi [req-fd1728d8-55ad-42a4-bb9e-7f1258c7e3c2 req-9437d053-be99-4965-8ea1-2e42e5e364cf 57692e10e8fd4b328a7dae3cc32e52ec ad1e096be674483688e6e805d7ad783b - - 60addf7264a345b38dfa0ab24c29b325 60addf7264a345b38dfa0ab24c29b325] 199.204.45.77 "GET /v2.0/networks/0423357d-93d1-4c65-a91f-4d8b2cd49f3f?fields=provider%3Aphysical_network&fields=provider%3Anetwork_type HTTP/1.1" status: 200 len: 277 time: 0.0787017
2026-05-20 04:20:28.945 10 INFO neutron.db.l3_db [req-1dfb8e07-00e6-4b1e-bac8-972dc221246d req-034a5107-2b37-4e53-b20d-fa81fbb2eecb 3b776b72fe684f6a87f99f540cd9e07b 7961e56242d74acf8ee58e3205d6d849 - - default default] Floating IP e3cab786-846b-4c67-ad56-8709bebcde61 disassociated. External IP: 10.96.250.208, port: 47e4c3ba-473a-4931-841a-e7dbffe72bed.
2026-05-20 04:20:28.964 10 INFO neutron.api.wsgi [req-3baca159-31d6-4cd6-859d-fe788b5598c0 req-dc1543dc-56c6-472f-903f-5684d1c278d5 3b776b72fe684f6a87f99f540cd9e07b 7961e56242d74acf8ee58e3205d6d849 - - default default] 10.0.0.159 "GET /v2.0/security-groups?id=e0d914cd-c6d3-4dd1-ae93-7da5d4a531a0&fields=id&fields=name HTTP/1.1" status: 200 len: 312 time: 0.0575755
2026-05-20 04:20:29.000 9 INFO neutron.api.wsgi [req-a277aaca-ce79-4683-9dfb-54f1d16b3031 req-8be6fbab-c0ab-41a5-852b-8807b0f9990b 42a65cfc2ce247629712ef740ebad03d 43877bdc77be453aa5d189138809b7f4 - - default default] 10.0.0.159 "GET /v2.0/ports?device_id=e29e5d6e-89d3-4aec-ae42-285aa2e1b6bf HTTP/1.1" status: 200 len: 1170 time: 0.1172101 /var/lib/openstack/lib/python3.12/site-packages/pycadf/identifier.py:71: UserWarning: Invalid uuid: neutron. To ensure interoperability, identifiers should be a valid uuid. warnings.warn(('Invalid uuid: %s. To ensure interoperability, '
2026-05-20 04:20:29.043 9 INFO neutron.api.wsgi [req-a277aaca-ce79-4683-9dfb-54f1d16b3031 req-988640e1-e160-4249-9bae-c68d8178cec9 42a65cfc2ce247629712ef740ebad03d 43877bdc77be453aa5d189138809b7f4 - - default default] 10.0.0.159 "GET /v2.0/security-groups?id=80fe619f-aafb-4331-83ec-fc0ffa78f344&fields=id&fields=name HTTP/1.1" status: 200 len: 313 time: 0.0367982
2026-05-20 04:20:29.058 10 INFO neutron.api.wsgi [req-1dfb8e07-00e6-4b1e-bac8-972dc221246d req-034a5107-2b37-4e53-b20d-fa81fbb2eecb 3b776b72fe684f6a87f99f540cd9e07b 7961e56242d74acf8ee58e3205d6d849 - - default default] 199.204.45.77 "DELETE /v2.0/ports/47e4c3ba-473a-4931-841a-e7dbffe72bed HTTP/1.1" status: 204 len: 173 time: 0.7708099
2026-05-20 04:20:29.086 10 INFO neutron.notifiers.nova [-] Nova event matching ['req-5ac0b381-c8d9-4c1b-8660-bdd59c5ad4d3'] response: {'server_uuid': '07a50616-053a-4391-86fe-6dabc5cf79f9', 'name': 'network-vif-unplugged', 'status': 'completed', 'tag': '47e4c3ba-473a-4931-841a-e7dbffe72bed', 'code': 200}
2026-05-20 04:20:29.087 10 INFO neutron.notifiers.nova [-] Nova event matching ['req-5ac0b381-c8d9-4c1b-8660-bdd59c5ad4d3'] response: {'server_uuid': '07a50616-053a-4391-86fe-6dabc5cf79f9', 'name': 'network-vif-unplugged', 'status': 'completed', 'tag': '47e4c3ba-473a-4931-841a-e7dbffe72bed', 'code': 200}
2026-05-20 04:20:29.087 10 INFO neutron.notifiers.nova [-] Nova event matching ['req-5ac0b381-c8d9-4c1b-8660-bdd59c5ad4d3'] response: {'server_uuid': '07a50616-053a-4391-86fe-6dabc5cf79f9', 'name': 'network-vif-deleted', 'tag': '47e4c3ba-473a-4931-841a-e7dbffe72bed', 'status': 'completed', 'code': 200}
2026-05-20 04:20:29.278 9 INFO neutron.api.wsgi [req-740525e4-9d36-438f-bfb1-158f399b045f req-2c101f92-7f1d-48ff-b9ed-a999316c30b4 42a65cfc2ce247629712ef740ebad03d 43877bdc77be453aa5d189138809b7f4 - - default default] 10.0.0.159 "GET /v2.0/ports?device_id=e29e5d6e-89d3-4aec-ae42-285aa2e1b6bf HTTP/1.1" status: 200 len: 1170 time: 0.0368781
2026-05-20 04:20:29.314 9 INFO neutron.api.wsgi [req-740525e4-9d36-438f-bfb1-158f399b045f req-838f1a7f-d686-4771-9275-d99459331d92 42a65cfc2ce247629712ef740ebad03d 43877bdc77be453aa5d189138809b7f4 - - default default] 10.0.0.159 "GET /v2.0/security-groups?id=80fe619f-aafb-4331-83ec-fc0ffa78f344&fields=id&fields=name HTTP/1.1" status: 200 len: 313 time: 0.0317440
2026-05-20 04:20:29.428 9 INFO neutron.plugins.ml2.drivers.ovn.mech_driver.ovsdb.commands [None req-12ab5c90-8989-4f42-9334-e79221420d30 - - - - - -] Schedule LRP lrp-f1dcb676-48dd-4b5e-b32f-b9578caf5ae8 on gateway 84081367-4f53-4f23-9772-58bfc96e566c with priority 1
2026-05-20 04:20:29.437 9 INFO neutron.plugins.ml2.drivers.ovn.mech_driver.mech_driver [None req-632810f0-c458-4538-9bda-f814e6a656eb - - - - - -] OVN reports status up for port: f1dcb676-48dd-4b5e-b32f-b9578caf5ae8
2026-05-20 04:20:29.457 9 INFO neutron.plugins.ml2.drivers.ovn.mech_driver.ovsdb.ovsdb_monitor [None req-eb7bb7f1-6661-41b3-b80a-f5b9b0be01f4 - - - - - -] Router 3265a21b-5577-4247-8dda-db81d08141cb is bound to host instance
2026-05-20 04:20:29.460 9 INFO neutron.plugins.ml2.plugin [None req-632810f0-c458-4538-9bda-f814e6a656eb - - - - - -] Attempt 1 to provision port f1dcb676-48dd-4b5e-b32f-b9578caf5ae8
2026-05-20 04:20:29.483 9 INFO neutron.db.ovn_revision_numbers_db [None req-c5efe434-0bb7-4294-9114-61df931bde97 863eb99aa6a94720be3fce0498d25c92 372b4dd9000f4fe0aa368e2fbc339545 - - default default] Successfully bumped revision number for resource f1dcb676-48dd-4b5e-b32f-b9578caf5ae8 (type: router_ports) to 1
2026-05-20 04:20:29.560 9 INFO neutron.db.ovn_revision_numbers_db [None req-c5efe434-0bb7-4294-9114-61df931bde97 863eb99aa6a94720be3fce0498d25c92 372b4dd9000f4fe0aa368e2fbc339545 - - default default] Successfully bumped revision number for resource 3265a21b-5577-4247-8dda-db81d08141cb (type: routers) to 2
2026-05-20 04:20:29.575 9 INFO neutron.api.wsgi [None req-c5efe434-0bb7-4294-9114-61df931bde97 863eb99aa6a94720be3fce0498d25c92 372b4dd9000f4fe0aa368e2fbc339545 - - default default] 10.0.0.8 "POST /v2.0/routers HTTP/1.1" status: 201 len: 1171 time: 1.5205164
2026-05-20 04:20:29.871 9 INFO neutron.notifiers.nova [-] Nova event matching ['req-e6597a8e-50f8-47f2-a6ea-a230bf96fd9f'] response: {'name': 'network-changed', 'server_uuid': 'e29e5d6e-89d3-4aec-ae42-285aa2e1b6bf', 'tag': '665d99d8-d439-46e8-ad34-16101576adad', 'status': 'completed', 'code': 200}
2026-05-20 04:20:29.885 9 INFO neutron.db.ovn_revision_numbers_db [None req-a445675a-7e21-4bba-8719-a9f5bec6a401 - - - - - -] Successfully bumped revision number for resource f1dcb676-48dd-4b5e-b32f-b9578caf5ae8 (type: ports) to 1
2026-05-20 04:20:30.040 9 INFO neutron.api.wsgi [req-169d2747-79bd-4e18-8785-88cd4c29c02f req-c8e1653f-a6cb-47f1-ab68-3c26bc3099d1 3b776b72fe684f6a87f99f540cd9e07b 7961e56242d74acf8ee58e3205d6d849 - - default default] 10.0.0.159 "GET /v2.0/ports?device_id=07a50616-053a-4391-86fe-6dabc5cf79f9 HTTP/1.1" status: 200 len: 210 time: 0.0230927
2026-05-20 04:20:30.060 10 WARNING neutron.scheduler.dhcp_agent_scheduler [None req-57f20cf5-d6be-43c3-a4da-dac5fac25257 863eb99aa6a94720be3fce0498d25c92 372b4dd9000f4fe0aa368e2fbc339545 - - default default] No more DHCP agents
2026-05-20 04:20:30.061 10 WARNING neutron.api.rpc.agentnotifiers.dhcp_rpc_agent_api [None req-57f20cf5-d6be-43c3-a4da-dac5fac25257 863eb99aa6a94720be3fce0498d25c92 372b4dd9000f4fe0aa368e2fbc339545 - - default default] Unable to schedule network 7ef7be36-8f31-40f4-a3eb-ed1f3103b8c3: no agents available; will retry on subsequent port and subnet creation events.
2026-05-20 04:20:30.179 9 INFO neutron.db.ovn_revision_numbers_db [None req-a445675a-7e21-4bba-8719-a9f5bec6a401 - - - - - -] Successfully bumped revision number for resource f1dcb676-48dd-4b5e-b32f-b9578caf5ae8 (type: ports) to 4
2026-05-20 04:20:30.190 10 INFO neutron.db.ovn_revision_numbers_db [None req-57f20cf5-d6be-43c3-a4da-dac5fac25257 863eb99aa6a94720be3fce0498d25c92 372b4dd9000f4fe0aa368e2fbc339545 - - default default] Successfully bumped revision number for resource b2ca43fb-d574-475c-b50c-299168e425f2 (type: ports) to 1
2026-05-20 04:20:30.431 10 INFO neutron.api.wsgi [req-22d15662-2440-4c87-85d5-10dcc4f064c4 req-f40a1df6-24c8-4155-8a4d-faa883fd9629 57692e10e8fd4b328a7dae3cc32e52ec ad1e096be674483688e6e805d7ad783b - - 60addf7264a345b38dfa0ab24c29b325 60addf7264a345b38dfa0ab24c29b325] 199.204.45.77 "GET /v2.0/ports?tenant_id=43877bdc77be453aa5d189138809b7f4&device_id=e29e5d6e-89d3-4aec-ae42-285aa2e1b6bf HTTP/1.1" status: 200 len: 1409 time: 0.0500274
2026-05-20 04:20:30.439 9 INFO neutron.db.ovn_revision_numbers_db [None req-a445675a-7e21-4bba-8719-a9f5bec6a401 - - - - - -] Successfully bumped revision number for resource f1dcb676-48dd-4b5e-b32f-b9578caf5ae8 (type: ports) to 5
2026-05-20 04:20:30.490 10 INFO neutron.api.wsgi [req-2aef5719-c376-4d63-b1da-dc91e6c1de40 req-7ce37a52-cfb9-4f76-a719-d96515b8c1ac 42a65cfc2ce247629712ef740ebad03d 43877bdc77be453aa5d189138809b7f4 - - default default] 10.0.0.159 "GET /v2.0/ports?device_id=e29e5d6e-89d3-4aec-ae42-285aa2e1b6bf HTTP/1.1" status: 200 len: 1170 time: 0.1101561
2026-05-20 04:20:30.513 10 INFO neutron.api.wsgi [req-22d15662-2440-4c87-85d5-10dcc4f064c4 req-f0b33767-4cd9-4db5-89a9-a1d9310a7da9 57692e10e8fd4b328a7dae3cc32e52ec ad1e096be674483688e6e805d7ad783b - - 60addf7264a345b38dfa0ab24c29b325 60addf7264a345b38dfa0ab24c29b325] 199.204.45.77 "GET /v2.0/networks?id=82ae6a25-9e53-48ba-b138-da2fa4559e63 HTTP/1.1" status: 200 len: 974 time: 0.0737786
2026-05-20 04:20:30.562 10 INFO neutron.api.wsgi [req-2aef5719-c376-4d63-b1da-dc91e6c1de40 req-b0c622f2-d437-4dfe-b9c1-8a9a395b6100 42a65cfc2ce247629712ef740ebad03d 43877bdc77be453aa5d189138809b7f4 - - default default] 10.0.0.159 "GET /v2.0/security-groups?id=80fe619f-aafb-4331-83ec-fc0ffa78f344&fields=id&fields=name HTTP/1.1" status: 200 len: 313 time: 0.0659201
2026-05-20 04:20:30.567 10 INFO neutron.api.wsgi [req-22d15662-2440-4c87-85d5-10dcc4f064c4 req-67a4b74e-bab9-4e32-9276-9df1cf73db3b 57692e10e8fd4b328a7dae3cc32e52ec ad1e096be674483688e6e805d7ad783b - - 60addf7264a345b38dfa0ab24c29b325 60addf7264a345b38dfa0ab24c29b325] 199.204.45.77 "GET /v2.0/floatingips?fixed_ip_address=10.100.0.7&port_id=665d99d8-d439-46e8-ad34-16101576adad HTTP/1.1" status: 200 len: 1059 time: 0.0499432
2026-05-20 04:20:30.615 10 INFO neutron.api.wsgi [req-22d15662-2440-4c87-85d5-10dcc4f064c4 req-d5b7d245-9b7d-4ca1-9e13-ecd52b210bb6 57692e10e8fd4b328a7dae3cc32e52ec ad1e096be674483688e6e805d7ad783b - - 60addf7264a345b38dfa0ab24c29b325 60addf7264a345b38dfa0ab24c29b325] 199.204.45.77 "GET /v2.0/subnets?id=716c4bac-6b48-4a96-942e-9496483b2a2a HTTP/1.1" status: 200 len: 893 time: 0.0393858
2026-05-20 04:20:30.635 10 INFO neutron.api.wsgi [req-22d15662-2440-4c87-85d5-10dcc4f064c4 req-25bb5f98-f99a-4bb6-bbbd-1454cef9e6b1 57692e10e8fd4b328a7dae3cc32e52ec ad1e096be674483688e6e805d7ad783b - - 60addf7264a345b38dfa0ab24c29b325 60addf7264a345b38dfa0ab24c29b325] 199.204.45.77 "GET /v2.0/ports?network_id=82ae6a25-9e53-48ba-b138-da2fa4559e63&device_owner=network%3Adhcp HTTP/1.1" status: 200 len: 210 time: 0.0159471
2026-05-20 04:20:30.680 10 INFO neutron.api.wsgi [req-22d15662-2440-4c87-85d5-10dcc4f064c4 req-ade2861f-2c20-46f7-9528-2776f4879038 57692e10e8fd4b328a7dae3cc32e52ec ad1e096be674483688e6e805d7ad783b - - 60addf7264a345b38dfa0ab24c29b325 60addf7264a345b38dfa0ab24c29b325] 199.204.45.77 "GET /v2.0/networks/82ae6a25-9e53-48ba-b138-da2fa4559e63?fields=segments HTTP/1.1" status: 200 len: 212 time: 0.0419960
2026-05-20 04:20:30.721 10 INFO neutron.api.wsgi [req-22d15662-2440-4c87-85d5-10dcc4f064c4 req-eff964c9-aefa-403e-a2b7-60c101639f4e 57692e10e8fd4b328a7dae3cc32e52ec ad1e096be674483688e6e805d7ad783b - - 60addf7264a345b38dfa0ab24c29b325 60addf7264a345b38dfa0ab24c29b325] 199.204.45.77 "GET /v2.0/networks/82ae6a25-9e53-48ba-b138-da2fa4559e63?fields=provider%3Aphysical_network&fields=provider%3Anetwork_type HTTP/1.1" status: 200 len: 277 time: 0.0365303
2026-05-20 04:20:30.863 10 INFO neutron.db.ovn_revision_numbers_db [None req-57f20cf5-d6be-43c3-a4da-dac5fac25257 863eb99aa6a94720be3fce0498d25c92 372b4dd9000f4fe0aa368e2fbc339545 - - default default] Successfully bumped revision number for resource b2ca43fb-d574-475c-b50c-299168e425f2 (type: ports) to 1
2026-05-20 04:20:30.907 10 WARNING neutron.scheduler.dhcp_agent_scheduler [None req-57f20cf5-d6be-43c3-a4da-dac5fac25257 863eb99aa6a94720be3fce0498d25c92 372b4dd9000f4fe0aa368e2fbc339545 - - default default] No more DHCP agents
2026-05-20 04:20:30.908 10 WARNING neutron.api.rpc.agentnotifiers.dhcp_rpc_agent_api [None req-57f20cf5-d6be-43c3-a4da-dac5fac25257 863eb99aa6a94720be3fce0498d25c92 372b4dd9000f4fe0aa368e2fbc339545 - - default default] Unable to schedule network 7ef7be36-8f31-40f4-a3eb-ed1f3103b8c3: no agents available; will retry on subsequent port and subnet creation events.
2026-05-20 04:20:31.021 10 INFO neutron.api.wsgi [req-8eadc124-8b08-4798-b807-3480a40b26eb req-2a21534d-c1cc-44dc-af5d-185618441934 42a65cfc2ce247629712ef740ebad03d 43877bdc77be453aa5d189138809b7f4 - - default default] 199.204.45.77 "GET /v2.0/ports?device_id=e29e5d6e-89d3-4aec-ae42-285aa2e1b6bf HTTP/1.1" status: 200 len: 1170 time: 0.0377541
2026-05-20 04:20:31.126 9 INFO neutron.api.wsgi [req-d8e116a5-b392-470d-a139-7e743ccb848d req-e6899e8f-8b64-446b-8c71-3a444471136a 3b776b72fe684f6a87f99f540cd9e07b 7961e56242d74acf8ee58e3205d6d849 - - default default] 10.0.0.159 "GET /v2.0/ports?device_id=07a50616-053a-4391-86fe-6dabc5cf79f9 HTTP/1.1" status: 200 len: 210 time: 0.0208392
2026-05-20 04:20:31.348 10 INFO neutron.db.l3_db [req-8eadc124-8b08-4798-b807-3480a40b26eb req-2f1aa2b2-8d8b-4f84-907e-686f80317a7b 42a65cfc2ce247629712ef740ebad03d 43877bdc77be453aa5d189138809b7f4 - - default default] Floating IP 15bb82be-d4be-427c-8e78-b91d66af1cfb disassociated. External IP: 10.96.250.212, port: 665d99d8-d439-46e8-ad34-16101576adad.
2026-05-20 04:20:31.474 10 INFO neutron.api.wsgi [req-8eadc124-8b08-4798-b807-3480a40b26eb req-2f1aa2b2-8d8b-4f84-907e-686f80317a7b 42a65cfc2ce247629712ef740ebad03d 43877bdc77be453aa5d189138809b7f4 - - default default] 199.204.45.77 "DELETE /v2.0/ports/665d99d8-d439-46e8-ad34-16101576adad HTTP/1.1" status: 204 len: 173 time: 0.4498370
2026-05-20 04:20:31.503 10 INFO neutron.notifiers.nova [-] Nova event matching ['req-e886c9e9-f5ce-4ba6-b7c1-7fdbef436176'] response: {'server_uuid': 'e29e5d6e-89d3-4aec-ae42-285aa2e1b6bf', 'name': 'network-vif-deleted', 'tag': '665d99d8-d439-46e8-ad34-16101576adad', 'status': 'completed', 'code': 200}
2026-05-20 04:20:31.609 10 INFO neutron.db.ovn_revision_numbers_db [None req-57f20cf5-d6be-43c3-a4da-dac5fac25257 863eb99aa6a94720be3fce0498d25c92 372b4dd9000f4fe0aa368e2fbc339545 - - default default] Successfully bumped revision number for resource b2ca43fb-d574-475c-b50c-299168e425f2 (type: router_ports) to 1
2026-05-20 04:20:31.614 10 INFO neutron.api.wsgi [None req-57f20cf5-d6be-43c3-a4da-dac5fac25257 863eb99aa6a94720be3fce0498d25c92 372b4dd9000f4fe0aa368e2fbc339545 - - default default] 10.0.0.8 "PUT /v2.0/routers/3265a21b-5577-4247-8dda-db81d08141cb/add_router_interface HTTP/1.1" status: 200 len: 503 time: 2.0309694
2026-05-20 04:20:31.636 9 INFO neutron.api.wsgi [req-cf64f33e-b7f5-49ba-8457-f3b136067609 req-4cb00ccb-3135-4d93-8ff0-8b489421c758 42a65cfc2ce247629712ef740ebad03d 43877bdc77be453aa5d189138809b7f4 - - default default] 10.0.0.159 "GET /v2.0/ports?device_id=e29e5d6e-89d3-4aec-ae42-285aa2e1b6bf HTTP/1.1" status: 200 len: 210 time: 0.0178261
2026-05-20 04:20:32.110 9 WARNING neutron_lib.context [None req-aaa2bba0-0b68-4d1d-8e96-6900a3acb536 6cbf7fb7f35a4838b146b200c724bb70 eb225f538c134c18ae9bf695a06421e1 - - default default] Method 'is_advsvc' is deprecated since 2023.2 release (neutron-lib 3.8.0) and will be removed once support for the old RBAC API policies will be removed from Neutron. Please use method 'is_service_role' instead.
2026-05-20 04:20:32.201 9 INFO neutron.api.wsgi [req-b055b296-7dc2-4397-9d7b-190849c1aa63 req-ef1fc8bd-1efd-4a1f-a956-14113b36e21c 3b776b72fe684f6a87f99f540cd9e07b 7961e56242d74acf8ee58e3205d6d849 - - default default] 10.0.0.159 "GET /v2.0/ports?device_id=07a50616-053a-4391-86fe-6dabc5cf79f9 HTTP/1.1" status: 200 len: 210 time: 0.0198107
2026-05-20 04:20:32.219 9 INFO neutron.db.ovn_revision_numbers_db [None req-aaa2bba0-0b68-4d1d-8e96-6900a3acb536 6cbf7fb7f35a4838b146b200c724bb70 eb225f538c134c18ae9bf695a06421e1 - - default default] Successfully bumped revision number for resource 041189e9-e8b6-40ff-9a71-39635798aa2a (type: security_groups) to 1
2026-05-20 04:20:32.230 9 INFO neutron.db.ovn_revision_numbers_db [None req-aaa2bba0-0b68-4d1d-8e96-6900a3acb536 6cbf7fb7f35a4838b146b200c724bb70 eb225f538c134c18ae9bf695a06421e1 - - default default] Successfully bumped revision number for resource 2e1dccc5-47d1-4d8b-944d-949402a0b295 (type: security_group_rules) to 0
2026-05-20 04:20:32.240 9 INFO neutron.db.ovn_revision_numbers_db [None req-aaa2bba0-0b68-4d1d-8e96-6900a3acb536 6cbf7fb7f35a4838b146b200c724bb70 eb225f538c134c18ae9bf695a06421e1 - - default default] Successfully bumped revision number for resource 5db4de69-af9b-40e9-a4e9-b9c188719dcd (type: security_group_rules) to 0
2026-05-20 04:20:32.272 9 INFO neutron.api.wsgi [None req-aaa2bba0-0b68-4d1d-8e96-6900a3acb536 6cbf7fb7f35a4838b146b200c724bb70 eb225f538c134c18ae9bf695a06421e1 - - default default] 10.0.0.8 "POST /v2.0/security-groups HTTP/1.1" status: 201 len: 1859 time: 0.1666036
2026-05-20 04:20:32.281 9 WARNING neutron_lib.context [None req-4de4564c-ff3d-4798-b6cc-1c814bd66bb2 6cbf7fb7f35a4838b146b200c724bb70 eb225f538c134c18ae9bf695a06421e1 - - default default] Method 'is_advsvc' is deprecated since 2023.2 release (neutron-lib 3.8.0) and will be removed once support for the old RBAC API policies will be removed from Neutron. Please use method 'is_service_role' instead.
2026-05-20 04:20:32.391 9 INFO neutron.db.ovn_revision_numbers_db [None req-4de4564c-ff3d-4798-b6cc-1c814bd66bb2 6cbf7fb7f35a4838b146b200c724bb70 eb225f538c134c18ae9bf695a06421e1 - - default default] Successfully bumped revision number for resource 622db680-1111-48d8-bb0f-419ef1e03651 (type: security_group_rules) to 0
2026-05-20 04:20:32.416 9 INFO neutron.api.wsgi [None req-4de4564c-ff3d-4798-b6cc-1c814bd66bb2 6cbf7fb7f35a4838b146b200c724bb70 eb225f538c134c18ae9bf695a06421e1 - - default default] 10.0.0.8 "POST /v2.0/security-group-rules HTTP/1.1" status: 201 len: 796 time: 0.1377926
2026-05-20 04:20:32.423 9 WARNING neutron_lib.context [None req-b14026cf-e1f2-4456-b328-ddc1bca5c9ff 6cbf7fb7f35a4838b146b200c724bb70 eb225f538c134c18ae9bf695a06421e1 - - default default] Method 'is_advsvc' is deprecated since 2023.2 release (neutron-lib 3.8.0) and will be removed once support for the old RBAC API policies will be removed from Neutron. Please use method 'is_service_role' instead.
2026-05-20 04:20:32.488 9 INFO neutron.plugins.ml2.drivers.ovn.mech_driver.mech_driver [None req-632810f0-c458-4538-9bda-f814e6a656eb - - - - - -] OVN reports status down for port: 665d99d8-d439-46e8-ad34-16101576adad
2026-05-20 04:20:32.494 9 INFO neutron.plugins.ml2.drivers.ovn.mech_driver.mech_driver [None req-632810f0-c458-4538-9bda-f814e6a656eb - - - - - -] OVN reports status up for port: b2ca43fb-d574-475c-b50c-299168e425f2
2026-05-20 04:20:32.501 9 INFO neutron.plugins.ml2.plugin [None req-632810f0-c458-4538-9bda-f814e6a656eb - - - - - -] Attempt 1 to provision port b2ca43fb-d574-475c-b50c-299168e425f2
2026-05-20 04:20:32.529 9 INFO neutron.db.ovn_revision_numbers_db [None req-b14026cf-e1f2-4456-b328-ddc1bca5c9ff 6cbf7fb7f35a4838b146b200c724bb70 eb225f538c134c18ae9bf695a06421e1 - - default default] Successfully bumped revision number for resource eb2fe325-0dac-4def-b550-3b8d48818616 (type: security_group_rules) to 0
2026-05-20 04:20:32.562 9 INFO neutron.api.wsgi [None req-b14026cf-e1f2-4456-b328-ddc1bca5c9ff 6cbf7fb7f35a4838b146b200c724bb70 eb225f538c134c18ae9bf695a06421e1 - - default default] 10.0.0.8 "POST /v2.0/security-group-rules HTTP/1.1" status: 201 len: 801 time: 0.1422045
2026-05-20 04:20:32.574 10 WARNING neutron_lib.context [None req-03522cc5-0d25-4a6f-b866-c0408d8a41e8 6cbf7fb7f35a4838b146b200c724bb70 eb225f538c134c18ae9bf695a06421e1 - - default default] Method 'is_advsvc' is deprecated since 2023.2 release (neutron-lib 3.8.0) and will be removed once support for the old RBAC API policies will be removed from Neutron. Please use method 'is_service_role' instead.
2026-05-20 04:20:32.716 10 INFO neutron.api.wsgi [req-68d29239-17d1-41ef-a647-75a57559eb40 req-e6fb00a0-675d-4c56-a9c0-75177b2eca8c 42a65cfc2ce247629712ef740ebad03d 43877bdc77be453aa5d189138809b7f4 - - default default] 10.0.0.159 "GET /v2.0/ports?device_id=e29e5d6e-89d3-4aec-ae42-285aa2e1b6bf HTTP/1.1" status: 200 len: 210 time: 0.0147941
2026-05-20 04:20:32.804 10 WARNING neutron.scheduler.dhcp_agent_scheduler [None req-03522cc5-0d25-4a6f-b866-c0408d8a41e8 6cbf7fb7f35a4838b146b200c724bb70 eb225f538c134c18ae9bf695a06421e1 - - default default] No more DHCP agents
2026-05-20 04:20:32.806 10 WARNING neutron.api.rpc.agentnotifiers.dhcp_rpc_agent_api [None req-03522cc5-0d25-4a6f-b866-c0408d8a41e8 6cbf7fb7f35a4838b146b200c724bb70 eb225f538c134c18ae9bf695a06421e1 - - default default] Unable to schedule network b4089aac-2d02-4206-94da-046c5aa2ba30: no agents available; will retry on subsequent port and subnet creation events.
2026-05-20 04:20:32.870 9 INFO neutron.db.ovn_revision_numbers_db [None req-632810f0-c458-4538-9bda-f814e6a656eb - - - - - -] Successfully bumped revision number for resource b2ca43fb-d574-475c-b50c-299168e425f2 (type: ports) to 2
2026-05-20 04:20:33.065 10 INFO neutron.api.wsgi [None req-03522cc5-0d25-4a6f-b866-c0408d8a41e8 6cbf7fb7f35a4838b146b200c724bb70 eb225f538c134c18ae9bf695a06421e1 - - default default] 10.0.0.8 "POST /v2.0/floatingips HTTP/1.1" status: 201 len: 751 time: 0.4967470
2026-05-20 04:20:33.387 10 INFO neutron.api.wsgi [None req-3f0a814c-5339-4fd7-8c07-399ddd21090d 3b776b72fe684f6a87f99f540cd9e07b 7961e56242d74acf8ee58e3205d6d849 - - default default] 10.0.0.8 "DELETE /v2.0/security-groups/e0d914cd-c6d3-4dd1-ae93-7da5d4a531a0 HTTP/1.1" status: 204 len: 168 time: 0.1053665
2026-05-20 04:20:33.398 10 INFO neutron.api.v2.resource [None req-ac6225ee-c77f-476b-ac3a-0d7b90aae968 3b776b72fe684f6a87f99f540cd9e07b 7961e56242d74acf8ee58e3205d6d849 - - default default] show failed (client error): The resource could not be found.
2026-05-20 04:20:33.399 10 INFO neutron.api.wsgi [None req-ac6225ee-c77f-476b-ac3a-0d7b90aae968 3b776b72fe684f6a87f99f540cd9e07b 7961e56242d74acf8ee58e3205d6d849 - - default default] 10.0.0.8 "GET /v2.0/security-groups/e0d914cd-c6d3-4dd1-ae93-7da5d4a531a0 HTTP/1.1" status: 404 len: 347 time: 0.0072203
2026-05-20 04:20:33.641 10 INFO neutron.api.wsgi [None req-4c62a8f4-55fe-45a0-b34b-8903c08a8d70 3b776b72fe684f6a87f99f540cd9e07b 7961e56242d74acf8ee58e3205d6d849 - - default default] 10.0.0.8 "DELETE /v2.0/floatingips/e3cab786-846b-4c67-ad56-8709bebcde61 HTTP/1.1" status: 204 len: 168 time: 0.2384088
2026-05-20 04:20:33.791 9 INFO neutron.api.wsgi [req-7da4725d-1a75-4b50-8fc0-3265e7940f61 req-7605db0d-eb36-47b9-bd1f-8d2676956b36 42a65cfc2ce247629712ef740ebad03d 43877bdc77be453aa5d189138809b7f4 - - default default] 10.0.0.159 "GET /v2.0/ports?device_id=e29e5d6e-89d3-4aec-ae42-285aa2e1b6bf HTTP/1.1" status: 200 len: 210 time: 0.0189180
2026-05-20 04:20:34.673 10 INFO neutron.api.wsgi [None req-5d2c90cf-a7c0-42b2-80e2-3668fdf35ab9 863eb99aa6a94720be3fce0498d25c92 372b4dd9000f4fe0aa368e2fbc339545 - - default default] 10.0.0.8 "PUT /v2.0/routers/403bd14b-e85f-4a3a-b7f7-a784ec8c5e97/remove_router_interface HTTP/1.1" status: 200 len: 503 time: 1.0281544 /var/lib/openstack/lib/python3.12/site-packages/pycadf/identifier.py:71: UserWarning: Invalid uuid: neutron. To ensure interoperability, identifiers should be a valid uuid. warnings.warn(('Invalid uuid: %s. To ensure interoperability, '
2026-05-20 04:20:34.972 9 INFO neutron.api.wsgi [None req-91cfdbe1-b730-4481-a14c-3f32ee272b53 42a65cfc2ce247629712ef740ebad03d 43877bdc77be453aa5d189138809b7f4 - - default default] 10.0.0.8 "DELETE /v2.0/security-groups/80fe619f-aafb-4331-83ec-fc0ffa78f344 HTTP/1.1" status: 204 len: 168 time: 0.0983055
2026-05-20 04:20:34.989 9 INFO neutron.api.v2.resource [None req-07318050-e245-461e-8f82-4f59516718d7 42a65cfc2ce247629712ef740ebad03d 43877bdc77be453aa5d189138809b7f4 - - default default] show failed (client error): The resource could not be found.
2026-05-20 04:20:34.990 9 INFO neutron.api.wsgi [None req-07318050-e245-461e-8f82-4f59516718d7 42a65cfc2ce247629712ef740ebad03d 43877bdc77be453aa5d189138809b7f4 - - default default] 10.0.0.8 "GET /v2.0/security-groups/80fe619f-aafb-4331-83ec-fc0ffa78f344 HTTP/1.1" status: 404 len: 347 time: 0.0089080
2026-05-20 04:20:35.201 10 INFO neutron.api.wsgi [None req-0f406196-63fc-4df4-833b-33ad4038d3bc 863eb99aa6a94720be3fce0498d25c92 372b4dd9000f4fe0aa368e2fbc339545 - - default default] 10.0.0.8 "DELETE /v2.0/routers/403bd14b-e85f-4a3a-b7f7-a784ec8c5e97 HTTP/1.1" status: 204 len: 168 time: 0.5236266
2026-05-20 04:20:35.307 9 INFO neutron.api.wsgi [None req-f668813b-7d2e-4551-aeba-5d5a79f02569 42a65cfc2ce247629712ef740ebad03d 43877bdc77be453aa5d189138809b7f4 - - default default] 10.0.0.8 "DELETE /v2.0/floatingips/15bb82be-d4be-427c-8e78-b91d66af1cfb HTTP/1.1" status: 204 len: 168 time: 0.3095484
2026-05-20 04:20:35.370 9 INFO neutron.api.wsgi [None req-e5236e9c-5b85-4520-a0f0-7bdbd3d42dd4 863eb99aa6a94720be3fce0498d25c92 372b4dd9000f4fe0aa368e2fbc339545 - - default default] 10.0.0.8 "DELETE /v2.0/subnets/4bb5ee6a-537d-4151-8d3e-ffc00cc89d95 HTTP/1.1" status: 204 len: 168 time: 0.1645527
2026-05-20 04:20:35.892 10 INFO neutron.services.segments.plugin [-] Segment 5e4a6a55-86cf-443a-8e5a-4b9e9bce9078 resource provider aggregate not found
2026-05-20 04:20:35.895 10 INFO neutron.services.segments.plugin [-] Segment 5e4a6a55-86cf-443a-8e5a-4b9e9bce9078 resource provider aggregate not found
2026-05-20 04:20:35.905 10 INFO neutron.services.segments.plugin [-] Segment 5e4a6a55-86cf-443a-8e5a-4b9e9bce9078 resource provider not found; error: Placement Client Error (4xx): {"errors": [{"status": 404, "title": "Not Found", "detail": "The resource could not be found.\n\n No resource provider with uuid 5e4a6a55-86cf-443a-8e5a-4b9e9bce9078 found for delete ", "request_id": "req-d2dbad9c-8c93-4498-852c-9c8623f4a585"}]}
2026-05-20 04:20:35.906 10 INFO neutron.services.segments.plugin [-] Segment 5e4a6a55-86cf-443a-8e5a-4b9e9bce9078 resource provider not found; error: Placement Client Error (4xx): {"errors": [{"status": 404, "title": "Not Found", "detail": "The resource could not be found.\n\n No resource provider with uuid 5e4a6a55-86cf-443a-8e5a-4b9e9bce9078 found for delete ", "request_id": "req-61199e9f-360c-4875-8463-1fc4a92ecd1a"}]}
2026-05-20 04:20:35.925 10 INFO neutron.api.wsgi [None req-9c4aa0f6-d931-4896-b7ba-cff958b261f9 863eb99aa6a94720be3fce0498d25c92 372b4dd9000f4fe0aa368e2fbc339545 - - default default] 10.0.0.8 "DELETE /v2.0/networks/0423357d-93d1-4c65-a91f-4d8b2cd49f3f HTTP/1.1" status: 204 len: 168 time: 0.5509610
2026-05-20 04:20:36.051 10 INFO neutron.api.wsgi [None req-511a3e89-8de5-4c22-8f71-e2924b320173 863eb99aa6a94720be3fce0498d25c92 372b4dd9000f4fe0aa368e2fbc339545 - - default default] 10.0.0.8 "GET /v2.0/security-groups?tenant_id=7961e56242d74acf8ee58e3205d6d849&name=default HTTP/1.1" status: 200 len: 3116 time: 0.0300040
2026-05-20 04:20:36.256 10 INFO neutron.api.wsgi [None req-05eaaff8-3e67-41e7-ac00-42b0b90d152d 863eb99aa6a94720be3fce0498d25c92 372b4dd9000f4fe0aa368e2fbc339545 - - default default] 10.0.0.8 "DELETE /v2.0/security-groups/60163347-f075-4809-99d7-632cf957feb4 HTTP/1.1" status: 204 len: 168 time: 0.2008674
2026-05-20 04:20:36.420 9 INFO neutron.api.wsgi [None req-be9d9b35-fd81-4089-8b66-df24637175d8 863eb99aa6a94720be3fce0498d25c92 372b4dd9000f4fe0aa368e2fbc339545 - - default default] 10.0.0.8 "PUT /v2.0/routers/cd63e80b-06df-4e01-b68b-f42a1ea21d8f/remove_router_interface HTTP/1.1" status: 200 len: 503 time: 1.1093111
2026-05-20 04:20:37.067 10 INFO neutron.api.wsgi [None req-21e924f9-72a1-43d2-b864-10b2545b81f3 863eb99aa6a94720be3fce0498d25c92 372b4dd9000f4fe0aa368e2fbc339545 - - default default] 10.0.0.8 "DELETE /v2.0/routers/cd63e80b-06df-4e01-b68b-f42a1ea21d8f HTTP/1.1" status: 204 len: 168 time: 0.6413152
2026-05-20 04:20:37.250 10 INFO neutron.api.wsgi [None req-10c6655e-3e98-424e-b1e9-77e0db661912 863eb99aa6a94720be3fce0498d25c92 372b4dd9000f4fe0aa368e2fbc339545 - - default default] 10.0.0.8 "DELETE /v2.0/subnets/716c4bac-6b48-4a96-942e-9496483b2a2a HTTP/1.1" status: 204 len: 168 time: 0.1746233 /var/lib/openstack/lib/python3.12/site-packages/pycadf/identifier.py:71: UserWarning: Invalid uuid: neutron. To ensure interoperability, identifiers should be a valid uuid. warnings.warn(('Invalid uuid: %s. To ensure interoperability, '
2026-05-20 04:20:37.442 9 INFO neutron.api.wsgi [req-4e667e81-ce8b-483e-b246-12f286e14997 req-022c24d4-732f-4212-83fb-157b1e8ef461 57692e10e8fd4b328a7dae3cc32e52ec ad1e096be674483688e6e805d7ad783b - - 60addf7264a345b38dfa0ab24c29b325 60addf7264a345b38dfa0ab24c29b325] 10.0.0.6 "GET /v2.0/ports?device_id=c78b2c93-bdae-497e-8f16-21bdd2079cd7 HTTP/1.1" status: 200 len: 1409 time: 0.1688020
2026-05-20 04:20:37.488 9 INFO neutron.api.wsgi [req-4e667e81-ce8b-483e-b246-12f286e14997 req-495637ec-9539-4a0c-9694-69c4b6f8cbcd 57692e10e8fd4b328a7dae3cc32e52ec ad1e096be674483688e6e805d7ad783b - - 60addf7264a345b38dfa0ab24c29b325 60addf7264a345b38dfa0ab24c29b325] 10.0.0.6 "GET /v2.0/security-groups?id=f614bf7c-adf4-46b0-a369-159410be6c91&fields=id&fields=name HTTP/1.1" status: 200 len: 313 time: 0.0397983
2026-05-20 04:20:37.552 10 INFO neutron.api.wsgi [None req-555aa02d-14d9-445f-ac9f-2587da3e40e3 863eb99aa6a94720be3fce0498d25c92 372b4dd9000f4fe0aa368e2fbc339545 - - default default] 10.0.0.8 "DELETE /v2.0/networks/82ae6a25-9e53-48ba-b138-da2fa4559e63 HTTP/1.1" status: 204 len: 168 time: 0.2977810
2026-05-20 04:20:37.633 10 INFO neutron.api.wsgi [req-49c53183-de93-4fb1-81e4-6114e63b5648 req-ea98f63f-c7c5-4b43-b54a-94855820bfcc 6cbf7fb7f35a4838b146b200c724bb70 eb225f538c134c18ae9bf695a06421e1 - - default default] 10.0.0.159 "GET /v2.0/security-groups?name=tempest-securitygroup--553562528&fields=id&tenant_id=eb225f538c134c18ae9bf695a06421e1 HTTP/1.1" status: 200 len: 267 time: 0.0320666
2026-05-20 04:20:37.675 9 INFO neutron.api.wsgi [None req-251564eb-1917-422f-870a-98ddf3f685c0 863eb99aa6a94720be3fce0498d25c92 372b4dd9000f4fe0aa368e2fbc339545 - - default default] 10.0.0.8 "GET /v2.0/security-groups?tenant_id=43877bdc77be453aa5d189138809b7f4&name=default HTTP/1.1" status: 200 len: 3116 time: 0.0254731
2026-05-20 04:20:37.675 10 INFO neutron.api.wsgi [req-49c53183-de93-4fb1-81e4-6114e63b5648 req-de677786-1515-441e-a095-1d003e87ade7 6cbf7fb7f35a4838b146b200c724bb70 eb225f538c134c18ae9bf695a06421e1 - - default default] 10.0.0.159 "GET /v2.0/networks?id=7ef7be36-8f31-40f4-a3eb-ed1f3103b8c3 HTTP/1.1" status: 200 len: 878 time: 0.0394647
2026-05-20 04:20:37.687 10 INFO neutron.api.wsgi [req-49c53183-de93-4fb1-81e4-6114e63b5648 req-f22b47d7-d739-41bc-9d3b-b37ee5b5b94e 6cbf7fb7f35a4838b146b200c724bb70 eb225f538c134c18ae9bf695a06421e1 - - default default] 10.0.0.159 "GET /v2.0/quotas/eb225f538c134c18ae9bf695a06421e1 HTTP/1.1" status: 200 len: 491 time: 0.0089259
2026-05-20 04:20:37.745 10 INFO neutron.api.wsgi [req-49c53183-de93-4fb1-81e4-6114e63b5648 req-f38f53f7-36b8-45d4-86f9-12a343a41718 6cbf7fb7f35a4838b146b200c724bb70 eb225f538c134c18ae9bf695a06421e1 - - default default] 10.0.0.159 "GET /v2.0/ports?tenant_id=eb225f538c134c18ae9bf695a06421e1&fields=id HTTP/1.1" status: 200 len: 302 time: 0.0554624
2026-05-20 04:20:37.791 10 INFO neutron.api.wsgi [req-49c53183-de93-4fb1-81e4-6114e63b5648 req-e3118b1c-8432-4e58-ab07-095cc06f5f82 57692e10e8fd4b328a7dae3cc32e52ec ad1e096be674483688e6e805d7ad783b - - 60addf7264a345b38dfa0ab24c29b325 60addf7264a345b38dfa0ab24c29b325] 10.0.0.159 "GET /v2.0/networks/7ef7be36-8f31-40f4-a3eb-ed1f3103b8c3?fields=segments HTTP/1.1" status: 200 len: 212 time: 0.0375855
2026-05-20 04:20:37.829 9 WARNING neutron.plugins.ml2.drivers.ovn.mech_driver.ovsdb.ovn_client [None req-95ca154f-213b-4649-8b42-4870d7fdb45b - - - - - -] No hosting information found for port b2ca43fb-d574-475c-b50c-299168e425f2: RuntimeError: No hosting information found for port b2ca43fb-d574-475c-b50c-299168e425f2
2026-05-20 04:20:37.839 10 INFO neutron.api.wsgi [req-49c53183-de93-4fb1-81e4-6114e63b5648 req-ce03f77b-8f2d-4743-b85e-602fbf965d47 57692e10e8fd4b328a7dae3cc32e52ec ad1e096be674483688e6e805d7ad783b - - 60addf7264a345b38dfa0ab24c29b325 60addf7264a345b38dfa0ab24c29b325] 10.0.0.159 "GET /v2.0/networks/7ef7be36-8f31-40f4-a3eb-ed1f3103b8c3?fields=provider%3Aphysical_network&fields=provider%3Anetwork_type HTTP/1.1" status: 200 len: 277 time: 0.0409853
2026-05-20 04:20:37.872 9 INFO neutron.api.wsgi [None req-37a15eb3-2500-482c-8ba2-301558792135 863eb99aa6a94720be3fce0498d25c92 372b4dd9000f4fe0aa368e2fbc339545 - - default default] 10.0.0.8 "DELETE /v2.0/security-groups/0f5504c1-3849-4b30-aa1a-d0bf09afd3cf HTTP/1.1" status: 204 len: 168 time: 0.1927540
2026-05-20 04:20:37.921 10 INFO neutron.services.segments.plugin [-] Segment bdf10046-4def-4b55-8f2a-e525a89eac5a resource provider aggregate not found
2026-05-20 04:20:37.932 10 INFO neutron.services.segments.plugin [-] Segment bdf10046-4def-4b55-8f2a-e525a89eac5a resource provider aggregate not found
2026-05-20 04:20:37.935 9 INFO neutron.db.ovn_revision_numbers_db [None req-95ca154f-213b-4649-8b42-4870d7fdb45b - - - - - -] Successfully bumped revision number for resource b2ca43fb-d574-475c-b50c-299168e425f2 (type: router_ports) to 2
2026-05-20 04:20:37.941 10 INFO neutron.services.segments.plugin [-] Segment bdf10046-4def-4b55-8f2a-e525a89eac5a resource provider not found; error: Placement Client Error (4xx): {"errors": [{"status": 404, "title": "Not Found", "detail": "The resource could not be found.\n\n No resource provider with uuid bdf10046-4def-4b55-8f2a-e525a89eac5a found for delete ", "request_id": "req-74ff216b-3bf0-4814-833d-b35a06bf6cdc"}]}
2026-05-20 04:20:37.948 10 INFO neutron.services.segments.plugin [-] Segment bdf10046-4def-4b55-8f2a-e525a89eac5a resource provider not found; error: Placement Client Error (4xx): {"errors": [{"status": 404, "title": "Not Found", "detail": "The resource could not be found.\n\n No resource provider with uuid bdf10046-4def-4b55-8f2a-e525a89eac5a found for delete ", "request_id": "req-fd5caa2e-bd50-44fe-84fe-f1f50c7cdc7f"}]}
2026-05-20 04:20:38.137 10 INFO neutron.api.wsgi [req-17bbe155-02e6-4319-b7b3-35ba2fb836b2 req-fd1b5eaf-1811-4f91-8dc9-d0d7f4c8b4f4 6cbf7fb7f35a4838b146b200c724bb70 eb225f538c134c18ae9bf695a06421e1 - - default default] 10.0.0.159 "GET /v2.0/ports?device_id=a3f161ac-fb0e-4693-a8ea-570f953423b1 HTTP/1.1" status: 200 len: 210 time: 0.0251908
2026-05-20 04:20:38.556 10 INFO neutron.api.wsgi [-] 10.0.0.119 "GET / HTTP/1.1" status: 200 len: 247 time: 0.0018637
2026-05-20 04:20:38.557 9 INFO neutron.api.wsgi [-] 10.0.0.119 "GET / HTTP/1.1" status: 200 len: 247 time: 0.0021279
2026-05-20 04:20:39.096 10 INFO neutron.db.ovn_revision_numbers_db [None req-b25ed357-9d22-4202-a927-0d175a021570 863eb99aa6a94720be3fce0498d25c92 372b4dd9000f4fe0aa368e2fbc339545 - - default default] Successfully bumped revision number for resource a45a3031-370f-434f-8f0e-450791d819ba (type: security_groups) to 1
2026-05-20 04:20:39.106 10 INFO neutron.db.ovn_revision_numbers_db [None req-b25ed357-9d22-4202-a927-0d175a021570 863eb99aa6a94720be3fce0498d25c92 372b4dd9000f4fe0aa368e2fbc339545 - - default default] Successfully bumped revision number for resource add017e0-2d61-42bf-887c-d7e45a2859f1 (type: security_group_rules) to 0
2026-05-20 04:20:39.118 10 INFO neutron.db.ovn_revision_numbers_db [None req-b25ed357-9d22-4202-a927-0d175a021570 863eb99aa6a94720be3fce0498d25c92 372b4dd9000f4fe0aa368e2fbc339545 - - default default] Successfully bumped revision number for resource c39f7988-44da-417c-8a38-e158857d9fdf (type: security_group_rules) to 0
2026-05-20 04:20:39.133 10 INFO neutron.db.ovn_revision_numbers_db [None req-b25ed357-9d22-4202-a927-0d175a021570 863eb99aa6a94720be3fce0498d25c92 372b4dd9000f4fe0aa368e2fbc339545 - - default default] Successfully bumped revision number for resource e89ebc14-1deb-4644-9346-2c2b7b9307af (type: security_group_rules) to 0
2026-05-20 04:20:39.145 10 INFO neutron.db.ovn_revision_numbers_db [None req-b25ed357-9d22-4202-a927-0d175a021570 863eb99aa6a94720be3fce0498d25c92 372b4dd9000f4fe0aa368e2fbc339545 - - default default] Successfully bumped revision number for resource f685d85e-26e8-4c67-a574-6cfd920c69bc (type: security_group_rules) to 0
2026-05-20 04:20:39.178 10 INFO neutron.api.wsgi [None req-b25ed357-9d22-4202-a927-0d175a021570 863eb99aa6a94720be3fce0498d25c92 372b4dd9000f4fe0aa368e2fbc339545 - - default default] 10.0.0.8 "GET /v2.0/security-groups?tenant_id=9ca3a4c4ccb94002be17b140807aaafc&name=default HTTP/1.1" status: 200 len: 3120 time: 0.3253226
2026-05-20 04:20:39.203 10 INFO neutron.api.wsgi [req-4bff4f72-d717-4dd8-acb4-06163d2a11f6 req-71088947-6cc7-4abc-8c9c-8f07169cc660 6cbf7fb7f35a4838b146b200c724bb70 eb225f538c134c18ae9bf695a06421e1 - - default default] 10.0.0.159 "GET /v2.0/ports?device_id=a3f161ac-fb0e-4693-a8ea-570f953423b1 HTTP/1.1" status: 200 len: 210 time: 0.0148551
2026-05-20 04:20:39.375 10 INFO neutron.api.wsgi [None req-36b72050-87b5-4af2-b533-07a3528de045 863eb99aa6a94720be3fce0498d25c92 372b4dd9000f4fe0aa368e2fbc339545 - - default default] 10.0.0.8 "DELETE /v2.0/security-groups/a45a3031-370f-434f-8f0e-450791d819ba HTTP/1.1" status: 204 len: 168 time: 0.1915805 /var/lib/openstack/lib/python3.12/site-packages/pycadf/identifier.py:71: UserWarning: Invalid uuid: neutron. To ensure interoperability, identifiers should be a valid uuid. warnings.warn(('Invalid uuid: %s. To ensure interoperability, '
2026-05-20 04:20:40.280 9 INFO neutron.api.wsgi [req-2f98d6ed-706f-4d32-b9e3-eaecb8fa9916 req-dc445d5b-8c41-472b-b23d-dfd9854c9bb3 6cbf7fb7f35a4838b146b200c724bb70 eb225f538c134c18ae9bf695a06421e1 - - default default] 10.0.0.159 "GET /v2.0/ports?device_id=a3f161ac-fb0e-4693-a8ea-570f953423b1 HTTP/1.1" status: 200 len: 210 time: 0.0182288
2026-05-20 04:20:41.351 10 INFO neutron.api.wsgi [req-678b8886-c078-49e9-9215-377fcc24398c req-b84d37a6-bbe2-4f13-87e3-2d3eb141a5c5 6cbf7fb7f35a4838b146b200c724bb70 eb225f538c134c18ae9bf695a06421e1 - - default default] 10.0.0.159 "GET /v2.0/ports?device_id=a3f161ac-fb0e-4693-a8ea-570f953423b1 HTTP/1.1" status: 200 len: 210 time: 0.0176382
2026-05-20 04:20:42.269 9 INFO neutron.api.wsgi [req-8ff89a93-ad8c-4406-adc4-63f27b78db26 req-40dc7343-9de4-4a5b-86de-930e1f12fa5b 30ca92f563434f09a10cc8ee6450a448 cee09bb08ddd4a0da3aecc3230ad093f - - default default] 10.0.0.159 "GET /v2.0/ports?device_id=c78b2c93-bdae-497e-8f16-21bdd2079cd7 HTTP/1.1" status: 200 len: 1170 time: 0.0737810
2026-05-20 04:20:42.391 10 INFO neutron.api.wsgi [req-b908aa93-7023-4e46-969f-cf623abe87b9 req-29fe6370-b658-4b11-9399-f57d42ee3bdb 30ca92f563434f09a10cc8ee6450a448 cee09bb08ddd4a0da3aecc3230ad093f - - default default] 10.0.0.159 "GET /v2.0/ports/9c0952cf-e845-496d-a063-78982555111d HTTP/1.1" status: 200 len: 1167 time: 0.0855935
2026-05-20 04:20:42.410 10 INFO neutron.api.wsgi [req-49c53183-de93-4fb1-81e4-6114e63b5648 req-8ffe358f-c414-42d5-8019-9a9be2e12859 6cbf7fb7f35a4838b146b200c724bb70 eb225f538c134c18ae9bf695a06421e1 - - default default] 199.204.45.77 "GET /v2.0/networks?id=7ef7be36-8f31-40f4-a3eb-ed1f3103b8c3 HTTP/1.1" status: 200 len: 878 time: 0.0434639
2026-05-20 04:20:42.424 9 INFO neutron.api.wsgi [req-7853e1aa-0ef4-4ae6-b87b-c162c58074e2 req-57c2a016-5514-4a07-b332-fe9dc7cc356d 6cbf7fb7f35a4838b146b200c724bb70 eb225f538c134c18ae9bf695a06421e1 - - default default] 10.0.0.159 "GET /v2.0/ports?device_id=a3f161ac-fb0e-4693-a8ea-570f953423b1 HTTP/1.1" status: 200 len: 210 time: 0.0168290
2026-05-20 04:20:42.458 10 INFO neutron.api.wsgi [req-49c53183-de93-4fb1-81e4-6114e63b5648 req-6eb795cd-7861-4597-9a78-8eac00c63ab5 6cbf7fb7f35a4838b146b200c724bb70 eb225f538c134c18ae9bf695a06421e1 - - default default] 199.204.45.77 "GET /v2.0/security-groups?fields=id&fields=name&tenant_id=eb225f538c134c18ae9bf695a06421e1 HTTP/1.1" status: 200 len: 379 time: 0.0417290
2026-05-20 04:20:42.467 10 WARNING neutron_lib.context [req-49c53183-de93-4fb1-81e4-6114e63b5648 req-2f74dfc2-0d7f-4859-b8bd-bef62a6b9a28 6cbf7fb7f35a4838b146b200c724bb70 eb225f538c134c18ae9bf695a06421e1 - - default default] Method 'is_advsvc' is deprecated since 2023.2 release (neutron-lib 3.8.0) and will be removed once support for the old RBAC API policies will be removed from Neutron. Please use method 'is_service_role' instead.
2026-05-20 04:20:42.709 10 WARNING neutron.scheduler.dhcp_agent_scheduler [req-49c53183-de93-4fb1-81e4-6114e63b5648 req-2f74dfc2-0d7f-4859-b8bd-bef62a6b9a28 6cbf7fb7f35a4838b146b200c724bb70 eb225f538c134c18ae9bf695a06421e1 - - default default] No more DHCP agents
2026-05-20 04:20:42.710 10 WARNING neutron.api.rpc.agentnotifiers.dhcp_rpc_agent_api [req-49c53183-de93-4fb1-81e4-6114e63b5648 req-2f74dfc2-0d7f-4859-b8bd-bef62a6b9a28 6cbf7fb7f35a4838b146b200c724bb70 eb225f538c134c18ae9bf695a06421e1 - - default default] Unable to schedule network 7ef7be36-8f31-40f4-a3eb-ed1f3103b8c3: no agents available; will retry on subsequent port and subnet creation events.
2026-05-20 04:20:42.825 10 INFO neutron.db.ovn_revision_numbers_db [req-49c53183-de93-4fb1-81e4-6114e63b5648 req-2f74dfc2-0d7f-4859-b8bd-bef62a6b9a28 6cbf7fb7f35a4838b146b200c724bb70 eb225f538c134c18ae9bf695a06421e1 - - default default] Successfully bumped revision number for resource 31cae3e3-4f13-44ba-9abd-84408aee82fc (type: ports) to 1
2026-05-20 04:20:42.842 10 INFO neutron.api.wsgi [req-49c53183-de93-4fb1-81e4-6114e63b5648 req-2f74dfc2-0d7f-4859-b8bd-bef62a6b9a28 6cbf7fb7f35a4838b146b200c724bb70 eb225f538c134c18ae9bf695a06421e1 - - default default] 199.204.45.77 "POST /v2.0/ports HTTP/1.1" status: 201 len: 1162 time: 0.3786080 /var/lib/openstack/lib/python3.12/site-packages/pycadf/identifier.py:71: UserWarning: Invalid uuid: neutron. To ensure interoperability, identifiers should be a valid uuid. warnings.warn(('Invalid uuid: %s. To ensure interoperability, '
2026-05-20 04:20:43.001 10 INFO neutron.api.wsgi [req-331c725a-584c-475a-b197-f87ac3c7ee54 req-5fb2e086-91d6-4e07-9c61-8653e2963546 30ca92f563434f09a10cc8ee6450a448 cee09bb08ddd4a0da3aecc3230ad093f - - default default] 199.204.45.77 "GET /v2.0/subnets?network_id=e7a1d06d-35b7-454e-b6ca-85d95bd03ebc HTTP/1.1" status: 200 len: 883 time: 0.0315275
2026-05-20 04:20:43.061 10 INFO neutron.api.wsgi [req-331c725a-584c-475a-b197-f87ac3c7ee54 req-9584b357-9c37-4f91-a544-4a6af65aa258 30ca92f563434f09a10cc8ee6450a448 cee09bb08ddd4a0da3aecc3230ad093f - - default default] 199.204.45.77 "GET /v2.0/ports?device_id=c78b2c93-bdae-497e-8f16-21bdd2079cd7&device_owner=compute%3Anova&network_id=e7a1d06d-35b7-454e-b6ca-85d95bd03ebc HTTP/1.1" status: 200 len: 1170 time: 0.0553370
2026-05-20 04:20:43.207 10 INFO neutron.db.ovn_revision_numbers_db [req-49c53183-de93-4fb1-81e4-6114e63b5648 req-40627a70-dc60-4046-a86b-0cc141d5854d 57692e10e8fd4b328a7dae3cc32e52ec ad1e096be674483688e6e805d7ad783b - - 60addf7264a345b38dfa0ab24c29b325 60addf7264a345b38dfa0ab24c29b325] Successfully bumped revision number for resource 31cae3e3-4f13-44ba-9abd-84408aee82fc (type: ports) to 2
2026-05-20 04:20:43.417 9 INFO neutron.db.ovn_revision_numbers_db [None req-f3d0e1a3-7931-4ed1-9f0a-88dc0ba48a93 863eb99aa6a94720be3fce0498d25c92 372b4dd9000f4fe0aa368e2fbc339545 - - default default] Successfully bumped revision number for resource 5e800feb-2ce4-4d86-98ba-557e75eda263 (type: security_groups) to 1
2026-05-20 04:20:43.427 9 INFO neutron.db.ovn_revision_numbers_db [None req-f3d0e1a3-7931-4ed1-9f0a-88dc0ba48a93 863eb99aa6a94720be3fce0498d25c92 372b4dd9000f4fe0aa368e2fbc339545 - - default default] Successfully bumped revision number for resource 123ebb17-0419-4e24-a540-9ef64336de39 (type: security_group_rules) to 0
2026-05-20 04:20:43.437 9 INFO neutron.db.ovn_revision_numbers_db [None req-f3d0e1a3-7931-4ed1-9f0a-88dc0ba48a93 863eb99aa6a94720be3fce0498d25c92 372b4dd9000f4fe0aa368e2fbc339545 - - default default] Successfully bumped revision number for resource 548e4a94-1220-4f55-a1ab-dfbb3f72da1c (type: security_group_rules) to 0
2026-05-20 04:20:43.452 10 INFO neutron.db.ovn_revision_numbers_db [req-49c53183-de93-4fb1-81e4-6114e63b5648 req-40627a70-dc60-4046-a86b-0cc141d5854d 57692e10e8fd4b328a7dae3cc32e52ec ad1e096be674483688e6e805d7ad783b - - 60addf7264a345b38dfa0ab24c29b325 60addf7264a345b38dfa0ab24c29b325] Successfully bumped revision number for resource 31cae3e3-4f13-44ba-9abd-84408aee82fc (type: ports) to 4
2026-05-20 04:20:43.453 9 INFO neutron.db.ovn_revision_numbers_db [None req-f3d0e1a3-7931-4ed1-9f0a-88dc0ba48a93 863eb99aa6a94720be3fce0498d25c92 372b4dd9000f4fe0aa368e2fbc339545 - - default default] Successfully bumped revision number for resource ac73979f-1cb2-41a1-99f0-d2e8a5611f5d (type: security_group_rules) to 0
2026-05-20 04:20:43.465 9 INFO neutron.db.ovn_revision_numbers_db [None req-f3d0e1a3-7931-4ed1-9f0a-88dc0ba48a93 863eb99aa6a94720be3fce0498d25c92 372b4dd9000f4fe0aa368e2fbc339545 - - default default] Successfully bumped revision number for resource cb4f1748-7c08-42e8-8606-3a057557c1d5 (type: security_group_rules) to 0
2026-05-20 04:20:43.475 10 INFO neutron.api.wsgi [req-49c53183-de93-4fb1-81e4-6114e63b5648 req-40627a70-dc60-4046-a86b-0cc141d5854d 57692e10e8fd4b328a7dae3cc32e52ec ad1e096be674483688e6e805d7ad783b - - 60addf7264a345b38dfa0ab24c29b325 60addf7264a345b38dfa0ab24c29b325] 199.204.45.77 "PUT /v2.0/ports/31cae3e3-4f13-44ba-9abd-84408aee82fc HTTP/1.1" status: 200 len: 1408 time: 0.6268065 /var/lib/openstack/lib/python3.12/site-packages/pycadf/identifier.py:71: UserWarning: Invalid uuid: neutron. To ensure interoperability, identifiers should be a valid uuid. warnings.warn(('Invalid uuid: %s. To ensure interoperability, '
2026-05-20 04:20:43.501 9 INFO neutron.api.wsgi [None req-f3d0e1a3-7931-4ed1-9f0a-88dc0ba48a93 863eb99aa6a94720be3fce0498d25c92 372b4dd9000f4fe0aa368e2fbc339545 - - default default] 10.0.0.8 "GET /v2.0/security-groups?tenant_id=9204f9ad07054aaba5409e6a83b1f892&name=default HTTP/1.1" status: 200 len: 3120 time: 0.3650987
2026-05-20 04:20:43.513 10 INFO neutron.notifiers.nova [-] Nova event matching ['req-32631893-fe70-4611-a34a-edb4ffd89f91'] response: {'name': 'network-changed', 'server_uuid': 'a3f161ac-fb0e-4693-a8ea-570f953423b1', 'tag': '31cae3e3-4f13-44ba-9abd-84408aee82fc', 'status': 'completed', 'code': 200}
2026-05-20 04:20:43.552 10 INFO neutron.api.wsgi [req-f9e4c444-146c-4a4c-9af9-13c5255a5e91 req-2d8d55b9-b5ca-43ca-86bf-5f18578513cc 6cbf7fb7f35a4838b146b200c724bb70 eb225f538c134c18ae9bf695a06421e1 - - default default] 10.0.0.159 "GET /v2.0/ports?device_id=a3f161ac-fb0e-4693-a8ea-570f953423b1 HTTP/1.1" status: 200 len: 1172 time: 0.0704980 /var/lib/openstack/lib/python3.12/site-packages/pycadf/identifier.py:71: UserWarning: Invalid uuid: neutron. To ensure interoperability, identifiers should be a valid uuid. warnings.warn(('Invalid uuid: %s. To ensure interoperability, '
2026-05-20 04:20:43.596 10 INFO neutron.api.wsgi [req-f9e4c444-146c-4a4c-9af9-13c5255a5e91 req-aa524782-2059-4d60-910b-a80f1c2016f1 6cbf7fb7f35a4838b146b200c724bb70 eb225f538c134c18ae9bf695a06421e1 - - default default] 10.0.0.159 "GET /v2.0/security-groups?id=041189e9-e8b6-40ff-9a71-39635798aa2a&fields=id&fields=name HTTP/1.1" status: 200 len: 312 time: 0.0394945
