2026-05-20 04:21:44.334 9 INFO neutron.api.wsgi [req-3de70307-81f7-4336-ac08-31201ab6cf59 req-f5c2b64f-f59f-49f6-86a6-5a5218b82512 7453a43c949b4cbca121eba99ee3c0f7 51cee0367d234736ab0a6390e35c2e21 - - default default] 10.0.0.159 "GET /v2.0/security-groups?id=0c9d2a4e-0011-46e5-8c6d-24d7592aa987&fields=id&fields=name HTTP/1.1" status: 200 len: 313 time: 0.0496597
2026-05-20 04:21:44.489 10 INFO neutron.db.ovn_revision_numbers_db [None req-3c16aedb-4214-4828-baa4-49d901c43df9 c4f1d549c8fd455081c399081d52fca5 7a8392ea26654386b312fe698a08a74d - - default default] Successfully bumped revision number for resource 056f8c0c-b17c-4c1e-b971-e5fee8f087fe (type: routers) to 2
2026-05-20 04:21:44.493 10 INFO neutron.api.wsgi [None req-3c16aedb-4214-4828-baa4-49d901c43df9 c4f1d549c8fd455081c399081d52fca5 7a8392ea26654386b312fe698a08a74d - - default default] 10.0.0.8 "PUT /v2.0/routers/056f8c0c-b17c-4c1e-b971-e5fee8f087fe HTTP/1.1" status: 200 len: 792 time: 0.2552736
2026-05-20 04:21:44.514 10 INFO neutron.api.wsgi [None req-ddc886a9-36dc-4109-a764-2a859a95a5d1 c4f1d549c8fd455081c399081d52fca5 7a8392ea26654386b312fe698a08a74d - - default default] 10.0.0.8 "GET /v2.0/ports?device_id=056f8c0c-b17c-4c1e-b971-e5fee8f087fe HTTP/1.1" status: 200 len: 205 time: 0.0155342
2026-05-20 04:21:44.670 10 INFO neutron.db.ovn_revision_numbers_db [None req-6c8953d7-cbd6-46ea-9be9-bfab038cc1d5 - - - - - -] Successfully bumped revision number for resource 8699f0e9-7927-48bc-91dc-25846981beb6 (type: ports) to 2
2026-05-20 04:21:44.673 10 INFO neutron.api.wsgi [None req-364238de-feb8-4c83-9d5e-ca4978678297 c4f1d549c8fd455081c399081d52fca5 7a8392ea26654386b312fe698a08a74d - - default default] 10.0.0.8 "DELETE /v2.0/routers/056f8c0c-b17c-4c1e-b971-e5fee8f087fe HTTP/1.1" status: 204 len: 168 time: 0.1537488
2026-05-20 04:21:44.740 9 INFO neutron.db.ovn_revision_numbers_db [None req-21bbe22b-4ed4-48e7-a7bb-d5d0817fcd96 863eb99aa6a94720be3fce0498d25c92 372b4dd9000f4fe0aa368e2fbc339545 - - default default] Successfully bumped revision number for resource 8699f0e9-7927-48bc-91dc-25846981beb6 (type: router_ports) to 1
2026-05-20 04:21:44.745 9 INFO neutron.api.wsgi [None req-21bbe22b-4ed4-48e7-a7bb-d5d0817fcd96 863eb99aa6a94720be3fce0498d25c92 372b4dd9000f4fe0aa368e2fbc339545 - - default default] 10.0.0.8 "PUT /v2.0/routers/3197c0cb-6dfc-4a27-b724-5a278269d48b/add_router_interface HTTP/1.1" status: 200 len: 503 time: 1.7754316
2026-05-20 04:21:44.778 10 INFO neutron.api.wsgi [None req-f229fbdd-ebfc-48b2-baa0-009a4516217b c4f1d549c8fd455081c399081d52fca5 7a8392ea26654386b312fe698a08a74d - - default default] 10.0.0.8 "GET /v2.0/routers/5a51d56b-f7f7-481f-9770-272049f17eca HTTP/1.1" status: 200 len: 777 time: 0.0996740
2026-05-20 04:21:45.087 9 INFO neutron.db.ovn_revision_numbers_db [None req-0e959741-ec01-4860-9126-9e327d4acae9 c4f1d549c8fd455081c399081d52fca5 7a8392ea26654386b312fe698a08a74d - - default default] Successfully bumped revision number for resource 5a51d56b-f7f7-481f-9770-272049f17eca (type: routers) to 2
2026-05-20 04:21:45.092 9 INFO neutron.api.wsgi [None req-0e959741-ec01-4860-9126-9e327d4acae9 c4f1d549c8fd455081c399081d52fca5 7a8392ea26654386b312fe698a08a74d - - default default] 10.0.0.8 "PUT /v2.0/routers/5a51d56b-f7f7-481f-9770-272049f17eca HTTP/1.1" status: 200 len: 777 time: 0.3081784
2026-05-20 04:21:45.114 9 INFO neutron.api.wsgi [None req-3de50ae7-5f38-4812-b748-626a1368e3ee c4f1d549c8fd455081c399081d52fca5 7a8392ea26654386b312fe698a08a74d - - default default] 10.0.0.8 "GET /v2.0/ports?device_id=5a51d56b-f7f7-481f-9770-272049f17eca HTTP/1.1" status: 200 len: 205 time: 0.0167093
2026-05-20 04:21:45.293 9 INFO neutron.api.wsgi [None req-cf60de33-99a7-42c9-85e0-ae09ada430da c4f1d549c8fd455081c399081d52fca5 7a8392ea26654386b312fe698a08a74d - - default default] 10.0.0.8 "DELETE /v2.0/routers/5a51d56b-f7f7-481f-9770-272049f17eca HTTP/1.1" status: 204 len: 168 time: 0.1736042
2026-05-20 04:21:45.331 10 INFO neutron.api.wsgi [None req-ee24adb2-c179-48fb-b373-57482baf2383 c4f1d549c8fd455081c399081d52fca5 7a8392ea26654386b312fe698a08a74d - - default default] 10.0.0.8 "GET /v2.0/routers/501e914c-9b8f-4e43-b1f0-1540344384bf HTTP/1.1" status: 200 len: 770 time: 0.0336070
2026-05-20 04:21:45.504 10 INFO neutron.api.wsgi [req-5c454536-b341-488f-ad1c-147ba9491c95 req-101e0045-0aa4-47c8-bd8d-302120d731d3 7453a43c949b4cbca121eba99ee3c0f7 51cee0367d234736ab0a6390e35c2e21 - - default default] 10.0.0.159 "GET /v2.0/ports?device_id=4de3778f-36b1-4b10-b241-42747223e1f7 HTTP/1.1" status: 200 len: 1168 time: 0.1010351
2026-05-20 04:21:45.558 10 INFO neutron.api.wsgi [req-5c454536-b341-488f-ad1c-147ba9491c95 req-30f5ae06-5f6d-4062-8416-ae1ada291cae 7453a43c949b4cbca121eba99ee3c0f7 51cee0367d234736ab0a6390e35c2e21 - - default default] 10.0.0.159 "GET /v2.0/security-groups?id=0c9d2a4e-0011-46e5-8c6d-24d7592aa987&fields=id&fields=name HTTP/1.1" status: 200 len: 313 time: 0.0458131
2026-05-20 04:21:45.601 10 INFO neutron.api.wsgi [None req-95cf7b61-6781-4042-bd34-00eadde92eb4 c4f1d549c8fd455081c399081d52fca5 7a8392ea26654386b312fe698a08a74d - - default default] 10.0.0.8 "PUT /v2.0/routers/501e914c-9b8f-4e43-b1f0-1540344384bf HTTP/1.1" status: 200 len: 770 time: 0.2654552
2026-05-20 04:21:45.620 10 INFO neutron.api.wsgi [None req-46976eb0-5119-49d5-a376-2affc622a927 c4f1d549c8fd455081c399081d52fca5 7a8392ea26654386b312fe698a08a74d - - default default] 10.0.0.8 "GET /v2.0/ports?device_id=501e914c-9b8f-4e43-b1f0-1540344384bf HTTP/1.1" status: 200 len: 205 time: 0.0148878
2026-05-20 04:21:45.815 10 INFO neutron.api.wsgi [None req-70a45092-f221-4096-9dff-d3e348af2e89 c4f1d549c8fd455081c399081d52fca5 7a8392ea26654386b312fe698a08a74d - - default default] 10.0.0.8 "DELETE /v2.0/routers/501e914c-9b8f-4e43-b1f0-1540344384bf HTTP/1.1" status: 204 len: 168 time: 0.1898336
2026-05-20 04:21:45.899 9 INFO neutron.plugins.ml2.drivers.ovn.mech_driver.mech_driver [None req-879c10ea-0f9d-4067-9c1a-07eb8e7eb29a - - - - - -] OVN reports status up for port: 29a46df9-cdf6-40c3-875e-ec6979665726
2026-05-20 04:21:45.913 9 INFO neutron.plugins.ml2.plugin [None req-879c10ea-0f9d-4067-9c1a-07eb8e7eb29a - - - - - -] Attempt 1 to provision port 29a46df9-cdf6-40c3-875e-ec6979665726
2026-05-20 04:21:46.090 9 INFO neutron.notifiers.nova [-] Nova event matching ['req-9554818c-f2b8-40ab-b0a4-4062816721f5'] response: {'server_uuid': '4de3778f-36b1-4b10-b241-42747223e1f7', 'name': 'network-vif-plugged', 'status': 'completed', 'tag': '29a46df9-cdf6-40c3-875e-ec6979665726', 'code': 200}
2026-05-20 04:21:46.100 9 INFO neutron.db.ovn_revision_numbers_db [None req-879c10ea-0f9d-4067-9c1a-07eb8e7eb29a - - - - - -] Successfully bumped revision number for resource 29a46df9-cdf6-40c3-875e-ec6979665726 (type: ports) to 7
2026-05-20 04:21:46.659 10 INFO neutron.api.wsgi [req-7706989c-909c-4f38-90b1-db6e3d1240b7 req-fc5851fd-b664-4dae-a061-52ce866d2a1e 7453a43c949b4cbca121eba99ee3c0f7 51cee0367d234736ab0a6390e35c2e21 - - default default] 10.0.0.159 "GET /v2.0/ports?device_id=4de3778f-36b1-4b10-b241-42747223e1f7 HTTP/1.1" status: 200 len: 1170 time: 0.0349154
2026-05-20 04:21:46.713 10 INFO neutron.api.wsgi [req-7706989c-909c-4f38-90b1-db6e3d1240b7 req-1cebd7c3-56ca-4355-8cc8-f80edeca37db 7453a43c949b4cbca121eba99ee3c0f7 51cee0367d234736ab0a6390e35c2e21 - - default default] 10.0.0.159 "GET /v2.0/security-groups?id=0c9d2a4e-0011-46e5-8c6d-24d7592aa987&fields=id&fields=name HTTP/1.1" status: 200 len: 313 time: 0.0474062 /var/lib/openstack/lib/python3.12/site-packages/pycadf/identifier.py:71: UserWarning: Invalid uuid: neutron. To ensure interoperability, identifiers should be a valid uuid. warnings.warn(('Invalid uuid: %s. To ensure interoperability, '
2026-05-20 04:21:46.931 9 INFO neutron.api.wsgi [req-eed78ed7-780b-4b44-87ff-9db0e9f72b59 req-ce222e9b-d22a-4049-a91c-4e26015217da 2d6be48bba374e48a91acd3fd5ab454e 37ba77c5d6bb4dd1a6fe4df83875216a - - default default] 10.0.0.159 "GET /v2.0/networks?id=37944e32-35df-49b4-bb1b-d9ec17a223e9 HTTP/1.1" status: 200 len: 871 time: 0.0599349
2026-05-20 04:21:46.951 9 INFO neutron.api.wsgi [req-eed78ed7-780b-4b44-87ff-9db0e9f72b59 req-ec259556-f288-41dd-b54b-ca3c2f0342ff 2d6be48bba374e48a91acd3fd5ab454e 37ba77c5d6bb4dd1a6fe4df83875216a - - default default] 10.0.0.159 "GET /v2.0/quotas/37ba77c5d6bb4dd1a6fe4df83875216a HTTP/1.1" status: 200 len: 491 time: 0.0111883
2026-05-20 04:21:46.955 9 INFO neutron.db.ovn_revision_numbers_db [None req-58363b44-6f6a-4519-b373-fe9c3499707b 863eb99aa6a94720be3fce0498d25c92 372b4dd9000f4fe0aa368e2fbc339545 - - default default] Successfully bumped revision number for resource 52bf8f70-5ac8-4ac9-a0a1-d30e3239f8a3 (type: security_groups) to 1
2026-05-20 04:21:46.975 9 INFO neutron.db.ovn_revision_numbers_db [None req-58363b44-6f6a-4519-b373-fe9c3499707b 863eb99aa6a94720be3fce0498d25c92 372b4dd9000f4fe0aa368e2fbc339545 - - default default] Successfully bumped revision number for resource 2e17f4a8-f82e-4a08-ab5e-61296a87b332 (type: security_group_rules) to 0
2026-05-20 04:21:46.987 9 INFO neutron.db.ovn_revision_numbers_db [None req-58363b44-6f6a-4519-b373-fe9c3499707b 863eb99aa6a94720be3fce0498d25c92 372b4dd9000f4fe0aa368e2fbc339545 - - default default] Successfully bumped revision number for resource 792fa347-6e60-4e5d-b5d3-495c7b828771 (type: security_group_rules) to 0
2026-05-20 04:21:47.005 9 INFO neutron.db.ovn_revision_numbers_db [None req-58363b44-6f6a-4519-b373-fe9c3499707b 863eb99aa6a94720be3fce0498d25c92 372b4dd9000f4fe0aa368e2fbc339545 - - default default] Successfully bumped revision number for resource 837f88bb-a3bd-4196-818d-ca48b4b1e9aa (type: security_group_rules) to 0
2026-05-20 04:21:47.019 9 INFO neutron.db.ovn_revision_numbers_db [None req-58363b44-6f6a-4519-b373-fe9c3499707b 863eb99aa6a94720be3fce0498d25c92 372b4dd9000f4fe0aa368e2fbc339545 - - default default] Successfully bumped revision number for resource bbb2a249-c572-4925-951e-4bba5206a4eb (type: security_group_rules) to 0
2026-05-20 04:21:47.024 9 INFO neutron.api.wsgi [req-eed78ed7-780b-4b44-87ff-9db0e9f72b59 req-c66f29a2-48a9-4f57-97b0-48bc1e082e48 2d6be48bba374e48a91acd3fd5ab454e 37ba77c5d6bb4dd1a6fe4df83875216a - - default default] 10.0.0.159 "GET /v2.0/ports?tenant_id=37ba77c5d6bb4dd1a6fe4df83875216a&fields=id HTTP/1.1" status: 200 len: 302 time: 0.0650699
2026-05-20 04:21:47.060 9 INFO neutron.api.wsgi [None req-58363b44-6f6a-4519-b373-fe9c3499707b 863eb99aa6a94720be3fce0498d25c92 372b4dd9000f4fe0aa368e2fbc339545 - - default default] 10.0.0.8 "GET /v2.0/security-groups?tenant_id=bf78d1ab791049468eb9b687bd9e41c5&name=default HTTP/1.1" status: 200 len: 3120 time: 0.3904741
2026-05-20 04:21:47.076 9 INFO neutron.api.wsgi [req-eed78ed7-780b-4b44-87ff-9db0e9f72b59 req-dafe32fa-3281-460c-82b1-3f5639ad9291 57692e10e8fd4b328a7dae3cc32e52ec ad1e096be674483688e6e805d7ad783b - - 60addf7264a345b38dfa0ab24c29b325 60addf7264a345b38dfa0ab24c29b325] 10.0.0.159 "GET /v2.0/networks/37944e32-35df-49b4-bb1b-d9ec17a223e9?fields=segments HTTP/1.1" status: 200 len: 212 time: 0.0428567
2026-05-20 04:21:47.134 9 INFO neutron.api.wsgi [req-eed78ed7-780b-4b44-87ff-9db0e9f72b59 req-8daec66c-9383-4487-87ae-a20161268061 57692e10e8fd4b328a7dae3cc32e52ec ad1e096be674483688e6e805d7ad783b - - 60addf7264a345b38dfa0ab24c29b325 60addf7264a345b38dfa0ab24c29b325] 10.0.0.159 "GET /v2.0/networks/37944e32-35df-49b4-bb1b-d9ec17a223e9?fields=provider%3Aphysical_network&fields=provider%3Anetwork_type HTTP/1.1" status: 200 len: 277 time: 0.0509522
2026-05-20 04:21:47.261 10 INFO neutron.api.wsgi [req-c054f9e3-f4a2-448b-ba4c-eb922ebab7ae req-b7931863-c329-49ad-9919-af2227de783c 2d6be48bba374e48a91acd3fd5ab454e 37ba77c5d6bb4dd1a6fe4df83875216a - - default default] 10.0.0.159 "GET /v2.0/ports?device_id=8cf7fea6-1094-46cc-9856-87f49053e302 HTTP/1.1" status: 200 len: 210 time: 0.0176401
2026-05-20 04:21:47.264 9 INFO neutron.api.wsgi [None req-115d2546-dbeb-4212-b1e1-1cfc85b3b512 863eb99aa6a94720be3fce0498d25c92 372b4dd9000f4fe0aa368e2fbc339545 - - default default] 10.0.0.8 "DELETE /v2.0/security-groups/52bf8f70-5ac8-4ac9-a0a1-d30e3239f8a3 HTTP/1.1" status: 204 len: 168 time: 0.1998672
2026-05-20 04:21:47.447 10 INFO neutron.db.ovn_revision_numbers_db [None req-e41d9fa5-005a-4cf8-a03d-591a3fdab122 863eb99aa6a94720be3fce0498d25c92 372b4dd9000f4fe0aa368e2fbc339545 - - default default] Successfully bumped revision number for resource fd4fad6e-9539-4434-a29a-f6a3c46554c2 (type: security_groups) to 1
2026-05-20 04:21:47.459 10 INFO neutron.db.ovn_revision_numbers_db [None req-e41d9fa5-005a-4cf8-a03d-591a3fdab122 863eb99aa6a94720be3fce0498d25c92 372b4dd9000f4fe0aa368e2fbc339545 - - default default] Successfully bumped revision number for resource 1d769586-3727-4967-99d3-8c4f829363bf (type: security_group_rules) to 0
2026-05-20 04:21:47.472 10 INFO neutron.db.ovn_revision_numbers_db [None req-e41d9fa5-005a-4cf8-a03d-591a3fdab122 863eb99aa6a94720be3fce0498d25c92 372b4dd9000f4fe0aa368e2fbc339545 - - default default] Successfully bumped revision number for resource 23b7d0d2-d2f4-4dec-abcd-4ba092ee92ec (type: security_group_rules) to 0
2026-05-20 04:21:47.486 10 INFO neutron.db.ovn_revision_numbers_db [None req-e41d9fa5-005a-4cf8-a03d-591a3fdab122 863eb99aa6a94720be3fce0498d25c92 372b4dd9000f4fe0aa368e2fbc339545 - - default default] Successfully bumped revision number for resource 3637df09-61f0-408e-86a8-d154d6fb3c52 (type: security_group_rules) to 0
2026-05-20 04:21:47.497 10 INFO neutron.db.ovn_revision_numbers_db [None req-e41d9fa5-005a-4cf8-a03d-591a3fdab122 863eb99aa6a94720be3fce0498d25c92 372b4dd9000f4fe0aa368e2fbc339545 - - default default] Successfully bumped revision number for resource d9f216d2-b247-4165-a8c0-bcb9665bbe44 (type: security_group_rules) to 0
2026-05-20 04:21:47.531 10 INFO neutron.api.wsgi [None req-e41d9fa5-005a-4cf8-a03d-591a3fdab122 863eb99aa6a94720be3fce0498d25c92 372b4dd9000f4fe0aa368e2fbc339545 - - default default] 10.0.0.8 "GET /v2.0/security-groups?tenant_id=7a8392ea26654386b312fe698a08a74d&name=default HTTP/1.1" status: 200 len: 3120 time: 0.1911473
2026-05-20 04:21:47.743 10 INFO neutron.api.wsgi [None req-1194f77b-aeb0-4f6a-9229-5604f938d038 863eb99aa6a94720be3fce0498d25c92 372b4dd9000f4fe0aa368e2fbc339545 - - default default] 10.0.0.8 "DELETE /v2.0/security-groups/fd4fad6e-9539-4434-a29a-f6a3c46554c2 HTTP/1.1" status: 204 len: 168 time: 0.2070465
2026-05-20 04:21:48.084 10 INFO neutron.db.ovn_revision_numbers_db [None req-845fb2a2-88f7-4b42-9209-db33d96be3e7 863eb99aa6a94720be3fce0498d25c92 372b4dd9000f4fe0aa368e2fbc339545 - - default default] Successfully bumped revision number for resource b4f85149-a974-4e76-8110-d40859f8c2bd (type: security_groups) to 1
2026-05-20 04:21:48.102 10 INFO neutron.db.ovn_revision_numbers_db [None req-845fb2a2-88f7-4b42-9209-db33d96be3e7 863eb99aa6a94720be3fce0498d25c92 372b4dd9000f4fe0aa368e2fbc339545 - - default default] Successfully bumped revision number for resource 16ec155f-c63f-4d7a-aa21-e03394ceb3e3 (type: security_group_rules) to 0
2026-05-20 04:21:48.120 10 INFO neutron.db.ovn_revision_numbers_db [None req-845fb2a2-88f7-4b42-9209-db33d96be3e7 863eb99aa6a94720be3fce0498d25c92 372b4dd9000f4fe0aa368e2fbc339545 - - default default] Successfully bumped revision number for resource 6c17a195-d26c-41dd-9ba8-b6cdd7f4bdf3 (type: security_group_rules) to 0
2026-05-20 04:21:48.136 10 INFO neutron.db.ovn_revision_numbers_db [None req-845fb2a2-88f7-4b42-9209-db33d96be3e7 863eb99aa6a94720be3fce0498d25c92 372b4dd9000f4fe0aa368e2fbc339545 - - default default] Successfully bumped revision number for resource e54a9da7-70f5-4879-8bff-6392d8dee174 (type: security_group_rules) to 0
2026-05-20 04:21:48.152 10 INFO neutron.db.ovn_revision_numbers_db [None req-845fb2a2-88f7-4b42-9209-db33d96be3e7 863eb99aa6a94720be3fce0498d25c92 372b4dd9000f4fe0aa368e2fbc339545 - - default default] Successfully bumped revision number for resource f9f5ef81-a89b-48c0-a193-1d635ff6def3 (type: security_group_rules) to 0
2026-05-20 04:21:48.154 9 INFO neutron.notifiers.nova [-] Nova event matching ['req-8a6f3aca-03f0-4c01-959a-56ec4f36b8d6'] response: {'server_uuid': '4de3778f-36b1-4b10-b241-42747223e1f7', 'name': 'network-vif-plugged', 'status': 'completed', 'tag': '29a46df9-cdf6-40c3-875e-ec6979665726', 'code': 200}
2026-05-20 04:21:48.221 10 INFO neutron.api.wsgi [None req-845fb2a2-88f7-4b42-9209-db33d96be3e7 863eb99aa6a94720be3fce0498d25c92 372b4dd9000f4fe0aa368e2fbc339545 - - default default] 10.0.0.8 "GET /v2.0/security-groups?tenant_id=8060fa4962e4412597ee908cc9e483d2&name=default HTTP/1.1" status: 200 len: 3120 time: 0.2652321
2026-05-20 04:21:48.325 10 INFO neutron.api.wsgi [req-743aea00-cfac-455f-b522-de614a78fa9f req-afd6c296-3777-4ada-b5f5-d3b7b8fd5ebf 2d6be48bba374e48a91acd3fd5ab454e 37ba77c5d6bb4dd1a6fe4df83875216a - - default default] 10.0.0.159 "GET /v2.0/ports?device_id=8cf7fea6-1094-46cc-9856-87f49053e302 HTTP/1.1" status: 200 len: 210 time: 0.0224190
2026-05-20 04:21:48.452 10 INFO neutron.api.wsgi [None req-23591196-90f3-4332-85f9-85366ea7ca15 863eb99aa6a94720be3fce0498d25c92 372b4dd9000f4fe0aa368e2fbc339545 - - default default] 10.0.0.8 "DELETE /v2.0/security-groups/b4f85149-a974-4e76-8110-d40859f8c2bd HTTP/1.1" status: 204 len: 168 time: 0.2266505
2026-05-20 04:21:49.401 9 INFO neutron.api.wsgi [req-87cfb527-fbc6-4f65-8eb5-dc56b95e58b9 req-64442b4f-72ff-4571-9db6-9e93ec3a5ff8 2d6be48bba374e48a91acd3fd5ab454e 37ba77c5d6bb4dd1a6fe4df83875216a - - default default] 10.0.0.159 "GET /v2.0/ports?device_id=8cf7fea6-1094-46cc-9856-87f49053e302 HTTP/1.1" status: 200 len: 210 time: 0.0202358
2026-05-20 04:21:49.942 10 WARNING neutron.plugins.ml2.drivers.ovn.mech_driver.ovsdb.ovn_client [None req-3561f9b8-ab9f-4386-88f8-319d03810421 - - - - - -] No hosting information found for port 8699f0e9-7927-48bc-91dc-25846981beb6: RuntimeError: No hosting information found for port 8699f0e9-7927-48bc-91dc-25846981beb6
2026-05-20 04:21:50.000 10 INFO neutron.db.ovn_revision_numbers_db [None req-3561f9b8-ab9f-4386-88f8-319d03810421 - - - - - -] Successfully bumped revision number for resource 8699f0e9-7927-48bc-91dc-25846981beb6 (type: router_ports) to 2
2026-05-20 04:21:50.470 10 INFO neutron.api.wsgi [req-37b07f06-13de-4590-8ac3-bf97de92aa12 req-5abe8b9e-559a-4d35-a27b-41741e0d0af7 2d6be48bba374e48a91acd3fd5ab454e 37ba77c5d6bb4dd1a6fe4df83875216a - - default default] 10.0.0.159 "GET /v2.0/ports?device_id=8cf7fea6-1094-46cc-9856-87f49053e302 HTTP/1.1" status: 200 len: 210 time: 0.0152943
2026-05-20 04:21:51.545 10 INFO neutron.api.wsgi [req-eed78ed7-780b-4b44-87ff-9db0e9f72b59 req-bacbbaac-f7b4-4a7b-8a7c-6eee8e7dc657 2d6be48bba374e48a91acd3fd5ab454e 37ba77c5d6bb4dd1a6fe4df83875216a - - default default] 199.204.45.77 "GET /v2.0/networks?id=37944e32-35df-49b4-bb1b-d9ec17a223e9 HTTP/1.1" status: 200 len: 871 time: 0.0469930
2026-05-20 04:21:51.547 9 INFO neutron.api.wsgi [req-df45185f-7a54-4501-bb57-52a1d4a96381 req-e374456a-935f-489d-b25b-c557e2598053 2d6be48bba374e48a91acd3fd5ab454e 37ba77c5d6bb4dd1a6fe4df83875216a - - default default] 10.0.0.159 "GET /v2.0/ports?device_id=8cf7fea6-1094-46cc-9856-87f49053e302 HTTP/1.1" status: 200 len: 210 time: 0.0152819
2026-05-20 04:21:51.555 10 WARNING neutron_lib.context [req-eed78ed7-780b-4b44-87ff-9db0e9f72b59 req-8a929288-759c-4ced-8a51-de76e8bbbb07 2d6be48bba374e48a91acd3fd5ab454e 37ba77c5d6bb4dd1a6fe4df83875216a - - default default] Method 'is_advsvc' is deprecated since 2023.2 release (neutron-lib 3.8.0) and will be removed once support for the old RBAC API policies will be removed from Neutron. Please use method 'is_service_role' instead.
2026-05-20 04:21:51.838 10 WARNING neutron.scheduler.dhcp_agent_scheduler [req-eed78ed7-780b-4b44-87ff-9db0e9f72b59 req-8a929288-759c-4ced-8a51-de76e8bbbb07 2d6be48bba374e48a91acd3fd5ab454e 37ba77c5d6bb4dd1a6fe4df83875216a - - default default] No more DHCP agents
2026-05-20 04:21:51.839 10 WARNING neutron.api.rpc.agentnotifiers.dhcp_rpc_agent_api [req-eed78ed7-780b-4b44-87ff-9db0e9f72b59 req-8a929288-759c-4ced-8a51-de76e8bbbb07 2d6be48bba374e48a91acd3fd5ab454e 37ba77c5d6bb4dd1a6fe4df83875216a - - default default] Unable to schedule network 37944e32-35df-49b4-bb1b-d9ec17a223e9: no agents available; will retry on subsequent port and subnet creation events.
2026-05-20 04:21:51.955 10 INFO neutron.db.ovn_revision_numbers_db [req-eed78ed7-780b-4b44-87ff-9db0e9f72b59 req-8a929288-759c-4ced-8a51-de76e8bbbb07 2d6be48bba374e48a91acd3fd5ab454e 37ba77c5d6bb4dd1a6fe4df83875216a - - default default] Successfully bumped revision number for resource 232b6b15-70ce-4663-87fb-210017edefb2 (type: ports) to 1
2026-05-20 04:21:51.971 10 INFO neutron.api.wsgi [req-eed78ed7-780b-4b44-87ff-9db0e9f72b59 req-8a929288-759c-4ced-8a51-de76e8bbbb07 2d6be48bba374e48a91acd3fd5ab454e 37ba77c5d6bb4dd1a6fe4df83875216a - - default default] 199.204.45.77 "POST /v2.0/ports HTTP/1.1" status: 201 len: 1158 time: 0.4211204 /var/lib/openstack/lib/python3.12/site-packages/pycadf/identifier.py:71: UserWarning: Invalid uuid: neutron. To ensure interoperability, identifiers should be a valid uuid. warnings.warn(('Invalid uuid: %s. To ensure interoperability, '
2026-05-20 04:21:52.309 10 INFO neutron.db.ovn_revision_numbers_db [req-eed78ed7-780b-4b44-87ff-9db0e9f72b59 req-bdb25a32-4561-4691-9734-a27cf814a3db 57692e10e8fd4b328a7dae3cc32e52ec ad1e096be674483688e6e805d7ad783b - - 60addf7264a345b38dfa0ab24c29b325 60addf7264a345b38dfa0ab24c29b325] Successfully bumped revision number for resource 232b6b15-70ce-4663-87fb-210017edefb2 (type: ports) to 2
2026-05-20 04:21:52.498 10 INFO neutron.db.ovn_revision_numbers_db [req-eed78ed7-780b-4b44-87ff-9db0e9f72b59 req-bdb25a32-4561-4691-9734-a27cf814a3db 57692e10e8fd4b328a7dae3cc32e52ec ad1e096be674483688e6e805d7ad783b - - 60addf7264a345b38dfa0ab24c29b325 60addf7264a345b38dfa0ab24c29b325] Successfully bumped revision number for resource 232b6b15-70ce-4663-87fb-210017edefb2 (type: ports) to 4
2026-05-20 04:21:52.517 10 INFO neutron.api.wsgi [req-eed78ed7-780b-4b44-87ff-9db0e9f72b59 req-bdb25a32-4561-4691-9734-a27cf814a3db 57692e10e8fd4b328a7dae3cc32e52ec ad1e096be674483688e6e805d7ad783b - - 60addf7264a345b38dfa0ab24c29b325 60addf7264a345b38dfa0ab24c29b325] 199.204.45.77 "PUT /v2.0/ports/232b6b15-70ce-4663-87fb-210017edefb2 HTTP/1.1" status: 200 len: 1404 time: 0.5402219
2026-05-20 04:21:52.579 9 WARNING neutron_lib.context [None req-450d0c4b-1ca5-4015-8465-52dd9b621fbe c016fcadaeb94ba696d27076045c99aa b10d660a8d0b4813a6db24d93ed6faaf - - default default] Method 'is_advsvc' is deprecated since 2023.2 release (neutron-lib 3.8.0) and will be removed once support for the old RBAC API policies will be removed from Neutron. Please use method 'is_service_role' instead.
2026-05-20 04:21:52.679 10 INFO neutron.notifiers.nova [-] Nova event matching ['req-1402cd1c-9b81-4ad7-98f4-e8e89c2561ce'] response: {'name': 'network-changed', 'server_uuid': '8cf7fea6-1094-46cc-9856-87f49053e302', 'tag': '232b6b15-70ce-4663-87fb-210017edefb2', 'status': 'completed', 'code': 200}
2026-05-20 04:21:52.681 9 INFO neutron.api.wsgi [req-2f9c3f7b-c8fb-44c7-8105-a6e9394a397c req-4c81f158-e538-4a99-a2db-d6c4af88bda9 2d6be48bba374e48a91acd3fd5ab454e 37ba77c5d6bb4dd1a6fe4df83875216a - - default default] 10.0.0.159 "GET /v2.0/ports?device_id=8cf7fea6-1094-46cc-9856-87f49053e302 HTTP/1.1" status: 200 len: 1168 time: 0.0874984
2026-05-20 04:21:52.717 9 INFO neutron.db.ovn_revision_numbers_db [None req-450d0c4b-1ca5-4015-8465-52dd9b621fbe c016fcadaeb94ba696d27076045c99aa b10d660a8d0b4813a6db24d93ed6faaf - - default default] Successfully bumped revision number for resource 3abbb010-8ba0-40c8-bea6-d8574cd28e53 (type: security_groups) to 1
2026-05-20 04:21:52.724 9 INFO neutron.api.wsgi [req-2f9c3f7b-c8fb-44c7-8105-a6e9394a397c req-e168ba24-3636-4b99-93b6-cd27bec29045 2d6be48bba374e48a91acd3fd5ab454e 37ba77c5d6bb4dd1a6fe4df83875216a - - default default] 10.0.0.159 "GET /v2.0/security-groups?id=95b3226d-e282-4ad0-9f73-f9272a35bbd6&fields=id&fields=name HTTP/1.1" status: 200 len: 286 time: 0.0366726
2026-05-20 04:21:52.733 9 INFO neutron.db.ovn_revision_numbers_db [None req-450d0c4b-1ca5-4015-8465-52dd9b621fbe c016fcadaeb94ba696d27076045c99aa b10d660a8d0b4813a6db24d93ed6faaf - - default default] Successfully bumped revision number for resource 19d37896-c24d-40b6-8bbd-163a84fd37ac (type: security_group_rules) to 0
2026-05-20 04:21:52.745 9 INFO neutron.db.ovn_revision_numbers_db [None req-450d0c4b-1ca5-4015-8465-52dd9b621fbe c016fcadaeb94ba696d27076045c99aa b10d660a8d0b4813a6db24d93ed6faaf - - default default] Successfully bumped revision number for resource 2dddf8b6-e45c-4073-9de9-3587afc212f2 (type: security_group_rules) to 0
2026-05-20 04:21:52.758 9 INFO neutron.db.ovn_revision_numbers_db [None req-450d0c4b-1ca5-4015-8465-52dd9b621fbe c016fcadaeb94ba696d27076045c99aa b10d660a8d0b4813a6db24d93ed6faaf - - default default] Successfully bumped revision number for resource 64cb0a71-e93c-4bdb-81dd-fd1fce6c8fed (type: security_group_rules) to 0
2026-05-20 04:21:52.770 9 INFO neutron.db.ovn_revision_numbers_db [None req-450d0c4b-1ca5-4015-8465-52dd9b621fbe c016fcadaeb94ba696d27076045c99aa b10d660a8d0b4813a6db24d93ed6faaf - - default default] Successfully bumped revision number for resource 8c24c674-77dc-410e-9c10-d560f4a89ba6 (type: security_group_rules) to 0
2026-05-20 04:21:52.869 9 INFO neutron.db.ovn_revision_numbers_db [None req-450d0c4b-1ca5-4015-8465-52dd9b621fbe c016fcadaeb94ba696d27076045c99aa b10d660a8d0b4813a6db24d93ed6faaf - - default default] Successfully bumped revision number for resource 82eeb1fe-1bf9-4a71-9ccb-ead27843f5a6 (type: security_groups) to 1
2026-05-20 04:21:52.881 9 INFO neutron.db.ovn_revision_numbers_db [None req-450d0c4b-1ca5-4015-8465-52dd9b621fbe c016fcadaeb94ba696d27076045c99aa b10d660a8d0b4813a6db24d93ed6faaf - - default default] Successfully bumped revision number for resource 91f6593e-23db-4dfa-83c3-559b38b7af99 (type: security_group_rules) to 0
2026-05-20 04:21:52.893 9 INFO neutron.db.ovn_revision_numbers_db [None req-450d0c4b-1ca5-4015-8465-52dd9b621fbe c016fcadaeb94ba696d27076045c99aa b10d660a8d0b4813a6db24d93ed6faaf - - default default] Successfully bumped revision number for resource 9d054449-ca74-4d71-be35-4069f939d340 (type: security_group_rules) to 0
2026-05-20 04:21:52.925 9 INFO neutron.api.wsgi [None req-450d0c4b-1ca5-4015-8465-52dd9b621fbe c016fcadaeb94ba696d27076045c99aa b10d660a8d0b4813a6db24d93ed6faaf - - default default] 10.0.0.8 "POST /v2.0/security-groups HTTP/1.1" status: 201 len: 1801 time: 0.6041915
2026-05-20 04:21:52.933 9 WARNING neutron_lib.context [None req-da2e9efb-6db7-479a-8725-11971762d58b c016fcadaeb94ba696d27076045c99aa b10d660a8d0b4813a6db24d93ed6faaf - - default default] Method 'is_advsvc' is deprecated since 2023.2 release (neutron-lib 3.8.0) and will be removed once support for the old RBAC API policies will be removed from Neutron. Please use method 'is_service_role' instead.
2026-05-20 04:21:53.029 9 INFO neutron.db.ovn_revision_numbers_db [None req-da2e9efb-6db7-479a-8725-11971762d58b c016fcadaeb94ba696d27076045c99aa b10d660a8d0b4813a6db24d93ed6faaf - - default default] Successfully bumped revision number for resource db86ba4c-b5c6-4daf-9ca3-2da9c51ec972 (type: security_groups) to 1
2026-05-20 04:21:53.040 9 INFO neutron.db.ovn_revision_numbers_db [None req-da2e9efb-6db7-479a-8725-11971762d58b c016fcadaeb94ba696d27076045c99aa b10d660a8d0b4813a6db24d93ed6faaf - - default default] Successfully bumped revision number for resource c5aa4762-4aac-4024-93fb-a7d3c044606f (type: security_group_rules) to 0
2026-05-20 04:21:53.050 9 INFO neutron.db.ovn_revision_numbers_db [None req-da2e9efb-6db7-479a-8725-11971762d58b c016fcadaeb94ba696d27076045c99aa b10d660a8d0b4813a6db24d93ed6faaf - - default default] Successfully bumped revision number for resource ee82648b-8052-45c6-9a5e-5f1cf7b7b3b3 (type: security_group_rules) to 0
2026-05-20 04:21:53.082 9 INFO neutron.api.wsgi [None req-da2e9efb-6db7-479a-8725-11971762d58b c016fcadaeb94ba696d27076045c99aa b10d660a8d0b4813a6db24d93ed6faaf - - default default] 10.0.0.8 "POST /v2.0/security-groups HTTP/1.1" status: 201 len: 1801 time: 0.1529486
2026-05-20 04:21:53.092 9 WARNING neutron_lib.context [None req-0f250c05-cdb8-4b9d-b2c8-9aeff539c2bb c016fcadaeb94ba696d27076045c99aa b10d660a8d0b4813a6db24d93ed6faaf - - default default] Method 'is_advsvc' is deprecated since 2023.2 release (neutron-lib 3.8.0) and will be removed once support for the old RBAC API policies will be removed from Neutron. Please use method 'is_service_role' instead. /var/lib/openstack/lib/python3.12/site-packages/pycadf/identifier.py:71: UserWarning: Invalid uuid: neutron. To ensure interoperability, identifiers should be a valid uuid. warnings.warn(('Invalid uuid: %s. To ensure interoperability, '
2026-05-20 04:21:53.194 9 INFO neutron.db.ovn_revision_numbers_db [None req-0f250c05-cdb8-4b9d-b2c8-9aeff539c2bb c016fcadaeb94ba696d27076045c99aa b10d660a8d0b4813a6db24d93ed6faaf - - default default] Successfully bumped revision number for resource c7f94bd1-86c8-43c9-80bb-63042d7308fe (type: security_groups) to 1
2026-05-20 04:21:53.207 9 INFO neutron.db.ovn_revision_numbers_db [None req-0f250c05-cdb8-4b9d-b2c8-9aeff539c2bb c016fcadaeb94ba696d27076045c99aa b10d660a8d0b4813a6db24d93ed6faaf - - default default] Successfully bumped revision number for resource b52a337f-fddc-4b09-8b3b-874d2c674442 (type: security_group_rules) to 0
2026-05-20 04:21:53.219 9 INFO neutron.db.ovn_revision_numbers_db [None req-0f250c05-cdb8-4b9d-b2c8-9aeff539c2bb c016fcadaeb94ba696d27076045c99aa b10d660a8d0b4813a6db24d93ed6faaf - - default default] Successfully bumped revision number for resource ec16943e-142c-4cbc-9b0d-91af7de4f97e (type: security_group_rules) to 0
2026-05-20 04:21:53.219 10 INFO neutron.api.wsgi [req-f9ae6348-9452-4bd1-b478-c2e6e600b3c8 req-5ccaff51-c17f-4a38-a71d-abe468e3e11e 57692e10e8fd4b328a7dae3cc32e52ec ad1e096be674483688e6e805d7ad783b - - 60addf7264a345b38dfa0ab24c29b325 60addf7264a345b38dfa0ab24c29b325] 199.204.45.77 "GET /v2.0/ports?tenant_id=37ba77c5d6bb4dd1a6fe4df83875216a&device_id=8cf7fea6-1094-46cc-9856-87f49053e302 HTTP/1.1" status: 200 len: 1407 time: 0.0309098
2026-05-20 04:21:53.249 9 INFO neutron.api.wsgi [None req-0f250c05-cdb8-4b9d-b2c8-9aeff539c2bb c016fcadaeb94ba696d27076045c99aa b10d660a8d0b4813a6db24d93ed6faaf - - default default] 10.0.0.8 "POST /v2.0/security-groups HTTP/1.1" status: 201 len: 1801 time: 0.1606684
2026-05-20 04:21:53.257 9 WARNING neutron_lib.context [None req-569e94df-7d14-4dbd-a9cb-b06a8316d6ec c016fcadaeb94ba696d27076045c99aa b10d660a8d0b4813a6db24d93ed6faaf - - default default] Method 'is_advsvc' is deprecated since 2023.2 release (neutron-lib 3.8.0) and will be removed once support for the old RBAC API policies will be removed from Neutron. Please use method 'is_service_role' instead.
2026-05-20 04:21:53.264 10 INFO neutron.api.wsgi [req-f9ae6348-9452-4bd1-b478-c2e6e600b3c8 req-9ce3b001-cf4a-4d43-be13-381636aca058 57692e10e8fd4b328a7dae3cc32e52ec ad1e096be674483688e6e805d7ad783b - - 60addf7264a345b38dfa0ab24c29b325 60addf7264a345b38dfa0ab24c29b325] 199.204.45.77 "GET /v2.0/networks?tenant_id=37ba77c5d6bb4dd1a6fe4df83875216a&shared=False HTTP/1.1" status: 200 len: 970 time: 0.0387406
2026-05-20 04:21:53.314 10 INFO neutron.api.wsgi [req-f9ae6348-9452-4bd1-b478-c2e6e600b3c8 req-5fe2a0c7-fe7a-4011-ab35-60fb0123b881 57692e10e8fd4b328a7dae3cc32e52ec ad1e096be674483688e6e805d7ad783b - - 60addf7264a345b38dfa0ab24c29b325 60addf7264a345b38dfa0ab24c29b325] 199.204.45.77 "GET /v2.0/networks?shared=True HTTP/1.1" status: 200 len: 952 time: 0.0447936
2026-05-20 04:21:53.358 9 INFO neutron.db.ovn_revision_numbers_db [None req-569e94df-7d14-4dbd-a9cb-b06a8316d6ec c016fcadaeb94ba696d27076045c99aa b10d660a8d0b4813a6db24d93ed6faaf - - default default] Successfully bumped revision number for resource c5f1843c-5429-4312-bab9-88a1de816a9f (type: security_groups) to 1
2026-05-20 04:21:53.375 9 INFO neutron.db.ovn_revision_numbers_db [None req-569e94df-7d14-4dbd-a9cb-b06a8316d6ec c016fcadaeb94ba696d27076045c99aa b10d660a8d0b4813a6db24d93ed6faaf - - default default] Successfully bumped revision number for resource ad816cc3-c79f-4cac-993d-6d44d028ff92 (type: security_group_rules) to 0
2026-05-20 04:21:53.388 9 INFO neutron.db.ovn_revision_numbers_db [None req-569e94df-7d14-4dbd-a9cb-b06a8316d6ec c016fcadaeb94ba696d27076045c99aa b10d660a8d0b4813a6db24d93ed6faaf - - default default] Successfully bumped revision number for resource ebbf8f50-57a9-4ff1-9570-c0dc4fedeb72 (type: security_group_rules) to 0
2026-05-20 04:21:53.424 9 INFO neutron.api.wsgi [None req-569e94df-7d14-4dbd-a9cb-b06a8316d6ec c016fcadaeb94ba696d27076045c99aa b10d660a8d0b4813a6db24d93ed6faaf - - default default] 10.0.0.8 "POST /v2.0/security-groups HTTP/1.1" status: 201 len: 1801 time: 0.1703711
2026-05-20 04:21:53.433 9 WARNING neutron_lib.context [None req-5caa21aa-34e5-46d8-88c8-165cb193eb36 c016fcadaeb94ba696d27076045c99aa b10d660a8d0b4813a6db24d93ed6faaf - - default default] Method 'is_advsvc' is deprecated since 2023.2 release (neutron-lib 3.8.0) and will be removed once support for the old RBAC API policies will be removed from Neutron. Please use method 'is_service_role' instead.
2026-05-20 04:21:53.541 9 INFO neutron.db.ovn_revision_numbers_db [None req-5caa21aa-34e5-46d8-88c8-165cb193eb36 c016fcadaeb94ba696d27076045c99aa b10d660a8d0b4813a6db24d93ed6faaf - - default default] Successfully bumped revision number for resource c299ed59-0ee4-4099-9389-cbf147623eea (type: security_groups) to 1
2026-05-20 04:21:53.556 9 INFO neutron.api.wsgi [-] 10.0.0.119 "GET / HTTP/1.1" status: 200 len: 247 time: 0.0013905
2026-05-20 04:21:53.557 9 INFO neutron.db.ovn_revision_numbers_db [None req-5caa21aa-34e5-46d8-88c8-165cb193eb36 c016fcadaeb94ba696d27076045c99aa b10d660a8d0b4813a6db24d93ed6faaf - - default default] Successfully bumped revision number for resource 0facf98e-a54b-45ac-89f7-98c89baa8682 (type: security_group_rules) to 0
2026-05-20 04:21:53.557 10 INFO neutron.api.wsgi [-] 10.0.0.119 "GET / HTTP/1.1" status: 200 len: 247 time: 0.0023758
2026-05-20 04:21:53.569 9 INFO neutron.db.ovn_revision_numbers_db [None req-5caa21aa-34e5-46d8-88c8-165cb193eb36 c016fcadaeb94ba696d27076045c99aa b10d660a8d0b4813a6db24d93ed6faaf - - default default] Successfully bumped revision number for resource caf2bd71-d74c-43a6-97cc-87afa115aa10 (type: security_group_rules) to 0
2026-05-20 04:21:53.605 9 INFO neutron.api.wsgi [None req-5caa21aa-34e5-46d8-88c8-165cb193eb36 c016fcadaeb94ba696d27076045c99aa b10d660a8d0b4813a6db24d93ed6faaf - - default default] 10.0.0.8 "POST /v2.0/security-groups HTTP/1.1" status: 201 len: 1801 time: 0.1760681
2026-05-20 04:21:53.645 9 INFO neutron.api.wsgi [None req-edb94445-a733-42df-8a34-f9379766fe34 c016fcadaeb94ba696d27076045c99aa b10d660a8d0b4813a6db24d93ed6faaf - - default default] 10.0.0.8 "PUT /v2.0/security-groups/82eeb1fe-1bf9-4a71-9ccb-ead27843f5a6/tags HTTP/1.1" status: 200 len: 210 time: 0.0356429
2026-05-20 04:21:53.677 9 INFO neutron.api.wsgi [None req-32486e44-1123-47a8-9e44-b01cdfcd2afa c016fcadaeb94ba696d27076045c99aa b10d660a8d0b4813a6db24d93ed6faaf - - default default] 10.0.0.8 "PUT /v2.0/security-groups/db86ba4c-b5c6-4daf-9ca3-2da9c51ec972/tags HTTP/1.1" status: 200 len: 218 time: 0.0275691
2026-05-20 04:21:53.718 9 INFO neutron.api.wsgi [None req-5af1edea-0910-4917-81c1-5667a73cdb35 c016fcadaeb94ba696d27076045c99aa b10d660a8d0b4813a6db24d93ed6faaf - - default default] 10.0.0.8 "PUT /v2.0/security-groups/c7f94bd1-86c8-43c9-80bb-63042d7308fe/tags HTTP/1.1" status: 200 len: 227 time: 0.0364561
2026-05-20 04:21:53.757 10 INFO neutron.api.wsgi [None req-eb808e92-ceb6-417e-8152-da9c52fd6b4a c016fcadaeb94ba696d27076045c99aa b10d660a8d0b4813a6db24d93ed6faaf - - default default] 10.0.0.8 "PUT /v2.0/security-groups/c5f1843c-5429-4312-bab9-88a1de816a9f/tags HTTP/1.1" status: 200 len: 212 time: 0.0345223
2026-05-20 04:21:53.802 10 INFO neutron.api.wsgi [None req-9f5be5f7-adc7-4daa-b5ff-3b3931684fae c016fcadaeb94ba696d27076045c99aa b10d660a8d0b4813a6db24d93ed6faaf - - default default] 10.0.0.8 "GET /v2.0/security-groups?tags=red HTTP/1.1" status: 200 len: 4999 time: 0.0401227
2026-05-20 04:21:53.843 9 INFO neutron.api.wsgi [None req-06b06a4f-b33c-464e-8755-520cd6a6754a c016fcadaeb94ba696d27076045c99aa b10d660a8d0b4813a6db24d93ed6faaf - - default default] 10.0.0.8 "GET /v2.0/security-groups?tags=red%2Cblue HTTP/1.1" status: 200 len: 3413 time: 0.0378869
2026-05-20 04:21:53.853 10 INFO neutron.api.wsgi [req-c75cddd9-d7b9-4c8c-bf9a-335c2f2a682c req-ba2920d0-8a95-4b0a-8e28-27aa19c3289c 2d6be48bba374e48a91acd3fd5ab454e 37ba77c5d6bb4dd1a6fe4df83875216a - - default default] 10.0.0.159 "GET /v2.0/ports?device_id=8cf7fea6-1094-46cc-9856-87f49053e302 HTTP/1.1" status: 200 len: 1168 time: 0.0702975
2026-05-20 04:21:53.892 9 INFO neutron.api.wsgi [None req-e36b99ab-4182-4aea-b4e8-13cfa1fc9c9e c016fcadaeb94ba696d27076045c99aa b10d660a8d0b4813a6db24d93ed6faaf - - default default] 10.0.0.8 "GET /v2.0/security-groups?tags-any=blue HTTP/1.1" status: 200 len: 3413 time: 0.0420275
2026-05-20 04:21:53.894 10 INFO neutron.api.wsgi [req-c75cddd9-d7b9-4c8c-bf9a-335c2f2a682c req-f75d860c-823a-4c0b-acc2-19c646883c3e 2d6be48bba374e48a91acd3fd5ab454e 37ba77c5d6bb4dd1a6fe4df83875216a - - default default] 10.0.0.159 "GET /v2.0/security-groups?id=95b3226d-e282-4ad0-9f73-f9272a35bbd6&fields=id&fields=name HTTP/1.1" status: 200 len: 286 time: 0.0373945
2026-05-20 04:21:53.932 10 INFO neutron.api.wsgi [None req-d8df9a26-3b83-4a76-9092-6b6ecd13f9b4 c016fcadaeb94ba696d27076045c99aa b10d660a8d0b4813a6db24d93ed6faaf - - default default] 10.0.0.8 "GET /v2.0/security-groups?tags-any=red%2Cblue HTTP/1.1" status: 200 len: 4999 time: 0.0367277
2026-05-20 04:21:53.972 10 INFO neutron.api.wsgi [None req-975051f6-f9fa-4deb-b276-c6a5e2535f7d c016fcadaeb94ba696d27076045c99aa b10d660a8d0b4813a6db24d93ed6faaf - - default default] 10.0.0.8 "GET /v2.0/security-groups?not-tags=red HTTP/1.1" status: 200 len: 6289 time: 0.0348136
2026-05-20 04:21:54.016 10 INFO neutron.api.wsgi [None req-a591df67-89a5-47e1-a15c-41c553c9f5fa c016fcadaeb94ba696d27076045c99aa b10d660a8d0b4813a6db24d93ed6faaf - - default default] 10.0.0.8 "GET /v2.0/security-groups?not-tags=red%2Cblue HTTP/1.1" status: 200 len: 7875 time: 0.0385857
2026-05-20 04:21:54.071 10 INFO neutron.api.wsgi [None req-35185ec5-52aa-450d-b525-5ff63a352650 c016fcadaeb94ba696d27076045c99aa b10d660a8d0b4813a6db24d93ed6faaf - - default default] 10.0.0.8 "GET /v2.0/security-groups?not-tags-any=blue HTTP/1.1" status: 200 len: 7875 time: 0.0506325
2026-05-20 04:21:54.107 10 INFO neutron.api.wsgi [None req-8557db1f-681c-4313-92d3-8bd1ebba91cf c016fcadaeb94ba696d27076045c99aa b10d660a8d0b4813a6db24d93ed6faaf - - default default] 10.0.0.8 "GET /v2.0/security-groups?not-tags-any=red%2Cblue HTTP/1.1" status: 200 len: 6289 time: 0.0330458
2026-05-20 04:21:54.210 10 INFO neutron.api.wsgi [None req-e82331f4-4136-4d78-a2ce-49ffb5fb9c23 c016fcadaeb94ba696d27076045c99aa b10d660a8d0b4813a6db24d93ed6faaf - - default default] 10.0.0.8 "DELETE /v2.0/security-groups/82eeb1fe-1bf9-4a71-9ccb-ead27843f5a6 HTTP/1.1" status: 204 len: 168 time: 0.0959499
2026-05-20 04:21:54.321 10 INFO neutron.api.wsgi [None req-303fb0b9-ad64-4cf8-a1ea-59cc6242b65c c016fcadaeb94ba696d27076045c99aa b10d660a8d0b4813a6db24d93ed6faaf - - default default] 10.0.0.8 "DELETE /v2.0/security-groups/db86ba4c-b5c6-4daf-9ca3-2da9c51ec972 HTTP/1.1" status: 204 len: 168 time: 0.1068783
2026-05-20 04:21:54.358 10 INFO neutron.api.wsgi [req-eed78ed7-780b-4b44-87ff-9db0e9f72b59 req-cb907024-ab80-4eac-81e8-6040e4e41af8 57692e10e8fd4b328a7dae3cc32e52ec ad1e096be674483688e6e805d7ad783b - - 60addf7264a345b38dfa0ab24c29b325 60addf7264a345b38dfa0ab24c29b325] 199.204.45.77 "GET /v2.0/ports?tenant_id=37ba77c5d6bb4dd1a6fe4df83875216a&device_id=8cf7fea6-1094-46cc-9856-87f49053e302 HTTP/1.1" status: 200 len: 1407 time: 0.0310678
2026-05-20 04:21:54.381 10 INFO neutron.api.wsgi [req-eed78ed7-780b-4b44-87ff-9db0e9f72b59 req-625cd267-5da3-4e57-9ef0-056cf63cbcfe 57692e10e8fd4b328a7dae3cc32e52ec ad1e096be674483688e6e805d7ad783b - - 60addf7264a345b38dfa0ab24c29b325 60addf7264a345b38dfa0ab24c29b325] 199.204.45.77 "GET /v2.0/floatingips?fixed_ip_address=10.100.0.3&port_id=232b6b15-70ce-4663-87fb-210017edefb2 HTTP/1.1" status: 200 len: 217 time: 0.0178964
2026-05-20 04:21:54.414 10 INFO neutron.api.wsgi [req-eed78ed7-780b-4b44-87ff-9db0e9f72b59 req-a4cfe99b-15d5-4302-8b2a-3efd5144ffc7 57692e10e8fd4b328a7dae3cc32e52ec ad1e096be674483688e6e805d7ad783b - - 60addf7264a345b38dfa0ab24c29b325 60addf7264a345b38dfa0ab24c29b325] 199.204.45.77 "GET /v2.0/subnets?id=2492e0e9-44af-48cb-a93d-49903019c586 HTTP/1.1" status: 200 len: 889 time: 0.0271370
2026-05-20 04:21:54.437 10 INFO neutron.api.wsgi [req-eed78ed7-780b-4b44-87ff-9db0e9f72b59 req-83fa6e39-e797-4eeb-b219-a27a89a3cdca 57692e10e8fd4b328a7dae3cc32e52ec ad1e096be674483688e6e805d7ad783b - - 60addf7264a345b38dfa0ab24c29b325 60addf7264a345b38dfa0ab24c29b325] 199.204.45.77 "GET /v2.0/ports?network_id=37944e32-35df-49b4-bb1b-d9ec17a223e9&device_owner=network%3Adhcp HTTP/1.1" status: 200 len: 210 time: 0.0172982
2026-05-20 04:21:54.453 9 INFO neutron.api.wsgi [None req-1dac6dd1-802e-4d2c-a65e-4c4abb1acfa8 c016fcadaeb94ba696d27076045c99aa b10d660a8d0b4813a6db24d93ed6faaf - - default default] 10.0.0.8 "DELETE /v2.0/security-groups/c7f94bd1-86c8-43c9-80bb-63042d7308fe HTTP/1.1" status: 204 len: 168 time: 0.1256087
2026-05-20 04:21:54.482 10 INFO neutron.api.wsgi [req-eed78ed7-780b-4b44-87ff-9db0e9f72b59 req-c2630f23-6e50-4511-9889-d3dd58d2b5b2 57692e10e8fd4b328a7dae3cc32e52ec ad1e096be674483688e6e805d7ad783b - - 60addf7264a345b38dfa0ab24c29b325 60addf7264a345b38dfa0ab24c29b325] 199.204.45.77 "GET /v2.0/networks/37944e32-35df-49b4-bb1b-d9ec17a223e9?fields=segments HTTP/1.1" status: 200 len: 212 time: 0.0385942
2026-05-20 04:21:54.531 10 INFO neutron.api.wsgi [req-eed78ed7-780b-4b44-87ff-9db0e9f72b59 req-039c5e4a-66db-4d95-bf5b-f1a76313b6f8 57692e10e8fd4b328a7dae3cc32e52ec ad1e096be674483688e6e805d7ad783b - - 60addf7264a345b38dfa0ab24c29b325 60addf7264a345b38dfa0ab24c29b325] 199.204.45.77 "GET /v2.0/networks/37944e32-35df-49b4-bb1b-d9ec17a223e9?fields=provider%3Aphysical_network&fields=provider%3Anetwork_type HTTP/1.1" status: 200 len: 277 time: 0.0429430
2026-05-20 04:21:54.553 9 INFO neutron.api.wsgi [None req-648e05a8-4420-4155-a1d7-70f1c0d3d6db c016fcadaeb94ba696d27076045c99aa b10d660a8d0b4813a6db24d93ed6faaf - - default default] 10.0.0.8 "DELETE /v2.0/security-groups/c5f1843c-5429-4312-bab9-88a1de816a9f HTTP/1.1" status: 204 len: 168 time: 0.0943170
2026-05-20 04:21:54.656 9 INFO neutron.api.wsgi [None req-05a21c47-b29e-4638-9dd5-4a418d5c003f c016fcadaeb94ba696d27076045c99aa b10d660a8d0b4813a6db24d93ed6faaf - - default default] 10.0.0.8 "DELETE /v2.0/security-groups/c299ed59-0ee4-4099-9389-cbf147623eea HTTP/1.1" status: 204 len: 168 time: 0.0988739
2026-05-20 04:21:55.000 10 INFO neutron.api.wsgi [req-2c938fba-ad62-43d2-a227-e79cda336bd8 req-45b73a02-b692-435b-92f8-fde3fa3d69e3 2d6be48bba374e48a91acd3fd5ab454e 37ba77c5d6bb4dd1a6fe4df83875216a - - default default] 10.0.0.159 "GET /v2.0/ports?device_id=8cf7fea6-1094-46cc-9856-87f49053e302 HTTP/1.1" status: 200 len: 1168 time: 0.0374246
2026-05-20 04:21:55.045 10 INFO neutron.api.wsgi [req-2c938fba-ad62-43d2-a227-e79cda336bd8 req-78e23ce2-0869-4288-9150-3cb915fd3a36 2d6be48bba374e48a91acd3fd5ab454e 37ba77c5d6bb4dd1a6fe4df83875216a - - default default] 10.0.0.159 "GET /v2.0/security-groups?id=95b3226d-e282-4ad0-9f73-f9272a35bbd6&fields=id&fields=name HTTP/1.1" status: 200 len: 286 time: 0.0398490
2026-05-20 04:21:55.643 9 INFO neutron.db.ovn_revision_numbers_db [None req-2c9bec9f-d917-4fad-81dc-9b514deced2e 863eb99aa6a94720be3fce0498d25c92 372b4dd9000f4fe0aa368e2fbc339545 - - default default] Successfully bumped revision number for resource 2bab2264-3d6a-4e35-8798-95c0b5223c5a (type: security_groups) to 1
2026-05-20 04:21:55.664 9 INFO neutron.db.ovn_revision_numbers_db [None req-2c9bec9f-d917-4fad-81dc-9b514deced2e 863eb99aa6a94720be3fce0498d25c92 372b4dd9000f4fe0aa368e2fbc339545 - - default default] Successfully bumped revision number for resource 2abdbc3d-67a1-43bb-9ff0-3e7d0e6f708e (type: security_group_rules) to 0
2026-05-20 04:21:55.666 9 INFO neutron.db.ovn_revision_numbers_db [None req-bd696660-462e-4e26-9440-d53a746c7712 863eb99aa6a94720be3fce0498d25c92 372b4dd9000f4fe0aa368e2fbc339545 - - default default] Successfully bumped revision number for resource dde8d95c-4ac6-4af5-ae94-1d3450003cab (type: security_groups) to 1
2026-05-20 04:21:55.677 9 INFO neutron.db.ovn_revision_numbers_db [None req-2c9bec9f-d917-4fad-81dc-9b514deced2e 863eb99aa6a94720be3fce0498d25c92 372b4dd9000f4fe0aa368e2fbc339545 - - default default] Successfully bumped revision number for resource 499d3e51-6e26-49c3-b323-4df0752dd41e (type: security_group_rules) to 0
2026-05-20 04:21:55.679 9 INFO neutron.db.ovn_revision_numbers_db [None req-bd696660-462e-4e26-9440-d53a746c7712 863eb99aa6a94720be3fce0498d25c92 372b4dd9000f4fe0aa368e2fbc339545 - - default default] Successfully bumped revision number for resource 01115286-110b-4a8c-991d-994bbaefc264 (type: security_group_rules) to 0
2026-05-20 04:21:55.694 9 INFO neutron.db.ovn_revision_numbers_db [None req-2c9bec9f-d917-4fad-81dc-9b514deced2e 863eb99aa6a94720be3fce0498d25c92 372b4dd9000f4fe0aa368e2fbc339545 - - default default] Successfully bumped revision number for resource 7bde788b-8da0-4e44-8e50-c3320e149d4d (type: security_group_rules) to 0
2026-05-20 04:21:55.696 9 INFO neutron.db.ovn_revision_numbers_db [None req-bd696660-462e-4e26-9440-d53a746c7712 863eb99aa6a94720be3fce0498d25c92 372b4dd9000f4fe0aa368e2fbc339545 - - default default] Successfully bumped revision number for resource 02d19714-6d5b-495b-b82f-f520663db148 (type: security_group_rules) to 0
2026-05-20 04:21:55.711 9 INFO neutron.db.ovn_revision_numbers_db [None req-2c9bec9f-d917-4fad-81dc-9b514deced2e 863eb99aa6a94720be3fce0498d25c92 372b4dd9000f4fe0aa368e2fbc339545 - - default default] Successfully bumped revision number for resource ec66213d-cc0e-44f8-abac-20b7e55f7254 (type: security_group_rules) to 0
2026-05-20 04:21:55.713 9 INFO neutron.db.ovn_revision_numbers_db [None req-bd696660-462e-4e26-9440-d53a746c7712 863eb99aa6a94720be3fce0498d25c92 372b4dd9000f4fe0aa368e2fbc339545 - - default default] Successfully bumped revision number for resource 48ae3911-bfa7-49a2-85e1-ef89a50f2fb7 (type: security_group_rules) to 0
2026-05-20 04:21:55.727 9 INFO neutron.db.ovn_revision_numbers_db [None req-bd696660-462e-4e26-9440-d53a746c7712 863eb99aa6a94720be3fce0498d25c92 372b4dd9000f4fe0aa368e2fbc339545 - - default default] Successfully bumped revision number for resource cb0022cd-e54d-44ca-b81a-c919b775c55e (type: security_group_rules) to 0
2026-05-20 04:21:55.787 9 INFO neutron.api.wsgi [None req-2c9bec9f-d917-4fad-81dc-9b514deced2e 863eb99aa6a94720be3fce0498d25c92 372b4dd9000f4fe0aa368e2fbc339545 - - default default] 10.0.0.8 "GET /v2.0/security-groups?tenant_id=a7e6f9fb45074fb1a2e7931db754aaa8&name=default HTTP/1.1" status: 200 len: 3120 time: 0.4560726
2026-05-20 04:21:55.795 9 INFO neutron.api.wsgi [None req-bd696660-462e-4e26-9440-d53a746c7712 863eb99aa6a94720be3fce0498d25c92 372b4dd9000f4fe0aa368e2fbc339545 - - default default] 10.0.0.8 "GET /v2.0/security-groups?tenant_id=19ee05aec98e469ea8a84c7c720bee50&name=default HTTP/1.1" status: 200 len: 3120 time: 0.3641508
2026-05-20 04:21:55.994 9 INFO neutron.api.wsgi [None req-3dd4a907-fb78-4d39-8570-6cae3f2f0498 863eb99aa6a94720be3fce0498d25c92 372b4dd9000f4fe0aa368e2fbc339545 - - default default] 10.0.0.8 "DELETE /v2.0/security-groups/dde8d95c-4ac6-4af5-ae94-1d3450003cab HTTP/1.1" status: 204 len: 168 time: 0.1942368
2026-05-20 04:21:55.998 10 INFO neutron.api.wsgi [None req-6e8c9a78-f330-44d1-a0c6-47d6d2414d4e 863eb99aa6a94720be3fce0498d25c92 372b4dd9000f4fe0aa368e2fbc339545 - - default default] 10.0.0.8 "DELETE /v2.0/security-groups/2bab2264-3d6a-4e35-8798-95c0b5223c5a HTTP/1.1" status: 204 len: 168 time: 0.2052269
2026-05-20 04:21:56.112 9 INFO neutron.api.wsgi [None req-a644d966-3a3e-47e8-851d-9b4ec636dc5d 863eb99aa6a94720be3fce0498d25c92 372b4dd9000f4fe0aa368e2fbc339545 - - default default] 10.0.0.8 "GET /v2.0/security-groups?tenant_id=b10d660a8d0b4813a6db24d93ed6faaf&name=default HTTP/1.1" status: 200 len: 3120 time: 0.0327718
2026-05-20 04:21:56.147 9 INFO neutron.api.wsgi [req-5d85560c-4e59-441c-b5d0-08e5882e97bc req-62e4a610-0d50-473e-a3ce-1db65a196b35 2d6be48bba374e48a91acd3fd5ab454e 37ba77c5d6bb4dd1a6fe4df83875216a - - default default] 10.0.0.159 "GET /v2.0/ports?device_id=8cf7fea6-1094-46cc-9856-87f49053e302 HTTP/1.1" status: 200 len: 1168 time: 0.0436819
2026-05-20 04:21:56.184 9 INFO neutron.api.wsgi [req-5d85560c-4e59-441c-b5d0-08e5882e97bc req-7121ea50-2ba0-4018-8d3e-2c1bee88bf34 2d6be48bba374e48a91acd3fd5ab454e 37ba77c5d6bb4dd1a6fe4df83875216a - - default default] 10.0.0.159 "GET /v2.0/security-groups?id=95b3226d-e282-4ad0-9f73-f9272a35bbd6&fields=id&fields=name HTTP/1.1" status: 200 len: 286 time: 0.0306079
2026-05-20 04:21:56.319 9 INFO neutron.api.wsgi [None req-1b417ea7-8ec5-42d4-ac38-b1dd9fdbb68c 863eb99aa6a94720be3fce0498d25c92 372b4dd9000f4fe0aa368e2fbc339545 - - default default] 10.0.0.8 "DELETE /v2.0/security-groups/3abbb010-8ba0-40c8-bea6-d8574cd28e53 HTTP/1.1" status: 204 len: 168 time: 0.1962569
2026-05-20 04:21:56.565 9 INFO neutron.db.ovn_revision_numbers_db [None req-b1354aac-3bf4-4b82-95a7-53bbdf85de90 863eb99aa6a94720be3fce0498d25c92 372b4dd9000f4fe0aa368e2fbc339545 - - default default] Successfully bumped revision number for resource a6c47a10-a694-4253-a5f3-59cf307c1aa4 (type: security_groups) to 1
