2026-05-20 04:23:33.730 9 WARNING neutron_lib.context [None req-30f827e0-5f1d-4852-be70-f884188ae211 d64565f0bb9e47b1829d3fd21fbd845a 4ccba9ab8f9749729a9d60615581693f - - default default] Method 'is_advsvc' is deprecated since 2023.2 release (neutron-lib 3.8.0) and will be removed once support for the old RBAC API policies will be removed from Neutron. Please use method 'is_service_role' instead.
2026-05-20 04:23:33.819 10 INFO neutron.api.wsgi [None req-97e5a308-7f0c-434d-993f-4e813f22022b 2f59394d51fd467cb9f6e7286e7e5487 bbc988a882124297ad0847f16c04cff3 - - default default] 10.0.0.8 "GET /v2.0/floatingips/2b6f955f-2224-4646-9dab-05cb0d00fb7f/tags HTTP/1.1" status: 200 len: 205 time: 0.2832122
2026-05-20 04:23:33.916 10 INFO neutron.db.ovn_revision_numbers_db [None req-729badd6-1511-4058-9fec-ed47e513d1ec f9fa3059ad4841eeb592460b7fab4bb4 59a27a8cfdc34843837a8b36cf626caf - - default default] Successfully bumped revision number for resource aacc607b-9ef2-4f0f-a1e2-63fb307f1db3 (type: ports) to 1
2026-05-20 04:23:33.956 9 WARNING neutron.scheduler.dhcp_agent_scheduler [None req-30f827e0-5f1d-4852-be70-f884188ae211 d64565f0bb9e47b1829d3fd21fbd845a 4ccba9ab8f9749729a9d60615581693f - - default default] No more DHCP agents
2026-05-20 04:23:33.958 9 WARNING neutron.api.rpc.agentnotifiers.dhcp_rpc_agent_api [None req-30f827e0-5f1d-4852-be70-f884188ae211 d64565f0bb9e47b1829d3fd21fbd845a 4ccba9ab8f9749729a9d60615581693f - - default default] Unable to schedule network b4089aac-2d02-4206-94da-046c5aa2ba30: no agents available; will retry on subsequent port and subnet creation events.
2026-05-20 04:23:34.153 9 INFO neutron.api.wsgi [None req-2fbc6e06-c0d8-4189-aceb-30a2ff2b9c01 2f59394d51fd467cb9f6e7286e7e5487 bbc988a882124297ad0847f16c04cff3 - - default default] 10.0.0.8 "DELETE /v2.0/floatingips/2b6f955f-2224-4646-9dab-05cb0d00fb7f HTTP/1.1" status: 204 len: 168 time: 0.3275113
2026-05-20 04:23:34.270 9 INFO neutron.api.wsgi [None req-30f827e0-5f1d-4852-be70-f884188ae211 d64565f0bb9e47b1829d3fd21fbd845a 4ccba9ab8f9749729a9d60615581693f - - default default] 10.0.0.8 "POST /v2.0/floatingips HTTP/1.1" status: 201 len: 751 time: 0.5446939
2026-05-20 04:23:34.281 9 WARNING neutron_lib.context [None req-a31d675e-fe5c-4d2f-aa5f-b32d9491b584 d64565f0bb9e47b1829d3fd21fbd845a 4ccba9ab8f9749729a9d60615581693f - - default default] Method 'is_advsvc' is deprecated since 2023.2 release (neutron-lib 3.8.0) and will be removed once support for the old RBAC API policies will be removed from Neutron. Please use method 'is_service_role' instead.
2026-05-20 04:23:34.477 10 INFO neutron.plugins.ml2.drivers.ovn.mech_driver.ovsdb.commands [None req-5a351f97-8975-4ef8-b751-cb50b77536cc - - - - - -] Schedule LRP lrp-aacc607b-9ef2-4f0f-a1e2-63fb307f1db3 on gateway 84081367-4f53-4f23-9772-58bfc96e566c with priority 1
2026-05-20 04:23:34.492 9 WARNING neutron.scheduler.dhcp_agent_scheduler [None req-a31d675e-fe5c-4d2f-aa5f-b32d9491b584 d64565f0bb9e47b1829d3fd21fbd845a 4ccba9ab8f9749729a9d60615581693f - - default default] No more DHCP agents
2026-05-20 04:23:34.493 9 WARNING neutron.api.rpc.agentnotifiers.dhcp_rpc_agent_api [None req-a31d675e-fe5c-4d2f-aa5f-b32d9491b584 d64565f0bb9e47b1829d3fd21fbd845a 4ccba9ab8f9749729a9d60615581693f - - default default] Unable to schedule network b4089aac-2d02-4206-94da-046c5aa2ba30: no agents available; will retry on subsequent port and subnet creation events.
2026-05-20 04:23:34.514 10 INFO neutron.db.ovn_revision_numbers_db [None req-729badd6-1511-4058-9fec-ed47e513d1ec f9fa3059ad4841eeb592460b7fab4bb4 59a27a8cfdc34843837a8b36cf626caf - - default default] Successfully bumped revision number for resource aacc607b-9ef2-4f0f-a1e2-63fb307f1db3 (type: router_ports) to 1
2026-05-20 04:23:34.570 10 INFO neutron.db.ovn_revision_numbers_db [None req-729badd6-1511-4058-9fec-ed47e513d1ec f9fa3059ad4841eeb592460b7fab4bb4 59a27a8cfdc34843837a8b36cf626caf - - default default] Successfully bumped revision number for resource 53eafc51-9544-404f-b80a-fbc20e7a217b (type: routers) to 2
2026-05-20 04:23:34.585 10 INFO neutron.api.wsgi [None req-729badd6-1511-4058-9fec-ed47e513d1ec f9fa3059ad4841eeb592460b7fab4bb4 59a27a8cfdc34843837a8b36cf626caf - - default default] 10.0.0.8 "POST /v2.0/routers HTTP/1.1" status: 201 len: 1145 time: 1.3834116
2026-05-20 04:23:34.643 10 INFO neutron.api.wsgi [None req-8cf86fd8-9d69-4176-950d-aa3555d30ab2 f9fa3059ad4841eeb592460b7fab4bb4 59a27a8cfdc34843837a8b36cf626caf - - default default] 10.0.0.8 "GET /v2.0/routers/53eafc51-9544-404f-b80a-fbc20e7a217b HTTP/1.1" status: 200 len: 1146 time: 0.0520656
2026-05-20 04:23:34.718 10 INFO neutron.api.wsgi [None req-55b5ae38-5f9f-4cde-86b4-c262a3d9b218 f9fa3059ad4841eeb592460b7fab4bb4 59a27a8cfdc34843837a8b36cf626caf - - default default] 10.0.0.8 "GET /v2.0/routers HTTP/1.1" status: 200 len: 1149 time: 0.0707490
2026-05-20 04:23:34.732 9 INFO neutron.api.wsgi [None req-a31d675e-fe5c-4d2f-aa5f-b32d9491b584 d64565f0bb9e47b1829d3fd21fbd845a 4ccba9ab8f9749729a9d60615581693f - - default default] 10.0.0.8 "POST /v2.0/floatingips HTTP/1.1" status: 201 len: 751 time: 0.4542611
2026-05-20 04:23:34.783 10 INFO neutron.api.wsgi [None req-8b22d1ab-cd9f-4313-8bc0-3e64d9809831 d64565f0bb9e47b1829d3fd21fbd845a 4ccba9ab8f9749729a9d60615581693f - - default default] 10.0.0.8 "PUT /v2.0/floatingips/482dffcf-da3c-4d89-aa53-f7d272192051/tags HTTP/1.1" status: 200 len: 210 time: 0.0476694
2026-05-20 04:23:34.837 10 INFO neutron.api.wsgi [None req-37232218-86f2-4140-8f9f-7eac4cef4f01 d64565f0bb9e47b1829d3fd21fbd845a 4ccba9ab8f9749729a9d60615581693f - - default default] 10.0.0.8 "PUT /v2.0/floatingips/b2c92c6b-c366-4ad9-a28a-34eb9d69dc17/tags HTTP/1.1" status: 200 len: 218 time: 0.0477290
2026-05-20 04:23:34.879 9 INFO neutron.api.wsgi [None req-51a85cf8-e974-4db2-ba2c-a811c0844a41 d64565f0bb9e47b1829d3fd21fbd845a 4ccba9ab8f9749729a9d60615581693f - - default default] 10.0.0.8 "PUT /v2.0/floatingips/5370a501-004f-46c6-8925-fe38cb8b8479/tags HTTP/1.1" status: 200 len: 227 time: 0.0352345
2026-05-20 04:23:34.915 9 INFO neutron.api.wsgi [None req-ed0d6911-64af-43fc-8a2e-9cb8fd63effb d64565f0bb9e47b1829d3fd21fbd845a 4ccba9ab8f9749729a9d60615581693f - - default default] 10.0.0.8 "PUT /v2.0/floatingips/16e4eeaf-6224-4ff0-a00c-738a162a7215/tags HTTP/1.1" status: 200 len: 212 time: 0.0319247
2026-05-20 04:23:34.952 9 INFO neutron.db.ovn_revision_numbers_db [None req-9e41cb44-510b-4eba-a3fb-643e5c32a9e0 863eb99aa6a94720be3fce0498d25c92 372b4dd9000f4fe0aa368e2fbc339545 - - default default] Successfully bumped revision number for resource 725774ab-feeb-40fa-94f7-4d94eff3d9e8 (type: security_groups) to 1
2026-05-20 04:23:34.962 10 INFO neutron.api.wsgi [None req-536e3300-9722-4402-a748-7baa1af7dc8d d64565f0bb9e47b1829d3fd21fbd845a 4ccba9ab8f9749729a9d60615581693f - - default default] 10.0.0.8 "GET /v2.0/floatingips?tags=red HTTP/1.1" status: 200 len: 1866 time: 0.0408764
2026-05-20 04:23:34.963 9 INFO neutron.db.ovn_revision_numbers_db [None req-9e41cb44-510b-4eba-a3fb-643e5c32a9e0 863eb99aa6a94720be3fce0498d25c92 372b4dd9000f4fe0aa368e2fbc339545 - - default default] Successfully bumped revision number for resource 4845ea19-4c9d-4d3c-be5e-0a58775ae9b7 (type: security_group_rules) to 0
2026-05-20 04:23:34.998 9 INFO neutron.db.ovn_revision_numbers_db [None req-9e41cb44-510b-4eba-a3fb-643e5c32a9e0 863eb99aa6a94720be3fce0498d25c92 372b4dd9000f4fe0aa368e2fbc339545 - - default default] Successfully bumped revision number for resource 5bc4c92d-cf96-4bfd-ac95-5fff8069c316 (type: security_group_rules) to 0
2026-05-20 04:23:35.001 9 INFO neutron.api.wsgi [None req-892742cc-2cb9-4b40-8d47-8d068ec6e64f d64565f0bb9e47b1829d3fd21fbd845a 4ccba9ab8f9749729a9d60615581693f - - default default] 10.0.0.8 "GET /v2.0/floatingips?tags=red%2Cblue HTTP/1.1" status: 200 len: 1323 time: 0.0342178
2026-05-20 04:23:35.045 9 INFO neutron.db.ovn_revision_numbers_db [None req-9e41cb44-510b-4eba-a3fb-643e5c32a9e0 863eb99aa6a94720be3fce0498d25c92 372b4dd9000f4fe0aa368e2fbc339545 - - default default] Successfully bumped revision number for resource 616416c4-fbfa-436e-9125-5ed32232743d (type: security_group_rules) to 0
2026-05-20 04:23:35.051 9 INFO neutron.api.wsgi [None req-9c8436c7-0300-4c1c-b61a-066f2ae4235c d64565f0bb9e47b1829d3fd21fbd845a 4ccba9ab8f9749729a9d60615581693f - - default default] 10.0.0.8 "GET /v2.0/floatingips?tags-any=blue HTTP/1.1" status: 200 len: 1323 time: 0.0461009
2026-05-20 04:23:35.060 9 INFO neutron.db.ovn_revision_numbers_db [None req-9e41cb44-510b-4eba-a3fb-643e5c32a9e0 863eb99aa6a94720be3fce0498d25c92 372b4dd9000f4fe0aa368e2fbc339545 - - default default] Successfully bumped revision number for resource edf7b9d0-a3dd-4a1d-9a5a-2c22b771d385 (type: security_group_rules) to 0
2026-05-20 04:23:35.075 9 INFO neutron.api.wsgi [None req-dfb36453-b5a1-417f-ba87-14937eeded50 d64565f0bb9e47b1829d3fd21fbd845a 4ccba9ab8f9749729a9d60615581693f - - default default] 10.0.0.8 "GET /v2.0/floatingips?tags-any=red%2Cblue HTTP/1.1" status: 200 len: 1866 time: 0.0191908
2026-05-20 04:23:35.114 9 INFO neutron.api.wsgi [None req-0eb2ef0b-6285-4bc0-a22c-46d3e7f7c726 d64565f0bb9e47b1829d3fd21fbd845a 4ccba9ab8f9749729a9d60615581693f - - default default] 10.0.0.8 "GET /v2.0/floatingips?not-tags=red HTTP/1.1" status: 200 len: 1295 time: 0.0356245
2026-05-20 04:23:35.119 9 INFO neutron.api.wsgi [None req-9e41cb44-510b-4eba-a3fb-643e5c32a9e0 863eb99aa6a94720be3fce0498d25c92 372b4dd9000f4fe0aa368e2fbc339545 - - default default] 10.0.0.8 "GET /v2.0/security-groups?tenant_id=bca1220cc34c4580901f003c676aac25&name=default HTTP/1.1" status: 200 len: 3120 time: 0.3576636
2026-05-20 04:23:35.172 10 INFO neutron.api.wsgi [None req-e6ececa0-8147-4c8d-a739-aa286c54747a d64565f0bb9e47b1829d3fd21fbd845a 4ccba9ab8f9749729a9d60615581693f - - default default] 10.0.0.8 "GET /v2.0/floatingips?not-tags=red%2Cblue HTTP/1.1" status: 200 len: 1838 time: 0.0534835
2026-05-20 04:23:35.213 10 INFO neutron.api.wsgi [None req-19417573-2dcb-4d08-b812-ebd40b399cd8 d64565f0bb9e47b1829d3fd21fbd845a 4ccba9ab8f9749729a9d60615581693f - - default default] 10.0.0.8 "GET /v2.0/floatingips?not-tags-any=blue HTTP/1.1" status: 200 len: 1838 time: 0.0356944
2026-05-20 04:23:35.225 10 INFO neutron.db.ovn_revision_numbers_db [None req-53e12023-30e5-4e55-826a-efb6bd25aab3 f9fa3059ad4841eeb592460b7fab4bb4 59a27a8cfdc34843837a8b36cf626caf - - default default] Successfully bumped revision number for resource 53eafc51-9544-404f-b80a-fbc20e7a217b (type: routers) to 3
2026-05-20 04:23:35.229 10 INFO neutron.api.wsgi [None req-53e12023-30e5-4e55-826a-efb6bd25aab3 f9fa3059ad4841eeb592460b7fab4bb4 59a27a8cfdc34843837a8b36cf626caf - - default default] 10.0.0.8 "PUT /v2.0/routers/53eafc51-9544-404f-b80a-fbc20e7a217b HTTP/1.1" status: 200 len: 1153 time: 0.5031831
2026-05-20 04:23:35.295 10 INFO neutron.api.wsgi [None req-9c059694-e24a-462d-97de-76223a8dc31f f9fa3059ad4841eeb592460b7fab4bb4 59a27a8cfdc34843837a8b36cf626caf - - default default] 10.0.0.8 "GET /v2.0/routers/53eafc51-9544-404f-b80a-fbc20e7a217b HTTP/1.1" status: 200 len: 1153 time: 0.0616848
2026-05-20 04:23:35.315 10 INFO neutron.api.wsgi [None req-ee568336-d6f0-48bf-a2b8-11bae88bed3d f9fa3059ad4841eeb592460b7fab4bb4 59a27a8cfdc34843837a8b36cf626caf - - default default] 10.0.0.8 "GET /v2.0/ports?device_id=53eafc51-9544-404f-b80a-fbc20e7a217b HTTP/1.1" status: 200 len: 205 time: 0.0161462
2026-05-20 04:23:35.497 9 INFO neutron.api.wsgi [None req-14ab6c0c-461e-4e14-b11a-9a6f83201272 d64565f0bb9e47b1829d3fd21fbd845a 4ccba9ab8f9749729a9d60615581693f - - default default] 10.0.0.8 "GET /v2.0/floatingips?not-tags-any=red%2Cblue HTTP/1.1" status: 200 len: 1295 time: 0.2796454
2026-05-20 04:23:35.587 9 INFO neutron.api.wsgi [None req-11902db0-8e7a-4630-b858-2ca2391470b2 863eb99aa6a94720be3fce0498d25c92 372b4dd9000f4fe0aa368e2fbc339545 - - default default] 10.0.0.8 "DELETE /v2.0/security-groups/725774ab-feeb-40fa-94f7-4d94eff3d9e8 HTTP/1.1" status: 204 len: 168 time: 0.4642038
2026-05-20 04:23:35.760 9 INFO neutron.api.wsgi [None req-1addce5b-6066-404e-999a-71895e6c20da d64565f0bb9e47b1829d3fd21fbd845a 4ccba9ab8f9749729a9d60615581693f - - default default] 10.0.0.8 "DELETE /v2.0/floatingips/482dffcf-da3c-4d89-aa53-f7d272192051 HTTP/1.1" status: 204 len: 168 time: 0.2575362
2026-05-20 04:23:35.814 9 INFO neutron.db.ovn_revision_numbers_db [None req-065f0f9d-3371-4881-9889-a977379f5ae2 863eb99aa6a94720be3fce0498d25c92 372b4dd9000f4fe0aa368e2fbc339545 - - default default] Successfully bumped revision number for resource f5a905a5-fb26-457b-83eb-ae6fd1f3abeb (type: security_groups) to 1
2026-05-20 04:23:35.827 9 INFO neutron.db.ovn_revision_numbers_db [None req-065f0f9d-3371-4881-9889-a977379f5ae2 863eb99aa6a94720be3fce0498d25c92 372b4dd9000f4fe0aa368e2fbc339545 - - default default] Successfully bumped revision number for resource 14c62aa3-5675-4662-9b03-e660242578a7 (type: security_group_rules) to 0
2026-05-20 04:23:35.841 9 INFO neutron.db.ovn_revision_numbers_db [None req-065f0f9d-3371-4881-9889-a977379f5ae2 863eb99aa6a94720be3fce0498d25c92 372b4dd9000f4fe0aa368e2fbc339545 - - default default] Successfully bumped revision number for resource ef8f6975-ec44-4e17-b24d-2f031a41df6e (type: security_group_rules) to 0
2026-05-20 04:23:35.855 9 INFO neutron.db.ovn_revision_numbers_db [None req-065f0f9d-3371-4881-9889-a977379f5ae2 863eb99aa6a94720be3fce0498d25c92 372b4dd9000f4fe0aa368e2fbc339545 - - default default] Successfully bumped revision number for resource fad9562b-6da1-4ef3-a450-f7663641e2a2 (type: security_group_rules) to 0
2026-05-20 04:23:35.867 9 INFO neutron.db.ovn_revision_numbers_db [None req-065f0f9d-3371-4881-9889-a977379f5ae2 863eb99aa6a94720be3fce0498d25c92 372b4dd9000f4fe0aa368e2fbc339545 - - default default] Successfully bumped revision number for resource fbc581a3-f252-4ce8-bd79-c58d32a8649c (type: security_group_rules) to 0
2026-05-20 04:23:35.909 9 INFO neutron.api.wsgi [None req-065f0f9d-3371-4881-9889-a977379f5ae2 863eb99aa6a94720be3fce0498d25c92 372b4dd9000f4fe0aa368e2fbc339545 - - default default] 10.0.0.8 "GET /v2.0/security-groups?tenant_id=bbc988a882124297ad0847f16c04cff3&name=default HTTP/1.1" status: 200 len: 3120 time: 0.2474155
2026-05-20 04:23:35.988 10 INFO neutron.api.wsgi [None req-13e481a3-f2b0-4ba8-b912-1e413744369a f9fa3059ad4841eeb592460b7fab4bb4 59a27a8cfdc34843837a8b36cf626caf - - default default] 10.0.0.8 "DELETE /v2.0/routers/53eafc51-9544-404f-b80a-fbc20e7a217b HTTP/1.1" status: 204 len: 168 time: 0.6688554
2026-05-20 04:23:36.013 9 INFO neutron.api.wsgi [None req-4ec79ae4-6ac5-412e-9c53-a73972060348 f9fa3059ad4841eeb592460b7fab4bb4 59a27a8cfdc34843837a8b36cf626caf - - default default] 10.0.0.8 "GET /v2.0/ports?device_id=53eafc51-9544-404f-b80a-fbc20e7a217b HTTP/1.1" status: 200 len: 205 time: 0.0180736
2026-05-20 04:23:36.034 9 INFO neutron.api.v2.resource [None req-eb8e6485-a65a-48aa-b7ca-7a3222fcb120 f9fa3059ad4841eeb592460b7fab4bb4 59a27a8cfdc34843837a8b36cf626caf - - default default] delete failed (client error): The resource could not be found.
2026-05-20 04:23:36.035 9 INFO neutron.api.wsgi [None req-eb8e6485-a65a-48aa-b7ca-7a3222fcb120 f9fa3059ad4841eeb592460b7fab4bb4 59a27a8cfdc34843837a8b36cf626caf - - default default] 10.0.0.8 "DELETE /v2.0/routers/53eafc51-9544-404f-b80a-fbc20e7a217b HTTP/1.1" status: 404 len: 336 time: 0.0141590
2026-05-20 04:23:36.054 10 INFO neutron.api.wsgi [None req-ba7e23b4-9cc1-4e26-be4b-d45ad4f679fc f9fa3059ad4841eeb592460b7fab4bb4 59a27a8cfdc34843837a8b36cf626caf - - default default] 10.0.0.8 "GET /v2.0/ports?device_id=a46fcc1f-db24-43b3-b8ff-a091fb6974ca HTTP/1.1" status: 200 len: 205 time: 0.0150659
2026-05-20 04:23:36.077 9 INFO neutron.api.v2.resource [None req-c63697ee-4a2b-4074-9d4d-56c91b04bb2f f9fa3059ad4841eeb592460b7fab4bb4 59a27a8cfdc34843837a8b36cf626caf - - default default] delete failed (client error): The resource could not be found.
2026-05-20 04:23:36.078 9 INFO neutron.api.wsgi [None req-c63697ee-4a2b-4074-9d4d-56c91b04bb2f f9fa3059ad4841eeb592460b7fab4bb4 59a27a8cfdc34843837a8b36cf626caf - - default default] 10.0.0.8 "DELETE /v2.0/routers/a46fcc1f-db24-43b3-b8ff-a091fb6974ca HTTP/1.1" status: 404 len: 336 time: 0.0143018
2026-05-20 04:23:36.093 9 INFO neutron.pecan_wsgi.hooks.translation [None req-a5220015-11e1-4369-bc4a-5f7ecf5417cf f9fa3059ad4841eeb592460b7fab4bb4 59a27a8cfdc34843837a8b36cf626caf - - default default] DELETE failed (client error): The resource could not be found.
2026-05-20 04:23:36.095 9 INFO neutron.api.wsgi [None req-a5220015-11e1-4369-bc4a-5f7ecf5417cf f9fa3059ad4841eeb592460b7fab4bb4 59a27a8cfdc34843837a8b36cf626caf - - default default] 10.0.0.8 "DELETE /v2.0/subnets/e463984d-c745-4bc4-a850-f258d4e42201 HTTP/1.1" status: 404 len: 337 time: 0.0125289
2026-05-20 04:23:36.114 10 INFO neutron.api.wsgi [None req-5cda6218-3abd-4c60-8e45-d0b1d5f49d60 f9fa3059ad4841eeb592460b7fab4bb4 59a27a8cfdc34843837a8b36cf626caf - - default default] 10.0.0.8 "GET /v2.0/ports?device_id=cb49970d-6e48-4a2c-9235-d86b5baf0d46 HTTP/1.1" status: 200 len: 205 time: 0.0141501
2026-05-20 04:23:36.133 10 INFO neutron.api.v2.resource [None req-b9660376-ed07-4e14-9844-870ea64542ac f9fa3059ad4841eeb592460b7fab4bb4 59a27a8cfdc34843837a8b36cf626caf - - default default] delete failed (client error): The resource could not be found.
2026-05-20 04:23:36.134 10 INFO neutron.api.wsgi [None req-b9660376-ed07-4e14-9844-870ea64542ac f9fa3059ad4841eeb592460b7fab4bb4 59a27a8cfdc34843837a8b36cf626caf - - default default] 10.0.0.8 "DELETE /v2.0/routers/cb49970d-6e48-4a2c-9235-d86b5baf0d46 HTTP/1.1" status: 404 len: 336 time: 0.0143943
2026-05-20 04:23:36.140 9 INFO neutron.api.wsgi [None req-bc9e03b2-510d-4316-8899-3574114901a4 863eb99aa6a94720be3fce0498d25c92 372b4dd9000f4fe0aa368e2fbc339545 - - default default] 10.0.0.8 "DELETE /v2.0/security-groups/f5a905a5-fb26-457b-83eb-ae6fd1f3abeb HTTP/1.1" status: 204 len: 168 time: 0.2266514
2026-05-20 04:23:36.147 10 INFO neutron.pecan_wsgi.hooks.translation [None req-f55e64b4-42b5-4473-82c7-92ee1f2e254a f9fa3059ad4841eeb592460b7fab4bb4 59a27a8cfdc34843837a8b36cf626caf - - default default] DELETE failed (client error): The resource could not be found.
2026-05-20 04:23:36.149 10 INFO neutron.api.wsgi [None req-f55e64b4-42b5-4473-82c7-92ee1f2e254a f9fa3059ad4841eeb592460b7fab4bb4 59a27a8cfdc34843837a8b36cf626caf - - default default] 10.0.0.8 "DELETE /v2.0/subnets/4ad9adf3-fdf4-4b17-b85a-4724b0988f97 HTTP/1.1" status: 404 len: 337 time: 0.0112040
2026-05-20 04:23:36.160 10 INFO neutron.api.wsgi [None req-74ae48bf-486c-4193-b0b3-faf7dbda8542 d64565f0bb9e47b1829d3fd21fbd845a 4ccba9ab8f9749729a9d60615581693f - - default default] 10.0.0.8 "DELETE /v2.0/floatingips/b2c92c6b-c366-4ad9-a28a-34eb9d69dc17 HTTP/1.1" status: 204 len: 168 time: 0.3815451
2026-05-20 04:23:36.165 10 INFO neutron.api.wsgi [None req-5a3dd67b-9535-4b71-b990-f6b387a9a771 f9fa3059ad4841eeb592460b7fab4bb4 59a27a8cfdc34843837a8b36cf626caf - - default default] 10.0.0.8 "GET /v2.0/ports?device_id=121ef1e3-392d-49b3-b6df-821581a9aae2 HTTP/1.1" status: 200 len: 205 time: 0.0123074
2026-05-20 04:23:36.179 10 INFO neutron.api.v2.resource [None req-f4d48c02-c1a2-4d53-a027-090839c5bb63 f9fa3059ad4841eeb592460b7fab4bb4 59a27a8cfdc34843837a8b36cf626caf - - default default] delete failed (client error): The resource could not be found.
2026-05-20 04:23:36.179 10 INFO neutron.api.wsgi [None req-f4d48c02-c1a2-4d53-a027-090839c5bb63 f9fa3059ad4841eeb592460b7fab4bb4 59a27a8cfdc34843837a8b36cf626caf - - default default] 10.0.0.8 "DELETE /v2.0/routers/121ef1e3-392d-49b3-b6df-821581a9aae2 HTTP/1.1" status: 404 len: 336 time: 0.0110939
2026-05-20 04:23:36.190 10 INFO neutron.pecan_wsgi.hooks.translation [None req-917b963e-ed53-408b-8a3b-ad2f21c37289 f9fa3059ad4841eeb592460b7fab4bb4 59a27a8cfdc34843837a8b36cf626caf - - default default] DELETE failed (client error): The resource could not be found.
2026-05-20 04:23:36.192 10 INFO neutron.api.wsgi [None req-917b963e-ed53-408b-8a3b-ad2f21c37289 f9fa3059ad4841eeb592460b7fab4bb4 59a27a8cfdc34843837a8b36cf626caf - - default default] 10.0.0.8 "DELETE /v2.0/subnets/b870a10f-12d4-4e11-9e6a-3b51b7ca8134 HTTP/1.1" status: 404 len: 337 time: 0.0091610
2026-05-20 04:23:36.202 10 INFO neutron.pecan_wsgi.hooks.translation [None req-621191ae-19c9-4972-b935-4917dc12745c f9fa3059ad4841eeb592460b7fab4bb4 59a27a8cfdc34843837a8b36cf626caf - - default default] DELETE failed (client error): The resource could not be found.
2026-05-20 04:23:36.205 10 INFO neutron.api.wsgi [None req-621191ae-19c9-4972-b935-4917dc12745c f9fa3059ad4841eeb592460b7fab4bb4 59a27a8cfdc34843837a8b36cf626caf - - default default] 10.0.0.8 "DELETE /v2.0/subnets/21920f75-0fb9-45e1-8b1c-b40a1eb53c7f HTTP/1.1" status: 404 len: 337 time: 0.0083399
2026-05-20 04:23:36.419 9 INFO neutron.api.wsgi [None req-ccd6a405-1d67-45f5-8312-d394297f4c8a d64565f0bb9e47b1829d3fd21fbd845a 4ccba9ab8f9749729a9d60615581693f - - default default] 10.0.0.8 "DELETE /v2.0/floatingips/5370a501-004f-46c6-8925-fe38cb8b8479 HTTP/1.1" status: 204 len: 168 time: 0.2539496
2026-05-20 04:23:36.695 10 INFO neutron.api.wsgi [None req-4ba5d92f-e668-4ad3-8f76-6a67547db1c9 d64565f0bb9e47b1829d3fd21fbd845a 4ccba9ab8f9749729a9d60615581693f - - default default] 10.0.0.8 "DELETE /v2.0/floatingips/16e4eeaf-6224-4ff0-a00c-738a162a7215 HTTP/1.1" status: 204 len: 168 time: 0.2456727
2026-05-20 04:23:36.743 9 INFO neutron.api.wsgi [None req-be13c3ac-769d-4977-964f-5d716756278f 863eb99aa6a94720be3fce0498d25c92 372b4dd9000f4fe0aa368e2fbc339545 - - default default] 10.0.0.8 "GET /v2.0/security-groups?tenant_id=59a27a8cfdc34843837a8b36cf626caf&name=default HTTP/1.1" status: 200 len: 3120 time: 0.1057503
2026-05-20 04:23:36.902 9 INFO neutron.api.wsgi [None req-e2387d7a-bb85-43a6-94f3-7c7b4933e7e5 863eb99aa6a94720be3fce0498d25c92 372b4dd9000f4fe0aa368e2fbc339545 - - default default] 10.0.0.8 "DELETE /v2.0/security-groups/f046f969-36d3-491d-aff0-2ea58b6db21c HTTP/1.1" status: 204 len: 168 time: 0.1545546
2026-05-20 04:23:36.946 10 INFO neutron.api.wsgi [None req-7465b4fe-8590-4e02-9c5b-d585b670b67f d64565f0bb9e47b1829d3fd21fbd845a 4ccba9ab8f9749729a9d60615581693f - - default default] 10.0.0.8 "DELETE /v2.0/floatingips/07fdcabd-3f26-4d1e-bf09-abe31c6abd98 HTTP/1.1" status: 204 len: 168 time: 0.2462282
2026-05-20 04:23:37.039 9 WARNING neutron.plugins.ml2.drivers.ovn.mech_driver.ovsdb.ovn_client [None req-aff9a5da-a807-4886-a94d-a7dcdb380169 - - - - - -] No port found with ID 6b2478bd-1d33-42be-abd6-e3aac99b7c04: RuntimeError: No port found with ID 6b2478bd-1d33-42be-abd6-e3aac99b7c04
2026-05-20 04:23:37.054 9 INFO neutron.plugins.ml2.drivers.ovn.mech_driver.mech_driver [None req-aff9a5da-a807-4886-a94d-a7dcdb380169 - - - - - -] OVN reports status up for port: aacc607b-9ef2-4f0f-a1e2-63fb307f1db3
2026-05-20 04:23:37.925 9 INFO neutron.db.ovn_revision_numbers_db [None req-32ace38d-9556-4fc6-8c1c-eac66053ddfa 863eb99aa6a94720be3fce0498d25c92 372b4dd9000f4fe0aa368e2fbc339545 - - default default] Successfully bumped revision number for resource e157f8bc-e57a-4b4f-b2b4-b66e835424e4 (type: security_groups) to 1
2026-05-20 04:23:37.939 9 INFO neutron.db.ovn_revision_numbers_db [None req-32ace38d-9556-4fc6-8c1c-eac66053ddfa 863eb99aa6a94720be3fce0498d25c92 372b4dd9000f4fe0aa368e2fbc339545 - - default default] Successfully bumped revision number for resource 00c6bf48-81b9-4c71-af92-0252699f2cfa (type: security_group_rules) to 0
2026-05-20 04:23:37.952 9 INFO neutron.db.ovn_revision_numbers_db [None req-32ace38d-9556-4fc6-8c1c-eac66053ddfa 863eb99aa6a94720be3fce0498d25c92 372b4dd9000f4fe0aa368e2fbc339545 - - default default] Successfully bumped revision number for resource 0532ef70-cea7-42ac-a8ca-195d3dbfa53c (type: security_group_rules) to 0
2026-05-20 04:23:37.964 9 INFO neutron.db.ovn_revision_numbers_db [None req-32ace38d-9556-4fc6-8c1c-eac66053ddfa 863eb99aa6a94720be3fce0498d25c92 372b4dd9000f4fe0aa368e2fbc339545 - - default default] Successfully bumped revision number for resource 900e945e-4ac2-422f-9e5c-313042051ef7 (type: security_group_rules) to 0
2026-05-20 04:23:37.978 9 INFO neutron.db.ovn_revision_numbers_db [None req-32ace38d-9556-4fc6-8c1c-eac66053ddfa 863eb99aa6a94720be3fce0498d25c92 372b4dd9000f4fe0aa368e2fbc339545 - - default default] Successfully bumped revision number for resource ee4055a5-2ad4-4182-ab3d-3af2dd78fdfd (type: security_group_rules) to 0
2026-05-20 04:23:38.012 9 INFO neutron.api.wsgi [None req-32ace38d-9556-4fc6-8c1c-eac66053ddfa 863eb99aa6a94720be3fce0498d25c92 372b4dd9000f4fe0aa368e2fbc339545 - - default default] 10.0.0.8 "GET /v2.0/security-groups?tenant_id=602abca05d494313a46cb70f14179963&name=default HTTP/1.1" status: 200 len: 3120 time: 0.3581533
2026-05-20 04:23:38.241 10 INFO neutron.api.wsgi [None req-1d86e6e7-53ff-4995-8b4c-56a7bf2b0781 863eb99aa6a94720be3fce0498d25c92 372b4dd9000f4fe0aa368e2fbc339545 - - default default] 10.0.0.8 "DELETE /v2.0/security-groups/e157f8bc-e57a-4b4f-b2b4-b66e835424e4 HTTP/1.1" status: 204 len: 168 time: 0.2185330
2026-05-20 04:23:38.469 10 INFO neutron.db.ovn_revision_numbers_db [None req-4fbef10f-a9df-4294-a2ae-dbc2604bb951 863eb99aa6a94720be3fce0498d25c92 372b4dd9000f4fe0aa368e2fbc339545 - - default default] Successfully bumped revision number for resource eb525a43-028b-4554-bce9-230feaadebfc (type: security_groups) to 1
2026-05-20 04:23:38.481 10 INFO neutron.db.ovn_revision_numbers_db [None req-4fbef10f-a9df-4294-a2ae-dbc2604bb951 863eb99aa6a94720be3fce0498d25c92 372b4dd9000f4fe0aa368e2fbc339545 - - default default] Successfully bumped revision number for resource 436a4e37-fc55-472a-8605-6dcf9b0d8071 (type: security_group_rules) to 0
2026-05-20 04:23:38.493 10 INFO neutron.db.ovn_revision_numbers_db [None req-4fbef10f-a9df-4294-a2ae-dbc2604bb951 863eb99aa6a94720be3fce0498d25c92 372b4dd9000f4fe0aa368e2fbc339545 - - default default] Successfully bumped revision number for resource b39cdb78-7cc9-4f02-8608-ae01e20d6d19 (type: security_group_rules) to 0
2026-05-20 04:23:38.506 10 INFO neutron.db.ovn_revision_numbers_db [None req-4fbef10f-a9df-4294-a2ae-dbc2604bb951 863eb99aa6a94720be3fce0498d25c92 372b4dd9000f4fe0aa368e2fbc339545 - - default default] Successfully bumped revision number for resource c5cc34bd-febf-40b4-9f1c-8f7c0a07a500 (type: security_group_rules) to 0
2026-05-20 04:23:38.518 10 INFO neutron.db.ovn_revision_numbers_db [None req-4fbef10f-a9df-4294-a2ae-dbc2604bb951 863eb99aa6a94720be3fce0498d25c92 372b4dd9000f4fe0aa368e2fbc339545 - - default default] Successfully bumped revision number for resource cd3eb90b-73fd-4952-a4ed-c6afcb17dc5c (type: security_group_rules) to 0
2026-05-20 04:23:38.549 10 INFO neutron.api.wsgi [None req-4fbef10f-a9df-4294-a2ae-dbc2604bb951 863eb99aa6a94720be3fce0498d25c92 372b4dd9000f4fe0aa368e2fbc339545 - - default default] 10.0.0.8 "GET /v2.0/security-groups?tenant_id=1ae42e4e42bc4a038e5fc199d8eecd6a&name=default HTTP/1.1" status: 200 len: 3120 time: 0.1899097
2026-05-20 04:23:38.559 9 INFO neutron.api.wsgi [-] 10.0.0.119 "GET / HTTP/1.1" status: 200 len: 247 time: 0.0034184
2026-05-20 04:23:38.563 9 INFO neutron.api.wsgi [-] 10.0.0.119 "GET / HTTP/1.1" status: 200 len: 247 time: 0.0023208
2026-05-20 04:23:38.696 9 WARNING neutron_lib.context [None req-998e6958-719f-44c6-a4dc-c3d960da3d18 b46daedf8f67403080c77586e5037961 62f05dc2a1b94542b952afb9a415a729 - - default default] Method 'is_advsvc' is deprecated since 2023.2 release (neutron-lib 3.8.0) and will be removed once support for the old RBAC API policies will be removed from Neutron. Please use method 'is_service_role' instead.
2026-05-20 04:23:38.766 10 INFO neutron.api.wsgi [None req-fa1ff9b5-3af4-4348-bc33-d89821aa4937 863eb99aa6a94720be3fce0498d25c92 372b4dd9000f4fe0aa368e2fbc339545 - - default default] 10.0.0.8 "DELETE /v2.0/security-groups/eb525a43-028b-4554-bce9-230feaadebfc HTTP/1.1" status: 204 len: 168 time: 0.2130229
2026-05-20 04:23:38.861 9 INFO neutron.db.ovn_revision_numbers_db [None req-998e6958-719f-44c6-a4dc-c3d960da3d18 b46daedf8f67403080c77586e5037961 62f05dc2a1b94542b952afb9a415a729 - - default default] Successfully bumped revision number for resource dded923d-1f84-4c40-b9a1-a2b9bf9e7865 (type: security_groups) to 1
2026-05-20 04:23:38.877 9 INFO neutron.db.ovn_revision_numbers_db [None req-998e6958-719f-44c6-a4dc-c3d960da3d18 b46daedf8f67403080c77586e5037961 62f05dc2a1b94542b952afb9a415a729 - - default default] Successfully bumped revision number for resource 0fb661d7-c2be-4de3-a4a8-5092aac4ce73 (type: security_group_rules) to 0
2026-05-20 04:23:38.895 9 INFO neutron.db.ovn_revision_numbers_db [None req-998e6958-719f-44c6-a4dc-c3d960da3d18 b46daedf8f67403080c77586e5037961 62f05dc2a1b94542b952afb9a415a729 - - default default] Successfully bumped revision number for resource 4aff2961-27f3-4660-b815-72eb7bc8290c (type: security_group_rules) to 0
2026-05-20 04:23:38.911 9 INFO neutron.db.ovn_revision_numbers_db [None req-998e6958-719f-44c6-a4dc-c3d960da3d18 b46daedf8f67403080c77586e5037961 62f05dc2a1b94542b952afb9a415a729 - - default default] Successfully bumped revision number for resource 5186fcba-2c49-4edd-991a-4bf43c5d0e03 (type: security_group_rules) to 0
2026-05-20 04:23:38.927 9 INFO neutron.db.ovn_revision_numbers_db [None req-998e6958-719f-44c6-a4dc-c3d960da3d18 b46daedf8f67403080c77586e5037961 62f05dc2a1b94542b952afb9a415a729 - - default default] Successfully bumped revision number for resource 7b8d17ce-3ff5-449f-8573-1e043ce4e186 (type: security_group_rules) to 0
2026-05-20 04:23:39.044 9 INFO neutron.db.ovn_revision_numbers_db [None req-998e6958-719f-44c6-a4dc-c3d960da3d18 b46daedf8f67403080c77586e5037961 62f05dc2a1b94542b952afb9a415a729 - - default default] Successfully bumped revision number for resource 76393da1-209e-4976-b23f-79df44a3167b (type: security_groups) to 1
2026-05-20 04:23:39.053 9 INFO neutron.db.ovn_revision_numbers_db [None req-998e6958-719f-44c6-a4dc-c3d960da3d18 b46daedf8f67403080c77586e5037961 62f05dc2a1b94542b952afb9a415a729 - - default default] Successfully bumped revision number for resource 68ab3112-d740-4d3a-be67-c3c297611c54 (type: security_group_rules) to 0
2026-05-20 04:23:39.055 10 INFO neutron.db.ovn_revision_numbers_db [None req-fa3c4dba-d000-4a9f-985c-1b14e8a1b2d1 863eb99aa6a94720be3fce0498d25c92 372b4dd9000f4fe0aa368e2fbc339545 - - default default] Successfully bumped revision number for resource 3550a86b-90e6-4f53-869a-d4f14b280da7 (type: security_groups) to 1
2026-05-20 04:23:39.063 9 INFO neutron.db.ovn_revision_numbers_db [None req-998e6958-719f-44c6-a4dc-c3d960da3d18 b46daedf8f67403080c77586e5037961 62f05dc2a1b94542b952afb9a415a729 - - default default] Successfully bumped revision number for resource eb113de0-f953-4578-8975-c569ba3e9ba5 (type: security_group_rules) to 0
2026-05-20 04:23:39.067 10 INFO neutron.db.ovn_revision_numbers_db [None req-fa3c4dba-d000-4a9f-985c-1b14e8a1b2d1 863eb99aa6a94720be3fce0498d25c92 372b4dd9000f4fe0aa368e2fbc339545 - - default default] Successfully bumped revision number for resource 1f6ae421-7395-4cef-bd4d-45b0bc80348b (type: security_group_rules) to 0
2026-05-20 04:23:39.080 10 INFO neutron.db.ovn_revision_numbers_db [None req-fa3c4dba-d000-4a9f-985c-1b14e8a1b2d1 863eb99aa6a94720be3fce0498d25c92 372b4dd9000f4fe0aa368e2fbc339545 - - default default] Successfully bumped revision number for resource 3932bcfe-e97a-4e66-b154-749cba4e1808 (type: security_group_rules) to 0
2026-05-20 04:23:39.092 10 INFO neutron.db.ovn_revision_numbers_db [None req-fa3c4dba-d000-4a9f-985c-1b14e8a1b2d1 863eb99aa6a94720be3fce0498d25c92 372b4dd9000f4fe0aa368e2fbc339545 - - default default] Successfully bumped revision number for resource b9fb3c9d-35e3-4b66-bb6a-8665e5690e66 (type: security_group_rules) to 0
2026-05-20 04:23:39.095 9 INFO neutron.api.wsgi [None req-998e6958-719f-44c6-a4dc-c3d960da3d18 b46daedf8f67403080c77586e5037961 62f05dc2a1b94542b952afb9a415a729 - - default default] 10.0.0.8 "POST /v2.0/security-groups HTTP/1.1" status: 201 len: 1825 time: 0.5876131
2026-05-20 04:23:39.103 10 INFO neutron.db.ovn_revision_numbers_db [None req-fa3c4dba-d000-4a9f-985c-1b14e8a1b2d1 863eb99aa6a94720be3fce0498d25c92 372b4dd9000f4fe0aa368e2fbc339545 - - default default] Successfully bumped revision number for resource ea78e787-b867-4dae-9999-4381d984b084 (type: security_group_rules) to 0
2026-05-20 04:23:39.135 10 INFO neutron.api.wsgi [None req-fa3c4dba-d000-4a9f-985c-1b14e8a1b2d1 863eb99aa6a94720be3fce0498d25c92 372b4dd9000f4fe0aa368e2fbc339545 - - default default] 10.0.0.8 "GET /v2.0/security-groups?tenant_id=4ccba9ab8f9749729a9d60615581693f&name=default HTTP/1.1" status: 200 len: 3120 time: 0.1798365
2026-05-20 04:23:39.135 9 INFO neutron.api.wsgi [None req-d754919e-6a0c-4051-baef-de330a84c0a2 b46daedf8f67403080c77586e5037961 62f05dc2a1b94542b952afb9a415a729 - - default default] 10.0.0.8 "GET /v2.0/security-groups HTTP/1.1" status: 200 len: 4725 time: 0.0343559
2026-05-20 04:23:39.242 10 INFO neutron.db.ovn_revision_numbers_db [None req-c8903b62-1f00-4b04-b504-85816ab9e3e1 b46daedf8f67403080c77586e5037961 62f05dc2a1b94542b952afb9a415a729 - - default default] Successfully bumped revision number for resource 76393da1-209e-4976-b23f-79df44a3167b (type: security_groups) to 2
2026-05-20 04:23:39.264 10 INFO neutron.api.wsgi [None req-c8903b62-1f00-4b04-b504-85816ab9e3e1 b46daedf8f67403080c77586e5037961 62f05dc2a1b94542b952afb9a415a729 - - default default] 10.0.0.8 "PUT /v2.0/security-groups/76393da1-209e-4976-b23f-79df44a3167b HTTP/1.1" status: 200 len: 1859 time: 0.1200643
2026-05-20 04:23:39.299 10 INFO neutron.api.wsgi [None req-39e8abfa-4ddd-4b1c-a384-f5102aef0747 b46daedf8f67403080c77586e5037961 62f05dc2a1b94542b952afb9a415a729 - - default default] 10.0.0.8 "GET /v2.0/security-groups/76393da1-209e-4976-b23f-79df44a3167b HTTP/1.1" status: 200 len: 1859 time: 0.0301058
2026-05-20 04:23:39.356 10 INFO neutron.api.wsgi [None req-629608af-c966-4f09-a3a9-e7a54b57f03f 863eb99aa6a94720be3fce0498d25c92 372b4dd9000f4fe0aa368e2fbc339545 - - default default] 10.0.0.8 "DELETE /v2.0/security-groups/3550a86b-90e6-4f53-869a-d4f14b280da7 HTTP/1.1" status: 204 len: 168 time: 0.2128544
2026-05-20 04:23:39.406 9 INFO neutron.api.wsgi [None req-32a55463-bc44-4aa5-b35f-3d74a71b89ca b46daedf8f67403080c77586e5037961 62f05dc2a1b94542b952afb9a415a729 - - default default] 10.0.0.8 "DELETE /v2.0/security-groups/76393da1-209e-4976-b23f-79df44a3167b HTTP/1.1" status: 204 len: 168 time: 0.1014786
2026-05-20 04:23:39.431 10 WARNING neutron_lib.context [None req-ad1b1834-2de5-473d-9877-885dad32f85a 1be766dbdee443038c6cb2bb9807dc7d 7261aa7633a84afb983d42878f47f889 - - default default] Method 'is_advsvc' is deprecated since 2023.2 release (neutron-lib 3.8.0) and will be removed once support for the old RBAC API policies will be removed from Neutron. Please use method 'is_service_role' instead.
2026-05-20 04:23:39.447 10 INFO neutron.api.wsgi [None req-cb75e397-d589-4247-98c1-b7f084c3996e b46daedf8f67403080c77586e5037961 62f05dc2a1b94542b952afb9a415a729 - - default default] 10.0.0.8 "GET /v2.0/security-groups HTTP/1.1" status: 200 len: 3120 time: 0.0330694
2026-05-20 04:23:39.467 9 INFO neutron.api.v2.resource [None req-a92e7728-f798-47bb-bda8-d98939e52228 b46daedf8f67403080c77586e5037961 62f05dc2a1b94542b952afb9a415a729 - - default default] delete failed (client error): The resource could not be found.
2026-05-20 04:23:39.468 9 INFO neutron.api.wsgi [None req-a92e7728-f798-47bb-bda8-d98939e52228 b46daedf8f67403080c77586e5037961 62f05dc2a1b94542b952afb9a415a729 - - default default] 10.0.0.8 "DELETE /v2.0/security-groups/76393da1-209e-4976-b23f-79df44a3167b HTTP/1.1" status: 404 len: 347 time: 0.0120521
2026-05-20 04:23:39.477 9 WARNING neutron_lib.context [None req-a726a489-b16b-497d-b8e0-a34f41f4dde6 b46daedf8f67403080c77586e5037961 62f05dc2a1b94542b952afb9a415a729 - - default default] Method 'is_advsvc' is deprecated since 2023.2 release (neutron-lib 3.8.0) and will be removed once support for the old RBAC API policies will be removed from Neutron. Please use method 'is_service_role' instead.
2026-05-20 04:23:39.549 10 INFO neutron.db.ovn_revision_numbers_db [None req-ad1b1834-2de5-473d-9877-885dad32f85a 1be766dbdee443038c6cb2bb9807dc7d 7261aa7633a84afb983d42878f47f889 - - default default] Successfully bumped revision number for resource c3069cc7-36f8-4643-aab8-164403fba766 (type: security_groups) to 1
2026-05-20 04:23:39.567 10 INFO neutron.db.ovn_revision_numbers_db [None req-ad1b1834-2de5-473d-9877-885dad32f85a 1be766dbdee443038c6cb2bb9807dc7d 7261aa7633a84afb983d42878f47f889 - - default default] Successfully bumped revision number for resource 2d971fe6-ca38-424c-8acf-ee650c87ecb4 (type: security_group_rules) to 0
2026-05-20 04:23:39.578 10 INFO neutron.db.ovn_revision_numbers_db [None req-ad1b1834-2de5-473d-9877-885dad32f85a 1be766dbdee443038c6cb2bb9807dc7d 7261aa7633a84afb983d42878f47f889 - - default default] Successfully bumped revision number for resource adda84e5-1c16-43e3-8425-d82ce614a09d (type: security_group_rules) to 0
2026-05-20 04:23:39.585 9 INFO neutron.db.ovn_revision_numbers_db [None req-a726a489-b16b-497d-b8e0-a34f41f4dde6 b46daedf8f67403080c77586e5037961 62f05dc2a1b94542b952afb9a415a729 - - default default] Successfully bumped revision number for resource ac016e72-4955-47ee-8cee-55d05f825438 (type: security_groups) to 1
2026-05-20 04:23:39.589 10 INFO neutron.db.ovn_revision_numbers_db [None req-ad1b1834-2de5-473d-9877-885dad32f85a 1be766dbdee443038c6cb2bb9807dc7d 7261aa7633a84afb983d42878f47f889 - - default default] Successfully bumped revision number for resource c3ceac38-ca85-4561-8d29-ddbb2092049b (type: security_group_rules) to 0
2026-05-20 04:23:39.596 9 INFO neutron.db.ovn_revision_numbers_db [None req-a726a489-b16b-497d-b8e0-a34f41f4dde6 b46daedf8f67403080c77586e5037961 62f05dc2a1b94542b952afb9a415a729 - - default default] Successfully bumped revision number for resource 0070335a-1abd-41e3-b384-27800aabf5ad (type: security_group_rules) to 0
2026-05-20 04:23:39.601 10 INFO neutron.db.ovn_revision_numbers_db [None req-ad1b1834-2de5-473d-9877-885dad32f85a 1be766dbdee443038c6cb2bb9807dc7d 7261aa7633a84afb983d42878f47f889 - - default default] Successfully bumped revision number for resource e16b517b-fa87-4155-8a17-c9a5ce94615a (type: security_group_rules) to 0
2026-05-20 04:23:39.609 9 INFO neutron.db.ovn_revision_numbers_db [None req-a726a489-b16b-497d-b8e0-a34f41f4dde6 b46daedf8f67403080c77586e5037961 62f05dc2a1b94542b952afb9a415a729 - - default default] Successfully bumped revision number for resource ebcec074-576f-48fc-81a7-690c330ac8cd (type: security_group_rules) to 0
2026-05-20 04:23:39.640 9 INFO neutron.api.wsgi [None req-a726a489-b16b-497d-b8e0-a34f41f4dde6 b46daedf8f67403080c77586e5037961 62f05dc2a1b94542b952afb9a415a729 - - default default] 10.0.0.8 "POST /v2.0/security-groups HTTP/1.1" status: 201 len: 1825 time: 0.1670058
2026-05-20 04:23:39.650 9 WARNING neutron_lib.context [None req-6e4178ad-953f-4c5b-bbf0-f97be1508dd8 b46daedf8f67403080c77586e5037961 62f05dc2a1b94542b952afb9a415a729 - - default default] Method 'is_advsvc' is deprecated since 2023.2 release (neutron-lib 3.8.0) and will be removed once support for the old RBAC API policies will be removed from Neutron. Please use method 'is_service_role' instead.
2026-05-20 04:23:39.669 10 INFO neutron.db.segments_db [None req-ad1b1834-2de5-473d-9877-885dad32f85a 1be766dbdee443038c6cb2bb9807dc7d 7261aa7633a84afb983d42878f47f889 - - default default] Added segment 51191cb0-f888-4486-90a0-9c22190481ee of type geneve for network 6fda5305-3823-4286-9f9a-10e0d7ac00e4
2026-05-20 04:23:39.760 9 INFO neutron.db.ovn_revision_numbers_db [None req-6e4178ad-953f-4c5b-bbf0-f97be1508dd8 b46daedf8f67403080c77586e5037961 62f05dc2a1b94542b952afb9a415a729 - - default default] Successfully bumped revision number for resource f3da3a83-88e8-420b-a9d4-6c60a19fcb94 (type: security_group_rules) to 0
2026-05-20 04:23:39.775 10 INFO neutron.db.ovn_revision_numbers_db [None req-ad1b1834-2de5-473d-9877-885dad32f85a 1be766dbdee443038c6cb2bb9807dc7d 7261aa7633a84afb983d42878f47f889 - - default default] Successfully bumped revision number for resource 6fda5305-3823-4286-9f9a-10e0d7ac00e4 (type: networks) to 1
2026-05-20 04:23:39.796 9 INFO neutron.api.wsgi [None req-6e4178ad-953f-4c5b-bbf0-f97be1508dd8 b46daedf8f67403080c77586e5037961 62f05dc2a1b94542b952afb9a415a729 - - default default] 10.0.0.8 "POST /v2.0/security-group-rules HTTP/1.1" status: 201 len: 800 time: 0.1500890
2026-05-20 04:23:39.816 9 INFO neutron.api.wsgi [None req-b18b8627-0eb4-4907-aff5-98256caa8641 b46daedf8f67403080c77586e5037961 62f05dc2a1b94542b952afb9a415a729 - - default default] 10.0.0.8 "GET /v2.0/security-group-rules/f3da3a83-88e8-420b-a9d4-6c60a19fcb94 HTTP/1.1" status: 200 len: 795 time: 0.0149710
2026-05-20 04:23:39.881 9 INFO neutron.api.wsgi [None req-c190156c-62ea-4c2d-b0f8-fc2a160efe80 b46daedf8f67403080c77586e5037961 62f05dc2a1b94542b952afb9a415a729 - - default default] 10.0.0.8 "GET /v2.0/security-group-rules HTTP/1.1" status: 200 len: 4333 time: 0.0614524
2026-05-20 04:23:39.921 10 WARNING neutron.scheduler.dhcp_agent_scheduler [None req-ad1b1834-2de5-473d-9877-885dad32f85a 1be766dbdee443038c6cb2bb9807dc7d 7261aa7633a84afb983d42878f47f889 - - default default] No more DHCP agents
2026-05-20 04:23:39.922 10 WARNING neutron.api.rpc.agentnotifiers.dhcp_rpc_agent_api [None req-ad1b1834-2de5-473d-9877-885dad32f85a 1be766dbdee443038c6cb2bb9807dc7d 7261aa7633a84afb983d42878f47f889 - - default default] Unable to schedule network 6fda5305-3823-4286-9f9a-10e0d7ac00e4: no agents available; will retry on subsequent port and subnet creation events.
2026-05-20 04:23:39.973 10 INFO neutron.db.ovn_revision_numbers_db [None req-ad1b1834-2de5-473d-9877-885dad32f85a 1be766dbdee443038c6cb2bb9807dc7d 7261aa7633a84afb983d42878f47f889 - - default default] Successfully bumped revision number for resource 939f3a85-eff2-4494-92a5-3a2b801fc275 (type: ports) to 1
2026-05-20 04:23:39.987 9 INFO neutron.api.wsgi [None req-33c07011-3f7c-4597-a30e-8ec0df960020 b46daedf8f67403080c77586e5037961 62f05dc2a1b94542b952afb9a415a729 - - default default] 10.0.0.8 "DELETE /v2.0/security-group-rules/f3da3a83-88e8-420b-a9d4-6c60a19fcb94 HTTP/1.1" status: 204 len: 168 time: 0.1015444
2026-05-20 04:23:39.992 10 INFO neutron.api.wsgi [None req-ad1b1834-2de5-473d-9877-885dad32f85a 1be766dbdee443038c6cb2bb9807dc7d 7261aa7633a84afb983d42878f47f889 - - default default] 10.0.0.8 "POST /v2.0/networks HTTP/1.1" status: 201 len: 830 time: 0.6694286
2026-05-20 04:23:40.000 10 WARNING neutron_lib.context [None req-3d1fa87b-5f0b-4124-8f77-8ed62b8067c2 1be766dbdee443038c6cb2bb9807dc7d 7261aa7633a84afb983d42878f47f889 - - default default] Method 'is_advsvc' is deprecated since 2023.2 release (neutron-lib 3.8.0) and will be removed once support for the old RBAC API policies will be removed from Neutron. Please use method 'is_service_role' instead.
2026-05-20 04:23:40.047 9 INFO neutron.api.wsgi [None req-a01efba2-03ef-4035-bbed-826926e79529 b46daedf8f67403080c77586e5037961 62f05dc2a1b94542b952afb9a415a729 - - default default] 10.0.0.8 "GET /v2.0/security-group-rules HTTP/1.1" status: 200 len: 3755 time: 0.0544593
2026-05-20 04:23:40.058 9 WARNING neutron_lib.context [None req-dd1d12e6-00fb-432d-966d-ff8df8664504 b46daedf8f67403080c77586e5037961 62f05dc2a1b94542b952afb9a415a729 - - default default] Method 'is_advsvc' is deprecated since 2023.2 release (neutron-lib 3.8.0) and will be removed once support for the old RBAC API policies will be removed from Neutron. Please use method 'is_service_role' instead.
2026-05-20 04:23:40.142 9 INFO neutron.db.ovn_revision_numbers_db [None req-dd1d12e6-00fb-432d-966d-ff8df8664504 b46daedf8f67403080c77586e5037961 62f05dc2a1b94542b952afb9a415a729 - - default default] Successfully bumped revision number for resource 5851bb72-284b-4f99-b604-0e2038b6a004 (type: security_group_rules) to 0
2026-05-20 04:23:40.166 9 INFO neutron.api.wsgi [None req-dd1d12e6-00fb-432d-966d-ff8df8664504 b46daedf8f67403080c77586e5037961 62f05dc2a1b94542b952afb9a415a729 - - default default] 10.0.0.8 "POST /v2.0/security-group-rules HTTP/1.1" status: 201 len: 800 time: 0.1131284
2026-05-20 04:23:40.183 9 INFO neutron.api.wsgi [None req-e6a5ab80-4094-4d83-ba84-9433f21b0d52 b46daedf8f67403080c77586e5037961 62f05dc2a1b94542b952afb9a415a729 - - default default] 10.0.0.8 "GET /v2.0/security-group-rules/5851bb72-284b-4f99-b604-0e2038b6a004 HTTP/1.1" status: 200 len: 795 time: 0.0110195
2026-05-20 04:23:40.214 10 WARNING neutron.scheduler.dhcp_agent_scheduler [None req-3d1fa87b-5f0b-4124-8f77-8ed62b8067c2 1be766dbdee443038c6cb2bb9807dc7d 7261aa7633a84afb983d42878f47f889 - - default default] No more DHCP agents
2026-05-20 04:23:40.215 10 WARNING neutron.api.rpc.agentnotifiers.dhcp_rpc_agent_api [None req-3d1fa87b-5f0b-4124-8f77-8ed62b8067c2 1be766dbdee443038c6cb2bb9807dc7d 7261aa7633a84afb983d42878f47f889 - - default default] Unable to schedule network 6fda5305-3823-4286-9f9a-10e0d7ac00e4: no agents available; will retry on subsequent port and subnet creation events.
2026-05-20 04:23:40.226 9 INFO neutron.api.wsgi [None req-b210f066-d7b3-4a56-8266-9c16baf2c12f b46daedf8f67403080c77586e5037961 62f05dc2a1b94542b952afb9a415a729 - - default default] 10.0.0.8 "GET /v2.0/security-group-rules HTTP/1.1" status: 200 len: 4333 time: 0.0384333
2026-05-20 04:23:40.284 10 INFO neutron.db.ovn_revision_numbers_db [None req-3d1fa87b-5f0b-4124-8f77-8ed62b8067c2 1be766dbdee443038c6cb2bb9807dc7d 7261aa7633a84afb983d42878f47f889 - - default default] Successfully bumped revision number for resource 0ddd969e-7e44-4953-9d0b-3ee353301ce3 (type: ports) to 1
2026-05-20 04:23:40.302 10 INFO neutron.api.wsgi [None req-3d1fa87b-5f0b-4124-8f77-8ed62b8067c2 1be766dbdee443038c6cb2bb9807dc7d 7261aa7633a84afb983d42878f47f889 - - default default] 10.0.0.8 "POST /v2.0/ports HTTP/1.1" status: 201 len: 942 time: 0.3056893 /var/lib/openstack/lib/python3.12/site-packages/pycadf/identifier.py:71: UserWarning: Invalid uuid: neutron. To ensure interoperability, identifiers should be a valid uuid. warnings.warn(('Invalid uuid: %s. To ensure interoperability, '
2026-05-20 04:23:40.311 10 WARNING neutron_lib.context [None req-9e5d98a7-7070-433c-bb1e-888dbbcd22ab 1be766dbdee443038c6cb2bb9807dc7d 7261aa7633a84afb983d42878f47f889 - - default default] Method 'is_advsvc' is deprecated since 2023.2 release (neutron-lib 3.8.0) and will be removed once support for the old RBAC API policies will be removed from Neutron. Please use method 'is_service_role' instead.
2026-05-20 04:23:40.336 9 INFO neutron.api.wsgi [None req-69e26d87-80e0-4a33-b43c-504f1ea514e2 b46daedf8f67403080c77586e5037961 62f05dc2a1b94542b952afb9a415a729 - - default default] 10.0.0.8 "DELETE /v2.0/security-group-rules/5851bb72-284b-4f99-b604-0e2038b6a004 HTTP/1.1" status: 204 len: 168 time: 0.1061096
2026-05-20 04:23:40.389 9 INFO neutron.api.wsgi [None req-91174f5b-32b8-4f73-b74d-cc55542a7386 b46daedf8f67403080c77586e5037961 62f05dc2a1b94542b952afb9a415a729 - - default default] 10.0.0.8 "GET /v2.0/security-group-rules HTTP/1.1" status: 200 len: 3755 time: 0.0479240
2026-05-20 04:23:40.397 9 WARNING neutron_lib.context [None req-4149c3ec-d9ed-4dbb-9dde-ce05dca3c746 b46daedf8f67403080c77586e5037961 62f05dc2a1b94542b952afb9a415a729 - - default default] Method 'is_advsvc' is deprecated since 2023.2 release (neutron-lib 3.8.0) and will be removed once support for the old RBAC API policies will be removed from Neutron. Please use method 'is_service_role' instead.
2026-05-20 04:23:40.427 9 INFO neutron.db.securitygroups_db [None req-4149c3ec-d9ed-4dbb-9dde-ce05dca3c746 b46daedf8f67403080c77586e5037961 62f05dc2a1b94542b952afb9a415a729 - - default default] Project 62f05dc2a1b94542b952afb9a415a729 added a security group rule with legacy IPv6 ICMP protocol name icmp, ipv6-icmp should be used instead. It was automatically converted.
2026-05-20 04:23:40.470 10 INFO neutron.api.wsgi [None req-9e5d98a7-7070-433c-bb1e-888dbbcd22ab 1be766dbdee443038c6cb2bb9807dc7d 7261aa7633a84afb983d42878f47f889 - - default default] 10.0.0.8 "POST /v2.0/trunks HTTP/1.1" status: 201 len: 608 time: 0.1627057
2026-05-20 04:23:40.508 9 INFO neutron.api.wsgi [None req-931f2604-6a0d-4e5b-bc3e-c2386a6e2923 1be766dbdee443038c6cb2bb9807dc7d 7261aa7633a84afb983d42878f47f889 - - default default] 10.0.0.8 "PUT /v2.0/trunks/81b4489a-fb46-4f39-ae0f-731a616c9bc2/tags HTTP/1.1" status: 200 len: 218 time: 0.0320253
2026-05-20 04:23:40.508 9 INFO neutron.db.ovn_revision_numbers_db [None req-4149c3ec-d9ed-4dbb-9dde-ce05dca3c746 b46daedf8f67403080c77586e5037961 62f05dc2a1b94542b952afb9a415a729 - - default default] Successfully bumped revision number for resource fe2a5b91-194c-4d98-ad05-2d7d642d6b1c (type: security_group_rules) to 0
2026-05-20 04:23:40.529 10 INFO neutron.api.wsgi [None req-d78c54db-9476-4aad-a854-93b256576514 1be766dbdee443038c6cb2bb9807dc7d 7261aa7633a84afb983d42878f47f889 - - default default] 10.0.0.8 "GET /v2.0/trunks/81b4489a-fb46-4f39-ae0f-731a616c9bc2/tags HTTP/1.1" status: 200 len: 218 time: 0.0154395
2026-05-20 04:23:40.534 9 INFO neutron.api.wsgi [None req-4149c3ec-d9ed-4dbb-9dde-ce05dca3c746 b46daedf8f67403080c77586e5037961 62f05dc2a1b94542b952afb9a415a729 - - default default] 10.0.0.8 "POST /v2.0/security-group-rules HTTP/1.1" status: 201 len: 806 time: 0.1418068
2026-05-20 04:23:40.556 10 INFO neutron.api.wsgi [None req-a7c5b754-ff95-42eb-b67e-5799ee9c7895 1be766dbdee443038c6cb2bb9807dc7d 7261aa7633a84afb983d42878f47f889 - - default default] 10.0.0.8 "PUT /v2.0/trunks/81b4489a-fb46-4f39-ae0f-731a616c9bc2/tags/green HTTP/1.1" status: 201 len: 201 time: 0.0227740
2026-05-20 04:23:40.556 9 INFO neutron.api.wsgi [None req-56e4bebc-7268-44a8-ae44-57588928bc00 b46daedf8f67403080c77586e5037961 62f05dc2a1b94542b952afb9a415a729 - - default default] 10.0.0.8 "GET /v2.0/security-group-rules/fe2a5b91-194c-4d98-ad05-2d7d642d6b1c HTTP/1.1" status: 200 len: 801 time: 0.0146394
