2026-05-20 04:24:05.954 10 INFO neutron.api.wsgi [None req-1bc5ca8c-2684-49ff-930a-623d6ef17340 863eb99aa6a94720be3fce0498d25c92 372b4dd9000f4fe0aa368e2fbc339545 - - default default] 10.0.0.8 "GET /v2.0/security-groups?tenant_id=1b8798afe3c4428197e9c78a74d4581a&name=default HTTP/1.1" status: 200 len: 3124 time: 0.2287807
2026-05-20 04:24:06.050 9 INFO neutron.services.segments.plugin [-] Segment bbb5329a-538d-42d9-b3f1-a9a08c05298f resource provider aggregate not found
2026-05-20 04:24:06.059 9 INFO neutron.services.segments.plugin [-] Segment bbb5329a-538d-42d9-b3f1-a9a08c05298f resource provider aggregate not found
2026-05-20 04:24:06.067 9 INFO neutron.services.segments.plugin [-] Segment bbb5329a-538d-42d9-b3f1-a9a08c05298f resource provider not found; error: Placement Client Error (4xx): {"errors": [{"status": 404, "title": "Not Found", "detail": "The resource could not be found.\n\n No resource provider with uuid bbb5329a-538d-42d9-b3f1-a9a08c05298f found for delete ", "request_id": "req-9f7c5732-e00e-4110-accd-61b1ed2fdceb"}]}
2026-05-20 04:24:06.073 9 INFO neutron.services.segments.plugin [-] Segment bbb5329a-538d-42d9-b3f1-a9a08c05298f resource provider not found; error: Placement Client Error (4xx): {"errors": [{"status": 404, "title": "Not Found", "detail": "The resource could not be found.\n\n No resource provider with uuid bbb5329a-538d-42d9-b3f1-a9a08c05298f found for delete ", "request_id": "req-cbfe042f-ffd3-4327-8df6-74e61851ee5c"}]}
2026-05-20 04:24:06.082 9 INFO neutron.services.segments.plugin [-] Segment 79e94806-de28-4e79-aa2e-ec1d055285fa resource provider aggregate not found
2026-05-20 04:24:06.087 9 INFO neutron.services.segments.plugin [-] Segment 79e94806-de28-4e79-aa2e-ec1d055285fa resource provider aggregate not found
2026-05-20 04:24:06.092 9 INFO neutron.services.segments.plugin [-] Segment 79e94806-de28-4e79-aa2e-ec1d055285fa resource provider not found; error: Placement Client Error (4xx): {"errors": [{"status": 404, "title": "Not Found", "detail": "The resource could not be found.\n\n No resource provider with uuid 79e94806-de28-4e79-aa2e-ec1d055285fa found for delete ", "request_id": "req-ae00d3e1-fab8-49ff-92ae-562706382377"}]}
2026-05-20 04:24:06.101 9 INFO neutron.services.segments.plugin [-] Segment 79e94806-de28-4e79-aa2e-ec1d055285fa resource provider not found; error: Placement Client Error (4xx): {"errors": [{"status": 404, "title": "Not Found", "detail": "The resource could not be found.\n\n No resource provider with uuid 79e94806-de28-4e79-aa2e-ec1d055285fa found for delete ", "request_id": "req-439164c2-14ee-4116-8137-4deea408cf7f"}]}
2026-05-20 04:24:06.103 9 INFO neutron.services.segments.plugin [-] Segment 9210b888-0f30-4ed7-aebe-1d30163443b0 resource provider aggregate not found
2026-05-20 04:24:06.113 9 INFO neutron.services.segments.plugin [-] Segment 9210b888-0f30-4ed7-aebe-1d30163443b0 resource provider not found; error: Placement Client Error (4xx): {"errors": [{"status": 404, "title": "Not Found", "detail": "The resource could not be found.\n\n No resource provider with uuid 9210b888-0f30-4ed7-aebe-1d30163443b0 found for delete ", "request_id": "req-ccb53398-93a8-4680-a357-3b94a672f376"}]}
2026-05-20 04:24:06.116 9 INFO neutron.services.segments.plugin [-] Segment 9210b888-0f30-4ed7-aebe-1d30163443b0 resource provider aggregate not found
2026-05-20 04:24:06.123 9 INFO neutron.services.segments.plugin [-] Segment 543dcac7-0380-4d16-80c3-939f04fdf6ee resource provider aggregate not found
2026-05-20 04:24:06.128 9 INFO neutron.services.segments.plugin [-] Segment 9210b888-0f30-4ed7-aebe-1d30163443b0 resource provider not found; error: Placement Client Error (4xx): {"errors": [{"status": 404, "title": "Not Found", "detail": "The resource could not be found.\n\n No resource provider with uuid 9210b888-0f30-4ed7-aebe-1d30163443b0 found for delete ", "request_id": "req-2dabb7cf-380b-40a5-a090-d0c5f18d2efd"}]}
2026-05-20 04:24:06.132 9 INFO neutron.services.segments.plugin [-] Segment 543dcac7-0380-4d16-80c3-939f04fdf6ee resource provider not found; error: Placement Client Error (4xx): {"errors": [{"status": 404, "title": "Not Found", "detail": "The resource could not be found.\n\n No resource provider with uuid 543dcac7-0380-4d16-80c3-939f04fdf6ee found for delete ", "request_id": "req-a8a63602-81ad-4bb1-8994-e85b5f2b76c1"}]}
2026-05-20 04:24:06.144 9 INFO neutron.services.segments.plugin [-] Segment 543dcac7-0380-4d16-80c3-939f04fdf6ee resource provider aggregate not found
2026-05-20 04:24:06.155 9 INFO neutron.services.segments.plugin [-] Segment 543dcac7-0380-4d16-80c3-939f04fdf6ee resource provider not found; error: Placement Client Error (4xx): {"errors": [{"status": 404, "title": "Not Found", "detail": "The resource could not be found.\n\n No resource provider with uuid 543dcac7-0380-4d16-80c3-939f04fdf6ee found for delete ", "request_id": "req-6581b42a-1b50-44a6-a679-45629e0e2aba"}]}
2026-05-20 04:24:06.156 10 INFO neutron.api.wsgi [None req-70aa60f2-8380-4623-aeb1-179dfc3403b7 863eb99aa6a94720be3fce0498d25c92 372b4dd9000f4fe0aa368e2fbc339545 - - default default] 10.0.0.8 "DELETE /v2.0/security-groups/2d95d282-7925-4d29-b8d9-5e9c2fd8a921 HTTP/1.1" status: 204 len: 168 time: 0.1981702
2026-05-20 04:24:06.754 10 INFO neutron.api.wsgi [None req-0e9c3d75-a7ce-4c6f-8ad4-0ad36908a999 863eb99aa6a94720be3fce0498d25c92 372b4dd9000f4fe0aa368e2fbc339545 - - default default] 10.0.0.8 "GET /v2.0/security-groups?tenant_id=781bb4458f654b569bbf391b6b2764a4&name=default HTTP/1.1" status: 200 len: 3124 time: 0.1137404
2026-05-20 04:24:06.911 10 INFO neutron.api.wsgi [None req-be35db54-e9fa-4d8c-9379-c5929286672d 863eb99aa6a94720be3fce0498d25c92 372b4dd9000f4fe0aa368e2fbc339545 - - default default] 10.0.0.8 "DELETE /v2.0/security-groups/fc48f17c-3a3f-4b56-89a7-654c617e77ce HTTP/1.1" status: 204 len: 168 time: 0.1519947 /var/lib/openstack/lib/python3.12/site-packages/pycadf/identifier.py:71: UserWarning: Invalid uuid: neutron. To ensure interoperability, identifiers should be a valid uuid. warnings.warn(('Invalid uuid: %s. To ensure interoperability, '
2026-05-20 04:24:07.100 9 INFO neutron.db.ovn_revision_numbers_db [None req-77b401d9-6f72-4b70-8e3e-8893737bf4f8 863eb99aa6a94720be3fce0498d25c92 372b4dd9000f4fe0aa368e2fbc339545 - - default default] Successfully bumped revision number for resource b1719ded-aada-4a76-ab5f-9e1217574731 (type: security_groups) to 1
2026-05-20 04:24:07.119 9 INFO neutron.db.ovn_revision_numbers_db [None req-77b401d9-6f72-4b70-8e3e-8893737bf4f8 863eb99aa6a94720be3fce0498d25c92 372b4dd9000f4fe0aa368e2fbc339545 - - default default] Successfully bumped revision number for resource 110688fd-f164-4468-8666-8ec4b3c8b9a0 (type: security_group_rules) to 0
2026-05-20 04:24:07.131 9 INFO neutron.db.ovn_revision_numbers_db [None req-77b401d9-6f72-4b70-8e3e-8893737bf4f8 863eb99aa6a94720be3fce0498d25c92 372b4dd9000f4fe0aa368e2fbc339545 - - default default] Successfully bumped revision number for resource 27b6d8fc-e61b-4a1f-a064-a1e4199c53e6 (type: security_group_rules) to 0
2026-05-20 04:24:07.151 9 INFO neutron.db.ovn_revision_numbers_db [None req-77b401d9-6f72-4b70-8e3e-8893737bf4f8 863eb99aa6a94720be3fce0498d25c92 372b4dd9000f4fe0aa368e2fbc339545 - - default default] Successfully bumped revision number for resource e3ba3693-f355-4bb2-92aa-f0b14ba8d4f8 (type: security_group_rules) to 0
2026-05-20 04:24:07.170 9 INFO neutron.db.ovn_revision_numbers_db [None req-77b401d9-6f72-4b70-8e3e-8893737bf4f8 863eb99aa6a94720be3fce0498d25c92 372b4dd9000f4fe0aa368e2fbc339545 - - default default] Successfully bumped revision number for resource f428240c-dc96-4391-b918-c0b5c16a50ee (type: security_group_rules) to 0
2026-05-20 04:24:07.201 9 INFO neutron.api.wsgi [None req-77b401d9-6f72-4b70-8e3e-8893737bf4f8 863eb99aa6a94720be3fce0498d25c92 372b4dd9000f4fe0aa368e2fbc339545 - - default default] 10.0.0.8 "GET /v2.0/security-groups?tenant_id=e08e326545d54f3883230cf579313e1a&name=default HTTP/1.1" status: 200 len: 3124 time: 0.2156928
2026-05-20 04:24:07.380 9 INFO neutron.api.wsgi [None req-8ea4283a-e0e5-456f-bfdb-b80ff8031676 989516eaf5024ea6a083af44291ab6ca c5b0f0b962394cb49e9656daa69ce3fd - - default default] 10.0.0.8 "DELETE /v2.0/vpn/vpnservices/dd167a45-8f30-4efd-a192-717cf90320e0 HTTP/1.1" status: 204 len: 168 time: 2.4619079
2026-05-20 04:24:07.393 9 WARNING neutron_lib.context [None req-ec9efc83-6727-4dc8-8481-2da4a87e4710 96b3f473a70d4f00a5666dd888ec9f53 30eaf8ac2ed54fd48282592c8785ada7 - - default default] Method 'is_advsvc' is deprecated since 2023.2 release (neutron-lib 3.8.0) and will be removed once support for the old RBAC API policies will be removed from Neutron. Please use method 'is_service_role' instead.
2026-05-20 04:24:07.428 9 INFO neutron.api.wsgi [None req-672f8139-09df-4a9e-bbe4-41c49b2302e8 863eb99aa6a94720be3fce0498d25c92 372b4dd9000f4fe0aa368e2fbc339545 - - default default] 10.0.0.8 "DELETE /v2.0/security-groups/b1719ded-aada-4a76-ab5f-9e1217574731 HTTP/1.1" status: 204 len: 168 time: 0.2220347
2026-05-20 04:24:07.451 9 INFO neutron.api.wsgi [None req-ec9efc83-6727-4dc8-8481-2da4a87e4710 96b3f473a70d4f00a5666dd888ec9f53 30eaf8ac2ed54fd48282592c8785ada7 - - default default] 10.0.0.8 "POST /v2.0/vpn/endpoint-groups HTTP/1.1" status: 201 len: 500 time: 0.0618298
2026-05-20 04:24:07.460 9 WARNING neutron_lib.context [None req-94f419e2-f339-4e13-b607-eea39ce105bb 96b3f473a70d4f00a5666dd888ec9f53 30eaf8ac2ed54fd48282592c8785ada7 - - default default] Method 'is_advsvc' is deprecated since 2023.2 release (neutron-lib 3.8.0) and will be removed once support for the old RBAC API policies will be removed from Neutron. Please use method 'is_service_role' instead.
2026-05-20 04:24:07.490 9 INFO neutron.api.wsgi [None req-94f419e2-f339-4e13-b607-eea39ce105bb 96b3f473a70d4f00a5666dd888ec9f53 30eaf8ac2ed54fd48282592c8785ada7 - - default default] 10.0.0.8 "POST /v2.0/vpn/endpoint-groups HTTP/1.1" status: 201 len: 493 time: 0.0328422
2026-05-20 04:24:07.499 9 WARNING neutron.api.v2.base [None req-57ade794-db23-4efe-afdc-5249900cc67d 96b3f473a70d4f00a5666dd888ec9f53 30eaf8ac2ed54fd48282592c8785ada7 - - default default] An exception happened while processing the request body. The exception message is [Unrecognized attribute(s) 'peer_cidr'].: webob.exc.HTTPBadRequest: Unrecognized attribute(s) 'peer_cidr'
2026-05-20 04:24:07.499 9 INFO neutron.api.v2.resource [None req-57ade794-db23-4efe-afdc-5249900cc67d 96b3f473a70d4f00a5666dd888ec9f53 30eaf8ac2ed54fd48282592c8785ada7 - - default default] create failed (client error): Unrecognized attribute(s) 'peer_cidr'
2026-05-20 04:24:07.500 9 INFO neutron.api.wsgi [None req-57ade794-db23-4efe-afdc-5249900cc67d 96b3f473a70d4f00a5666dd888ec9f53 30eaf8ac2ed54fd48282592c8785ada7 - - default default] 10.0.0.8 "POST /v2.0/vpn/ipsec-site-connections HTTP/1.1" status: 400 len: 313 time: 0.0049107
2026-05-20 04:24:07.519 9 INFO neutron.api.wsgi [None req-dd2d0f40-d15f-45f5-b6d8-0cca30f1892b 96b3f473a70d4f00a5666dd888ec9f53 30eaf8ac2ed54fd48282592c8785ada7 - - default default] 10.0.0.8 "GET /v2.0/vpn/endpoint-groups HTTP/1.1" status: 200 len: 1386 time: 0.0105641
2026-05-20 04:24:07.546 9 INFO neutron.api.wsgi [None req-00aadeb5-bb85-4112-94f5-77ce5d1e49d9 96b3f473a70d4f00a5666dd888ec9f53 30eaf8ac2ed54fd48282592c8785ada7 - - default default] 10.0.0.8 "DELETE /v2.0/vpn/endpoint-groups/9fb51f2a-43bc-4c60-8c7a-176647db137b HTTP/1.1" status: 204 len: 168 time: 0.0224509
2026-05-20 04:24:07.561 9 INFO neutron.api.wsgi [None req-436b4110-6e21-4130-b5c6-6f45ccdf5919 96b3f473a70d4f00a5666dd888ec9f53 30eaf8ac2ed54fd48282592c8785ada7 - - default default] 10.0.0.8 "GET /v2.0/vpn/endpoint-groups HTTP/1.1" status: 200 len: 1109 time: 0.0101533
2026-05-20 04:24:07.579 10 INFO neutron.api.wsgi [None req-6e131a53-8b28-46e8-9515-045300497b34 96b3f473a70d4f00a5666dd888ec9f53 30eaf8ac2ed54fd48282592c8785ada7 - - default default] 10.0.0.8 "GET /v2.0/vpn/endpoint-groups HTTP/1.1" status: 200 len: 1109 time: 0.0141563
2026-05-20 04:24:07.610 10 INFO neutron.api.wsgi [None req-1a89c351-ab7a-425c-8637-243718d685ed 96b3f473a70d4f00a5666dd888ec9f53 30eaf8ac2ed54fd48282592c8785ada7 - - default default] 10.0.0.8 "DELETE /v2.0/vpn/endpoint-groups/45929380-ab64-4f73-865e-30e106e54d15 HTTP/1.1" status: 204 len: 168 time: 0.0269678
2026-05-20 04:24:07.627 10 INFO neutron.api.wsgi [None req-05766e4d-5068-4860-8141-147fa45d4bd7 96b3f473a70d4f00a5666dd888ec9f53 30eaf8ac2ed54fd48282592c8785ada7 - - default default] 10.0.0.8 "GET /v2.0/vpn/endpoint-groups HTTP/1.1" status: 200 len: 826 time: 0.0129344
2026-05-20 04:24:07.636 9 INFO neutron.db.ovn_revision_numbers_db [None req-771de5a1-758f-4fce-bc57-5133753f8001 863eb99aa6a94720be3fce0498d25c92 372b4dd9000f4fe0aa368e2fbc339545 - - default default] Successfully bumped revision number for resource 09ded9a9-ffc0-4102-9c5e-c0d1520281b0 (type: security_groups) to 1
2026-05-20 04:24:07.641 10 WARNING neutron_lib.context [None req-a5e72238-e997-4030-aa0f-0db00eaf9a19 96b3f473a70d4f00a5666dd888ec9f53 30eaf8ac2ed54fd48282592c8785ada7 - - default default] Method 'is_advsvc' is deprecated since 2023.2 release (neutron-lib 3.8.0) and will be removed once support for the old RBAC API policies will be removed from Neutron. Please use method 'is_service_role' instead.
2026-05-20 04:24:07.654 9 INFO neutron.db.ovn_revision_numbers_db [None req-771de5a1-758f-4fce-bc57-5133753f8001 863eb99aa6a94720be3fce0498d25c92 372b4dd9000f4fe0aa368e2fbc339545 - - default default] Successfully bumped revision number for resource 5d0c8bb5-047c-4f4b-afd9-0966907f6fe0 (type: security_group_rules) to 0
2026-05-20 04:24:07.669 9 INFO neutron.db.ovn_revision_numbers_db [None req-771de5a1-758f-4fce-bc57-5133753f8001 863eb99aa6a94720be3fce0498d25c92 372b4dd9000f4fe0aa368e2fbc339545 - - default default] Successfully bumped revision number for resource ad0c1048-03ab-4291-a0a3-38a038145901 (type: security_group_rules) to 0
2026-05-20 04:24:07.683 9 INFO neutron.db.ovn_revision_numbers_db [None req-771de5a1-758f-4fce-bc57-5133753f8001 863eb99aa6a94720be3fce0498d25c92 372b4dd9000f4fe0aa368e2fbc339545 - - default default] Successfully bumped revision number for resource b8855d21-abc9-4564-9525-87b4ffebb257 (type: security_group_rules) to 0
2026-05-20 04:24:07.687 10 INFO neutron.api.wsgi [None req-a5e72238-e997-4030-aa0f-0db00eaf9a19 96b3f473a70d4f00a5666dd888ec9f53 30eaf8ac2ed54fd48282592c8785ada7 - - default default] 10.0.0.8 "POST /v2.0/vpn/endpoint-groups HTTP/1.1" status: 201 len: 500 time: 0.0513139
2026-05-20 04:24:07.694 9 INFO neutron.db.ovn_revision_numbers_db [None req-771de5a1-758f-4fce-bc57-5133753f8001 863eb99aa6a94720be3fce0498d25c92 372b4dd9000f4fe0aa368e2fbc339545 - - default default] Successfully bumped revision number for resource bb7b7a8b-d8e0-47fb-ac6f-7ac533765018 (type: security_group_rules) to 0
2026-05-20 04:24:07.696 10 WARNING neutron_lib.context [None req-2fa7e82c-c5ca-4c02-a1fe-7f28331c0e2b 96b3f473a70d4f00a5666dd888ec9f53 30eaf8ac2ed54fd48282592c8785ada7 - - default default] Method 'is_advsvc' is deprecated since 2023.2 release (neutron-lib 3.8.0) and will be removed once support for the old RBAC API policies will be removed from Neutron. Please use method 'is_service_role' instead.
2026-05-20 04:24:07.728 9 INFO neutron.api.wsgi [None req-771de5a1-758f-4fce-bc57-5133753f8001 863eb99aa6a94720be3fce0498d25c92 372b4dd9000f4fe0aa368e2fbc339545 - - default default] 10.0.0.8 "GET /v2.0/security-groups?tenant_id=2aacb865ae6e43beaf03e2d246bb1cf4&name=default HTTP/1.1" status: 200 len: 3124 time: 0.1938818
2026-05-20 04:24:07.741 10 INFO neutron.api.wsgi [None req-2fa7e82c-c5ca-4c02-a1fe-7f28331c0e2b 96b3f473a70d4f00a5666dd888ec9f53 30eaf8ac2ed54fd48282592c8785ada7 - - default default] 10.0.0.8 "POST /v2.0/vpn/endpoint-groups HTTP/1.1" status: 201 len: 493 time: 0.0492609
2026-05-20 04:24:07.750 9 WARNING neutron_lib.context [None req-844f7d62-0395-46fb-a3bc-dc6076c2e541 96b3f473a70d4f00a5666dd888ec9f53 30eaf8ac2ed54fd48282592c8785ada7 - - default default] Method 'is_advsvc' is deprecated since 2023.2 release (neutron-lib 3.8.0) and will be removed once support for the old RBAC API policies will be removed from Neutron. Please use method 'is_service_role' instead.
2026-05-20 04:24:07.796 9 INFO neutron.api.v2.resource [None req-844f7d62-0395-46fb-a3bc-dc6076c2e541 96b3f473a70d4f00a5666dd888ec9f53 30eaf8ac2ed54fd48282592c8785ada7 - - default default] create failed (client error): The server could not comply with the request since it is either malformed or otherwise incorrect.
2026-05-20 04:24:07.797 9 INFO neutron.api.wsgi [None req-844f7d62-0395-46fb-a3bc-dc6076c2e541 96b3f473a70d4f00a5666dd888ec9f53 30eaf8ac2ed54fd48282592c8785ada7 - - default default] 10.0.0.8 "POST /v2.0/vpn/ipsec-site-connections HTTP/1.1" status: 400 len: 373 time: 0.0512893
2026-05-20 04:24:07.820 9 INFO neutron.api.wsgi [None req-9ddeef9a-ad60-406a-ab32-4c89420776e7 96b3f473a70d4f00a5666dd888ec9f53 30eaf8ac2ed54fd48282592c8785ada7 - - default default] 10.0.0.8 "GET /v2.0/vpn/endpoint-groups HTTP/1.1" status: 200 len: 1386 time: 0.0144017
2026-05-20 04:24:07.855 9 INFO neutron.api.wsgi [None req-e44aa393-72e8-41f7-98fa-ce4cc351d996 96b3f473a70d4f00a5666dd888ec9f53 30eaf8ac2ed54fd48282592c8785ada7 - - default default] 10.0.0.8 "DELETE /v2.0/vpn/endpoint-groups/0aaf1491-a6a5-410a-b6bf-dedd5128725d HTTP/1.1" status: 204 len: 168 time: 0.0286019
2026-05-20 04:24:07.870 10 INFO neutron.api.wsgi [None req-5a13d7a7-32cd-40bf-a3f0-f06f99af5610 96b3f473a70d4f00a5666dd888ec9f53 30eaf8ac2ed54fd48282592c8785ada7 - - default default] 10.0.0.8 "GET /v2.0/vpn/endpoint-groups HTTP/1.1" status: 200 len: 1109 time: 0.0118630
2026-05-20 04:24:07.884 9 INFO neutron.api.wsgi [None req-e6263a62-cfba-44f3-9ac1-ce99b04baf0d 96b3f473a70d4f00a5666dd888ec9f53 30eaf8ac2ed54fd48282592c8785ada7 - - default default] 10.0.0.8 "GET /v2.0/vpn/endpoint-groups HTTP/1.1" status: 200 len: 1109 time: 0.0094445
2026-05-20 04:24:07.915 9 INFO neutron.api.wsgi [None req-7447e2ea-8d73-4698-bd71-035b30175d3e 96b3f473a70d4f00a5666dd888ec9f53 30eaf8ac2ed54fd48282592c8785ada7 - - default default] 10.0.0.8 "DELETE /v2.0/vpn/endpoint-groups/b42f9532-edc4-4246-b031-2f5797d57700 HTTP/1.1" status: 204 len: 168 time: 0.0221632
2026-05-20 04:24:07.930 9 INFO neutron.api.wsgi [None req-9abe08e5-9f1e-4b00-8632-f19d19605285 96b3f473a70d4f00a5666dd888ec9f53 30eaf8ac2ed54fd48282592c8785ada7 - - default default] 10.0.0.8 "GET /v2.0/vpn/endpoint-groups HTTP/1.1" status: 200 len: 826 time: 0.0093374
2026-05-20 04:24:07.939 10 INFO neutron.api.wsgi [None req-bbe0ec5d-fea3-4e99-a843-dcfcd8e6b87f 863eb99aa6a94720be3fce0498d25c92 372b4dd9000f4fe0aa368e2fbc339545 - - default default] 10.0.0.8 "DELETE /v2.0/security-groups/09ded9a9-ffc0-4102-9c5e-c0d1520281b0 HTTP/1.1" status: 204 len: 168 time: 0.2056174
2026-05-20 04:24:07.944 10 WARNING neutron_lib.context [None req-289b1650-bd8e-47e6-be2a-a1baf08ca7f6 96b3f473a70d4f00a5666dd888ec9f53 30eaf8ac2ed54fd48282592c8785ada7 - - default default] Method 'is_advsvc' is deprecated since 2023.2 release (neutron-lib 3.8.0) and will be removed once support for the old RBAC API policies will be removed from Neutron. Please use method 'is_service_role' instead.
2026-05-20 04:24:07.992 10 INFO neutron.api.wsgi [None req-289b1650-bd8e-47e6-be2a-a1baf08ca7f6 96b3f473a70d4f00a5666dd888ec9f53 30eaf8ac2ed54fd48282592c8785ada7 - - default default] 10.0.0.8 "POST /v2.0/vpn/endpoint-groups HTTP/1.1" status: 201 len: 501 time: 0.0516129
2026-05-20 04:24:08.001 10 WARNING neutron.api.v2.base [None req-08f8aca6-bd4b-4e96-882a-ccbe782a1a2f 96b3f473a70d4f00a5666dd888ec9f53 30eaf8ac2ed54fd48282592c8785ada7 - - default default] An exception happened while processing the request body. The exception message is [Failed to parse request. Required attribute 'peer_id' not specified].: webob.exc.HTTPBadRequest: Failed to parse request. Required attribute 'peer_id' not specified
2026-05-20 04:24:08.001 10 INFO neutron.api.v2.resource [None req-08f8aca6-bd4b-4e96-882a-ccbe782a1a2f 96b3f473a70d4f00a5666dd888ec9f53 30eaf8ac2ed54fd48282592c8785ada7 - - default default] create failed (client error): Failed to parse request. Required attribute 'peer_id' not specified
2026-05-20 04:24:08.002 10 INFO neutron.api.wsgi [None req-08f8aca6-bd4b-4e96-882a-ccbe782a1a2f 96b3f473a70d4f00a5666dd888ec9f53 30eaf8ac2ed54fd48282592c8785ada7 - - default default] 10.0.0.8 "POST /v2.0/vpn/ipsec-site-connections HTTP/1.1" status: 400 len: 343 time: 0.0056212
2026-05-20 04:24:08.015 10 INFO neutron.api.wsgi [None req-1abbd207-3154-4941-b250-37ff71ff5605 96b3f473a70d4f00a5666dd888ec9f53 30eaf8ac2ed54fd48282592c8785ada7 - - default default] 10.0.0.8 "GET /v2.0/vpn/endpoint-groups HTTP/1.1" status: 200 len: 1110 time: 0.0089064
2026-05-20 04:24:08.039 10 INFO neutron.api.wsgi [None req-17128cdb-c95f-492f-aebe-3562258fea83 96b3f473a70d4f00a5666dd888ec9f53 30eaf8ac2ed54fd48282592c8785ada7 - - default default] 10.0.0.8 "DELETE /v2.0/vpn/endpoint-groups/f0ba1603-5459-4023-878e-23e18a2ca419 HTTP/1.1" status: 204 len: 168 time: 0.0196631
2026-05-20 04:24:08.050 10 INFO neutron.api.wsgi [None req-38ca5296-00de-4a3c-a277-4b9f37e9e5c4 96b3f473a70d4f00a5666dd888ec9f53 30eaf8ac2ed54fd48282592c8785ada7 - - default default] 10.0.0.8 "GET /v2.0/vpn/endpoint-groups HTTP/1.1" status: 200 len: 826 time: 0.0085130
2026-05-20 04:24:08.060 10 WARNING neutron_lib.context [None req-3e1278d9-1cf6-46cf-aece-a6545cd277b6 96b3f473a70d4f00a5666dd888ec9f53 30eaf8ac2ed54fd48282592c8785ada7 - - default default] Method 'is_advsvc' is deprecated since 2023.2 release (neutron-lib 3.8.0) and will be removed once support for the old RBAC API policies will be removed from Neutron. Please use method 'is_service_role' instead.
2026-05-20 04:24:08.090 10 INFO neutron.api.wsgi [None req-3e1278d9-1cf6-46cf-aece-a6545cd277b6 96b3f473a70d4f00a5666dd888ec9f53 30eaf8ac2ed54fd48282592c8785ada7 - - default default] 10.0.0.8 "POST /v2.0/vpn/endpoint-groups HTTP/1.1" status: 201 len: 492 time: 0.0331829
2026-05-20 04:24:08.098 10 WARNING neutron.api.v2.base [None req-cace7b12-3514-4d7d-a513-9125cfae4e4a 96b3f473a70d4f00a5666dd888ec9f53 30eaf8ac2ed54fd48282592c8785ada7 - - default default] An exception happened while processing the request body. The exception message is [Failed to parse request. Required attribute 'peer_id' not specified].: webob.exc.HTTPBadRequest: Failed to parse request. Required attribute 'peer_id' not specified
2026-05-20 04:24:08.099 10 INFO neutron.api.v2.resource [None req-cace7b12-3514-4d7d-a513-9125cfae4e4a 96b3f473a70d4f00a5666dd888ec9f53 30eaf8ac2ed54fd48282592c8785ada7 - - default default] create failed (client error): Failed to parse request. Required attribute 'peer_id' not specified
2026-05-20 04:24:08.099 10 INFO neutron.api.wsgi [None req-cace7b12-3514-4d7d-a513-9125cfae4e4a 96b3f473a70d4f00a5666dd888ec9f53 30eaf8ac2ed54fd48282592c8785ada7 - - default default] 10.0.0.8 "POST /v2.0/vpn/ipsec-site-connections HTTP/1.1" status: 400 len: 343 time: 0.0051503
2026-05-20 04:24:08.110 10 INFO neutron.api.wsgi [None req-99540009-18fa-4710-bb7b-fce7c350a506 96b3f473a70d4f00a5666dd888ec9f53 30eaf8ac2ed54fd48282592c8785ada7 - - default default] 10.0.0.8 "GET /v2.0/vpn/endpoint-groups HTTP/1.1" status: 200 len: 1101 time: 0.0082335
2026-05-20 04:24:08.133 10 INFO neutron.api.wsgi [None req-ae536c60-73da-40dc-ac8b-52481a318098 96b3f473a70d4f00a5666dd888ec9f53 30eaf8ac2ed54fd48282592c8785ada7 - - default default] 10.0.0.8 "DELETE /v2.0/vpn/endpoint-groups/d35f6eac-52b9-4756-b7ce-dc740bcf2282 HTTP/1.1" status: 204 len: 168 time: 0.0196552
2026-05-20 04:24:08.144 10 INFO neutron.api.wsgi [None req-0fa30921-ccf1-400f-a0e5-be34f490d0b7 96b3f473a70d4f00a5666dd888ec9f53 30eaf8ac2ed54fd48282592c8785ada7 - - default default] 10.0.0.8 "GET /v2.0/vpn/endpoint-groups HTTP/1.1" status: 200 len: 826 time: 0.0074692
2026-05-20 04:24:08.153 10 WARNING neutron_lib.context [None req-37ffec09-7d0f-4207-ad97-392d8b587604 96b3f473a70d4f00a5666dd888ec9f53 30eaf8ac2ed54fd48282592c8785ada7 - - default default] Method 'is_advsvc' is deprecated since 2023.2 release (neutron-lib 3.8.0) and will be removed once support for the old RBAC API policies will be removed from Neutron. Please use method 'is_service_role' instead.
2026-05-20 04:24:08.171 9 INFO neutron.services.segments.plugin [-] Segment 8f3c2962-e4c4-488f-8127-e8d7053831d8 resource provider aggregate not found
2026-05-20 04:24:08.175 9 INFO neutron.services.segments.plugin [-] Segment 8f3c2962-e4c4-488f-8127-e8d7053831d8 resource provider aggregate not found
2026-05-20 04:24:08.187 9 INFO neutron.services.segments.plugin [-] Segment 8f3c2962-e4c4-488f-8127-e8d7053831d8 resource provider not found; error: Placement Client Error (4xx): {"errors": [{"status": 404, "title": "Not Found", "detail": "The resource could not be found.\n\n No resource provider with uuid 8f3c2962-e4c4-488f-8127-e8d7053831d8 found for delete ", "request_id": "req-ee398230-482e-42b0-bc44-84ed8b73f019"}]}
2026-05-20 04:24:08.189 10 INFO neutron.api.wsgi [None req-37ffec09-7d0f-4207-ad97-392d8b587604 96b3f473a70d4f00a5666dd888ec9f53 30eaf8ac2ed54fd48282592c8785ada7 - - default default] 10.0.0.8 "POST /v2.0/vpn/endpoint-groups HTTP/1.1" status: 201 len: 489 time: 0.0394402
2026-05-20 04:24:08.197 10 WARNING neutron_lib.context [None req-1f36aa1d-5144-49cf-8242-0140fd4fa4b0 96b3f473a70d4f00a5666dd888ec9f53 30eaf8ac2ed54fd48282592c8785ada7 - - default default] Method 'is_advsvc' is deprecated since 2023.2 release (neutron-lib 3.8.0) and will be removed once support for the old RBAC API policies will be removed from Neutron. Please use method 'is_service_role' instead.
2026-05-20 04:24:08.210 9 INFO neutron.services.segments.plugin [-] Segment 8f3c2962-e4c4-488f-8127-e8d7053831d8 resource provider not found; error: Placement Client Error (4xx): {"errors": [{"status": 404, "title": "Not Found", "detail": "The resource could not be found.\n\n No resource provider with uuid 8f3c2962-e4c4-488f-8127-e8d7053831d8 found for delete ", "request_id": "req-5039831f-2cbc-4d36-9984-d803a630edba"}]}
2026-05-20 04:24:08.244 10 INFO neutron.api.wsgi [None req-1f36aa1d-5144-49cf-8242-0140fd4fa4b0 96b3f473a70d4f00a5666dd888ec9f53 30eaf8ac2ed54fd48282592c8785ada7 - - default default] 10.0.0.8 "POST /v2.0/vpn/endpoint-groups HTTP/1.1" status: 201 len: 500 time: 0.0504768
2026-05-20 04:24:08.253 10 WARNING neutron_lib.context [None req-67006a04-105d-4a59-be4a-c088ef2a0fa3 96b3f473a70d4f00a5666dd888ec9f53 30eaf8ac2ed54fd48282592c8785ada7 - - default default] Method 'is_advsvc' is deprecated since 2023.2 release (neutron-lib 3.8.0) and will be removed once support for the old RBAC API policies will be removed from Neutron. Please use method 'is_service_role' instead.
2026-05-20 04:24:08.556 9 INFO neutron.api.wsgi [-] 10.0.0.119 "GET / HTTP/1.1" status: 200 len: 247 time: 0.0015738
2026-05-20 04:24:08.558 9 INFO neutron.api.wsgi [-] 10.0.0.119 "GET / HTTP/1.1" status: 200 len: 247 time: 0.0011096
2026-05-20 04:24:08.878 10 INFO neutron.db.ovn_revision_numbers_db [None req-67006a04-105d-4a59-be4a-c088ef2a0fa3 96b3f473a70d4f00a5666dd888ec9f53 30eaf8ac2ed54fd48282592c8785ada7 - - default default] Successfully bumped revision number for resource edf41bd4-338f-4c5b-9691-c168c0c3f262 (type: routers) to 6
2026-05-20 04:24:08.907 10 INFO neutron.api.wsgi [None req-67006a04-105d-4a59-be4a-c088ef2a0fa3 96b3f473a70d4f00a5666dd888ec9f53 30eaf8ac2ed54fd48282592c8785ada7 - - default default] 10.0.0.8 "POST /v2.0/vpn/ipsec-site-connections HTTP/1.1" status: 201 len: 1044 time: 0.6582167
2026-05-20 04:24:09.432 10 INFO neutron.db.ovn_revision_numbers_db [None req-92daa224-8cbb-45de-819d-c8f6a7372700 96b3f473a70d4f00a5666dd888ec9f53 30eaf8ac2ed54fd48282592c8785ada7 - - default default] Successfully bumped revision number for resource edf41bd4-338f-4c5b-9691-c168c0c3f262 (type: routers) to 7
2026-05-20 04:24:09.451 10 INFO neutron.api.wsgi [None req-92daa224-8cbb-45de-819d-c8f6a7372700 96b3f473a70d4f00a5666dd888ec9f53 30eaf8ac2ed54fd48282592c8785ada7 - - default default] 10.0.0.8 "DELETE /v2.0/vpn/ipsec-site-connections/8e6b4063-b519-47d4-906a-f48fe9b1c7b6 HTTP/1.1" status: 204 len: 168 time: 0.5389676
2026-05-20 04:24:09.472 9 WARNING neutron_lib.context [None req-b65fc8be-4c8e-46a9-af36-c512f4e48b47 5c5094aa851b417d820fbaec11c1e356 c15f8eaeb95047a18b2a49c864b2f5db - - default default] Method 'is_advsvc' is deprecated since 2023.2 release (neutron-lib 3.8.0) and will be removed once support for the old RBAC API policies will be removed from Neutron. Please use method 'is_service_role' instead.
2026-05-20 04:24:09.473 10 INFO neutron.api.wsgi [None req-c4485bdf-48ba-4a69-b849-29b721fce553 96b3f473a70d4f00a5666dd888ec9f53 30eaf8ac2ed54fd48282592c8785ada7 - - default default] 10.0.0.8 "GET /v2.0/vpn/ipsec-site-connections HTTP/1.1" status: 200 len: 990 time: 0.0169539
2026-05-20 04:24:09.486 10 INFO neutron.api.v2.resource [None req-4e9fc772-61bd-4241-a4ce-e1138330f4f8 96b3f473a70d4f00a5666dd888ec9f53 30eaf8ac2ed54fd48282592c8785ada7 - - default default] delete failed (client error): The resource could not be found.
2026-05-20 04:24:09.487 10 INFO neutron.api.wsgi [None req-4e9fc772-61bd-4241-a4ce-e1138330f4f8 96b3f473a70d4f00a5666dd888ec9f53 30eaf8ac2ed54fd48282592c8785ada7 - - default default] 10.0.0.8 "DELETE /v2.0/vpn/ipsec-site-connections/8e6b4063-b519-47d4-906a-f48fe9b1c7b6 HTTP/1.1" status: 404 len: 355 time: 0.0081823
2026-05-20 04:24:09.505 10 INFO neutron.api.wsgi [None req-f1fdc3b6-e17d-4aea-8bb8-b6ef2f35ac51 96b3f473a70d4f00a5666dd888ec9f53 30eaf8ac2ed54fd48282592c8785ada7 - - default default] 10.0.0.8 "GET /v2.0/vpn/endpoint-groups HTTP/1.1" status: 200 len: 1382 time: 0.0106249
2026-05-20 04:24:09.526 10 INFO neutron.api.wsgi [None req-bd62e19f-40e6-4588-90e1-cf5876977337 96b3f473a70d4f00a5666dd888ec9f53 30eaf8ac2ed54fd48282592c8785ada7 - - default default] 10.0.0.8 "DELETE /v2.0/vpn/endpoint-groups/3477798e-3560-48d5-ab04-98d07d7e945c HTTP/1.1" status: 204 len: 168 time: 0.0154905
2026-05-20 04:24:09.543 10 INFO neutron.api.wsgi [None req-739407c1-930d-40d3-9e91-5f512ac0add3 96b3f473a70d4f00a5666dd888ec9f53 30eaf8ac2ed54fd48282592c8785ada7 - - default default] 10.0.0.8 "GET /v2.0/vpn/endpoint-groups HTTP/1.1" status: 200 len: 1098 time: 0.0123851
2026-05-20 04:24:09.554 10 INFO neutron.api.wsgi [None req-a43c0bd0-ae85-4e37-929c-e93bf9f5b2c7 96b3f473a70d4f00a5666dd888ec9f53 30eaf8ac2ed54fd48282592c8785ada7 - - default default] 10.0.0.8 "GET /v2.0/vpn/endpoint-groups HTTP/1.1" status: 200 len: 1098 time: 0.0063467
2026-05-20 04:24:09.582 10 INFO neutron.api.wsgi [None req-66f7b571-b6c1-4735-8b56-4fa685afa458 96b3f473a70d4f00a5666dd888ec9f53 30eaf8ac2ed54fd48282592c8785ada7 - - default default] 10.0.0.8 "DELETE /v2.0/vpn/endpoint-groups/f4fadd6c-fc83-4623-8650-65d70f003f44 HTTP/1.1" status: 204 len: 168 time: 0.0222991
2026-05-20 04:24:09.599 9 INFO neutron.api.wsgi [None req-e2280ec3-3844-46d5-a671-9d66bbaf510d 96b3f473a70d4f00a5666dd888ec9f53 30eaf8ac2ed54fd48282592c8785ada7 - - default default] 10.0.0.8 "GET /v2.0/vpn/endpoint-groups HTTP/1.1" status: 200 len: 826 time: 0.0129857
2026-05-20 04:24:09.611 9 INFO neutron.db.ovn_revision_numbers_db [None req-b65fc8be-4c8e-46a9-af36-c512f4e48b47 5c5094aa851b417d820fbaec11c1e356 c15f8eaeb95047a18b2a49c864b2f5db - - default default] Successfully bumped revision number for resource 67f675f2-0867-4fd5-b648-36da48f2a971 (type: security_groups) to 1
2026-05-20 04:24:09.612 10 WARNING neutron_lib.context [None req-721febc0-1b45-4c19-acb9-0934b7b984d4 96b3f473a70d4f00a5666dd888ec9f53 30eaf8ac2ed54fd48282592c8785ada7 - - default default] Method 'is_advsvc' is deprecated since 2023.2 release (neutron-lib 3.8.0) and will be removed once support for the old RBAC API policies will be removed from Neutron. Please use method 'is_service_role' instead.
2026-05-20 04:24:09.627 9 INFO neutron.db.ovn_revision_numbers_db [None req-b65fc8be-4c8e-46a9-af36-c512f4e48b47 5c5094aa851b417d820fbaec11c1e356 c15f8eaeb95047a18b2a49c864b2f5db - - default default] Successfully bumped revision number for resource 1d55a810-5b61-445c-8fec-75d4ee27b423 (type: security_group_rules) to 0
2026-05-20 04:24:09.638 9 INFO neutron.db.ovn_revision_numbers_db [None req-b65fc8be-4c8e-46a9-af36-c512f4e48b47 5c5094aa851b417d820fbaec11c1e356 c15f8eaeb95047a18b2a49c864b2f5db - - default default] Successfully bumped revision number for resource 2e10c989-2169-4573-8104-60b99fff6867 (type: security_group_rules) to 0
2026-05-20 04:24:09.650 9 INFO neutron.db.ovn_revision_numbers_db [None req-b65fc8be-4c8e-46a9-af36-c512f4e48b47 5c5094aa851b417d820fbaec11c1e356 c15f8eaeb95047a18b2a49c864b2f5db - - default default] Successfully bumped revision number for resource 2fbcb6de-c444-40d6-9b2d-facb17b1f210 (type: security_group_rules) to 0
2026-05-20 04:24:09.662 9 INFO neutron.db.ovn_revision_numbers_db [None req-b65fc8be-4c8e-46a9-af36-c512f4e48b47 5c5094aa851b417d820fbaec11c1e356 c15f8eaeb95047a18b2a49c864b2f5db - - default default] Successfully bumped revision number for resource 833d8de0-6252-4bef-bbfc-b0e469a11504 (type: security_group_rules) to 0
2026-05-20 04:24:09.731 9 INFO neutron.db.segments_db [None req-b65fc8be-4c8e-46a9-af36-c512f4e48b47 5c5094aa851b417d820fbaec11c1e356 c15f8eaeb95047a18b2a49c864b2f5db - - default default] Added segment 29c89a70-e25f-428e-9ec3-336f1bb65904 of type geneve for network 54b937c8-c003-4a4b-b71c-e783aa78b124
2026-05-20 04:24:09.843 9 INFO neutron.db.ovn_revision_numbers_db [None req-b65fc8be-4c8e-46a9-af36-c512f4e48b47 5c5094aa851b417d820fbaec11c1e356 c15f8eaeb95047a18b2a49c864b2f5db - - default default] Successfully bumped revision number for resource 54b937c8-c003-4a4b-b71c-e783aa78b124 (type: networks) to 1
2026-05-20 04:24:09.995 9 WARNING neutron.scheduler.dhcp_agent_scheduler [None req-b65fc8be-4c8e-46a9-af36-c512f4e48b47 5c5094aa851b417d820fbaec11c1e356 c15f8eaeb95047a18b2a49c864b2f5db - - default default] No more DHCP agents
2026-05-20 04:24:09.996 9 WARNING neutron.api.rpc.agentnotifiers.dhcp_rpc_agent_api [None req-b65fc8be-4c8e-46a9-af36-c512f4e48b47 5c5094aa851b417d820fbaec11c1e356 c15f8eaeb95047a18b2a49c864b2f5db - - default default] Unable to schedule network 54b937c8-c003-4a4b-b71c-e783aa78b124: no agents available; will retry on subsequent port and subnet creation events.
2026-05-20 04:24:10.058 9 INFO neutron.db.ovn_revision_numbers_db [None req-b65fc8be-4c8e-46a9-af36-c512f4e48b47 5c5094aa851b417d820fbaec11c1e356 c15f8eaeb95047a18b2a49c864b2f5db - - default default] Successfully bumped revision number for resource 91ea18c7-8688-4805-87ac-8764d972da84 (type: ports) to 1
2026-05-20 04:24:10.076 9 INFO neutron.api.wsgi [None req-b65fc8be-4c8e-46a9-af36-c512f4e48b47 5c5094aa851b417d820fbaec11c1e356 c15f8eaeb95047a18b2a49c864b2f5db - - default default] 10.0.0.8 "POST /v2.0/networks HTTP/1.1" status: 201 len: 831 time: 0.7574158
2026-05-20 04:24:10.084 10 WARNING neutron_lib.context [None req-c5b4f7db-ae73-4866-b5fe-7a4ad643bddd 5c5094aa851b417d820fbaec11c1e356 c15f8eaeb95047a18b2a49c864b2f5db - - default default] Method 'is_advsvc' is deprecated since 2023.2 release (neutron-lib 3.8.0) and will be removed once support for the old RBAC API policies will be removed from Neutron. Please use method 'is_service_role' instead.
2026-05-20 04:24:10.245 10 INFO neutron.db.ovn_revision_numbers_db [None req-721febc0-1b45-4c19-acb9-0934b7b984d4 96b3f473a70d4f00a5666dd888ec9f53 30eaf8ac2ed54fd48282592c8785ada7 - - default default] Successfully bumped revision number for resource edf41bd4-338f-4c5b-9691-c168c0c3f262 (type: routers) to 8
2026-05-20 04:24:10.281 10 INFO neutron.api.wsgi [None req-721febc0-1b45-4c19-acb9-0934b7b984d4 96b3f473a70d4f00a5666dd888ec9f53 30eaf8ac2ed54fd48282592c8785ada7 - - default default] 10.0.0.8 "POST /v2.0/vpn/ipsec-site-connections HTTP/1.1" status: 201 len: 1003 time: 0.6748204
2026-05-20 04:24:10.319 10 WARNING neutron.scheduler.dhcp_agent_scheduler [None req-c5b4f7db-ae73-4866-b5fe-7a4ad643bddd 5c5094aa851b417d820fbaec11c1e356 c15f8eaeb95047a18b2a49c864b2f5db - - default default] No more DHCP agents
2026-05-20 04:24:10.321 10 WARNING neutron.api.rpc.agentnotifiers.dhcp_rpc_agent_api [None req-c5b4f7db-ae73-4866-b5fe-7a4ad643bddd 5c5094aa851b417d820fbaec11c1e356 c15f8eaeb95047a18b2a49c864b2f5db - - default default] Unable to schedule network 54b937c8-c003-4a4b-b71c-e783aa78b124: no agents available; will retry on subsequent port and subnet creation events.
2026-05-20 04:24:10.384 10 INFO neutron.db.ovn_revision_numbers_db [None req-c5b4f7db-ae73-4866-b5fe-7a4ad643bddd 5c5094aa851b417d820fbaec11c1e356 c15f8eaeb95047a18b2a49c864b2f5db - - default default] Successfully bumped revision number for resource b7cb5da8-3a9b-413a-90de-065a67c95c6d (type: ports) to 1
2026-05-20 04:24:10.409 10 INFO neutron.api.wsgi [None req-c5b4f7db-ae73-4866-b5fe-7a4ad643bddd 5c5094aa851b417d820fbaec11c1e356 c15f8eaeb95047a18b2a49c864b2f5db - - default default] 10.0.0.8 "POST /v2.0/ports HTTP/1.1" status: 201 len: 942 time: 0.3286586 /var/lib/openstack/lib/python3.12/site-packages/pycadf/identifier.py:71: UserWarning: Invalid uuid: neutron. To ensure interoperability, identifiers should be a valid uuid. warnings.warn(('Invalid uuid: %s. To ensure interoperability, '
2026-05-20 04:24:10.450 10 INFO neutron.api.wsgi [None req-891ffe7c-ac46-4ce2-a443-802a29747480 5c5094aa851b417d820fbaec11c1e356 c15f8eaeb95047a18b2a49c864b2f5db - - default default] 10.0.0.8 "PUT /v2.0/ports/b7cb5da8-3a9b-413a-90de-065a67c95c6d/tags HTTP/1.1" status: 200 len: 218 time: 0.0352173
2026-05-20 04:24:10.496 10 INFO neutron.api.wsgi [None req-5a2ca127-7750-415b-a39a-d3b500093614 5c5094aa851b417d820fbaec11c1e356 c15f8eaeb95047a18b2a49c864b2f5db - - default default] 10.0.0.8 "GET /v2.0/ports/b7cb5da8-3a9b-413a-90de-065a67c95c6d/tags HTTP/1.1" status: 200 len: 218 time: 0.0419719
2026-05-20 04:24:10.538 10 INFO neutron.api.wsgi [None req-7c6b973f-c9ac-40d5-aba4-9a97c52d9446 5c5094aa851b417d820fbaec11c1e356 c15f8eaeb95047a18b2a49c864b2f5db - - default default] 10.0.0.8 "PUT /v2.0/ports/b7cb5da8-3a9b-413a-90de-065a67c95c6d/tags/green HTTP/1.1" status: 201 len: 201 time: 0.0373652
2026-05-20 04:24:10.561 10 WARNING neutron.plugins.ml2.drivers.ovn.mech_driver.ovsdb.ovn_client [None req-f5b7c882-bfd9-4208-b03c-f0313c9f0f8e - - - - - -] No hosting information found for port 8bf56e2d-807d-4f69-889c-fbb9ad984e40: RuntimeError: No hosting information found for port 8bf56e2d-807d-4f69-889c-fbb9ad984e40
2026-05-20 04:24:10.578 10 INFO neutron.api.wsgi [None req-79fd727e-3989-4fa4-8bd4-eb6d3b043cab 5c5094aa851b417d820fbaec11c1e356 c15f8eaeb95047a18b2a49c864b2f5db - - default default] 10.0.0.8 "GET /v2.0/ports/b7cb5da8-3a9b-413a-90de-065a67c95c6d/tags HTTP/1.1" status: 200 len: 227 time: 0.0308433
2026-05-20 04:24:10.603 10 INFO neutron.plugins.ml2.drivers.ovn.mech_driver.mech_driver [None req-f5b7c882-bfd9-4208-b03c-f0313c9f0f8e - - - - - -] OVN reports status up for port: f249a769-b606-4921-990c-bab54795b72a
2026-05-20 04:24:10.609 10 INFO neutron.api.wsgi [None req-6fdcccf8-0afe-4ff2-ab30-84e78ee141f4 5c5094aa851b417d820fbaec11c1e356 c15f8eaeb95047a18b2a49c864b2f5db - - default default] 10.0.0.8 "PUT /v2.0/ports/b7cb5da8-3a9b-413a-90de-065a67c95c6d/tags/red HTTP/1.1" status: 201 len: 201 time: 0.0280914
2026-05-20 04:24:10.610 10 INFO neutron.plugins.ml2.plugin [None req-f5b7c882-bfd9-4208-b03c-f0313c9f0f8e - - - - - -] Attempt 1 to provision port f249a769-b606-4921-990c-bab54795b72a
2026-05-20 04:24:10.645 10 INFO neutron.api.wsgi [None req-b1921c05-aa3b-44c8-84ef-ac9ce7bfb4ab 5c5094aa851b417d820fbaec11c1e356 c15f8eaeb95047a18b2a49c864b2f5db - - default default] 10.0.0.8 "GET /v2.0/ports/b7cb5da8-3a9b-413a-90de-065a67c95c6d/tags HTTP/1.1" status: 200 len: 227 time: 0.0290484
2026-05-20 04:24:10.691 10 INFO neutron.api.wsgi [None req-e6236be7-9de2-4191-b861-cd96dca2fd91 5c5094aa851b417d820fbaec11c1e356 c15f8eaeb95047a18b2a49c864b2f5db - - default default] 10.0.0.8 "PUT /v2.0/ports/b7cb5da8-3a9b-413a-90de-065a67c95c6d/tags/black.or.white HTTP/1.1" status: 201 len: 201 time: 0.0411627
2026-05-20 04:24:10.725 9 INFO neutron.api.wsgi [None req-d209abdb-e10a-4920-877d-064c7b253534 5c5094aa851b417d820fbaec11c1e356 c15f8eaeb95047a18b2a49c864b2f5db - - default default] 10.0.0.8 "GET /v2.0/ports/b7cb5da8-3a9b-413a-90de-065a67c95c6d/tags HTTP/1.1" status: 200 len: 245 time: 0.0301890
2026-05-20 04:24:10.754 9 INFO neutron.db.ovn_revision_numbers_db [None req-adc3568e-5f14-4411-8b6f-83400b2a8591 96b3f473a70d4f00a5666dd888ec9f53 30eaf8ac2ed54fd48282592c8785ada7 - - default default] Successfully bumped revision number for resource edf41bd4-338f-4c5b-9691-c168c0c3f262 (type: routers) to 9
2026-05-20 04:24:10.802 9 INFO neutron.api.wsgi [None req-adc3568e-5f14-4411-8b6f-83400b2a8591 96b3f473a70d4f00a5666dd888ec9f53 30eaf8ac2ed54fd48282592c8785ada7 - - default default] 10.0.0.8 "DELETE /v2.0/vpn/ipsec-site-connections/9bf21693-2935-42bf-b671-2cc224f9d8a4 HTTP/1.1" status: 204 len: 168 time: 0.5154221
2026-05-20 04:24:10.817 9 INFO neutron.api.wsgi [None req-5ab1d7b4-c403-46c8-a007-1ba2ba723cff 5c5094aa851b417d820fbaec11c1e356 c15f8eaeb95047a18b2a49c864b2f5db - - default default] 10.0.0.8 "PUT /v2.0/ports/b7cb5da8-3a9b-413a-90de-065a67c95c6d/tags HTTP/1.1" status: 200 len: 230 time: 0.0865819
2026-05-20 04:24:10.821 9 INFO neutron.api.wsgi [None req-8ed7a25e-3816-4ae7-aa2c-eeffc6309104 96b3f473a70d4f00a5666dd888ec9f53 30eaf8ac2ed54fd48282592c8785ada7 - - default default] 10.0.0.8 "GET /v2.0/vpn/ipsec-site-connections HTTP/1.1" status: 200 len: 990 time: 0.0132453
2026-05-20 04:24:10.829 9 INFO neutron.api.v2.resource [None req-aed97805-a6b9-4269-b7b8-12cacb2bbb7b 96b3f473a70d4f00a5666dd888ec9f53 30eaf8ac2ed54fd48282592c8785ada7 - - default default] delete failed (client error): The resource could not be found.
2026-05-20 04:24:10.829 9 INFO neutron.api.wsgi [None req-aed97805-a6b9-4269-b7b8-12cacb2bbb7b 96b3f473a70d4f00a5666dd888ec9f53 30eaf8ac2ed54fd48282592c8785ada7 - - default default] 10.0.0.8 "DELETE /v2.0/vpn/ipsec-site-connections/9bf21693-2935-42bf-b671-2cc224f9d8a4 HTTP/1.1" status: 404 len: 355 time: 0.0060928
2026-05-20 04:24:10.836 9 WARNING neutron_lib.context [None req-57ce0787-1e0f-4194-9903-91e46e041f1d 96b3f473a70d4f00a5666dd888ec9f53 30eaf8ac2ed54fd48282592c8785ada7 - - default default] Method 'is_advsvc' is deprecated since 2023.2 release (neutron-lib 3.8.0) and will be removed once support for the old RBAC API policies will be removed from Neutron. Please use method 'is_service_role' instead.
2026-05-20 04:24:10.860 10 INFO neutron.api.wsgi [None req-b6642221-e33d-47b9-b0ee-df9d3cb66b50 5c5094aa851b417d820fbaec11c1e356 c15f8eaeb95047a18b2a49c864b2f5db - - default default] 10.0.0.8 "GET /v2.0/ports/b7cb5da8-3a9b-413a-90de-065a67c95c6d/tags HTTP/1.1" status: 200 len: 230 time: 0.0396712
2026-05-20 04:24:10.877 9 INFO neutron.api.wsgi [None req-57ce0787-1e0f-4194-9903-91e46e041f1d 96b3f473a70d4f00a5666dd888ec9f53 30eaf8ac2ed54fd48282592c8785ada7 - - default default] 10.0.0.8 "POST /v2.0/vpn/endpoint-groups HTTP/1.1" status: 201 len: 489 time: 0.0438657
2026-05-20 04:24:10.897 10 INFO neutron.api.wsgi [None req-bfc215bf-a80a-44d1-9299-6cefe944d0bc 5c5094aa851b417d820fbaec11c1e356 c15f8eaeb95047a18b2a49c864b2f5db - - default default] 10.0.0.8 "GET /v2.0/ports/b7cb5da8-3a9b-413a-90de-065a67c95c6d/tags/red HTTP/1.1" status: 204 len: 168 time: 0.0317502
2026-05-20 04:24:10.905 9 INFO neutron.api.wsgi [None req-7f513b03-e663-4625-b7e4-e0e5fa1cdd79 96b3f473a70d4f00a5666dd888ec9f53 30eaf8ac2ed54fd48282592c8785ada7 - - default default] 10.0.0.8 "PUT /v2.0/vpn/endpoint-groups/a0e9d526-f747-4bc2-950f-315d696c48fc HTTP/1.1" status: 200 len: 484 time: 0.0250299
2026-05-20 04:24:10.918 9 INFO neutron.api.wsgi [None req-c615569c-0edd-434f-ac8b-60f84e86589d 96b3f473a70d4f00a5666dd888ec9f53 30eaf8ac2ed54fd48282592c8785ada7 - - default default] 10.0.0.8 "GET /v2.0/vpn/endpoint-groups/a0e9d526-f747-4bc2-950f-315d696c48fc HTTP/1.1" status: 200 len: 484 time: 0.0083330
2026-05-20 04:24:10.938 9 INFO neutron.api.v2.resource [None req-177680d4-357d-4ef6-b4d5-1513ce66ce4b 5c5094aa851b417d820fbaec11c1e356 c15f8eaeb95047a18b2a49c864b2f5db - - default default] show failed (client error): The resource could not be found.
2026-05-20 04:24:10.939 9 INFO neutron.api.wsgi [None req-177680d4-357d-4ef6-b4d5-1513ce66ce4b 5c5094aa851b417d820fbaec11c1e356 c15f8eaeb95047a18b2a49c864b2f5db - - default default] 10.0.0.8 "GET /v2.0/ports/b7cb5da8-3a9b-413a-90de-065a67c95c6d/tags/green HTTP/1.1" status: 404 len: 299 time: 0.0335431
2026-05-20 04:24:10.946 9 INFO neutron.api.wsgi [None req-dce74739-e82d-45cf-b0a8-cc3270bb7aa7 96b3f473a70d4f00a5666dd888ec9f53 30eaf8ac2ed54fd48282592c8785ada7 - - default default] 10.0.0.8 "DELETE /v2.0/vpn/endpoint-groups/a0e9d526-f747-4bc2-950f-315d696c48fc HTTP/1.1" status: 204 len: 168 time: 0.0220215
2026-05-20 04:24:10.961 9 INFO neutron.api.wsgi [None req-3260a7f6-8a59-49ab-801c-520311c9a210 96b3f473a70d4f00a5666dd888ec9f53 30eaf8ac2ed54fd48282592c8785ada7 - - default default] 10.0.0.8 "GET /v2.0/vpn/endpoint-groups HTTP/1.1" status: 200 len: 826 time: 0.0112569
2026-05-20 04:24:10.981 9 INFO neutron.api.wsgi [None req-fe5e5010-d75f-47ec-9bbf-76d8c1880743 96b3f473a70d4f00a5666dd888ec9f53 30eaf8ac2ed54fd48282592c8785ada7 - - default default] 10.0.0.8 "GET /v2.0/vpn/endpoint-groups HTTP/1.1" status: 200 len: 826 time: 0.0151179
2026-05-20 04:24:10.993 9 WARNING neutron_lib.context [None req-db4ac5a3-e697-43f7-9d8b-f2c229ee6e5a 96b3f473a70d4f00a5666dd888ec9f53 30eaf8ac2ed54fd48282592c8785ada7 - - default default] Method 'is_advsvc' is deprecated since 2023.2 release (neutron-lib 3.8.0) and will be removed once support for the old RBAC API policies will be removed from Neutron. Please use method 'is_service_role' instead.
2026-05-20 04:24:11.015 9 INFO neutron.api.wsgi [None req-0497d76e-a711-4b83-8c4b-f723d8431f3b 5c5094aa851b417d820fbaec11c1e356 c15f8eaeb95047a18b2a49c864b2f5db - - default default] 10.0.0.8 "DELETE /v2.0/ports/b7cb5da8-3a9b-413a-90de-065a67c95c6d/tags/red HTTP/1.1" status: 204 len: 168 time: 0.0677836
2026-05-20 04:24:11.031 9 INFO neutron.api.wsgi [None req-db4ac5a3-e697-43f7-9d8b-f2c229ee6e5a 96b3f473a70d4f00a5666dd888ec9f53 30eaf8ac2ed54fd48282592c8785ada7 - - default default] 10.0.0.8 "POST /v2.0/vpn/ikepolicies HTTP/1.1" status: 201 len: 599 time: 0.0438759
2026-05-20 04:24:11.064 9 INFO neutron.api.wsgi [None req-2d665ada-d7a3-4e70-a1d1-5fd1952e9f50 5c5094aa851b417d820fbaec11c1e356 c15f8eaeb95047a18b2a49c864b2f5db - - default default] 10.0.0.8 "GET /v2.0/ports/b7cb5da8-3a9b-413a-90de-065a67c95c6d/tags HTTP/1.1" status: 200 len: 223 time: 0.0438585
2026-05-20 04:24:11.069 9 INFO neutron.api.wsgi [None req-67116df8-4faa-4104-b84f-9dc84b329fa2 96b3f473a70d4f00a5666dd888ec9f53 30eaf8ac2ed54fd48282592c8785ada7 - - default default] 10.0.0.8 "PUT /v2.0/vpn/ikepolicies/6f9659b4-63d5-4414-be01-c9320df54c81 HTTP/1.1" status: 200 len: 613 time: 0.0341835
2026-05-20 04:24:11.089 9 INFO neutron.api.wsgi [None req-0fbac917-0990-426c-b220-eb97e85ae2b4 96b3f473a70d4f00a5666dd888ec9f53 30eaf8ac2ed54fd48282592c8785ada7 - - default default] 10.0.0.8 "GET /v2.0/vpn/ikepolicies/6f9659b4-63d5-4414-be01-c9320df54c81 HTTP/1.1" status: 200 len: 613 time: 0.0120835
2026-05-20 04:24:11.123 9 INFO neutron.api.wsgi [None req-f0e0efaf-18fd-4e14-88d6-53f7f4684c2b 279c84f82ca846d38203e70a2bd21bfe 51af1ea5a3c3462888cbd29c52ec0540 - - default default] 10.0.0.8 "POST /v2.0/qos/policies HTTP/1.1" status: 201 len: 558 time: 0.2322075
2026-05-20 04:24:11.128 9 INFO neutron.api.wsgi [None req-8c25897c-0978-477e-a8fa-d21c0694bd94 96b3f473a70d4f00a5666dd888ec9f53 30eaf8ac2ed54fd48282592c8785ada7 - - default default] 10.0.0.8 "DELETE /v2.0/vpn/ikepolicies/6f9659b4-63d5-4414-be01-c9320df54c81 HTTP/1.1" status: 204 len: 168 time: 0.0294540
2026-05-20 04:24:11.129 9 INFO neutron.api.v2.resource [None req-a9129a92-6778-4a92-8a5f-0df239b6e719 5c5094aa851b417d820fbaec11c1e356 c15f8eaeb95047a18b2a49c864b2f5db - - default default] delete failed (client error): The resource could not be found.
2026-05-20 04:24:11.130 9 INFO neutron.api.wsgi [None req-a9129a92-6778-4a92-8a5f-0df239b6e719 5c5094aa851b417d820fbaec11c1e356 c15f8eaeb95047a18b2a49c864b2f5db - - default default] 10.0.0.8 "DELETE /v2.0/ports/b7cb5da8-3a9b-413a-90de-065a67c95c6d/tags/green HTTP/1.1" status: 404 len: 299 time: 0.0587809
2026-05-20 04:24:11.146 9 INFO neutron.api.wsgi [None req-309547f7-e7fc-4376-bec6-2fa6b7d4c657 96b3f473a70d4f00a5666dd888ec9f53 30eaf8ac2ed54fd48282592c8785ada7 - - default default] 10.0.0.8 "GET /v2.0/vpn/ikepolicies HTTP/1.1" status: 200 len: 601 time: 0.0131435
2026-05-20 04:24:11.161 10 INFO neutron.api.wsgi [None req-ed4966a5-69b6-457d-a9be-b2c931efc489 96b3f473a70d4f00a5666dd888ec9f53 30eaf8ac2ed54fd48282592c8785ada7 - - default default] 10.0.0.8 "GET /v2.0/vpn/ikepolicies HTTP/1.1" status: 200 len: 601 time: 0.0105336
2026-05-20 04:24:11.169 10 WARNING neutron_lib.context [None req-d0271aa3-766c-4e95-9081-0ec12f0e25dd 96b3f473a70d4f00a5666dd888ec9f53 30eaf8ac2ed54fd48282592c8785ada7 - - default default] Method 'is_advsvc' is deprecated since 2023.2 release (neutron-lib 3.8.0) and will be removed once support for the old RBAC API policies will be removed from Neutron. Please use method 'is_service_role' instead.
2026-05-20 04:24:11.173 9 INFO neutron.api.wsgi [None req-fffd6724-0210-4b0f-b0ec-7222a8f8cf62 279c84f82ca846d38203e70a2bd21bfe 51af1ea5a3c3462888cbd29c52ec0540 - - default default] 10.0.0.8 "PUT /v2.0/policies/4abd5e64-b150-43ce-8fa4-aacf779c47df/tags HTTP/1.1" status: 200 len: 218 time: 0.0399907
2026-05-20 04:24:11.181 10 INFO neutron.db.ovn_revision_numbers_db [None req-f5b7c882-bfd9-4208-b03c-f0313c9f0f8e - - - - - -] Successfully bumped revision number for resource f249a769-b606-4921-990c-bab54795b72a (type: ports) to 2
