Apr 09 14:17:19.820777 np0000164522 devstack@o-api.service[120656]: DEBUG ovsdbapp.backend.ovs_idl.transaction [-] Running txn n=1 command(idx=0): LsLbAddCommand(_result=None, switch=1819d9b3-9529-4170-a6e1-e6850146d753, lb=2feeae42-7dc4-4826-b91b-c9165f25fbf1, may_exist=True) {{(pid=120656) do_commit /opt/stack/data/venv/lib/python3.12/site-packages/ovsdbapp/backend/ovs_idl/transaction.py:89}}
Apr 09 14:17:19.821247 np0000164522 devstack@o-api.service[120656]: DEBUG ovsdbapp.backend.ovs_idl.transaction [-] Running txn n=1 command(idx=1): DbSetCommand(_result=None, table=Load_Balancer, record=2feeae42-7dc4-4826-b91b-c9165f25fbf1, col_values=(('external_ids', {'ls_refs': '{"neutron-1819d9b3-9529-4170-a6e1-e6850146d753": 1}'}),), if_exists=True) {{(pid=120656) do_commit /opt/stack/data/venv/lib/python3.12/site-packages/ovsdbapp/backend/ovs_idl/transaction.py:89}}
Apr 09 14:17:19.827867 np0000164522 devstack@o-api.service[120656]: DEBUG ovn_octavia_provider.helper [-] Updating status to octavia: {'loadbalancers': [{'id': 'e3cbbd7f-61bd-44f3-bbd9-201b1a969f76', 'provisioning_status': 'ACTIVE', 'operating_status': 'ONLINE'}]} {{(pid=120656) _update_status_to_octavia /opt/stack/ovn-octavia-provider/ovn_octavia_provider/helper.py:450}}
Apr 09 14:17:19.846229 np0000164522 devstack@o-api.service[120654]: [pid: 120654|app: 0|req: 1/4] 172.18.0.2 () {54 vars in 1269 bytes} [Thu Apr 9 14:17:19 2026] GET /load-balancer/v2.0/lbaas/loadbalancers/e3cbbd7f-61bd-44f3-bbd9-201b1a969f76 => generated 880 bytes in 166 msecs (HTTP/1.1 200) 4 headers in 157 bytes (1 switches on core 0)
Apr 09 14:17:20.925555 np0000164522 devstack@o-api.service[120657]: [pid: 120657|app: 0|req: 2/5] 172.18.0.2 () {54 vars in 1269 bytes} [Thu Apr 9 14:17:20 2026] GET /load-balancer/v2.0/lbaas/loadbalancers/e3cbbd7f-61bd-44f3-bbd9-201b1a969f76 => generated 888 bytes in 58 msecs (HTTP/1.1 200) 4 headers in 157 bytes (1 switches on core 0)
Apr 09 14:17:22.486095 np0000164522 devstack@o-api.service[120655]: [pid: 120655|app: 0|req: 2/6] 172.18.0.2 () {54 vars in 1087 bytes} [Thu Apr 9 14:17:22 2026] GET /load-balancer/ => generated 4776 bytes in 5 msecs (HTTP/1.1 200) 4 headers in 158 bytes (1 switches on core 0)
Apr 09 14:17:22.516341 np0000164522 devstack@o-api.service[120656]: [pid: 120656|app: 0|req: 2/7] 172.18.0.2 () {54 vars in 1277 bytes} [Thu Apr 9 14:17:22 2026] GET /load-balancer/v2.0/lbaas/listeners?name=k8s-clusterapi-cluster-magnum-system-kube-zm4z0-kubeapi-6443 => generated 40 bytes in 25 msecs (HTTP/1.1 200) 4 headers in 156 bytes (1 switches on core 0)
Apr 09 14:17:22.586619 np0000164522 devstack@o-api.service[120654]: DEBUG ovsdbapp.backend.ovs_idl [None req-8de41cb7-b005-4e6a-9118-ee0ff4ffb292 demo demo] Connection already started, not creating indices {{(pid=120654) __init__ /opt/stack/data/venv/lib/python3.12/site-packages/ovsdbapp/backend/ovs_idl/__init__.py:36}}
Apr 09 14:17:22.587305 np0000164522 devstack@o-api.service[120654]: DEBUG octavia.db.repositories [None req-8de41cb7-b005-4e6a-9118-ee0ff4ffb292 demo demo] Checking quota for project: 4b72ed34d72e49e7a8c1f2b3234dd264 object: {{(pid=120654) check_quota_met /opt/stack/octavia/octavia/db/repositories.py:414}}
Apr 09 14:17:22.635073 np0000164522 devstack@o-api.service[120654]: INFO octavia.api.v2.controllers.listener [None req-8de41cb7-b005-4e6a-9118-ee0ff4ffb292 demo demo] Sending create Listener 693ab66a-6dfb-4a81-9e3d-4e43e9cce9bd to provider ovn
Apr 09 14:17:22.635660 np0000164522 devstack@o-api.service[120654]: DEBUG ovn_octavia_provider.helper [-] Handling request listener_create with info {'id': '693ab66a-6dfb-4a81-9e3d-4e43e9cce9bd', 'protocol': 'TCP', 'loadbalancer_id': 'e3cbbd7f-61bd-44f3-bbd9-201b1a969f76', 'protocol_port': 6443, 'default_pool_id': None, 'admin_state_up': True} {{(pid=120654) request_handler /opt/stack/ovn-octavia-provider/ovn_octavia_provider/helper.py:423}}
Apr 09 14:17:22.637272 np0000164522 devstack@o-api.service[120654]: DEBUG ovsdbapp.backend.ovs_idl.transaction [-] Running txn n=1 command(idx=0): DbSetCommand(_result=None, table=Load_Balancer, record=2feeae42-7dc4-4826-b91b-c9165f25fbf1, col_values=(('protocol', 'tcp'),), if_exists=True) {{(pid=120654) do_commit /opt/stack/data/venv/lib/python3.12/site-packages/ovsdbapp/backend/ovs_idl/transaction.py:89}}
Apr 09 14:17:22.648071 np0000164522 devstack@o-api.service[120654]: DEBUG ovsdbapp.backend.ovs_idl.transaction [-] Running txn n=1 command(idx=0): DbSetCommand(_result=None, table=Load_Balancer, record=2feeae42-7dc4-4826-b91b-c9165f25fbf1, col_values=(('external_ids', {'listener_693ab66a-6dfb-4a81-9e3d-4e43e9cce9bd': '6443:'}),), if_exists=True) {{(pid=120654) do_commit /opt/stack/data/venv/lib/python3.12/site-packages/ovsdbapp/backend/ovs_idl/transaction.py:89}}
Apr 09 14:17:22.648334 np0000164522 devstack@o-api.service[120654]: DEBUG ovsdbapp.backend.ovs_idl.transaction [-] Running txn n=1 command(idx=1): DbSetCommand(_result=None, table=Load_Balancer, record=2feeae42-7dc4-4826-b91b-c9165f25fbf1, col_values=(('protocol', 'tcp'),), if_exists=True) {{(pid=120654) do_commit /opt/stack/data/venv/lib/python3.12/site-packages/ovsdbapp/backend/ovs_idl/transaction.py:89}}
Apr 09 14:17:22.648458 np0000164522 devstack@o-api.service[120654]: DEBUG ovsdbapp.backend.ovs_idl.transaction [-] Running txn n=1 command(idx=2): DbClearCommand(_result=None, table=Load_Balancer, record=2feeae42-7dc4-4826-b91b-c9165f25fbf1, column=vips) {{(pid=120654) do_commit /opt/stack/data/venv/lib/python3.12/site-packages/ovsdbapp/backend/ovs_idl/transaction.py:89}}
Apr 09 14:17:22.648613 np0000164522 devstack@o-api.service[120654]: DEBUG ovsdbapp.backend.ovs_idl.transaction [-] Running txn n=1 command(idx=3): DbSetCommand(_result=None, table=Load_Balancer, record=2feeae42-7dc4-4826-b91b-c9165f25fbf1, col_values=(('vips', {}),), if_exists=True) {{(pid=120654) do_commit /opt/stack/data/venv/lib/python3.12/site-packages/ovsdbapp/backend/ovs_idl/transaction.py:89}}
Apr 09 14:17:22.654827 np0000164522 devstack@o-api.service[120654]: DEBUG ovn_octavia_provider.helper [-] Updating status to octavia: {'listeners': [{'id': '693ab66a-6dfb-4a81-9e3d-4e43e9cce9bd', 'provisioning_status': 'ACTIVE', 'operating_status': 'ONLINE'}], 'loadbalancers': [{'id': 'e3cbbd7f-61bd-44f3-bbd9-201b1a969f76', 'provisioning_status': 'ACTIVE'}]} {{(pid=120654) _update_status_to_octavia /opt/stack/ovn-octavia-provider/ovn_octavia_provider/helper.py:450}}
Apr 09 14:17:22.686384 np0000164522 devstack@o-api.service[120654]: [pid: 120654|app: 0|req: 2/8] 172.18.0.2 () {58 vars in 1200 bytes} [Thu Apr 9 14:17:22 2026] POST /load-balancer/v2.0/lbaas/listeners => generated 1065 bytes in 167 msecs (HTTP/1.1 201) 4 headers in 163 bytes (1 switches on core 0)
Apr 09 14:17:22.722512 np0000164522 devstack@o-api.service[120657]: [pid: 120657|app: 0|req: 3/9] 172.18.0.2 () {54 vars in 1269 bytes} [Thu Apr 9 14:17:22 2026] GET /load-balancer/v2.0/lbaas/loadbalancers/e3cbbd7f-61bd-44f3-bbd9-201b1a969f76 => generated 942 bytes in 33 msecs (HTTP/1.1 200) 4 headers in 157 bytes (1 switches on core 0)
Apr 09 14:17:23.754881 np0000164522 devstack@o-api.service[120655]: DEBUG oslo_db.sqlalchemy.engines [None req-26fc1973-2403-43d5-9e37-0d8fed6b5016 demo demo] MySQL server mode set to STRICT_TRANS_TABLES,STRICT_ALL_TABLES,NO_ZERO_IN_DATE,NO_ZERO_DATE,ERROR_FOR_DIVISION_BY_ZERO,TRADITIONAL,NO_ENGINE_SUBSTITUTION {{(pid=120655) _check_effective_sql_mode /opt/stack/data/venv/lib/python3.12/site-packages/oslo_db/sqlalchemy/engines.py:325}}
Apr 09 14:17:23.879389 np0000164522 devstack@o-api.service[120655]: [pid: 120655|app: 0|req: 3/10] 172.18.0.2 () {54 vars in 1269 bytes} [Thu Apr 9 14:17:23 2026] GET /load-balancer/v2.0/lbaas/loadbalancers/e3cbbd7f-61bd-44f3-bbd9-201b1a969f76 => generated 934 bytes in 147 msecs (HTTP/1.1 200) 4 headers in 157 bytes (1 switches on core 0)
Apr 09 14:17:23.926273 np0000164522 devstack@o-api.service[120656]: [pid: 120656|app: 0|req: 3/11] 172.18.0.2 () {54 vars in 1257 bytes} [Thu Apr 9 14:17:23 2026] GET /load-balancer/v2.0/lbaas/listeners/693ab66a-6dfb-4a81-9e3d-4e43e9cce9bd => generated 1073 bytes in 44 msecs (HTTP/1.1 200) 4 headers in 158 bytes (1 switches on core 0)
Apr 09 14:17:23.953662 np0000164522 devstack@o-api.service[120654]: [pid: 120654|app: 0|req: 3/12] 172.18.0.2 () {54 vars in 1265 bytes} [Thu Apr 9 14:17:23 2026] GET /load-balancer/v2.0/lbaas/pools?name=k8s-clusterapi-cluster-magnum-system-kube-zm4z0-kubeapi-6443 => generated 32 bytes in 24 msecs (HTTP/1.1 200) 4 headers in 156 bytes (1 switches on core 0)
Apr 09 14:17:24.035192 np0000164522 devstack@o-api.service[120657]: DEBUG ovsdbapp.backend.ovs_idl [None req-23193f0e-7dec-4641-87c6-2548983ed134 demo demo] Connection already started, not creating indices {{(pid=120657) __init__ /opt/stack/data/venv/lib/python3.12/site-packages/ovsdbapp/backend/ovs_idl/__init__.py:36}}
Apr 09 14:17:24.036052 np0000164522 devstack@o-api.service[120657]: DEBUG octavia.db.repositories [None req-23193f0e-7dec-4641-87c6-2548983ed134 demo demo] Checking quota for project: 4b72ed34d72e49e7a8c1f2b3234dd264 object: {{(pid=120657) check_quota_met /opt/stack/octavia/octavia/db/repositories.py:414}}
Apr 09 14:17:24.093749 np0000164522 devstack@o-api.service[120657]: /opt/stack/octavia/octavia/db/repositories.py:1066: SAWarning: Coercing Subquery object into a select() for use in IN(); please pass a select() construct explicitly
Apr 09 14:17:24.093749 np0000164522 devstack@o-api.service[120657]: filter(models.LoadBalancer.id.in_(lb_subquery)).first())
Apr 09 14:17:24.096784 np0000164522 devstack@o-api.service[120657]: /opt/stack/octavia/octavia/db/repositories.py:1066: SAWarning: SELECT statement has a cartesian product between FROM element(s) "load_balancer" and FROM element "pool". Apply join condition(s) between each element to resolve.
Apr 09 14:17:24.096784 np0000164522 devstack@o-api.service[120657]: filter(models.LoadBalancer.id.in_(lb_subquery)).first())
Apr 09 14:17:24.148050 np0000164522 devstack@o-api.service[120657]: INFO octavia.api.v2.controllers.pool [None req-23193f0e-7dec-4641-87c6-2548983ed134 demo demo] Sending create Pool 9e00dfe0-c6f0-4025-bbe5-8ad1c1cc72b4 to provider ovn
Apr 09 14:17:24.148645 np0000164522 devstack@o-api.service[120657]: DEBUG ovn_octavia_provider.helper [-] Handling request pool_create with info {'id': '9e00dfe0-c6f0-4025-bbe5-8ad1c1cc72b4', 'loadbalancer_id': 'e3cbbd7f-61bd-44f3-bbd9-201b1a969f76', 'protocol': 'TCP', 'lb_algorithm': 'SOURCE_IP_PORT', 'listener_id': '693ab66a-6dfb-4a81-9e3d-4e43e9cce9bd', 'admin_state_up': True, 'session_persistence': None} {{(pid=120657) request_handler /opt/stack/ovn-octavia-provider/ovn_octavia_provider/helper.py:423}}
Apr 09 14:17:24.150426 np0000164522 devstack@o-api.service[120657]: DEBUG ovsdbapp.backend.ovs_idl.transaction [-] Running txn n=1 command(idx=0): DbSetCommand(_result=None, table=Load_Balancer, record=2feeae42-7dc4-4826-b91b-c9165f25fbf1, col_values=(('external_ids', {'enabled': 'True', 'neutron:vip': '192.168.24.63', 'neutron:vip_port_id': 'd8a34a1e-8930-4c3c-b3c4-0165f08796b3', 'lr_ref': 'neutron-db4e6541-ef99-4cf4-bfde-6f763abbf81f', 'ls_refs': '{"neutron-1819d9b3-9529-4170-a6e1-e6850146d753": 1}', 'neutron:vip_fip': '172.24.5.89', 'listener_693ab66a-6dfb-4a81-9e3d-4e43e9cce9bd': '6443:pool_9e00dfe0-c6f0-4025-bbe5-8ad1c1cc72b4', 'pool_9e00dfe0-c6f0-4025-bbe5-8ad1c1cc72b4': ''}),), if_exists=True) {{(pid=120657) do_commit /opt/stack/data/venv/lib/python3.12/site-packages/ovsdbapp/backend/ovs_idl/transaction.py:89}}
Apr 09 14:17:24.161648 np0000164522 devstack@o-api.service[120657]: DEBUG ovn_octavia_provider.helper [-] Updating status to octavia: {'pools': [{'id': '9e00dfe0-c6f0-4025-bbe5-8ad1c1cc72b4', 'provisioning_status': 'ACTIVE', 'operating_status': 'ONLINE'}], 'loadbalancers': [{'id': 'e3cbbd7f-61bd-44f3-bbd9-201b1a969f76', 'provisioning_status': 'ACTIVE'}], 'listeners': [{'id': '693ab66a-6dfb-4a81-9e3d-4e43e9cce9bd', 'provisioning_status': 'ACTIVE'}]} {{(pid=120657) _update_status_to_octavia /opt/stack/ovn-octavia-provider/ovn_octavia_provider/helper.py:450}}
Apr 09 14:17:24.363751 np0000164522 devstack@o-api.service[120657]: [pid: 120657|app: 0|req: 4/13] 172.18.0.2 () {58 vars in 1188 bytes} [Thu Apr 9 14:17:23 2026] POST /load-balancer/v2.0/lbaas/pools => generated 811 bytes in 407 msecs (HTTP/1.1 201) 4 headers in 162 bytes (1 switches on core 0)
Apr 09 14:17:24.416956 np0000164522 devstack@o-api.service[120655]: [pid: 120655|app: 0|req: 4/14] 172.18.0.2 () {54 vars in 1269 bytes} [Thu Apr 9 14:17:24 2026] GET /load-balancer/v2.0/lbaas/loadbalancers/e3cbbd7f-61bd-44f3-bbd9-201b1a969f76 => generated 988 bytes in 50 msecs (HTTP/1.1 200) 4 headers in 157 bytes (1 switches on core 0)
Apr 09 14:17:25.675145 np0000164522 devstack@o-api.service[120656]: [pid: 120656|app: 0|req: 4/15] 172.18.0.2 () {54 vars in 1269 bytes} [Thu Apr 9 14:17:25 2026] GET /load-balancer/v2.0/lbaas/loadbalancers/e3cbbd7f-61bd-44f3-bbd9-201b1a969f76 => generated 980 bytes in 211 msecs (HTTP/1.1 200) 4 headers in 157 bytes (2 switches on core 0)
Apr 09 14:17:25.697961 np0000164522 devstack@o-api.service[120654]: [pid: 120654|app: 0|req: 4/16] 172.18.0.2 () {54 vars in 1292 bytes} [Thu Apr 9 14:17:25 2026] GET /load-balancer/v2.0/lbaas/healthmonitors?name=k8s-clusterapi-cluster-magnum-system-kube-zm4z0-kubeapi-6443 => generated 50 bytes in 20 msecs (HTTP/1.1 200) 4 headers in 156 bytes (1 switches on core 0)
Apr 09 14:17:25.828741 np0000164522 devstack@o-api.service[120657]: DEBUG ovsdbapp.backend.ovs_idl [None req-837567ce-cc8e-41e6-826c-55444b97ac60 demo demo] Connection already started, not creating indices {{(pid=120657) __init__ /opt/stack/data/venv/lib/python3.12/site-packages/ovsdbapp/backend/ovs_idl/__init__.py:36}}
Apr 09 14:17:25.829502 np0000164522 devstack@o-api.service[120657]: DEBUG octavia.db.repositories [None req-837567ce-cc8e-41e6-826c-55444b97ac60 demo demo] Checking quota for project: 4b72ed34d72e49e7a8c1f2b3234dd264 object: {{(pid=120657) check_quota_met /opt/stack/octavia/octavia/db/repositories.py:414}}
Apr 09 14:17:25.885288 np0000164522 devstack@o-api.service[120657]: INFO octavia.api.v2.controllers.health_monitor [None req-837567ce-cc8e-41e6-826c-55444b97ac60 demo demo] Sending create Health Monitor 51ca42dc-86b0-469f-8265-8f3405dadc89 to provider ovn
Apr 09 14:17:25.886333 np0000164522 devstack@o-api.service[120657]: DEBUG ovn_octavia_provider.helper [-] Handling request hm_create with info {'id': '51ca42dc-86b0-469f-8265-8f3405dadc89', 'pool_id': '9e00dfe0-c6f0-4025-bbe5-8ad1c1cc72b4', 'type': 'TCP', 'interval': 10, 'timeout': 5, 'failure_count': 3, 'success_count': 5, 'admin_state_up': True} {{(pid=120657) request_handler /opt/stack/ovn-octavia-provider/ovn_octavia_provider/helper.py:423}}
Apr 09 14:17:25.889095 np0000164522 devstack@o-api.service[120657]: DEBUG ovsdbapp.backend.ovs_idl.transaction [-] Running txn n=1 command(idx=0): DbCreateCommand(_result=None, table=Load_Balancer_Health_Check, columns={'vip': '192.168.24.63:6443', 'options': {'interval': '10', 'timeout': '5', 'success_count': '5', 'failure_count': '3'}, 'external_ids': {'octavia:healthmonitor': '51ca42dc-86b0-469f-8265-8f3405dadc89', 'octavia:pool_id': '9e00dfe0-c6f0-4025-bbe5-8ad1c1cc72b4', 'octavia:vip': '192.168.24.63'}}, row=False) {{(pid=120657) do_commit /opt/stack/data/venv/lib/python3.12/site-packages/ovsdbapp/backend/ovs_idl/transaction.py:89}}
Apr 09 14:17:25.889928 np0000164522 devstack@o-api.service[120657]: DEBUG ovsdbapp.backend.ovs_idl.transaction [-] Running txn n=1 command(idx=1): DbAddCommand(_result=None, table=Load_Balancer, record=2feeae42-7dc4-4826-b91b-c9165f25fbf1, column=health_check, values=(DbCreateCommand(_result=Load_Balancer_Health_Check(uuid=bb5762c0-704c-4574-ab5a-6a2668004de9, external_ids={'octavia:healthmonitor': '51ca42dc-86b0-469f-8265-8f3405dadc89', 'octavia:pool_id': '9e00dfe0-c6f0-4025-bbe5-8ad1c1cc72b4', 'octavia:vip': '192.168.24.63'}, options={'interval': '10', 'timeout': '5', 'success_count': '5', 'failure_count': '3'}, vip=192.168.24.63:6443), table=Load_Balancer_Health_Check, columns={'vip': '192.168.24.63:6443', 'options': {'interval': '10', 'timeout': '5', 'success_count': '5', 'failure_count': '3'}, 'external_ids': {'octavia:healthmonitor': '51ca42dc-86b0-469f-8265-8f3405dadc89', 'octavia:pool_id': '9e00dfe0-c6f0-4025-bbe5-8ad1c1cc72b4', 'octavia:vip': '192.168.24.63'}}, row=False),)) {{(pid=120657) do_commit /opt/stack/data/venv/lib/python3.12/site-packages/ovsdbapp/backend/ovs_idl/transaction.py:89}}
Apr 09 14:17:25.890825 np0000164522 devstack@o-api.service[120657]: DEBUG ovsdbapp.backend.ovs_idl.transaction [-] Running txn n=1 command(idx=2): DbSetCommand(_result=None, table=Load_Balancer, record=2feeae42-7dc4-4826-b91b-c9165f25fbf1, col_values=(('external_ids', {'octavia:healthmonitors': '["51ca42dc-86b0-469f-8265-8f3405dadc89"]'}),), if_exists=True) {{(pid=120657) do_commit /opt/stack/data/venv/lib/python3.12/site-packages/ovsdbapp/backend/ovs_idl/transaction.py:89}}
Apr 09 14:17:25.891397 np0000164522 devstack@o-api.service[120657]: DEBUG ovsdbapp.backend.ovs_idl.transaction [-] Running txn n=1 command(idx=3): DbCreateCommand(_result=None, table=Load_Balancer_Health_Check, columns={'vip': '172.24.5.89:6443', 'options': {'interval': '10', 'timeout': '5', 'success_count': '5', 'failure_count': '3'}, 'external_ids': {'octavia:healthmonitor': '51ca42dc-86b0-469f-8265-8f3405dadc89', 'octavia:pool_id': '9e00dfe0-c6f0-4025-bbe5-8ad1c1cc72b4', 'octavia:vip': '172.24.5.89'}}, row=False) {{(pid=120657) do_commit /opt/stack/data/venv/lib/python3.12/site-packages/ovsdbapp/backend/ovs_idl/transaction.py:89}}
Apr 09 14:17:25.891966 np0000164522 devstack@o-api.service[120657]: DEBUG ovsdbapp.backend.ovs_idl.transaction [-] Running txn n=1 command(idx=4): DbAddCommand(_result=None, table=Load_Balancer, record=2feeae42-7dc4-4826-b91b-c9165f25fbf1, column=health_check, values=(DbCreateCommand(_result=Load_Balancer_Health_Check(uuid=5648d0aa-e153-407a-b23b-cd0b6e6d6537, external_ids={'octavia:healthmonitor': '51ca42dc-86b0-469f-8265-8f3405dadc89', 'octavia:pool_id': '9e00dfe0-c6f0-4025-bbe5-8ad1c1cc72b4', 'octavia:vip': '172.24.5.89'}, options={'interval': '10', 'timeout': '5', 'success_count': '5', 'failure_count': '3'}, vip=172.24.5.89:6443), table=Load_Balancer_Health_Check, columns={'vip': '172.24.5.89:6443', 'options': {'interval': '10', 'timeout': '5', 'success_count': '5', 'failure_count': '3'}, 'external_ids': {'octavia:healthmonitor': '51ca42dc-86b0-469f-8265-8f3405dadc89', 'octavia:pool_id': '9e00dfe0-c6f0-4025-bbe5-8ad1c1cc72b4', 'octavia:vip': '172.24.5.89'}}, row=False),)) {{(pid=120657) do_commit /opt/stack/data/venv/lib/python3.12/site-packages/ovsdbapp/backend/ovs_idl/transaction.py:89}}
Apr 09 14:17:25.901770 np0000164522 devstack@o-api.service[120657]: DEBUG ovn_octavia_provider.helper [-] no member status on external_ids: None {{(pid=120657) _get_current_operating_statuses /opt/stack/ovn-octavia-provider/ovn_octavia_provider/helper.py:4210}}
Apr 09 14:17:25.966496 np0000164522 devstack@o-api.service[120657]: [pid: 120657|app: 0|req: 5/17] 172.18.0.2 () {58 vars in 1215 bytes} [Thu Apr 9 14:17:25 2026] POST /load-balancer/v2.0/lbaas/healthmonitors => generated 649 bytes in 266 msecs (HTTP/1.1 201) 4 headers in 162 bytes (1 switches on core 0)
Apr 09 14:17:26.016096 np0000164522 devstack@o-api.service[120655]: [pid: 120655|app: 0|req: 5/18] 172.18.0.2 () {54 vars in 1269 bytes} [Thu Apr 9 14:17:25 2026] GET /load-balancer/v2.0/lbaas/loadbalancers/e3cbbd7f-61bd-44f3-bbd9-201b1a969f76 => generated 988 bytes in 47 msecs (HTTP/1.1 200) 4 headers in 157 bytes (1 switches on core 0)
Apr 09 14:17:26.141340 np0000164522 devstack@o-api.service[120657]: DEBUG ovn_octavia_provider.helper [-] Updating status to octavia: {'loadbalancers': [{'id': 'e3cbbd7f-61bd-44f3-bbd9-201b1a969f76', 'provisioning_status': 'ACTIVE', 'operating_status': 'ONLINE'}], 'listeners': [{'id': '693ab66a-6dfb-4a81-9e3d-4e43e9cce9bd', 'provisioning_status': 'ACTIVE', 'operating_status': 'ONLINE'}], 'pools': [{'id': '9e00dfe0-c6f0-4025-bbe5-8ad1c1cc72b4', 'provisioning_status': 'ACTIVE', 'operating_status': 'OFFLINE'}], 'members': [], 'healthmonitors': [{'id': '51ca42dc-86b0-469f-8265-8f3405dadc89', 'provisioning_status': 'ACTIVE', 'operating_status': 'ONLINE'}]} {{(pid=120657) _update_status_to_octavia /opt/stack/ovn-octavia-provider/ovn_octavia_provider/helper.py:450}}
Apr 09 14:17:27.072303 np0000164522 devstack@o-api.service[120656]: [pid: 120656|app: 0|req: 5/19] 172.18.0.2 () {54 vars in 1269 bytes} [Thu Apr 9 14:17:27 2026] GET /load-balancer/v2.0/lbaas/loadbalancers/e3cbbd7f-61bd-44f3-bbd9-201b1a969f76 => generated 980 bytes in 50 msecs (HTTP/1.1 200) 4 headers in 157 bytes (1 switches on core 0)
Apr 09 14:17:28.485968 np0000164522 devstack@o-api.service[120654]: [pid: 120654|app: 0|req: 5/20] 172.18.0.2 () {54 vars in 1279 bytes} [Thu Apr 9 14:17:28 2026] GET /load-balancer/v2.0/lbaas/loadbalancers?name=k8s-clusterapi-cluster-magnum-system-kube-zm4z0-kubeapi => generated 1010 bytes in 282 msecs (HTTP/1.1 200) 4 headers in 158 bytes (1 switches on core 0)
Apr 09 14:17:28.598834 np0000164522 devstack@o-api.service[120657]: [pid: 120657|app: 0|req: 6/21] 172.18.0.2 () {54 vars in 1087 bytes} [Thu Apr 9 14:17:28 2026] GET /load-balancer/ => generated 4776 bytes in 4 msecs (HTTP/1.1 200) 4 headers in 158 bytes (1 switches on core 0)
Apr 09 14:17:28.641698 np0000164522 devstack@o-api.service[120655]: [pid: 120655|app: 0|req: 6/22] 172.18.0.2 () {54 vars in 1277 bytes} [Thu Apr 9 14:17:28 2026] GET /load-balancer/v2.0/lbaas/listeners?name=k8s-clusterapi-cluster-magnum-system-kube-zm4z0-kubeapi-6443 => generated 1133 bytes in 39 msecs (HTTP/1.1 200) 4 headers in 158 bytes (1 switches on core 0)
Apr 09 14:17:28.704089 np0000164522 devstack@o-api.service[120656]: [pid: 120656|app: 0|req: 6/23] 172.18.0.2 () {54 vars in 1265 bytes} [Thu Apr 9 14:17:28 2026] GET /load-balancer/v2.0/lbaas/pools?name=k8s-clusterapi-cluster-magnum-system-kube-zm4z0-kubeapi-6443 => generated 902 bytes in 60 msecs (HTTP/1.1 200) 4 headers in 157 bytes (1 switches on core 0)
Apr 09 14:17:28.740884 np0000164522 devstack@o-api.service[120654]: [pid: 120654|app: 0|req: 6/24] 172.18.0.2 () {54 vars in 1292 bytes} [Thu Apr 9 14:17:28 2026] GET /load-balancer/v2.0/lbaas/healthmonitors?name=k8s-clusterapi-cluster-magnum-system-kube-zm4z0-kubeapi-6443 => generated 688 bytes in 35 msecs (HTTP/1.1 200) 4 headers in 157 bytes (1 switches on core 0)
Apr 09 14:17:29.497672 np0000164522 devstack@o-api.service[120657]: [pid: 120657|app: 0|req: 7/25] 172.18.0.2 () {54 vars in 1279 bytes} [Thu Apr 9 14:17:29 2026] GET /load-balancer/v2.0/lbaas/loadbalancers?name=k8s-clusterapi-cluster-magnum-system-kube-zm4z0-kubeapi => generated 1010 bytes in 52 msecs (HTTP/1.1 200) 4 headers in 158 bytes (1 switches on core 0)
Apr 09 14:17:29.606227 np0000164522 devstack@o-api.service[120655]: [pid: 120655|app: 0|req: 7/26] 172.18.0.2 () {54 vars in 1087 bytes} [Thu Apr 9 14:17:29 2026] GET /load-balancer/ => generated 4776 bytes in 3 msecs (HTTP/1.1 200) 4 headers in 158 bytes (1 switches on core 0)
Apr 09 14:17:29.663133 np0000164522 devstack@o-api.service[120656]: [pid: 120656|app: 0|req: 7/27] 172.18.0.2 () {54 vars in 1277 bytes} [Thu Apr 9 14:17:29 2026] GET /load-balancer/v2.0/lbaas/listeners?name=k8s-clusterapi-cluster-magnum-system-kube-zm4z0-kubeapi-6443 => generated 1133 bytes in 55 msecs (HTTP/1.1 200) 4 headers in 158 bytes (1 switches on core 0)
Apr 09 14:17:29.731045 np0000164522 devstack@o-api.service[120654]: [pid: 120654|app: 0|req: 7/28] 172.18.0.2 () {54 vars in 1265 bytes} [Thu Apr 9 14:17:29 2026] GET /load-balancer/v2.0/lbaas/pools?name=k8s-clusterapi-cluster-magnum-system-kube-zm4z0-kubeapi-6443 => generated 902 bytes in 64 msecs (HTTP/1.1 200) 4 headers in 157 bytes (1 switches on core 0)
Apr 09 14:17:29.764212 np0000164522 devstack@o-api.service[120657]: [pid: 120657|app: 0|req: 8/29] 172.18.0.2 () {54 vars in 1292 bytes} [Thu Apr 9 14:17:29 2026] GET /load-balancer/v2.0/lbaas/healthmonitors?name=k8s-clusterapi-cluster-magnum-system-kube-zm4z0-kubeapi-6443 => generated 688 bytes in 29 msecs (HTTP/1.1 200) 4 headers in 157 bytes (1 switches on core 0)
Apr 09 14:18:48.421848 np0000164522 devstack@o-api.service[120655]: [pid: 120655|app: 0|req: 8/30] 172.18.0.2 () {54 vars in 1265 bytes} [Thu Apr 9 14:18:48 2026] GET /load-balancer/v2.0/lbaas/pools?name=k8s-clusterapi-cluster-magnum-system-kube-zm4z0-kubeapi-6443 => generated 902 bytes in 46 msecs (HTTP/1.1 200) 4 headers in 157 bytes (1 switches on core 0)
Apr 09 14:18:48.499803 np0000164522 devstack@o-api.service[120656]: [pid: 120656|app: 0|req: 8/31] 172.18.0.2 () {54 vars in 1446 bytes} [Thu Apr 9 14:18:48 2026] GET /load-balancer/v2.0/lbaas/pools/9e00dfe0-c6f0-4025-bbe5-8ad1c1cc72b4/members?name=k8s-clusterapi-cluster-magnum-system-kube-zm4z0-kubeapi-6443-kube-zm4z0-klx6t-hn7qr => generated 36 bytes in 74 msecs (HTTP/1.1 200) 4 headers in 156 bytes (1 switches on core 0)
Apr 09 14:18:48.556181 np0000164522 devstack@o-api.service[120654]: [pid: 120654|app: 0|req: 8/32] 172.18.0.2 () {54 vars in 1269 bytes} [Thu Apr 9 14:18:48 2026] GET /load-balancer/v2.0/lbaas/loadbalancers/e3cbbd7f-61bd-44f3-bbd9-201b1a969f76 => generated 980 bytes in 54 msecs (HTTP/1.1 200) 4 headers in 157 bytes (1 switches on core 0)
Apr 09 14:18:48.693265 np0000164522 devstack@o-api.service[120657]: DEBUG ovsdbapp.backend.ovs_idl [None req-f80a44bd-9c3a-44b5-93da-ab6fb18bb802 demo demo] Connection already started, not creating indices {{(pid=120657) __init__ /opt/stack/data/venv/lib/python3.12/site-packages/ovsdbapp/backend/ovs_idl/__init__.py:36}}
Apr 09 14:18:48.694020 np0000164522 devstack@o-api.service[120657]: DEBUG octavia.db.repositories [None req-f80a44bd-9c3a-44b5-93da-ab6fb18bb802 demo demo] Checking quota for project: 4b72ed34d72e49e7a8c1f2b3234dd264 object: {{(pid=120657) check_quota_met /opt/stack/octavia/octavia/db/repositories.py:414}}
Apr 09 14:18:48.752961 np0000164522 devstack@o-api.service[120657]: INFO octavia.api.v2.controllers.member [None req-f80a44bd-9c3a-44b5-93da-ab6fb18bb802 demo demo] Sending create Member e185f07b-fa5b-4fd4-9bfa-59ce7b01abc0 to provider ovn
Apr 09 14:18:49.339819 np0000164522 devstack@o-api.service[120657]: DEBUG ovn_octavia_provider.helper [-] Handling request member_create with info [{'id': 'e185f07b-fa5b-4fd4-9bfa-59ce7b01abc0', 'address': '192.168.24.223', 'protocol_port': 6443, 'pool_id': '9e00dfe0-c6f0-4025-bbe5-8ad1c1cc72b4', 'subnet_id': '8544c686-428d-45f9-bbc4-57644a0b9fff', 'admin_state_up': True}] {{(pid=120657) request_handler /opt/stack/ovn-octavia-provider/ovn_octavia_provider/helper.py:423}}
Apr 09 14:18:49.340452 np0000164522 devstack@o-api.service[120657]: DEBUG ovn_octavia_provider.helper [-] no member status on external_ids: None {{(pid=120657) _find_member_status /opt/stack/ovn-octavia-provider/ovn_octavia_provider/helper.py:2552}}
Apr 09 14:18:49.341234 np0000164522 devstack@o-api.service[120657]: DEBUG ovsdbapp.backend.ovs_idl.transaction [-] Running txn n=1 command(idx=0): DbSetCommand(_result=None, table=Load_Balancer, record=2feeae42-7dc4-4826-b91b-c9165f25fbf1, col_values=(('external_ids', {'pool_9e00dfe0-c6f0-4025-bbe5-8ad1c1cc72b4': 'member_e185f07b-fa5b-4fd4-9bfa-59ce7b01abc0_192.168.24.223:6443_8544c686-428d-45f9-bbc4-57644a0b9fff'}),), if_exists=True) {{(pid=120657) do_commit /opt/stack/data/venv/lib/python3.12/site-packages/ovsdbapp/backend/ovs_idl/transaction.py:89}}
Apr 09 14:18:49.341885 np0000164522 devstack@o-api.service[120657]: DEBUG ovsdbapp.backend.ovs_idl.transaction [-] Running txn n=1 command(idx=1): DbClearCommand(_result=None, table=Load_Balancer, record=2feeae42-7dc4-4826-b91b-c9165f25fbf1, column=vips) {{(pid=120657) do_commit /opt/stack/data/venv/lib/python3.12/site-packages/ovsdbapp/backend/ovs_idl/transaction.py:89}}
Apr 09 14:18:49.342145 np0000164522 devstack@o-api.service[120657]: DEBUG ovsdbapp.backend.ovs_idl.transaction [-] Running txn n=1 command(idx=2): DbSetCommand(_result=None, table=Load_Balancer, record=2feeae42-7dc4-4826-b91b-c9165f25fbf1, col_values=(('vips', {'192.168.24.63:6443': '192.168.24.223:6443', '172.24.5.89:6443': '192.168.24.223:6443'}),), if_exists=True) {{(pid=120657) do_commit /opt/stack/data/venv/lib/python3.12/site-packages/ovsdbapp/backend/ovs_idl/transaction.py:89}}
Apr 09 14:18:49.396551 np0000164522 devstack@o-api.service[120657]: DEBUG ovsdbapp.backend.ovs_idl.transaction [-] Running txn n=1 command(idx=0): DbSetCommand(_result=None, table=Load_Balancer, record=2feeae42-7dc4-4826-b91b-c9165f25fbf1, col_values=(('external_ids', {'ls_refs': '{"neutron-1819d9b3-9529-4170-a6e1-e6850146d753": 2}'}),), if_exists=True) {{(pid=120657) do_commit /opt/stack/data/venv/lib/python3.12/site-packages/ovsdbapp/backend/ovs_idl/transaction.py:89}}
Apr 09 14:18:49.428411 np0000164522 devstack@o-api.service[120657]: [pid: 120657|app: 0|req: 9/33] 172.18.0.2 () {58 vars in 1323 bytes} [Thu Apr 9 14:18:48 2026] POST /load-balancer/v2.0/lbaas/pools/9e00dfe0-c6f0-4025-bbe5-8ad1c1cc72b4/members => generated 588 bytes in 870 msecs (HTTP/1.1 201) 4 headers in 162 bytes (1 switches on core 0)
Apr 09 14:18:49.449110 np0000164522 devstack@o-api.service[120657]: DEBUG ovsdbapp.backend.ovs_idl.transaction [-] Running txn n=1 command(idx=0): LrLbAddCommand(_result=None, router=7e2e70bc-168f-4823-b059-014273651680, lb=2feeae42-7dc4-4826-b91b-c9165f25fbf1, may_exist=True) {{(pid=120657) do_commit /opt/stack/data/venv/lib/python3.12/site-packages/ovsdbapp/backend/ovs_idl/transaction.py:89}}
Apr 09 14:18:49.449417 np0000164522 devstack@o-api.service[120657]: DEBUG ovsdbapp.backend.ovs_idl.transaction [-] Running txn n=1 command(idx=1): LsLbAddCommand(_result=None, switch=neutron-1819d9b3-9529-4170-a6e1-e6850146d753, lb=2feeae42-7dc4-4826-b91b-c9165f25fbf1, may_exist=True) {{(pid=120657) do_commit /opt/stack/data/venv/lib/python3.12/site-packages/ovsdbapp/backend/ovs_idl/transaction.py:89}}
Apr 09 14:18:49.449735 np0000164522 devstack@o-api.service[120657]: DEBUG ovsdbapp.backend.ovs_idl.transaction [-] Transaction caused no change {{(pid=120657) do_commit /opt/stack/data/venv/lib/python3.12/site-packages/ovsdbapp/backend/ovs_idl/transaction.py:129}}
Apr 09 14:18:49.478753 np0000164522 devstack@o-api.service[120655]: [pid: 120655|app: 0|req: 9/34] 172.18.0.2 () {54 vars in 1269 bytes} [Thu Apr 9 14:18:49 2026] GET /load-balancer/v2.0/lbaas/loadbalancers/e3cbbd7f-61bd-44f3-bbd9-201b1a969f76 => generated 988 bytes in 48 msecs (HTTP/1.1 200) 4 headers in 157 bytes (1 switches on core 0)
Apr 09 14:18:49.937422 np0000164522 devstack@o-api.service[120657]: DEBUG ovsdbapp.backend.ovs_idl.transaction [-] Running txn n=1 command(idx=0): AddBackendToIPPortMapping(_result=None, lb=2feeae42-7dc4-4826-b91b-c9165f25fbf1, backend_ip=192.168.24.223, port_name=26670173-541b-47d9-a742-29baf2b88db8, src_ip=192.168.24.60) {{(pid=120657) do_commit /opt/stack/data/venv/lib/python3.12/site-packages/ovsdbapp/backend/ovs_idl/transaction.py:89}}
Apr 09 14:18:49.941827 np0000164522 devstack@o-api.service[120657]: DEBUG ovn_octavia_provider.helper [-] no member status on external_ids: None {{(pid=120657) _update_external_ids_member_status /opt/stack/ovn-octavia-provider/ovn_octavia_provider/helper.py:2584}}
Apr 09 14:18:49.945556 np0000164522 devstack@o-api.service[120657]: DEBUG ovsdbapp.backend.ovs_idl.transaction [-] Running txn n=1 command(idx=0): DbSetCommand(_result=None, table=Load_Balancer, record=2feeae42-7dc4-4826-b91b-c9165f25fbf1, col_values=(('external_ids', {'neutron:member_status': '{"e185f07b-fa5b-4fd4-9bfa-59ce7b01abc0": "ONLINE"}'}),), if_exists=True) {{(pid=120657) do_commit /opt/stack/data/venv/lib/python3.12/site-packages/ovsdbapp/backend/ovs_idl/transaction.py:89}}
Apr 09 14:18:50.233968 np0000164522 devstack@o-api.service[120657]: DEBUG ovn_octavia_provider.helper [-] Updating status to octavia: {'loadbalancers': [{'id': 'e3cbbd7f-61bd-44f3-bbd9-201b1a969f76', 'provisioning_status': 'ACTIVE', 'operating_status': 'ONLINE'}], 'listeners': [{'id': '693ab66a-6dfb-4a81-9e3d-4e43e9cce9bd', 'provisioning_status': 'ACTIVE', 'operating_status': 'ONLINE'}], 'pools': [{'id': '9e00dfe0-c6f0-4025-bbe5-8ad1c1cc72b4', 'provisioning_status': 'ACTIVE', 'operating_status': 'ONLINE'}], 'members': [{'id': 'e185f07b-fa5b-4fd4-9bfa-59ce7b01abc0', 'provisioning_status': 'ACTIVE', 'operating_status': 'ONLINE'}]} {{(pid=120657) _update_status_to_octavia /opt/stack/ovn-octavia-provider/ovn_octavia_provider/helper.py:450}}
Apr 09 14:18:50.540368 np0000164522 devstack@o-api.service[120656]: [pid: 120656|app: 0|req: 9/35] 172.18.0.2 () {54 vars in 1269 bytes} [Thu Apr 9 14:18:50 2026] GET /load-balancer/v2.0/lbaas/loadbalancers/e3cbbd7f-61bd-44f3-bbd9-201b1a969f76 => generated 988 bytes in 51 msecs (HTTP/1.1 200) 4 headers in 157 bytes (1 switches on core 0)
Apr 09 14:18:50.564330 np0000164522 devstack@o-api.service[120657]: DEBUG ovn_octavia_provider.helper [-] Handling request handle_member_dvr with info [{'id': 'e185f07b-fa5b-4fd4-9bfa-59ce7b01abc0', 'address': '192.168.24.223', 'pool_id': '9e00dfe0-c6f0-4025-bbe5-8ad1c1cc72b4', 'subnet_id': '8544c686-428d-45f9-bbc4-57644a0b9fff', 'action': 'member_added'}] {{(pid=120657) request_handler /opt/stack/ovn-octavia-provider/ovn_octavia_provider/helper.py:423}}
Apr 09 14:18:50.605427 np0000164522 devstack@o-api.service[120657]: DEBUG ovn_octavia_provider.helper [-] Member e185f07b-fa5b-4fd4-9bfa-59ce7b01abc0 has no FIP assigned. There is no need to modify its NAT. {{(pid=120657) handle_member_dvr /opt/stack/ovn-octavia-provider/ovn_octavia_provider/helper.py:3275}}
Apr 09 14:18:51.891881 np0000164522 devstack@o-api.service[120654]: [pid: 120654|app: 0|req: 9/36] 172.18.0.2 () {54 vars in 1269 bytes} [Thu Apr 9 14:18:51 2026] GET /load-balancer/v2.0/lbaas/loadbalancers/e3cbbd7f-61bd-44f3-bbd9-201b1a969f76 => generated 980 bytes in 49 msecs (HTTP/1.1 200) 4 headers in 157 bytes (1 switches on core 0)
Apr 09 14:18:52.319371 np0000164522 devstack@o-api.service[120657]: [pid: 120657|app: 0|req: 10/37] 172.18.0.2 () {54 vars in 1265 bytes} [Thu Apr 9 14:18:52 2026] GET /load-balancer/v2.0/lbaas/pools?name=k8s-clusterapi-cluster-magnum-system-kube-zm4z0-kubeapi-6443 => generated 947 bytes in 69 msecs (HTTP/1.1 200) 4 headers in 157 bytes (1 switches on core 0)
Apr 09 14:18:52.538422 np0000164522 devstack@o-api.service[120655]: [pid: 120655|app: 0|req: 10/38] 172.18.0.2 () {54 vars in 1446 bytes} [Thu Apr 9 14:18:52 2026] GET /load-balancer/v2.0/lbaas/pools/9e00dfe0-c6f0-4025-bbe5-8ad1c1cc72b4/members?name=k8s-clusterapi-cluster-magnum-system-kube-zm4z0-kubeapi-6443-kube-zm4z0-klx6t-hn7qr => generated 620 bytes in 216 msecs (HTTP/1.1 200) 4 headers in 157 bytes (1 switches on core 0)
Apr 09 14:18:52.968075 np0000164522 devstack@o-api.service[120656]: [pid: 120656|app: 0|req: 10/39] 172.18.0.2 () {54 vars in 1265 bytes} [Thu Apr 9 14:18:52 2026] GET /load-balancer/v2.0/lbaas/pools?name=k8s-clusterapi-cluster-magnum-system-kube-zm4z0-kubeapi-6443 => generated 947 bytes in 46 msecs (HTTP/1.1 200) 4 headers in 157 bytes (1 switches on core 0)
Apr 09 14:18:53.092384 np0000164522 devstack@o-api.service[120654]: [pid: 120654|app: 0|req: 10/40] 172.18.0.2 () {54 vars in 1446 bytes} [Thu Apr 9 14:18:52 2026] GET /load-balancer/v2.0/lbaas/pools/9e00dfe0-c6f0-4025-bbe5-8ad1c1cc72b4/members?name=k8s-clusterapi-cluster-magnum-system-kube-zm4z0-kubeapi-6443-kube-zm4z0-klx6t-hn7qr => generated 620 bytes in 120 msecs (HTTP/1.1 200) 4 headers in 157 bytes (1 switches on core 0)
Apr 09 14:21:53.868600 np0000164522 devstack@o-api.service[120657]: [pid: 120657|app: 0|req: 11/41] 172.18.0.2 () {54 vars in 1265 bytes} [Thu Apr 9 14:21:53 2026] GET /load-balancer/v2.0/lbaas/pools?name=k8s-clusterapi-cluster-magnum-system-kube-zm4z0-kubeapi-6443 => generated 947 bytes in 49 msecs (HTTP/1.1 200) 4 headers in 157 bytes (1 switches on core 0)
Apr 09 14:21:53.960905 np0000164522 devstack@o-api.service[120655]: [pid: 120655|app: 0|req: 11/42] 172.18.0.2 () {54 vars in 1446 bytes} [Thu Apr 9 14:21:53 2026] GET /load-balancer/v2.0/lbaas/pools/9e00dfe0-c6f0-4025-bbe5-8ad1c1cc72b4/members?name=k8s-clusterapi-cluster-magnum-system-kube-zm4z0-kubeapi-6443-kube-zm4z0-klx6t-hn7qr => generated 620 bytes in 86 msecs (HTTP/1.1 200) 4 headers in 157 bytes (1 switches on core 0)
Apr 09 14:21:54.354649 np0000164522 devstack@o-api.service[120656]: [pid: 120656|app: 0|req: 11/43] 172.18.0.2 () {54 vars in 1265 bytes} [Thu Apr 9 14:21:54 2026] GET /load-balancer/v2.0/lbaas/pools?name=k8s-clusterapi-cluster-magnum-system-kube-zm4z0-kubeapi-6443 => generated 947 bytes in 44 msecs (HTTP/1.1 200) 4 headers in 157 bytes (1 switches on core 0)
Apr 09 14:21:54.437224 np0000164522 devstack@o-api.service[120654]: [pid: 120654|app: 0|req: 11/44] 172.18.0.2 () {54 vars in 1446 bytes} [Thu Apr 9 14:21:54 2026] GET /load-balancer/v2.0/lbaas/pools/9e00dfe0-c6f0-4025-bbe5-8ad1c1cc72b4/members?name=k8s-clusterapi-cluster-magnum-system-kube-zm4z0-kubeapi-6443-kube-zm4z0-klx6t-hn7qr => generated 620 bytes in 79 msecs (HTTP/1.1 200) 4 headers in 157 bytes (1 switches on core 0)
Apr 09 14:22:46.861217 np0000164522 devstack@o-api.service[120657]: [pid: 120657|app: 0|req: 12/45] 172.24.5.73 () {54 vars in 1092 bytes} [Thu Apr 9 14:22:46 2026] GET /load-balancer/ => generated 4776 bytes in 3 msecs (HTTP/1.1 200) 4 headers in 158 bytes (1 switches on core 0)
Apr 09 14:22:48.031752 np0000164522 devstack@o-api.service[120655]: [pid: 120655|app: 0|req: 12/46] 172.18.0.2 () {54 vars in 1265 bytes} [Thu Apr 9 14:22:47 2026] GET /load-balancer/v2.0/lbaas/pools?name=k8s-clusterapi-cluster-magnum-system-kube-zm4z0-kubeapi-6443 => generated 947 bytes in 47 msecs (HTTP/1.1 200) 4 headers in 157 bytes (1 switches on core 0)
Apr 09 14:22:48.111812 np0000164522 devstack@o-api.service[120656]: [pid: 120656|app: 0|req: 12/47] 172.18.0.2 () {54 vars in 1446 bytes} [Thu Apr 9 14:22:48 2026] GET /load-balancer/v2.0/lbaas/pools/9e00dfe0-c6f0-4025-bbe5-8ad1c1cc72b4/members?name=k8s-clusterapi-cluster-magnum-system-kube-zm4z0-kubeapi-6443-kube-zm4z0-klx6t-hn7qr => generated 620 bytes in 78 msecs (HTTP/1.1 200) 4 headers in 157 bytes (1 switches on core 0)
Apr 09 14:22:48.570539 np0000164522 devstack@o-api.service[120654]: [pid: 120654|app: 0|req: 12/48] 172.18.0.2 () {54 vars in 1265 bytes} [Thu Apr 9 14:22:48 2026] GET /load-balancer/v2.0/lbaas/pools?name=k8s-clusterapi-cluster-magnum-system-kube-zm4z0-kubeapi-6443 => generated 947 bytes in 42 msecs (HTTP/1.1 200) 4 headers in 157 bytes (1 switches on core 0)
Apr 09 14:22:48.675945 np0000164522 devstack@o-api.service[120657]: [pid: 120657|app: 0|req: 13/49] 172.18.0.2 () {54 vars in 1446 bytes} [Thu Apr 9 14:22:48 2026] GET /load-balancer/v2.0/lbaas/pools/9e00dfe0-c6f0-4025-bbe5-8ad1c1cc72b4/members?name=k8s-clusterapi-cluster-magnum-system-kube-zm4z0-kubeapi-6443-kube-zm4z0-klx6t-hn7qr => generated 620 bytes in 103 msecs (HTTP/1.1 200) 4 headers in 157 bytes (1 switches on core 0)
Apr 09 14:22:48.993655 np0000164522 devstack@o-api.service[120655]: [pid: 120655|app: 0|req: 13/50] 172.18.0.2 () {54 vars in 1265 bytes} [Thu Apr 9 14:22:48 2026] GET /load-balancer/v2.0/lbaas/pools?name=k8s-clusterapi-cluster-magnum-system-kube-zm4z0-kubeapi-6443 => generated 947 bytes in 49 msecs (HTTP/1.1 200) 4 headers in 157 bytes (1 switches on core 0)
Apr 09 14:22:49.075173 np0000164522 devstack@o-api.service[120656]: [pid: 120656|app: 0|req: 13/51] 172.18.0.2 () {54 vars in 1446 bytes} [Thu Apr 9 14:22:48 2026] GET /load-balancer/v2.0/lbaas/pools/9e00dfe0-c6f0-4025-bbe5-8ad1c1cc72b4/members?name=k8s-clusterapi-cluster-magnum-system-kube-zm4z0-kubeapi-6443-kube-zm4z0-klx6t-hn7qr => generated 620 bytes in 78 msecs (HTTP/1.1 200) 4 headers in 157 bytes (2 switches on core 0)
Apr 09 14:23:14.010244 np0000164522 devstack@o-api.service[120654]: [pid: 120654|app: 0|req: 13/52] 172.18.0.2 () {54 vars in 1265 bytes} [Thu Apr 9 14:23:13 2026] GET /load-balancer/v2.0/lbaas/pools?name=k8s-clusterapi-cluster-magnum-system-kube-zm4z0-kubeapi-6443 => generated 947 bytes in 38 msecs (HTTP/1.1 200) 4 headers in 157 bytes (1 switches on core 0)
Apr 09 14:23:14.082498 np0000164522 devstack@o-api.service[120657]: [pid: 120657|app: 0|req: 14/53] 172.18.0.2 () {54 vars in 1446 bytes} [Thu Apr 9 14:23:14 2026] GET /load-balancer/v2.0/lbaas/pools/9e00dfe0-c6f0-4025-bbe5-8ad1c1cc72b4/members?name=k8s-clusterapi-cluster-magnum-system-kube-zm4z0-kubeapi-6443-kube-zm4z0-klx6t-hn7qr => generated 620 bytes in 70 msecs (HTTP/1.1 200) 4 headers in 157 bytes (1 switches on core 0)
Apr 09 14:27:02.686707 np0000164522 devstack@o-api.service[120655]: [pid: 120655|app: 0|req: 14/54] 172.18.0.2 () {54 vars in 1265 bytes} [Thu Apr 9 14:27:02 2026] GET /load-balancer/v2.0/lbaas/pools?name=k8s-clusterapi-cluster-magnum-system-kube-zm4z0-kubeapi-6443 => generated 947 bytes in 41 msecs (HTTP/1.1 200) 4 headers in 157 bytes (1 switches on core 0)
Apr 09 14:27:02.751037 np0000164522 devstack@o-api.service[120656]: [pid: 120656|app: 0|req: 14/55] 172.18.0.2 () {54 vars in 1446 bytes} [Thu Apr 9 14:27:02 2026] GET /load-balancer/v2.0/lbaas/pools/9e00dfe0-c6f0-4025-bbe5-8ad1c1cc72b4/members?name=k8s-clusterapi-cluster-magnum-system-kube-zm4z0-kubeapi-6443-kube-zm4z0-klx6t-hn7qr => generated 620 bytes in 62 msecs (HTTP/1.1 200) 4 headers in 157 bytes (1 switches on core 0)
Apr 09 14:27:33.489619 np0000164522 devstack@o-api.service[120654]: [pid: 120654|app: 0|req: 14/56] 172.18.0.2 () {54 vars in 1279 bytes} [Thu Apr 9 14:27:33 2026] GET /load-balancer/v2.0/lbaas/loadbalancers?name=k8s-clusterapi-cluster-magnum-system-kube-zm4z0-kubeapi => generated 1010 bytes in 30 msecs (HTTP/1.1 200) 4 headers in 158 bytes (1 switches on core 0)
Apr 09 14:27:33.573002 np0000164522 devstack@o-api.service[120657]: [pid: 120657|app: 0|req: 15/57] 172.18.0.2 () {54 vars in 1087 bytes} [Thu Apr 9 14:27:33 2026] GET /load-balancer/ => generated 4776 bytes in 5 msecs (HTTP/1.1 200) 4 headers in 158 bytes (2 switches on core 0)
Apr 09 14:27:33.607982 np0000164522 devstack@o-api.service[120655]: [pid: 120655|app: 0|req: 15/58] 172.18.0.2 () {54 vars in 1277 bytes} [Thu Apr 9 14:27:33 2026] GET /load-balancer/v2.0/lbaas/listeners?name=k8s-clusterapi-cluster-magnum-system-kube-zm4z0-kubeapi-6443 => generated 1133 bytes in 32 msecs (HTTP/1.1 200) 4 headers in 158 bytes (1 switches on core 0)
Apr 09 14:27:33.651974 np0000164522 devstack@o-api.service[120656]: [pid: 120656|app: 0|req: 15/59] 172.18.0.2 () {54 vars in 1265 bytes} [Thu Apr 9 14:27:33 2026] GET /load-balancer/v2.0/lbaas/pools?name=k8s-clusterapi-cluster-magnum-system-kube-zm4z0-kubeapi-6443 => generated 947 bytes in 41 msecs (HTTP/1.1 200) 4 headers in 157 bytes (1 switches on core 0)
Apr 09 14:27:33.680729 np0000164522 devstack@o-api.service[120654]: [pid: 120654|app: 0|req: 15/60] 172.18.0.2 () {54 vars in 1292 bytes} [Thu Apr 9 14:27:33 2026] GET /load-balancer/v2.0/lbaas/healthmonitors?name=k8s-clusterapi-cluster-magnum-system-kube-zm4z0-kubeapi-6443 => generated 688 bytes in 26 msecs (HTTP/1.1 200) 4 headers in 157 bytes (1 switches on core 0)
Apr 09 14:32:16.161515 np0000164522 devstack@o-api.service[120657]: [pid: 120657|app: 0|req: 16/61] 172.18.0.2 () {54 vars in 1265 bytes} [Thu Apr 9 14:32:16 2026] GET /load-balancer/v2.0/lbaas/pools?name=k8s-clusterapi-cluster-magnum-system-kube-zm4z0-kubeapi-6443 => generated 947 bytes in 38 msecs (HTTP/1.1 200) 4 headers in 157 bytes (1 switches on core 0)
Apr 09 14:32:16.245874 np0000164522 devstack@o-api.service[120655]: [pid: 120655|app: 0|req: 16/62] 172.18.0.2 () {54 vars in 1446 bytes} [Thu Apr 9 14:32:16 2026] GET /load-balancer/v2.0/lbaas/pools/9e00dfe0-c6f0-4025-bbe5-8ad1c1cc72b4/members?name=k8s-clusterapi-cluster-magnum-system-kube-zm4z0-kubeapi-6443-kube-zm4z0-klx6t-hn7qr => generated 620 bytes in 82 msecs (HTTP/1.1 200) 4 headers in 157 bytes (1 switches on core 0)
Apr 09 14:37:20.925020 np0000164522 devstack@o-api.service[120656]: [pid: 120656|app: 0|req: 16/63] 172.18.0.2 () {54 vars in 1265 bytes} [Thu Apr 9 14:37:20 2026] GET /load-balancer/v2.0/lbaas/pools?name=k8s-clusterapi-cluster-magnum-system-kube-zm4z0-kubeapi-6443 => generated 947 bytes in 40 msecs (HTTP/1.1 200) 4 headers in 157 bytes (1 switches on core 0)
Apr 09 14:37:21.005601 np0000164522 devstack@o-api.service[120654]: [pid: 120654|app: 0|req: 16/64] 172.18.0.2 () {54 vars in 1446 bytes} [Thu Apr 9 14:37:20 2026] GET /load-balancer/v2.0/lbaas/pools/9e00dfe0-c6f0-4025-bbe5-8ad1c1cc72b4/members?name=k8s-clusterapi-cluster-magnum-system-kube-zm4z0-kubeapi-6443-kube-zm4z0-klx6t-hn7qr => generated 620 bytes in 78 msecs (HTTP/1.1 200) 4 headers in 157 bytes (1 switches on core 0)
Apr 09 14:38:01.592774 np0000164522 devstack@o-api.service[120657]: [pid: 120657|app: 0|req: 17/65] 172.18.0.2 () {54 vars in 1279 bytes} [Thu Apr 9 14:38:01 2026] GET /load-balancer/v2.0/lbaas/loadbalancers?name=k8s-clusterapi-cluster-magnum-system-kube-zm4z0-kubeapi => generated 1010 bytes in 35 msecs (HTTP/1.1 200) 4 headers in 158 bytes (1 switches on core 0)
Apr 09 14:38:01.689058 np0000164522 devstack@o-api.service[120655]: [pid: 120655|app: 0|req: 17/66] 172.18.0.2 () {54 vars in 1087 bytes} [Thu Apr 9 14:38:01 2026] GET /load-balancer/ => generated 4776 bytes in 4 msecs (HTTP/1.1 200) 4 headers in 158 bytes (1 switches on core 0)
Apr 09 14:38:01.716705 np0000164522 devstack@o-api.service[120656]: [pid: 120656|app: 0|req: 17/67] 172.18.0.2 () {54 vars in 1277 bytes} [Thu Apr 9 14:38:01 2026] GET /load-balancer/v2.0/lbaas/listeners?name=k8s-clusterapi-cluster-magnum-system-kube-zm4z0-kubeapi-6443 => generated 1133 bytes in 25 msecs (HTTP/1.1 200) 4 headers in 158 bytes (1 switches on core 0)
Apr 09 14:38:01.759639 np0000164522 devstack@o-api.service[120654]: [pid: 120654|app: 0|req: 17/68] 172.18.0.2 () {54 vars in 1265 bytes} [Thu Apr 9 14:38:01 2026] GET /load-balancer/v2.0/lbaas/pools?name=k8s-clusterapi-cluster-magnum-system-kube-zm4z0-kubeapi-6443 => generated 947 bytes in 40 msecs (HTTP/1.1 200) 4 headers in 157 bytes (1 switches on core 0)
Apr 09 14:38:01.787809 np0000164522 devstack@o-api.service[120657]: [pid: 120657|app: 0|req: 18/69] 172.18.0.2 () {54 vars in 1292 bytes} [Thu Apr 9 14:38:01 2026] GET /load-balancer/v2.0/lbaas/healthmonitors?name=k8s-clusterapi-cluster-magnum-system-kube-zm4z0-kubeapi-6443 => generated 688 bytes in 26 msecs (HTTP/1.1 200) 4 headers in 157 bytes (1 switches on core 0)
Apr 09 14:41:18.215323 np0000164522 devstack@o-api.service[120655]: [pid: 120655|app: 0|req: 18/70] 172.18.0.2 () {54 vars in 1265 bytes} [Thu Apr 9 14:41:18 2026] GET /load-balancer/v2.0/lbaas/pools?name=k8s-clusterapi-cluster-magnum-system-kube-zm4z0-kubeapi-6443 => generated 947 bytes in 39 msecs (HTTP/1.1 200) 4 headers in 157 bytes (1 switches on core 0)
Apr 09 14:41:18.297789 np0000164522 devstack@o-api.service[120656]: [pid: 120656|app: 0|req: 18/71] 172.18.0.2 () {54 vars in 1446 bytes} [Thu Apr 9 14:41:18 2026] GET /load-balancer/v2.0/lbaas/pools/9e00dfe0-c6f0-4025-bbe5-8ad1c1cc72b4/members?name=k8s-clusterapi-cluster-magnum-system-kube-zm4z0-kubeapi-6443-kube-zm4z0-klx6t-hn7qr => generated 620 bytes in 79 msecs (HTTP/1.1 200) 4 headers in 157 bytes (1 switches on core 0)
Apr 09 14:47:39.288561 np0000164522 devstack@o-api.service[120654]: [pid: 120654|app: 0|req: 18/72] 172.18.0.2 () {54 vars in 1265 bytes} [Thu Apr 9 14:47:39 2026] GET /load-balancer/v2.0/lbaas/pools?name=k8s-clusterapi-cluster-magnum-system-kube-zm4z0-kubeapi-6443 => generated 947 bytes in 37 msecs (HTTP/1.1 200) 4 headers in 157 bytes (1 switches on core 0)
Apr 09 14:47:39.373372 np0000164522 devstack@o-api.service[120657]: [pid: 120657|app: 0|req: 19/73] 172.18.0.2 () {54 vars in 1446 bytes} [Thu Apr 9 14:47:39 2026] GET /load-balancer/v2.0/lbaas/pools/9e00dfe0-c6f0-4025-bbe5-8ad1c1cc72b4/members?name=k8s-clusterapi-cluster-magnum-system-kube-zm4z0-kubeapi-6443-kube-zm4z0-klx6t-hn7qr => generated 620 bytes in 78 msecs (HTTP/1.1 200) 4 headers in 157 bytes (1 switches on core 0)
Apr 09 14:48:29.986532 np0000164522 devstack@o-api.service[120655]: [pid: 120655|app: 0|req: 19/74] 172.18.0.2 () {54 vars in 1279 bytes} [Thu Apr 9 14:48:29 2026] GET /load-balancer/v2.0/lbaas/loadbalancers?name=k8s-clusterapi-cluster-magnum-system-kube-zm4z0-kubeapi => generated 1010 bytes in 51 msecs (HTTP/1.1 200) 4 headers in 158 bytes (1 switches on core 0)
Apr 09 14:48:30.034848 np0000164522 devstack@o-api.service[120656]: [pid: 120656|app: 0|req: 19/75] 172.18.0.2 () {54 vars in 1087 bytes} [Thu Apr 9 14:48:30 2026] GET /load-balancer/ => generated 4776 bytes in 5 msecs (HTTP/1.1 200) 4 headers in 158 bytes (1 switches on core 0)
Apr 09 14:48:30.077585 np0000164522 devstack@o-api.service[120654]: [pid: 120654|app: 0|req: 19/76] 172.18.0.2 () {54 vars in 1277 bytes} [Thu Apr 9 14:48:30 2026] GET /load-balancer/v2.0/lbaas/listeners?name=k8s-clusterapi-cluster-magnum-system-kube-zm4z0-kubeapi-6443 => generated 1133 bytes in 40 msecs (HTTP/1.1 200) 4 headers in 158 bytes (1 switches on core 0)
Apr 09 14:48:30.117635 np0000164522 devstack@o-api.service[120657]: [pid: 120657|app: 0|req: 20/77] 172.18.0.2 () {54 vars in 1265 bytes} [Thu Apr 9 14:48:30 2026] GET /load-balancer/v2.0/lbaas/pools?name=k8s-clusterapi-cluster-magnum-system-kube-zm4z0-kubeapi-6443 => generated 947 bytes in 37 msecs (HTTP/1.1 200) 4 headers in 157 bytes (1 switches on core 0)
Apr 09 14:48:30.150957 np0000164522 devstack@o-api.service[120655]: [pid: 120655|app: 0|req: 20/78] 172.18.0.2 () {54 vars in 1292 bytes} [Thu Apr 9 14:48:30 2026] GET /load-balancer/v2.0/lbaas/healthmonitors?name=k8s-clusterapi-cluster-magnum-system-kube-zm4z0-kubeapi-6443 => generated 688 bytes in 31 msecs (HTTP/1.1 200) 4 headers in 157 bytes (1 switches on core 0)
