May 20 03:22:52.375775 np0000175238 neutron-periodic-workers[105055]: DEBUG cotyledon.oslo_config_glue [-] database.db_retry_interval = 1 {{(pid=105055) log_opt_values /opt/stack/data/venv/lib/python3.12/site-packages/oslo_config/cfg.py:3256}}
May 20 03:22:52.375807 np0000175238 neutron-periodic-workers[105055]: DEBUG cotyledon.oslo_config_glue [-] database.max_overflow = 50 {{(pid=105055) log_opt_values /opt/stack/data/venv/lib/python3.12/site-packages/oslo_config/cfg.py:3256}}
May 20 03:22:52.375851 np0000175238 neutron-periodic-workers[105055]: DEBUG cotyledon.oslo_config_glue [-] database.max_pool_size = 5 {{(pid=105055) log_opt_values /opt/stack/data/venv/lib/python3.12/site-packages/oslo_config/cfg.py:3256}}
May 20 03:22:52.375888 np0000175238 neutron-periodic-workers[105055]: DEBUG cotyledon.oslo_config_glue [-] database.max_retries = 10 {{(pid=105055) log_opt_values /opt/stack/data/venv/lib/python3.12/site-packages/oslo_config/cfg.py:3256}}
May 20 03:22:52.375932 np0000175238 neutron-periodic-workers[105055]: DEBUG cotyledon.oslo_config_glue [-] database.mysql_sql_mode = TRADITIONAL {{(pid=105055) log_opt_values /opt/stack/data/venv/lib/python3.12/site-packages/oslo_config/cfg.py:3256}}
May 20 03:22:52.375960 np0000175238 neutron-periodic-workers[105055]: DEBUG cotyledon.oslo_config_glue [-] database.mysql_wsrep_sync_wait = None {{(pid=105055) log_opt_values /opt/stack/data/venv/lib/python3.12/site-packages/oslo_config/cfg.py:3256}}
May 20 03:22:52.376081 np0000175238 neutron-periodic-workers[105055]: DEBUG cotyledon.oslo_config_glue [-] database.pool_timeout = None {{(pid=105055) log_opt_values /opt/stack/data/venv/lib/python3.12/site-packages/oslo_config/cfg.py:3256}}
May 20 03:22:52.376081 np0000175238 neutron-periodic-workers[105055]: DEBUG cotyledon.oslo_config_glue [-] database.retry_interval = 10 {{(pid=105055) log_opt_values /opt/stack/data/venv/lib/python3.12/site-packages/oslo_config/cfg.py:3256}}
May 20 03:22:52.376081 np0000175238 neutron-periodic-workers[105055]: DEBUG cotyledon.oslo_config_glue [-] database.slave_connection = **** {{(pid=105055) log_opt_values /opt/stack/data/venv/lib/python3.12/site-packages/oslo_config/cfg.py:3256}}
May 20 03:22:52.376175 np0000175238 neutron-periodic-workers[105055]: DEBUG cotyledon.oslo_config_glue [-] database.sqlite_synchronous = True {{(pid=105055) log_opt_values /opt/stack/data/venv/lib/python3.12/site-packages/oslo_config/cfg.py:3256}}
May 20 03:22:52.376175 np0000175238 neutron-periodic-workers[105055]: DEBUG cotyledon.oslo_config_glue [-] database.synchronous_reader = True {{(pid=105055) log_opt_values /opt/stack/data/venv/lib/python3.12/site-packages/oslo_config/cfg.py:3256}}
May 20 03:22:52.376224 np0000175238 neutron-periodic-workers[105055]: DEBUG cotyledon.oslo_config_glue [-] database.use_db_reconnect = False {{(pid=105055) log_opt_values /opt/stack/data/venv/lib/python3.12/site-packages/oslo_config/cfg.py:3256}}
May 20 03:22:52.376282 np0000175238 neutron-periodic-workers[105055]: DEBUG cotyledon.oslo_config_glue [-] ovn.bfd_min_rx = 1000 {{(pid=105055) log_opt_values /opt/stack/data/venv/lib/python3.12/site-packages/oslo_config/cfg.py:3256}}
May 20 03:22:52.376320 np0000175238 neutron-periodic-workers[105055]: DEBUG cotyledon.oslo_config_glue [-] ovn.bfd_min_tx = 100 {{(pid=105055) log_opt_values /opt/stack/data/venv/lib/python3.12/site-packages/oslo_config/cfg.py:3256}}
May 20 03:22:52.376367 np0000175238 neutron-periodic-workers[105055]: DEBUG cotyledon.oslo_config_glue [-] ovn.bfd_mult = 3 {{(pid=105055) log_opt_values /opt/stack/data/venv/lib/python3.12/site-packages/oslo_config/cfg.py:3256}}
May 20 03:22:52.376402 np0000175238 neutron-periodic-workers[105055]: DEBUG cotyledon.oslo_config_glue [-] ovn.broadcast_arps_to_all_routers = True {{(pid=105055) log_opt_values /opt/stack/data/venv/lib/python3.12/site-packages/oslo_config/cfg.py:3256}}
May 20 03:22:52.376448 np0000175238 neutron-periodic-workers[105055]: DEBUG cotyledon.oslo_config_glue [-] ovn.dhcp_default_lease_time = 43200 {{(pid=105055) log_opt_values /opt/stack/data/venv/lib/python3.12/site-packages/oslo_config/cfg.py:3256}}
May 20 03:22:52.376501 np0000175238 neutron-periodic-workers[105055]: DEBUG cotyledon.oslo_config_glue [-] ovn.disable_ovn_dhcp_for_baremetal_ports = False {{(pid=105055) log_opt_values /opt/stack/data/venv/lib/python3.12/site-packages/oslo_config/cfg.py:3256}}
May 20 03:22:52.376546 np0000175238 neutron-periodic-workers[105055]: DEBUG cotyledon.oslo_config_glue [-] ovn.dns_records_ovn_owned = False {{(pid=105055) log_opt_values /opt/stack/data/venv/lib/python3.12/site-packages/oslo_config/cfg.py:3256}}
May 20 03:22:52.376584 np0000175238 neutron-periodic-workers[105055]: DEBUG cotyledon.oslo_config_glue [-] ovn.dns_servers = [] {{(pid=105055) log_opt_values /opt/stack/data/venv/lib/python3.12/site-packages/oslo_config/cfg.py:3256}}
May 20 03:22:52.376626 np0000175238 neutron-periodic-workers[105055]: DEBUG cotyledon.oslo_config_glue [-] ovn.enable_distributed_floating_ip = False {{(pid=105055) log_opt_values /opt/stack/data/venv/lib/python3.12/site-packages/oslo_config/cfg.py:3256}}
May 20 03:22:52.376673 np0000175238 neutron-periodic-workers[105055]: DEBUG cotyledon.oslo_config_glue [-] ovn.fdb_age_threshold = 300 {{(pid=105055) log_opt_values /opt/stack/data/venv/lib/python3.12/site-packages/oslo_config/cfg.py:3256}}
May 20 03:22:52.376715 np0000175238 neutron-periodic-workers[105055]: DEBUG cotyledon.oslo_config_glue [-] ovn.ha_failover_strategy = normal {{(pid=105055) log_opt_values /opt/stack/data/venv/lib/python3.12/site-packages/oslo_config/cfg.py:3256}}
May 20 03:22:52.376757 np0000175238 neutron-periodic-workers[105055]: DEBUG cotyledon.oslo_config_glue [-] ovn.live_migration_activation_strategy = rarp {{(pid=105055) log_opt_values /opt/stack/data/venv/lib/python3.12/site-packages/oslo_config/cfg.py:3256}}
May 20 03:22:52.376794 np0000175238 neutron-periodic-workers[105055]: DEBUG cotyledon.oslo_config_glue [-] ovn.localnet_learn_fdb = False {{(pid=105055) log_opt_values /opt/stack/data/venv/lib/python3.12/site-packages/oslo_config/cfg.py:3256}}
May 20 03:22:52.376835 np0000175238 neutron-periodic-workers[105055]: DEBUG cotyledon.oslo_config_glue [-] ovn.mac_binding_age_threshold = 300 {{(pid=105055) log_opt_values /opt/stack/data/venv/lib/python3.12/site-packages/oslo_config/cfg.py:3256}}
May 20 03:22:52.376875 np0000175238 neutron-periodic-workers[105055]: DEBUG cotyledon.oslo_config_glue [-] ovn.neutron_sync_mode = log {{(pid=105055) log_opt_values /opt/stack/data/venv/lib/python3.12/site-packages/oslo_config/cfg.py:3256}}
May 20 03:22:52.376916 np0000175238 neutron-periodic-workers[105055]: DEBUG cotyledon.oslo_config_glue [-] ovn.ovn_dhcp4_global_options = {} {{(pid=105055) log_opt_values /opt/stack/data/venv/lib/python3.12/site-packages/oslo_config/cfg.py:3256}}
May 20 03:22:52.376964 np0000175238 neutron-periodic-workers[105055]: DEBUG cotyledon.oslo_config_glue [-] ovn.ovn_dhcp6_global_options = {} {{(pid=105055) log_opt_values /opt/stack/data/venv/lib/python3.12/site-packages/oslo_config/cfg.py:3256}}
May 20 03:22:52.377011 np0000175238 neutron-periodic-workers[105055]: DEBUG cotyledon.oslo_config_glue [-] ovn.ovn_l3_scheduler = leastloaded {{(pid=105055) log_opt_values /opt/stack/data/venv/lib/python3.12/site-packages/oslo_config/cfg.py:3256}}
May 20 03:22:52.377059 np0000175238 neutron-periodic-workers[105055]: DEBUG cotyledon.oslo_config_glue [-] ovn.ovn_metadata_enabled = True {{(pid=105055) log_opt_values /opt/stack/data/venv/lib/python3.12/site-packages/oslo_config/cfg.py:3256}}
May 20 03:22:52.377105 np0000175238 neutron-periodic-workers[105055]: DEBUG cotyledon.oslo_config_glue [-] ovn.ovn_nb_ca_cert = /opt/stack/data/CA/int-ca/ca-chain.pem {{(pid=105055) log_opt_values /opt/stack/data/venv/lib/python3.12/site-packages/oslo_config/cfg.py:3256}}
May 20 03:22:52.377156 np0000175238 neutron-periodic-workers[105055]: DEBUG cotyledon.oslo_config_glue [-] ovn.ovn_nb_certificate = /opt/stack/data/CA/int-ca/devstack-cert.crt {{(pid=105055) log_opt_values /opt/stack/data/venv/lib/python3.12/site-packages/oslo_config/cfg.py:3256}}
May 20 03:22:52.377191 np0000175238 neutron-periodic-workers[105055]: DEBUG cotyledon.oslo_config_glue [-] ovn.ovn_nb_connection = ['ssl:199.204.45.246:6641'] {{(pid=105055) log_opt_values /opt/stack/data/venv/lib/python3.12/site-packages/oslo_config/cfg.py:3256}}
May 20 03:22:52.377237 np0000175238 neutron-periodic-workers[105055]: DEBUG cotyledon.oslo_config_glue [-] ovn.ovn_nb_private_key = /opt/stack/data/CA/int-ca/private/devstack-cert.key {{(pid=105055) log_opt_values /opt/stack/data/venv/lib/python3.12/site-packages/oslo_config/cfg.py:3256}}
May 20 03:22:52.377277 np0000175238 neutron-periodic-workers[105055]: DEBUG cotyledon.oslo_config_glue [-] ovn.ovn_router_indirect_snat = False {{(pid=105055) log_opt_values /opt/stack/data/venv/lib/python3.12/site-packages/oslo_config/cfg.py:3256}}
May 20 03:22:52.377319 np0000175238 neutron-periodic-workers[105055]: DEBUG cotyledon.oslo_config_glue [-] ovn.ovn_sb_ca_cert = /opt/stack/data/CA/int-ca/ca-chain.pem {{(pid=105055) log_opt_values /opt/stack/data/venv/lib/python3.12/site-packages/oslo_config/cfg.py:3256}}
May 20 03:22:52.377359 np0000175238 neutron-periodic-workers[105055]: DEBUG cotyledon.oslo_config_glue [-] ovn.ovn_sb_certificate = /opt/stack/data/CA/int-ca/devstack-cert.crt {{(pid=105055) log_opt_values /opt/stack/data/venv/lib/python3.12/site-packages/oslo_config/cfg.py:3256}}
May 20 03:22:52.377401 np0000175238 neutron-periodic-workers[105055]: DEBUG cotyledon.oslo_config_glue [-] ovn.ovn_sb_connection = ['ssl:199.204.45.246:6642'] {{(pid=105055) log_opt_values /opt/stack/data/venv/lib/python3.12/site-packages/oslo_config/cfg.py:3256}}
May 20 03:22:52.377436 np0000175238 neutron-periodic-workers[105055]: DEBUG cotyledon.oslo_config_glue [-] ovn.ovn_sb_private_key = /opt/stack/data/CA/int-ca/private/devstack-cert.key {{(pid=105055) log_opt_values /opt/stack/data/venv/lib/python3.12/site-packages/oslo_config/cfg.py:3256}}
May 20 03:22:52.377491 np0000175238 neutron-periodic-workers[105055]: DEBUG cotyledon.oslo_config_glue [-] ovn.ovs_create_tap = False {{(pid=105055) log_opt_values /opt/stack/data/venv/lib/python3.12/site-packages/oslo_config/cfg.py:3256}}
May 20 03:22:52.377528 np0000175238 neutron-periodic-workers[105055]: DEBUG cotyledon.oslo_config_glue [-] ovn.ovsdb_connection_timeout = 180 {{(pid=105055) log_opt_values /opt/stack/data/venv/lib/python3.12/site-packages/oslo_config/cfg.py:3256}}
May 20 03:22:52.377588 np0000175238 neutron-periodic-workers[105055]: DEBUG cotyledon.oslo_config_glue [-] ovn.ovsdb_log_level = INFO {{(pid=105055) log_opt_values /opt/stack/data/venv/lib/python3.12/site-packages/oslo_config/cfg.py:3256}}
May 20 03:22:52.377625 np0000175238 neutron-periodic-workers[105055]: DEBUG cotyledon.oslo_config_glue [-] ovn.ovsdb_probe_interval = 60000 {{(pid=105055) log_opt_values /opt/stack/data/venv/lib/python3.12/site-packages/oslo_config/cfg.py:3256}}
May 20 03:22:52.377654 np0000175238 neutron-periodic-workers[105055]: DEBUG cotyledon.oslo_config_glue [-] ovn.ovsdb_retry_max_interval = 180 {{(pid=105055) log_opt_values /opt/stack/data/venv/lib/python3.12/site-packages/oslo_config/cfg.py:3256}}
May 20 03:22:52.377683 np0000175238 neutron-periodic-workers[105055]: DEBUG cotyledon.oslo_config_glue [-] ovn.stateless_nat_enabled = False {{(pid=105055) log_opt_values /opt/stack/data/venv/lib/python3.12/site-packages/oslo_config/cfg.py:3256}}
May 20 03:22:52.377733 np0000175238 neutron-periodic-workers[105055]: DEBUG cotyledon.oslo_config_glue [-] ovn.vhost_sock_dir = /var/run/openvswitch {{(pid=105055) log_opt_values /opt/stack/data/venv/lib/python3.12/site-packages/oslo_config/cfg.py:3256}}
May 20 03:22:52.377789 np0000175238 neutron-periodic-workers[105055]: DEBUG cotyledon.oslo_config_glue [-] OVS.bridge_mac_table_size = 50000 {{(pid=105055) log_opt_values /opt/stack/data/venv/lib/python3.12/site-packages/oslo_config/cfg.py:3256}}
May 20 03:22:52.377839 np0000175238 neutron-periodic-workers[105055]: DEBUG cotyledon.oslo_config_glue [-] OVS.igmp_flood = False {{(pid=105055) log_opt_values /opt/stack/data/venv/lib/python3.12/site-packages/oslo_config/cfg.py:3256}}
May 20 03:22:52.377887 np0000175238 neutron-periodic-workers[105055]: DEBUG cotyledon.oslo_config_glue [-] OVS.igmp_flood_reports = True {{(pid=105055) log_opt_values /opt/stack/data/venv/lib/python3.12/site-packages/oslo_config/cfg.py:3256}}
May 20 03:22:52.377928 np0000175238 neutron-periodic-workers[105055]: DEBUG cotyledon.oslo_config_glue [-] OVS.igmp_flood_unregistered = False {{(pid=105055) log_opt_values /opt/stack/data/venv/lib/python3.12/site-packages/oslo_config/cfg.py:3256}}
May 20 03:22:52.377962 np0000175238 neutron-periodic-workers[105055]: DEBUG cotyledon.oslo_config_glue [-] OVS.igmp_snooping_enable = False {{(pid=105055) log_opt_values /opt/stack/data/venv/lib/python3.12/site-packages/oslo_config/cfg.py:3256}}
May 20 03:22:52.378008 np0000175238 neutron-periodic-workers[105055]: DEBUG cotyledon.oslo_config_glue [-] OVS.ovsdb_timeout = 10 {{(pid=105055) log_opt_values /opt/stack/data/venv/lib/python3.12/site-packages/oslo_config/cfg.py:3256}}
May 20 03:22:52.378052 np0000175238 neutron-periodic-workers[105055]: DEBUG cotyledon.oslo_config_glue [-] ovn_nb_global.fdb_removal_limit = 0 {{(pid=105055) log_opt_values /opt/stack/data/venv/lib/python3.12/site-packages/oslo_config/cfg.py:3256}}
May 20 03:22:52.378100 np0000175238 neutron-periodic-workers[105055]: DEBUG cotyledon.oslo_config_glue [-] ovn_nb_global.ignore_lsp_down = False {{(pid=105055) log_opt_values /opt/stack/data/venv/lib/python3.12/site-packages/oslo_config/cfg.py:3256}}
May 20 03:22:52.378146 np0000175238 neutron-periodic-workers[105055]: DEBUG cotyledon.oslo_config_glue [-] ovn_nb_global.mac_binding_removal_limit = 0 {{(pid=105055) log_opt_values /opt/stack/data/venv/lib/python3.12/site-packages/oslo_config/cfg.py:3256}}
May 20 03:22:52.378179 np0000175238 neutron-periodic-workers[105055]: DEBUG cotyledon.oslo_config_glue [-] ******************************************************************************** {{(pid=105055) log_opt_values /opt/stack/data/venv/lib/python3.12/site-packages/oslo_config/cfg.py:3263}}
May 20 03:22:52.378345 np0000175238 neutron-periodic-workers[105055]: DEBUG cotyledon._service_worker [-] Run service ServiceWrapper(0) [105055] {{(pid=105055) wait_forever /opt/stack/data/venv/lib/python3.12/site-packages/cotyledon/_service_worker.py:218}}
May 20 03:23:02.028081 np0000175238 neutron-periodic-workers[104289]: DEBUG dbcounter [-] [104289] Writing DB stats neutron:SELECT=4 {{(pid=104289) stat_writer /opt/stack/data/venv/lib/python3.12/site-packages/dbcounter.py:115}}
May 20 03:23:32.346495 np0000175238 neutron-periodic-workers[105035]: DEBUG oslo_db.sqlalchemy.engines [None req-e801dd23-fc58-43e7-b7e1-128f6942296a None None] Parent process 104289 forked (105035) with an open database connection, which is being discarded and recreated. {{(pid=105035) checkout /opt/stack/data/venv/lib/python3.12/site-packages/oslo_db/sqlalchemy/engines.py:402}}
May 20 03:23:32.354625 np0000175238 neutron-periodic-workers[105035]: DEBUG dbcounter [-] [105035] Writer thread running {{(pid=105035) stat_writer /opt/stack/data/venv/lib/python3.12/site-packages/dbcounter.py:102}}
May 20 03:23:32.362342 np0000175238 neutron-periodic-workers[105035]: DEBUG oslo.service.backend._threading.loopingcall [None req-e801dd23-fc58-43e7-b7e1-128f6942296a None None] Fixed interval looping call 'neutron.plugins.ml2.plugin.DhcpAgentSchedulerDbMixin.remove_networks_from_down_agents' sleeping for 36.98 seconds {{(pid=105035) _run_loop /opt/stack/data/venv/lib/python3.12/site-packages/oslo_service/backend/_threading/loopingcall.py:125}}
May 20 03:23:42.361476 np0000175238 neutron-periodic-workers[105035]: DEBUG dbcounter [-] [105035] Writing DB stats neutron:SELECT=3 {{(pid=105035) stat_writer /opt/stack/data/venv/lib/python3.12/site-packages/dbcounter.py:115}}
May 20 03:23:58.381504 np0000175238 neutron-periodic-workers[105045]: DEBUG dbcounter [-] [105045] Writer thread running {{(pid=105045) stat_writer /opt/stack/data/venv/lib/python3.12/site-packages/dbcounter.py:102}}
May 20 03:23:58.386841 np0000175238 neutron-periodic-workers[105045]: DEBUG neutron.db.agents_db [None req-dc57a2c2-14fb-4bf1-b202-d1c57e6b4ee4 None None] Agent healthcheck: found 0 active agents {{(pid=105045) agent_health_check /opt/stack/neutron/neutron/db/agents_db.py:322}}
May 20 03:23:58.387126 np0000175238 neutron-periodic-workers[105045]: DEBUG oslo.service.backend._threading.loopingcall [None req-dc57a2c2-14fb-4bf1-b202-d1c57e6b4ee4 None None] Fixed interval looping call 'neutron.plugins.ml2.plugin.AgentDbMixin.agent_health_check' sleeping for 36.98 seconds {{(pid=105045) _run_loop /opt/stack/data/venv/lib/python3.12/site-packages/oslo_service/backend/_threading/loopingcall.py:125}}
May 20 03:24:08.382189 np0000175238 neutron-periodic-workers[105045]: DEBUG dbcounter [-] [105045] Writing DB stats neutron:SELECT=1 {{(pid=105045) stat_writer /opt/stack/data/venv/lib/python3.12/site-packages/dbcounter.py:115}}
May 20 03:24:09.351428 np0000175238 neutron-periodic-workers[105035]: DEBUG oslo.service.backend._threading.loopingcall [None req-e801dd23-fc58-43e7-b7e1-128f6942296a None None] Fixed interval looping call 'neutron.plugins.ml2.plugin.DhcpAgentSchedulerDbMixin.remove_networks_from_down_agents' sleeping for 36.99 seconds {{(pid=105035) _run_loop /opt/stack/data/venv/lib/python3.12/site-packages/oslo_service/backend/_threading/loopingcall.py:125}}
May 20 03:24:19.350486 np0000175238 neutron-periodic-workers[105035]: DEBUG dbcounter [-] [105035] Writing DB stats neutron:SELECT=3 {{(pid=105035) stat_writer /opt/stack/data/venv/lib/python3.12/site-packages/dbcounter.py:115}}
May 20 03:24:35.373124 np0000175238 neutron-periodic-workers[105045]: DEBUG neutron.db.agents_db [None req-dc57a2c2-14fb-4bf1-b202-d1c57e6b4ee4 None None] Agent healthcheck: found 0 active agents {{(pid=105045) agent_health_check /opt/stack/neutron/neutron/db/agents_db.py:322}}
May 20 03:24:35.373419 np0000175238 neutron-periodic-workers[105045]: DEBUG oslo.service.backend._threading.loopingcall [None req-dc57a2c2-14fb-4bf1-b202-d1c57e6b4ee4 None None] Fixed interval looping call 'neutron.plugins.ml2.plugin.AgentDbMixin.agent_health_check' sleeping for 36.99 seconds {{(pid=105045) _run_loop /opt/stack/data/venv/lib/python3.12/site-packages/oslo_service/backend/_threading/loopingcall.py:125}}
May 20 03:24:45.371326 np0000175238 neutron-periodic-workers[105045]: DEBUG dbcounter [-] [105045] Writing DB stats neutron:SELECT=1 {{(pid=105045) stat_writer /opt/stack/data/venv/lib/python3.12/site-packages/dbcounter.py:115}}
May 20 03:24:46.356019 np0000175238 neutron-periodic-workers[105035]: DEBUG oslo.service.backend._threading.loopingcall [None req-e801dd23-fc58-43e7-b7e1-128f6942296a None None] Fixed interval looping call 'neutron.plugins.ml2.plugin.DhcpAgentSchedulerDbMixin.remove_networks_from_down_agents' sleeping for 36.99 seconds {{(pid=105035) _run_loop /opt/stack/data/venv/lib/python3.12/site-packages/oslo_service/backend/_threading/loopingcall.py:125}}
May 20 03:24:52.401951 np0000175238 neutron-periodic-workers[105055]: DEBUG dbcounter [-] [105055] Writer thread running {{(pid=105055) stat_writer /opt/stack/data/venv/lib/python3.12/site-packages/dbcounter.py:102}}
May 20 03:24:52.404560 np0000175238 neutron-periodic-workers[105055]: DEBUG oslo.service.backend._threading.loopingcall [None req-d3c4c1f7-8115-4f17-b5eb-518da3b9fa2d None None] Fixed interval looping call 'neutron.db.quota.driver_nolock.DbQuotaNoLockDriver._remove_expired_reservations' sleeping for 119.98 seconds {{(pid=105055) _run_loop /opt/stack/data/venv/lib/python3.12/site-packages/oslo_service/backend/_threading/loopingcall.py:125}}
May 20 03:24:56.356593 np0000175238 neutron-periodic-workers[105035]: DEBUG dbcounter [-] [105035] Writing DB stats neutron:SELECT=3 {{(pid=105035) stat_writer /opt/stack/data/venv/lib/python3.12/site-packages/dbcounter.py:115}}
May 20 03:25:12.367319 np0000175238 neutron-periodic-workers[105045]: DEBUG neutron.db.agents_db [None req-dc57a2c2-14fb-4bf1-b202-d1c57e6b4ee4 None None] Agent healthcheck: found 0 active agents {{(pid=105045) agent_health_check /opt/stack/neutron/neutron/db/agents_db.py:322}}
May 20 03:25:12.367319 np0000175238 neutron-periodic-workers[105045]: DEBUG oslo.service.backend._threading.loopingcall [None req-dc57a2c2-14fb-4bf1-b202-d1c57e6b4ee4 None None] Fixed interval looping call 'neutron.plugins.ml2.plugin.AgentDbMixin.agent_health_check' sleeping for 37.00 seconds {{(pid=105045) _run_loop /opt/stack/data/venv/lib/python3.12/site-packages/oslo_service/backend/_threading/loopingcall.py:125}}
May 20 03:25:12.402692 np0000175238 neutron-periodic-workers[105055]: DEBUG dbcounter [-] [105055] Writing DB stats neutron:DELETE=1 {{(pid=105055) stat_writer /opt/stack/data/venv/lib/python3.12/site-packages/dbcounter.py:115}}
May 20 03:25:22.366115 np0000175238 neutron-periodic-workers[105045]: DEBUG dbcounter [-] [105045] Writing DB stats neutron:SELECT=1 {{(pid=105045) stat_writer /opt/stack/data/venv/lib/python3.12/site-packages/dbcounter.py:115}}
May 20 03:25:23.355365 np0000175238 neutron-periodic-workers[105035]: DEBUG oslo.service.backend._threading.loopingcall [None req-e801dd23-fc58-43e7-b7e1-128f6942296a None None] Fixed interval looping call 'neutron.plugins.ml2.plugin.DhcpAgentSchedulerDbMixin.remove_networks_from_down_agents' sleeping for 36.99 seconds {{(pid=105035) _run_loop /opt/stack/data/venv/lib/python3.12/site-packages/oslo_service/backend/_threading/loopingcall.py:125}}
May 20 03:25:30.354455 np0000175238 neutron-periodic-workers[105028]: DEBUG dbcounter [-] [105028] Writer thread running {{(pid=105028) stat_writer /opt/stack/data/venv/lib/python3.12/site-packages/dbcounter.py:102}}
May 20 03:25:30.366549 np0000175238 neutron-periodic-workers[105028]: DEBUG oslo.service.backend._threading.loopingcall [None req-7fc82a88-2d78-41cf-910b-85a85af16731 None None] Fixed interval looping call 'neutron.services.ovn_l3.plugin.L3_NAT_dbonly_mixin._clean_garbage' sleeping for 299.96 seconds {{(pid=105028) _run_loop /opt/stack/data/venv/lib/python3.12/site-packages/oslo_service/backend/_threading/loopingcall.py:125}}
May 20 03:25:33.354393 np0000175238 neutron-periodic-workers[105035]: DEBUG dbcounter [-] [105035] Writing DB stats neutron:SELECT=3 {{(pid=105035) stat_writer /opt/stack/data/venv/lib/python3.12/site-packages/dbcounter.py:115}}
May 20 03:25:40.355271 np0000175238 neutron-periodic-workers[105028]: DEBUG dbcounter [-] [105028] Writing DB stats neutron:SELECT=1 {{(pid=105028) stat_writer /opt/stack/data/venv/lib/python3.12/site-packages/dbcounter.py:115}}
May 20 03:25:49.374106 np0000175238 neutron-periodic-workers[105045]: DEBUG neutron.db.agents_db [None req-dc57a2c2-14fb-4bf1-b202-d1c57e6b4ee4 None None] Agent healthcheck: found 0 active agents {{(pid=105045) agent_health_check /opt/stack/neutron/neutron/db/agents_db.py:322}}
May 20 03:25:49.374106 np0000175238 neutron-periodic-workers[105045]: DEBUG oslo.service.backend._threading.loopingcall [None req-dc57a2c2-14fb-4bf1-b202-d1c57e6b4ee4 None None] Fixed interval looping call 'neutron.plugins.ml2.plugin.AgentDbMixin.agent_health_check' sleeping for 36.99 seconds {{(pid=105045) _run_loop /opt/stack/data/venv/lib/python3.12/site-packages/oslo_service/backend/_threading/loopingcall.py:125}}
May 20 03:25:59.372255 np0000175238 neutron-periodic-workers[105045]: DEBUG dbcounter [-] [105045] Writing DB stats neutron:SELECT=1 {{(pid=105045) stat_writer /opt/stack/data/venv/lib/python3.12/site-packages/dbcounter.py:115}}
May 20 03:26:00.354275 np0000175238 neutron-periodic-workers[105035]: DEBUG oslo.service.backend._threading.loopingcall [None req-e801dd23-fc58-43e7-b7e1-128f6942296a None None] Fixed interval looping call 'neutron.plugins.ml2.plugin.DhcpAgentSchedulerDbMixin.remove_networks_from_down_agents' sleeping for 36.99 seconds {{(pid=105035) _run_loop /opt/stack/data/venv/lib/python3.12/site-packages/oslo_service/backend/_threading/loopingcall.py:125}}
May 20 03:26:10.353656 np0000175238 neutron-periodic-workers[105035]: DEBUG dbcounter [-] [105035] Writing DB stats neutron:SELECT=3 {{(pid=105035) stat_writer /opt/stack/data/venv/lib/python3.12/site-packages/dbcounter.py:115}}
May 20 03:26:26.371190 np0000175238 neutron-periodic-workers[105045]: DEBUG neutron.db.agents_db [None req-dc57a2c2-14fb-4bf1-b202-d1c57e6b4ee4 None None] Agent healthcheck: found 0 active agents {{(pid=105045) agent_health_check /opt/stack/neutron/neutron/db/agents_db.py:322}}
May 20 03:26:26.372033 np0000175238 neutron-periodic-workers[105045]: DEBUG oslo.service.backend._threading.loopingcall [None req-dc57a2c2-14fb-4bf1-b202-d1c57e6b4ee4 None None] Fixed interval looping call 'neutron.plugins.ml2.plugin.AgentDbMixin.agent_health_check' sleeping for 36.99 seconds {{(pid=105045) _run_loop /opt/stack/data/venv/lib/python3.12/site-packages/oslo_service/backend/_threading/loopingcall.py:125}}
May 20 03:26:36.369371 np0000175238 neutron-periodic-workers[105045]: DEBUG dbcounter [-] [105045] Writing DB stats neutron:SELECT=1 {{(pid=105045) stat_writer /opt/stack/data/venv/lib/python3.12/site-packages/dbcounter.py:115}}
May 20 03:26:37.354862 np0000175238 neutron-periodic-workers[105035]: DEBUG oslo.service.backend._threading.loopingcall [None req-e801dd23-fc58-43e7-b7e1-128f6942296a None None] Fixed interval looping call 'neutron.plugins.ml2.plugin.DhcpAgentSchedulerDbMixin.remove_networks_from_down_agents' sleeping for 36.99 seconds {{(pid=105035) _run_loop /opt/stack/data/venv/lib/python3.12/site-packages/oslo_service/backend/_threading/loopingcall.py:125}}
May 20 03:26:47.353718 np0000175238 neutron-periodic-workers[105035]: DEBUG dbcounter [-] [105035] Writing DB stats neutron:SELECT=3 {{(pid=105035) stat_writer /opt/stack/data/venv/lib/python3.12/site-packages/dbcounter.py:115}}
May 20 03:26:52.388996 np0000175238 neutron-periodic-workers[105055]: DEBUG oslo.service.backend._threading.loopingcall [None req-d3c4c1f7-8115-4f17-b5eb-518da3b9fa2d None None] Fixed interval looping call 'neutron.db.quota.driver_nolock.DbQuotaNoLockDriver._remove_expired_reservations' sleeping for 120.00 seconds {{(pid=105055) _run_loop /opt/stack/data/venv/lib/python3.12/site-packages/oslo_service/backend/_threading/loopingcall.py:125}}
May 20 03:27:02.388311 np0000175238 neutron-periodic-workers[105055]: DEBUG dbcounter [-] [105055] Writing DB stats neutron:DELETE=1 {{(pid=105055) stat_writer /opt/stack/data/venv/lib/python3.12/site-packages/dbcounter.py:115}}
May 20 03:27:03.371157 np0000175238 neutron-periodic-workers[105045]: DEBUG neutron.db.agents_db [None req-dc57a2c2-14fb-4bf1-b202-d1c57e6b4ee4 None None] Agent healthcheck: found 0 active agents {{(pid=105045) agent_health_check /opt/stack/neutron/neutron/db/agents_db.py:322}}
May 20 03:27:03.371157 np0000175238 neutron-periodic-workers[105045]: DEBUG oslo.service.backend._threading.loopingcall [None req-dc57a2c2-14fb-4bf1-b202-d1c57e6b4ee4 None None] Fixed interval looping call 'neutron.plugins.ml2.plugin.AgentDbMixin.agent_health_check' sleeping for 36.99 seconds {{(pid=105045) _run_loop /opt/stack/data/venv/lib/python3.12/site-packages/oslo_service/backend/_threading/loopingcall.py:125}}
May 20 03:27:13.366415 np0000175238 neutron-periodic-workers[105045]: DEBUG dbcounter [-] [105045] Writing DB stats neutron:SELECT=1 {{(pid=105045) stat_writer /opt/stack/data/venv/lib/python3.12/site-packages/dbcounter.py:115}}
May 20 03:27:14.353101 np0000175238 neutron-periodic-workers[105035]: DEBUG oslo.service.backend._threading.loopingcall [None req-e801dd23-fc58-43e7-b7e1-128f6942296a None None] Fixed interval looping call 'neutron.plugins.ml2.plugin.DhcpAgentSchedulerDbMixin.remove_networks_from_down_agents' sleeping for 36.99 seconds {{(pid=105035) _run_loop /opt/stack/data/venv/lib/python3.12/site-packages/oslo_service/backend/_threading/loopingcall.py:125}}
May 20 03:27:24.352122 np0000175238 neutron-periodic-workers[105035]: DEBUG dbcounter [-] [105035] Writing DB stats neutron:SELECT=3 {{(pid=105035) stat_writer /opt/stack/data/venv/lib/python3.12/site-packages/dbcounter.py:115}}
May 20 03:27:40.366790 np0000175238 neutron-periodic-workers[105045]: DEBUG neutron.db.agents_db [None req-dc57a2c2-14fb-4bf1-b202-d1c57e6b4ee4 None None] Agent healthcheck: found 0 active agents {{(pid=105045) agent_health_check /opt/stack/neutron/neutron/db/agents_db.py:322}}
May 20 03:27:40.366790 np0000175238 neutron-periodic-workers[105045]: DEBUG oslo.service.backend._threading.loopingcall [None req-dc57a2c2-14fb-4bf1-b202-d1c57e6b4ee4 None None] Fixed interval looping call 'neutron.plugins.ml2.plugin.AgentDbMixin.agent_health_check' sleeping for 36.99 seconds {{(pid=105045) _run_loop /opt/stack/data/venv/lib/python3.12/site-packages/oslo_service/backend/_threading/loopingcall.py:125}}
May 20 03:27:50.364799 np0000175238 neutron-periodic-workers[105045]: DEBUG dbcounter [-] [105045] Writing DB stats neutron:SELECT=1 {{(pid=105045) stat_writer /opt/stack/data/venv/lib/python3.12/site-packages/dbcounter.py:115}}
May 20 03:27:51.349878 np0000175238 neutron-periodic-workers[105035]: DEBUG oslo.service.backend._threading.loopingcall [None req-e801dd23-fc58-43e7-b7e1-128f6942296a None None] Fixed interval looping call 'neutron.plugins.ml2.plugin.DhcpAgentSchedulerDbMixin.remove_networks_from_down_agents' sleeping for 36.99 seconds {{(pid=105035) _run_loop /opt/stack/data/venv/lib/python3.12/site-packages/oslo_service/backend/_threading/loopingcall.py:125}}