172.18.0.2 - - [02/Apr/2026:10:47:47 +0000] "GET /networking/v2.0/routers/61f552ec-8e87-4f59-a203-b8f3f8171f1b HTTP/1.1" 200 4063 "-" "cluster-api-provider-openstack/v0.12.4 gophercloud/v2.7.0"
172.18.0.2 - - [02/Apr/2026:10:47:47 +0000] "GET /compute/v2.1/ HTTP/1.1" 200 3432 "-" "cluster-api-provider-openstack/v0.12.4 gophercloud/v2.7.0"
172.18.0.2 - - [02/Apr/2026:10:47:47 +0000] "GET /compute/v2.1/flavors/detail HTTP/1.1" 200 7064 "-" "cluster-api-provider-openstack/v0.12.4 gophercloud/v2.7.0"
172.18.0.2 - - [02/Apr/2026:10:47:47 +0000] "GET /networking/v2.0/ports?device_id=61f552ec-8e87-4f59-a203-b8f3f8171f1b HTTP/1.1" 200 3569 "-" "cluster-api-provider-openstack/v0.12.4 gophercloud/v2.7.0"
172.18.0.2 - - [02/Apr/2026:10:47:47 +0000] "GET /networking/v2.0/security-groups?name=k8s-cluster-magnum-system-kube-i234o-secgroup-bastion HTTP/1.1" 200 2868 "-" "cluster-api-provider-openstack/v0.12.4 gophercloud/v2.7.0"
172.18.0.2 - - [02/Apr/2026:10:47:47 +0000] "GET /compute/v2.1/ HTTP/1.1" 200 3432 "-" "cluster-api-provider-openstack/v0.12.4 gophercloud/v2.7.0"
172.18.0.2 - - [02/Apr/2026:10:47:47 +0000] "GET /networking/v2.0/security-groups?name=k8s-cluster-magnum-system-kube-i234o-secgroup-controlplane HTTP/1.1" 200 7754 "-" "cluster-api-provider-openstack/v0.12.4 gophercloud/v2.7.0"
172.18.0.2 - - [02/Apr/2026:10:47:47 +0000] "GET /compute/v2.1/flavors/detail HTTP/1.1" 200 7064 "-" "cluster-api-provider-openstack/v0.12.4 gophercloud/v2.7.0"
172.18.0.2 - - [02/Apr/2026:10:47:47 +0000] "GET /networking/v2.0/security-groups?name=k8s-cluster-magnum-system-kube-i234o-secgroup-worker HTTP/1.1" 200 11151 "-" "cluster-api-provider-openstack/v0.12.4 gophercloud/v2.7.0"
172.18.0.2 - - [02/Apr/2026:10:47:47 +0000] "GET /networking/v2.0/ports?name=kube-i234o-788rn-g2tg8-0&network_id=069dbc3a-31ae-4cb5-b10a-ccca97348dc8 HTTP/1.1" 200 2857 "-" "cluster-api-provider-openstack/v0.12.4 gophercloud/v2.7.0"
172.18.0.2 - - [02/Apr/2026:10:47:47 +0000] "GET /networking/v2.0/ports?name=kube-i234o-788rn-g2tg8-0&network_id=069dbc3a-31ae-4cb5-b10a-ccca97348dc8 HTTP/1.1" 200 2857 "-" "cluster-api-provider-openstack/v0.12.4 gophercloud/v2.7.0"
172.18.0.2 - - [02/Apr/2026:10:47:47 +0000] "GET /networking/v2.0/floatingips?floating_ip_address=172.24.5.97 HTTP/1.1" 200 3756 "-" "cluster-api-provider-openstack/v0.12.4 gophercloud/v2.7.0"
172.18.0.2 - - [02/Apr/2026:10:47:47 +0000] "GET /compute/v2.1/ HTTP/1.1" 200 3432 "-" "cluster-api-provider-openstack/v0.12.4 gophercloud/v2.7.0"
172.18.0.2 - - [02/Apr/2026:10:47:47 +0000] "GET /compute/v2.1/os-availability-zone HTTP/1.1" 200 3137 "-" "cluster-api-provider-openstack/v0.12.4 gophercloud/v2.7.0"
172.18.0.2 - - [02/Apr/2026:10:47:47 +0000] "POST /networking/v2.0/ports HTTP/1.1" 201 3632 "-" "cluster-api-provider-openstack/v0.12.4 gophercloud/v2.7.0"
172.18.0.2 - - [02/Apr/2026:10:47:48 +0000] "GET /compute/v2.1/ HTTP/1.1" 200 3432 "-" "cluster-api-provider-openstack/v0.12.4 gophercloud/v2.7.0"
172.18.0.2 - - [02/Apr/2026:10:47:48 +0000] "GET /compute/v2.1/servers/detail?name=%5Ekube-i234o-788rn-g2tg8%24 HTTP/1.1" 200 3055 "-" "cluster-api-provider-openstack/v0.12.4 gophercloud/v2.7.0"
172.18.0.2 - - [02/Apr/2026:10:47:48 +0000] "GET /compute/v2.1/ HTTP/1.1" 200 3432 "-" "cluster-api-provider-openstack/v0.12.4 gophercloud/v2.7.0"
199.204.45.155 - - [02/Apr/2026:10:47:48 +0000] "GET /image HTTP/1.1" 300 4285 "-" "uwsgi keystoneauth1/5.13.1 python-requests/2.32.5 CPython/3.12.3"
199.204.45.155 - - [02/Apr/2026:10:47:48 +0000] "GET /identity HTTP/1.1" 300 3232 "-" "nova/33.1.0.dev30 keystonemiddleware.auth_token/12.0.0 keystoneauth1/5.13.1 python-requests/2.32.5 CPython/3.12.3"
199.204.45.155 - - [02/Apr/2026:10:47:48 +0000] "POST /identity/v3/auth/tokens HTTP/1.1" 201 8105 "-" "nova/33.1.0.dev30 keystonemiddleware.auth_token/12.0.0 keystoneauth1/5.13.1 python-requests/2.32.5 CPython/3.12.3"
199.204.45.155 - - [02/Apr/2026:10:47:48 +0000] "GET /identity HTTP/1.1" 300 3232 "-" "uwsgi keystoneauth1/5.13.1 python-requests/2.32.5 CPython/3.12.3"
199.204.45.155 - - [02/Apr/2026:10:47:48 +0000] "POST /identity/v3/auth/tokens HTTP/1.1" 201 8105 "-" "uwsgi keystoneauth1/5.13.1 python-requests/2.32.5 CPython/3.12.3"
199.204.45.155 - - [02/Apr/2026:10:47:48 +0000] "GET /identity HTTP/1.1" 300 3232 "-" "glance/32.1.0.dev13 keystonemiddleware.auth_token/12.0.0 keystoneauth1/5.13.1 python-requests/2.32.5 CPython/3.12.3"
199.204.45.155 - - [02/Apr/2026:10:47:48 +0000] "POST /identity/v3/auth/tokens HTTP/1.1" 201 8107 "-" "glance/32.1.0.dev13 keystonemiddleware.auth_token/12.0.0 keystoneauth1/5.13.1 python-requests/2.32.5 CPython/3.12.3"
199.204.45.155 - - [02/Apr/2026:10:47:48 +0000] "GET /identity/v3/auth/tokens HTTP/1.1" 200 8100 "-" "python-keystoneclient"
199.204.45.155 - - [02/Apr/2026:10:47:48 +0000] "GET /image/v2/images/d99a6ad8-01d1-480e-9cc8-8aa9480edba5 HTTP/1.1" 200 3870 "-" "python-glanceclient"
199.204.45.155 - - [02/Apr/2026:10:47:48 +0000] "GET /image/v2/schemas/image HTTP/1.1" 200 8961 "-" "python-glanceclient"
199.204.45.155 - - [02/Apr/2026:10:47:48 +0000] "GET /networking/v2.0/ports/4a9cba05-cbd0-4ca5-89ae-943fd170896b HTTP/1.1" 200 3658 "-" "python-neutronclient"
199.204.45.155 - - [02/Apr/2026:10:47:49 +0000] "GET /identity HTTP/1.1" 300 3232 "-" "uwsgi keystoneauth1/5.13.1 python-requests/2.32.5 CPython/3.12.3"
199.204.45.155 - - [02/Apr/2026:10:47:49 +0000] "POST /identity/v3/auth/tokens HTTP/1.1" 201 8105 "-" "uwsgi keystoneauth1/5.13.1 python-requests/2.32.5 CPython/3.12.3"
199.204.45.155 - - [02/Apr/2026:10:47:49 +0000] "GET /identity/v3/auth/tokens?allow_expired=1 HTTP/1.1" 200 8100 "-" "python-keystoneclient"
199.204.45.155 - - [02/Apr/2026:10:47:49 +0000] "GET /networking/v2.0/extensions HTTP/1.1" 200 18131 "-" "python-neutronclient"
199.204.45.155 - - [02/Apr/2026:10:47:49 +0000] "GET /networking/v2.0/ports/4a9cba05-cbd0-4ca5-89ae-943fd170896b?fields=binding%3Avnic_type&fields=binding%3Aprofile&fields=network_id&fields=resource_request&fields=numa_affinity_policy&fields=device_profile HTTP/1.1" 200 2989 "-" "python-neutronclient"
199.204.45.155 - - [02/Apr/2026:10:47:49 +0000] "GET /networking/v2.0/networks/069dbc3a-31ae-4cb5-b10a-ccca97348dc8?fields=segments HTTP/1.1" 200 2890 "-" "python-neutronclient"
199.204.45.155 - - [02/Apr/2026:10:47:49 +0000] "GET /networking/v2.0/networks/069dbc3a-31ae-4cb5-b10a-ccca97348dc8?fields=provider%3Aphysical_network&fields=provider%3Anetwork_type HTTP/1.1" 200 2955 "-" "python-neutronclient"
199.204.45.155 - - [02/Apr/2026:10:47:49 +0000] "GET /networking/v2.0/ports/4a9cba05-cbd0-4ca5-89ae-943fd170896b HTTP/1.1" 200 3658 "-" "python-neutronclient"
172.18.0.2 - - [02/Apr/2026:10:47:48 +0000] "POST /compute/v2.1/servers HTTP/1.1" 202 3527 "-" "cluster-api-provider-openstack/v0.12.4 gophercloud/v2.7.0"
199.204.45.155 - - [02/Apr/2026:10:47:49 +0000] "GET /identity HTTP/1.1" 300 3232 "-" "openstacksdk/4.10.0 keystoneauth1/5.13.1 python-requests/2.32.5 CPython/3.12.3"
199.204.45.155 - - [02/Apr/2026:10:47:49 +0000] "POST /identity/v3/auth/tokens HTTP/1.1" 201 8058 "-" "openstacksdk/4.10.0 keystoneauth1/5.13.1 python-requests/2.32.5 CPython/3.12.3"
172.18.0.2 - - [02/Apr/2026:10:47:49 +0000] "GET /networking/v2.0/ports?id=4a9cba05-cbd0-4ca5-89ae-943fd170896b&name=kube-i234o-788rn-g2tg8-0&network_id=069dbc3a-31ae-4cb5-b10a-ccca97348dc8 HTTP/1.1" 200 3630 "-" "cluster-api-provider-openstack/v0.12.4 gophercloud/v2.7.0"
172.18.0.2 - - [02/Apr/2026:10:47:49 +0000] "GET /compute/v2.1/ HTTP/1.1" 200 3432 "-" "cluster-api-provider-openstack/v0.12.4 gophercloud/v2.7.0"
199.204.45.155 - - [02/Apr/2026:10:47:49 +0000] "GET /identity HTTP/1.1" 300 3232 "-" "nova-scheduler keystoneauth1/5.13.1 python-requests/2.32.5 CPython/3.12.3"
199.204.45.155 - - [02/Apr/2026:10:47:49 +0000] "GET /identity HTTP/1.1" 300 3232 "-" "uwsgi keystoneauth1/5.13.1 python-requests/2.32.5 CPython/3.12.3"
199.204.45.155 - - [02/Apr/2026:10:47:49 +0000] "POST /identity/v3/auth/tokens HTTP/1.1" 201 8105 "-" "nova-scheduler keystoneauth1/5.13.1 python-requests/2.32.5 CPython/3.12.3"
199.204.45.155 - - [02/Apr/2026:10:47:50 +0000] "POST /identity/v3/auth/tokens HTTP/1.1" 201 8105 "-" "uwsgi keystoneauth1/5.13.1 python-requests/2.32.5 CPython/3.12.3"
199.204.45.155 - - [02/Apr/2026:10:47:50 +0000] "GET /identity/v3/auth/tokens HTTP/1.1" 200 8100 "-" "python-keystoneclient"
199.204.45.155 - - [02/Apr/2026:10:47:50 +0000] "GET /identity/v3/auth/tokens HTTP/1.1" 200 8053 "-" "python-keystoneclient"
199.204.45.155 - - [02/Apr/2026:10:47:50 +0000] "GET /identity/v3/auth/tokens HTTP/1.1" 200 8100 "-" "python-keystoneclient"
199.204.45.155 - - [02/Apr/2026:10:47:50 +0000] "GET /networking/v2.0/ports/4a9cba05-cbd0-4ca5-89ae-943fd170896b HTTP/1.1" 200 3658 "-" "python-neutronclient"
199.204.45.155 - - [02/Apr/2026:10:47:50 +0000] "GET /networking/v2.0/ports?device_id=139df403-81f8-4af5-a5bf-a80c94d7fcb9 HTTP/1.1" 200 2888 "-" "python-neutronclient"
199.204.45.155 - - [02/Apr/2026:10:47:50 +0000] "POST /identity/v3/auth/tokens HTTP/1.1" 201 7632 "-" "uwsgi keystoneauth1/5.13.1 python-requests/2.32.5 CPython/3.12.3"
172.18.0.2 - - [02/Apr/2026:10:47:49 +0000] "GET /compute/v2.1/servers/139df403-81f8-4af5-a5bf-a80c94d7fcb9 HTTP/1.1" 200 4298 "-" "cluster-api-provider-openstack/v0.12.4 gophercloud/v2.7.0"
199.204.45.155 - - [02/Apr/2026:10:47:50 +0000] "GET /identity HTTP/1.1" 300 3232 "-" "placement/unknown keystonemiddleware.auth_token/12.0.0 keystoneauth1/5.13.1 python-requests/2.32.5 CPython/3.12.3"
199.204.45.155 - - [02/Apr/2026:10:47:50 +0000] "POST /identity/v3/auth/tokens HTTP/1.1" 201 7632 "-" "uwsgi keystoneauth1/5.13.1 python-requests/2.32.5 CPython/3.12.3"
199.204.45.155 - - [02/Apr/2026:10:47:50 +0000] "POST /identity/v3/auth/tokens HTTP/1.1" 201 8110 "-" "placement/unknown keystonemiddleware.auth_token/12.0.0 keystoneauth1/5.13.1 python-requests/2.32.5 CPython/3.12.3"
172.18.0.2 - - [02/Apr/2026:10:47:50 +0000] "GET /networking/v2.0/ports?id=4a9cba05-cbd0-4ca5-89ae-943fd170896b&name=kube-i234o-788rn-g2tg8-0&network_id=069dbc3a-31ae-4cb5-b10a-ccca97348dc8 HTTP/1.1" 200 3630 "-" "cluster-api-provider-openstack/v0.12.4 gophercloud/v2.7.0"
199.204.45.155 - - [02/Apr/2026:10:47:50 +0000] "POST /identity/v3/auth/tokens HTTP/1.1" 201 7632 "-" "uwsgi keystoneauth1/5.13.1 python-requests/2.32.5 CPython/3.12.3"
172.18.0.2 - - [02/Apr/2026:10:47:50 +0000] "GET /compute/v2.1/ HTTP/1.1" 200 3432 "-" "cluster-api-provider-openstack/v0.12.4 gophercloud/v2.7.0"
199.204.45.155 - - [02/Apr/2026:10:47:50 +0000] "GET /identity/v3/auth/tokens HTTP/1.1" 200 8100 "-" "python-keystoneclient"
199.204.45.155 - - [02/Apr/2026:10:47:50 +0000] "GET /container-infra/v1/clusters/k8s-cluster HTTP/1.1" 200 4711 "-" "python-urllib3/2.6.3"
199.204.45.155 - - [02/Apr/2026:10:47:50 +0000] "GET /placement/allocation_candidates?resources=DISK_GB%3A80%2CMEMORY_MB%3A8192%2CVCPU%3A4&root_required=%21COMPUTE_STATUS_DISABLED HTTP/1.1" 200 5547 "-" "nova-scheduler keystoneauth1/5.13.1 python-requests/2.32.5 CPython/3.12.3"
199.204.45.155 - - [02/Apr/2026:10:47:50 +0000] "GET /networking/v2.0/ports?device_id=139df403-81f8-4af5-a5bf-a80c94d7fcb9 HTTP/1.1" 200 2888 "-" "python-neutronclient"
172.18.0.2 - - [02/Apr/2026:10:47:50 +0000] "GET /compute/v2.1/servers/139df403-81f8-4af5-a5bf-a80c94d7fcb9 HTTP/1.1" 200 4298 "-" "cluster-api-provider-openstack/v0.12.4 gophercloud/v2.7.0"
199.204.45.155 - - [02/Apr/2026:10:47:50 +0000] "GET /placement/allocations/139df403-81f8-4af5-a5bf-a80c94d7fcb9 HTTP/1.1" 200 3034 "-" "nova-scheduler keystoneauth1/5.13.1 python-requests/2.32.5 CPython/3.12.3"
199.204.45.155 - - [02/Apr/2026:10:47:50 +0000] "PUT /placement/allocations/139df403-81f8-4af5-a5bf-a80c94d7fcb9 HTTP/1.1" 204 2900 "-" "nova-scheduler keystoneauth1/5.13.1 python-requests/2.32.5 CPython/3.12.3"
199.204.45.155 - - [02/Apr/2026:10:47:52 +0000] "GET /placement/allocations/139df403-81f8-4af5-a5bf-a80c94d7fcb9 HTTP/1.1" 200 3275 "-" "nova-compute keystoneauth1/5.13.1 python-requests/2.32.5 CPython/3.12.3"
199.204.45.155 - - [02/Apr/2026:10:47:53 +0000] "GET /placement/resource_providers/3cb89fd2-be32-408d-8b76-43f33f6b49e4/allocations HTTP/1.1" 200 3098 "-" "nova-compute keystoneauth1/5.13.1 python-requests/2.32.5 CPython/3.12.3"
199.204.45.155 - - [02/Apr/2026:10:47:53 +0000] "GET /placement/allocations/139df403-81f8-4af5-a5bf-a80c94d7fcb9 HTTP/1.1" 200 3275 "-" "nova-compute keystoneauth1/5.13.1 python-requests/2.32.5 CPython/3.12.3"
199.204.45.155 - - [02/Apr/2026:10:47:54 +0000] "GET /identity HTTP/1.1" 300 3232 "-" "nova-compute keystoneauth1/5.13.1 python-requests/2.32.5 CPython/3.12.3"
199.204.45.155 - - [02/Apr/2026:10:47:54 +0000] "POST /identity/v3/auth/tokens HTTP/1.1" 201 8105 "-" "nova-compute keystoneauth1/5.13.1 python-requests/2.32.5 CPython/3.12.3"
199.204.45.155 - - [02/Apr/2026:10:47:55 +0000] "POST /identity/v3/auth/tokens HTTP/1.1" 201 8105 "-" "nova-compute keystoneauth1/5.13.1 python-requests/2.32.5 CPython/3.12.3"
199.204.45.155 - - [02/Apr/2026:10:47:55 +0000] "GET /identity/v3/auth/tokens HTTP/1.1" 200 8100 "-" "python-keystoneclient"
199.204.45.155 - - [02/Apr/2026:10:47:55 +0000] "GET /identity/v3/auth/tokens?allow_expired=1 HTTP/1.1" 200 8100 "-" "python-keystoneclient"
199.204.45.155 - - [02/Apr/2026:10:47:55 +0000] "GET /networking/v2.0/ports/4a9cba05-cbd0-4ca5-89ae-943fd170896b HTTP/1.1" 200 3754 "-" "python-neutronclient"
199.204.45.155 - - [02/Apr/2026:10:47:55 +0000] "GET /networking/v2.0/networks?id=069dbc3a-31ae-4cb5-b10a-ccca97348dc8 HTTP/1.1" 200 3521 "-" "python-neutronclient"
199.204.45.155 - - [02/Apr/2026:10:47:55 +0000] "GET /networking/v2.0/extensions HTTP/1.1" 200 18131 "-" "python-neutronclient"
199.204.45.155 - - [02/Apr/2026:10:47:55 +0000] "PUT /networking/v2.0/ports/4a9cba05-cbd0-4ca5-89ae-943fd170896b HTTP/1.1" 200 3948 "-" "python-neutronclient"
199.204.45.155 - - [02/Apr/2026:10:47:55 +0000] "GET /identity HTTP/1.1" 300 3232 "-" "uwsgi keystoneauth1/5.13.1 python-requests/2.32.5 CPython/3.12.3"
199.204.45.155 - - [02/Apr/2026:10:47:56 +0000] "POST /identity/v3/auth/tokens HTTP/1.1" 201 8105 "-" "uwsgi keystoneauth1/5.13.1 python-requests/2.32.5 CPython/3.12.3"
199.204.45.155 - - [02/Apr/2026:10:47:56 +0000] "GET /identity HTTP/1.1" 300 3232 "-" "nova/33.1.0.dev30 keystonemiddleware.auth_token/12.0.0 keystoneauth1/5.13.1 python-requests/2.32.5 CPython/3.12.3"
199.204.45.155 - - [02/Apr/2026:10:47:56 +0000] "POST /identity/v3/auth/tokens HTTP/1.1" 201 8105 "-" "nova/33.1.0.dev30 keystonemiddleware.auth_token/12.0.0 keystoneauth1/5.13.1 python-requests/2.32.5 CPython/3.12.3"
199.204.45.155 - - [02/Apr/2026:10:47:56 +0000] "GET /identity/v3/auth/tokens HTTP/1.1" 200 8100 "-" "python-keystoneclient"
199.204.45.155 - - [02/Apr/2026:10:47:56 +0000] "POST /compute/v2.1/os-server-external-events HTTP/1.1" 200 3249 "-" "python-novaclient"
199.204.45.155 - - [02/Apr/2026:10:47:56 +0000] "GET /identity HTTP/1.1" 300 3232 "-" "openstacksdk/4.10.0 keystoneauth1/5.13.1 python-requests/2.32.5 CPython/3.12.3"
199.204.45.155 - - [02/Apr/2026:10:47:56 +0000] "POST /identity/v3/auth/tokens HTTP/1.1" 201 8058 "-" "openstacksdk/4.10.0 keystoneauth1/5.13.1 python-requests/2.32.5 CPython/3.12.3"
199.204.45.155 - - [02/Apr/2026:10:47:56 +0000] "GET /identity/v3/auth/tokens HTTP/1.1" 200 8053 "-" "python-keystoneclient"
199.204.45.155 - - [02/Apr/2026:10:47:56 +0000] "POST /identity/v3/auth/tokens HTTP/1.1" 201 7632 "-" "uwsgi keystoneauth1/5.13.1 python-requests/2.32.5 CPython/3.12.3"
199.204.45.155 - - [02/Apr/2026:10:47:56 +0000] "GET /networking/v2.0/ports?tenant_id=c82f69169c904a86bfb6fb3a496042f3&device_id=139df403-81f8-4af5-a5bf-a80c94d7fcb9 HTTP/1.1" 200 3951 "-" "python-neutronclient"
199.204.45.155 - - [02/Apr/2026:10:47:56 +0000] "POST /identity/v3/auth/tokens HTTP/1.1" 201 7632 "-" "uwsgi keystoneauth1/5.13.1 python-requests/2.32.5 CPython/3.12.3"
199.204.45.155 - - [02/Apr/2026:10:47:56 +0000] "POST /identity/v3/auth/tokens HTTP/1.1" 201 7632 "-" "uwsgi keystoneauth1/5.13.1 python-requests/2.32.5 CPython/3.12.3"
199.204.45.155 - - [02/Apr/2026:10:47:56 +0000] "GET /container-infra/v1/clusters/k8s-cluster HTTP/1.1" 200 4707 "-" "python-urllib3/2.6.3"
199.204.45.155 - - [02/Apr/2026:10:47:56 +0000] "GET /networking/v2.0/networks?tenant_id=c82f69169c904a86bfb6fb3a496042f3&shared=False HTTP/1.1" 200 3620 "-" "python-neutronclient"
199.204.45.155 - - [02/Apr/2026:10:47:56 +0000] "GET /networking/v2.0/networks?shared=True HTTP/1.1" 200 2891 "-" "python-neutronclient"
199.204.45.155 - - [02/Apr/2026:10:47:57 +0000] "GET /image/v2/images/d99a6ad8-01d1-480e-9cc8-8aa9480edba5 HTTP/1.1" 200 3870 "-" "python-glanceclient"
199.204.45.155 - - [02/Apr/2026:10:47:58 +0000] "GET /networking/v2.0/ports?tenant_id=c82f69169c904a86bfb6fb3a496042f3&device_id=139df403-81f8-4af5-a5bf-a80c94d7fcb9 HTTP/1.1" 200 3951 "-" "python-neutronclient"
199.204.45.155 - - [02/Apr/2026:10:47:58 +0000] "GET /networking/v2.0/floatingips?fixed_ip_address=192.168.24.158&port_id=4a9cba05-cbd0-4ca5-89ae-943fd170896b HTTP/1.1" 200 2895 "-" "python-neutronclient"
199.204.45.155 - - [02/Apr/2026:10:47:58 +0000] "GET /networking/v2.0/subnets?id=39abd097-9d61-4651-80f8-797cbfe2dab3 HTTP/1.1" 200 3645 "-" "python-neutronclient"
199.204.45.155 - - [02/Apr/2026:10:47:58 +0000] "GET /networking/v2.0/ports?network_id=069dbc3a-31ae-4cb5-b10a-ccca97348dc8&device_owner=network%3Adhcp HTTP/1.1" 200 2888 "-" "python-neutronclient"
199.204.45.155 - - [02/Apr/2026:10:47:58 +0000] "GET /networking/v2.0/networks/069dbc3a-31ae-4cb5-b10a-ccca97348dc8?fields=segments HTTP/1.1" 200 2890 "-" "python-neutronclient"
199.204.45.155 - - [02/Apr/2026:10:47:58 +0000] "GET /networking/v2.0/networks/069dbc3a-31ae-4cb5-b10a-ccca97348dc8?fields=provider%3Aphysical_network&fields=provider%3Anetwork_type HTTP/1.1" 200 2955 "-" "python-neutronclient"
172.18.0.2 - - [02/Apr/2026:10:47:59 +0000] "GET /networking/v2.0/ports?id=4a9cba05-cbd0-4ca5-89ae-943fd170896b&name=kube-i234o-788rn-g2tg8-0&network_id=069dbc3a-31ae-4cb5-b10a-ccca97348dc8 HTTP/1.1" 200 3678 "-" "cluster-api-provider-openstack/v0.12.4 gophercloud/v2.7.0"
172.18.0.2 - - [02/Apr/2026:10:47:59 +0000] "GET /compute/v2.1/ HTTP/1.1" 200 3432 "-" "cluster-api-provider-openstack/v0.12.4 gophercloud/v2.7.0"
199.204.45.155 - - [02/Apr/2026:10:48:00 +0000] "GET /identity HTTP/1.1" 300 3232 "-" "nova/33.1.0.dev30 keystonemiddleware.auth_token/12.0.0 keystoneauth1/5.13.1 python-requests/2.32.5 CPython/3.12.3"
199.204.45.155 - - [02/Apr/2026:10:48:00 +0000] "POST /identity/v3/auth/tokens HTTP/1.1" 201 8105 "-" "nova/33.1.0.dev30 keystonemiddleware.auth_token/12.0.0 keystoneauth1/5.13.1 python-requests/2.32.5 CPython/3.12.3"
199.204.45.155 - - [02/Apr/2026:10:48:00 +0000] "GET /identity HTTP/1.1" 300 3232 "-" "uwsgi keystoneauth1/5.13.1 python-requests/2.32.5 CPython/3.12.3"
199.204.45.155 - - [02/Apr/2026:10:48:00 +0000] "POST /identity/v3/auth/tokens HTTP/1.1" 201 8105 "-" "uwsgi keystoneauth1/5.13.1 python-requests/2.32.5 CPython/3.12.3"
199.204.45.155 - - [02/Apr/2026:10:48:00 +0000] "GET /identity/v3/auth/tokens HTTP/1.1" 200 8100 "-" "python-keystoneclient"
199.204.45.155 - - [02/Apr/2026:10:48:00 +0000] "GET /networking/v2.0/ports?device_id=139df403-81f8-4af5-a5bf-a80c94d7fcb9 HTTP/1.1" 200 3709 "-" "python-neutronclient"
199.204.45.155 - - [02/Apr/2026:10:48:00 +0000] "GET /networking/v2.0/security-groups?id=0144a05f-73bd-453d-86ef-1eca0f27a2ba&fields=id&fields=name HTTP/1.1" 200 3016 "-" "python-neutronclient"
172.18.0.2 - - [02/Apr/2026:10:47:59 +0000] "GET /compute/v2.1/servers/139df403-81f8-4af5-a5bf-a80c94d7fcb9 HTTP/1.1" 200 4445 "-" "cluster-api-provider-openstack/v0.12.4 gophercloud/v2.7.0"
199.204.45.155 - - [02/Apr/2026:10:47:57 +0000] "GET /image/v2/images/d99a6ad8-01d1-480e-9cc8-8aa9480edba5/file HTTP/1.1" 200 867013779 "-" "python-glanceclient"
199.204.45.155 - - [02/Apr/2026:10:48:03 +0000] "GET /identity HTTP/1.1" 300 3232 "-" "openstacksdk/4.10.0 keystoneauth1/5.13.1 python-requests/2.32.5 CPython/3.12.3"
199.204.45.155 - - [02/Apr/2026:10:48:03 +0000] "POST /identity/v3/auth/tokens HTTP/1.1" 201 8058 "-" "openstacksdk/4.10.0 keystoneauth1/5.13.1 python-requests/2.32.5 CPython/3.12.3"
199.204.45.155 - - [02/Apr/2026:10:48:03 +0000] "GET /identity/v3/auth/tokens HTTP/1.1" 200 8053 "-" "python-keystoneclient"
199.204.45.155 - - [02/Apr/2026:10:48:03 +0000] "POST /identity/v3/auth/tokens HTTP/1.1" 201 7632 "-" "uwsgi keystoneauth1/5.13.1 python-requests/2.32.5 CPython/3.12.3"
199.204.45.155 - - [02/Apr/2026:10:48:03 +0000] "POST /identity/v3/auth/tokens HTTP/1.1" 201 7632 "-" "uwsgi keystoneauth1/5.13.1 python-requests/2.32.5 CPython/3.12.3"
199.204.45.155 - - [02/Apr/2026:10:48:03 +0000] "POST /identity/v3/auth/tokens HTTP/1.1" 201 7632 "-" "uwsgi keystoneauth1/5.13.1 python-requests/2.32.5 CPython/3.12.3"
199.204.45.155 - - [02/Apr/2026:10:48:03 +0000] "GET /container-infra/v1/clusters/k8s-cluster HTTP/1.1" 200 4707 "-" "python-urllib3/2.6.3"
199.204.45.155 - - [02/Apr/2026:10:48:04 +0000] "GET /image/v2/images/d99a6ad8-01d1-480e-9cc8-8aa9480edba5 HTTP/1.1" 200 3870 "-" "python-glanceclient"
199.204.45.155 - - [02/Apr/2026:10:48:04 +0000] "GET /image/v2/schemas/image HTTP/1.1" 200 8961 "-" "python-glanceclient"
199.204.45.155 - - [02/Apr/2026:10:48:09 +0000] "GET /identity HTTP/1.1" 300 3232 "-" "openstacksdk/4.10.0 keystoneauth1/5.13.1 python-requests/2.32.5 CPython/3.12.3"
199.204.45.155 - - [02/Apr/2026:10:48:09 +0000] "POST /identity/v3/auth/tokens HTTP/1.1" 201 8058 "-" "openstacksdk/4.10.0 keystoneauth1/5.13.1 python-requests/2.32.5 CPython/3.12.3"
199.204.45.155 - - [02/Apr/2026:10:48:10 +0000] "GET /identity/v3/auth/tokens HTTP/1.1" 200 8053 "-" "python-keystoneclient"
199.204.45.155 - - [02/Apr/2026:10:48:10 +0000] "POST /identity/v3/auth/tokens HTTP/1.1" 201 7632 "-" "uwsgi keystoneauth1/5.13.1 python-requests/2.32.5 CPython/3.12.3"
199.204.45.155 - - [02/Apr/2026:10:48:10 +0000] "POST /identity/v3/auth/tokens HTTP/1.1" 201 7632 "-" "uwsgi keystoneauth1/5.13.1 python-requests/2.32.5 CPython/3.12.3"
199.204.45.155 - - [02/Apr/2026:10:48:10 +0000] "POST /identity/v3/auth/tokens HTTP/1.1" 201 7632 "-" "uwsgi keystoneauth1/5.13.1 python-requests/2.32.5 CPython/3.12.3"
199.204.45.155 - - [02/Apr/2026:10:48:10 +0000] "GET /container-infra/v1/clusters/k8s-cluster HTTP/1.1" 200 4707 "-" "python-urllib3/2.6.3"
172.18.0.2 - - [02/Apr/2026:10:48:10 +0000] "GET /networking/v2.0/ports?id=4a9cba05-cbd0-4ca5-89ae-943fd170896b&name=kube-i234o-788rn-g2tg8-0&network_id=069dbc3a-31ae-4cb5-b10a-ccca97348dc8 HTTP/1.1" 200 3678 "-" "cluster-api-provider-openstack/v0.12.4 gophercloud/v2.7.0"
172.18.0.2 - - [02/Apr/2026:10:48:11 +0000] "GET /compute/v2.1/ HTTP/1.1" 200 3432 "-" "cluster-api-provider-openstack/v0.12.4 gophercloud/v2.7.0"
199.204.45.155 - - [02/Apr/2026:10:48:11 +0000] "GET /identity HTTP/1.1" 300 3232 "-" "uwsgi keystoneauth1/5.13.1 python-requests/2.32.5 CPython/3.12.3"
199.204.45.155 - - [02/Apr/2026:10:48:11 +0000] "POST /identity/v3/auth/tokens HTTP/1.1" 201 8105 "-" "uwsgi keystoneauth1/5.13.1 python-requests/2.32.5 CPython/3.12.3"
199.204.45.155 - - [02/Apr/2026:10:48:11 +0000] "GET /identity/v3/auth/tokens HTTP/1.1" 200 8100 "-" "python-keystoneclient"
199.204.45.155 - - [02/Apr/2026:10:48:11 +0000] "GET /networking/v2.0/ports?device_id=139df403-81f8-4af5-a5bf-a80c94d7fcb9 HTTP/1.1" 200 3709 "-" "python-neutronclient"
199.204.45.155 - - [02/Apr/2026:10:48:11 +0000] "GET /networking/v2.0/security-groups?id=0144a05f-73bd-453d-86ef-1eca0f27a2ba&fields=id&fields=name HTTP/1.1" 200 3016 "-" "python-neutronclient"
172.18.0.2 - - [02/Apr/2026:10:48:11 +0000] "GET /compute/v2.1/servers/139df403-81f8-4af5-a5bf-a80c94d7fcb9 HTTP/1.1" 200 4445 "-" "cluster-api-provider-openstack/v0.12.4 gophercloud/v2.7.0"
199.204.45.155 - - [02/Apr/2026:10:48:16 +0000] "GET /identity HTTP/1.1" 300 3232 "-" "openstacksdk/4.10.0 keystoneauth1/5.13.1 python-requests/2.32.5 CPython/3.12.3"
199.204.45.155 - - [02/Apr/2026:10:48:16 +0000] "POST /identity/v3/auth/tokens HTTP/1.1" 201 8058 "-" "openstacksdk/4.10.0 keystoneauth1/5.13.1 python-requests/2.32.5 CPython/3.12.3"
199.204.45.155 - - [02/Apr/2026:10:48:16 +0000] "GET /identity/v3/auth/tokens HTTP/1.1" 200 8053 "-" "python-keystoneclient"
199.204.45.155 - - [02/Apr/2026:10:48:16 +0000] "POST /identity/v3/auth/tokens HTTP/1.1" 201 7632 "-" "uwsgi keystoneauth1/5.13.1 python-requests/2.32.5 CPython/3.12.3"
199.204.45.155 - - [02/Apr/2026:10:48:16 +0000] "POST /identity/v3/auth/tokens HTTP/1.1" 201 7632 "-" "uwsgi keystoneauth1/5.13.1 python-requests/2.32.5 CPython/3.12.3"
199.204.45.155 - - [02/Apr/2026:10:48:16 +0000] "POST /identity/v3/auth/tokens HTTP/1.1" 201 7632 "-" "uwsgi keystoneauth1/5.13.1 python-requests/2.32.5 CPython/3.12.3"
199.204.45.155 - - [02/Apr/2026:10:48:16 +0000] "GET /container-infra/v1/clusters/k8s-cluster HTTP/1.1" 200 4707 "-" "python-urllib3/2.6.3"
172.18.0.2 - - [02/Apr/2026:10:48:21 +0000] "GET /networking/v2.0/ports?id=4a9cba05-cbd0-4ca5-89ae-943fd170896b&name=kube-i234o-788rn-g2tg8-0&network_id=069dbc3a-31ae-4cb5-b10a-ccca97348dc8 HTTP/1.1" 200 3678 "-" "cluster-api-provider-openstack/v0.12.4 gophercloud/v2.7.0"
172.18.0.2 - - [02/Apr/2026:10:48:21 +0000] "GET /compute/v2.1/ HTTP/1.1" 200 3432 "-" "cluster-api-provider-openstack/v0.12.4 gophercloud/v2.7.0"
199.204.45.155 - - [02/Apr/2026:10:48:21 +0000] "GET /networking/v2.0/ports?device_id=139df403-81f8-4af5-a5bf-a80c94d7fcb9 HTTP/1.1" 200 3709 "-" "python-neutronclient"
199.204.45.155 - - [02/Apr/2026:10:48:21 +0000] "GET /networking/v2.0/security-groups?id=0144a05f-73bd-453d-86ef-1eca0f27a2ba&fields=id&fields=name HTTP/1.1" 200 3016 "-" "python-neutronclient"
172.18.0.2 - - [02/Apr/2026:10:48:21 +0000] "GET /compute/v2.1/servers/139df403-81f8-4af5-a5bf-a80c94d7fcb9 HTTP/1.1" 200 4445 "-" "cluster-api-provider-openstack/v0.12.4 gophercloud/v2.7.0"
199.204.45.155 - - [02/Apr/2026:10:48:23 +0000] "GET /identity HTTP/1.1" 300 3232 "-" "openstacksdk/4.10.0 keystoneauth1/5.13.1 python-requests/2.32.5 CPython/3.12.3"
199.204.45.155 - - [02/Apr/2026:10:48:23 +0000] "POST /identity/v3/auth/tokens HTTP/1.1" 201 8058 "-" "openstacksdk/4.10.0 keystoneauth1/5.13.1 python-requests/2.32.5 CPython/3.12.3"
199.204.45.155 - - [02/Apr/2026:10:48:23 +0000] "GET /identity/v3/auth/tokens HTTP/1.1" 200 8053 "-" "python-keystoneclient"
199.204.45.155 - - [02/Apr/2026:10:48:23 +0000] "POST /identity/v3/auth/tokens HTTP/1.1" 201 7632 "-" "uwsgi keystoneauth1/5.13.1 python-requests/2.32.5 CPython/3.12.3"
199.204.45.155 - - [02/Apr/2026:10:48:23 +0000] "POST /identity/v3/auth/tokens HTTP/1.1" 201 7632 "-" "uwsgi keystoneauth1/5.13.1 python-requests/2.32.5 CPython/3.12.3"
199.204.45.155 - - [02/Apr/2026:10:48:23 +0000] "POST /identity/v3/auth/tokens HTTP/1.1" 201 7632 "-" "uwsgi keystoneauth1/5.13.1 python-requests/2.32.5 CPython/3.12.3"
199.204.45.155 - - [02/Apr/2026:10:48:23 +0000] "GET /container-infra/v1/clusters/k8s-cluster HTTP/1.1" 200 4891 "-" "python-urllib3/2.6.3"
172.18.0.2 - - [02/Apr/2026:10:48:28 +0000] "GET /networking/v2.0/ports?id=4a9cba05-cbd0-4ca5-89ae-943fd170896b&name=kube-i234o-788rn-g2tg8-0&network_id=069dbc3a-31ae-4cb5-b10a-ccca97348dc8 HTTP/1.1" 200 3678 "-" "cluster-api-provider-openstack/v0.12.4 gophercloud/v2.7.0"
172.18.0.2 - - [02/Apr/2026:10:48:29 +0000] "GET /compute/v2.1/ HTTP/1.1" 200 3432 "-" "cluster-api-provider-openstack/v0.12.4 gophercloud/v2.7.0"
199.204.45.155 - - [02/Apr/2026:10:48:29 +0000] "GET /networking/v2.0/ports?device_id=139df403-81f8-4af5-a5bf-a80c94d7fcb9 HTTP/1.1" 200 3709 "-" "python-neutronclient"
199.204.45.155 - - [02/Apr/2026:10:48:29 +0000] "GET /networking/v2.0/security-groups?id=0144a05f-73bd-453d-86ef-1eca0f27a2ba&fields=id&fields=name HTTP/1.1" 200 3016 "-" "python-neutronclient"
172.18.0.2 - - [02/Apr/2026:10:48:29 +0000] "GET /compute/v2.1/servers/139df403-81f8-4af5-a5bf-a80c94d7fcb9 HTTP/1.1" 200 4445 "-" "cluster-api-provider-openstack/v0.12.4 gophercloud/v2.7.0"
199.204.45.155 - - [02/Apr/2026:10:48:29 +0000] "GET /identity HTTP/1.1" 300 3232 "-" "openstacksdk/4.10.0 keystoneauth1/5.13.1 python-requests/2.32.5 CPython/3.12.3"
199.204.45.155 - - [02/Apr/2026:10:48:29 +0000] "POST /identity/v3/auth/tokens HTTP/1.1" 201 8058 "-" "openstacksdk/4.10.0 keystoneauth1/5.13.1 python-requests/2.32.5 CPython/3.12.3"
199.204.45.155 - - [02/Apr/2026:10:48:30 +0000] "GET /identity/v3/auth/tokens HTTP/1.1" 200 8053 "-" "python-keystoneclient"
199.204.45.155 - - [02/Apr/2026:10:48:30 +0000] "POST /identity/v3/auth/tokens HTTP/1.1" 201 7632 "-" "uwsgi keystoneauth1/5.13.1 python-requests/2.32.5 CPython/3.12.3"
199.204.45.155 - - [02/Apr/2026:10:48:30 +0000] "POST /identity/v3/auth/tokens HTTP/1.1" 201 7632 "-" "uwsgi keystoneauth1/5.13.1 python-requests/2.32.5 CPython/3.12.3"
199.204.45.155 - - [02/Apr/2026:10:48:30 +0000] "POST /identity/v3/auth/tokens HTTP/1.1" 201 7632 "-" "uwsgi keystoneauth1/5.13.1 python-requests/2.32.5 CPython/3.12.3"
199.204.45.155 - - [02/Apr/2026:10:48:30 +0000] "GET /container-infra/v1/clusters/k8s-cluster HTTP/1.1" 200 4891 "-" "python-urllib3/2.6.3"
172.18.0.2 - - [02/Apr/2026:10:48:31 +0000] "GET /networking/v2.0/ports?id=4a9cba05-cbd0-4ca5-89ae-943fd170896b&name=kube-i234o-788rn-g2tg8-0&network_id=069dbc3a-31ae-4cb5-b10a-ccca97348dc8 HTTP/1.1" 200 3678 "-" "cluster-api-provider-openstack/v0.12.4 gophercloud/v2.7.0"
172.18.0.2 - - [02/Apr/2026:10:48:32 +0000] "GET /compute/v2.1/ HTTP/1.1" 200 3432 "-" "cluster-api-provider-openstack/v0.12.4 gophercloud/v2.7.0"
199.204.45.155 - - [02/Apr/2026:10:48:32 +0000] "GET /networking/v2.0/ports?device_id=139df403-81f8-4af5-a5bf-a80c94d7fcb9 HTTP/1.1" 200 3709 "-" "python-neutronclient"
199.204.45.155 - - [02/Apr/2026:10:48:32 +0000] "GET /networking/v2.0/security-groups?id=0144a05f-73bd-453d-86ef-1eca0f27a2ba&fields=id&fields=name HTTP/1.1" 200 3016 "-" "python-neutronclient"
172.18.0.2 - - [02/Apr/2026:10:48:32 +0000] "GET /compute/v2.1/servers/139df403-81f8-4af5-a5bf-a80c94d7fcb9 HTTP/1.1" 200 4445 "-" "cluster-api-provider-openstack/v0.12.4 gophercloud/v2.7.0"
199.204.45.155 - - [02/Apr/2026:10:48:34 +0000] "POST /compute/v2.1/os-server-external-events HTTP/1.1" 200 3253 "-" "python-novaclient"
199.204.45.155 - - [02/Apr/2026:10:48:36 +0000] "GET /identity HTTP/1.1" 300 3232 "-" "openstacksdk/4.10.0 keystoneauth1/5.13.1 python-requests/2.32.5 CPython/3.12.3"
199.204.45.155 - - [02/Apr/2026:10:48:36 +0000] "POST /identity/v3/auth/tokens HTTP/1.1" 201 8058 "-" "openstacksdk/4.10.0 keystoneauth1/5.13.1 python-requests/2.32.5 CPython/3.12.3"
199.204.45.155 - - [02/Apr/2026:10:48:36 +0000] "GET /identity/v3/auth/tokens HTTP/1.1" 200 8053 "-" "python-keystoneclient"
199.204.45.155 - - [02/Apr/2026:10:48:36 +0000] "POST /identity/v3/auth/tokens HTTP/1.1" 201 7632 "-" "uwsgi keystoneauth1/5.13.1 python-requests/2.32.5 CPython/3.12.3"
199.204.45.155 - - [02/Apr/2026:10:48:36 +0000] "POST /identity/v3/auth/tokens HTTP/1.1" 201 7632 "-" "uwsgi keystoneauth1/5.13.1 python-requests/2.32.5 CPython/3.12.3"
199.204.45.155 - - [02/Apr/2026:10:48:37 +0000] "POST /identity/v3/auth/tokens HTTP/1.1" 201 7632 "-" "uwsgi keystoneauth1/5.13.1 python-requests/2.32.5 CPython/3.12.3"
199.204.45.155 - - [02/Apr/2026:10:48:36 +0000] "GET /container-infra/v1/clusters/k8s-cluster HTTP/1.1" 200 4891 "-" "python-urllib3/2.6.3"
199.204.45.155 - - [02/Apr/2026:10:48:37 +0000] "POST /compute/v2.1/os-server-external-events HTTP/1.1" 200 3253 "-" "python-novaclient"
172.18.0.2 - - [02/Apr/2026:10:48:42 +0000] "GET /networking/v2.0/ports?id=4a9cba05-cbd0-4ca5-89ae-943fd170896b&name=kube-i234o-788rn-g2tg8-0&network_id=069dbc3a-31ae-4cb5-b10a-ccca97348dc8 HTTP/1.1" 200 3680 "-" "cluster-api-provider-openstack/v0.12.4 gophercloud/v2.7.0"
172.18.0.2 - - [02/Apr/2026:10:48:43 +0000] "GET /compute/v2.1/ HTTP/1.1" 200 3432 "-" "cluster-api-provider-openstack/v0.12.4 gophercloud/v2.7.0"
199.204.45.155 - - [02/Apr/2026:10:48:43 +0000] "GET /networking/v2.0/ports?device_id=139df403-81f8-4af5-a5bf-a80c94d7fcb9 HTTP/1.1" 200 3711 "-" "python-neutronclient"
199.204.45.155 - - [02/Apr/2026:10:48:43 +0000] "GET /networking/v2.0/security-groups?id=0144a05f-73bd-453d-86ef-1eca0f27a2ba&fields=id&fields=name HTTP/1.1" 200 3016 "-" "python-neutronclient"
199.204.45.155 - - [02/Apr/2026:10:48:43 +0000] "GET /identity HTTP/1.1" 300 3232 "-" "openstacksdk/4.10.0 keystoneauth1/5.13.1 python-requests/2.32.5 CPython/3.12.3"
172.18.0.2 - - [02/Apr/2026:10:48:43 +0000] "GET /compute/v2.1/servers/139df403-81f8-4af5-a5bf-a80c94d7fcb9 HTTP/1.1" 200 4631 "-" "cluster-api-provider-openstack/v0.12.4 gophercloud/v2.7.0"
199.204.45.155 - - [02/Apr/2026:10:48:43 +0000] "POST /identity/v3/auth/tokens HTTP/1.1" 201 8058 "-" "openstacksdk/4.10.0 keystoneauth1/5.13.1 python-requests/2.32.5 CPython/3.12.3"
172.18.0.2 - - [02/Apr/2026:10:48:43 +0000] "GET /compute/v2.1/ HTTP/1.1" 200 3432 "-" "cluster-api-provider-openstack/v0.12.4 gophercloud/v2.7.0"
172.18.0.2 - - [02/Apr/2026:10:48:43 +0000] "GET /networking/v2.0/ports?id=4a9cba05-cbd0-4ca5-89ae-943fd170896b&name=kube-i234o-788rn-g2tg8-0&network_id=069dbc3a-31ae-4cb5-b10a-ccca97348dc8 HTTP/1.1" 200 3680 "-" "cluster-api-provider-openstack/v0.12.4 gophercloud/v2.7.0"
172.18.0.2 - - [02/Apr/2026:10:48:43 +0000] "GET /compute/v2.1/ HTTP/1.1" 200 3432 "-" "cluster-api-provider-openstack/v0.12.4 gophercloud/v2.7.0"
199.204.45.155 - - [02/Apr/2026:10:48:43 +0000] "GET /networking/v2.0/ports?device_id=139df403-81f8-4af5-a5bf-a80c94d7fcb9 HTTP/1.1" 200 3711 "-" "python-neutronclient"
199.204.45.155 - - [02/Apr/2026:10:48:43 +0000] "GET /networking/v2.0/ports?device_id=139df403-81f8-4af5-a5bf-a80c94d7fcb9 HTTP/1.1" 200 3711 "-" "python-neutronclient"
199.204.45.155 - - [02/Apr/2026:10:48:43 +0000] "GET /networking/v2.0/security-groups?id=0144a05f-73bd-453d-86ef-1eca0f27a2ba&fields=id&fields=name HTTP/1.1" 200 3016 "-" "python-neutronclient"
172.18.0.2 - - [02/Apr/2026:10:48:43 +0000] "GET /compute/v2.1/servers/139df403-81f8-4af5-a5bf-a80c94d7fcb9 HTTP/1.1" 200 4631 "-" "cluster-api-provider-openstack/v0.12.4 gophercloud/v2.7.0"
199.204.45.155 - - [02/Apr/2026:10:48:43 +0000] "GET /identity/v3/auth/tokens HTTP/1.1" 200 8053 "-" "python-keystoneclient"
199.204.45.155 - - [02/Apr/2026:10:48:43 +0000] "GET /networking/v2.0/security-groups?id=0144a05f-73bd-453d-86ef-1eca0f27a2ba&fields=id&fields=name HTTP/1.1" 200 3016 "-" "python-neutronclient"
172.18.0.2 - - [02/Apr/2026:10:48:43 +0000] "GET /compute/v2.1/servers/139df403-81f8-4af5-a5bf-a80c94d7fcb9 HTTP/1.1" 200 4631 "-" "cluster-api-provider-openstack/v0.12.4 gophercloud/v2.7.0"
199.204.45.155 - - [02/Apr/2026:10:48:43 +0000] "POST /identity/v3/auth/tokens HTTP/1.1" 201 7632 "-" "uwsgi keystoneauth1/5.13.1 python-requests/2.32.5 CPython/3.12.3"
172.18.0.2 - - [02/Apr/2026:10:48:43 +0000] "GET /networking/v2.0/ports?id=4a9cba05-cbd0-4ca5-89ae-943fd170896b&name=kube-i234o-788rn-g2tg8-0&network_id=069dbc3a-31ae-4cb5-b10a-ccca97348dc8 HTTP/1.1" 200 3680 "-" "cluster-api-provider-openstack/v0.12.4 gophercloud/v2.7.0"
199.204.45.155 - - [02/Apr/2026:10:48:43 +0000] "POST /identity/v3/auth/tokens HTTP/1.1" 201 7632 "-" "uwsgi keystoneauth1/5.13.1 python-requests/2.32.5 CPython/3.12.3"
172.18.0.2 - - [02/Apr/2026:10:48:43 +0000] "GET /compute/v2.1/ HTTP/1.1" 200 3432 "-" "cluster-api-provider-openstack/v0.12.4 gophercloud/v2.7.0"
199.204.45.155 - - [02/Apr/2026:10:48:43 +0000] "POST /identity/v3/auth/tokens HTTP/1.1" 201 7632 "-" "uwsgi keystoneauth1/5.13.1 python-requests/2.32.5 CPython/3.12.3"
199.204.45.155 - - [02/Apr/2026:10:48:43 +0000] "GET /container-infra/v1/clusters/k8s-cluster HTTP/1.1" 200 4891 "-" "python-urllib3/2.6.3"
199.204.45.155 - - [02/Apr/2026:10:48:43 +0000] "GET /networking/v2.0/ports?device_id=139df403-81f8-4af5-a5bf-a80c94d7fcb9 HTTP/1.1" 200 3711 "-" "python-neutronclient"
199.204.45.155 - - [02/Apr/2026:10:48:43 +0000] "GET /networking/v2.0/security-groups?id=0144a05f-73bd-453d-86ef-1eca0f27a2ba&fields=id&fields=name HTTP/1.1" 200 3016 "-" "python-neutronclient"
172.18.0.2 - - [02/Apr/2026:10:48:43 +0000] "GET /compute/v2.1/servers/139df403-81f8-4af5-a5bf-a80c94d7fcb9 HTTP/1.1" 200 4631 "-" "cluster-api-provider-openstack/v0.12.4 gophercloud/v2.7.0"
199.204.45.155 - - [02/Apr/2026:10:48:44 +0000] "GET /identity HTTP/1.1" 300 3232 "-" "uwsgi keystoneauth1/5.13.1 python-requests/2.32.5 CPython/3.12.3"
199.204.45.155 - - [02/Apr/2026:10:48:44 +0000] "POST /identity/v3/auth/tokens HTTP/1.1" 201 8041 "-" "uwsgi keystoneauth1/5.13.1 python-requests/2.32.5 CPython/3.12.3"
199.204.45.155 - - [02/Apr/2026:10:48:44 +0000] "GET /identity/v3/auth/tokens HTTP/1.1" 200 8036 "-" "python-keystoneclient"
199.204.45.155 - - [02/Apr/2026:10:48:44 +0000] "GET /networking/v2.0/subnets/39abd097-9d61-4651-80f8-797cbfe2dab3 HTTP/1.1" 200 3642 "-" "uwsgi keystoneauth1/5.13.1 python-requests/2.32.5 CPython/3.12.3"
199.204.45.155 - - [02/Apr/2026:10:48:44 +0000] "GET /networking/v2.0/subnets/39abd097-9d61-4651-80f8-797cbfe2dab3 HTTP/1.1" 200 3642 "-" "uwsgi keystoneauth1/5.13.1 python-requests/2.32.5 CPython/3.12.3"
199.204.45.155 - - [02/Apr/2026:10:48:44 +0000] "GET /networking/v2.0/subnets/39abd097-9d61-4651-80f8-797cbfe2dab3 HTTP/1.1" 200 3642 "-" "uwsgi keystoneauth1/5.13.1 python-requests/2.32.5 CPython/3.12.3"
199.204.45.155 - - [02/Apr/2026:10:48:44 +0000] "GET /networking/v2.0/subnets/39abd097-9d61-4651-80f8-797cbfe2dab3 HTTP/1.1" 200 3642 "-" "uwsgi keystoneauth1/5.13.1 python-requests/2.32.5 CPython/3.12.3"
199.204.45.155 - - [02/Apr/2026:10:48:44 +0000] "GET /networking/v2.0/ports/ovn-lb-hm-39abd097-9d61-4651-80f8-797cbfe2dab3?network_id=069dbc3a-31ae-4cb5-b10a-ccca97348dc8 HTTP/1.1" 404 3026 "-" "uwsgi keystoneauth1/5.13.1 python-requests/2.32.5 CPython/3.12.3"
199.204.45.155 - - [02/Apr/2026:10:48:44 +0000] "GET /networking/v2.0/ports?name=ovn-lb-hm-39abd097-9d61-4651-80f8-797cbfe2dab3&network_id=069dbc3a-31ae-4cb5-b10a-ccca97348dc8 HTTP/1.1" 200 2888 "-" "uwsgi keystoneauth1/5.13.1 python-requests/2.32.5 CPython/3.12.3"
199.204.45.155 - - [02/Apr/2026:10:48:45 +0000] "POST /networking/v2.0/ports HTTP/1.1" 201 3750 "-" "uwsgi keystoneauth1/5.13.1 python-requests/2.32.5 CPython/3.12.3"
199.204.45.155 - - [02/Apr/2026:10:48:45 +0000] "GET /networking/v2.0/subnets/39abd097-9d61-4651-80f8-797cbfe2dab3 HTTP/1.1" 200 3642 "-" "uwsgi keystoneauth1/5.13.1 python-requests/2.32.5 CPython/3.12.3"
172.18.0.2 - - [02/Apr/2026:10:48:46 +0000] "GET /compute/v2.1/ HTTP/1.1" 200 3432 "-" "cluster-api-provider-openstack/v0.12.4 gophercloud/v2.7.0"
199.204.45.155 - - [02/Apr/2026:10:48:46 +0000] "GET /networking/v2.0/ports?device_id=139df403-81f8-4af5-a5bf-a80c94d7fcb9 HTTP/1.1" 200 3711 "-" "python-neutronclient"
199.204.45.155 - - [02/Apr/2026:10:48:46 +0000] "GET /networking/v2.0/security-groups?id=0144a05f-73bd-453d-86ef-1eca0f27a2ba&fields=id&fields=name HTTP/1.1" 200 3016 "-" "python-neutronclient"
172.18.0.2 - - [02/Apr/2026:10:48:46 +0000] "GET /compute/v2.1/servers/139df403-81f8-4af5-a5bf-a80c94d7fcb9 HTTP/1.1" 200 4631 "-" "cluster-api-provider-openstack/v0.12.4 gophercloud/v2.7.0"
172.18.0.2 - - [02/Apr/2026:10:48:46 +0000] "GET /compute/v2.1/ HTTP/1.1" 200 3432 "-" "cluster-api-provider-openstack/v0.12.4 gophercloud/v2.7.0"
199.204.45.155 - - [02/Apr/2026:10:48:46 +0000] "GET /networking/v2.0/ports?device_id=139df403-81f8-4af5-a5bf-a80c94d7fcb9 HTTP/1.1" 200 3711 "-" "python-neutronclient"
199.204.45.155 - - [02/Apr/2026:10:48:46 +0000] "GET /networking/v2.0/security-groups?id=0144a05f-73bd-453d-86ef-1eca0f27a2ba&fields=id&fields=name HTTP/1.1" 200 3016 "-" "python-neutronclient"
172.18.0.2 - - [02/Apr/2026:10:48:46 +0000] "GET /compute/v2.1/servers/139df403-81f8-4af5-a5bf-a80c94d7fcb9 HTTP/1.1" 200 4631 "-" "cluster-api-provider-openstack/v0.12.4 gophercloud/v2.7.0"
199.204.45.155 - - [02/Apr/2026:10:48:48 +0000] "GET /placement/resource_providers/3cb89fd2-be32-408d-8b76-43f33f6b49e4/allocations HTTP/1.1" 200 3098 "-" "nova-compute keystoneauth1/5.13.1 python-requests/2.32.5 CPython/3.12.3"
199.204.45.155 - - [02/Apr/2026:10:48:48 +0000] "GET /placement/resource_providers/3cb89fd2-be32-408d-8b76-43f33f6b49e4/allocations HTTP/1.1" 200 3098 "-" "nova-compute keystoneauth1/5.13.1 python-requests/2.32.5 CPython/3.12.3"
199.204.45.155 - - [02/Apr/2026:10:48:48 +0000] "GET /placement/allocations/139df403-81f8-4af5-a5bf-a80c94d7fcb9 HTTP/1.1" 200 3275 "-" "nova-compute keystoneauth1/5.13.1 python-requests/2.32.5 CPython/3.12.3"
199.204.45.155 - - [02/Apr/2026:10:48:50 +0000] "GET /identity HTTP/1.1" 300 3232 "-" "openstacksdk/4.10.0 keystoneauth1/5.13.1 python-requests/2.32.5 CPython/3.12.3"
199.204.45.155 - - [02/Apr/2026:10:48:50 +0000] "POST /identity/v3/auth/tokens HTTP/1.1" 201 8058 "-" "openstacksdk/4.10.0 keystoneauth1/5.13.1 python-requests/2.32.5 CPython/3.12.3"
199.204.45.155 - - [02/Apr/2026:10:48:50 +0000] "GET /identity/v3/auth/tokens HTTP/1.1" 200 8053 "-" "python-keystoneclient"
199.204.45.155 - - [02/Apr/2026:10:48:50 +0000] "POST /identity/v3/auth/tokens HTTP/1.1" 201 7632 "-" "uwsgi keystoneauth1/5.13.1 python-requests/2.32.5 CPython/3.12.3"
199.204.45.155 - - [02/Apr/2026:10:48:50 +0000] "POST /identity/v3/auth/tokens HTTP/1.1" 201 7632 "-" "uwsgi keystoneauth1/5.13.1 python-requests/2.32.5 CPython/3.12.3"
199.204.45.155 - - [02/Apr/2026:10:48:50 +0000] "POST /identity/v3/auth/tokens HTTP/1.1" 201 7632 "-" "uwsgi keystoneauth1/5.13.1 python-requests/2.32.5 CPython/3.12.3"
199.204.45.155 - - [02/Apr/2026:10:48:50 +0000] "GET /container-infra/v1/clusters/k8s-cluster HTTP/1.1" 200 4891 "-" "python-urllib3/2.6.3"
199.204.45.155 - - [02/Apr/2026:10:48:56 +0000] "GET /identity HTTP/1.1" 300 3232 "-" "uwsgi keystoneauth1/5.13.1 python-requests/2.32.5 CPython/3.12.3"
199.204.45.155 - - [02/Apr/2026:10:48:56 +0000] "POST /identity/v3/auth/tokens HTTP/1.1" 201 8105 "-" "uwsgi keystoneauth1/5.13.1 python-requests/2.32.5 CPython/3.12.3"
199.204.45.155 - - [02/Apr/2026:10:48:56 +0000] "POST /identity/v3/auth/tokens HTTP/1.1" 201 8105 "-" "uwsgi keystoneauth1/5.13.1 python-requests/2.32.5 CPython/3.12.3"
199.204.45.155 - - [02/Apr/2026:10:48:56 +0000] "GET /identity/v3/auth/tokens HTTP/1.1" 200 8100 "-" "python-keystoneclient"
199.204.45.155 - - [02/Apr/2026:10:48:56 +0000] "GET /identity/v3/auth/tokens?allow_expired=1 HTTP/1.1" 200 8100 "-" "python-keystoneclient"
199.204.45.155 - - [02/Apr/2026:10:48:56 +0000] "GET /networking/v2.0/ports?device_id=139df403-81f8-4af5-a5bf-a80c94d7fcb9 HTTP/1.1" 200 3953 "-" "python-neutronclient"
199.204.45.155 - - [02/Apr/2026:10:48:56 +0000] "GET /networking/v2.0/security-groups?id=0144a05f-73bd-453d-86ef-1eca0f27a2ba&fields=id&fields=name HTTP/1.1" 200 3016 "-" "python-neutronclient"
199.204.45.155 - - [02/Apr/2026:10:48:56 +0000] "GET /identity HTTP/1.1" 300 3232 "-" "openstacksdk/4.10.0 keystoneauth1/5.13.1 python-requests/2.32.5 CPython/3.12.3"
199.204.45.155 - - [02/Apr/2026:10:48:56 +0000] "POST /identity/v3/auth/tokens HTTP/1.1" 201 8058 "-" "openstacksdk/4.10.0 keystoneauth1/5.13.1 python-requests/2.32.5 CPython/3.12.3"
199.204.45.155 - - [02/Apr/2026:10:48:57 +0000] "GET /identity/v3/auth/tokens HTTP/1.1" 200 8053 "-" "python-keystoneclient"
199.204.45.155 - - [02/Apr/2026:10:48:57 +0000] "POST /identity/v3/auth/tokens HTTP/1.1" 201 7632 "-" "uwsgi keystoneauth1/5.13.1 python-requests/2.32.5 CPython/3.12.3"
199.204.45.155 - - [02/Apr/2026:10:48:57 +0000] "POST /identity/v3/auth/tokens HTTP/1.1" 201 7632 "-" "uwsgi keystoneauth1/5.13.1 python-requests/2.32.5 CPython/3.12.3"
199.204.45.155 - - [02/Apr/2026:10:48:57 +0000] "POST /identity/v3/auth/tokens HTTP/1.1" 201 7632 "-" "uwsgi keystoneauth1/5.13.1 python-requests/2.32.5 CPython/3.12.3"
199.204.45.155 - - [02/Apr/2026:10:48:57 +0000] "GET /container-infra/v1/clusters/k8s-cluster HTTP/1.1" 200 4891 "-" "python-urllib3/2.6.3"
199.204.45.155 - - [02/Apr/2026:10:49:03 +0000] "GET /identity HTTP/1.1" 300 3232 "-" "openstacksdk/4.10.0 keystoneauth1/5.13.1 python-requests/2.32.5 CPython/3.12.3"
199.204.45.155 - - [02/Apr/2026:10:49:03 +0000] "POST /identity/v3/auth/tokens HTTP/1.1" 201 8058 "-" "openstacksdk/4.10.0 keystoneauth1/5.13.1 python-requests/2.32.5 CPython/3.12.3"
199.204.45.155 - - [02/Apr/2026:10:49:03 +0000] "GET /identity/v3/auth/tokens HTTP/1.1" 200 8053 "-" "python-keystoneclient"
199.204.45.155 - - [02/Apr/2026:10:49:03 +0000] "POST /identity/v3/auth/tokens HTTP/1.1" 201 7632 "-" "uwsgi keystoneauth1/5.13.1 python-requests/2.32.5 CPython/3.12.3"
199.204.45.155 - - [02/Apr/2026:10:49:03 +0000] "POST /identity/v3/auth/tokens HTTP/1.1" 201 7632 "-" "uwsgi keystoneauth1/5.13.1 python-requests/2.32.5 CPython/3.12.3"
199.204.45.155 - - [02/Apr/2026:10:49:03 +0000] "POST /identity/v3/auth/tokens HTTP/1.1" 201 7632 "-" "uwsgi keystoneauth1/5.13.1 python-requests/2.32.5 CPython/3.12.3"
199.204.45.155 - - [02/Apr/2026:10:49:03 +0000] "GET /container-infra/v1/clusters/k8s-cluster HTTP/1.1" 200 4891 "-" "python-urllib3/2.6.3"
199.204.45.155 - - [02/Apr/2026:10:49:10 +0000] "GET /identity HTTP/1.1" 300 3232 "-" "openstacksdk/4.10.0 keystoneauth1/5.13.1 python-requests/2.32.5 CPython/3.12.3"
199.204.45.155 - - [02/Apr/2026:10:49:10 +0000] "POST /identity/v3/auth/tokens HTTP/1.1" 201 8058 "-" "openstacksdk/4.10.0 keystoneauth1/5.13.1 python-requests/2.32.5 CPython/3.12.3"
199.204.45.155 - - [02/Apr/2026:10:49:10 +0000] "GET /identity/v3/auth/tokens HTTP/1.1" 200 8053 "-" "python-keystoneclient"
199.204.45.155 - - [02/Apr/2026:10:49:10 +0000] "POST /identity/v3/auth/tokens HTTP/1.1" 201 7632 "-" "uwsgi keystoneauth1/5.13.1 python-requests/2.32.5 CPython/3.12.3"
199.204.45.155 - - [02/Apr/2026:10:49:10 +0000] "POST /identity/v3/auth/tokens HTTP/1.1" 201 7632 "-" "uwsgi keystoneauth1/5.13.1 python-requests/2.32.5 CPython/3.12.3"
199.204.45.155 - - [02/Apr/2026:10:49:10 +0000] "POST /identity/v3/auth/tokens HTTP/1.1" 201 7632 "-" "uwsgi keystoneauth1/5.13.1 python-requests/2.32.5 CPython/3.12.3"
199.204.45.155 - - [02/Apr/2026:10:49:10 +0000] "GET /container-infra/v1/clusters/k8s-cluster HTTP/1.1" 200 4891 "-" "python-urllib3/2.6.3"
199.204.45.155 - - [02/Apr/2026:10:49:16 +0000] "GET /identity HTTP/1.1" 300 3232 "-" "openstacksdk/4.10.0 keystoneauth1/5.13.1 python-requests/2.32.5 CPython/3.12.3"
199.204.45.155 - - [02/Apr/2026:10:49:16 +0000] "POST /identity/v3/auth/tokens HTTP/1.1" 201 8058 "-" "openstacksdk/4.10.0 keystoneauth1/5.13.1 python-requests/2.32.5 CPython/3.12.3"
199.204.45.155 - - [02/Apr/2026:10:49:17 +0000] "GET /identity/v3/auth/tokens HTTP/1.1" 200 8053 "-" "python-keystoneclient"
199.204.45.155 - - [02/Apr/2026:10:49:17 +0000] "POST /identity/v3/auth/tokens HTTP/1.1" 201 7632 "-" "uwsgi keystoneauth1/5.13.1 python-requests/2.32.5 CPython/3.12.3"
199.204.45.155 - - [02/Apr/2026:10:49:17 +0000] "POST /identity/v3/auth/tokens HTTP/1.1" 201 7632 "-" "uwsgi keystoneauth1/5.13.1 python-requests/2.32.5 CPython/3.12.3"
199.204.45.155 - - [02/Apr/2026:10:49:17 +0000] "POST /identity/v3/auth/tokens HTTP/1.1" 201 7632 "-" "uwsgi keystoneauth1/5.13.1 python-requests/2.32.5 CPython/3.12.3"
199.204.45.155 - - [02/Apr/2026:10:49:17 +0000] "GET /container-infra/v1/clusters/k8s-cluster HTTP/1.1" 200 4891 "-" "python-urllib3/2.6.3"
199.204.45.155 - - [02/Apr/2026:10:49:23 +0000] "GET /identity HTTP/1.1" 300 3232 "-" "openstacksdk/4.10.0 keystoneauth1/5.13.1 python-requests/2.32.5 CPython/3.12.3"
199.204.45.155 - - [02/Apr/2026:10:49:23 +0000] "POST /identity/v3/auth/tokens HTTP/1.1" 201 8058 "-" "openstacksdk/4.10.0 keystoneauth1/5.13.1 python-requests/2.32.5 CPython/3.12.3"
199.204.45.155 - - [02/Apr/2026:10:49:23 +0000] "GET /identity/v3/auth/tokens HTTP/1.1" 200 8053 "-" "python-keystoneclient"
199.204.45.155 - - [02/Apr/2026:10:49:23 +0000] "POST /identity/v3/auth/tokens HTTP/1.1" 201 7632 "-" "uwsgi keystoneauth1/5.13.1 python-requests/2.32.5 CPython/3.12.3"
199.204.45.155 - - [02/Apr/2026:10:49:23 +0000] "POST /identity/v3/auth/tokens HTTP/1.1" 201 7632 "-" "uwsgi keystoneauth1/5.13.1 python-requests/2.32.5 CPython/3.12.3"
199.204.45.155 - - [02/Apr/2026:10:49:23 +0000] "POST /identity/v3/auth/tokens HTTP/1.1" 201 7632 "-" "uwsgi keystoneauth1/5.13.1 python-requests/2.32.5 CPython/3.12.3"
199.204.45.155 - - [02/Apr/2026:10:49:23 +0000] "GET /container-infra/v1/clusters/k8s-cluster HTTP/1.1" 200 4891 "-" "python-urllib3/2.6.3"
199.204.45.155 - - [02/Apr/2026:10:49:30 +0000] "GET /identity HTTP/1.1" 300 3232 "-" "openstacksdk/4.10.0 keystoneauth1/5.13.1 python-requests/2.32.5 CPython/3.12.3"
199.204.45.155 - - [02/Apr/2026:10:49:30 +0000] "POST /identity/v3/auth/tokens HTTP/1.1" 201 8058 "-" "openstacksdk/4.10.0 keystoneauth1/5.13.1 python-requests/2.32.5 CPython/3.12.3"
199.204.45.155 - - [02/Apr/2026:10:49:30 +0000] "GET /identity/v3/auth/tokens HTTP/1.1" 200 8053 "-" "python-keystoneclient"
199.204.45.155 - - [02/Apr/2026:10:49:30 +0000] "POST /identity/v3/auth/tokens HTTP/1.1" 201 7632 "-" "uwsgi keystoneauth1/5.13.1 python-requests/2.32.5 CPython/3.12.3"
199.204.45.155 - - [02/Apr/2026:10:49:30 +0000] "POST /identity/v3/auth/tokens HTTP/1.1" 201 7632 "-" "uwsgi keystoneauth1/5.13.1 python-requests/2.32.5 CPython/3.12.3"
199.204.45.155 - - [02/Apr/2026:10:49:30 +0000] "POST /identity/v3/auth/tokens HTTP/1.1" 201 7632 "-" "uwsgi keystoneauth1/5.13.1 python-requests/2.32.5 CPython/3.12.3"
199.204.45.155 - - [02/Apr/2026:10:49:30 +0000] "GET /container-infra/v1/clusters/k8s-cluster HTTP/1.1" 200 4891 "-" "python-urllib3/2.6.3"
199.204.45.155 - - [02/Apr/2026:10:49:36 +0000] "GET /identity HTTP/1.1" 300 3232 "-" "openstacksdk/4.10.0 keystoneauth1/5.13.1 python-requests/2.32.5 CPython/3.12.3"
199.204.45.155 - - [02/Apr/2026:10:49:36 +0000] "POST /identity/v3/auth/tokens HTTP/1.1" 201 8058 "-" "openstacksdk/4.10.0 keystoneauth1/5.13.1 python-requests/2.32.5 CPython/3.12.3"
199.204.45.155 - - [02/Apr/2026:10:49:37 +0000] "GET /identity/v3/auth/tokens HTTP/1.1" 200 8053 "-" "python-keystoneclient"
