199.204.45.155 - - [02/Apr/2026:10:51:05 +0000] "GET /networking/v2.0/security-groups?id=5a055635-d564-4c63-8382-2b6067015b8d&fields=id&fields=name HTTP/1.1" 200 3010 "-" "python-neutronclient"
172.18.0.2 - - [02/Apr/2026:10:51:05 +0000] "GET /compute/v2.1/servers/7419699a-e346-4d5f-99ce-b24a5bfabd82 HTTP/1.1" 200 4645 "-" "cluster-api-provider-openstack/v0.12.4 gophercloud/v2.7.0"
172.18.0.2 - - [02/Apr/2026:10:51:05 +0000] "GET /compute/v2.1/ HTTP/1.1" 200 3432 "-" "cluster-api-provider-openstack/v0.12.4 gophercloud/v2.7.0"
172.18.0.2 - - [02/Apr/2026:10:51:05 +0000] "GET /compute/v2.1/ HTTP/1.1" 200 3432 "-" "cluster-api-provider-openstack/v0.12.4 gophercloud/v2.7.0"
199.204.45.155 - - [02/Apr/2026:10:51:05 +0000] "GET /networking/v2.0/ports?device_id=7419699a-e346-4d5f-99ce-b24a5bfabd82 HTTP/1.1" 200 3731 "-" "python-neutronclient"
199.204.45.155 - - [02/Apr/2026:10:51:05 +0000] "GET /networking/v2.0/ports?device_id=0a643073-b8c2-4907-8855-2886f8cbf88d HTTP/1.1" 200 3732 "-" "python-neutronclient"
199.204.45.155 - - [02/Apr/2026:10:51:05 +0000] "GET /networking/v2.0/security-groups?id=5a055635-d564-4c63-8382-2b6067015b8d&fields=id&fields=name HTTP/1.1" 200 3010 "-" "python-neutronclient"
172.18.0.2 - - [02/Apr/2026:10:51:05 +0000] "GET /compute/v2.1/servers/7419699a-e346-4d5f-99ce-b24a5bfabd82 HTTP/1.1" 200 4645 "-" "cluster-api-provider-openstack/v0.12.4 gophercloud/v2.7.0"
199.204.45.155 - - [02/Apr/2026:10:51:05 +0000] "GET /networking/v2.0/security-groups?id=5a055635-d564-4c63-8382-2b6067015b8d&fields=id&fields=name HTTP/1.1" 200 3010 "-" "python-neutronclient"
172.18.0.2 - - [02/Apr/2026:10:51:05 +0000] "GET /compute/v2.1/servers/0a643073-b8c2-4907-8855-2886f8cbf88d HTTP/1.1" 200 4646 "-" "cluster-api-provider-openstack/v0.12.4 gophercloud/v2.7.0"
172.18.0.2 - - [02/Apr/2026:10:51:05 +0000] "GET /compute/v2.1/ HTTP/1.1" 200 3432 "-" "cluster-api-provider-openstack/v0.12.4 gophercloud/v2.7.0"
172.18.0.2 - - [02/Apr/2026:10:51:05 +0000] "GET /compute/v2.1/ HTTP/1.1" 200 3432 "-" "cluster-api-provider-openstack/v0.12.4 gophercloud/v2.7.0"
199.204.45.155 - - [02/Apr/2026:10:51:05 +0000] "GET /networking/v2.0/ports?device_id=0a643073-b8c2-4907-8855-2886f8cbf88d HTTP/1.1" 200 3732 "-" "python-neutronclient"
199.204.45.155 - - [02/Apr/2026:10:51:05 +0000] "GET /networking/v2.0/ports?device_id=7419699a-e346-4d5f-99ce-b24a5bfabd82 HTTP/1.1" 200 3731 "-" "python-neutronclient"
199.204.45.155 - - [02/Apr/2026:10:51:05 +0000] "GET /networking/v2.0/security-groups?id=5a055635-d564-4c63-8382-2b6067015b8d&fields=id&fields=name HTTP/1.1" 200 3010 "-" "python-neutronclient"
199.204.45.155 - - [02/Apr/2026:10:51:05 +0000] "GET /networking/v2.0/security-groups?id=5a055635-d564-4c63-8382-2b6067015b8d&fields=id&fields=name HTTP/1.1" 200 3010 "-" "python-neutronclient"
172.18.0.2 - - [02/Apr/2026:10:51:05 +0000] "GET /compute/v2.1/servers/7419699a-e346-4d5f-99ce-b24a5bfabd82 HTTP/1.1" 200 4645 "-" "cluster-api-provider-openstack/v0.12.4 gophercloud/v2.7.0"
172.18.0.2 - - [02/Apr/2026:10:51:05 +0000] "GET /compute/v2.1/servers/0a643073-b8c2-4907-8855-2886f8cbf88d HTTP/1.1" 200 4646 "-" "cluster-api-provider-openstack/v0.12.4 gophercloud/v2.7.0"
172.18.0.2 - - [02/Apr/2026:10:51:06 +0000] "GET /compute/v2.1/ HTTP/1.1" 200 3432 "-" "cluster-api-provider-openstack/v0.12.4 gophercloud/v2.7.0"
199.204.45.155 - - [02/Apr/2026:10:51:06 +0000] "GET /networking/v2.0/ports?device_id=0a643073-b8c2-4907-8855-2886f8cbf88d HTTP/1.1" 200 3732 "-" "python-neutronclient"
199.204.45.155 - - [02/Apr/2026:10:51:06 +0000] "GET /networking/v2.0/security-groups?id=5a055635-d564-4c63-8382-2b6067015b8d&fields=id&fields=name HTTP/1.1" 200 3010 "-" "python-neutronclient"
172.18.0.2 - - [02/Apr/2026:10:51:06 +0000] "GET /compute/v2.1/servers/0a643073-b8c2-4907-8855-2886f8cbf88d HTTP/1.1" 200 4646 "-" "cluster-api-provider-openstack/v0.12.4 gophercloud/v2.7.0"
199.204.45.155 - - [02/Apr/2026:10:51:11 +0000] "GET /identity HTTP/1.1" 300 3232 "-" "openstacksdk/4.10.0 keystoneauth1/5.13.1 python-requests/2.32.5 CPython/3.12.3"
199.204.45.155 - - [02/Apr/2026:10:51:11 +0000] "POST /identity/v3/auth/tokens HTTP/1.1" 201 8058 "-" "openstacksdk/4.10.0 keystoneauth1/5.13.1 python-requests/2.32.5 CPython/3.12.3"
199.204.45.155 - - [02/Apr/2026:10:51:11 +0000] "GET /identity/v3/auth/tokens HTTP/1.1" 200 8053 "-" "python-keystoneclient"
199.204.45.155 - - [02/Apr/2026:10:51:11 +0000] "POST /identity/v3/auth/tokens HTTP/1.1" 201 7632 "-" "uwsgi keystoneauth1/5.13.1 python-requests/2.32.5 CPython/3.12.3"
199.204.45.155 - - [02/Apr/2026:10:51:11 +0000] "POST /identity/v3/auth/tokens HTTP/1.1" 201 7632 "-" "uwsgi keystoneauth1/5.13.1 python-requests/2.32.5 CPython/3.12.3"
199.204.45.155 - - [02/Apr/2026:10:51:12 +0000] "POST /identity/v3/auth/tokens HTTP/1.1" 201 7632 "-" "uwsgi keystoneauth1/5.13.1 python-requests/2.32.5 CPython/3.12.3"
199.204.45.155 - - [02/Apr/2026:10:51:11 +0000] "GET /container-infra/v1/clusters/k8s-cluster HTTP/1.1" 200 4891 "-" "python-urllib3/2.6.3"
199.204.45.155 - - [02/Apr/2026:10:51:18 +0000] "GET /identity HTTP/1.1" 300 3232 "-" "openstacksdk/4.10.0 keystoneauth1/5.13.1 python-requests/2.32.5 CPython/3.12.3"
199.204.45.155 - - [02/Apr/2026:10:51:18 +0000] "POST /identity/v3/auth/tokens HTTP/1.1" 201 8058 "-" "openstacksdk/4.10.0 keystoneauth1/5.13.1 python-requests/2.32.5 CPython/3.12.3"
199.204.45.155 - - [02/Apr/2026:10:51:18 +0000] "GET /identity/v3/auth/tokens HTTP/1.1" 200 8053 "-" "python-keystoneclient"
199.204.45.155 - - [02/Apr/2026:10:51:18 +0000] "POST /identity/v3/auth/tokens HTTP/1.1" 201 7632 "-" "uwsgi keystoneauth1/5.13.1 python-requests/2.32.5 CPython/3.12.3"
199.204.45.155 - - [02/Apr/2026:10:51:18 +0000] "POST /identity/v3/auth/tokens HTTP/1.1" 201 7632 "-" "uwsgi keystoneauth1/5.13.1 python-requests/2.32.5 CPython/3.12.3"
199.204.45.155 - - [02/Apr/2026:10:51:18 +0000] "POST /identity/v3/auth/tokens HTTP/1.1" 201 7632 "-" "uwsgi keystoneauth1/5.13.1 python-requests/2.32.5 CPython/3.12.3"
199.204.45.155 - - [02/Apr/2026:10:51:18 +0000] "GET /container-infra/v1/clusters/k8s-cluster HTTP/1.1" 200 4891 "-" "python-urllib3/2.6.3"
199.204.45.155 - - [02/Apr/2026:10:51:18 +0000] "GET /identity HTTP/1.1" 300 3232 "-" "uwsgi keystoneauth1/5.13.1 python-requests/2.32.5 CPython/3.12.3"
199.204.45.155 - - [02/Apr/2026:10:51:19 +0000] "POST /identity/v3/auth/tokens HTTP/1.1" 201 8105 "-" "uwsgi keystoneauth1/5.13.1 python-requests/2.32.5 CPython/3.12.3"
199.204.45.155 - - [02/Apr/2026:10:51:19 +0000] "POST /identity/v3/auth/tokens HTTP/1.1" 201 8105 "-" "uwsgi keystoneauth1/5.13.1 python-requests/2.32.5 CPython/3.12.3"
199.204.45.155 - - [02/Apr/2026:10:51:19 +0000] "GET /identity/v3/auth/tokens HTTP/1.1" 200 8100 "-" "python-keystoneclient"
199.204.45.155 - - [02/Apr/2026:10:51:19 +0000] "GET /identity/v3/auth/tokens?allow_expired=1 HTTP/1.1" 200 8100 "-" "python-keystoneclient"
199.204.45.155 - - [02/Apr/2026:10:51:19 +0000] "GET /networking/v2.0/ports?device_id=7419699a-e346-4d5f-99ce-b24a5bfabd82 HTTP/1.1" 200 3973 "-" "python-neutronclient"
199.204.45.155 - - [02/Apr/2026:10:51:19 +0000] "GET /networking/v2.0/security-groups?id=5a055635-d564-4c63-8382-2b6067015b8d&fields=id&fields=name HTTP/1.1" 200 3010 "-" "python-neutronclient"
199.204.45.155 - - [02/Apr/2026:10:51:23 +0000] "GET /networking/v2.0/ports?device_id=0a643073-b8c2-4907-8855-2886f8cbf88d HTTP/1.1" 200 3974 "-" "python-neutronclient"
199.204.45.155 - - [02/Apr/2026:10:51:23 +0000] "GET /networking/v2.0/security-groups?id=5a055635-d564-4c63-8382-2b6067015b8d&fields=id&fields=name HTTP/1.1" 200 3010 "-" "python-neutronclient"
199.204.45.155 - - [02/Apr/2026:10:51:25 +0000] "GET /identity HTTP/1.1" 300 3232 "-" "openstacksdk/4.10.0 keystoneauth1/5.13.1 python-requests/2.32.5 CPython/3.12.3"
199.204.45.155 - - [02/Apr/2026:10:51:25 +0000] "POST /identity/v3/auth/tokens HTTP/1.1" 201 8058 "-" "openstacksdk/4.10.0 keystoneauth1/5.13.1 python-requests/2.32.5 CPython/3.12.3"
199.204.45.155 - - [02/Apr/2026:10:51:25 +0000] "GET /identity/v3/auth/tokens HTTP/1.1" 200 8053 "-" "python-keystoneclient"
199.204.45.155 - - [02/Apr/2026:10:51:25 +0000] "POST /identity/v3/auth/tokens HTTP/1.1" 201 7632 "-" "uwsgi keystoneauth1/5.13.1 python-requests/2.32.5 CPython/3.12.3"
199.204.45.155 - - [02/Apr/2026:10:51:25 +0000] "POST /identity/v3/auth/tokens HTTP/1.1" 201 7632 "-" "uwsgi keystoneauth1/5.13.1 python-requests/2.32.5 CPython/3.12.3"
199.204.45.155 - - [02/Apr/2026:10:51:25 +0000] "POST /identity/v3/auth/tokens HTTP/1.1" 201 7632 "-" "uwsgi keystoneauth1/5.13.1 python-requests/2.32.5 CPython/3.12.3"
199.204.45.155 - - [02/Apr/2026:10:51:25 +0000] "GET /container-infra/v1/clusters/k8s-cluster HTTP/1.1" 200 4890 "-" "python-urllib3/2.6.3"
199.204.45.155 - - [02/Apr/2026:10:51:31 +0000] "GET /identity HTTP/1.1" 300 3232 "-" "openstacksdk/4.10.0 keystoneauth1/5.13.1 python-requests/2.32.5 CPython/3.12.3"
199.204.45.155 - - [02/Apr/2026:10:51:31 +0000] "POST /identity/v3/auth/tokens HTTP/1.1" 201 8058 "-" "openstacksdk/4.10.0 keystoneauth1/5.13.1 python-requests/2.32.5 CPython/3.12.3"
199.204.45.155 - - [02/Apr/2026:10:51:32 +0000] "GET /identity/v3/auth/tokens HTTP/1.1" 200 8053 "-" "python-keystoneclient"
199.204.45.155 - - [02/Apr/2026:10:51:32 +0000] "POST /identity/v3/auth/tokens HTTP/1.1" 201 7632 "-" "uwsgi keystoneauth1/5.13.1 python-requests/2.32.5 CPython/3.12.3"
199.204.45.155 - - [02/Apr/2026:10:51:32 +0000] "POST /identity/v3/auth/tokens HTTP/1.1" 201 7632 "-" "uwsgi keystoneauth1/5.13.1 python-requests/2.32.5 CPython/3.12.3"
199.204.45.155 - - [02/Apr/2026:10:51:32 +0000] "POST /identity/v3/auth/tokens HTTP/1.1" 201 7632 "-" "uwsgi keystoneauth1/5.13.1 python-requests/2.32.5 CPython/3.12.3"
199.204.45.155 - - [02/Apr/2026:10:51:32 +0000] "GET /container-infra/v1/clusters/k8s-cluster HTTP/1.1" 200 4890 "-" "python-urllib3/2.6.3"
199.204.45.155 - - [02/Apr/2026:10:51:38 +0000] "GET /identity HTTP/1.1" 300 3232 "-" "openstacksdk/4.10.0 keystoneauth1/5.13.1 python-requests/2.32.5 CPython/3.12.3"
199.204.45.155 - - [02/Apr/2026:10:51:38 +0000] "POST /identity/v3/auth/tokens HTTP/1.1" 201 8058 "-" "openstacksdk/4.10.0 keystoneauth1/5.13.1 python-requests/2.32.5 CPython/3.12.3"
199.204.45.155 - - [02/Apr/2026:10:51:38 +0000] "GET /identity/v3/auth/tokens HTTP/1.1" 200 8053 "-" "python-keystoneclient"
199.204.45.155 - - [02/Apr/2026:10:51:38 +0000] "POST /identity/v3/auth/tokens HTTP/1.1" 201 7632 "-" "uwsgi keystoneauth1/5.13.1 python-requests/2.32.5 CPython/3.12.3"
199.204.45.155 - - [02/Apr/2026:10:51:39 +0000] "POST /identity/v3/auth/tokens HTTP/1.1" 201 7632 "-" "uwsgi keystoneauth1/5.13.1 python-requests/2.32.5 CPython/3.12.3"
199.204.45.155 - - [02/Apr/2026:10:51:39 +0000] "POST /identity/v3/auth/tokens HTTP/1.1" 201 7632 "-" "uwsgi keystoneauth1/5.13.1 python-requests/2.32.5 CPython/3.12.3"
199.204.45.155 - - [02/Apr/2026:10:51:38 +0000] "GET /container-infra/v1/clusters/k8s-cluster HTTP/1.1" 200 4890 "-" "python-urllib3/2.6.3"
199.204.45.155 - - [02/Apr/2026:10:51:45 +0000] "GET /identity HTTP/1.1" 300 3232 "-" "openstacksdk/4.10.0 keystoneauth1/5.13.1 python-requests/2.32.5 CPython/3.12.3"
199.204.45.155 - - [02/Apr/2026:10:51:45 +0000] "POST /identity/v3/auth/tokens HTTP/1.1" 201 8058 "-" "openstacksdk/4.10.0 keystoneauth1/5.13.1 python-requests/2.32.5 CPython/3.12.3"
199.204.45.155 - - [02/Apr/2026:10:51:45 +0000] "GET /identity/v3/auth/tokens HTTP/1.1" 200 8053 "-" "python-keystoneclient"
199.204.45.155 - - [02/Apr/2026:10:51:45 +0000] "POST /identity/v3/auth/tokens HTTP/1.1" 201 7632 "-" "uwsgi keystoneauth1/5.13.1 python-requests/2.32.5 CPython/3.12.3"
199.204.45.155 - - [02/Apr/2026:10:51:45 +0000] "POST /identity/v3/auth/tokens HTTP/1.1" 201 7632 "-" "uwsgi keystoneauth1/5.13.1 python-requests/2.32.5 CPython/3.12.3"
199.204.45.155 - - [02/Apr/2026:10:51:45 +0000] "POST /identity/v3/auth/tokens HTTP/1.1" 201 7632 "-" "uwsgi keystoneauth1/5.13.1 python-requests/2.32.5 CPython/3.12.3"
199.204.45.155 - - [02/Apr/2026:10:51:45 +0000] "GET /container-infra/v1/clusters/k8s-cluster HTTP/1.1" 200 4890 "-" "python-urllib3/2.6.3"
199.204.45.155 - - [02/Apr/2026:10:51:50 +0000] "GET /placement/resource_providers/3cb89fd2-be32-408d-8b76-43f33f6b49e4/allocations HTTP/1.1" 200 3302 "-" "nova-compute keystoneauth1/5.13.1 python-requests/2.32.5 CPython/3.12.3"
199.204.45.155 - - [02/Apr/2026:10:51:50 +0000] "GET /placement/resource_providers/3cb89fd2-be32-408d-8b76-43f33f6b49e4/allocations HTTP/1.1" 200 3302 "-" "nova-compute keystoneauth1/5.13.1 python-requests/2.32.5 CPython/3.12.3"
199.204.45.155 - - [02/Apr/2026:10:51:50 +0000] "GET /placement/allocations/7419699a-e346-4d5f-99ce-b24a5bfabd82 HTTP/1.1" 200 3275 "-" "nova-compute keystoneauth1/5.13.1 python-requests/2.32.5 CPython/3.12.3"
199.204.45.155 - - [02/Apr/2026:10:51:50 +0000] "GET /placement/allocations/139df403-81f8-4af5-a5bf-a80c94d7fcb9 HTTP/1.1" 200 3275 "-" "nova-compute keystoneauth1/5.13.1 python-requests/2.32.5 CPython/3.12.3"
199.204.45.155 - - [02/Apr/2026:10:51:50 +0000] "GET /placement/allocations/0a643073-b8c2-4907-8855-2886f8cbf88d HTTP/1.1" 200 3275 "-" "nova-compute keystoneauth1/5.13.1 python-requests/2.32.5 CPython/3.12.3"
199.204.45.155 - - [02/Apr/2026:10:51:51 +0000] "GET /networking/v2.0/ports?device_id=139df403-81f8-4af5-a5bf-a80c94d7fcb9 HTTP/1.1" 200 3953 "-" "python-neutronclient"
199.204.45.155 - - [02/Apr/2026:10:51:51 +0000] "GET /networking/v2.0/security-groups?id=0144a05f-73bd-453d-86ef-1eca0f27a2ba&fields=id&fields=name HTTP/1.1" 200 3016 "-" "python-neutronclient"
199.204.45.155 - - [02/Apr/2026:10:51:52 +0000] "GET /identity HTTP/1.1" 300 3232 "-" "openstacksdk/4.10.0 keystoneauth1/5.13.1 python-requests/2.32.5 CPython/3.12.3"
199.204.45.155 - - [02/Apr/2026:10:51:52 +0000] "POST /identity/v3/auth/tokens HTTP/1.1" 201 8058 "-" "openstacksdk/4.10.0 keystoneauth1/5.13.1 python-requests/2.32.5 CPython/3.12.3"
199.204.45.155 - - [02/Apr/2026:10:51:52 +0000] "GET /identity/v3/auth/tokens HTTP/1.1" 200 8053 "-" "python-keystoneclient"
199.204.45.155 - - [02/Apr/2026:10:51:52 +0000] "POST /identity/v3/auth/tokens HTTP/1.1" 201 7632 "-" "uwsgi keystoneauth1/5.13.1 python-requests/2.32.5 CPython/3.12.3"
199.204.45.155 - - [02/Apr/2026:10:51:52 +0000] "POST /identity/v3/auth/tokens HTTP/1.1" 201 7632 "-" "uwsgi keystoneauth1/5.13.1 python-requests/2.32.5 CPython/3.12.3"
199.204.45.155 - - [02/Apr/2026:10:51:52 +0000] "POST /identity/v3/auth/tokens HTTP/1.1" 201 7632 "-" "uwsgi keystoneauth1/5.13.1 python-requests/2.32.5 CPython/3.12.3"
199.204.45.155 - - [02/Apr/2026:10:51:52 +0000] "GET /container-infra/v1/clusters/k8s-cluster HTTP/1.1" 200 4890 "-" "python-urllib3/2.6.3"
199.204.45.155 - - [02/Apr/2026:10:51:59 +0000] "GET /identity HTTP/1.1" 300 3232 "-" "openstacksdk/4.10.0 keystoneauth1/5.13.1 python-requests/2.32.5 CPython/3.12.3"
199.204.45.155 - - [02/Apr/2026:10:51:59 +0000] "POST /identity/v3/auth/tokens HTTP/1.1" 201 8058 "-" "openstacksdk/4.10.0 keystoneauth1/5.13.1 python-requests/2.32.5 CPython/3.12.3"
199.204.45.155 - - [02/Apr/2026:10:51:59 +0000] "GET /identity/v3/auth/tokens HTTP/1.1" 200 8053 "-" "python-keystoneclient"
199.204.45.155 - - [02/Apr/2026:10:51:59 +0000] "POST /identity/v3/auth/tokens HTTP/1.1" 201 7632 "-" "uwsgi keystoneauth1/5.13.1 python-requests/2.32.5 CPython/3.12.3"
199.204.45.155 - - [02/Apr/2026:10:51:59 +0000] "POST /identity/v3/auth/tokens HTTP/1.1" 201 7632 "-" "uwsgi keystoneauth1/5.13.1 python-requests/2.32.5 CPython/3.12.3"
199.204.45.155 - - [02/Apr/2026:10:51:59 +0000] "POST /identity/v3/auth/tokens HTTP/1.1" 201 7632 "-" "uwsgi keystoneauth1/5.13.1 python-requests/2.32.5 CPython/3.12.3"
199.204.45.155 - - [02/Apr/2026:10:51:59 +0000] "GET /container-infra/v1/clusters/k8s-cluster HTTP/1.1" 200 4890 "-" "python-urllib3/2.6.3"
199.204.45.155 - - [02/Apr/2026:10:52:05 +0000] "GET /identity HTTP/1.1" 300 3232 "-" "openstacksdk/4.10.0 keystoneauth1/5.13.1 python-requests/2.32.5 CPython/3.12.3"
199.204.45.155 - - [02/Apr/2026:10:52:05 +0000] "POST /identity/v3/auth/tokens HTTP/1.1" 201 8058 "-" "openstacksdk/4.10.0 keystoneauth1/5.13.1 python-requests/2.32.5 CPython/3.12.3"
199.204.45.155 - - [02/Apr/2026:10:52:06 +0000] "GET /identity/v3/auth/tokens HTTP/1.1" 200 8053 "-" "python-keystoneclient"
199.204.45.155 - - [02/Apr/2026:10:52:06 +0000] "POST /identity/v3/auth/tokens HTTP/1.1" 201 7632 "-" "uwsgi keystoneauth1/5.13.1 python-requests/2.32.5 CPython/3.12.3"
199.204.45.155 - - [02/Apr/2026:10:52:06 +0000] "POST /identity/v3/auth/tokens HTTP/1.1" 201 7632 "-" "uwsgi keystoneauth1/5.13.1 python-requests/2.32.5 CPython/3.12.3"
199.204.45.155 - - [02/Apr/2026:10:52:06 +0000] "POST /identity/v3/auth/tokens HTTP/1.1" 201 7632 "-" "uwsgi keystoneauth1/5.13.1 python-requests/2.32.5 CPython/3.12.3"
199.204.45.155 - - [02/Apr/2026:10:52:06 +0000] "GET /container-infra/v1/clusters/k8s-cluster HTTP/1.1" 200 4890 "-" "python-urllib3/2.6.3"
199.204.45.155 - - [02/Apr/2026:10:52:12 +0000] "GET /identity HTTP/1.1" 300 3232 "-" "openstacksdk/4.10.0 keystoneauth1/5.13.1 python-requests/2.32.5 CPython/3.12.3"
199.204.45.155 - - [02/Apr/2026:10:52:12 +0000] "POST /identity/v3/auth/tokens HTTP/1.1" 201 8058 "-" "openstacksdk/4.10.0 keystoneauth1/5.13.1 python-requests/2.32.5 CPython/3.12.3"
199.204.45.155 - - [02/Apr/2026:10:52:12 +0000] "GET /identity/v3/auth/tokens HTTP/1.1" 200 8053 "-" "python-keystoneclient"
199.204.45.155 - - [02/Apr/2026:10:52:12 +0000] "POST /identity/v3/auth/tokens HTTP/1.1" 201 7632 "-" "uwsgi keystoneauth1/5.13.1 python-requests/2.32.5 CPython/3.12.3"
199.204.45.155 - - [02/Apr/2026:10:52:13 +0000] "POST /identity/v3/auth/tokens HTTP/1.1" 201 7632 "-" "uwsgi keystoneauth1/5.13.1 python-requests/2.32.5 CPython/3.12.3"
199.204.45.155 - - [02/Apr/2026:10:52:13 +0000] "POST /identity/v3/auth/tokens HTTP/1.1" 201 7632 "-" "uwsgi keystoneauth1/5.13.1 python-requests/2.32.5 CPython/3.12.3"
199.204.45.155 - - [02/Apr/2026:10:52:12 +0000] "GET /container-infra/v1/clusters/k8s-cluster HTTP/1.1" 200 4890 "-" "python-urllib3/2.6.3"
199.204.45.155 - - [02/Apr/2026:10:52:15 +0000] "GET /networking/v2.0/ports?device_id=7419699a-e346-4d5f-99ce-b24a5bfabd82 HTTP/1.1" 200 3973 "-" "python-neutronclient"
199.204.45.155 - - [02/Apr/2026:10:52:15 +0000] "GET /networking/v2.0/security-groups?id=5a055635-d564-4c63-8382-2b6067015b8d&fields=id&fields=name HTTP/1.1" 200 3010 "-" "python-neutronclient"
199.204.45.155 - - [02/Apr/2026:10:52:19 +0000] "GET /identity HTTP/1.1" 300 3232 "-" "openstacksdk/4.10.0 keystoneauth1/5.13.1 python-requests/2.32.5 CPython/3.12.3"
199.204.45.155 - - [02/Apr/2026:10:52:19 +0000] "POST /identity/v3/auth/tokens HTTP/1.1" 201 8058 "-" "openstacksdk/4.10.0 keystoneauth1/5.13.1 python-requests/2.32.5 CPython/3.12.3"
199.204.45.155 - - [02/Apr/2026:10:52:19 +0000] "GET /identity/v3/auth/tokens HTTP/1.1" 200 8053 "-" "python-keystoneclient"
199.204.45.155 - - [02/Apr/2026:10:52:19 +0000] "POST /identity/v3/auth/tokens HTTP/1.1" 201 7632 "-" "uwsgi keystoneauth1/5.13.1 python-requests/2.32.5 CPython/3.12.3"
199.204.45.155 - - [02/Apr/2026:10:52:19 +0000] "POST /identity/v3/auth/tokens HTTP/1.1" 201 7632 "-" "uwsgi keystoneauth1/5.13.1 python-requests/2.32.5 CPython/3.12.3"
199.204.45.155 - - [02/Apr/2026:10:52:19 +0000] "POST /identity/v3/auth/tokens HTTP/1.1" 201 7632 "-" "uwsgi keystoneauth1/5.13.1 python-requests/2.32.5 CPython/3.12.3"
199.204.45.155 - - [02/Apr/2026:10:52:19 +0000] "GET /container-infra/v1/clusters/k8s-cluster HTTP/1.1" 200 4890 "-" "python-urllib3/2.6.3"
172.24.5.127 - - [02/Apr/2026:10:52:23 +0000] "GET /identity/ HTTP/1.1" 300 3201 "-" "openstack-cloud-controller-manager/v1.35.0 gophercloud/v2.8.0"
172.24.5.127 - - [02/Apr/2026:10:52:23 +0000] "POST /identity/v3/auth/tokens HTTP/1.1" 201 8200 "-" "openstack-cloud-controller-manager/v1.35.0 gophercloud/v2.8.0"
172.24.5.127 - - [02/Apr/2026:10:52:23 +0000] "GET /networking/ HTTP/1.1" 200 2910 "-" "openstack-cloud-controller-manager/v1.35.0 gophercloud/v2.8.0"
172.24.5.127 - - [02/Apr/2026:10:52:23 +0000] "GET /networking/ HTTP/1.1" 200 2910 "-" "openstack-cloud-controller-manager/v1.35.0 gophercloud/v2.8.0"
199.204.45.155 - - [02/Apr/2026:10:52:23 +0000] "GET /identity HTTP/1.1" 300 3232 "-" "octavia/18.1.0.dev6 keystonemiddleware.auth_token/12.0.0 keystoneauth1/5.13.1 python-requests/2.32.5 CPython/3.12.3"
199.204.45.155 - - [02/Apr/2026:10:52:23 +0000] "POST /identity/v3/auth/tokens HTTP/1.1" 201 7860 "-" "octavia/18.1.0.dev6 keystonemiddleware.auth_token/12.0.0 keystoneauth1/5.13.1 python-requests/2.32.5 CPython/3.12.3"
199.204.45.155 - - [02/Apr/2026:10:52:24 +0000] "GET /identity/v3/auth/tokens HTTP/1.1" 200 8226 "-" "python-keystoneclient"
172.24.5.127 - - [02/Apr/2026:10:52:24 +0000] "GET /networking/ HTTP/1.1" 200 2910 "-" "openstack-cloud-controller-manager/v1.35.0 gophercloud/v2.8.0"
172.24.5.127 - - [02/Apr/2026:10:52:24 +0000] "GET /networking/v2.0/extensions HTTP/1.1" 200 18100 "-" "openstack-cloud-controller-manager/v1.35.0 gophercloud/v2.8.0"
172.24.5.127 - - [02/Apr/2026:10:52:24 +0000] "GET /networking/ HTTP/1.1" 200 2910 "-" "openstack-cloud-controller-manager/v1.35.0 gophercloud/v2.8.0"
172.24.5.127 - - [02/Apr/2026:10:52:24 +0000] "GET /networking/ HTTP/1.1" 200 2910 "-" "openstack-cloud-controller-manager/v1.35.0 gophercloud/v2.8.0"
199.204.45.155 - - [02/Apr/2026:10:52:24 +0000] "GET /networking/v2.0/ports?device_id=7419699a-e346-4d5f-99ce-b24a5bfabd82 HTTP/1.1" 200 3731 "-" "python-neutronclient"
199.204.45.155 - - [02/Apr/2026:10:52:24 +0000] "GET /networking/v2.0/security-groups?id=5a055635-d564-4c63-8382-2b6067015b8d&fields=id&fields=name HTTP/1.1" 200 3010 "-" "python-neutronclient"
172.24.5.127 - - [02/Apr/2026:10:52:24 +0000] "GET /compute/v2.1/servers/detail?name=%5Ekube-i234o-default-worker-zzcvh-p5f75-2clqq%24 HTTP/1.1" 200 4596 "-" "openstack-cloud-controller-manager/v1.35.0 gophercloud/v2.8.0"
172.24.5.127 - - [02/Apr/2026:10:52:24 +0000] "GET /compute/v2.1/flavors/4 HTTP/1.1" 200 3412 "-" "openstack-cloud-controller-manager/v1.35.0 gophercloud/v2.8.0"
172.24.5.127 - - [02/Apr/2026:10:52:24 +0000] "GET /networking/v2.0/ports?device_id=7419699a-e346-4d5f-99ce-b24a5bfabd82 HTTP/1.1" 200 3700 "-" "openstack-cloud-controller-manager/v1.35.0 gophercloud/v2.8.0"
172.18.0.2 - - [02/Apr/2026:10:52:24 +0000] "GET /compute/v2.1/ HTTP/1.1" 200 3432 "-" "cluster-api-provider-openstack/v0.12.4 gophercloud/v2.7.0"
172.24.5.127 - - [02/Apr/2026:10:52:24 +0000] "GET /networking/ HTTP/1.1" 200 2910 "-" "openstack-cloud-controller-manager/v1.35.0 gophercloud/v2.8.0"
199.204.45.155 - - [02/Apr/2026:10:52:24 +0000] "GET /networking/v2.0/ports?device_id=7419699a-e346-4d5f-99ce-b24a5bfabd82 HTTP/1.1" 200 3731 "-" "python-neutronclient"
199.204.45.155 - - [02/Apr/2026:10:52:25 +0000] "GET /networking/v2.0/security-groups?id=5a055635-d564-4c63-8382-2b6067015b8d&fields=id&fields=name HTTP/1.1" 200 3010 "-" "python-neutronclient"
172.18.0.2 - - [02/Apr/2026:10:52:24 +0000] "GET /compute/v2.1/servers/7419699a-e346-4d5f-99ce-b24a5bfabd82 HTTP/1.1" 200 4645 "-" "cluster-api-provider-openstack/v0.12.4 gophercloud/v2.7.0"
199.204.45.155 - - [02/Apr/2026:10:52:25 +0000] "GET /networking/v2.0/ports?device_id=0a643073-b8c2-4907-8855-2886f8cbf88d HTTP/1.1" 200 3732 "-" "python-neutronclient"
172.18.0.2 - - [02/Apr/2026:10:52:25 +0000] "GET /compute/v2.1/ HTTP/1.1" 200 3432 "-" "cluster-api-provider-openstack/v0.12.4 gophercloud/v2.7.0"
199.204.45.155 - - [02/Apr/2026:10:52:25 +0000] "GET /networking/v2.0/security-groups?id=5a055635-d564-4c63-8382-2b6067015b8d&fields=id&fields=name HTTP/1.1" 200 3010 "-" "python-neutronclient"
172.24.5.127 - - [02/Apr/2026:10:52:24 +0000] "GET /compute/v2.1/servers/detail?name=%5Ekube-i234o-default-worker-zzcvh-p5f75-2pwg7%24 HTTP/1.1" 200 4597 "-" "openstack-cloud-controller-manager/v1.35.0 gophercloud/v2.8.0"
172.24.5.127 - - [02/Apr/2026:10:52:25 +0000] "GET /compute/v2.1/flavors/4 HTTP/1.1" 200 3412 "-" "openstack-cloud-controller-manager/v1.35.0 gophercloud/v2.8.0"
199.204.45.155 - - [02/Apr/2026:10:52:25 +0000] "GET /networking/v2.0/ports?device_id=7419699a-e346-4d5f-99ce-b24a5bfabd82 HTTP/1.1" 200 3731 "-" "python-neutronclient"
172.24.5.127 - - [02/Apr/2026:10:52:25 +0000] "GET /networking/v2.0/ports?device_id=0a643073-b8c2-4907-8855-2886f8cbf88d HTTP/1.1" 200 3701 "-" "openstack-cloud-controller-manager/v1.35.0 gophercloud/v2.8.0"
199.204.45.155 - - [02/Apr/2026:10:52:25 +0000] "GET /networking/v2.0/security-groups?id=5a055635-d564-4c63-8382-2b6067015b8d&fields=id&fields=name HTTP/1.1" 200 3010 "-" "python-neutronclient"
172.18.0.2 - - [02/Apr/2026:10:52:25 +0000] "GET /compute/v2.1/servers/7419699a-e346-4d5f-99ce-b24a5bfabd82 HTTP/1.1" 200 4645 "-" "cluster-api-provider-openstack/v0.12.4 gophercloud/v2.7.0"
172.18.0.2 - - [02/Apr/2026:10:52:25 +0000] "GET /compute/v2.1/ HTTP/1.1" 200 3432 "-" "cluster-api-provider-openstack/v0.12.4 gophercloud/v2.7.0"
172.24.5.127 - - [02/Apr/2026:10:52:25 +0000] "GET /networking/ HTTP/1.1" 200 2910 "-" "openstack-cloud-controller-manager/v1.35.0 gophercloud/v2.8.0"
199.204.45.155 - - [02/Apr/2026:10:52:25 +0000] "GET /networking/v2.0/ports?device_id=0a643073-b8c2-4907-8855-2886f8cbf88d HTTP/1.1" 200 3732 "-" "python-neutronclient"
199.204.45.155 - - [02/Apr/2026:10:52:25 +0000] "GET /networking/v2.0/security-groups?id=5a055635-d564-4c63-8382-2b6067015b8d&fields=id&fields=name HTTP/1.1" 200 3010 "-" "python-neutronclient"
172.18.0.2 - - [02/Apr/2026:10:52:25 +0000] "GET /compute/v2.1/servers/0a643073-b8c2-4907-8855-2886f8cbf88d HTTP/1.1" 200 4646 "-" "cluster-api-provider-openstack/v0.12.4 gophercloud/v2.7.0"
172.18.0.2 - - [02/Apr/2026:10:52:25 +0000] "GET /compute/v2.1/ HTTP/1.1" 200 3432 "-" "cluster-api-provider-openstack/v0.12.4 gophercloud/v2.7.0"
199.204.45.155 - - [02/Apr/2026:10:52:25 +0000] "GET /networking/v2.0/ports?device_id=139df403-81f8-4af5-a5bf-a80c94d7fcb9 HTTP/1.1" 200 3711 "-" "python-neutronclient"
199.204.45.155 - - [02/Apr/2026:10:52:25 +0000] "GET /networking/v2.0/security-groups?id=0144a05f-73bd-453d-86ef-1eca0f27a2ba&fields=id&fields=name HTTP/1.1" 200 3016 "-" "python-neutronclient"
172.24.5.127 - - [02/Apr/2026:10:52:25 +0000] "GET /compute/v2.1/servers/detail?name=%5Ekube-i234o-788rn-g2tg8%24 HTTP/1.1" 200 4582 "-" "openstack-cloud-controller-manager/v1.35.0 gophercloud/v2.8.0"
199.204.45.155 - - [02/Apr/2026:10:52:25 +0000] "GET /networking/v2.0/ports?device_id=0a643073-b8c2-4907-8855-2886f8cbf88d HTTP/1.1" 200 3732 "-" "python-neutronclient"
172.24.5.127 - - [02/Apr/2026:10:52:25 +0000] "GET /compute/v2.1/flavors/4 HTTP/1.1" 200 3412 "-" "openstack-cloud-controller-manager/v1.35.0 gophercloud/v2.8.0"
172.24.5.127 - - [02/Apr/2026:10:52:25 +0000] "GET /networking/v2.0/ports?device_id=139df403-81f8-4af5-a5bf-a80c94d7fcb9 HTTP/1.1" 200 3680 "-" "openstack-cloud-controller-manager/v1.35.0 gophercloud/v2.8.0"
199.204.45.155 - - [02/Apr/2026:10:52:25 +0000] "GET /networking/v2.0/security-groups?id=5a055635-d564-4c63-8382-2b6067015b8d&fields=id&fields=name HTTP/1.1" 200 3010 "-" "python-neutronclient"
172.18.0.2 - - [02/Apr/2026:10:52:25 +0000] "GET /compute/v2.1/servers/0a643073-b8c2-4907-8855-2886f8cbf88d HTTP/1.1" 200 4646 "-" "cluster-api-provider-openstack/v0.12.4 gophercloud/v2.7.0"
199.204.45.155 - - [02/Apr/2026:10:52:26 +0000] "GET /identity HTTP/1.1" 300 3232 "-" "openstacksdk/4.10.0 keystoneauth1/5.13.1 python-requests/2.32.5 CPython/3.12.3"
172.18.0.2 - - [02/Apr/2026:10:52:26 +0000] "GET /compute/v2.1/ HTTP/1.1" 200 3432 "-" "cluster-api-provider-openstack/v0.12.4 gophercloud/v2.7.0"
199.204.45.155 - - [02/Apr/2026:10:52:26 +0000] "POST /identity/v3/auth/tokens HTTP/1.1" 201 8058 "-" "openstacksdk/4.10.0 keystoneauth1/5.13.1 python-requests/2.32.5 CPython/3.12.3"
199.204.45.155 - - [02/Apr/2026:10:52:26 +0000] "GET /networking/v2.0/ports?device_id=139df403-81f8-4af5-a5bf-a80c94d7fcb9 HTTP/1.1" 200 3711 "-" "python-neutronclient"
199.204.45.155 - - [02/Apr/2026:10:52:26 +0000] "GET /networking/v2.0/security-groups?id=0144a05f-73bd-453d-86ef-1eca0f27a2ba&fields=id&fields=name HTTP/1.1" 200 3016 "-" "python-neutronclient"
172.18.0.2 - - [02/Apr/2026:10:52:26 +0000] "GET /compute/v2.1/servers/139df403-81f8-4af5-a5bf-a80c94d7fcb9 HTTP/1.1" 200 4631 "-" "cluster-api-provider-openstack/v0.12.4 gophercloud/v2.7.0"
199.204.45.155 - - [02/Apr/2026:10:52:26 +0000] "GET /identity/v3/auth/tokens HTTP/1.1" 200 8053 "-" "python-keystoneclient"
199.204.45.155 - - [02/Apr/2026:10:52:26 +0000] "POST /identity/v3/auth/tokens HTTP/1.1" 201 7632 "-" "uwsgi keystoneauth1/5.13.1 python-requests/2.32.5 CPython/3.12.3"
172.18.0.2 - - [02/Apr/2026:10:52:26 +0000] "GET /compute/v2.1/ HTTP/1.1" 200 3432 "-" "cluster-api-provider-openstack/v0.12.4 gophercloud/v2.7.0"
199.204.45.155 - - [02/Apr/2026:10:52:26 +0000] "POST /identity/v3/auth/tokens HTTP/1.1" 201 7632 "-" "uwsgi keystoneauth1/5.13.1 python-requests/2.32.5 CPython/3.12.3"
199.204.45.155 - - [02/Apr/2026:10:52:26 +0000] "POST /identity/v3/auth/tokens HTTP/1.1" 201 7632 "-" "uwsgi keystoneauth1/5.13.1 python-requests/2.32.5 CPython/3.12.3"
199.204.45.155 - - [02/Apr/2026:10:52:26 +0000] "GET /container-infra/v1/clusters/k8s-cluster HTTP/1.1" 200 4890 "-" "python-urllib3/2.6.3"
199.204.45.155 - - [02/Apr/2026:10:52:26 +0000] "GET /networking/v2.0/ports?device_id=139df403-81f8-4af5-a5bf-a80c94d7fcb9 HTTP/1.1" 200 3711 "-" "python-neutronclient"
199.204.45.155 - - [02/Apr/2026:10:52:26 +0000] "GET /networking/v2.0/security-groups?id=0144a05f-73bd-453d-86ef-1eca0f27a2ba&fields=id&fields=name HTTP/1.1" 200 3016 "-" "python-neutronclient"
172.18.0.2 - - [02/Apr/2026:10:52:26 +0000] "GET /compute/v2.1/servers/139df403-81f8-4af5-a5bf-a80c94d7fcb9 HTTP/1.1" 200 4631 "-" "cluster-api-provider-openstack/v0.12.4 gophercloud/v2.7.0"
172.18.0.2 - - [02/Apr/2026:10:52:26 +0000] "GET /compute/v2.1/ HTTP/1.1" 200 3432 "-" "cluster-api-provider-openstack/v0.12.4 gophercloud/v2.7.0"
199.204.45.155 - - [02/Apr/2026:10:52:27 +0000] "GET /networking/v2.0/ports?device_id=139df403-81f8-4af5-a5bf-a80c94d7fcb9 HTTP/1.1" 200 3711 "-" "python-neutronclient"
199.204.45.155 - - [02/Apr/2026:10:52:27 +0000] "GET /networking/v2.0/security-groups?id=0144a05f-73bd-453d-86ef-1eca0f27a2ba&fields=id&fields=name HTTP/1.1" 200 3016 "-" "python-neutronclient"
172.18.0.2 - - [02/Apr/2026:10:52:27 +0000] "GET /compute/v2.1/servers/139df403-81f8-4af5-a5bf-a80c94d7fcb9 HTTP/1.1" 200 4631 "-" "cluster-api-provider-openstack/v0.12.4 gophercloud/v2.7.0"
172.24.5.127 - - [02/Apr/2026:10:52:28 +0000] "GET /networking/ HTTP/1.1" 200 2910 "-" "openstack-cloud-controller-manager/v1.35.0 gophercloud/v2.8.0"
199.204.45.155 - - [02/Apr/2026:10:52:29 +0000] "GET /networking/v2.0/ports?device_id=7419699a-e346-4d5f-99ce-b24a5bfabd82 HTTP/1.1" 200 3731 "-" "python-neutronclient"
199.204.45.155 - - [02/Apr/2026:10:52:29 +0000] "GET /networking/v2.0/security-groups?id=5a055635-d564-4c63-8382-2b6067015b8d&fields=id&fields=name HTTP/1.1" 200 3010 "-" "python-neutronclient"
172.24.5.127 - - [02/Apr/2026:10:52:28 +0000] "GET /compute/v2.1/servers/7419699a-e346-4d5f-99ce-b24a5bfabd82 HTTP/1.1" 200 4593 "-" "openstack-cloud-controller-manager/v1.35.0 gophercloud/v2.8.0"
172.24.5.127 - - [02/Apr/2026:10:52:29 +0000] "GET /networking/ HTTP/1.1" 200 2910 "-" "openstack-cloud-controller-manager/v1.35.0 gophercloud/v2.8.0"
199.204.45.155 - - [02/Apr/2026:10:52:29 +0000] "GET /networking/v2.0/ports?device_id=7419699a-e346-4d5f-99ce-b24a5bfabd82 HTTP/1.1" 200 3731 "-" "python-neutronclient"
199.204.45.155 - - [02/Apr/2026:10:52:29 +0000] "GET /networking/v2.0/security-groups?id=5a055635-d564-4c63-8382-2b6067015b8d&fields=id&fields=name HTTP/1.1" 200 3010 "-" "python-neutronclient"
172.24.5.127 - - [02/Apr/2026:10:52:29 +0000] "GET /compute/v2.1/servers/7419699a-e346-4d5f-99ce-b24a5bfabd82 HTTP/1.1" 200 4593 "-" "openstack-cloud-controller-manager/v1.35.0 gophercloud/v2.8.0"
172.24.5.127 - - [02/Apr/2026:10:52:29 +0000] "GET /networking/ HTTP/1.1" 200 2910 "-" "openstack-cloud-controller-manager/v1.35.0 gophercloud/v2.8.0"
199.204.45.155 - - [02/Apr/2026:10:52:29 +0000] "GET /networking/v2.0/ports?device_id=0a643073-b8c2-4907-8855-2886f8cbf88d HTTP/1.1" 200 3732 "-" "python-neutronclient"
199.204.45.155 - - [02/Apr/2026:10:52:29 +0000] "GET /networking/v2.0/security-groups?id=5a055635-d564-4c63-8382-2b6067015b8d&fields=id&fields=name HTTP/1.1" 200 3010 "-" "python-neutronclient"
172.24.5.127 - - [02/Apr/2026:10:52:29 +0000] "GET /compute/v2.1/servers/0a643073-b8c2-4907-8855-2886f8cbf88d HTTP/1.1" 200 4594 "-" "openstack-cloud-controller-manager/v1.35.0 gophercloud/v2.8.0"
172.24.5.127 - - [02/Apr/2026:10:52:29 +0000] "GET /networking/ HTTP/1.1" 200 2910 "-" "openstack-cloud-controller-manager/v1.35.0 gophercloud/v2.8.0"
199.204.45.155 - - [02/Apr/2026:10:52:29 +0000] "GET /networking/v2.0/ports?device_id=0a643073-b8c2-4907-8855-2886f8cbf88d HTTP/1.1" 200 3732 "-" "python-neutronclient"
199.204.45.155 - - [02/Apr/2026:10:52:29 +0000] "GET /networking/v2.0/security-groups?id=5a055635-d564-4c63-8382-2b6067015b8d&fields=id&fields=name HTTP/1.1" 200 3010 "-" "python-neutronclient"
172.24.5.127 - - [02/Apr/2026:10:52:29 +0000] "GET /compute/v2.1/servers/0a643073-b8c2-4907-8855-2886f8cbf88d HTTP/1.1" 200 4594 "-" "openstack-cloud-controller-manager/v1.35.0 gophercloud/v2.8.0"
199.204.45.155 - - [02/Apr/2026:10:52:31 +0000] "GET /identity HTTP/1.1" 300 3232 "-" "uwsgi keystoneauth1/5.13.1 python-requests/2.32.5 CPython/3.12.3"
199.204.45.155 - - [02/Apr/2026:10:52:31 +0000] "POST /identity/v3/auth/tokens HTTP/1.1" 201 8105 "-" "uwsgi keystoneauth1/5.13.1 python-requests/2.32.5 CPython/3.12.3"
199.204.45.155 - - [02/Apr/2026:10:52:31 +0000] "POST /identity/v3/auth/tokens HTTP/1.1" 201 8105 "-" "uwsgi keystoneauth1/5.13.1 python-requests/2.32.5 CPython/3.12.3"
199.204.45.155 - - [02/Apr/2026:10:52:32 +0000] "GET /identity/v3/auth/tokens HTTP/1.1" 200 8100 "-" "python-keystoneclient"
199.204.45.155 - - [02/Apr/2026:10:52:32 +0000] "GET /identity/v3/auth/tokens?allow_expired=1 HTTP/1.1" 200 8100 "-" "python-keystoneclient"
199.204.45.155 - - [02/Apr/2026:10:52:32 +0000] "GET /networking/v2.0/ports?device_id=0a643073-b8c2-4907-8855-2886f8cbf88d HTTP/1.1" 200 3974 "-" "python-neutronclient"
199.204.45.155 - - [02/Apr/2026:10:52:32 +0000] "GET /networking/v2.0/security-groups?id=5a055635-d564-4c63-8382-2b6067015b8d&fields=id&fields=name HTTP/1.1" 200 3010 "-" "python-neutronclient"
172.18.0.2 - - [02/Apr/2026:10:52:32 +0000] "GET /compute/v2.1/ HTTP/1.1" 200 3432 "-" "cluster-api-provider-openstack/v0.12.4 gophercloud/v2.7.0"
199.204.45.155 - - [02/Apr/2026:10:52:32 +0000] "GET /identity/v3/auth/tokens HTTP/1.1" 200 8226 "-" "python-keystoneclient"
199.204.45.155 - - [02/Apr/2026:10:52:32 +0000] "GET /networking/v2.0/ports?device_id=7419699a-e346-4d5f-99ce-b24a5bfabd82 HTTP/1.1" 200 3731 "-" "python-neutronclient"
199.204.45.155 - - [02/Apr/2026:10:52:32 +0000] "GET /networking/v2.0/security-groups?id=5a055635-d564-4c63-8382-2b6067015b8d&fields=id&fields=name HTTP/1.1" 200 3010 "-" "python-neutronclient"
172.18.0.2 - - [02/Apr/2026:10:52:32 +0000] "GET /compute/v2.1/servers/7419699a-e346-4d5f-99ce-b24a5bfabd82 HTTP/1.1" 200 4645 "-" "cluster-api-provider-openstack/v0.12.4 gophercloud/v2.7.0"
172.18.0.2 - - [02/Apr/2026:10:52:32 +0000] "GET /compute/v2.1/ HTTP/1.1" 200 3432 "-" "cluster-api-provider-openstack/v0.12.4 gophercloud/v2.7.0"
199.204.45.155 - - [02/Apr/2026:10:52:32 +0000] "GET /networking/v2.0/ports?device_id=7419699a-e346-4d5f-99ce-b24a5bfabd82 HTTP/1.1" 200 3731 "-" "python-neutronclient"
199.204.45.155 - - [02/Apr/2026:10:52:32 +0000] "GET /networking/v2.0/security-groups?id=5a055635-d564-4c63-8382-2b6067015b8d&fields=id&fields=name HTTP/1.1" 200 3010 "-" "python-neutronclient"
172.18.0.2 - - [02/Apr/2026:10:52:32 +0000] "GET /compute/v2.1/servers/7419699a-e346-4d5f-99ce-b24a5bfabd82 HTTP/1.1" 200 4645 "-" "cluster-api-provider-openstack/v0.12.4 gophercloud/v2.7.0"
199.204.45.155 - - [02/Apr/2026:10:52:33 +0000] "GET /identity HTTP/1.1" 300 3232 "-" "openstacksdk/4.10.0 keystoneauth1/5.13.1 python-requests/2.32.5 CPython/3.12.3"
199.204.45.155 - - [02/Apr/2026:10:52:33 +0000] "POST /identity/v3/auth/tokens HTTP/1.1" 201 8058 "-" "openstacksdk/4.10.0 keystoneauth1/5.13.1 python-requests/2.32.5 CPython/3.12.3"
199.204.45.155 - - [02/Apr/2026:10:52:33 +0000] "GET /identity/v3/auth/tokens HTTP/1.1" 200 8053 "-" "python-keystoneclient"
199.204.45.155 - - [02/Apr/2026:10:52:33 +0000] "POST /identity/v3/auth/tokens HTTP/1.1" 201 7632 "-" "uwsgi keystoneauth1/5.13.1 python-requests/2.32.5 CPython/3.12.3"
199.204.45.155 - - [02/Apr/2026:10:52:33 +0000] "POST /identity/v3/auth/tokens HTTP/1.1" 201 7632 "-" "uwsgi keystoneauth1/5.13.1 python-requests/2.32.5 CPython/3.12.3"
199.204.45.155 - - [02/Apr/2026:10:52:33 +0000] "POST /identity/v3/auth/tokens HTTP/1.1" 201 7632 "-" "uwsgi keystoneauth1/5.13.1 python-requests/2.32.5 CPython/3.12.3"
199.204.45.155 - - [02/Apr/2026:10:52:33 +0000] "GET /container-infra/v1/clusters/k8s-cluster HTTP/1.1" 200 4890 "-" "python-urllib3/2.6.3"
172.24.5.127 - - [02/Apr/2026:10:52:35 +0000] "GET /networking/ HTTP/1.1" 200 2910 "-" "openstack-cloud-controller-manager/v1.35.0 gophercloud/v2.8.0"
199.204.45.155 - - [02/Apr/2026:10:52:35 +0000] "GET /networking/v2.0/ports?device_id=0a643073-b8c2-4907-8855-2886f8cbf88d HTTP/1.1" 200 3732 "-" "python-neutronclient"
199.204.45.155 - - [02/Apr/2026:10:52:35 +0000] "GET /networking/v2.0/security-groups?id=5a055635-d564-4c63-8382-2b6067015b8d&fields=id&fields=name HTTP/1.1" 200 3010 "-" "python-neutronclient"
172.24.5.127 - - [02/Apr/2026:10:52:35 +0000] "GET /compute/v2.1/servers/0a643073-b8c2-4907-8855-2886f8cbf88d HTTP/1.1" 200 4594 "-" "openstack-cloud-controller-manager/v1.35.0 gophercloud/v2.8.0"
172.24.5.127 - - [02/Apr/2026:10:52:35 +0000] "GET /networking/ HTTP/1.1" 200 2910 "-" "openstack-cloud-controller-manager/v1.35.0 gophercloud/v2.8.0"
199.204.45.155 - - [02/Apr/2026:10:52:35 +0000] "GET /networking/v2.0/ports?device_id=0a643073-b8c2-4907-8855-2886f8cbf88d HTTP/1.1" 200 3732 "-" "python-neutronclient"
199.204.45.155 - - [02/Apr/2026:10:52:35 +0000] "GET /networking/v2.0/security-groups?id=5a055635-d564-4c63-8382-2b6067015b8d&fields=id&fields=name HTTP/1.1" 200 3010 "-" "python-neutronclient"
172.24.5.127 - - [02/Apr/2026:10:52:35 +0000] "GET /compute/v2.1/servers/0a643073-b8c2-4907-8855-2886f8cbf88d HTTP/1.1" 200 4594 "-" "openstack-cloud-controller-manager/v1.35.0 gophercloud/v2.8.0"
199.204.45.155 - - [02/Apr/2026:10:52:39 +0000] "GET /identity HTTP/1.1" 300 3232 "-" "openstacksdk/4.10.0 keystoneauth1/5.13.1 python-requests/2.32.5 CPython/3.12.3"
172.18.0.2 - - [02/Apr/2026:10:52:39 +0000] "GET /compute/v2.1/ HTTP/1.1" 200 3432 "-" "cluster-api-provider-openstack/v0.12.4 gophercloud/v2.7.0"
199.204.45.155 - - [02/Apr/2026:10:52:39 +0000] "POST /identity/v3/auth/tokens HTTP/1.1" 201 8058 "-" "openstacksdk/4.10.0 keystoneauth1/5.13.1 python-requests/2.32.5 CPython/3.12.3"
199.204.45.155 - - [02/Apr/2026:10:52:39 +0000] "GET /networking/v2.0/ports?device_id=0a643073-b8c2-4907-8855-2886f8cbf88d HTTP/1.1" 200 3732 "-" "python-neutronclient"
199.204.45.155 - - [02/Apr/2026:10:52:40 +0000] "GET /networking/v2.0/security-groups?id=5a055635-d564-4c63-8382-2b6067015b8d&fields=id&fields=name HTTP/1.1" 200 3010 "-" "python-neutronclient"
172.18.0.2 - - [02/Apr/2026:10:52:39 +0000] "GET /compute/v2.1/servers/0a643073-b8c2-4907-8855-2886f8cbf88d HTTP/1.1" 200 4646 "-" "cluster-api-provider-openstack/v0.12.4 gophercloud/v2.7.0"
172.18.0.2 - - [02/Apr/2026:10:52:40 +0000] "GET /compute/v2.1/ HTTP/1.1" 200 3432 "-" "cluster-api-provider-openstack/v0.12.4 gophercloud/v2.7.0"
199.204.45.155 - - [02/Apr/2026:10:52:40 +0000] "GET /identity/v3/auth/tokens HTTP/1.1" 200 8053 "-" "python-keystoneclient"
199.204.45.155 - - [02/Apr/2026:10:52:40 +0000] "POST /identity/v3/auth/tokens HTTP/1.1" 201 7632 "-" "uwsgi keystoneauth1/5.13.1 python-requests/2.32.5 CPython/3.12.3"
199.204.45.155 - - [02/Apr/2026:10:52:40 +0000] "POST /identity/v3/auth/tokens HTTP/1.1" 201 7632 "-" "uwsgi keystoneauth1/5.13.1 python-requests/2.32.5 CPython/3.12.3"
199.204.45.155 - - [02/Apr/2026:10:52:40 +0000] "GET /networking/v2.0/ports?device_id=0a643073-b8c2-4907-8855-2886f8cbf88d HTTP/1.1" 200 3732 "-" "python-neutronclient"
199.204.45.155 - - [02/Apr/2026:10:52:40 +0000] "POST /identity/v3/auth/tokens HTTP/1.1" 201 7632 "-" "uwsgi keystoneauth1/5.13.1 python-requests/2.32.5 CPython/3.12.3"
199.204.45.155 - - [02/Apr/2026:10:52:40 +0000] "GET /container-infra/v1/clusters/k8s-cluster HTTP/1.1" 200 4890 "-" "python-urllib3/2.6.3"
199.204.45.155 - - [02/Apr/2026:10:52:40 +0000] "GET /networking/v2.0/security-groups?id=5a055635-d564-4c63-8382-2b6067015b8d&fields=id&fields=name HTTP/1.1" 200 3010 "-" "python-neutronclient"
172.18.0.2 - - [02/Apr/2026:10:52:40 +0000] "GET /compute/v2.1/servers/0a643073-b8c2-4907-8855-2886f8cbf88d HTTP/1.1" 200 4646 "-" "cluster-api-provider-openstack/v0.12.4 gophercloud/v2.7.0"
172.24.5.127 - - [02/Apr/2026:10:52:43 +0000] "GET /identity/ HTTP/1.1" 300 3201 "-" "cinder-csi-plugin/v1.32.0 gophercloud/v2.5.0"
172.24.5.127 - - [02/Apr/2026:10:52:43 +0000] "POST /identity/v3/auth/tokens HTTP/1.1" 201 8200 "-" "cinder-csi-plugin/v1.32.0 gophercloud/v2.5.0"
199.204.45.155 - - [02/Apr/2026:10:52:44 +0000] "GET /identity/v3/auth/tokens HTTP/1.1" 200 8226 "-" "python-keystoneclient"
172.24.5.127 - - [02/Apr/2026:10:52:44 +0000] "GET /volume/v3/volumes/detail HTTP/1.1" 200 2988 "-" "cinder-csi-plugin/v1.32.0 gophercloud/v2.5.0"
199.204.45.155 - - [02/Apr/2026:10:52:46 +0000] "GET /identity HTTP/1.1" 300 3232 "-" "openstacksdk/4.10.0 keystoneauth1/5.13.1 python-requests/2.32.5 CPython/3.12.3"
199.204.45.155 - - [02/Apr/2026:10:52:46 +0000] "POST /identity/v3/auth/tokens HTTP/1.1" 201 8058 "-" "openstacksdk/4.10.0 keystoneauth1/5.13.1 python-requests/2.32.5 CPython/3.12.3"
199.204.45.155 - - [02/Apr/2026:10:52:46 +0000] "GET /identity/v3/auth/tokens HTTP/1.1" 200 8053 "-" "python-keystoneclient"
199.204.45.155 - - [02/Apr/2026:10:52:46 +0000] "POST /identity/v3/auth/tokens HTTP/1.1" 201 7632 "-" "uwsgi keystoneauth1/5.13.1 python-requests/2.32.5 CPython/3.12.3"
199.204.45.155 - - [02/Apr/2026:10:52:47 +0000] "POST /identity/v3/auth/tokens HTTP/1.1" 201 7632 "-" "uwsgi keystoneauth1/5.13.1 python-requests/2.32.5 CPython/3.12.3"
199.204.45.155 - - [02/Apr/2026:10:52:47 +0000] "POST /identity/v3/auth/tokens HTTP/1.1" 201 7632 "-" "uwsgi keystoneauth1/5.13.1 python-requests/2.32.5 CPython/3.12.3"
199.204.45.155 - - [02/Apr/2026:10:52:46 +0000] "GET /container-infra/v1/clusters/k8s-cluster HTTP/1.1" 200 4664 "-" "python-urllib3/2.6.3"
199.204.45.155 - - [02/Apr/2026:10:52:48 +0000] "GET /identity HTTP/1.1" 300 3232 "-" "openstacksdk/4.10.0 keystoneauth1/5.13.1 python-requests/2.32.5 CPython/3.12.3"
199.204.45.155 - - [02/Apr/2026:10:52:48 +0000] "POST /identity/v3/auth/tokens HTTP/1.1" 201 8058 "-" "openstacksdk/4.10.0 keystoneauth1/5.13.1 python-requests/2.32.5 CPython/3.12.3"
199.204.45.155 - - [02/Apr/2026:10:52:48 +0000] "GET /identity/v3/auth/tokens HTTP/1.1" 200 8053 "-" "python-keystoneclient"
199.204.45.155 - - [02/Apr/2026:10:52:48 +0000] "POST /identity/v3/auth/tokens HTTP/1.1" 201 7632 "-" "uwsgi keystoneauth1/5.13.1 python-requests/2.32.5 CPython/3.12.3"
199.204.45.155 - - [02/Apr/2026:10:52:48 +0000] "POST /identity/v3/auth/tokens HTTP/1.1" 201 7632 "-" "uwsgi keystoneauth1/5.13.1 python-requests/2.32.5 CPython/3.12.3"
199.204.45.155 - - [02/Apr/2026:10:52:48 +0000] "POST /identity/v3/auth/tokens HTTP/1.1" 201 7632 "-" "uwsgi keystoneauth1/5.13.1 python-requests/2.32.5 CPython/3.12.3"
199.204.45.155 - - [02/Apr/2026:10:52:48 +0000] "GET /container-infra/v1/clusters/k8s-cluster HTTP/1.1" 200 4664 "-" "python-urllib3/2.6.3"
199.204.45.155 - - [02/Apr/2026:10:52:48 +0000] "POST /identity/v3/auth/tokens HTTP/1.1" 201 7632 "-" "uwsgi keystoneauth1/5.13.1 python-requests/2.32.5 CPython/3.12.3"
199.204.45.155 - - [02/Apr/2026:10:52:48 +0000] "POST /identity/v3/auth/tokens HTTP/1.1" 201 7632 "-" "uwsgi keystoneauth1/5.13.1 python-requests/2.32.5 CPython/3.12.3"
199.204.45.155 - - [02/Apr/2026:10:52:48 +0000] "GET /container-infra/v1/clustertemplates/c31ac972-9548-4a84-9571-15acbc4998bf HTTP/1.1" 200 4412 "-" "python-urllib3/2.6.3"
199.204.45.155 - - [02/Apr/2026:10:52:48 +0000] "POST /identity/v3/auth/tokens HTTP/1.1" 201 7632 "-" "uwsgi keystoneauth1/5.13.1 python-requests/2.32.5 CPython/3.12.3"
199.204.45.155 - - [02/Apr/2026:10:52:48 +0000] "POST /identity/v3/auth/tokens HTTP/1.1" 201 7632 "-" "uwsgi keystoneauth1/5.13.1 python-requests/2.32.5 CPython/3.12.3"
199.204.45.155 - - [02/Apr/2026:10:52:49 +0000] "GET /identity/v3 HTTP/1.1" 200 3156 "-" "magnum-conductor keystoneauth1/5.13.1 python-requests/2.32.5 CPython/3.12.3"
199.204.45.155 - - [02/Apr/2026:10:52:49 +0000] "POST /identity/v3/auth/tokens HTTP/1.1" 201 8107 "-" "magnum-conductor keystoneauth1/5.13.1 python-requests/2.32.5 CPython/3.12.3"
199.204.45.155 - - [02/Apr/2026:10:52:49 +0000] "GET /identity HTTP/1.1" 300 3232 "-" "barbican/22.0.0 keystonemiddleware.auth_token/12.0.0 keystoneauth1/5.13.1 python-requests/2.32.5 CPython/3.12.3"
199.204.45.155 - - [02/Apr/2026:10:52:49 +0000] "POST /identity/v3/auth/tokens HTTP/1.1" 201 8109 "-" "barbican/22.0.0 keystonemiddleware.auth_token/12.0.0 keystoneauth1/5.13.1 python-requests/2.32.5 CPython/3.12.3"
199.204.45.155 - - [02/Apr/2026:10:52:49 +0000] "GET /identity/v3/auth/tokens HTTP/1.1" 200 8102 "-" "python-keystoneclient"
199.204.45.155 - - [02/Apr/2026:10:52:49 +0000] "POST /identity/v3/auth/tokens HTTP/1.1" 201 7632 "-" "uwsgi keystoneauth1/5.13.1 python-requests/2.32.5 CPython/3.12.3"
199.204.45.155 - - [02/Apr/2026:10:52:48 +0000] "GET /container-infra/v1/certificates/2c0a0cb6-2ed9-4c2d-b081-db5d41b6e30c HTTP/1.1" 200 4546 "-" "python-urllib3/2.6.3"
199.204.45.155 - - [02/Apr/2026:10:52:49 +0000] "POST /identity/v3/auth/tokens HTTP/1.1" 201 7632 "-" "uwsgi keystoneauth1/5.13.1 python-requests/2.32.5 CPython/3.12.3"
199.204.45.155 - - [02/Apr/2026:10:52:49 +0000] "POST /identity/v3/auth/tokens HTTP/1.1" 201 7632 "-" "uwsgi keystoneauth1/5.13.1 python-requests/2.32.5 CPython/3.12.3"
199.204.45.155 - - [02/Apr/2026:10:52:49 +0000] "GET /identity/v3 HTTP/1.1" 200 3156 "-" "magnum-conductor keystoneauth1/5.13.1 python-requests/2.32.5 CPython/3.12.3"
199.204.45.155 - - [02/Apr/2026:10:52:49 +0000] "POST /identity/v3/auth/tokens HTTP/1.1" 201 8107 "-" "magnum-conductor keystoneauth1/5.13.1 python-requests/2.32.5 CPython/3.12.3"
199.204.45.155 - - [02/Apr/2026:10:52:49 +0000] "GET /identity/v3/auth/tokens HTTP/1.1" 200 8102 "-" "python-keystoneclient"
199.204.45.155 - - [02/Apr/2026:10:52:50 +0000] "POST /identity/v3/auth/tokens HTTP/1.1" 201 7632 "-" "uwsgi keystoneauth1/5.13.1 python-requests/2.32.5 CPython/3.12.3"
199.204.45.155 - - [02/Apr/2026:10:52:49 +0000] "POST /container-infra/v1/certificates HTTP/1.1" 201 5478 "-" "python-urllib3/2.6.3"
199.204.45.155 - - [02/Apr/2026:10:52:51 +0000] "GET /identity HTTP/1.1" 300 3232 "-" "placement/unknown keystonemiddleware.auth_token/12.0.0 keystoneauth1/5.13.1 python-requests/2.32.5 CPython/3.12.3"
199.204.45.155 - - [02/Apr/2026:10:52:51 +0000] "POST /identity/v3/auth/tokens HTTP/1.1" 201 8110 "-" "placement/unknown keystonemiddleware.auth_token/12.0.0 keystoneauth1/5.13.1 python-requests/2.32.5 CPython/3.12.3"
199.204.45.155 - - [02/Apr/2026:10:52:51 +0000] "GET /identity/v3/auth/tokens HTTP/1.1" 200 8100 "-" "python-keystoneclient"
199.204.45.155 - - [02/Apr/2026:10:52:51 +0000] "GET /placement/resource_providers/3cb89fd2-be32-408d-8b76-43f33f6b49e4/allocations HTTP/1.1" 200 3302 "-" "nova-compute keystoneauth1/5.13.1 python-requests/2.32.5 CPython/3.12.3"
199.204.45.155 - - [02/Apr/2026:10:52:51 +0000] "GET /placement/resource_providers?in_tree=3cb89fd2-be32-408d-8b76-43f33f6b49e4 HTTP/1.1" 200 3816 "-" "nova-compute keystoneauth1/5.13.1 python-requests/2.32.5 CPython/3.12.3"
199.204.45.155 - - [02/Apr/2026:10:52:51 +0000] "GET /placement/resource_providers/3cb89fd2-be32-408d-8b76-43f33f6b49e4/inventories HTTP/1.1" 200 3344 "-" "nova-compute keystoneauth1/5.13.1 python-requests/2.32.5 CPython/3.12.3"
199.204.45.155 - - [02/Apr/2026:10:52:51 +0000] "GET /placement/resource_providers/3cb89fd2-be32-408d-8b76-43f33f6b49e4/aggregates HTTP/1.1" 200 3068 "-" "nova-compute keystoneauth1/5.13.1 python-requests/2.32.5 CPython/3.12.3"
199.204.45.155 - - [02/Apr/2026:10:52:52 +0000] "GET /placement/resource_providers/3cb89fd2-be32-408d-8b76-43f33f6b49e4/traits HTTP/1.1" 200 5008 "-" "nova-compute keystoneauth1/5.13.1 python-requests/2.32.5 CPython/3.12.3"
199.204.45.155 - - [02/Apr/2026:10:52:52 +0000] "GET /placement/resource_providers/3cb89fd2-be32-408d-8b76-43f33f6b49e4/allocations HTTP/1.1" 200 3302 "-" "nova-compute keystoneauth1/5.13.1 python-requests/2.32.5 CPython/3.12.3"
199.204.45.155 - - [02/Apr/2026:10:52:52 +0000] "GET /placement/allocations/7419699a-e346-4d5f-99ce-b24a5bfabd82 HTTP/1.1" 200 3275 "-" "nova-compute keystoneauth1/5.13.1 python-requests/2.32.5 CPython/3.12.3"
199.204.45.155 - - [02/Apr/2026:10:52:52 +0000] "GET /placement/allocations/139df403-81f8-4af5-a5bf-a80c94d7fcb9 HTTP/1.1" 200 3275 "-" "nova-compute keystoneauth1/5.13.1 python-requests/2.32.5 CPython/3.12.3"
199.204.45.155 - - [02/Apr/2026:10:52:52 +0000] "GET /placement/allocations/0a643073-b8c2-4907-8855-2886f8cbf88d HTTP/1.1" 200 3275 "-" "nova-compute keystoneauth1/5.13.1 python-requests/2.32.5 CPython/3.12.3"
199.204.45.155 - - [02/Apr/2026:10:52:52 +0000] "GET /networking/v2.0/ports?device_id=7419699a-e346-4d5f-99ce-b24a5bfabd82 HTTP/1.1" 200 3973 "-" "python-neutronclient"
199.204.45.155 - - [02/Apr/2026:10:52:52 +0000] "GET /networking/v2.0/security-groups?id=5a055635-d564-4c63-8382-2b6067015b8d&fields=id&fields=name HTTP/1.1" 200 3010 "-" "python-neutronclient"
