Apr 02 10:45:36.090123 np0000162869 devstack@neutron-api.service[102129]: DEBUG dbcounter [-] [102129] Writing DB stats neutron:UPDATE=1,neutron:SELECT=1 {{(pid=102129) stat_writer /opt/stack/data/venv/lib/python3.12/site-packages/dbcounter.py:115}}
Apr 02 10:45:36.207309 np0000162869 devstack@neutron-api.service[102131]: DEBUG dbcounter [-] [102131] Writing DB stats neutron:UPDATE=1,neutron:SELECT=1 {{(pid=102131) stat_writer /opt/stack/data/venv/lib/python3.12/site-packages/dbcounter.py:115}}
Apr 02 10:45:36.222555 np0000162869 devstack@neutron-api.service[102132]: DEBUG dbcounter [-] [102132] Writing DB stats neutron:UPDATE=1,neutron:SELECT=1 {{(pid=102132) stat_writer /opt/stack/data/venv/lib/python3.12/site-packages/dbcounter.py:115}}
Apr 02 10:45:40.348589 np0000162869 devstack@neutron-api.service[102130]: DEBUG futurist.periodics [-] Submitting periodic callback 'neutron.plugins.ml2.drivers.ovn.mech_driver.ovsdb.maintenance.HashRingHealthCheckPeriodics.touch_hash_ring_node' {{(pid=102130) _process_scheduled /opt/stack/data/venv/lib/python3.12/site-packages/futurist/periodics.py:638}}
Apr 02 10:45:40.350065 np0000162869 devstack@neutron-api.service[102130]: DEBUG neutron.plugins.ml2.drivers.ovn.mech_driver.ovsdb.maintenance [-] Touching Hash Ring node "ada47be0d3c45af0aad8a82c41cf6ab1" from periodic health check thread {{(pid=102130) touch_hash_ring_node /opt/stack/neutron/neutron/plugins/ml2/drivers/ovn/mech_driver/ovsdb/maintenance.py:1232}}
Apr 02 10:45:41.081054 np0000162869 devstack@neutron-api.service[102129]: DEBUG futurist.periodics [-] Submitting periodic callback 'neutron.plugins.ml2.drivers.ovn.mech_driver.ovsdb.maintenance.HashRingHealthCheckPeriodics.touch_hash_ring_node' {{(pid=102129) _process_scheduled /opt/stack/data/venv/lib/python3.12/site-packages/futurist/periodics.py:638}}
Apr 02 10:45:41.082623 np0000162869 devstack@neutron-api.service[102129]: DEBUG neutron.plugins.ml2.drivers.ovn.mech_driver.ovsdb.maintenance [-] Touching Hash Ring node "c267572fe1305da8a808af2e3ca5cc50" from periodic health check thread {{(pid=102129) touch_hash_ring_node /opt/stack/neutron/neutron/plugins/ml2/drivers/ovn/mech_driver/ovsdb/maintenance.py:1232}}
Apr 02 10:45:41.196908 np0000162869 devstack@neutron-api.service[102131]: DEBUG futurist.periodics [-] Submitting periodic callback 'neutron.plugins.ml2.drivers.ovn.mech_driver.ovsdb.maintenance.HashRingHealthCheckPeriodics.touch_hash_ring_node' {{(pid=102131) _process_scheduled /opt/stack/data/venv/lib/python3.12/site-packages/futurist/periodics.py:638}}
Apr 02 10:45:41.197947 np0000162869 devstack@neutron-api.service[102131]: DEBUG neutron.plugins.ml2.drivers.ovn.mech_driver.ovsdb.maintenance [-] Touching Hash Ring node "9ed5c7c8a77757aab25ce632e1af690d" from periodic health check thread {{(pid=102131) touch_hash_ring_node /opt/stack/neutron/neutron/plugins/ml2/drivers/ovn/mech_driver/ovsdb/maintenance.py:1232}}
Apr 02 10:45:41.212147 np0000162869 devstack@neutron-api.service[102132]: DEBUG futurist.periodics [-] Submitting periodic callback 'neutron.plugins.ml2.drivers.ovn.mech_driver.ovsdb.maintenance.HashRingHealthCheckPeriodics.touch_hash_ring_node' {{(pid=102132) _process_scheduled /opt/stack/data/venv/lib/python3.12/site-packages/futurist/periodics.py:638}}
Apr 02 10:45:41.213566 np0000162869 devstack@neutron-api.service[102132]: DEBUG neutron.plugins.ml2.drivers.ovn.mech_driver.ovsdb.maintenance [-] Touching Hash Ring node "10d037feadf155bbb563813dd1d663d4" from periodic health check thread {{(pid=102132) touch_hash_ring_node /opt/stack/neutron/neutron/plugins/ml2/drivers/ovn/mech_driver/ovsdb/maintenance.py:1232}}
Apr 02 10:45:50.363707 np0000162869 devstack@neutron-api.service[102130]: DEBUG dbcounter [-] [102130] Writing DB stats neutron:UPDATE=1,neutron:SELECT=1 {{(pid=102130) stat_writer /opt/stack/data/venv/lib/python3.12/site-packages/dbcounter.py:115}}
Apr 02 10:45:51.094145 np0000162869 devstack@neutron-api.service[102129]: DEBUG dbcounter [-] [102129] Writing DB stats neutron:UPDATE=1,neutron:SELECT=1 {{(pid=102129) stat_writer /opt/stack/data/venv/lib/python3.12/site-packages/dbcounter.py:115}}
Apr 02 10:45:51.211633 np0000162869 devstack@neutron-api.service[102131]: DEBUG dbcounter [-] [102131] Writing DB stats neutron:UPDATE=1,neutron:SELECT=1 {{(pid=102131) stat_writer /opt/stack/data/venv/lib/python3.12/site-packages/dbcounter.py:115}}
Apr 02 10:45:51.224568 np0000162869 devstack@neutron-api.service[102132]: DEBUG dbcounter [-] [102132] Writing DB stats neutron:UPDATE=1,neutron:SELECT=1 {{(pid=102132) stat_writer /opt/stack/data/venv/lib/python3.12/site-packages/dbcounter.py:115}}
Apr 02 10:45:55.350199 np0000162869 devstack@neutron-api.service[102130]: DEBUG futurist.periodics [-] Submitting periodic callback 'neutron.plugins.ml2.drivers.ovn.mech_driver.ovsdb.maintenance.HashRingHealthCheckPeriodics.touch_hash_ring_node' {{(pid=102130) _process_scheduled /opt/stack/data/venv/lib/python3.12/site-packages/futurist/periodics.py:638}}
Apr 02 10:45:55.351539 np0000162869 devstack@neutron-api.service[102130]: DEBUG neutron.plugins.ml2.drivers.ovn.mech_driver.ovsdb.maintenance [-] Touching Hash Ring node "ada47be0d3c45af0aad8a82c41cf6ab1" from periodic health check thread {{(pid=102130) touch_hash_ring_node /opt/stack/neutron/neutron/plugins/ml2/drivers/ovn/mech_driver/ovsdb/maintenance.py:1232}}
Apr 02 10:45:56.082788 np0000162869 devstack@neutron-api.service[102129]: DEBUG futurist.periodics [-] Submitting periodic callback 'neutron.plugins.ml2.drivers.ovn.mech_driver.ovsdb.maintenance.HashRingHealthCheckPeriodics.touch_hash_ring_node' {{(pid=102129) _process_scheduled /opt/stack/data/venv/lib/python3.12/site-packages/futurist/periodics.py:638}}
Apr 02 10:45:56.084016 np0000162869 devstack@neutron-api.service[102129]: DEBUG neutron.plugins.ml2.drivers.ovn.mech_driver.ovsdb.maintenance [-] Touching Hash Ring node "c267572fe1305da8a808af2e3ca5cc50" from periodic health check thread {{(pid=102129) touch_hash_ring_node /opt/stack/neutron/neutron/plugins/ml2/drivers/ovn/mech_driver/ovsdb/maintenance.py:1232}}
Apr 02 10:45:56.198244 np0000162869 devstack@neutron-api.service[102131]: DEBUG futurist.periodics [-] Submitting periodic callback 'neutron.plugins.ml2.drivers.ovn.mech_driver.ovsdb.maintenance.HashRingHealthCheckPeriodics.touch_hash_ring_node' {{(pid=102131) _process_scheduled /opt/stack/data/venv/lib/python3.12/site-packages/futurist/periodics.py:638}}
Apr 02 10:45:56.199509 np0000162869 devstack@neutron-api.service[102131]: DEBUG neutron.plugins.ml2.drivers.ovn.mech_driver.ovsdb.maintenance [-] Touching Hash Ring node "9ed5c7c8a77757aab25ce632e1af690d" from periodic health check thread {{(pid=102131) touch_hash_ring_node /opt/stack/neutron/neutron/plugins/ml2/drivers/ovn/mech_driver/ovsdb/maintenance.py:1232}}
Apr 02 10:45:56.213631 np0000162869 devstack@neutron-api.service[102132]: DEBUG futurist.periodics [-] Submitting periodic callback 'neutron.plugins.ml2.drivers.ovn.mech_driver.ovsdb.maintenance.HashRingHealthCheckPeriodics.touch_hash_ring_node' {{(pid=102132) _process_scheduled /opt/stack/data/venv/lib/python3.12/site-packages/futurist/periodics.py:638}}
Apr 02 10:45:56.215064 np0000162869 devstack@neutron-api.service[102132]: DEBUG neutron.plugins.ml2.drivers.ovn.mech_driver.ovsdb.maintenance [-] Touching Hash Ring node "10d037feadf155bbb563813dd1d663d4" from periodic health check thread {{(pid=102132) touch_hash_ring_node /opt/stack/neutron/neutron/plugins/ml2/drivers/ovn/mech_driver/ovsdb/maintenance.py:1232}}
Apr 02 10:46:05.362649 np0000162869 devstack@neutron-api.service[102130]: DEBUG dbcounter [-] [102130] Writing DB stats neutron:UPDATE=1,neutron:SELECT=1 {{(pid=102130) stat_writer /opt/stack/data/venv/lib/python3.12/site-packages/dbcounter.py:115}}
Apr 02 10:46:06.229312 np0000162869 devstack@neutron-api.service[102129]: DEBUG dbcounter [-] [102129] Writing DB stats neutron:UPDATE=1,neutron:SELECT=1 {{(pid=102129) stat_writer /opt/stack/data/venv/lib/python3.12/site-packages/dbcounter.py:115}}
Apr 02 10:46:06.235175 np0000162869 devstack@neutron-api.service[102131]: DEBUG dbcounter [-] [102131] Writing DB stats neutron:UPDATE=1,neutron:SELECT=1 {{(pid=102131) stat_writer /opt/stack/data/venv/lib/python3.12/site-packages/dbcounter.py:115}}
Apr 02 10:46:06.238546 np0000162869 devstack@neutron-api.service[102132]: DEBUG dbcounter [-] [102132] Writing DB stats neutron:UPDATE=1,neutron:SELECT=1 {{(pid=102132) stat_writer /opt/stack/data/venv/lib/python3.12/site-packages/dbcounter.py:115}}
Apr 02 10:46:10.351720 np0000162869 devstack@neutron-api.service[102130]: DEBUG futurist.periodics [-] Submitting periodic callback 'neutron.plugins.ml2.drivers.ovn.mech_driver.ovsdb.maintenance.HashRingHealthCheckPeriodics.touch_hash_ring_node' {{(pid=102130) _process_scheduled /opt/stack/data/venv/lib/python3.12/site-packages/futurist/periodics.py:638}}
Apr 02 10:46:10.352703 np0000162869 devstack@neutron-api.service[102130]: DEBUG neutron.plugins.ml2.drivers.ovn.mech_driver.ovsdb.maintenance [-] Touching Hash Ring node "ada47be0d3c45af0aad8a82c41cf6ab1" from periodic health check thread {{(pid=102130) touch_hash_ring_node /opt/stack/neutron/neutron/plugins/ml2/drivers/ovn/mech_driver/ovsdb/maintenance.py:1232}}
Apr 02 10:46:11.084255 np0000162869 devstack@neutron-api.service[102129]: DEBUG futurist.periodics [-] Submitting periodic callback 'neutron.plugins.ml2.drivers.ovn.mech_driver.ovsdb.maintenance.HashRingHealthCheckPeriodics.touch_hash_ring_node' {{(pid=102129) _process_scheduled /opt/stack/data/venv/lib/python3.12/site-packages/futurist/periodics.py:638}}
Apr 02 10:46:11.085645 np0000162869 devstack@neutron-api.service[102129]: DEBUG neutron.plugins.ml2.drivers.ovn.mech_driver.ovsdb.maintenance [-] Touching Hash Ring node "c267572fe1305da8a808af2e3ca5cc50" from periodic health check thread {{(pid=102129) touch_hash_ring_node /opt/stack/neutron/neutron/plugins/ml2/drivers/ovn/mech_driver/ovsdb/maintenance.py:1232}}
Apr 02 10:46:11.199635 np0000162869 devstack@neutron-api.service[102131]: DEBUG futurist.periodics [-] Submitting periodic callback 'neutron.plugins.ml2.drivers.ovn.mech_driver.ovsdb.maintenance.HashRingHealthCheckPeriodics.touch_hash_ring_node' {{(pid=102131) _process_scheduled /opt/stack/data/venv/lib/python3.12/site-packages/futurist/periodics.py:638}}
Apr 02 10:46:11.201735 np0000162869 devstack@neutron-api.service[102131]: DEBUG neutron.plugins.ml2.drivers.ovn.mech_driver.ovsdb.maintenance [-] Touching Hash Ring node "9ed5c7c8a77757aab25ce632e1af690d" from periodic health check thread {{(pid=102131) touch_hash_ring_node /opt/stack/neutron/neutron/plugins/ml2/drivers/ovn/mech_driver/ovsdb/maintenance.py:1232}}
Apr 02 10:46:11.215201 np0000162869 devstack@neutron-api.service[102132]: DEBUG futurist.periodics [-] Submitting periodic callback 'neutron.plugins.ml2.drivers.ovn.mech_driver.ovsdb.maintenance.HashRingHealthCheckPeriodics.touch_hash_ring_node' {{(pid=102132) _process_scheduled /opt/stack/data/venv/lib/python3.12/site-packages/futurist/periodics.py:638}}
Apr 02 10:46:11.217115 np0000162869 devstack@neutron-api.service[102132]: DEBUG neutron.plugins.ml2.drivers.ovn.mech_driver.ovsdb.maintenance [-] Touching Hash Ring node "10d037feadf155bbb563813dd1d663d4" from periodic health check thread {{(pid=102132) touch_hash_ring_node /opt/stack/neutron/neutron/plugins/ml2/drivers/ovn/mech_driver/ovsdb/maintenance.py:1232}}
Apr 02 10:46:18.740038 np0000162869 devstack@neutron-api.service[102131]: DEBUG neutron.common.ovn.hash_ring_manager [None req-4107e0dc-139b-4e8a-b5d5-bf02c85944b5 None None] Hash Ring loaded. 4 active nodes. 0 offline nodes {{(pid=102131) _load_hash_ring /opt/stack/neutron/neutron/common/ovn/hash_ring_manager.py:102}}
Apr 02 10:46:18.741123 np0000162869 devstack@neutron-api.service[102130]: DEBUG neutron.common.ovn.hash_ring_manager [None req-ae5ccabb-c618-447f-b142-d0ff24f3e34e None None] Hash Ring loaded. 4 active nodes. 0 offline nodes {{(pid=102130) _load_hash_ring /opt/stack/neutron/neutron/common/ovn/hash_ring_manager.py:102}}
Apr 02 10:46:18.741582 np0000162869 devstack@neutron-api.service[102130]: DEBUG neutron.plugins.ml2.drivers.ovn.mech_driver.ovsdb.ovsdb_monitor [None req-ae5ccabb-c618-447f-b142-d0ff24f3e34e None None] Hash Ring: Node ada47be0d3c45af0aad8a82c41cf6ab1 (host: np0000162869) handling event "update" for row 33a48afc-9957-473a-985d-3e38eb3aaf25 (table: Logical_Switch) {{(pid=102130) notify /opt/stack/neutron/neutron/plugins/ml2/drivers/ovn/mech_driver/ovsdb/ovsdb_monitor.py:912}}
Apr 02 10:46:18.743465 np0000162869 devstack@neutron-api.service[102132]: DEBUG neutron.common.ovn.hash_ring_manager [None req-10306de3-7cc6-412d-9401-012a450bbe58 None None] Hash Ring loaded. 4 active nodes. 0 offline nodes {{(pid=102132) _load_hash_ring /opt/stack/neutron/neutron/common/ovn/hash_ring_manager.py:102}}
Apr 02 10:46:18.745021 np0000162869 devstack@neutron-api.service[102129]: DEBUG neutron.common.ovn.hash_ring_manager [None req-b2922987-0539-4f54-890f-0469a4c16cf7 None None] Hash Ring loaded. 4 active nodes. 0 offline nodes {{(pid=102129) _load_hash_ring /opt/stack/neutron/neutron/common/ovn/hash_ring_manager.py:102}}
Apr 02 10:46:18.806697 np0000162869 devstack@neutron-api.service[102132]: DEBUG neutron.plugins.ml2.drivers.ovn.mech_driver.ovsdb.ovsdb_monitor [None req-10306de3-7cc6-412d-9401-012a450bbe58 None None] Hash Ring: Node 10d037feadf155bbb563813dd1d663d4 (host: np0000162869) handling event "update" for row fa003374-37b8-4535-b90c-b34670a4ae3c (table: Logical_Switch) {{(pid=102132) notify /opt/stack/neutron/neutron/plugins/ml2/drivers/ovn/mech_driver/ovsdb/ovsdb_monitor.py:912}}
Apr 02 10:46:25.353018 np0000162869 devstack@neutron-api.service[102130]: DEBUG futurist.periodics [-] Submitting periodic callback 'neutron.plugins.ml2.drivers.ovn.mech_driver.ovsdb.maintenance.HashRingHealthCheckPeriodics.touch_hash_ring_node' {{(pid=102130) _process_scheduled /opt/stack/data/venv/lib/python3.12/site-packages/futurist/periodics.py:638}}
Apr 02 10:46:25.354055 np0000162869 devstack@neutron-api.service[102130]: DEBUG neutron.plugins.ml2.drivers.ovn.mech_driver.ovsdb.maintenance [-] Touching Hash Ring node "ada47be0d3c45af0aad8a82c41cf6ab1" from periodic health check thread {{(pid=102130) touch_hash_ring_node /opt/stack/neutron/neutron/plugins/ml2/drivers/ovn/mech_driver/ovsdb/maintenance.py:1232}}
Apr 02 10:46:26.085624 np0000162869 devstack@neutron-api.service[102129]: DEBUG futurist.periodics [-] Submitting periodic callback 'neutron.plugins.ml2.drivers.ovn.mech_driver.ovsdb.maintenance.HashRingHealthCheckPeriodics.touch_hash_ring_node' {{(pid=102129) _process_scheduled /opt/stack/data/venv/lib/python3.12/site-packages/futurist/periodics.py:638}}
Apr 02 10:46:26.086912 np0000162869 devstack@neutron-api.service[102129]: DEBUG neutron.plugins.ml2.drivers.ovn.mech_driver.ovsdb.maintenance [-] Touching Hash Ring node "c267572fe1305da8a808af2e3ca5cc50" from periodic health check thread {{(pid=102129) touch_hash_ring_node /opt/stack/neutron/neutron/plugins/ml2/drivers/ovn/mech_driver/ovsdb/maintenance.py:1232}}
Apr 02 10:46:26.201763 np0000162869 devstack@neutron-api.service[102131]: DEBUG futurist.periodics [-] Submitting periodic callback 'neutron.plugins.ml2.drivers.ovn.mech_driver.ovsdb.maintenance.HashRingHealthCheckPeriodics.touch_hash_ring_node' {{(pid=102131) _process_scheduled /opt/stack/data/venv/lib/python3.12/site-packages/futurist/periodics.py:638}}
Apr 02 10:46:26.203334 np0000162869 devstack@neutron-api.service[102131]: DEBUG neutron.plugins.ml2.drivers.ovn.mech_driver.ovsdb.maintenance [-] Touching Hash Ring node "9ed5c7c8a77757aab25ce632e1af690d" from periodic health check thread {{(pid=102131) touch_hash_ring_node /opt/stack/neutron/neutron/plugins/ml2/drivers/ovn/mech_driver/ovsdb/maintenance.py:1232}}
Apr 02 10:46:26.217256 np0000162869 devstack@neutron-api.service[102132]: DEBUG futurist.periodics [-] Submitting periodic callback 'neutron.plugins.ml2.drivers.ovn.mech_driver.ovsdb.maintenance.HashRingHealthCheckPeriodics.touch_hash_ring_node' {{(pid=102132) _process_scheduled /opt/stack/data/venv/lib/python3.12/site-packages/futurist/periodics.py:638}}
Apr 02 10:46:26.218546 np0000162869 devstack@neutron-api.service[102132]: DEBUG neutron.plugins.ml2.drivers.ovn.mech_driver.ovsdb.maintenance [-] Touching Hash Ring node "10d037feadf155bbb563813dd1d663d4" from periodic health check thread {{(pid=102132) touch_hash_ring_node /opt/stack/neutron/neutron/plugins/ml2/drivers/ovn/mech_driver/ovsdb/maintenance.py:1232}}
Apr 02 10:46:35.367717 np0000162869 devstack@neutron-api.service[102130]: DEBUG dbcounter [-] [102130] Writing DB stats neutron:UPDATE=2,neutron:SELECT=4 {{(pid=102130) stat_writer /opt/stack/data/venv/lib/python3.12/site-packages/dbcounter.py:115}}
Apr 02 10:46:36.097508 np0000162869 devstack@neutron-api.service[102129]: DEBUG dbcounter [-] [102129] Writing DB stats neutron:UPDATE=2,neutron:SELECT=4 {{(pid=102129) stat_writer /opt/stack/data/venv/lib/python3.12/site-packages/dbcounter.py:115}}
Apr 02 10:46:36.459733 np0000162869 devstack@neutron-api.service[102131]: DEBUG dbcounter [-] [102131] Writing DB stats neutron:UPDATE=2,neutron:SELECT=4 {{(pid=102131) stat_writer /opt/stack/data/venv/lib/python3.12/site-packages/dbcounter.py:115}}
Apr 02 10:46:36.461103 np0000162869 devstack@neutron-api.service[102132]: DEBUG dbcounter [-] [102132] Writing DB stats neutron:UPDATE=2,neutron:SELECT=4 {{(pid=102132) stat_writer /opt/stack/data/venv/lib/python3.12/site-packages/dbcounter.py:115}}
Apr 02 10:46:40.354284 np0000162869 devstack@neutron-api.service[102130]: DEBUG futurist.periodics [-] Submitting periodic callback 'neutron.plugins.ml2.drivers.ovn.mech_driver.ovsdb.maintenance.HashRingHealthCheckPeriodics.touch_hash_ring_node' {{(pid=102130) _process_scheduled /opt/stack/data/venv/lib/python3.12/site-packages/futurist/periodics.py:638}}
Apr 02 10:46:40.355570 np0000162869 devstack@neutron-api.service[102130]: DEBUG neutron.plugins.ml2.drivers.ovn.mech_driver.ovsdb.maintenance [-] Touching Hash Ring node "ada47be0d3c45af0aad8a82c41cf6ab1" from periodic health check thread {{(pid=102130) touch_hash_ring_node /opt/stack/neutron/neutron/plugins/ml2/drivers/ovn/mech_driver/ovsdb/maintenance.py:1232}}
Apr 02 10:46:41.087285 np0000162869 devstack@neutron-api.service[102129]: DEBUG futurist.periodics [-] Submitting periodic callback 'neutron.plugins.ml2.drivers.ovn.mech_driver.ovsdb.maintenance.HashRingHealthCheckPeriodics.touch_hash_ring_node' {{(pid=102129) _process_scheduled /opt/stack/data/venv/lib/python3.12/site-packages/futurist/periodics.py:638}}
Apr 02 10:46:41.088600 np0000162869 devstack@neutron-api.service[102129]: DEBUG neutron.plugins.ml2.drivers.ovn.mech_driver.ovsdb.maintenance [-] Touching Hash Ring node "c267572fe1305da8a808af2e3ca5cc50" from periodic health check thread {{(pid=102129) touch_hash_ring_node /opt/stack/neutron/neutron/plugins/ml2/drivers/ovn/mech_driver/ovsdb/maintenance.py:1232}}
Apr 02 10:46:41.203508 np0000162869 devstack@neutron-api.service[102131]: DEBUG futurist.periodics [-] Submitting periodic callback 'neutron.plugins.ml2.drivers.ovn.mech_driver.ovsdb.maintenance.HashRingHealthCheckPeriodics.touch_hash_ring_node' {{(pid=102131) _process_scheduled /opt/stack/data/venv/lib/python3.12/site-packages/futurist/periodics.py:638}}
Apr 02 10:46:41.204565 np0000162869 devstack@neutron-api.service[102131]: DEBUG neutron.plugins.ml2.drivers.ovn.mech_driver.ovsdb.maintenance [-] Touching Hash Ring node "9ed5c7c8a77757aab25ce632e1af690d" from periodic health check thread {{(pid=102131) touch_hash_ring_node /opt/stack/neutron/neutron/plugins/ml2/drivers/ovn/mech_driver/ovsdb/maintenance.py:1232}}
Apr 02 10:46:41.218359 np0000162869 devstack@neutron-api.service[102132]: DEBUG futurist.periodics [-] Submitting periodic callback 'neutron.plugins.ml2.drivers.ovn.mech_driver.ovsdb.maintenance.HashRingHealthCheckPeriodics.touch_hash_ring_node' {{(pid=102132) _process_scheduled /opt/stack/data/venv/lib/python3.12/site-packages/futurist/periodics.py:638}}
Apr 02 10:46:41.220802 np0000162869 devstack@neutron-api.service[102132]: DEBUG neutron.plugins.ml2.drivers.ovn.mech_driver.ovsdb.maintenance [-] Touching Hash Ring node "10d037feadf155bbb563813dd1d663d4" from periodic health check thread {{(pid=102132) touch_hash_ring_node /opt/stack/neutron/neutron/plugins/ml2/drivers/ovn/mech_driver/ovsdb/maintenance.py:1232}}
Apr 02 10:46:50.376242 np0000162869 devstack@neutron-api.service[102130]: DEBUG dbcounter [-] [102130] Writing DB stats neutron:UPDATE=1,neutron:SELECT=1 {{(pid=102130) stat_writer /opt/stack/data/venv/lib/python3.12/site-packages/dbcounter.py:115}}
Apr 02 10:46:50.969140 np0000162869 devstack@neutron-api.service[102131]: INFO neutron.pecan_wsgi.hooks.translation [None req-9e5b1c2c-a373-412e-9502-94a230204bfc admin admin] GET failed (client error): The resource could not be found.
Apr 02 10:46:50.969839 np0000162869 devstack@neutron-api.service[102131]: [pid: 102131|app: 0|req: 23/91] 199.204.45.155 () {64 vars in 1334 bytes} [Thu Apr 2 10:46:50 2026] GET /networking/v2.0/networks/admin_net => generated 111 bytes in 113 msecs (HTTP/1.1 404) 4 headers in 164 bytes (1 switches on core 0)
Apr 02 10:46:51.001502 np0000162869 devstack@neutron-api.service[102132]: [pid: 102132|app: 0|req: 23/92] 199.204.45.155 () {64 vars in 1346 bytes} [Thu Apr 2 10:46:50 2026] GET /networking/v2.0/networks?name=admin_net => generated 15 bytes in 21 msecs (HTTP/1.1 200) 4 headers in 156 bytes (1 switches on core 0)
Apr 02 10:46:51.165013 np0000162869 devstack@neutron-api.service[102129]: DEBUG dbcounter [-] [102129] Writing DB stats neutron:UPDATE=1,neutron:SELECT=1 {{(pid=102129) stat_writer /opt/stack/data/venv/lib/python3.12/site-packages/dbcounter.py:115}}
Apr 02 10:46:51.236599 np0000162869 devstack@neutron-api.service[102129]: DEBUG neutron.api.v2.base [None req-9f395afb-b3f2-4cb9-bf9b-ff1093a1edee admin admin] Request body: {'network': {'name': 'admin_net', 'admin_state_up': True, 'project_id': '57876c7fb65f4f7d945e5013c95ec239'}} {{(pid=102129) prepare_request_body /opt/stack/neutron/neutron/api/v2/base.py:729}}
Apr 02 10:46:51.253789 np0000162869 devstack@neutron-api.service[102129]: DEBUG neutron.pecan_wsgi.hooks.quota_enforcement [None req-9f395afb-b3f2-4cb9-bf9b-ff1093a1edee admin admin] Made reservation on behalf of 57876c7fb65f4f7d945e5013c95ec239 for: {'network': 1} {{(pid=102129) before /opt/stack/neutron/neutron/pecan_wsgi/hooks/quota_enforcement.py:66}}
Apr 02 10:46:51.257077 np0000162869 devstack@neutron-api.service[102129]: DEBUG neutron_lib.callbacks.manager [None req-9f395afb-b3f2-4cb9-bf9b-ff1093a1edee admin admin] Publish callbacks ['neutron.plugins.ml2.plugin.SecurityGroupDbMixin._ensure_default_security_group_handler-133467700'] for network (None), before_create {{(pid=102129) _notify_loop /opt/stack/data/venv/lib/python3.12/site-packages/neutron_lib/callbacks/manager.py:184}}
Apr 02 10:46:51.261916 np0000162869 devstack@neutron-api.service[102129]: DEBUG neutron_lib.callbacks.manager [None req-9f395afb-b3f2-4cb9-bf9b-ff1093a1edee admin admin] Publish callbacks [] for security_group (None), before_create {{(pid=102129) _notify_loop /opt/stack/data/venv/lib/python3.12/site-packages/neutron_lib/callbacks/manager.py:184}}
Apr 02 10:46:51.317763 np0000162869 devstack@neutron-api.service[102129]: DEBUG neutron_lib.callbacks.manager [None req-9f395afb-b3f2-4cb9-bf9b-ff1093a1edee admin admin] Publish callbacks ['neutron.plugins.ml2.drivers.ovn.mech_driver.mech_driver.OVNMechanismDriver._create_security_group_precommit-388058'] for security_group (4f37a302-908b-4596-bf4a-c05a09790b52), precommit_create {{(pid=102129) _notify_loop /opt/stack/data/venv/lib/python3.12/site-packages/neutron_lib/callbacks/manager.py:184}}
Apr 02 10:46:51.317901 np0000162869 devstack@neutron-api.service[102129]: DEBUG neutron.db.ovn_revision_numbers_db [None req-9f395afb-b3f2-4cb9-bf9b-ff1093a1edee admin admin] create_initial_revision uuid=4f37a302-908b-4596-bf4a-c05a09790b52, type=security_groups, rev=-1 {{(pid=102129) create_initial_revision /opt/stack/neutron/neutron/db/ovn_revision_numbers_db.py:98}}
Apr 02 10:46:51.319058 np0000162869 devstack@neutron-api.service[102129]: DEBUG neutron.db.ovn_revision_numbers_db [None req-9f395afb-b3f2-4cb9-bf9b-ff1093a1edee admin admin] create_initial_revision uuid=353b6030-179b-43f8-a3fb-73e98ac90e1c, type=security_group_rules, rev=-1 {{(pid=102129) create_initial_revision /opt/stack/neutron/neutron/db/ovn_revision_numbers_db.py:98}}
Apr 02 10:46:51.320037 np0000162869 devstack@neutron-api.service[102129]: DEBUG neutron.db.ovn_revision_numbers_db [None req-9f395afb-b3f2-4cb9-bf9b-ff1093a1edee admin admin] create_initial_revision uuid=593f2e1f-f539-4046-88db-2027d72e7ce5, type=security_group_rules, rev=-1 {{(pid=102129) create_initial_revision /opt/stack/neutron/neutron/db/ovn_revision_numbers_db.py:98}}
Apr 02 10:46:51.321013 np0000162869 devstack@neutron-api.service[102129]: DEBUG neutron.db.ovn_revision_numbers_db [None req-9f395afb-b3f2-4cb9-bf9b-ff1093a1edee admin admin] create_initial_revision uuid=b81afd4d-3926-4691-b4ed-05463f628900, type=security_group_rules, rev=-1 {{(pid=102129) create_initial_revision /opt/stack/neutron/neutron/db/ovn_revision_numbers_db.py:98}}
Apr 02 10:46:51.322058 np0000162869 devstack@neutron-api.service[102129]: DEBUG neutron.db.ovn_revision_numbers_db [None req-9f395afb-b3f2-4cb9-bf9b-ff1093a1edee admin admin] create_initial_revision uuid=c0b82467-d8a0-4857-af41-1ff90ee96dcb, type=security_group_rules, rev=-1 {{(pid=102129) create_initial_revision /opt/stack/neutron/neutron/db/ovn_revision_numbers_db.py:98}}
Apr 02 10:46:51.329196 np0000162869 devstack@neutron-api.service[102129]: DEBUG neutron_lib.callbacks.manager [None req-9f395afb-b3f2-4cb9-bf9b-ff1093a1edee admin admin] Publish callbacks ['neutron.plugins.ml2.drivers.ovn.mech_driver.mech_driver.OVNMechanismDriver._create_security_group-388052', 'neutron.plugins.ml2.ovo_rpc._ObjectChangeHandler.handle_event-2534739'] for security_group (4f37a302-908b-4596-bf4a-c05a09790b52), after_create {{(pid=102129) _notify_loop /opt/stack/data/venv/lib/python3.12/site-packages/neutron_lib/callbacks/manager.py:184}}
Apr 02 10:46:51.330195 np0000162869 devstack@neutron-api.service[102129]: DEBUG ovsdbapp.backend.ovs_idl.transaction [None req-b2922987-0539-4f54-890f-0469a4c16cf7 None None] Running txn n=1 command(idx=0): PgAddCommand(_result=None, name=pg_4f37a302_908b_4596_bf4a_c05a09790b52, may_exist=False, columns={'acls': [], 'external_ids': {'neutron:security_group_id': '4f37a302-908b-4596-bf4a-c05a09790b52'}}) {{(pid=102129) do_commit /opt/stack/data/venv/lib/python3.12/site-packages/ovsdbapp/backend/ovs_idl/transaction.py:89}}
Apr 02 10:46:51.330790 np0000162869 devstack@neutron-api.service[102129]: DEBUG ovsdbapp.backend.ovs_idl.transaction [None req-b2922987-0539-4f54-890f-0469a4c16cf7 None None] Running txn n=1 command(idx=1): PgAclAddCommand(_result=None, entity=pg_4f37a302_908b_4596_bf4a_c05a09790b52, direction=from-lport, priority=1002, match=inport == @pg_4f37a302_908b_4596_bf4a_c05a09790b52 && ip4, action=allow-related, log=False, may_exist=True, severity=[], name=[], meter=[], external_ids={'neutron:security_group_rule_id': '353b6030-179b-43f8-a3fb-73e98ac90e1c'}) {{(pid=102129) do_commit /opt/stack/data/venv/lib/python3.12/site-packages/ovsdbapp/backend/ovs_idl/transaction.py:89}}
Apr 02 10:46:51.331723 np0000162869 devstack@neutron-api.service[102129]: DEBUG ovsdbapp.backend.ovs_idl.transaction [None req-b2922987-0539-4f54-890f-0469a4c16cf7 None None] Running txn n=1 command(idx=2): PgAclAddCommand(_result=None, entity=pg_4f37a302_908b_4596_bf4a_c05a09790b52, direction=to-lport, priority=1002, match=outport == @pg_4f37a302_908b_4596_bf4a_c05a09790b52 && ip4 && ip4.src == $pg_4f37a302_908b_4596_bf4a_c05a09790b52_ip4, action=allow-related, log=False, may_exist=True, severity=[], name=[], meter=[], external_ids={'neutron:security_group_rule_id': '593f2e1f-f539-4046-88db-2027d72e7ce5'}) {{(pid=102129) do_commit /opt/stack/data/venv/lib/python3.12/site-packages/ovsdbapp/backend/ovs_idl/transaction.py:89}}
Apr 02 10:46:51.332362 np0000162869 devstack@neutron-api.service[102129]: DEBUG ovsdbapp.backend.ovs_idl.transaction [None req-b2922987-0539-4f54-890f-0469a4c16cf7 None None] Running txn n=1 command(idx=3): PgAclAddCommand(_result=None, entity=pg_4f37a302_908b_4596_bf4a_c05a09790b52, direction=to-lport, priority=1002, match=outport == @pg_4f37a302_908b_4596_bf4a_c05a09790b52 && ip6 && ip6.src == $pg_4f37a302_908b_4596_bf4a_c05a09790b52_ip6, action=allow-related, log=False, may_exist=True, severity=[], name=[], meter=[], external_ids={'neutron:security_group_rule_id': 'b81afd4d-3926-4691-b4ed-05463f628900'}) {{(pid=102129) do_commit /opt/stack/data/venv/lib/python3.12/site-packages/ovsdbapp/backend/ovs_idl/transaction.py:89}}
Apr 02 10:46:51.332926 np0000162869 devstack@neutron-api.service[102129]: DEBUG ovsdbapp.backend.ovs_idl.transaction [None req-b2922987-0539-4f54-890f-0469a4c16cf7 None None] Running txn n=1 command(idx=4): PgAclAddCommand(_result=None, entity=pg_4f37a302_908b_4596_bf4a_c05a09790b52, direction=from-lport, priority=1002, match=inport == @pg_4f37a302_908b_4596_bf4a_c05a09790b52 && ip6, action=allow-related, log=False, may_exist=True, severity=[], name=[], meter=[], external_ids={'neutron:security_group_rule_id': 'c0b82467-d8a0-4857-af41-1ff90ee96dcb'}) {{(pid=102129) do_commit /opt/stack/data/venv/lib/python3.12/site-packages/ovsdbapp/backend/ovs_idl/transaction.py:89}}
Apr 02 10:46:51.343248 np0000162869 devstack@neutron-api.service[102131]: DEBUG neutron.plugins.ml2.drivers.ovn.mech_driver.ovsdb.ovsdb_monitor [None req-4107e0dc-139b-4e8a-b5d5-bf02c85944b5 None None] Touching Hash Ring node "9ed5c7c8a77757aab25ce632e1af690d" from IDL notify handler {{(pid=102131) notify /opt/stack/neutron/neutron/plugins/ml2/drivers/ovn/mech_driver/ovsdb/ovsdb_monitor.py:904}}
Apr 02 10:46:51.343320 np0000162869 devstack@neutron-api.service[102132]: DEBUG neutron.plugins.ml2.drivers.ovn.mech_driver.ovsdb.ovsdb_monitor [None req-10306de3-7cc6-412d-9401-012a450bbe58 None None] Touching Hash Ring node "10d037feadf155bbb563813dd1d663d4" from IDL notify handler {{(pid=102132) notify /opt/stack/neutron/neutron/plugins/ml2/drivers/ovn/mech_driver/ovsdb/ovsdb_monitor.py:904}}
Apr 02 10:46:51.343476 np0000162869 devstack@neutron-api.service[102130]: DEBUG neutron.plugins.ml2.drivers.ovn.mech_driver.ovsdb.ovsdb_monitor [None req-ae5ccabb-c618-447f-b142-d0ff24f3e34e None None] Touching Hash Ring node "ada47be0d3c45af0aad8a82c41cf6ab1" from IDL notify handler {{(pid=102130) notify /opt/stack/neutron/neutron/plugins/ml2/drivers/ovn/mech_driver/ovsdb/ovsdb_monitor.py:904}}
Apr 02 10:46:51.352051 np0000162869 devstack@neutron-api.service[102132]: DEBUG neutron.plugins.ml2.drivers.ovn.mech_driver.ovsdb.ovsdb_monitor [None req-10306de3-7cc6-412d-9401-012a450bbe58 None None] Hash Ring: Node 10d037feadf155bbb563813dd1d663d4 (host: np0000162869) handling event "create" for row 4598ff29-ff5a-4e92-8f21-0e1b9b16a8b8 (table: Port_Group) {{(pid=102132) notify /opt/stack/neutron/neutron/plugins/ml2/drivers/ovn/mech_driver/ovsdb/ovsdb_monitor.py:912}}
Apr 02 10:46:51.354129 np0000162869 devstack@neutron-api.service[102131]: DEBUG neutron.plugins.ml2.drivers.ovn.mech_driver.ovsdb.ovsdb_monitor [None req-4107e0dc-139b-4e8a-b5d5-bf02c85944b5 None None] Hash Ring: Node 9ed5c7c8a77757aab25ce632e1af690d (host: np0000162869) handling event "create" for row 2cc29cfb-eb2e-4fbb-9829-f98c4568cfef (table: ACL) {{(pid=102131) notify /opt/stack/neutron/neutron/plugins/ml2/drivers/ovn/mech_driver/ovsdb/ovsdb_monitor.py:912}}
Apr 02 10:46:51.354233 np0000162869 devstack@neutron-api.service[102130]: DEBUG neutron.plugins.ml2.drivers.ovn.mech_driver.ovsdb.ovsdb_monitor [None req-ae5ccabb-c618-447f-b142-d0ff24f3e34e None None] Hash Ring: Node ada47be0d3c45af0aad8a82c41cf6ab1 (host: np0000162869) handling event "create" for row fe357418-1a9c-40e7-81bb-b372cb4b29a9 (table: ACL) {{(pid=102130) notify /opt/stack/neutron/neutron/plugins/ml2/drivers/ovn/mech_driver/ovsdb/ovsdb_monitor.py:912}}
Apr 02 10:46:51.355967 np0000162869 devstack@neutron-api.service[102131]: DEBUG neutron.plugins.ml2.drivers.ovn.mech_driver.ovsdb.ovsdb_monitor [None req-4107e0dc-139b-4e8a-b5d5-bf02c85944b5 None None] Touching Hash Ring node "9ed5c7c8a77757aab25ce632e1af690d" from IDL notify handler {{(pid=102131) notify /opt/stack/neutron/neutron/plugins/ml2/drivers/ovn/mech_driver/ovsdb/ovsdb_monitor.py:904}}
Apr 02 10:46:51.356512 np0000162869 devstack@neutron-api.service[102129]: INFO neutron.db.ovn_revision_numbers_db [None req-9f395afb-b3f2-4cb9-bf9b-ff1093a1edee admin admin] Successfully bumped revision number for resource 4f37a302-908b-4596-bf4a-c05a09790b52 (type: security_groups) to 1
Apr 02 10:46:51.359850 np0000162869 devstack@neutron-api.service[102131]: DEBUG neutron.plugins.ml2.drivers.ovn.mech_driver.ovsdb.ovsdb_monitor [None req-4107e0dc-139b-4e8a-b5d5-bf02c85944b5 None None] Hash Ring: Node 9ed5c7c8a77757aab25ce632e1af690d (host: np0000162869) handling event "create" for row 41e3b3c0-111e-43d0-b4a8-95b3c48961ea (table: ACL) {{(pid=102131) notify /opt/stack/neutron/neutron/plugins/ml2/drivers/ovn/mech_driver/ovsdb/ovsdb_monitor.py:912}}
Apr 02 10:46:51.361264 np0000162869 devstack@neutron-api.service[102131]: DEBUG neutron.plugins.ml2.drivers.ovn.mech_driver.ovsdb.ovsdb_monitor [None req-4107e0dc-139b-4e8a-b5d5-bf02c85944b5 None None] Touching Hash Ring node "9ed5c7c8a77757aab25ce632e1af690d" from IDL notify handler {{(pid=102131) notify /opt/stack/neutron/neutron/plugins/ml2/drivers/ovn/mech_driver/ovsdb/ovsdb_monitor.py:904}}
Apr 02 10:46:51.364759 np0000162869 devstack@neutron-api.service[102131]: DEBUG neutron.plugins.ml2.drivers.ovn.mech_driver.ovsdb.ovsdb_monitor [None req-4107e0dc-139b-4e8a-b5d5-bf02c85944b5 None None] Hash Ring: Node 9ed5c7c8a77757aab25ce632e1af690d (host: np0000162869) handling event "create" for row bfde493a-b5e4-4422-94f2-336f44221213 (table: ACL) {{(pid=102131) notify /opt/stack/neutron/neutron/plugins/ml2/drivers/ovn/mech_driver/ovsdb/ovsdb_monitor.py:912}}
Apr 02 10:46:51.372642 np0000162869 devstack@neutron-api.service[102129]: INFO neutron.db.ovn_revision_numbers_db [None req-9f395afb-b3f2-4cb9-bf9b-ff1093a1edee admin admin] Successfully bumped revision number for resource 353b6030-179b-43f8-a3fb-73e98ac90e1c (type: security_group_rules) to 0
Apr 02 10:46:51.389684 np0000162869 devstack@neutron-api.service[102129]: INFO neutron.db.ovn_revision_numbers_db [None req-9f395afb-b3f2-4cb9-bf9b-ff1093a1edee admin admin] Successfully bumped revision number for resource 593f2e1f-f539-4046-88db-2027d72e7ce5 (type: security_group_rules) to 0
Apr 02 10:46:51.402421 np0000162869 devstack@neutron-api.service[102129]: INFO neutron.db.ovn_revision_numbers_db [None req-9f395afb-b3f2-4cb9-bf9b-ff1093a1edee admin admin] Successfully bumped revision number for resource b81afd4d-3926-4691-b4ed-05463f628900 (type: security_group_rules) to 0
Apr 02 10:46:51.415426 np0000162869 devstack@neutron-api.service[102129]: INFO neutron.db.ovn_revision_numbers_db [None req-9f395afb-b3f2-4cb9-bf9b-ff1093a1edee admin admin] Successfully bumped revision number for resource c0b82467-d8a0-4857-af41-1ff90ee96dcb (type: security_group_rules) to 0
Apr 02 10:46:51.439010 np0000162869 devstack@neutron-api.service[102129]: DEBUG neutron.api.rpc.handlers.resources_rpc [None req-9f395afb-b3f2-4cb9-bf9b-ff1093a1edee admin admin] Pushing event updated for resources: {'SecurityGroup': ['ID=4f37a302-908b-4596-bf4a-c05a09790b52,revision_number=1']} {{(pid=102129) push /opt/stack/neutron/neutron/api/rpc/handlers/resources_rpc.py:237}}
Apr 02 10:46:51.443672 np0000162869 devstack@neutron-api.service[102129]: DEBUG ovsdbapp.backend.ovs_idl.transaction [None req-b2922987-0539-4f54-890f-0469a4c16cf7 None None] Running txn n=1 command(idx=0): CheckLivenessCommand(_result=None) {{(pid=102129) do_commit /opt/stack/data/venv/lib/python3.12/site-packages/ovsdbapp/backend/ovs_idl/transaction.py:89}}
Apr 02 10:46:51.501375 np0000162869 devstack@neutron-api.service[102131]: DEBUG neutron.plugins.ml2.drivers.ovn.mech_driver.ovsdb.ovsdb_monitor [None req-4107e0dc-139b-4e8a-b5d5-bf02c85944b5 None None] Touching Hash Ring node "9ed5c7c8a77757aab25ce632e1af690d" from IDL notify handler {{(pid=102131) notify /opt/stack/neutron/neutron/plugins/ml2/drivers/ovn/mech_driver/ovsdb/ovsdb_monitor.py:904}}
Apr 02 10:46:51.502613 np0000162869 devstack@neutron-api.service[102130]: DEBUG neutron.plugins.ml2.drivers.ovn.mech_driver.ovsdb.ovsdb_monitor [None req-444fb1f0-66bf-4906-b6e4-dd562c7d773c None None] ChassisAgentWriteEvent : Matched Chassis_Private, update, None None {{(pid=102130) matches /opt/stack/neutron/neutron/plugins/ml2/drivers/ovn/mech_driver/ovsdb/ovsdb_monitor.py:64}}
Apr 02 10:46:51.503622 np0000162869 devstack@neutron-api.service[102129]: DEBUG neutron.api.rpc.callbacks.version_manager [None req-9f395afb-b3f2-4cb9-bf9b-ff1093a1edee admin admin] Tracked resource versions report:
Apr 02 10:46:51.503622 np0000162869 devstack@neutron-api.service[102129]: pushed versions:
Apr 02 10:46:51.503622 np0000162869 devstack@neutron-api.service[102129]: { 'AddressGroup': {'1.2'},
Apr 02 10:46:51.503622 np0000162869 devstack@neutron-api.service[102129]: 'Agent': {'1.1'},
Apr 02 10:46:51.503622 np0000162869 devstack@neutron-api.service[102129]: 'ConntrackHelper': {'1.0'},
Apr 02 10:46:51.503622 np0000162869 devstack@neutron-api.service[102129]: 'LocalIPAssociation': {'1.0'},
Apr 02 10:46:51.503622 np0000162869 devstack@neutron-api.service[102129]: 'Log': {'1.0'},
Apr 02 10:46:51.503622 np0000162869 devstack@neutron-api.service[102129]: 'NDPProxy': {'1.0'},
Apr 02 10:46:51.503622 np0000162869 devstack@neutron-api.service[102129]: 'Network': {'1.2'},
Apr 02 10:46:51.503622 np0000162869 devstack@neutron-api.service[102129]: 'Port': {'1.10'},
Apr 02 10:46:51.503622 np0000162869 devstack@neutron-api.service[102129]: 'PortForwarding': {'1.3'},
Apr 02 10:46:51.503622 np0000162869 devstack@neutron-api.service[102129]: 'QosPolicy': {'1.10'},
Apr 02 10:46:51.503622 np0000162869 devstack@neutron-api.service[102129]: 'SecurityGroup': {'1.6'},
Apr 02 10:46:51.503622 np0000162869 devstack@neutron-api.service[102129]: 'SecurityGroupRule': {'1.3'},
Apr 02 10:46:51.503622 np0000162869 devstack@neutron-api.service[102129]: 'SubPort': {'1.0'},
Apr 02 10:46:51.503622 np0000162869 devstack@neutron-api.service[102129]: 'Subnet': {'1.2'},
Apr 02 10:46:51.503622 np0000162869 devstack@neutron-api.service[102129]: 'Trunk': {'1.1'}}
Apr 02 10:46:51.503622 np0000162869 devstack@neutron-api.service[102129]: consumer versions:
Apr 02 10:46:51.503622 np0000162869 devstack@neutron-api.service[102129]: {}
Apr 02 10:46:51.503622 np0000162869 devstack@neutron-api.service[102129]: {{(pid=102129) report /opt/stack/neutron/neutron/api/rpc/callbacks/version_manager.py:183}}
Apr 02 10:46:51.504662 np0000162869 devstack@neutron-api.service[102132]: DEBUG neutron.plugins.ml2.drivers.ovn.mech_driver.ovsdb.ovsdb_monitor [None req-7d90d78f-d766-4a22-9782-ecf0ec1f7b06 None None] ChassisAgentWriteEvent : Matched Chassis_Private, update, None None {{(pid=102132) matches /opt/stack/neutron/neutron/plugins/ml2/drivers/ovn/mech_driver/ovsdb/ovsdb_monitor.py:64}}
Apr 02 10:46:51.506711 np0000162869 devstack@neutron-api.service[102129]: DEBUG neutron.plugins.ml2.drivers.ovn.mech_driver.ovsdb.ovsdb_monitor [None req-94d0f02d-5199-4d7d-9538-5dd5ac95a53f None None] ChassisAgentWriteEvent : Matched Chassis_Private, update, None None {{(pid=102129) matches /opt/stack/neutron/neutron/plugins/ml2/drivers/ovn/mech_driver/ovsdb/ovsdb_monitor.py:64}}
Apr 02 10:46:51.508109 np0000162869 devstack@neutron-api.service[102131]: DEBUG neutron.plugins.ml2.drivers.ovn.mech_driver.ovsdb.ovsdb_monitor [None req-d3ad9301-56c9-4e06-a2b4-89604088609d None None] ChassisAgentWriteEvent : Matched Chassis_Private, update, None None {{(pid=102131) matches /opt/stack/neutron/neutron/plugins/ml2/drivers/ovn/mech_driver/ovsdb/ovsdb_monitor.py:64}}
Apr 02 10:46:51.512074 np0000162869 devstack@neutron-api.service[102130]: DEBUG neutron.common.ovn.hash_ring_manager [None req-444fb1f0-66bf-4906-b6e4-dd562c7d773c None None] Hash Ring loaded. 4 active nodes. 0 offline nodes {{(pid=102130) _load_hash_ring /opt/stack/neutron/neutron/common/ovn/hash_ring_manager.py:102}}
Apr 02 10:46:51.512515 np0000162869 devstack@neutron-api.service[102131]: DEBUG neutron.plugins.ml2.drivers.ovn.mech_driver.ovsdb.ovsdb_monitor [None req-4107e0dc-139b-4e8a-b5d5-bf02c85944b5 None None] Hash Ring: Node 9ed5c7c8a77757aab25ce632e1af690d (host: np0000162869) handling event "update" for row 48de7b19-6c58-43fb-8046-c1fa778029ec (table: NB_Global) {{(pid=102131) notify /opt/stack/neutron/neutron/plugins/ml2/drivers/ovn/mech_driver/ovsdb/ovsdb_monitor.py:912}}
Apr 02 10:46:51.512584 np0000162869 devstack@neutron-api.service[102132]: DEBUG neutron.common.ovn.hash_ring_manager [None req-7d90d78f-d766-4a22-9782-ecf0ec1f7b06 None None] Hash Ring loaded. 4 active nodes. 0 offline nodes {{(pid=102132) _load_hash_ring /opt/stack/neutron/neutron/common/ovn/hash_ring_manager.py:102}}
Apr 02 10:46:51.512794 np0000162869 devstack@neutron-api.service[102132]: DEBUG neutron.plugins.ml2.drivers.ovn.mech_driver.ovsdb.ovsdb_monitor [None req-7d90d78f-d766-4a22-9782-ecf0ec1f7b06 None None] Hash Ring: Node 10d037feadf155bbb563813dd1d663d4 (host: np0000162869) handling event "update" for row b49ec786-60d0-49f0-9f7e-b12db5af41f3 (table: Chassis_Private) {{(pid=102132) notify /opt/stack/neutron/neutron/plugins/ml2/drivers/ovn/mech_driver/ovsdb/ovsdb_monitor.py:912}}
Apr 02 10:46:51.516723 np0000162869 devstack@neutron-api.service[102131]: DEBUG neutron.plugins.ml2.drivers.ovn.mech_driver.ovsdb.ovsdb_monitor [None req-4107e0dc-139b-4e8a-b5d5-bf02c85944b5 None None] Touching Hash Ring node "9ed5c7c8a77757aab25ce632e1af690d" from IDL notify handler {{(pid=102131) notify /opt/stack/neutron/neutron/plugins/ml2/drivers/ovn/mech_driver/ovsdb/ovsdb_monitor.py:904}}
Apr 02 10:46:51.518753 np0000162869 devstack@neutron-api.service[102131]: DEBUG neutron.common.ovn.hash_ring_manager [None req-d3ad9301-56c9-4e06-a2b4-89604088609d None None] Hash Ring loaded. 4 active nodes. 0 offline nodes {{(pid=102131) _load_hash_ring /opt/stack/neutron/neutron/common/ovn/hash_ring_manager.py:102}}
Apr 02 10:46:51.519802 np0000162869 devstack@neutron-api.service[102131]: DEBUG neutron.plugins.ml2.drivers.ovn.mech_driver.ovsdb.ovsdb_monitor [None req-4107e0dc-139b-4e8a-b5d5-bf02c85944b5 None None] Hash Ring: Node 9ed5c7c8a77757aab25ce632e1af690d (host: np0000162869) handling event "update" for row 48de7b19-6c58-43fb-8046-c1fa778029ec (table: NB_Global) {{(pid=102131) notify /opt/stack/neutron/neutron/plugins/ml2/drivers/ovn/mech_driver/ovsdb/ovsdb_monitor.py:912}}
Apr 02 10:46:51.520395 np0000162869 devstack@neutron-api.service[102129]: DEBUG neutron.common.ovn.hash_ring_manager [None req-94d0f02d-5199-4d7d-9538-5dd5ac95a53f None None] Hash Ring loaded. 4 active nodes. 0 offline nodes {{(pid=102129) _load_hash_ring /opt/stack/neutron/neutron/common/ovn/hash_ring_manager.py:102}}
Apr 02 10:46:51.521142 np0000162869 devstack@neutron-api.service[102131]: DEBUG neutron.plugins.ml2.drivers.ovn.mech_driver.ovsdb.ovsdb_monitor [None req-4107e0dc-139b-4e8a-b5d5-bf02c85944b5 None None] Touching Hash Ring node "9ed5c7c8a77757aab25ce632e1af690d" from IDL notify handler {{(pid=102131) notify /opt/stack/neutron/neutron/plugins/ml2/drivers/ovn/mech_driver/ovsdb/ovsdb_monitor.py:904}}
Apr 02 10:46:51.523428 np0000162869 devstack@neutron-api.service[102131]: DEBUG neutron.plugins.ml2.drivers.ovn.mech_driver.ovsdb.ovsdb_monitor [None req-4107e0dc-139b-4e8a-b5d5-bf02c85944b5 None None] Hash Ring: Node 9ed5c7c8a77757aab25ce632e1af690d (host: np0000162869) handling event "update" for row 48de7b19-6c58-43fb-8046-c1fa778029ec (table: NB_Global) {{(pid=102131) notify /opt/stack/neutron/neutron/plugins/ml2/drivers/ovn/mech_driver/ovsdb/ovsdb_monitor.py:912}}
Apr 02 10:46:51.524783 np0000162869 devstack@neutron-api.service[102131]: DEBUG neutron.plugins.ml2.drivers.ovn.mech_driver.ovsdb.ovsdb_monitor [None req-4107e0dc-139b-4e8a-b5d5-bf02c85944b5 None None] Touching Hash Ring node "9ed5c7c8a77757aab25ce632e1af690d" from IDL notify handler {{(pid=102131) notify /opt/stack/neutron/neutron/plugins/ml2/drivers/ovn/mech_driver/ovsdb/ovsdb_monitor.py:904}}
Apr 02 10:46:51.526897 np0000162869 devstack@neutron-api.service[102131]: DEBUG neutron.plugins.ml2.drivers.ovn.mech_driver.ovsdb.ovsdb_monitor [None req-4107e0dc-139b-4e8a-b5d5-bf02c85944b5 None None] Hash Ring: Node 9ed5c7c8a77757aab25ce632e1af690d (host: np0000162869) handling event "update" for row 48de7b19-6c58-43fb-8046-c1fa778029ec (table: NB_Global) {{(pid=102131) notify /opt/stack/neutron/neutron/plugins/ml2/drivers/ovn/mech_driver/ovsdb/ovsdb_monitor.py:912}}
Apr 02 10:46:51.548877 np0000162869 devstack@neutron-api.service[102129]: DEBUG neutron.plugins.ml2.drivers.helpers [None req-9f395afb-b3f2-4cb9-bf9b-ff1093a1edee admin admin] geneve segment allocate from pool success with {'geneve_vni': 32644} {{(pid=102129) allocate_partially_specified_segment /opt/stack/neutron/neutron/plugins/ml2/drivers/helpers.py:142}}
Apr 02 10:46:51.556731 np0000162869 devstack@neutron-api.service[102129]: DEBUG neutron_lib.callbacks.manager [None req-9f395afb-b3f2-4cb9-bf9b-ff1093a1edee admin admin] Publish callbacks ['neutron.services.segments.db._add_segment_host_mapping_for_segment-8138090180712', 'neutron.plugins.ml2.plugin.Ml2Plugin._handle_segment_change-133735740'] for segment (2e869932-8a8e-45e4-a3ca-793180751eb8), precommit_create {{(pid=102129) _notify_loop /opt/stack/data/venv/lib/python3.12/site-packages/neutron_lib/callbacks/manager.py:184}}
Apr 02 10:46:51.556945 np0000162869 devstack@neutron-api.service[102129]: INFO neutron.db.segments_db [None req-9f395afb-b3f2-4cb9-bf9b-ff1093a1edee admin admin] Added segment 2e869932-8a8e-45e4-a3ca-793180751eb8 of type geneve for network c61af474-fc20-4d5a-8ed1-7daee3acaefc
Apr 02 10:46:51.571030 np0000162869 devstack@neutron-api.service[102129]: DEBUG neutron_lib.callbacks.manager [None req-9f395afb-b3f2-4cb9-bf9b-ff1093a1edee admin admin] Publish callbacks ['neutron.services.auto_allocate.db._ensure_external_network_default_value_callback-8138088467600'] for network (c61af474-fc20-4d5a-8ed1-7daee3acaefc), precommit_create {{(pid=102129) _notify_loop /opt/stack/data/venv/lib/python3.12/site-packages/neutron_lib/callbacks/manager.py:184}}
Apr 02 10:46:51.584330 np0000162869 devstack@neutron-api.service[102129]: DEBUG neutron.plugins.ml2.drivers.ovn.mech_driver.mech_driver [None req-9f395afb-b3f2-4cb9-bf9b-ff1093a1edee admin admin] Validating network segment with type geneve, segmentation ID 32644, physical network None {{(pid=102129) _validate_network_segments /opt/stack/neutron/neutron/plugins/ml2/drivers/ovn/mech_driver/mech_driver.py:631}}
Apr 02 10:46:51.584496 np0000162869 devstack@neutron-api.service[102129]: DEBUG neutron.db.ovn_revision_numbers_db [None req-9f395afb-b3f2-4cb9-bf9b-ff1093a1edee admin admin] create_initial_revision uuid=c61af474-fc20-4d5a-8ed1-7daee3acaefc, type=networks, rev=-1 {{(pid=102129) create_initial_revision /opt/stack/neutron/neutron/db/ovn_revision_numbers_db.py:98}}
Apr 02 10:46:51.594345 np0000162869 devstack@neutron-api.service[102129]: DEBUG neutron_lib.callbacks.manager [None req-9f395afb-b3f2-4cb9-bf9b-ff1093a1edee admin admin] Publish callbacks ['neutron.plugins.ml2.ovo_rpc._ObjectChangeHandler.handle_event-2534457'] for network (c61af474-fc20-4d5a-8ed1-7daee3acaefc), after_create {{(pid=102129) _notify_loop /opt/stack/data/venv/lib/python3.12/site-packages/neutron_lib/callbacks/manager.py:184}}
Apr 02 10:46:51.610477 np0000162869 devstack@neutron-api.service[102129]: DEBUG neutron.api.rpc.handlers.resources_rpc [None req-9f395afb-b3f2-4cb9-bf9b-ff1093a1edee admin admin] Pushing event updated for resources: {'Network': ['ID=c61af474-fc20-4d5a-8ed1-7daee3acaefc,revision_number=1']} {{(pid=102129) push /opt/stack/neutron/neutron/api/rpc/handlers/resources_rpc.py:237}}
Apr 02 10:46:51.618879 np0000162869 devstack@neutron-api.service[102129]: DEBUG ovsdbapp.backend.ovs_idl.transaction [None req-b2922987-0539-4f54-890f-0469a4c16cf7 None None] Running txn n=1 command(idx=0): AddNetworkCommand(_result=None, network_uuid=c61af474-fc20-4d5a-8ed1-7daee3acaefc, may_exist=True, columns={'external_ids': {'neutron:network_name': 'admin_net', 'neutron:mtu': '1372', 'neutron:revision_number': '1', 'neutron:availability_zone_hints': '', 'neutron:provnet-network-type': 'geneve'}, 'other_config': {'mcast_snoop': 'false', 'mcast_flood_unregistered': 'false', 'vlan-passthru': 'false'}}) {{(pid=102129) do_commit /opt/stack/data/venv/lib/python3.12/site-packages/ovsdbapp/backend/ovs_idl/transaction.py:89}}
Apr 02 10:46:51.628590 np0000162869 devstack@neutron-api.service[102132]: DEBUG neutron.plugins.ml2.drivers.ovn.mech_driver.ovsdb.ovsdb_monitor [None req-10306de3-7cc6-412d-9401-012a450bbe58 None None] Touching Hash Ring node "10d037feadf155bbb563813dd1d663d4" from IDL notify handler {{(pid=102132) notify /opt/stack/neutron/neutron/plugins/ml2/drivers/ovn/mech_driver/ovsdb/ovsdb_monitor.py:904}}
Apr 02 10:46:51.633518 np0000162869 devstack@neutron-api.service[102129]: DEBUG neutron.plugins.ml2.drivers.ovn.mech_driver.ovsdb.ovsdb_monitor [None req-94d0f02d-5199-4d7d-9538-5dd5ac95a53f None None] Hash Ring: Node c267572fe1305da8a808af2e3ca5cc50 (host: np0000162869) handling event "create" for row 63f250cc-dbcf-4e3b-977b-ca05ec78178e (table: Datapath_Binding) {{(pid=102129) notify /opt/stack/neutron/neutron/plugins/ml2/drivers/ovn/mech_driver/ovsdb/ovsdb_monitor.py:912}}
