+ COMMAND=start + start + for KEYSTONE_WSGI_SCRIPT in keystone-wsgi-public ++ type -p keystone-wsgi-public + cp -a /var/lib/openstack/bin/keystone-wsgi-public /var/www/cgi-bin/keystone/ + '[' -f /etc/apache2/envvars ']' + source /etc/apache2/envvars ++ unset HOME ++ '[' '' '!=' '' ']' ++ SUFFIX= ++ export APACHE_RUN_USER=www-data ++ APACHE_RUN_USER=www-data ++ export APACHE_RUN_GROUP=www-data ++ APACHE_RUN_GROUP=www-data ++ export APACHE_PID_FILE=/var/run/apache2/apache2.pid ++ APACHE_PID_FILE=/var/run/apache2/apache2.pid ++ export APACHE_RUN_DIR=/var/run/apache2 ++ APACHE_RUN_DIR=/var/run/apache2 ++ export APACHE_LOCK_DIR=/var/lock/apache2 ++ APACHE_LOCK_DIR=/var/lock/apache2 ++ export APACHE_LOG_DIR=/var/log/apache2 ++ APACHE_LOG_DIR=/var/log/apache2 ++ export LANG=C ++ LANG=C ++ export LANG + '[' -f /var/run/apache2/apache2.pid ']' + exec apache2 -DFOREGROUND AH00558: apache2: Could not reliably determine the server's fully qualified domain name, using 10.0.0.91. Set the 'ServerName' directive globally to suppress this message AH00558: apache2: Could not reliably determine the server's fully qualified domain name, using 10.0.0.91. Set the 'ServerName' directive globally to suppress this message
[Wed Aug 26 00:28:39.511135 2026] [mpm_event:notice] [pid 1:tid 140357603960704] AH00489: Apache/2.4.58 (Ubuntu) mod_wsgi/5.0.0 Python/3.12 configured -- resuming normal operations
[Wed Aug 26 00:28:39.511318 2026] [core:notice] [pid 1:tid 140357603960704] AH00094: Command line: 'apache2 -D FOREGROUND'
[Wed Aug 26 00:29:38.688036 2026] [wsgi:error] [pid 10:tid 140356966139584] /var/lib/openstack/lib/python3.12/site-packages/oslo_utils/importutils.py:77: EventletDeprecationWarning:
[Wed Aug 26 00:29:38.688074 2026] [wsgi:error] [pid 10:tid 140356966139584] Eventlet is deprecated. It is currently being maintained in bugfix mode, and
[Wed Aug 26 00:29:38.688076 2026] [wsgi:error] [pid 10:tid 140356966139584] we strongly recommend against using it for new projects.
[Wed Aug 26 00:29:38.688078 2026] [wsgi:error] [pid 10:tid 140356966139584]
[Wed Aug 26 00:29:38.688079 2026] [wsgi:error] [pid 10:tid 140356966139584] If you are already using Eventlet, we recommend migrating to a different
[Wed Aug 26 00:29:38.688080 2026] [wsgi:error] [pid 10:tid 140356966139584] framework. For more detail see
[Wed Aug 26 00:29:38.688081 2026] [wsgi:error] [pid 10:tid 140356966139584] https://eventlet.readthedocs.io/en/latest/asyncio/migration.html
[Wed Aug 26 00:29:38.688082 2026] [wsgi:error] [pid 10:tid 140356966139584]
[Wed Aug 26 00:29:38.688083 2026] [wsgi:error] [pid 10:tid 140356966139584] __import__(import_str)
[Wed Aug 26 00:29:38.718090 2026] [wsgi:error] [pid 12:tid 140356966139584] /var/lib/openstack/lib/python3.12/site-packages/oslo_utils/importutils.py:77: EventletDeprecationWarning:
[Wed Aug 26 00:29:38.718131 2026] [wsgi:error] [pid 12:tid 140356966139584] Eventlet is deprecated. It is currently being maintained in bugfix mode, and
[Wed Aug 26 00:29:38.718132 2026] [wsgi:error] [pid 12:tid 140356966139584] we strongly recommend against using it for new projects.
[Wed Aug 26 00:29:38.718134 2026] [wsgi:error] [pid 12:tid 140356966139584]
[Wed Aug 26 00:29:38.718135 2026] [wsgi:error] [pid 12:tid 140356966139584] If you are already using Eventlet, we recommend migrating to a different
[Wed Aug 26 00:29:38.718136 2026] [wsgi:error] [pid 12:tid 140356966139584] framework. For more detail see
[Wed Aug 26 00:29:38.718137 2026] [wsgi:error] [pid 12:tid 140356966139584] https://eventlet.readthedocs.io/en/latest/asyncio/migration.html
[Wed Aug 26 00:29:38.718138 2026] [wsgi:error] [pid 12:tid 140356966139584]
[Wed Aug 26 00:29:38.718139 2026] [wsgi:error] [pid 12:tid 140356966139584] __import__(import_str) 10.0.0.230 - - [26/Aug/2026:00:29:37 +0000] "GET /v3/ HTTP/1.1" 200 249 10.0.0.230 - - [26/Aug/2026:00:29:37 +0000] "GET /v3/ HTTP/1.1" 200 249
[Wed Aug 26 00:29:51.533519 2026] [wsgi:error] [pid 9:tid 140356966139584] /var/lib/openstack/lib/python3.12/site-packages/oslo_utils/importutils.py:77: EventletDeprecationWarning:
[Wed Aug 26 00:29:51.533561 2026] [wsgi:error] [pid 9:tid 140356966139584] Eventlet is deprecated. It is currently being maintained in bugfix mode, and
[Wed Aug 26 00:29:51.533563 2026] [wsgi:error] [pid 9:tid 140356966139584] we strongly recommend against using it for new projects.
[Wed Aug 26 00:29:51.533564 2026] [wsgi:error] [pid 9:tid 140356966139584]
[Wed Aug 26 00:29:51.533565 2026] [wsgi:error] [pid 9:tid 140356966139584] If you are already using Eventlet, we recommend migrating to a different
[Wed Aug 26 00:29:51.533567 2026] [wsgi:error] [pid 9:tid 140356966139584] framework. For more detail see
[Wed Aug 26 00:29:51.533568 2026] [wsgi:error] [pid 9:tid 140356966139584] https://eventlet.readthedocs.io/en/latest/asyncio/migration.html
[Wed Aug 26 00:29:51.533569 2026] [wsgi:error] [pid 9:tid 140356966139584]
[Wed Aug 26 00:29:51.533570 2026] [wsgi:error] [pid 9:tid 140356966139584] __import__(import_str) 10.0.0.128 - - [26/Aug/2026:00:29:50 +0000] "GET / HTTP/1.1" 300 295
[Wed Aug 26 00:29:56.882419 2026] [wsgi:error] [pid 11:tid 140356966139584] /var/lib/openstack/lib/python3.12/site-packages/oslo_utils/importutils.py:77: EventletDeprecationWarning:
[Wed Aug 26 00:29:56.882460 2026] [wsgi:error] [pid 11:tid 140356966139584] Eventlet is deprecated. It is currently being maintained in bugfix mode, and
[Wed Aug 26 00:29:56.882462 2026] [wsgi:error] [pid 11:tid 140356966139584] we strongly recommend against using it for new projects.
[Wed Aug 26 00:29:56.882463 2026] [wsgi:error] [pid 11:tid 140356966139584]
[Wed Aug 26 00:29:56.882464 2026] [wsgi:error] [pid 11:tid 140356966139584] If you are already using Eventlet, we recommend migrating to a different
[Wed Aug 26 00:29:56.882465 2026] [wsgi:error] [pid 11:tid 140356966139584] framework. For more detail see
[Wed Aug 26 00:29:56.882467 2026] [wsgi:error] [pid 11:tid 140356966139584] https://eventlet.readthedocs.io/en/latest/asyncio/migration.html
[Wed Aug 26 00:29:56.882468 2026] [wsgi:error] [pid 11:tid 140356966139584]
[Wed Aug 26 00:29:56.882469 2026] [wsgi:error] [pid 11:tid 140356966139584] __import__(import_str)
[Wed Aug 26 00:30:01.528973 2026] [wsgi:error] [pid 11:tid 140356966139584] [remote 10.0.0.128:48130] 2026-08-26 00:30:01.526 11 WARNING keystone.identity.core [None req-f2e14560-92c6-426f-92b5-65689597cdc1 - - - - - -] Invalid domain name (atmosphere) found in config file name: keystone.exception.DomainNotFound: Could not find domain: atmosphere.
[Wed Aug 26 00:30:01.596845 2026] [wsgi:error] [pid 11:tid 140356966139584] [remote 10.0.0.128:48130] 2026-08-26 00:30:01.596 11 WARNING keystone.common.password_hashing [None req-f2e14560-92c6-426f-92b5-65689597cdc1 - - - - - -] Truncating password to algorithm specific maximum length 72 characters.
[Wed Aug 26 00:30:01.888501 2026] [wsgi:error] [pid 11:tid 140356966139584] [remote 10.0.0.128:48130] 2026-08-26 00:30:01.888 11 WARNING keystone.common.fernet_utils [None req-f2e14560-92c6-426f-92b5-65689597cdc1 - - - - - -] key_repository is world readable: /etc/keystone/fernet-keys/ 10.0.0.128 - - [26/Aug/2026:00:29:56 +0000] "POST /v3/auth/tokens HTTP/1.1" 201 1359
[Wed Aug 26 00:30:02.238894 2026] [wsgi:error] [pid 10:tid 140356966139584] [remote 10.0.0.128:48130] 2026-08-26 00:30:02.236 10 WARNING keystone.identity.core [None req-4eab34ed-5aad-49b6-88a2-eb045cb74093 - - - - - -] Invalid domain name (atmosphere) found in config file name: keystone.exception.DomainNotFound: Could not find domain: atmosphere. 10.0.0.128 - - [26/Aug/2026:00:30:02 +0000] "POST /v3/domains HTTP/1.1" 201 261 10.0.0.195 - - [26/Aug/2026:00:30:13 +0000] "GET / HTTP/1.1" 300 295
[Wed Aug 26 00:30:14.268939 2026] [wsgi:error] [pid 9:tid 140356966139584] [remote 10.0.0.195:57294] 2026-08-26 00:30:14.268 9 WARNING keystone.common.password_hashing [None req-55a30f7b-5385-4e17-a6a1-b584ec78c43e - - - - - -] Truncating password to algorithm specific maximum length 72 characters.
[Wed Aug 26 00:30:14.542150 2026] [wsgi:error] [pid 9:tid 140356966139584] [remote 10.0.0.195:57294] 2026-08-26 00:30:14.541 9 WARNING keystone.common.fernet_utils [None req-55a30f7b-5385-4e17-a6a1-b584ec78c43e - - - - - -] key_repository is world readable: /etc/keystone/fernet-keys/ 10.0.0.195 - - [26/Aug/2026:00:30:13 +0000] "POST /v3/auth/tokens HTTP/1.1" 201 1359 10.0.0.195 - - [26/Aug/2026:00:30:14 +0000] "GET /v3/roles/admin HTTP/1.1" 404 83
[Wed Aug 26 00:30:14.794014 2026] [wsgi:error] [pid 10:tid 140356966139584] [remote 10.0.0.195:57294] 2026-08-26 00:30:14.793 10 WARNING keystone.common.rbac_enforcer.enforcer [None req-ab4a4609-48d3-4cd2-b59c-6bb190fd6e5e 921ded367e6b4af6b8e1296d44ff7716 a1a538846c464f23819ba7303b37cffb - - default default] Deprecated policy rules found. Use oslopolicy-policy-generator and oslopolicy-policy-upgrade to detect and resolve deprecated policies in your configuration. 10.0.0.195 - - [26/Aug/2026:00:30:14 +0000] "GET /v3/roles?name=admin HTTP/1.1" 200 389
[Wed Aug 26 00:30:15.637107 2026] [wsgi:error] [pid 12:tid 140356966139584] [remote 10.0.0.195:57294] 2026-08-26 00:30:15.636 12 WARNING keystone.common.rbac_enforcer.enforcer [None req-c54973f4-e803-448a-9650-eca344822123 921ded367e6b4af6b8e1296d44ff7716 a1a538846c464f23819ba7303b37cffb - - default default] Deprecated policy rules found. Use oslopolicy-policy-generator and oslopolicy-policy-upgrade to detect and resolve deprecated policies in your configuration. 10.0.0.195 - - [26/Aug/2026:00:30:14 +0000] "GET /v3/users/admin-RegionOne HTTP/1.1" 404 93
[Wed Aug 26 00:30:16.076609 2026] [wsgi:error] [pid 9:tid 140356966139584] [remote 10.0.0.195:57294] 2026-08-26 00:30:16.076 9 WARNING keystone.common.rbac_enforcer.enforcer [None req-1b0a95c2-f992-414d-aedf-468f841176bb 921ded367e6b4af6b8e1296d44ff7716 a1a538846c464f23819ba7303b37cffb - - default default] Deprecated policy rules found. Use oslopolicy-policy-generator and oslopolicy-policy-upgrade to detect and resolve deprecated policies in your configuration. 10.0.0.195 - - [26/Aug/2026:00:30:15 +0000] "GET /v3/users?name=admin-RegionOne HTTP/1.1" 200 422
[Wed Aug 26 00:30:16.248018 2026] [wsgi:error] [pid 11:tid 140356966139584] [remote 10.0.0.195:57294] 2026-08-26 00:30:16.247 11 WARNING keystone.common.rbac_enforcer.enforcer [None req-4dc3eb6f-c2e2-48c9-8498-c9fd29a93402 921ded367e6b4af6b8e1296d44ff7716 a1a538846c464f23819ba7303b37cffb - - default default] Deprecated policy rules found. Use oslopolicy-policy-generator and oslopolicy-policy-upgrade to detect and resolve deprecated policies in your configuration. 10.0.0.195 - - [26/Aug/2026:00:30:16 +0000] "GET /v3/domains/default HTTP/1.1" 200 224 10.0.0.195 - - [26/Aug/2026:00:30:16 +0000] "PUT /v3/domains/default/users/921ded367e6b4af6b8e1296d44ff7716/roles/a4518b9f0e9945848cee22ae5da185e7 HTTP/1.1" 204 - 10.0.0.230 - - [26/Aug/2026:00:30:25 +0000] "GET / HTTP/1.1" 300 280 10.0.0.230 - - [26/Aug/2026:00:30:27 +0000] "GET /v3 HTTP/1.1" 200 265
[Wed Aug 26 00:30:27.491944 2026] [wsgi:error] [pid 11:tid 140356966139584] [remote 10.0.0.230:45514] 2026-08-26 00:30:27.491 11 WARNING keystone.common.password_hashing [None req-9d9d5741-5b15-4795-804d-690c9df14c67 - - - - - -] Truncating password to algorithm specific maximum length 72 characters.
[Wed Aug 26 00:30:27.769685 2026] [wsgi:error] [pid 11:tid 140356966139584] [remote 10.0.0.230:45514] 2026-08-26 00:30:27.769 11 WARNING keystone.common.fernet_utils [None req-9d9d5741-5b15-4795-804d-690c9df14c67 - - - - - -] key_repository is world readable: /etc/keystone/fernet-keys/ 10.0.0.230 - - [26/Aug/2026:00:30:27 +0000] "POST /v3/auth/tokens HTTP/1.1" 201 1359 10.0.0.230 - - [26/Aug/2026:00:30:27 +0000] "GET / HTTP/1.1" 300 280 10.0.0.230 - - [26/Aug/2026:00:30:27 +0000] "GET /v3/domains/atmosphere HTTP/1.1" 404 90 10.0.0.230 - - [26/Aug/2026:00:30:27 +0000] "GET /v3/domains?name=atmosphere HTTP/1.1" 200 368 10.0.0.230 - - [26/Aug/2026:00:30:28 +0000] "GET /v3/domains/e05f46bf7e0b48d8b33c5e1e434509e8 HTTP/1.1" 200 246 10.0.0.230 - - [26/Aug/2026:00:30:28 +0000] "GET /v3 HTTP/1.1" 200 265
[Wed Aug 26 00:30:28.939667 2026] [wsgi:error] [pid 12:tid 140356966139584] [remote 10.0.0.230:45530] 2026-08-26 00:30:28.939 12 WARNING keystone.common.password_hashing [None req-f915b82b-badc-4b6b-b0c0-92c1ce7539c1 - - - - - -] Truncating password to algorithm specific maximum length 72 characters.
[Wed Aug 26 00:30:29.214889 2026] [wsgi:error] [pid 12:tid 140356966139584] [remote 10.0.0.230:45530] 2026-08-26 00:30:29.214 12 WARNING keystone.common.fernet_utils [None req-f915b82b-badc-4b6b-b0c0-92c1ce7539c1 - - - - - -] key_repository is world readable: /etc/keystone/fernet-keys/ 10.0.0.230 - - [26/Aug/2026:00:30:28 +0000] "POST /v3/auth/tokens HTTP/1.1" 201 1359 10.0.0.230 - - [26/Aug/2026:00:30:29 +0000] "GET / HTTP/1.1" 300 280 10.0.0.230 - - [26/Aug/2026:00:30:29 +0000] "GET /v3/OS-FEDERATION/identity_providers/atmosphere HTTP/1.1" 404 101 10.0.0.230 - - [26/Aug/2026:00:30:29 +0000] "GET /v3/OS-FEDERATION/identity_providers HTTP/1.1" 200 155 10.0.0.230 - - [26/Aug/2026:00:30:29 +0000] "PUT /v3/OS-FEDERATION/identity_providers/atmosphere HTTP/1.1" 201 340 10.0.0.230 - - [26/Aug/2026:00:30:29 +0000] "GET /v3 HTTP/1.1" 200 265
[Wed Aug 26 00:30:29.984361 2026] [wsgi:error] [pid 11:tid 140356966139584] [remote 10.0.0.230:45514] 2026-08-26 00:30:29.984 11 WARNING keystone.common.password_hashing [None req-0fbf9ac4-7874-4c44-85cf-05a4de8cb849 - - - - - -] Truncating password to algorithm specific maximum length 72 characters.
[Wed Aug 26 00:30:30.257681 2026] [wsgi:error] [pid 11:tid 140356966139584] [remote 10.0.0.230:45514] 2026-08-26 00:30:30.257 11 WARNING keystone.common.fernet_utils [None req-0fbf9ac4-7874-4c44-85cf-05a4de8cb849 - - - - - -] key_repository is world readable: /etc/keystone/fernet-keys/ 10.0.0.230 - - [26/Aug/2026:00:30:29 +0000] "POST /v3/auth/tokens HTTP/1.1" 201 1359 10.0.0.230 - - [26/Aug/2026:00:30:30 +0000] "GET / HTTP/1.1" 300 280 10.0.0.230 - - [26/Aug/2026:00:30:30 +0000] "GET /v3/OS-FEDERATION/mappings/atmosphere-openid HTTP/1.1" 404 98 10.0.0.230 - - [26/Aug/2026:00:30:30 +0000] "GET /v3/OS-FEDERATION/mappings HTTP/1.1" 200 135 10.0.0.230 - - [26/Aug/2026:00:30:30 +0000] "PUT /v3/OS-FEDERATION/mappings/atmosphere-openid HTTP/1.1" 201 356 10.0.0.230 - - [26/Aug/2026:00:30:30 +0000] "GET /v3 HTTP/1.1" 200 265
[Wed Aug 26 00:30:31.012874 2026] [wsgi:error] [pid 12:tid 140356966139584] [remote 10.0.0.230:45514] 2026-08-26 00:30:31.012 12 WARNING keystone.common.password_hashing [None req-51dee2e8-b16c-4769-be37-d7a9fb5f3eff - - - - - -] Truncating password to algorithm specific maximum length 72 characters.
[Wed Aug 26 00:30:31.283295 2026] [wsgi:error] [pid 12:tid 140356966139584] [remote 10.0.0.230:45514] 2026-08-26 00:30:31.283 12 WARNING keystone.common.fernet_utils [None req-51dee2e8-b16c-4769-be37-d7a9fb5f3eff - - - - - -] key_repository is world readable: /etc/keystone/fernet-keys/ 10.0.0.230 - - [26/Aug/2026:00:30:30 +0000] "POST /v3/auth/tokens HTTP/1.1" 201 1359 10.0.0.230 - - [26/Aug/2026:00:30:31 +0000] "GET / HTTP/1.1" 300 280 10.0.0.230 - - [26/Aug/2026:00:30:31 +0000] "GET /v3/OS-FEDERATION/identity_providers/atmosphere/protocols/openid?idp_id=atmosphere HTTP/1.1" 404 131 10.0.0.230 - - [26/Aug/2026:00:30:31 +0000] "GET /v3/OS-FEDERATION/identity_providers/atmosphere/protocols HTTP/1.1" 200 167 10.0.0.230 - - [26/Aug/2026:00:30:31 +0000] "PUT /v3/OS-FEDERATION/identity_providers/atmosphere/protocols/openid HTTP/1.1" 201 222 10.0.0.230 - - [26/Aug/2026:00:30:37 +0000] "GET /v3/ HTTP/1.1" 200 249 10.0.0.230 - - [26/Aug/2026:00:30:37 +0000] "GET /v3/ HTTP/1.1" 200 249 10.0.0.230 - - [26/Aug/2026:00:31:37 +0000] "GET /v3/ HTTP/1.1" 200 249 10.0.0.230 - - [26/Aug/2026:00:31:37 +0000] "GET /v3/ HTTP/1.1" 200 249 10.0.0.237 - - [26/Aug/2026:00:31:54 +0000] "GET / HTTP/1.1" 300 295
[Wed Aug 26 00:31:54.811247 2026] [wsgi:error] [pid 11:tid 140356966139584] [remote 10.0.0.237:55616] 2026-08-26 00:31:54.811 11 WARNING keystone.common.password_hashing [None req-74895959-85fa-4cc5-8b89-b65e34d1e842 - - - - - -] Truncating password to algorithm specific maximum length 72 characters.
[Wed Aug 26 00:31:55.087348 2026] [wsgi:error] [pid 11:tid 140356966139584] [remote 10.0.0.237:55616] 2026-08-26 00:31:55.087 11 WARNING keystone.common.fernet_utils [None req-74895959-85fa-4cc5-8b89-b65e34d1e842 - - - - - -] key_repository is world readable: /etc/keystone/fernet-keys/ 10.0.0.237 - - [26/Aug/2026:00:31:54 +0000] "POST /v3/auth/tokens HTTP/1.1" 201 1359 10.0.0.237 - - [26/Aug/2026:00:31:55 +0000] "GET /v3/services HTTP/1.1" 200 355 10.0.0.237 - - [26/Aug/2026:00:31:58 +0000] "GET / HTTP/1.1" 300 295
[Wed Aug 26 00:31:58.746206 2026] [wsgi:error] [pid 9:tid 140356966139584] [remote 10.0.0.237:55624] 2026-08-26 00:31:58.746 9 WARNING keystone.common.password_hashing [None req-e87ad788-122c-430f-91c2-7ef2421a52c4 - - - - - -] Truncating password to algorithm specific maximum length 72 characters.
[Wed Aug 26 00:31:59.023253 2026] [wsgi:error] [pid 9:tid 140356966139584] [remote 10.0.0.237:55624] 2026-08-26 00:31:59.023 9 WARNING keystone.common.fernet_utils [None req-e87ad788-122c-430f-91c2-7ef2421a52c4 - - - - - -] key_repository is world readable: /etc/keystone/fernet-keys/ 10.0.0.237 - - [26/Aug/2026:00:31:58 +0000] "POST /v3/auth/tokens HTTP/1.1" 201 1359 10.0.0.237 - - [26/Aug/2026:00:31:59 +0000] "GET /v3/services HTTP/1.1" 200 355 10.0.0.237 - - [26/Aug/2026:00:32:02 +0000] "GET / HTTP/1.1" 300 295
[Wed Aug 26 00:32:02.595007 2026] [wsgi:error] [pid 12:tid 140356966139584] [remote 10.0.0.237:55634] 2026-08-26 00:32:02.594 12 WARNING keystone.common.password_hashing [None req-a2150594-2a8b-4854-b57e-59823a9917d3 - - - - - -] Truncating password to algorithm specific maximum length 72 characters.
[Wed Aug 26 00:32:02.890540 2026] [wsgi:error] [pid 12:tid 140356966139584] [remote 10.0.0.237:55634] 2026-08-26 00:32:02.890 12 WARNING keystone.common.fernet_utils [None req-a2150594-2a8b-4854-b57e-59823a9917d3 - - - - - -] key_repository is world readable: /etc/keystone/fernet-keys/ 10.0.0.237 - - [26/Aug/2026:00:32:02 +0000] "POST /v3/auth/tokens HTTP/1.1" 201 1359 10.0.0.237 - - [26/Aug/2026:00:32:02 +0000] "GET /v3/services HTTP/1.1" 200 355 10.0.0.237 - - [26/Aug/2026:00:32:06 +0000] "GET / HTTP/1.1" 300 295
[Wed Aug 26 00:32:06.487418 2026] [wsgi:error] [pid 10:tid 140356966139584] [remote 10.0.0.237:44856] 2026-08-26 00:32:06.487 10 WARNING keystone.common.password_hashing [None req-b701e0b3-d7d5-4b64-b361-ab87eb2dfe8c - - - - - -] Truncating password to algorithm specific maximum length 72 characters.
[Wed Aug 26 00:32:06.766183 2026] [wsgi:error] [pid 10:tid 140356966139584] [remote 10.0.0.237:44856] 2026-08-26 00:32:06.766 10 WARNING keystone.common.fernet_utils [None req-b701e0b3-d7d5-4b64-b361-ab87eb2dfe8c - - - - - -] key_repository is world readable: /etc/keystone/fernet-keys/ 10.0.0.237 - - [26/Aug/2026:00:32:06 +0000] "POST /v3/auth/tokens HTTP/1.1" 201 1359 10.0.0.237 - - [26/Aug/2026:00:32:06 +0000] "POST /v3/services HTTP/1.1" 201 296 10.0.0.185 - - [26/Aug/2026:00:32:18 +0000] "GET / HTTP/1.1" 300 295
[Wed Aug 26 00:32:18.228801 2026] [wsgi:error] [pid 11:tid 140356966139584] [remote 10.0.0.185:53050] 2026-08-26 00:32:18.228 11 WARNING keystone.common.password_hashing [None req-374befbb-2a2e-4317-a775-372a22478c4d - - - - - -] Truncating password to algorithm specific maximum length 72 characters. 10.0.0.185 - - [26/Aug/2026:00:32:18 +0000] "GET / HTTP/1.1" 300 295
[Wed Aug 26 00:32:18.343688 2026] [wsgi:error] [pid 12:tid 140356966139584] [remote 10.0.0.185:53060] 2026-08-26 00:32:18.343 12 WARNING keystone.common.password_hashing [None req-9af3cb74-4184-4362-8c12-ad9fe12f7eb6 - - - - - -] Truncating password to algorithm specific maximum length 72 characters. 10.0.0.185 - - [26/Aug/2026:00:32:18 +0000] "GET / HTTP/1.1" 300 295
[Wed Aug 26 00:32:18.541097 2026] [wsgi:error] [pid 11:tid 140356966139584] [remote 10.0.0.185:53050] 2026-08-26 00:32:18.540 11 WARNING keystone.common.fernet_utils [None req-374befbb-2a2e-4317-a775-372a22478c4d - - - - - -] key_repository is world readable: /etc/keystone/fernet-keys/
[Wed Aug 26 00:32:18.546434 2026] [wsgi:error] [pid 10:tid 140356966139584] [remote 10.0.0.185:53068] 2026-08-26 00:32:18.546 10 WARNING keystone.common.password_hashing [None req-9cad665c-158d-4c5a-830e-de9f7b9fccd0 - - - - - -] Truncating password to algorithm specific maximum length 72 characters. 10.0.0.185 - - [26/Aug/2026:00:32:18 +0000] "POST /v3/auth/tokens HTTP/1.1" 201 1463
[Wed Aug 26 00:32:18.620471 2026] [wsgi:error] [pid 12:tid 140356966139584] [remote 10.0.0.185:53060] 2026-08-26 00:32:18.620 12 WARNING keystone.common.fernet_utils [None req-9af3cb74-4184-4362-8c12-ad9fe12f7eb6 - - - - - -] key_repository is world readable: /etc/keystone/fernet-keys/ 10.0.0.185 - - [26/Aug/2026:00:32:18 +0000] "POST /v3/auth/tokens HTTP/1.1" 201 1463 10.0.0.185 - - [26/Aug/2026:00:32:18 +0000] "GET /v3/services HTTP/1.1" 200 639 10.0.0.185 - - [26/Aug/2026:00:32:18 +0000] "GET /v3/services HTTP/1.1" 200 639
[Wed Aug 26 00:32:18.846146 2026] [wsgi:error] [pid 10:tid 140356966139584] [remote 10.0.0.185:53068] 2026-08-26 00:32:18.845 10 WARNING keystone.common.fernet_utils [None req-9cad665c-158d-4c5a-830e-de9f7b9fccd0 - - - - - -] key_repository is world readable: /etc/keystone/fernet-keys/ 10.0.0.185 - - [26/Aug/2026:00:32:18 +0000] "POST /v3/auth/tokens HTTP/1.1" 201 1463 10.0.0.185 - - [26/Aug/2026:00:32:18 +0000] "GET /v3/services HTTP/1.1" 200 639 10.0.0.185 - - [26/Aug/2026:00:32:20 +0000] "GET / HTTP/1.1" 300 295
[Wed Aug 26 00:32:20.306464 2026] [wsgi:error] [pid 11:tid 140356966139584] [remote 10.0.0.185:53080] 2026-08-26 00:32:20.306 11 WARNING keystone.common.password_hashing [None req-ec33199c-43a2-4186-8e30-934545703803 - - - - - -] Truncating password to algorithm specific maximum length 72 characters. 10.0.0.185 - - [26/Aug/2026:00:32:20 +0000] "GET / HTTP/1.1" 300 295
[Wed Aug 26 00:32:20.579313 2026] [wsgi:error] [pid 11:tid 140356966139584] [remote 10.0.0.185:53080] 2026-08-26 00:32:20.579 11 WARNING keystone.common.fernet_utils [None req-ec33199c-43a2-4186-8e30-934545703803 - - - - - -] key_repository is world readable: /etc/keystone/fernet-keys/ 10.0.0.185 - - [26/Aug/2026:00:32:20 +0000] "GET / HTTP/1.1" 300 295 10.0.0.185 - - [26/Aug/2026:00:32:20 +0000] "POST /v3/auth/tokens HTTP/1.1" 201 1463
[Wed Aug 26 00:32:20.601820 2026] [wsgi:error] [pid 12:tid 140356966139584] [remote 10.0.0.185:53086] 2026-08-26 00:32:20.601 12 WARNING keystone.common.password_hashing [None req-fd93f787-ffe2-4ab4-b10d-9c1e5d8f2b85 - - - - - -] Truncating password to algorithm specific maximum length 72 characters.
[Wed Aug 26 00:32:20.608249 2026] [wsgi:error] [pid 10:tid 140356966139584] [remote 10.0.0.185:53098] 2026-08-26 00:32:20.607 10 WARNING keystone.common.password_hashing [None req-323e569e-a86a-491e-882e-7a1beb531f10 - - - - - -] Truncating password to algorithm specific maximum length 72 characters. 10.0.0.185 - - [26/Aug/2026:00:32:20 +0000] "GET /v3/endpoints HTTP/1.1" 200 1226 10.0.0.185 - - [26/Aug/2026:00:32:20 +0000] "GET /v3/services/d8ea598cd23745498b75ba834cf838d2 HTTP/1.1" 200 233 10.0.0.185 - - [26/Aug/2026:00:32:20 +0000] "GET /v3/services/d8ea598cd23745498b75ba834cf838d2 HTTP/1.1" 200 233 10.0.0.185 - - [26/Aug/2026:00:32:20 +0000] "GET /v3/services/d8ea598cd23745498b75ba834cf838d2 HTTP/1.1" 200 233
[Wed Aug 26 00:32:20.878373 2026] [wsgi:error] [pid 12:tid 140356966139584] [remote 10.0.0.185:53086] 2026-08-26 00:32:20.878 12 WARNING keystone.common.fernet_utils [None req-fd93f787-ffe2-4ab4-b10d-9c1e5d8f2b85 - - - - - -] key_repository is world readable: /etc/keystone/fernet-keys/ 10.0.0.185 - - [26/Aug/2026:00:32:20 +0000] "POST /v3/auth/tokens HTTP/1.1" 201 1463
[Wed Aug 26 00:32:20.898479 2026] [wsgi:error] [pid 10:tid 140356966139584] [remote 10.0.0.185:53098] 2026-08-26 00:32:20.898 10 WARNING keystone.common.fernet_utils [None req-323e569e-a86a-491e-882e-7a1beb531f10 - - - - - -] key_repository is world readable: /etc/keystone/fernet-keys/ 10.0.0.185 - - [26/Aug/2026:00:32:20 +0000] "POST /v3/auth/tokens HTTP/1.1" 201 1463 10.0.0.185 - - [26/Aug/2026:00:32:20 +0000] "GET /v3/endpoints HTTP/1.1" 200 1226 10.0.0.185 - - [26/Aug/2026:00:32:21 +0000] "GET /v3/services/d8ea598cd23745498b75ba834cf838d2 HTTP/1.1" 200 233 10.0.0.185 - - [26/Aug/2026:00:32:20 +0000] "GET /v3/endpoints HTTP/1.1" 200 1226 10.0.0.185 - - [26/Aug/2026:00:32:21 +0000] "GET /v3/services/d8ea598cd23745498b75ba834cf838d2 HTTP/1.1" 200 233 10.0.0.185 - - [26/Aug/2026:00:32:21 +0000] "GET /v3/services/d8ea598cd23745498b75ba834cf838d2 HTTP/1.1" 200 233 10.0.0.185 - - [26/Aug/2026:00:32:21 +0000] "GET /v3/services/d8ea598cd23745498b75ba834cf838d2 HTTP/1.1" 200 233 10.0.0.185 - - [26/Aug/2026:00:32:21 +0000] "GET /v3/services/d8ea598cd23745498b75ba834cf838d2 HTTP/1.1" 200 233 10.0.0.185 - - [26/Aug/2026:00:32:21 +0000] "GET /v3/services/d8ea598cd23745498b75ba834cf838d2 HTTP/1.1" 200 233 10.0.0.185 - - [26/Aug/2026:00:32:22 +0000] "GET / HTTP/1.1" 300 295
[Wed Aug 26 00:32:22.366090 2026] [wsgi:error] [pid 12:tid 140356966139584] [remote 10.0.0.185:53114] 2026-08-26 00:32:22.365 12 WARNING keystone.common.password_hashing [None req-68809a97-89d4-42d6-acaf-00ebcde9aced - - - - - -] Truncating password to algorithm specific maximum length 72 characters. 10.0.0.185 - - [26/Aug/2026:00:32:22 +0000] "GET / HTTP/1.1" 300 295
[Wed Aug 26 00:32:22.557501 2026] [wsgi:error] [pid 10:tid 140356966139584] [remote 10.0.0.185:53128] 2026-08-26 00:32:22.557 10 WARNING keystone.common.password_hashing [None req-b5371588-f9e7-43f1-8077-f7e7062055ae - - - - - -] Truncating password to algorithm specific maximum length 72 characters.
[Wed Aug 26 00:32:22.648110 2026] [wsgi:error] [pid 12:tid 140356966139584] [remote 10.0.0.185:53114] 2026-08-26 00:32:22.647 12 WARNING keystone.common.fernet_utils [None req-68809a97-89d4-42d6-acaf-00ebcde9aced - - - - - -] key_repository is world readable: /etc/keystone/fernet-keys/ 10.0.0.185 - - [26/Aug/2026:00:32:22 +0000] "POST /v3/auth/tokens HTTP/1.1" 201 1463 10.0.0.185 - - [26/Aug/2026:00:32:22 +0000] "GET / HTTP/1.1" 300 295
[Wed Aug 26 00:32:22.702034 2026] [wsgi:error] [pid 11:tid 140356966139584] [remote 10.0.0.185:53136] 2026-08-26 00:32:22.701 11 WARNING keystone.common.password_hashing [None req-734f16af-6efb-4c3f-aeaf-36567ebdc317 - - - - - -] Truncating password to algorithm specific maximum length 72 characters. 10.0.0.185 - - [26/Aug/2026:00:32:22 +0000] "GET /v3/services/ef3ed6b16fcd47b7ab62c253286f3624 HTTP/1.1" 200 296 10.0.0.185 - - [26/Aug/2026:00:32:22 +0000] "GET /v3/regions/RegionOne HTTP/1.1" 200 173
[Wed Aug 26 00:32:22.836146 2026] [wsgi:error] [pid 10:tid 140356966139584] [remote 10.0.0.185:53128] 2026-08-26 00:32:22.835 10 WARNING keystone.common.fernet_utils [None req-b5371588-f9e7-43f1-8077-f7e7062055ae - - - - - -] key_repository is world readable: /etc/keystone/fernet-keys/ 10.0.0.185 - - [26/Aug/2026:00:32:22 +0000] "POST /v3/auth/tokens HTTP/1.1" 201 1463 10.0.0.185 - - [26/Aug/2026:00:32:22 +0000] "POST /v3/endpoints HTTP/1.1" 201 380
[Wed Aug 26 00:32:22.984737 2026] [wsgi:error] [pid 11:tid 140356966139584] [remote 10.0.0.185:53136] 2026-08-26 00:32:22.984 11 WARNING keystone.common.fernet_utils [None req-734f16af-6efb-4c3f-aeaf-36567ebdc317 - - - - - -] key_repository is world readable: /etc/keystone/fernet-keys/ 10.0.0.185 - - [26/Aug/2026:00:32:22 +0000] "GET /v3/services/ef3ed6b16fcd47b7ab62c253286f3624 HTTP/1.1" 200 296 10.0.0.185 - - [26/Aug/2026:00:32:22 +0000] "POST /v3/auth/tokens HTTP/1.1" 201 1640 10.0.0.185 - - [26/Aug/2026:00:32:22 +0000] "GET /v3/regions/RegionOne HTTP/1.1" 200 173 10.0.0.185 - - [26/Aug/2026:00:32:23 +0000] "POST /v3/endpoints HTTP/1.1" 201 383 10.0.0.185 - - [26/Aug/2026:00:32:23 +0000] "GET /v3/services/ef3ed6b16fcd47b7ab62c253286f3624 HTTP/1.1" 200 296 10.0.0.185 - - [26/Aug/2026:00:32:23 +0000] "GET /v3/regions/RegionOne HTTP/1.1" 200 173 10.0.0.185 - - [26/Aug/2026:00:32:23 +0000] "POST /v3/endpoints HTTP/1.1" 201 369 10.0.0.185 - - [26/Aug/2026:00:32:24 +0000] "GET / HTTP/1.1" 300 295
[Wed Aug 26 00:32:24.423398 2026] [wsgi:error] [pid 12:tid 140356966139584] [remote 10.0.0.185:39010] 2026-08-26 00:32:24.423 12 WARNING keystone.common.password_hashing [None req-68f4bcc8-688e-4edc-b3d4-a020f55be7c8 - - - - - -] Truncating password to algorithm specific maximum length 72 characters. 10.0.0.185 - - [26/Aug/2026:00:32:24 +0000] "GET / HTTP/1.1" 300 295
[Wed Aug 26 00:32:24.583585 2026] [wsgi:error] [pid 11:tid 140356966139584] [remote 10.0.0.185:39018] 2026-08-26 00:32:24.583 11 WARNING keystone.common.password_hashing [None req-8aa43331-3f6d-4461-8fca-43b50323fdba - - - - - -] Truncating password to algorithm specific maximum length 72 characters.
[Wed Aug 26 00:32:24.713106 2026] [wsgi:error] [pid 12:tid 140356966139584] [remote 10.0.0.185:39010] 2026-08-26 00:32:24.712 12 WARNING keystone.common.fernet_utils [None req-68f4bcc8-688e-4edc-b3d4-a020f55be7c8 - - - - - -] key_repository is world readable: /etc/keystone/fernet-keys/ 10.0.0.185 - - [26/Aug/2026:00:32:24 +0000] "GET / HTTP/1.1" 300 295 10.0.0.185 - - [26/Aug/2026:00:32:24 +0000] "POST /v3/auth/tokens HTTP/1.1" 201 1990
[Wed Aug 26 00:32:24.747620 2026] [wsgi:error] [pid 9:tid 140356966139584] [remote 10.0.0.185:39034] 2026-08-26 00:32:24.747 9 WARNING keystone.common.password_hashing [None req-ca794b8d-e4f0-4163-93d7-40fa48f0efdc - - - - - -] Truncating password to algorithm specific maximum length 72 characters. 10.0.0.185 - - [26/Aug/2026:00:32:24 +0000] "GET /v3/endpoints/2e1ed8b56fc645cdb8153c31cb9baf45 HTTP/1.1" 200 380
[Wed Aug 26 00:32:24.882335 2026] [wsgi:error] [pid 11:tid 140356966139584] [remote 10.0.0.185:39018] 2026-08-26 00:32:24.882 11 WARNING keystone.common.fernet_utils [None req-8aa43331-3f6d-4461-8fca-43b50323fdba - - - - - -] key_repository is world readable: /etc/keystone/fernet-keys/ 10.0.0.185 - - [26/Aug/2026:00:32:24 +0000] "POST /v3/auth/tokens HTTP/1.1" 201 1990 10.0.0.185 - - [26/Aug/2026:00:32:24 +0000] "GET /v3/services/ef3ed6b16fcd47b7ab62c253286f3624 HTTP/1.1" 200 296 10.0.0.185 - - [26/Aug/2026:00:32:24 +0000] "GET /v3/endpoints/ba64306a9a3e4dfe90e81af079f1650d HTTP/1.1" 200 383 10.0.0.185 - - [26/Aug/2026:00:32:25 +0000] "GET /v3/services/ef3ed6b16fcd47b7ab62c253286f3624 HTTP/1.1" 200 296
[Wed Aug 26 00:32:25.034779 2026] [wsgi:error] [pid 9:tid 140356966139584] [remote 10.0.0.185:39034] 2026-08-26 00:32:25.034 9 WARNING keystone.common.fernet_utils [None req-ca794b8d-e4f0-4163-93d7-40fa48f0efdc - - - - - -] key_repository is world readable: /etc/keystone/fernet-keys/ 10.0.0.185 - - [26/Aug/2026:00:32:24 +0000] "POST /v3/auth/tokens HTTP/1.1" 201 1990 10.0.0.185 - - [26/Aug/2026:00:32:25 +0000] "GET /v3/endpoints/9bcdd0045f1946ffad8945f56e8200ac HTTP/1.1" 200 369 10.0.0.185 - - [26/Aug/2026:00:32:25 +0000] "GET /v3/services/ef3ed6b16fcd47b7ab62c253286f3624 HTTP/1.1" 200 296 10.0.0.223 - - [26/Aug/2026:00:32:36 +0000] "GET / HTTP/1.1" 300 295
[Wed Aug 26 00:32:36.249242 2026] [wsgi:error] [pid 9:tid 140356966139584] [remote 10.0.0.223:54596] 2026-08-26 00:32:36.248 9 WARNING keystone.common.password_hashing [None req-ea354607-5879-4249-b7ea-e37e984ec896 - - - - - -] Truncating password to algorithm specific maximum length 72 characters.
[Wed Aug 26 00:32:36.521817 2026] [wsgi:error] [pid 9:tid 140356966139584] [remote 10.0.0.223:54596] 2026-08-26 00:32:36.521 9 WARNING keystone.common.fernet_utils [None req-ea354607-5879-4249-b7ea-e37e984ec896 - - - - - -] key_repository is world readable: /etc/keystone/fernet-keys/ 10.0.0.223 - - [26/Aug/2026:00:32:36 +0000] "POST /v3/auth/tokens HTTP/1.1" 201 1990 10.0.0.223 - - [26/Aug/2026:00:32:36 +0000] "POST /v3/domains HTTP/1.1" 201 284 10.0.0.230 - - [26/Aug/2026:00:32:37 +0000] "GET /v3/ HTTP/1.1" 200 249 10.0.0.230 - - [26/Aug/2026:00:32:37 +0000] "GET /v3/ HTTP/1.1" 200 249 10.0.0.223 - - [26/Aug/2026:00:32:38 +0000] "GET / HTTP/1.1" 300 295
[Wed Aug 26 00:32:38.214069 2026] [wsgi:error] [pid 12:tid 140356966139584] [remote 10.0.0.223:54600] 2026-08-26 00:32:38.213 12 WARNING keystone.common.password_hashing [None req-fe66b6f4-54c8-4d14-a35c-92f02505e055 - - - - - -] Truncating password to algorithm specific maximum length 72 characters.
[Wed Aug 26 00:32:38.498903 2026] [wsgi:error] [pid 12:tid 140356966139584] [remote 10.0.0.223:54600] 2026-08-26 00:32:38.498 12 WARNING keystone.common.fernet_utils [None req-fe66b6f4-54c8-4d14-a35c-92f02505e055 - - - - - -] key_repository is world readable: /etc/keystone/fernet-keys/ 10.0.0.223 - - [26/Aug/2026:00:32:38 +0000] "POST /v3/auth/tokens HTTP/1.1" 201 1990
[Wed Aug 26 00:32:38.703467 2026] [wsgi:error] [pid 10:tid 140356966139584] [remote 10.0.0.223:54600] 2026-08-26 00:32:38.691 10 ERROR keystone.server.flask.application [None req-9a00b121-302d-43ee-9d8f-d3782adc0e34 921ded367e6b4af6b8e1296d44ff7716 a1a538846c464f23819ba7303b37cffb - - default default] Conflict occurred attempting to store project - it is not permitted to have two projects acting as domains with the same name: service.: keystone.exception.Conflict: Conflict occurred attempting to store project - it is not permitted to have two projects acting as domains with the same name: service.
[Wed Aug 26 00:32:38.703492 2026] [wsgi:error] [pid 10:tid 140356966139584] [remote 10.0.0.223:54600] 2026-08-26 00:32:38.691 10 ERROR keystone.server.flask.application
Traceback (most recent call last):
[Wed Aug 26 00:32:38.703494 2026] [wsgi:error] [pid 10:tid 140356966139584] [remote 10.0.0.223:54600] 2026-08-26 00:32:38.691 10 ERROR keystone.server.flask.application
File "/var/lib/openstack/lib/python3.12/site-packages/sqlalchemy/engine/base.py", line 1969, in _exec_single_context
[Wed Aug 26 00:32:38.703496 2026] [wsgi:error] [pid 10:tid 140356966139584] [remote 10.0.0.223:54600] 2026-08-26 00:32:38.691 10 ERROR keystone.server.flask.application self.dialect.do_execute(
[Wed Aug 26 00:32:38.703498 2026] [wsgi:error] [pid 10:tid 140356966139584] [remote 10.0.0.223:54600] 2026-08-26 00:32:38.691 10 ERROR keystone.server.flask.application
File "/var/lib/openstack/lib/python3.12/site-packages/sqlalchemy/engine/default.py", line 952, in do_execute
[Wed Aug 26 00:32:38.703500 2026] [wsgi:error] [pid 10:tid 140356966139584] [remote 10.0.0.223:54600] 2026-08-26 00:32:38.691 10 ERROR keystone.server.flask.application cursor.execute(statement, parameters)
[Wed Aug 26 00:32:38.703501 2026] [wsgi:error] [pid 10:tid 140356966139584] [remote 10.0.0.223:54600] 2026-08-26 00:32:38.691 10 ERROR keystone.server.flask.application
File "/var/lib/openstack/lib/python3.12/site-packages/pymysql/cursors.py", line 159, in execute
[Wed Aug 26 00:32:38.703503 2026] [wsgi:error] [pid 10:tid 140356966139584] [remote 10.0.0.223:54600] 2026-08-26 00:32:38.691 10 ERROR keystone.server.flask.application result = self._query(query)
[Wed Aug 26 00:32:38.703504 2026] [wsgi:error] [pid 10:tid 140356966139584] [remote 10.0.0.223:54600] 2026-08-26 00:32:38.691 10 ERROR keystone.server.flask.application ^^^^^^^^^^^^^^^^^^
[Wed Aug 26 00:32:38.703506 2026] [wsgi:error] [pid 10:tid 140356966139584] [remote 10.0.0.223:54600] 2026-08-26 00:32:38.691 10 ERROR keystone.server.flask.application
File "/var/lib/openstack/lib/python3.12/site-packages/pymysql/cursors.py", line 330, in _query
[Wed Aug 26 00:32:38.703507 2026] [wsgi:error] [pid 10:tid 140356966139584] [remote 10.0.0.223:54600] 2026-08-26 00:32:38.691 10 ERROR keystone.server.flask.application conn.query(q)
[Wed Aug 26 00:32:38.703509 2026] [wsgi:error] [pid 10:tid 140356966139584] [remote 10.0.0.223:54600] 2026-08-26 00:32:38.691 10 ERROR keystone.server.flask.application
File "/var/lib/openstack/lib/python3.12/site-packages/pymysql/connections.py", line 582, in query
[Wed Aug 26 00:32:38.703511 2026] [wsgi:error] [pid 10:tid 140356966139584] [remote 10.0.0.223:54600] 2026-08-26 00:32:38.691 10 ERROR keystone.server.flask.application self._affected_rows = self._read_query_result(unbuffered=unbuffered)
[Wed Aug 26 00:32:38.703512 2026] [wsgi:error] [pid 10:tid 140356966139584] [remote 10.0.0.223:54600] 2026-08-26 00:32:38.691 10 ERROR keystone.server.flask.application ^^^^^^^^^^^^^^^^^^^^^^^^^^^^^^^^^^^^^^^^^^^^^^
[Wed Aug 26 00:32:38.703514 2026] [wsgi:error] [pid 10:tid 140356966139584] [remote 10.0.0.223:54600] 2026-08-26 00:32:38.691 10 ERROR keystone.server.flask.application
File "/var/lib/openstack/lib/python3.12/site-packages/pymysql/connections.py", line 847, in _read_query_result
[Wed Aug 26 00:32:38.703515 2026] [wsgi:error] [pid 10:tid 140356966139584] [remote 10.0.0.223:54600] 2026-08-26 00:32:38.691 10 ERROR keystone.server.flask.application result.read()
[Wed Aug 26 00:32:38.703518 2026] [wsgi:error] [pid 10:tid 140356966139584] [remote 10.0.0.223:54600] 2026-08-26 00:32:38.691 10 ERROR keystone.server.flask.application
File "/var/lib/openstack/lib/python3.12/site-packages/pymysql/connections.py", line 1245, in read
[Wed Aug 26 00:32:38.703520 2026] [wsgi:error] [pid 10:tid 140356966139584] [remote 10.0.0.223:54600] 2026-08-26 00:32:38.691 10 ERROR keystone.server.flask.application first_packet = self.connection._read_packet()
[Wed Aug 26 00:32:38.703522 2026] [wsgi:error] [pid 10:tid 140356966139584] [remote 10.0.0.223:54600] 2026-08-26 00:32:38.691 10 ERROR keystone.server.flask.application ^^^^^^^^^^^^^^^^^^^^^^^^^^^^^^
[Wed Aug 26 00:32:38.703524 2026] [wsgi:error] [pid 10:tid 140356966139584] [remote 10.0.0.223:54600] 2026-08-26 00:32:38.691 10 ERROR keystone.server.flask.application
File "/var/lib/openstack/lib/python3.12/site-packages/pymysql/connections.py", line 803, in _read_packet
[Wed Aug 26 00:32:38.703526 2026] [wsgi:error] [pid 10:tid 140356966139584] [remote 10.0.0.223:54600] 2026-08-26 00:32:38.691 10 ERROR keystone.server.flask.application packet.raise_for_error()
[Wed Aug 26 00:32:38.703527 2026] [wsgi:error] [pid 10:tid 140356966139584] [remote 10.0.0.223:54600] 2026-08-26 00:32:38.691 10 ERROR keystone.server.flask.application
File "/var/lib/openstack/lib/python3.12/site-packages/pymysql/protocol.py", line 219, in raise_for_error
[Wed Aug 26 00:32:38.703529 2026] [wsgi:error] [pid 10:tid 140356966139584] [remote 10.0.0.223:54600] 2026-08-26 00:32:38.691 10 ERROR keystone.server.flask.application err.raise_mysql_exception(self._data)
[Wed Aug 26 00:32:38.703530 2026] [wsgi:error] [pid 10:tid 140356966139584] [remote 10.0.0.223:54600] 2026-08-26 00:32:38.691 10 ERROR keystone.server.flask.application
File "/var/lib/openstack/lib/python3.12/site-packages/pymysql/err.py", line 154, in raise_mysql_exception
[Wed Aug 26 00:32:38.703532 2026] [wsgi:error] [pid 10:tid 140356966139584] [remote 10.0.0.223:54600] 2026-08-26 00:32:38.691 10 ERROR keystone.server.flask.application raise errorclass(errno, errval, sqlstate=sqlstate)
[Wed Aug 26 00:32:38.703534 2026] [wsgi:error] [pid 10:tid 140356966139584] [remote 10.0.0.223:54600] 2026-08-26 00:32:38.691 10 ERROR keystone.server.flask.application pymysql.err.IntegrityError: (1062, "Duplicate entry '<>-service' for key 'project.ixu_project_name_domain_id'")
[Wed Aug 26 00:32:38.703535 2026] [wsgi:error] [pid 10:tid 140356966139584] [remote 10.0.0.223:54600] 2026-08-26 00:32:38.691 10 ERROR keystone.server.flask.application
[Wed Aug 26 00:32:38.703537 2026] [wsgi:error] [pid 10:tid 140356966139584] [remote 10.0.0.223:54600] 2026-08-26 00:32:38.691 10 ERROR keystone.server.flask.application The above exception was the direct cause of the following exception:
[Wed Aug 26 00:32:38.703538 2026] [wsgi:error] [pid 10:tid 140356966139584] [remote 10.0.0.223:54600] 2026-08-26 00:32:38.691 10 ERROR keystone.server.flask.application
[Wed Aug 26 00:32:38.703540 2026] [wsgi:error] [pid 10:tid 140356966139584] [remote 10.0.0.223:54600] 2026-08-26 00:32:38.691 10 ERROR keystone.server.flask.application
Traceback (most recent call last):
[Wed Aug 26 00:32:38.703541 2026] [wsgi:error] [pid 10:tid 140356966139584] [remote 10.0.0.223:54600] 2026-08-26 00:32:38.691 10 ERROR keystone.server.flask.application
File "/var/lib/openstack/lib/python3.12/site-packages/keystone/common/sql/core.py", line 575, in wrapper
[Wed Aug 26 00:32:38.703543 2026] [wsgi:error] [pid 10:tid 140356966139584] [remote 10.0.0.223:54600] 2026-08-26 00:32:38.691 10 ERROR keystone.server.flask.application return method(*args, **kwargs)
[Wed Aug 26 00:32:38.703544 2026] [wsgi:error] [pid 10:tid 140356966139584] [remote 10.0.0.223:54600] 2026-08-26 00:32:38.691 10 ERROR keystone.server.flask.application ^^^^^^^^^^^^^^^^^^^^^^^
[Wed Aug 26 00:32:38.703547 2026] [wsgi:error] [pid 10:tid 140356966139584] [remote 10.0.0.223:54600] 2026-08-26 00:32:38.691 10 ERROR keystone.server.flask.application
File "/var/lib/openstack/lib/python3.12/site-packages/keystone/resource/backends/sql.py", line 278, in create_project
[Wed Aug 26 00:32:38.703584 2026] [wsgi:error] [pid 10:tid 140356966139584] [remote 10.0.0.223:54600] 2026-08-26 00:32:38.691 10 ERROR keystone.server.flask.application with sql.session_for_write() as session:
[Wed Aug 26 00:32:38.703586 2026] [wsgi:error] [pid 10:tid 140356966139584] [remote 10.0.0.223:54600] 2026-08-26 00:32:38.691 10 ERROR keystone.server.flask.application
File "/usr/lib/python3.12/contextlib.py", line 144, in __exit__
[Wed Aug 26 00:32:38.703587 2026] [wsgi:error] [pid 10:tid 140356966139584] [remote 10.0.0.223:54600] 2026-08-26 00:32:38.691 10 ERROR keystone.server.flask.application next(self.gen)
[Wed Aug 26 00:32:38.703589 2026] [wsgi:error] [pid 10:tid 140356966139584] [remote 10.0.0.223:54600] 2026-08-26 00:32:38.691 10 ERROR keystone.server.flask.application
File "/var/lib/openstack/lib/python3.12/site-packages/oslo_db/sqlalchemy/enginefacade.py", line 1175, in _transaction_scope
[Wed Aug 26 00:32:38.703591 2026] [wsgi:error] [pid 10:tid 140356966139584] [remote 10.0.0.223:54600] 2026-08-26 00:32:38.691 10 ERROR keystone.server.flask.application with current._produce_block(
[Wed Aug 26 00:32:38.703592 2026] [wsgi:error] [pid 10:tid 140356966139584] [remote 10.0.0.223:54600] 2026-08-26 00:32:38.691 10 ERROR keystone.server.flask.application
File "/usr/lib/python3.12/contextlib.py", line 144, in __exit__
[Wed Aug 26 00:32:38.703594 2026] [wsgi:error] [pid 10:tid 140356966139584] [remote 10.0.0.223:54600] 2026-08-26 00:32:38.691 10 ERROR keystone.server.flask.application next(self.gen)
[Wed Aug 26 00:32:38.703595 2026] [wsgi:error] [pid 10:tid 140356966139584] [remote 10.0.0.223:54600] 2026-08-26 00:32:38.691 10 ERROR keystone.server.flask.application
File "/var/lib/openstack/lib/python3.12/site-packages/oslo_db/sqlalchemy/enginefacade.py", line 837, in _session
[Wed Aug 26 00:32:38.703597 2026] [wsgi:error] [pid 10:tid 140356966139584] [remote 10.0.0.223:54600] 2026-08-26 00:32:38.691 10 ERROR keystone.server.flask.application with excutils.save_and_reraise_exception():
[Wed Aug 26 00:32:38.703598 2026] [wsgi:error] [pid 10:tid 140356966139584] [remote 10.0.0.223:54600] 2026-08-26 00:32:38.691 10 ERROR keystone.server.flask.application
File "/var/lib/openstack/lib/python3.12/site-packages/oslo_utils/excutils.py", line 266, in __exit__
[Wed Aug 26 00:32:38.703600 2026] [wsgi:error] [pid 10:tid 140356966139584] [remote 10.0.0.223:54600] 2026-08-26 00:32:38.691 10 ERROR keystone.server.flask.application self.force_reraise()
[Wed Aug 26 00:32:38.703601 2026] [wsgi:error] [pid 10:tid 140356966139584] [remote 10.0.0.223:54600] 2026-08-26 00:32:38.691 10 ERROR keystone.server.flask.application
File "/var/lib/openstack/lib/python3.12/site-packages/oslo_utils/excutils.py", line 232, in force_reraise
[Wed Aug 26 00:32:38.703603 2026] [wsgi:error] [pid 10:tid 140356966139584] [remote 10.0.0.223:54600] 2026-08-26 00:32:38.691 10 ERROR keystone.server.flask.application raise self.value
[Wed Aug 26 00:32:38.703605 2026] [wsgi:error] [pid 10:tid 140356966139584] [remote 10.0.0.223:54600] 2026-08-26 00:32:38.691 10 ERROR keystone.server.flask.application
File "/var/lib/openstack/lib/python3.12/site-packages/oslo_db/sqlalchemy/enginefacade.py", line 835, in _session
[Wed Aug 26 00:32:38.703607 2026] [wsgi:error] [pid 10:tid 140356966139584] [remote 10.0.0.223:54600] 2026-08-26 00:32:38.691 10 ERROR keystone.server.flask.application self._end_session_transaction(self.session)
[Wed Aug 26 00:32:38.703609 2026] [wsgi:error] [pid 10:tid 140356966139584] [remote 10.0.0.223:54600] 2026-08-26 00:32:38.691 10 ERROR keystone.server.flask.application
File "/var/lib/openstack/lib/python3.12/site-packages/oslo_db/sqlalchemy/enginefacade.py", line 748, in _end_session_transaction
[Wed Aug 26 00:32:38.703611 2026] [wsgi:error] [pid 10:tid 140356966139584] [remote 10.0.0.223:54600] 2026-08-26 00:32:38.691 10 ERROR keystone.server.flask.application session.commit()
[Wed Aug 26 00:32:38.703613 2026] [wsgi:error] [pid 10:tid 140356966139584] [remote 10.0.0.223:54600] 2026-08-26 00:32:38.691 10 ERROR keystone.server.flask.application
File "/var/lib/openstack/lib/python3.12/site-packages/sqlalchemy/orm/session.py", line 2034, in commit
[Wed Aug 26 00:32:38.703616 2026] [wsgi:error] [pid 10:tid 140356966139584] [remote 10.0.0.223:54600] 2026-08-26 00:32:38.691 10 ERROR keystone.server.flask.application trans.commit(_to_root=True)
[Wed Aug 26 00:32:38.703617 2026] [wsgi:error] [pid 10:tid 140356966139584] [remote 10.0.0.223:54600] 2026-08-26 00:32:38.691 10 ERROR keystone.server.flask.application File "", line 2, in commit
[Wed Aug 26 00:32:38.703619 2026] [wsgi:error] [pid 10:tid 140356966139584] [remote 10.0.0.223:54600] 2026-08-26 00:32:38.691 10 ERROR keystone.server.flask.application
File "/var/lib/openstack/lib/python3.12/site-packages/sqlalchemy/orm/state_changes.py", line 137, in _go
[Wed Aug 26 00:32:38.703621 2026] [wsgi:error] [pid 10:tid 140356966139584] [remote 10.0.0.223:54600] 2026-08-26 00:32:38.691 10 ERROR keystone.server.flask.application ret_value = fn(self, *arg, **kw)
[Wed Aug 26 00:32:38.703622 2026] [wsgi:error] [pid 10:tid 140356966139584] [remote 10.0.0.223:54600] 2026-08-26 00:32:38.691 10 ERROR keystone.server.flask.application ^^^^^^^^^^^^^^^^^^^^
[Wed Aug 26 00:32:38.703624 2026] [wsgi:error] [pid 10:tid 140356966139584] [remote 10.0.0.223:54600] 2026-08-26 00:32:38.691 10 ERROR keystone.server.flask.application
File "/var/lib/openstack/lib/python3.12/site-packages/sqlalchemy/orm/session.py", line 1315, in commit
[Wed Aug 26 00:32:38.703626 2026] [wsgi:error] [pid 10:tid 140356966139584] [remote 10.0.0.223:54600] 2026-08-26 00:32:38.691 10 ERROR keystone.server.flask.application self._prepare_impl()
[Wed Aug 26 00:32:38.703628 2026] [wsgi:error] [pid 10:tid 140356966139584] [remote 10.0.0.223:54600] 2026-08-26 00:32:38.691 10 ERROR keystone.server.flask.application File "", line 2, in _prepare_impl
[Wed Aug 26 00:32:38.703630 2026] [wsgi:error] [pid 10:tid 140356966139584] [remote 10.0.0.223:54600] 2026-08-26 00:32:38.691 10 ERROR keystone.server.flask.application
File "/var/lib/openstack/lib/python3.12/site-packages/sqlalchemy/orm/state_changes.py", line 137, in _go
[Wed Aug 26 00:32:38.703632 2026] [wsgi:error] [pid 10:tid 140356966139584] [remote 10.0.0.223:54600] 2026-08-26 00:32:38.691 10 ERROR keystone.server.flask.application ret_value = fn(self, *arg, **kw)
[Wed Aug 26 00:32:38.703634 2026] [wsgi:error] [pid 10:tid 140356966139584] [remote 10.0.0.223:54600] 2026-08-26 00:32:38.691 10 ERROR keystone.server.flask.application ^^^^^^^^^^^^^^^^^^^^
[Wed Aug 26 00:32:38.703635 2026] [wsgi:error] [pid 10:tid 140356966139584] [remote 10.0.0.223:54600] 2026-08-26 00:32:38.691 10 ERROR keystone.server.flask.application
File "/var/lib/openstack/lib/python3.12/site-packages/sqlalchemy/orm/session.py", line 1290, in _prepare_impl
[Wed Aug 26 00:32:38.703654 2026] [wsgi:error] [pid 10:tid 140356966139584] [remote 10.0.0.223:54600] 2026-08-26 00:32:38.691 10 ERROR keystone.server.flask.application self.session.flush()
[Wed Aug 26 00:32:38.703657 2026] [wsgi:error] [pid 10:tid 140356966139584] [remote 10.0.0.223:54600] 2026-08-26 00:32:38.691 10 ERROR keystone.server.flask.application
File "/var/lib/openstack/lib/python3.12/site-packages/sqlalchemy/orm/session.py", line 4352, in flush
[Wed Aug 26 00:32:38.703658 2026] [wsgi:error] [pid 10:tid 140356966139584] [remote 10.0.0.223:54600] 2026-08-26 00:32:38.691 10 ERROR keystone.server.flask.application self._flush(objects)
[Wed Aug 26 00:32:38.703660 2026] [wsgi:error] [pid 10:tid 140356966139584] [remote 10.0.0.223:54600] 2026-08-26 00:32:38.691 10 ERROR keystone.server.flask.application
File "/var/lib/openstack/lib/python3.12/site-packages/sqlalchemy/orm/session.py", line 4487, in _flush
[Wed Aug 26 00:32:38.703663 2026] [wsgi:error] [pid 10:tid 140356966139584] [remote 10.0.0.223:54600] 2026-08-26 00:32:38.691 10 ERROR keystone.server.flask.application with util.safe_reraise():
[Wed Aug 26 00:32:38.703664 2026] [wsgi:error] [pid 10:tid 140356966139584] [remote 10.0.0.223:54600] 2026-08-26 00:32:38.691 10 ERROR keystone.server.flask.application
File "/var/lib/openstack/lib/python3.12/site-packages/sqlalchemy/util/langhelpers.py", line 122, in __exit__
[Wed Aug 26 00:32:38.703666 2026] [wsgi:error] [pid 10:tid 140356966139584] [remote 10.0.0.223:54600] 2026-08-26 00:32:38.691 10 ERROR keystone.server.flask.application raise exc_value.with_traceback(exc_tb)
[Wed Aug 26 00:32:38.703668 2026] [wsgi:error] [pid 10:tid 140356966139584] [remote 10.0.0.223:54600] 2026-08-26 00:32:38.691 10 ERROR keystone.server.flask.application
File "/var/lib/openstack/lib/python3.12/site-packages/sqlalchemy/orm/session.py", line 4448, in _flush
[Wed Aug 26 00:32:38.703670 2026] [wsgi:error] [pid 10:tid 140356966139584] [remote 10.0.0.223:54600] 2026-08-26 00:32:38.691 10 ERROR keystone.server.flask.application flush_context.execute()
