2026-03-02 20:11:56.728 8 INFO neutron.db.ovn_revision_numbers_db [None req-c283674f-64e4-4460-aa6e-1f73f33f8a3f 166d230910a8454d9d07cb323963f022 84a065503da440b1837115e4a3740f9b - - default default] Successfully bumped revision number for resource 6c0b75c3-3b71-4d8d-8fdf-8be81ee59129 (type: security_group_rules) to 0
2026-03-02 20:11:56.739 8 INFO neutron.db.ovn_revision_numbers_db [None req-c283674f-64e4-4460-aa6e-1f73f33f8a3f 166d230910a8454d9d07cb323963f022 84a065503da440b1837115e4a3740f9b - - default default] Successfully bumped revision number for resource 7a95b308-b0ca-4277-87a0-c8d34c431abd (type: security_group_rules) to 0
2026-03-02 20:11:56.750 8 INFO neutron.db.ovn_revision_numbers_db [None req-c283674f-64e4-4460-aa6e-1f73f33f8a3f 166d230910a8454d9d07cb323963f022 84a065503da440b1837115e4a3740f9b - - default default] Successfully bumped revision number for resource 8a8bbecd-e9b7-4d64-b437-b51194fe7822 (type: security_group_rules) to 0
2026-03-02 20:11:56.823 7 WARNING neutron.scheduler.dhcp_agent_scheduler [None req-1919a501-e57e-4443-b663-1a5970e9a1fb - - - - - -] No more DHCP agents
2026-03-02 20:11:56.824 7 WARNING neutron.api.rpc.agentnotifiers.dhcp_rpc_agent_api [None req-1919a501-e57e-4443-b663-1a5970e9a1fb - - - - - -] Unable to schedule network f0aa7348-8e68-43c1-97cd-4fcf578285b0: no agents available; will retry on subsequent port and subnet creation events.
2026-03-02 20:11:56.843 8 INFO neutron.db.segments_db [None req-c283674f-64e4-4460-aa6e-1f73f33f8a3f 166d230910a8454d9d07cb323963f022 84a065503da440b1837115e4a3740f9b - - default default] Added segment f632d444-13cb-4abd-a1b3-37de60ed0da5 of type geneve for network b5eff751-d24b-4228-8198-b9f110b4f9ad
2026-03-02 20:11:56.932 7 INFO neutron.db.ovn_revision_numbers_db [None req-1919a501-e57e-4443-b663-1a5970e9a1fb - - - - - -] Successfully bumped revision number for resource 8c72eefb-0c0e-4664-9cde-1885ccaf556b (type: ports) to 1
2026-03-02 20:11:57.017 8 INFO neutron.db.ovn_revision_numbers_db [None req-c283674f-64e4-4460-aa6e-1f73f33f8a3f 166d230910a8454d9d07cb323963f022 84a065503da440b1837115e4a3740f9b - - default default] Successfully bumped revision number for resource b5eff751-d24b-4228-8198-b9f110b4f9ad (type: networks) to 1
2026-03-02 20:11:57.088 7 WARNING neutron.scheduler.dhcp_agent_scheduler [None req-1919a501-e57e-4443-b663-1a5970e9a1fb - - - - - -] No more DHCP agents
2026-03-02 20:11:57.090 7 WARNING neutron.api.rpc.agentnotifiers.dhcp_rpc_agent_api [None req-1919a501-e57e-4443-b663-1a5970e9a1fb - - - - - -] Unable to schedule network f0aa7348-8e68-43c1-97cd-4fcf578285b0: no agents available; will retry on subsequent port and subnet creation events.
2026-03-02 20:11:57.113 7 INFO neutron.db.ovn_revision_numbers_db [None req-1919a501-e57e-4443-b663-1a5970e9a1fb - - - - - -] Successfully bumped revision number for resource 347197d6-2ac1-4ca5-bebf-d079ebb35315 (type: subnets) to 0
2026-03-02 20:11:57.163 8 WARNING neutron.scheduler.dhcp_agent_scheduler [None req-c283674f-64e4-4460-aa6e-1f73f33f8a3f 166d230910a8454d9d07cb323963f022 84a065503da440b1837115e4a3740f9b - - default default] No more DHCP agents
2026-03-02 20:11:57.165 8 WARNING neutron.api.rpc.agentnotifiers.dhcp_rpc_agent_api [None req-c283674f-64e4-4460-aa6e-1f73f33f8a3f 166d230910a8454d9d07cb323963f022 84a065503da440b1837115e4a3740f9b - - default default] Unable to schedule network b5eff751-d24b-4228-8198-b9f110b4f9ad: no agents available; will retry on subsequent port and subnet creation events.
2026-03-02 20:11:57.274 8 INFO neutron.db.ovn_revision_numbers_db [None req-c283674f-64e4-4460-aa6e-1f73f33f8a3f 166d230910a8454d9d07cb323963f022 84a065503da440b1837115e4a3740f9b - - default default] Successfully bumped revision number for resource 095d0e4f-5d18-40b8-bb91-1be8c53de1e8 (type: ports) to 1 [pid: 8|app: 0|req: 1345/2371] 10.0.0.81 () {34 vars in 669 bytes} [Mon Mar 2 20:11:56 2026] POST /v2.0/networks => generated 763 bytes in 1040 msecs (HTTP/1.1 201) 4 headers in 162 bytes (1 switches on core 0) [pid: 8|app: 0|req: 1346/2372] 162.253.55.140 () {34 vars in 1079 bytes} [Mon Mar 2 20:11:57 2026] GET /v2.0/ports?tenant_id=ad5e8e40f89042cf978efdfb99dc5457&device_id=509bc802-b672-4fb2-8322-22739e37a56b => generated 1209 bytes in 36 msecs (HTTP/1.1 200) 4 headers in 158 bytes (1 switches on core 0)
2026-03-02 20:11:57.480 8 WARNING neutron.scheduler.dhcp_agent_scheduler [None req-a011a1f4-c8be-4774-aa56-67719d6f008a 166d230910a8454d9d07cb323963f022 84a065503da440b1837115e4a3740f9b - - default default] No more DHCP agents
2026-03-02 20:11:57.481 8 WARNING neutron.api.rpc.agentnotifiers.dhcp_rpc_agent_api [None req-a011a1f4-c8be-4774-aa56-67719d6f008a 166d230910a8454d9d07cb323963f022 84a065503da440b1837115e4a3740f9b - - default default] Unable to schedule network b5eff751-d24b-4228-8198-b9f110b4f9ad: no agents available; will retry on subsequent port and subnet creation events.
2026-03-02 20:11:57.550 7 WARNING neutron.scheduler.dhcp_agent_scheduler [None req-1919a501-e57e-4443-b663-1a5970e9a1fb - - - - - -] No more DHCP agents
2026-03-02 20:11:57.551 7 WARNING neutron.api.rpc.agentnotifiers.dhcp_rpc_agent_api [None req-1919a501-e57e-4443-b663-1a5970e9a1fb - - - - - -] Unable to schedule network f0aa7348-8e68-43c1-97cd-4fcf578285b0: no agents available; will retry on subsequent port and subnet creation events.
2026-03-02 20:11:57.705 7 INFO neutron.db.ovn_revision_numbers_db [None req-1919a501-e57e-4443-b663-1a5970e9a1fb - - - - - -] Successfully bumped revision number for resource 96b17bcf-3e41-472e-a1ca-d7dcdd186b89 (type: ports) to 1
2026-03-02 20:11:57.947 8 INFO neutron.db.ovn_revision_numbers_db [None req-8c4192bc-29e6-4f54-ae9d-12d1ed7c0adf - - - - - -] Successfully bumped revision number for resource 095d0e4f-5d18-40b8-bb91-1be8c53de1e8 (type: ports) to 2
2026-03-02 20:11:57.973 8 INFO neutron.db.ovn_revision_numbers_db [None req-8c4192bc-29e6-4f54-ae9d-12d1ed7c0adf - - - - - -] Successfully bumped revision number for resource ed5f1914-5272-4c91-b1e4-0486dc84adeb (type: subnets) to 0 [pid: 8|app: 0|req: 1347/2373] 10.0.0.81 () {34 vars in 667 bytes} [Mon Mar 2 20:11:57 2026] POST /v2.0/subnets => generated 688 bytes in 650 msecs (HTTP/1.1 201) 4 headers in 162 bytes (1 switches on core 0) [pid: 8|app: 0|req: 1348/2374] 162.253.55.140 () {34 vars in 985 bytes} [Mon Mar 2 20:11:57 2026] GET /v2.0/networks?id=276bf01d-3c6e-44b4-ab9a-7d022fce6f43 => generated 796 bytes in 48 msecs (HTTP/1.1 200) 4 headers in 157 bytes (1 switches on core 0)
2026-03-02 20:11:58.320 7 WARNING neutron.plugins.ml2.drivers.ovn.mech_driver.ovsdb.ovn_client [None req-6a4160a4-04a1-4564-98cc-1c55e4ea0413 - - - - - -] No hosting information found for port ad66d1e3-9733-4f9a-a30e-24af57a46f0d: RuntimeError: No hosting information found for port ad66d1e3-9733-4f9a-a30e-24af57a46f0d
2026-03-02 20:11:58.330 7 WARNING neutron.scheduler.dhcp_agent_scheduler [None req-1919a501-e57e-4443-b663-1a5970e9a1fb - - - - - -] No more DHCP agents
2026-03-02 20:11:58.332 7 WARNING neutron.api.rpc.agentnotifiers.dhcp_rpc_agent_api [None req-1919a501-e57e-4443-b663-1a5970e9a1fb - - - - - -] Unable to schedule network f0aa7348-8e68-43c1-97cd-4fcf578285b0: no agents available; will retry on subsequent port and subnet creation events.
2026-03-02 20:11:58.454 7 INFO neutron.db.ovn_revision_numbers_db [None req-6a4160a4-04a1-4564-98cc-1c55e4ea0413 - - - - - -] Successfully bumped revision number for resource ad66d1e3-9733-4f9a-a30e-24af57a46f0d (type: router_ports) to 2
2026-03-02 20:11:58.454 7 INFO neutron.plugins.ml2.drivers.ovn.mech_driver.mech_driver [None req-6a4160a4-04a1-4564-98cc-1c55e4ea0413 - - - - - -] OVN reports status down for port: 1f45c8c7-a0e2-41e1-8ddb-5330368e94c1
2026-03-02 20:11:58.465 7 INFO neutron.plugins.ml2.drivers.ovn.mech_driver.mech_driver [None req-6a4160a4-04a1-4564-98cc-1c55e4ea0413 - - - - - -] OVN reports status down for port: 4c795947-98af-41f2-a550-4c467dc5e171
2026-03-02 20:11:58.502 8 WARNING neutron.scheduler.dhcp_agent_scheduler [None req-9674e3ad-04af-4fc9-bf84-a3a96c510651 166d230910a8454d9d07cb323963f022 84a065503da440b1837115e4a3740f9b - - default default] No more DHCP agents
2026-03-02 20:11:58.503 8 WARNING neutron.api.rpc.agentnotifiers.dhcp_rpc_agent_api [None req-9674e3ad-04af-4fc9-bf84-a3a96c510651 166d230910a8454d9d07cb323963f022 84a065503da440b1837115e4a3740f9b - - default default] Unable to schedule network 14587cfd-e7ff-45ad-959c-96535ffe4ed0: no agents available; will retry on subsequent port and subnet creation events.
2026-03-02 20:11:58.562 7 INFO neutron.plugins.ml2.drivers.ovn.mech_driver.mech_driver [None req-6a4160a4-04a1-4564-98cc-1c55e4ea0413 - - - - - -] OVN reports status down for port: c184e2ba-f76f-4242-bb36-68b40a73cf76
2026-03-02 20:11:58.580 7 INFO neutron.plugins.ml2.drivers.ovn.mech_driver.mech_driver [None req-6a4160a4-04a1-4564-98cc-1c55e4ea0413 - - - - - -] OVN reports status up for port: c184e2ba-f76f-4242-bb36-68b40a73cf76
2026-03-02 20:11:58.666 7 INFO neutron.plugins.ml2.drivers.ovn.mech_driver.mech_driver [None req-6a4160a4-04a1-4564-98cc-1c55e4ea0413 - - - - - -] OVN reports status down for port: 54dfed0d-7c7d-4346-b16d-ba00d92fb8a0
2026-03-02 20:11:58.677 8 INFO neutron.db.ovn_revision_numbers_db [None req-9674e3ad-04af-4fc9-bf84-a3a96c510651 166d230910a8454d9d07cb323963f022 84a065503da440b1837115e4a3740f9b - - default default] Successfully bumped revision number for resource 93ee7f74-99ff-45af-acf6-f5de70dcf052 (type: ports) to 1
2026-03-02 20:11:58.717 7 INFO neutron.plugins.ml2.drivers.ovn.mech_driver.mech_driver [None req-6a4160a4-04a1-4564-98cc-1c55e4ea0413 - - - - - -] OVN reports status down for port: a76de836-16aa-49cf-b214-67736bcb344c
2026-03-02 20:11:58.828 7 INFO neutron.plugins.ml2.drivers.ovn.mech_driver.mech_driver [None req-6a4160a4-04a1-4564-98cc-1c55e4ea0413 - - - - - -] OVN reports status down for port: 9f92b3b2-f0cc-4ee7-b23e-36eaf7148eb9
2026-03-02 20:11:58.932 7 WARNING neutron.plugins.ml2.drivers.ovn.mech_driver.ovsdb.ovn_client [None req-6a4160a4-04a1-4564-98cc-1c55e4ea0413 - - - - - -] Logical_Switch_Port %s host information not removed, the port state is up
2026-03-02 20:11:58.932 7 INFO neutron.plugins.ml2.drivers.ovn.mech_driver.mech_driver [None req-6a4160a4-04a1-4564-98cc-1c55e4ea0413 - - - - - -] OVN reports status up for port: 9f92b3b2-f0cc-4ee7-b23e-36eaf7148eb9
2026-03-02 20:11:58.956 7 INFO neutron.plugins.ml2.plugin [None req-6a4160a4-04a1-4564-98cc-1c55e4ea0413 - - - - - -] Attempt 1 to provision port 9f92b3b2-f0cc-4ee7-b23e-36eaf7148eb9
2026-03-02 20:11:59.216 7 INFO neutron.db.ovn_revision_numbers_db [None req-1919a501-e57e-4443-b663-1a5970e9a1fb - - - - - -] Successfully bumped revision number for resource 96b17bcf-3e41-472e-a1ca-d7dcdd186b89 (type: router_ports) to 1
2026-03-02 20:11:59.309 8 INFO neutron.plugins.ml2.drivers.ovn.mech_driver.ovsdb.commands [-] Schedule LRP lrp-93ee7f74-99ff-45af-acf6-f5de70dcf052 on gateway fb3fb38a-adde-4c34-b2dd-e6fb512f6463 with priority 1
2026-03-02 20:11:59.419 7 INFO neutron.plugins.ml2.drivers.ovn.mech_driver.ovsdb.ovsdb_monitor [None req-2f92b2da-af17-40f0-9ead-b2dd8580dfdb - - - - - -] Router 819d1e4e-8030-4c91-8ca7-73232d73ed07 is bound to host instance
2026-03-02 20:11:59.478 8 INFO neutron.db.ovn_revision_numbers_db [None req-9674e3ad-04af-4fc9-bf84-a3a96c510651 166d230910a8454d9d07cb323963f022 84a065503da440b1837115e4a3740f9b - - default default] Successfully bumped revision number for resource 93ee7f74-99ff-45af-acf6-f5de70dcf052 (type: router_ports) to 1
2026-03-02 20:11:59.557 8 INFO neutron.db.ovn_revision_numbers_db [None req-9674e3ad-04af-4fc9-bf84-a3a96c510651 166d230910a8454d9d07cb323963f022 84a065503da440b1837115e4a3740f9b - - default default] Successfully bumped revision number for resource 819d1e4e-8030-4c91-8ca7-73232d73ed07 (type: routers) to 2 [pid: 8|app: 0|req: 1349/2375] 10.0.0.81 () {34 vars in 667 bytes} [Mon Mar 2 20:11:58 2026] POST /v2.0/routers => generated 966 bytes in 1538 msecs (HTTP/1.1 201) 4 headers in 162 bytes (1 switches on core 0) [pid: 8|app: 0|req: 1350/2376] 162.253.55.140 () {34 vars in 1057 bytes} [Mon Mar 2 20:11:59 2026] GET /v2.0/floatingips?fixed_ip_address=10.100.0.7&port_id=bb91990c-61b6-445d-9838-394e482e7a04 => generated 860 bytes in 33 msecs (HTTP/1.1 200) 4 headers in 157 bytes (1 switches on core 0)
2026-03-02 20:11:59.710 7 WARNING neutron.scheduler.dhcp_agent_scheduler [None req-1919a501-e57e-4443-b663-1a5970e9a1fb - - - - - -] No more DHCP agents
2026-03-02 20:11:59.714 7 WARNING neutron.api.rpc.agentnotifiers.dhcp_rpc_agent_api [None req-1919a501-e57e-4443-b663-1a5970e9a1fb - - - - - -] Unable to schedule network f0aa7348-8e68-43c1-97cd-4fcf578285b0: no agents available; will retry on subsequent port and subnet creation events.
2026-03-02 20:12:00.017 7 INFO neutron.db.ovn_revision_numbers_db [None req-1919a501-e57e-4443-b663-1a5970e9a1fb - - - - - -] Successfully bumped revision number for resource da8f812b-4629-40b2-9f1b-b24b4ebe6a00 (type: ports) to 1
2026-03-02 20:12:00.058 8 WARNING neutron.scheduler.dhcp_agent_scheduler [None req-0494b12e-07c1-46a9-814a-6afc081ae2fd 166d230910a8454d9d07cb323963f022 84a065503da440b1837115e4a3740f9b - - default default] No more DHCP agents
2026-03-02 20:12:00.060 8 WARNING neutron.api.rpc.agentnotifiers.dhcp_rpc_agent_api [None req-0494b12e-07c1-46a9-814a-6afc081ae2fd 166d230910a8454d9d07cb323963f022 84a065503da440b1837115e4a3740f9b - - default default] Unable to schedule network b5eff751-d24b-4228-8198-b9f110b4f9ad: no agents available; will retry on subsequent port and subnet creation events.
2026-03-02 20:12:00.231 8 INFO neutron.db.ovn_revision_numbers_db [None req-0494b12e-07c1-46a9-814a-6afc081ae2fd 166d230910a8454d9d07cb323963f022 84a065503da440b1837115e4a3740f9b - - default default] Successfully bumped revision number for resource 1960087f-af31-493e-9cb9-c665d5982f59 (type: ports) to 1
2026-03-02 20:12:00.453 7 INFO neutron.db.ovn_revision_numbers_db [None req-1919a501-e57e-4443-b663-1a5970e9a1fb - - - - - -] Successfully bumped revision number for resource da8f812b-4629-40b2-9f1b-b24b4ebe6a00 (type: ports) to 3 [pid: 7|app: 0|req: 1027/2377] 10.0.0.81 () {34 vars in 683 bytes} [Mon Mar 2 20:11:55 2026] POST /v2.0/vpn/vpnservices => generated 459 bytes in 5407 msecs (HTTP/1.1 201) 4 headers in 162 bytes (1 switches on core 0) [pid: 7|app: 0|req: 1028/2378] 162.253.55.140 () {34 vars in 983 bytes} [Mon Mar 2 20:12:00 2026] GET /v2.0/subnets?id=ef6875b2-e131-43b7-81f1-eb2ac0cf3817 => generated 677 bytes in 52 msecs (HTTP/1.1 200) 4 headers in 157 bytes (1 switches on core 0) [pid: 7|app: 0|req: 1029/2379] 10.0.0.81 () {32 vars in 661 bytes} [Mon Mar 2 20:12:00 2026] GET /v2.0/vpn/vpnservices => generated 1315 bytes in 55 msecs (HTTP/1.1 200) 4 headers in 158 bytes (1 switches on core 0) [pid: 7|app: 0|req: 1030/2380] 162.253.55.140 () {34 vars in 1051 bytes} [Mon Mar 2 20:12:00 2026] GET /v2.0/ports?network_id=276bf01d-3c6e-44b4-ab9a-7d022fce6f43&device_owner=network%3Adhcp => generated 12 bytes in 58 msecs (HTTP/1.1 200) 4 headers in 156 bytes (1 switches on core 0)
2026-03-02 20:12:00.936 8 WARNING neutron.scheduler.dhcp_agent_scheduler [None req-0494b12e-07c1-46a9-814a-6afc081ae2fd 166d230910a8454d9d07cb323963f022 84a065503da440b1837115e4a3740f9b - - default default] No more DHCP agents
2026-03-02 20:12:00.937 8 WARNING neutron.api.rpc.agentnotifiers.dhcp_rpc_agent_api [None req-0494b12e-07c1-46a9-814a-6afc081ae2fd 166d230910a8454d9d07cb323963f022 84a065503da440b1837115e4a3740f9b - - default default] Unable to schedule network b5eff751-d24b-4228-8198-b9f110b4f9ad: no agents available; will retry on subsequent port and subnet creation events.
2026-03-02 20:12:01.088 7 INFO neutron.db.ovn_revision_numbers_db [None req-089ee803-ebb5-4abd-ad63-5c2395dadc91 - - - - - -] Successfully bumped revision number for resource 93ee7f74-99ff-45af-acf6-f5de70dcf052 (type: ports) to 4
2026-03-02 20:12:01.514 8 INFO neutron.db.ovn_revision_numbers_db [None req-0494b12e-07c1-46a9-814a-6afc081ae2fd 166d230910a8454d9d07cb323963f022 84a065503da440b1837115e4a3740f9b - - default default] Successfully bumped revision number for resource 1960087f-af31-493e-9cb9-c665d5982f59 (type: router_ports) to 1 [pid: 8|app: 0|req: 1351/2381] 10.0.0.81 () {34 vars in 781 bytes} [Mon Mar 2 20:11:59 2026] PUT /v2.0/routers/819d1e4e-8030-4c91-8ca7-73232d73ed07/add_router_interface => generated 309 bytes in 1911 msecs (HTTP/1.1 200) 4 headers in 157 bytes (1 switches on core 0) [pid: 8|app: 0|req: 1352/2382] 162.253.55.140 () {34 vars in 1011 bytes} [Mon Mar 2 20:12:01 2026] GET /v2.0/networks/276bf01d-3c6e-44b4-ab9a-7d022fce6f43?fields=segments => generated 14 bytes in 34 msecs (HTTP/1.1 200) 4 headers in 156 bytes (1 switches on core 0) [pid: 8|app: 0|req: 1353/2383] 162.253.55.140 () {34 vars in 1111 bytes} [Mon Mar 2 20:12:01 2026] GET /v2.0/networks/276bf01d-3c6e-44b4-ab9a-7d022fce6f43?fields=provider%3Aphysical_network&fields=provider%3Anetwork_type => generated 79 bytes in 53 msecs (HTTP/1.1 200) 4 headers in 156 bytes (1 switches on core 0)
2026-03-02 20:12:01.703 7 INFO neutron_taas.services.taas.taas_plugin [None req-bf4d256f-2991-4811-930a-98c1ea45a514 edb4862391bb4881952a339bfea0a1fb 5d5db105ab9d4b8a992381a5cf707eb5 - - default default] TaaS: Handle Delete Port: 5e93508c-f326-4eb3-8c3e-ed4ca1665624
2026-03-02 20:12:01.707 7 INFO neutron_taas.services.taas.tap_mirror_plugin [None req-bf4d256f-2991-4811-930a-98c1ea45a514 edb4862391bb4881952a339bfea0a1fb 5d5db105ab9d4b8a992381a5cf707eb5 - - default default] Tap Mirror: Handle Delete Port: 5e93508c-f326-4eb3-8c3e-ed4ca1665624
2026-03-02 20:12:02.021 7 INFO neutron.db.ovn_revision_numbers_db [None req-089ee803-ebb5-4abd-ad63-5c2395dadc91 - - - - - -] Successfully bumped revision number for resource 93ee7f74-99ff-45af-acf6-f5de70dcf052 (type: ports) to 5
2026-03-02 20:12:02.193 7 INFO neutron_taas.services.taas.taas_plugin [None req-f2d333ed-d550-440a-904e-8d7df4d53eff - - - - - -] TaaS: Handle Delete Port: da8f812b-4629-40b2-9f1b-b24b4ebe6a00
2026-03-02 20:12:02.196 7 INFO neutron_taas.services.taas.tap_mirror_plugin [None req-f2d333ed-d550-440a-904e-8d7df4d53eff - - - - - -] Tap Mirror: Handle Delete Port: da8f812b-4629-40b2-9f1b-b24b4ebe6a00
2026-03-02 20:12:02.670 7 INFO neutron_taas.services.taas.taas_plugin [None req-551c9ae4-66f3-466e-b6ac-3647e332fbfc - - - - - -] TaaS: Handle Delete Port: 96b17bcf-3e41-472e-a1ca-d7dcdd186b89
2026-03-02 20:12:02.670 8 INFO neutron.db.ovn_revision_numbers_db [None req-70d53eae-d81d-4c84-9b29-77e2b15d2879 166d230910a8454d9d07cb323963f022 84a065503da440b1837115e4a3740f9b - - default default] Successfully bumped revision number for resource 21693f79-f8d8-4669-9e42-b1688ed59461 (type: security_groups) to 1
2026-03-02 20:12:02.676 7 INFO neutron_taas.services.taas.tap_mirror_plugin [None req-551c9ae4-66f3-466e-b6ac-3647e332fbfc - - - - - -] Tap Mirror: Handle Delete Port: 96b17bcf-3e41-472e-a1ca-d7dcdd186b89
2026-03-02 20:12:02.686 8 INFO neutron.db.ovn_revision_numbers_db [None req-70d53eae-d81d-4c84-9b29-77e2b15d2879 166d230910a8454d9d07cb323963f022 84a065503da440b1837115e4a3740f9b - - default default] Successfully bumped revision number for resource a4655d13-dd85-4b10-90a9-0d0df07105f1 (type: security_group_rules) to 0
2026-03-02 20:12:02.703 8 INFO neutron.db.ovn_revision_numbers_db [None req-70d53eae-d81d-4c84-9b29-77e2b15d2879 166d230910a8454d9d07cb323963f022 84a065503da440b1837115e4a3740f9b - - default default] Successfully bumped revision number for resource a5b7eb72-1696-4e87-ba20-6cd62d04911f (type: security_group_rules) to 0
2026-03-02 20:12:02.716 8 INFO neutron.db.ovn_revision_numbers_db [None req-70d53eae-d81d-4c84-9b29-77e2b15d2879 166d230910a8454d9d07cb323963f022 84a065503da440b1837115e4a3740f9b - - default default] Successfully bumped revision number for resource e171994f-0559-41fe-834c-2648763d1f50 (type: security_group_rules) to 0
2026-03-02 20:12:02.729 8 INFO neutron.db.ovn_revision_numbers_db [None req-70d53eae-d81d-4c84-9b29-77e2b15d2879 166d230910a8454d9d07cb323963f022 84a065503da440b1837115e4a3740f9b - - default default] Successfully bumped revision number for resource fa8a265e-8302-4f0b-9512-a9cf8c1dad07 (type: security_group_rules) to 0
2026-03-02 20:12:02.811 8 INFO neutron.db.segments_db [None req-70d53eae-d81d-4c84-9b29-77e2b15d2879 166d230910a8454d9d07cb323963f022 84a065503da440b1837115e4a3740f9b - - default default] Added segment ca764b35-47c6-4356-89eb-236d2edf31cf of type geneve for network 0fd24347-4836-48d1-a716-9b2450dbada8
2026-03-02 20:12:02.940 8 INFO neutron.db.ovn_revision_numbers_db [None req-70d53eae-d81d-4c84-9b29-77e2b15d2879 166d230910a8454d9d07cb323963f022 84a065503da440b1837115e4a3740f9b - - default default] Successfully bumped revision number for resource 0fd24347-4836-48d1-a716-9b2450dbada8 (type: networks) to 1
2026-03-02 20:12:03.109 8 WARNING neutron.scheduler.dhcp_agent_scheduler [None req-70d53eae-d81d-4c84-9b29-77e2b15d2879 166d230910a8454d9d07cb323963f022 84a065503da440b1837115e4a3740f9b - - default default] No more DHCP agents
2026-03-02 20:12:03.110 8 WARNING neutron.api.rpc.agentnotifiers.dhcp_rpc_agent_api [None req-70d53eae-d81d-4c84-9b29-77e2b15d2879 166d230910a8454d9d07cb323963f022 84a065503da440b1837115e4a3740f9b - - default default] Unable to schedule network 0fd24347-4836-48d1-a716-9b2450dbada8: no agents available; will retry on subsequent port and subnet creation events.
2026-03-02 20:12:03.217 8 INFO neutron.db.ovn_revision_numbers_db [None req-70d53eae-d81d-4c84-9b29-77e2b15d2879 166d230910a8454d9d07cb323963f022 84a065503da440b1837115e4a3740f9b - - default default] Successfully bumped revision number for resource edb4497a-082a-4c05-85ba-50c0e4917039 (type: ports) to 1 [pid: 8|app: 0|req: 1354/2384] 10.0.0.81 () {34 vars in 669 bytes} [Mon Mar 2 20:12:02 2026] POST /v2.0/networks => generated 762 bytes in 776 msecs (HTTP/1.1 201) 4 headers in 162 bytes (1 switches on core 0)
2026-03-02 20:12:03.396 8 WARNING neutron.scheduler.dhcp_agent_scheduler [None req-eabd8d1d-afa3-48df-98e8-da4c05c4effd 166d230910a8454d9d07cb323963f022 84a065503da440b1837115e4a3740f9b - - default default] No more DHCP agents
2026-03-02 20:12:03.397 8 WARNING neutron.api.rpc.agentnotifiers.dhcp_rpc_agent_api [None req-eabd8d1d-afa3-48df-98e8-da4c05c4effd 166d230910a8454d9d07cb323963f022 84a065503da440b1837115e4a3740f9b - - default default] Unable to schedule network 0fd24347-4836-48d1-a716-9b2450dbada8: no agents available; will retry on subsequent port and subnet creation events.
2026-03-02 20:12:03.615 7 WARNING neutron.plugins.ml2.drivers.ovn.mech_driver.ovsdb.ovn_client [None req-6a4160a4-04a1-4564-98cc-1c55e4ea0413 - - - - - -] No hosting information found for port 9f92b3b2-f0cc-4ee7-b23e-36eaf7148eb9: RuntimeError: No hosting information found for port 9f92b3b2-f0cc-4ee7-b23e-36eaf7148eb9
2026-03-02 20:12:03.711 7 INFO neutron.plugins.ml2.drivers.ovn.mech_driver.mech_driver [None req-6a4160a4-04a1-4564-98cc-1c55e4ea0413 - - - - - -] OVN reports status down for port: eb2d022b-c095-4b56-af02-d2309e409bc0
2026-03-02 20:12:03.717 7 INFO neutron_taas.services.taas.taas_plugin [None req-551c9ae4-66f3-466e-b6ac-3647e332fbfc - - - - - -] TaaS: Handle Delete Port: 8c72eefb-0c0e-4664-9cde-1885ccaf556b
2026-03-02 20:12:03.730 7 INFO neutron_taas.services.taas.tap_mirror_plugin [None req-551c9ae4-66f3-466e-b6ac-3647e332fbfc - - - - - -] Tap Mirror: Handle Delete Port: 8c72eefb-0c0e-4664-9cde-1885ccaf556b
2026-03-02 20:12:03.828 7 WARNING neutron.plugins.ml2.drivers.ovn.mech_driver.ovsdb.ovn_client [None req-6a4160a4-04a1-4564-98cc-1c55e4ea0413 - - - - - -] Logical_Switch_Port %s host information not removed, the port state is up
2026-03-02 20:12:03.829 7 INFO neutron.plugins.ml2.drivers.ovn.mech_driver.mech_driver [None req-6a4160a4-04a1-4564-98cc-1c55e4ea0413 - - - - - -] OVN reports status up for port: eb2d022b-c095-4b56-af02-d2309e409bc0
2026-03-02 20:12:03.870 7 INFO neutron.plugins.ml2.plugin [None req-6a4160a4-04a1-4564-98cc-1c55e4ea0413 - - - - - -] Attempt 1 to provision port eb2d022b-c095-4b56-af02-d2309e409bc0
2026-03-02 20:12:03.920 8 INFO neutron.db.ovn_revision_numbers_db [None req-8e7bdc6a-4825-442c-8a37-2eb7e278b808 - - - - - -] Successfully bumped revision number for resource edb4497a-082a-4c05-85ba-50c0e4917039 (type: ports) to 2
2026-03-02 20:12:03.971 8 INFO neutron.db.ovn_revision_numbers_db [None req-8e7bdc6a-4825-442c-8a37-2eb7e278b808 - - - - - -] Successfully bumped revision number for resource 2f41ffa0-7df7-44e9-a617-f4c3c7c2192a (type: subnets) to 0 [pid: 8|app: 0|req: 1355/2385] 10.0.0.81 () {34 vars in 667 bytes} [Mon Mar 2 20:12:03 2026] POST /v2.0/subnets => generated 687 bytes in 739 msecs (HTTP/1.1 201) 4 headers in 162 bytes (1 switches on core 0)
2026-03-02 20:12:04.170 7 INFO neutron.services.segments.plugin [-] Segment 01fddf22-6ad5-4236-9836-7b19a93586c4 resource provider aggregate not found
2026-03-02 20:12:04.176 7 INFO neutron.services.segments.plugin [-] Segment 01fddf22-6ad5-4236-9836-7b19a93586c4 resource provider aggregate not found
2026-03-02 20:12:04.196 7 INFO neutron.services.segments.plugin [-] Segment 01fddf22-6ad5-4236-9836-7b19a93586c4 resource provider not found; error: Placement Client Error (4xx): {"errors": [{"status": 404, "title": "Not Found", "detail": "The resource could not be found.\n\n No resource provider with uuid 01fddf22-6ad5-4236-9836-7b19a93586c4 found for delete ", "request_id": "req-434d6733-0afa-407d-8d47-95ffc1a77b56"}]}
2026-03-02 20:12:04.197 7 INFO neutron.services.segments.plugin [-] Segment 01fddf22-6ad5-4236-9836-7b19a93586c4 resource provider not found; error: Placement Client Error (4xx): {"errors": [{"status": 404, "title": "Not Found", "detail": "The resource could not be found.\n\n No resource provider with uuid 01fddf22-6ad5-4236-9836-7b19a93586c4 found for delete ", "request_id": "req-f01abe1f-6367-4294-a8e7-1bf2de61c010"}]} [pid: 7|app: 0|req: 1031/2388] 10.0.0.81 () {32 vars in 738 bytes} [Mon Mar 2 20:12:00 2026] DELETE /v2.0/vpn/vpnservices/b80f3654-fcbd-4175-9608-01c593a76efb => generated 0 bytes in 3384 msecs (HTTP/1.1 204) 2 headers in 112 bytes (1 switches on core 0) /var/lib/openstack/lib/python3.12/site-packages/pycadf/identifier.py:70: UserWarning: Invalid uuid: neutron. To ensure interoperability, identifiers should be a valid uuid. warnings.warn(('Invalid uuid: %s. To ensure interoperability, ' [pid: 7|app: 0|req: 1032/2389] 10.0.0.81 () {32 vars in 661 bytes} [Mon Mar 2 20:12:04 2026] GET /v2.0/vpn/vpnservices => generated 870 bytes in 23 msecs (HTTP/1.1 200) 4 headers in 157 bytes (1 switches on core 0)
2026-03-02 20:12:04.450 8 WARNING neutron.scheduler.dhcp_agent_scheduler [None req-d6ec2fff-f50f-4bf7-80f9-06b38d76a218 166d230910a8454d9d07cb323963f022 84a065503da440b1837115e4a3740f9b - - default default] No more DHCP agents
2026-03-02 20:12:04.452 8 WARNING neutron.api.rpc.agentnotifiers.dhcp_rpc_agent_api [None req-d6ec2fff-f50f-4bf7-80f9-06b38d76a218 166d230910a8454d9d07cb323963f022 84a065503da440b1837115e4a3740f9b - - default default] Unable to schedule network 14587cfd-e7ff-45ad-959c-96535ffe4ed0: no agents available; will retry on subsequent port and subnet creation events.
2026-03-02 20:12:04.486 7 INFO neutron.api.v2.resource [None req-a2aaabfc-6f7a-4f0b-ac6d-4bad77282512 edb4862391bb4881952a339bfea0a1fb 5d5db105ab9d4b8a992381a5cf707eb5 - - default default] create failed (client error): The server could not comply with the request since it is either malformed or otherwise incorrect. [pid: 7|app: 0|req: 1033/2390] 10.0.0.81 () {34 vars in 705 bytes} [Mon Mar 2 20:12:04 2026] POST /v2.0/vpn/ipsec-site-connections => generated 127 bytes in 140 msecs (HTTP/1.1 400) 4 headers in 166 bytes (1 switches on core 0)
2026-03-02 20:12:04.657 7 INFO neutron.api.v2.resource [None req-6cda111f-cdf5-4a59-bcd6-7331ea648a5c edb4862391bb4881952a339bfea0a1fb 5d5db105ab9d4b8a992381a5cf707eb5 - - default default] create failed (client error): The server could not comply with the request since it is either malformed or otherwise incorrect. [pid: 7|app: 0|req: 1034/2391] 10.0.0.81 () {34 vars in 705 bytes} [Mon Mar 2 20:12:04 2026] POST /v2.0/vpn/ipsec-site-connections => generated 136 bytes in 161 msecs (HTTP/1.1 400) 4 headers in 166 bytes (1 switches on core 0)
2026-03-02 20:12:04.668 8 INFO neutron.db.ovn_revision_numbers_db [None req-d6ec2fff-f50f-4bf7-80f9-06b38d76a218 166d230910a8454d9d07cb323963f022 84a065503da440b1837115e4a3740f9b - - default default] Successfully bumped revision number for resource abf0b633-1505-4adc-beab-d2207de58788 (type: ports) to 1
2026-03-02 20:12:04.682 7 WARNING neutron.api.v2.base [None req-09b17d22-805a-4c61-b6cb-b6be1f3fa0ad edb4862391bb4881952a339bfea0a1fb 5d5db105ab9d4b8a992381a5cf707eb5 - - default default] An exception happened while processing the request body. The exception message is [Invalid input for dpd. Reason: '59' is not a dictionary.].: webob.exc.HTTPBadRequest: Invalid input for dpd. Reason: '59' is not a dictionary.
2026-03-02 20:12:04.683 7 INFO neutron.api.v2.resource [None req-09b17d22-805a-4c61-b6cb-b6be1f3fa0ad edb4862391bb4881952a339bfea0a1fb 5d5db105ab9d4b8a992381a5cf707eb5 - - default default] create failed (client error): Invalid input for dpd. Reason: '59' is not a dictionary. [pid: 7|app: 0|req: 1035/2392] 10.0.0.81 () {34 vars in 705 bytes} [Mon Mar 2 20:12:04 2026] POST /v2.0/vpn/ipsec-site-connections => generated 129 bytes in 18 msecs (HTTP/1.1 400) 4 headers in 166 bytes (1 switches on core 0)
2026-03-02 20:12:04.756 7 INFO neutron.db.ovn_revision_numbers_db [None req-6a4160a4-04a1-4564-98cc-1c55e4ea0413 - - - - - -] Successfully bumped revision number for resource eb2d022b-c095-4b56-af02-d2309e409bc0 (type: ports) to 2 [pid: 7|app: 0|req: 1036/2393] 10.0.0.81 () {34 vars in 691 bytes} [Mon Mar 2 20:12:04 2026] POST /v2.0/vpn/endpoint-groups => generated 294 bytes in 72 msecs (HTTP/1.1 201) 4 headers in 162 bytes (1 switches on core 0) [pid: 7|app: 0|req: 1037/2394] 10.0.0.249 () {34 vars in 989 bytes} [Mon Mar 2 20:12:04 2026] GET /v2.0/ports?device_id=509bc802-b672-4fb2-8322-22739e37a56b => generated 1209 bytes in 89 msecs (HTTP/1.1 200) 4 headers in 158 bytes (1 switches on core 0)
2026-03-02 20:12:04.918 7 INFO neutron.api.v2.resource [None req-ac088231-8ce8-40b8-8af1-d27fffb092bb edb4862391bb4881952a339bfea0a1fb 5d5db105ab9d4b8a992381a5cf707eb5 - - default default] create failed (client error): The server could not comply with the request since it is either malformed or otherwise incorrect. [pid: 7|app: 0|req: 1038/2395] 10.0.0.81 () {34 vars in 705 bytes} [Mon Mar 2 20:12:04 2026] POST /v2.0/vpn/ipsec-site-connections => generated 149 bytes in 67 msecs (HTTP/1.1 400) 4 headers in 166 bytes (1 switches on core 0) [pid: 7|app: 0|req: 1039/2396] 10.0.0.249 () {34 vars in 1039 bytes} [Mon Mar 2 20:12:04 2026] GET /v2.0/security-groups?id=09060c7c-a38a-45d9-b92b-b4c37e28d2ec&fields=id&fields=name => generated 114 bytes in 81 msecs (HTTP/1.1 200) 4 headers in 157 bytes (1 switches on core 0) [pid: 7|app: 0|req: 1040/2397] 10.0.0.81 () {32 vars in 669 bytes} [Mon Mar 2 20:12:05 2026] GET /v2.0/vpn/endpoint-groups => generated 908 bytes in 8 msecs (HTTP/1.1 200) 4 headers in 157 bytes (1 switches on core 0) [pid: 7|app: 0|req: 1041/2398] 10.0.0.81 () {32 vars in 746 bytes} [Mon Mar 2 20:12:05 2026] DELETE /v2.0/vpn/endpoint-groups/4c72c0cc-849a-40cc-b3e8-789bf067029d => generated 0 bytes in 22 msecs (HTTP/1.1 204) 2 headers in 112 bytes (1 switches on core 0) [pid: 7|app: 0|req: 1042/2399] 10.0.0.81 () {32 vars in 669 bytes} [Mon Mar 2 20:12:05 2026] GET /v2.0/vpn/endpoint-groups => generated 632 bytes in 31 msecs (HTTP/1.1 200) 4 headers in 157 bytes (1 switches on core 0) [pid: 7|app: 0|req: 1043/2400] 10.0.0.81 () {34 vars in 691 bytes} [Mon Mar 2 20:12:05 2026] POST /v2.0/vpn/endpoint-groups => generated 301 bytes in 70 msecs (HTTP/1.1 201) 4 headers in 162 bytes (1 switches on core 0)
2026-03-02 20:12:05.204 7 INFO neutron.api.v2.resource [None req-60f13867-9019-4ad8-a41f-39e2b43166a5 edb4862391bb4881952a339bfea0a1fb 5d5db105ab9d4b8a992381a5cf707eb5 - - default default] create failed (client error): The server could not comply with the request since it is either malformed or otherwise incorrect. [pid: 7|app: 0|req: 1044/2401] 10.0.0.81 () {34 vars in 705 bytes} [Mon Mar 2 20:12:05 2026] POST /v2.0/vpn/ipsec-site-connections => generated 148 bytes in 52 msecs (HTTP/1.1 400) 4 headers in 166 bytes (1 switches on core 0) [pid: 7|app: 0|req: 1045/2402] 10.0.0.81 () {32 vars in 669 bytes} [Mon Mar 2 20:12:05 2026] GET /v2.0/vpn/endpoint-groups => generated 915 bytes in 13 msecs (HTTP/1.1 200) 4 headers in 157 bytes (1 switches on core 0) [pid: 7|app: 0|req: 1046/2403] 10.0.0.81 () {32 vars in 746 bytes} [Mon Mar 2 20:12:05 2026] DELETE /v2.0/vpn/endpoint-groups/8bf8ecd9-d233-40e9-8eda-2c07965280bd => generated 0 bytes in 19 msecs (HTTP/1.1 204) 2 headers in 112 bytes (1 switches on core 0) [pid: 7|app: 0|req: 1047/2404] 10.0.0.81 () {32 vars in 669 bytes} [Mon Mar 2 20:12:05 2026] GET /v2.0/vpn/endpoint-groups => generated 632 bytes in 8 msecs (HTTP/1.1 200) 4 headers in 157 bytes (1 switches on core 0)
2026-03-02 20:12:05.269 7 WARNING neutron.api.v2.base [None req-509f4f78-c640-4a22-8e59-624ff615d6e2 edb4862391bb4881952a339bfea0a1fb 5d5db105ab9d4b8a992381a5cf707eb5 - - default default] An exception happened while processing the request body. The exception message is [Invalid input for peer_cidrs. Reason: '1.0.0.0/33' is not a valid IP subnet.].: webob.exc.HTTPBadRequest: Invalid input for peer_cidrs. Reason: '1.0.0.0/33' is not a valid IP subnet.
2026-03-02 20:12:05.270 7 INFO neutron.api.v2.resource [None req-509f4f78-c640-4a22-8e59-624ff615d6e2 edb4862391bb4881952a339bfea0a1fb 5d5db105ab9d4b8a992381a5cf707eb5 - - default default] create failed (client error): Invalid input for peer_cidrs. Reason: '1.0.0.0/33' is not a valid IP subnet. [pid: 7|app: 0|req: 1048/2405] 10.0.0.81 () {34 vars in 705 bytes} [Mon Mar 2 20:12:05 2026] POST /v2.0/vpn/ipsec-site-connections => generated 149 bytes in 6 msecs (HTTP/1.1 400) 4 headers in 166 bytes (1 switches on core 0)
2026-03-02 20:12:05.289 8 INFO neutron.plugins.ml2.drivers.ovn.mech_driver.ovsdb.commands [-] Schedule LRP lrp-abf0b633-1505-4adc-beab-d2207de58788 on gateway fb3fb38a-adde-4c34-b2dd-e6fb512f6463 with priority 1
2026-03-02 20:12:05.410 7 INFO neutron.db.segments_db [None req-58a330a5-4726-4ad0-9c21-f4e177b0dd33 edb4862391bb4881952a339bfea0a1fb 5d5db105ab9d4b8a992381a5cf707eb5 - - default default] Added segment a6724a61-e070-4b4e-a6a4-876046f2e0b8 of type geneve for network 5205b9f6-c4bb-4393-816e-112c1ee2cfc7
2026-03-02 20:12:05.431 7 INFO neutron.plugins.ml2.drivers.ovn.mech_driver.ovsdb.ovsdb_monitor [None req-089ee803-ebb5-4abd-ad63-5c2395dadc91 - - - - - -] Router fbb8adc4-9ffd-4997-a2c1-86d1183dd9c7 is bound to host instance
2026-03-02 20:12:05.438 8 INFO neutron.db.ovn_revision_numbers_db [None req-d6ec2fff-f50f-4bf7-80f9-06b38d76a218 166d230910a8454d9d07cb323963f022 84a065503da440b1837115e4a3740f9b - - default default] Successfully bumped revision number for resource abf0b633-1505-4adc-beab-d2207de58788 (type: router_ports) to 1
2026-03-02 20:12:05.502 8 INFO neutron.db.ovn_revision_numbers_db [None req-d6ec2fff-f50f-4bf7-80f9-06b38d76a218 166d230910a8454d9d07cb323963f022 84a065503da440b1837115e4a3740f9b - - default default] Successfully bumped revision number for resource fbb8adc4-9ffd-4997-a2c1-86d1183dd9c7 (type: routers) to 2 [pid: 8|app: 0|req: 1358/2406] 10.0.0.81 () {34 vars in 667 bytes} [Mon Mar 2 20:12:04 2026] POST /v2.0/routers => generated 965 bytes in 1514 msecs (HTTP/1.1 201) 4 headers in 162 bytes (1 switches on core 0)
2026-03-02 20:12:05.666 7 INFO neutron.db.ovn_revision_numbers_db [None req-58a330a5-4726-4ad0-9c21-f4e177b0dd33 edb4862391bb4881952a339bfea0a1fb 5d5db105ab9d4b8a992381a5cf707eb5 - - default default] Successfully bumped revision number for resource 5205b9f6-c4bb-4393-816e-112c1ee2cfc7 (type: networks) to 1
2026-03-02 20:12:05.937 8 WARNING neutron.scheduler.dhcp_agent_scheduler [None req-63475179-bb87-4712-987b-15747921cb51 166d230910a8454d9d07cb323963f022 84a065503da440b1837115e4a3740f9b - - default default] No more DHCP agents
2026-03-02 20:12:05.939 8 WARNING neutron.api.rpc.agentnotifiers.dhcp_rpc_agent_api [None req-63475179-bb87-4712-987b-15747921cb51 166d230910a8454d9d07cb323963f022 84a065503da440b1837115e4a3740f9b - - default default] Unable to schedule network 0fd24347-4836-48d1-a716-9b2450dbada8: no agents available; will retry on subsequent port and subnet creation events.
2026-03-02 20:12:06.010 7 WARNING neutron.scheduler.dhcp_agent_scheduler [None req-58a330a5-4726-4ad0-9c21-f4e177b0dd33 edb4862391bb4881952a339bfea0a1fb 5d5db105ab9d4b8a992381a5cf707eb5 - - default default] No more DHCP agents
2026-03-02 20:12:06.016 7 WARNING neutron.api.rpc.agentnotifiers.dhcp_rpc_agent_api [None req-58a330a5-4726-4ad0-9c21-f4e177b0dd33 edb4862391bb4881952a339bfea0a1fb 5d5db105ab9d4b8a992381a5cf707eb5 - - default default] Unable to schedule network 5205b9f6-c4bb-4393-816e-112c1ee2cfc7: no agents available; will retry on subsequent port and subnet creation events.
2026-03-02 20:12:06.099 8 INFO neutron.db.ovn_revision_numbers_db [None req-63475179-bb87-4712-987b-15747921cb51 166d230910a8454d9d07cb323963f022 84a065503da440b1837115e4a3740f9b - - default default] Successfully bumped revision number for resource ba1485fd-757e-4e92-8294-7c83e8294757 (type: ports) to 1
2026-03-02 20:12:06.296 7 INFO neutron.db.ovn_revision_numbers_db [None req-58a330a5-4726-4ad0-9c21-f4e177b0dd33 edb4862391bb4881952a339bfea0a1fb 5d5db105ab9d4b8a992381a5cf707eb5 - - default default] Successfully bumped revision number for resource 3f43283d-6cd2-4a59-a8be-055de809eb65 (type: ports) to 1 [pid: 7|app: 0|req: 1049/2407] 10.0.0.81 () {34 vars in 668 bytes} [Mon Mar 2 20:12:05 2026] POST /v2.0/networks => generated 650 bytes in 1078 msecs (HTTP/1.1 201) 4 headers in 162 bytes (1 switches on core 0)
2026-03-02 20:12:06.737 7 WARNING neutron.scheduler.dhcp_agent_scheduler [None req-bd4e0fd6-3460-4c82-9946-3501a6beb3dc edb4862391bb4881952a339bfea0a1fb 5d5db105ab9d4b8a992381a5cf707eb5 - - default default] No more DHCP agents
2026-03-02 20:12:06.740 7 WARNING neutron.api.rpc.agentnotifiers.dhcp_rpc_agent_api [None req-bd4e0fd6-3460-4c82-9946-3501a6beb3dc edb4862391bb4881952a339bfea0a1fb 5d5db105ab9d4b8a992381a5cf707eb5 - - default default] Unable to schedule network 5205b9f6-c4bb-4393-816e-112c1ee2cfc7: no agents available; will retry on subsequent port and subnet creation events.
2026-03-02 20:12:06.805 8 WARNING neutron.scheduler.dhcp_agent_scheduler [None req-63475179-bb87-4712-987b-15747921cb51 166d230910a8454d9d07cb323963f022 84a065503da440b1837115e4a3740f9b - - default default] No more DHCP agents
2026-03-02 20:12:06.807 8 WARNING neutron.api.rpc.agentnotifiers.dhcp_rpc_agent_api [None req-63475179-bb87-4712-987b-15747921cb51 166d230910a8454d9d07cb323963f022 84a065503da440b1837115e4a3740f9b - - default default] Unable to schedule network 0fd24347-4836-48d1-a716-9b2450dbada8: no agents available; will retry on subsequent port and subnet creation events.
2026-03-02 20:12:07.056 7 INFO neutron.db.ovn_revision_numbers_db [None req-abbab1b6-d6b0-4368-b477-7c03b1896c31 - - - - - -] Successfully bumped revision number for resource abf0b633-1505-4adc-beab-d2207de58788 (type: ports) to 4
2026-03-02 20:12:07.323 8 INFO neutron.db.ovn_revision_numbers_db [None req-63475179-bb87-4712-987b-15747921cb51 166d230910a8454d9d07cb323963f022 84a065503da440b1837115e4a3740f9b - - default default] Successfully bumped revision number for resource ba1485fd-757e-4e92-8294-7c83e8294757 (type: router_ports) to 1 [pid: 8|app: 0|req: 1359/2408] 10.0.0.81 () {34 vars in 781 bytes} [Mon Mar 2 20:12:05 2026] PUT /v2.0/routers/fbb8adc4-9ffd-4997-a2c1-86d1183dd9c7/add_router_interface => generated 309 bytes in 1806 msecs (HTTP/1.1 200) 4 headers in 157 bytes (1 switches on core 0) [pid: 8|app: 0|req: 1360/2409] 10.0.0.81 () {32 vars in 824 bytes} [Mon Mar 2 20:12:07 2026] GET /v2.0/ports?project_id=ad5e8e40f89042cf978efdfb99dc5457&network_id=276bf01d-3c6e-44b4-ab9a-7d022fce6f43 => generated 3315 bytes in 78 msecs (HTTP/1.1 200) 4 headers in 158 bytes (1 switches on core 0)
2026-03-02 20:12:07.798 7 INFO neutron.db.ovn_revision_numbers_db [None req-3b6f39f7-8ead-4155-9393-806ef644efb4 - - - - - -] Successfully bumped revision number for resource 3f43283d-6cd2-4a59-a8be-055de809eb65 (type: ports) to 2 [pid: 8|app: 0|req: 1361/2410] 10.0.0.81 () {32 vars in 740 bytes} [Mon Mar 2 20:12:07 2026] GET /v2.0/subnets?network_id=14587cfd-e7ff-45ad-959c-96535ffe4ed0 => generated 667 bytes in 74 msecs (HTTP/1.1 200) 4 headers in 157 bytes (1 switches on core 0)
2026-03-02 20:12:07.829 7 INFO neutron.db.ovn_revision_numbers_db [None req-abbab1b6-d6b0-4368-b477-7c03b1896c31 - - - - - -] Successfully bumped revision number for resource abf0b633-1505-4adc-beab-d2207de58788 (type: ports) to 5
2026-03-02 20:12:07.846 7 INFO neutron.db.ovn_revision_numbers_db [None req-3b6f39f7-8ead-4155-9393-806ef644efb4 - - - - - -] Successfully bumped revision number for resource ca9b83bd-d725-484a-afb9-ea512812cb9b (type: subnets) to 0 [pid: 7|app: 0|req: 1050/2411] 10.0.0.81 () {34 vars in 667 bytes} [Mon Mar 2 20:12:06 2026] POST /v2.0/subnets => generated 629 bytes in 1524 msecs (HTTP/1.1 201) 4 headers in 162 bytes (1 switches on core 0)
2026-03-02 20:12:08.137 7 INFO neutron.db.ovn_revision_numbers_db [None req-f8fc295d-1601-48cc-8993-ef097ceae2b4 2eaeaa933ed242cd9eb7e476146563bc ad5e8e40f89042cf978efdfb99dc5457 - - default default] Successfully bumped revision number for resource 49d89824-6646-49f1-992d-d2356eb48459 (type: floatingips) to 2
2026-03-02 20:12:08.181 7 INFO neutron.db.l3_db [None req-f8fc295d-1601-48cc-8993-ef097ceae2b4 2eaeaa933ed242cd9eb7e476146563bc ad5e8e40f89042cf978efdfb99dc5457 - - default default] Floating IP 49d89824-6646-49f1-992d-d2356eb48459 disassociated. External IP: 10.96.250.220, port: bb91990c-61b6-445d-9838-394e482e7a04. [pid: 7|app: 0|req: 1051/2412] 10.0.0.81 () {34 vars in 747 bytes} [Mon Mar 2 20:12:07 2026] PUT /v2.0/floatingips/49d89824-6646-49f1-992d-d2356eb48459 => generated 554 bytes in 280 msecs (HTTP/1.1 200) 4 headers in 157 bytes (1 switches on core 0)
2026-03-02 20:12:08.264 7 INFO neutron.notifiers.nova [-] Nova event matching ['req-55399e8c-b93d-453c-aec8-5b7dc5e5f397'] response: {'name': 'network-changed', 'server_uuid': '509bc802-b672-4fb2-8322-22739e37a56b', 'tag': 'bb91990c-61b6-445d-9838-394e482e7a04', 'status': 'completed', 'code': 200}
2026-03-02 20:12:08.350 8 WARNING neutron.scheduler.dhcp_agent_scheduler [None req-50978f37-ea42-47a9-9138-1dc80b760d5d edb4862391bb4881952a339bfea0a1fb 5d5db105ab9d4b8a992381a5cf707eb5 - - default default] No more DHCP agents
2026-03-02 20:12:08.352 8 WARNING neutron.api.rpc.agentnotifiers.dhcp_rpc_agent_api [None req-50978f37-ea42-47a9-9138-1dc80b760d5d edb4862391bb4881952a339bfea0a1fb 5d5db105ab9d4b8a992381a5cf707eb5 - - default default] Unable to schedule network 14587cfd-e7ff-45ad-959c-96535ffe4ed0: no agents available; will retry on subsequent port and subnet creation events.
2026-03-02 20:12:08.357 7 INFO neutron.db.ovn_revision_numbers_db [None req-5f58802e-b77b-432a-b0e2-4db8e61d86d7 bc3ab5bea5e649728310dd50712e8bfa d2f3e126c6ce47e7b18ff20361c67c30 - - default default] Successfully bumped revision number for resource 6d3821f9-9274-4d21-af71-7a30821ec2ca (type: security_groups) to 1
2026-03-02 20:12:08.368 7 INFO neutron.db.ovn_revision_numbers_db [None req-5f58802e-b77b-432a-b0e2-4db8e61d86d7 bc3ab5bea5e649728310dd50712e8bfa d2f3e126c6ce47e7b18ff20361c67c30 - - default default] Successfully bumped revision number for resource 745ddddf-ef7b-4a6a-89c2-9632907055c4 (type: security_group_rules) to 0
2026-03-02 20:12:08.379 7 INFO neutron.db.ovn_revision_numbers_db [None req-5f58802e-b77b-432a-b0e2-4db8e61d86d7 bc3ab5bea5e649728310dd50712e8bfa d2f3e126c6ce47e7b18ff20361c67c30 - - default default] Successfully bumped revision number for resource a9c66f92-2774-4f92-a9f8-eb86c4c65a46 (type: security_group_rules) to 0 [pid: 7|app: 0|req: 1052/2413] 10.0.0.81 () {34 vars in 683 bytes} [Mon Mar 2 20:12:08 2026] POST /v2.0/security-groups => generated 1673 bytes in 193 msecs (HTTP/1.1 201) 4 headers in 163 bytes (1 switches on core 0) [pid: 7|app: 0|req: 1053/2414] 10.0.0.81 () {32 vars in 727 bytes} [Mon Mar 2 20:12:08 2026] GET /v2.0/floatingips/49d89824-6646-49f1-992d-d2356eb48459 => generated 552 bytes in 21 msecs (HTTP/1.1 200) 4 headers in 157 bytes (1 switches on core 0)
2026-03-02 20:12:08.530 8 INFO neutron.db.ovn_revision_numbers_db [None req-50978f37-ea42-47a9-9138-1dc80b760d5d edb4862391bb4881952a339bfea0a1fb 5d5db105ab9d4b8a992381a5cf707eb5 - - default default] Successfully bumped revision number for resource f710f4a6-8b82-4c34-a15d-f7a6187f63ae (type: ports) to 1
2026-03-02 20:12:08.618 7 INFO neutron.db.ovn_revision_numbers_db [None req-ffb8b523-d73e-451b-af06-cd7f19ebdeba bc3ab5bea5e649728310dd50712e8bfa d2f3e126c6ce47e7b18ff20361c67c30 - - default default] Successfully bumped revision number for resource 83f5974e-6403-40a8-a230-5434738386f9 (type: security_group_rules) to 0 [pid: 7|app: 0|req: 1054/2415] 10.0.0.81 () {34 vars in 693 bytes} [Mon Mar 2 20:12:08 2026] POST /v2.0/security-group-rules => generated 597 bytes in 228 msecs (HTTP/1.1 201) 4 headers in 162 bytes (1 switches on core 0)
2026-03-02 20:12:08.818 7 INFO neutron.db.ovn_revision_numbers_db [None req-84148290-14c5-4e1b-a962-4aa3df5eb060 bc3ab5bea5e649728310dd50712e8bfa d2f3e126c6ce47e7b18ff20361c67c30 - - default default] Successfully bumped revision number for resource d6e713df-9d2a-4cd4-970b-9227a5c02048 (type: security_group_rules) to 0 [pid: 7|app: 0|req: 1055/2416] 10.0.0.81 () {34 vars in 693 bytes} [Mon Mar 2 20:12:08 2026] POST /v2.0/security-group-rules => generated 596 bytes in 185 msecs (HTTP/1.1 201) 4 headers in 162 bytes (1 switches on core 0) [pid: 7|app: 0|req: 1056/2417] 162.253.55.140 () {34 vars in 1079 bytes} [Mon Mar 2 20:12:08 2026] GET /v2.0/ports?tenant_id=ad5e8e40f89042cf978efdfb99dc5457&device_id=509bc802-b672-4fb2-8322-22739e37a56b => generated 1209 bytes in 36 msecs (HTTP/1.1 200) 4 headers in 158 bytes (1 switches on core 0)
2026-03-02 20:12:09.042 7 INFO neutron.db.ovn_revision_numbers_db [None req-d80c14b8-7a9e-4c9d-b7b8-1825f24dffd6 bc3ab5bea5e649728310dd50712e8bfa d2f3e126c6ce47e7b18ff20361c67c30 - - default default] Successfully bumped revision number for resource e5ac468c-d160-4a6c-9567-e7cdfd4ea3c7 (type: security_group_rules) to 0 [pid: 7|app: 0|req: 1057/2418] 10.0.0.81 () {34 vars in 693 bytes} [Mon Mar 2 20:12:08 2026] POST /v2.0/security-group-rules => generated 602 bytes in 186 msecs (HTTP/1.1 201) 4 headers in 162 bytes (1 switches on core 0) [pid: 7|app: 0|req: 1058/2419] 162.253.55.140 () {34 vars in 985 bytes} [Mon Mar 2 20:12:09 2026] GET /v2.0/networks?id=276bf01d-3c6e-44b4-ab9a-7d022fce6f43 => generated 796 bytes in 42 msecs (HTTP/1.1 200) 4 headers in 157 bytes (1 switches on core 0)
2026-03-02 20:12:09.161 8 INFO neutron.plugins.ml2.drivers.ovn.mech_driver.ovsdb.commands [-] Schedule LRP lrp-f710f4a6-8b82-4c34-a15d-f7a6187f63ae on gateway fb3fb38a-adde-4c34-b2dd-e6fb512f6463 with priority 1
2026-03-02 20:12:09.263 8 INFO neutron.db.ovn_revision_numbers_db [None req-50978f37-ea42-47a9-9138-1dc80b760d5d edb4862391bb4881952a339bfea0a1fb 5d5db105ab9d4b8a992381a5cf707eb5 - - default default] Successfully bumped revision number for resource f710f4a6-8b82-4c34-a15d-f7a6187f63ae (type: router_ports) to 1
2026-03-02 20:12:09.334 7 INFO neutron.db.ovn_revision_numbers_db [None req-6e42c399-3ca5-4b58-b55c-73b651d7da3f bc3ab5bea5e649728310dd50712e8bfa d2f3e126c6ce47e7b18ff20361c67c30 - - default default] Successfully bumped revision number for resource 9b7d4922-3a19-4f05-872c-385f83a9540c (type: security_group_rules) to 0
2026-03-02 20:12:09.359 8 INFO neutron.db.ovn_revision_numbers_db [None req-50978f37-ea42-47a9-9138-1dc80b760d5d edb4862391bb4881952a339bfea0a1fb 5d5db105ab9d4b8a992381a5cf707eb5 - - default default] Successfully bumped revision number for resource be0260ad-2f33-4b34-8635-dfe5170f1640 (type: routers) to 2 [pid: 7|app: 0|req: 1059/2420] 10.0.0.81 () {34 vars in 693 bytes} [Mon Mar 2 20:12:09 2026] POST /v2.0/security-group-rules => generated 601 bytes in 250 msecs (HTTP/1.1 201) 4 headers in 162 bytes (1 switches on core 0) [pid: 8|app: 0|req: 1362/2421] 10.0.0.81 () {34 vars in 667 bytes} [Mon Mar 2 20:12:07 2026] POST /v2.0/routers => generated 937 bytes in 1496 msecs (HTTP/1.1 201) 4 headers in 162 bytes (1 switches on core 0) [pid: 7|app: 0|req: 1060/2422] 162.253.55.140 () {34 vars in 1057 bytes} [Mon Mar 2 20:12:09 2026] GET /v2.0/floatingips?fixed_ip_address=10.100.0.7&port_id=bb91990c-61b6-445d-9838-394e482e7a04 => generated 19 bytes in 19 msecs (HTTP/1.1 200) 4 headers in 156 bytes (1 switches on core 0)
2026-03-02 20:12:09.419 8 INFO neutron.db.securitygroups_db [None req-29282925-11b9-4ae0-bf9a-7d8c28872c84 bc3ab5bea5e649728310dd50712e8bfa d2f3e126c6ce47e7b18ff20361c67c30 - - default default] Project d2f3e126c6ce47e7b18ff20361c67c30 added a security group rule with legacy IPv6 ICMP protocol name icmp, ipv6-icmp should be used instead. It was automatically converted.
