Apr 03 01:26:43.590613 np0000163299 nova-scheduler[107532]: DEBUG cotyledon.oslo_config_glue [-] vnc.novncproxy_base_url = http://127.0.0.1:6080/vnc_auto.html {{(pid=107532) log_opt_values /opt/stack/data/venv/lib/python3.12/site-packages/oslo_config/cfg.py:3006}}
Apr 03 01:26:43.590722 np0000163299 nova-scheduler[107532]: DEBUG cotyledon.oslo_config_glue [-] vnc.novncproxy_host = 0.0.0.0 {{(pid=107532) log_opt_values /opt/stack/data/venv/lib/python3.12/site-packages/oslo_config/cfg.py:3006}}
Apr 03 01:26:43.590782 np0000163299 nova-scheduler[107532]: DEBUG cotyledon.oslo_config_glue [-] vnc.novncproxy_port = 6080 {{(pid=107532) log_opt_values /opt/stack/data/venv/lib/python3.12/site-packages/oslo_config/cfg.py:3006}}
Apr 03 01:26:43.590827 np0000163299 nova-scheduler[107532]: DEBUG cotyledon.oslo_config_glue [-] vnc.server_listen = 127.0.0.1 {{(pid=107532) log_opt_values /opt/stack/data/venv/lib/python3.12/site-packages/oslo_config/cfg.py:3006}}
Apr 03 01:26:43.590877 np0000163299 nova-scheduler[107532]: DEBUG cotyledon.oslo_config_glue [-] vnc.server_proxyclient_address = 127.0.0.1 {{(pid=107532) log_opt_values /opt/stack/data/venv/lib/python3.12/site-packages/oslo_config/cfg.py:3006}}
Apr 03 01:26:43.590938 np0000163299 nova-scheduler[107532]: DEBUG cotyledon.oslo_config_glue [-] vnc.vencrypt_ca_certs = None {{(pid=107532) log_opt_values /opt/stack/data/venv/lib/python3.12/site-packages/oslo_config/cfg.py:3006}}
Apr 03 01:26:43.590984 np0000163299 nova-scheduler[107532]: DEBUG cotyledon.oslo_config_glue [-] vnc.vencrypt_client_cert = None {{(pid=107532) log_opt_values /opt/stack/data/venv/lib/python3.12/site-packages/oslo_config/cfg.py:3006}}
Apr 03 01:26:43.591048 np0000163299 nova-scheduler[107532]: DEBUG cotyledon.oslo_config_glue [-] vnc.vencrypt_client_key = None {{(pid=107532) log_opt_values /opt/stack/data/venv/lib/python3.12/site-packages/oslo_config/cfg.py:3006}}
Apr 03 01:26:43.591110 np0000163299 nova-scheduler[107532]: DEBUG cotyledon.oslo_config_glue [-] workarounds.disable_compute_service_check_for_ffu = False {{(pid=107532) log_opt_values /opt/stack/data/venv/lib/python3.12/site-packages/oslo_config/cfg.py:3006}}
Apr 03 01:26:43.591154 np0000163299 nova-scheduler[107532]: DEBUG cotyledon.oslo_config_glue [-] workarounds.disable_deep_image_inspection = False {{(pid=107532) log_opt_values /opt/stack/data/venv/lib/python3.12/site-packages/oslo_config/cfg.py:3006}}
Apr 03 01:26:43.591221 np0000163299 nova-scheduler[107532]: DEBUG cotyledon.oslo_config_glue [-] workarounds.disable_fallback_pcpu_query = False {{(pid=107532) log_opt_values /opt/stack/data/venv/lib/python3.12/site-packages/oslo_config/cfg.py:3006}}
Apr 03 01:26:43.591267 np0000163299 nova-scheduler[107532]: DEBUG cotyledon.oslo_config_glue [-] workarounds.disable_group_policy_check_upcall = False {{(pid=107532) log_opt_values /opt/stack/data/venv/lib/python3.12/site-packages/oslo_config/cfg.py:3006}}
Apr 03 01:26:43.591328 np0000163299 nova-scheduler[107532]: DEBUG cotyledon.oslo_config_glue [-] workarounds.disable_libvirt_livesnapshot = False {{(pid=107532) log_opt_values /opt/stack/data/venv/lib/python3.12/site-packages/oslo_config/cfg.py:3006}}
Apr 03 01:26:43.591380 np0000163299 nova-scheduler[107532]: DEBUG cotyledon.oslo_config_glue [-] workarounds.disable_rootwrap = False {{(pid=107532) log_opt_values /opt/stack/data/venv/lib/python3.12/site-packages/oslo_config/cfg.py:3006}}
Apr 03 01:26:43.591430 np0000163299 nova-scheduler[107532]: DEBUG cotyledon.oslo_config_glue [-] workarounds.enable_numa_live_migration = False {{(pid=107532) log_opt_values /opt/stack/data/venv/lib/python3.12/site-packages/oslo_config/cfg.py:3006}}
Apr 03 01:26:43.591478 np0000163299 nova-scheduler[107532]: DEBUG cotyledon.oslo_config_glue [-] workarounds.enable_qemu_monitor_announce_self = False {{(pid=107532) log_opt_values /opt/stack/data/venv/lib/python3.12/site-packages/oslo_config/cfg.py:3006}}
Apr 03 01:26:43.591526 np0000163299 nova-scheduler[107532]: DEBUG cotyledon.oslo_config_glue [-] workarounds.ensure_libvirt_rbd_instance_dir_cleanup = False {{(pid=107532) log_opt_values /opt/stack/data/venv/lib/python3.12/site-packages/oslo_config/cfg.py:3006}}
Apr 03 01:26:43.591590 np0000163299 nova-scheduler[107532]: DEBUG cotyledon.oslo_config_glue [-] workarounds.handle_virt_lifecycle_events = True {{(pid=107532) log_opt_values /opt/stack/data/venv/lib/python3.12/site-packages/oslo_config/cfg.py:3006}}
Apr 03 01:26:43.591634 np0000163299 nova-scheduler[107532]: DEBUG cotyledon.oslo_config_glue [-] workarounds.libvirt_disable_apic = False {{(pid=107532) log_opt_values /opt/stack/data/venv/lib/python3.12/site-packages/oslo_config/cfg.py:3006}}
Apr 03 01:26:43.591725 np0000163299 nova-scheduler[107532]: DEBUG cotyledon.oslo_config_glue [-] workarounds.never_download_image_if_on_rbd = False {{(pid=107532) log_opt_values /opt/stack/data/venv/lib/python3.12/site-packages/oslo_config/cfg.py:3006}}
Apr 03 01:26:43.591772 np0000163299 nova-scheduler[107532]: DEBUG cotyledon.oslo_config_glue [-] workarounds.qemu_monitor_announce_self_count = 3 {{(pid=107532) log_opt_values /opt/stack/data/venv/lib/python3.12/site-packages/oslo_config/cfg.py:3006}}
Apr 03 01:26:43.591827 np0000163299 nova-scheduler[107532]: DEBUG cotyledon.oslo_config_glue [-] workarounds.qemu_monitor_announce_self_interval = 1 {{(pid=107532) log_opt_values /opt/stack/data/venv/lib/python3.12/site-packages/oslo_config/cfg.py:3006}}
Apr 03 01:26:43.591882 np0000163299 nova-scheduler[107532]: DEBUG cotyledon.oslo_config_glue [-] workarounds.reserve_disk_resource_for_image_cache = False {{(pid=107532) log_opt_values /opt/stack/data/venv/lib/python3.12/site-packages/oslo_config/cfg.py:3006}}
Apr 03 01:26:43.591926 np0000163299 nova-scheduler[107532]: DEBUG cotyledon.oslo_config_glue [-] workarounds.skip_cpu_compare_at_startup = False {{(pid=107532) log_opt_values /opt/stack/data/venv/lib/python3.12/site-packages/oslo_config/cfg.py:3006}}
Apr 03 01:26:43.591997 np0000163299 nova-scheduler[107532]: DEBUG cotyledon.oslo_config_glue [-] workarounds.skip_cpu_compare_on_dest = False {{(pid=107532) log_opt_values /opt/stack/data/venv/lib/python3.12/site-packages/oslo_config/cfg.py:3006}}
Apr 03 01:26:43.592043 np0000163299 nova-scheduler[107532]: DEBUG cotyledon.oslo_config_glue [-] workarounds.skip_hypervisor_version_check_on_lm = False {{(pid=107532) log_opt_values /opt/stack/data/venv/lib/python3.12/site-packages/oslo_config/cfg.py:3006}}
Apr 03 01:26:43.592086 np0000163299 nova-scheduler[107532]: DEBUG cotyledon.oslo_config_glue [-] workarounds.skip_reserve_in_use_ironic_nodes = False {{(pid=107532) log_opt_values /opt/stack/data/venv/lib/python3.12/site-packages/oslo_config/cfg.py:3006}}
Apr 03 01:26:43.592155 np0000163299 nova-scheduler[107532]: DEBUG cotyledon.oslo_config_glue [-] workarounds.unified_limits_count_pcpu_as_vcpu = False {{(pid=107532) log_opt_values /opt/stack/data/venv/lib/python3.12/site-packages/oslo_config/cfg.py:3006}}
Apr 03 01:26:43.592200 np0000163299 nova-scheduler[107532]: DEBUG cotyledon.oslo_config_glue [-] workarounds.wait_for_vif_plugged_event_during_hard_reboot = [] {{(pid=107532) log_opt_values /opt/stack/data/venv/lib/python3.12/site-packages/oslo_config/cfg.py:3006}}
Apr 03 01:26:43.592295 np0000163299 nova-scheduler[107532]: DEBUG cotyledon.oslo_config_glue [-] wsgi.api_paste_config = /etc/nova/api-paste.ini {{(pid=107532) log_opt_values /opt/stack/data/venv/lib/python3.12/site-packages/oslo_config/cfg.py:3006}}
Apr 03 01:26:43.592347 np0000163299 nova-scheduler[107532]: DEBUG cotyledon.oslo_config_glue [-] wsgi.secure_proxy_ssl_header = None {{(pid=107532) log_opt_values /opt/stack/data/venv/lib/python3.12/site-packages/oslo_config/cfg.py:3006}}
Apr 03 01:26:43.592417 np0000163299 nova-scheduler[107532]: DEBUG cotyledon.oslo_config_glue [-] zvm.ca_file = None {{(pid=107532) log_opt_values /opt/stack/data/venv/lib/python3.12/site-packages/oslo_config/cfg.py:3006}}
Apr 03 01:26:43.592497 np0000163299 nova-scheduler[107532]: DEBUG cotyledon.oslo_config_glue [-] zvm.cloud_connector_url = None {{(pid=107532) log_opt_values /opt/stack/data/venv/lib/python3.12/site-packages/oslo_config/cfg.py:3006}}
Apr 03 01:26:43.592549 np0000163299 nova-scheduler[107532]: DEBUG cotyledon.oslo_config_glue [-] zvm.image_tmp_path = /opt/stack/data/nova/images {{(pid=107532) log_opt_values /opt/stack/data/venv/lib/python3.12/site-packages/oslo_config/cfg.py:3006}}
Apr 03 01:26:43.592616 np0000163299 nova-scheduler[107532]: DEBUG cotyledon.oslo_config_glue [-] zvm.reachable_timeout = 300 {{(pid=107532) log_opt_values /opt/stack/data/venv/lib/python3.12/site-packages/oslo_config/cfg.py:3006}}
Apr 03 01:26:43.592736 np0000163299 nova-scheduler[107532]: DEBUG cotyledon.oslo_config_glue [-] oslo_versionedobjects.fatal_exception_format_errors = False {{(pid=107532) log_opt_values /opt/stack/data/venv/lib/python3.12/site-packages/oslo_config/cfg.py:3006}}
Apr 03 01:26:43.592917 np0000163299 nova-scheduler[107532]: DEBUG cotyledon.oslo_config_glue [-] oslo_middleware.http_basic_auth_user_file = /etc/htpasswd {{(pid=107532) log_opt_values /opt/stack/data/venv/lib/python3.12/site-packages/oslo_config/cfg.py:3006}}
Apr 03 01:26:43.593012 np0000163299 nova-scheduler[107532]: DEBUG cotyledon.oslo_config_glue [-] oslo_messaging_metrics.metrics_buffer_size = 1000 {{(pid=107532) log_opt_values /opt/stack/data/venv/lib/python3.12/site-packages/oslo_config/cfg.py:3006}}
Apr 03 01:26:43.593079 np0000163299 nova-scheduler[107532]: DEBUG cotyledon.oslo_config_glue [-] oslo_messaging_metrics.metrics_enabled = False {{(pid=107532) log_opt_values /opt/stack/data/venv/lib/python3.12/site-packages/oslo_config/cfg.py:3006}}
Apr 03 01:26:43.593125 np0000163299 nova-scheduler[107532]: DEBUG cotyledon.oslo_config_glue [-] oslo_messaging_metrics.metrics_process_name = {{(pid=107532) log_opt_values /opt/stack/data/venv/lib/python3.12/site-packages/oslo_config/cfg.py:3006}}
Apr 03 01:26:43.593195 np0000163299 nova-scheduler[107532]: DEBUG cotyledon.oslo_config_glue [-] oslo_messaging_metrics.metrics_socket_file = /var/tmp/metrics_collector.sock {{(pid=107532) log_opt_values /opt/stack/data/venv/lib/python3.12/site-packages/oslo_config/cfg.py:3006}}
Apr 03 01:26:43.593240 np0000163299 nova-scheduler[107532]: DEBUG cotyledon.oslo_config_glue [-] oslo_messaging_metrics.metrics_thread_stop_timeout = 10 {{(pid=107532) log_opt_values /opt/stack/data/venv/lib/python3.12/site-packages/oslo_config/cfg.py:3006}}
Apr 03 01:26:43.593331 np0000163299 nova-scheduler[107532]: DEBUG cotyledon.oslo_config_glue [-] profiler.connection_string = messaging:// {{(pid=107532) log_opt_values /opt/stack/data/venv/lib/python3.12/site-packages/oslo_config/cfg.py:3006}}
Apr 03 01:26:43.593378 np0000163299 nova-scheduler[107532]: DEBUG cotyledon.oslo_config_glue [-] profiler.enabled = False {{(pid=107532) log_opt_values /opt/stack/data/venv/lib/python3.12/site-packages/oslo_config/cfg.py:3006}}
Apr 03 01:26:43.593443 np0000163299 nova-scheduler[107532]: DEBUG cotyledon.oslo_config_glue [-] profiler.es_doc_type = notification {{(pid=107532) log_opt_values /opt/stack/data/venv/lib/python3.12/site-packages/oslo_config/cfg.py:3006}}
Apr 03 01:26:43.593488 np0000163299 nova-scheduler[107532]: DEBUG cotyledon.oslo_config_glue [-] profiler.es_scroll_size = 10000 {{(pid=107532) log_opt_values /opt/stack/data/venv/lib/python3.12/site-packages/oslo_config/cfg.py:3006}}
Apr 03 01:26:43.593599 np0000163299 nova-scheduler[107532]: DEBUG cotyledon.oslo_config_glue [-] profiler.es_scroll_time = 2m {{(pid=107532) log_opt_values /opt/stack/data/venv/lib/python3.12/site-packages/oslo_config/cfg.py:3006}}
Apr 03 01:26:43.593752 np0000163299 nova-scheduler[107532]: DEBUG cotyledon.oslo_config_glue [-] profiler.filter_error_trace = False {{(pid=107532) log_opt_values /opt/stack/data/venv/lib/python3.12/site-packages/oslo_config/cfg.py:3006}}
Apr 03 01:26:43.594011 np0000163299 nova-scheduler[107532]: DEBUG cotyledon.oslo_config_glue [-] profiler.hmac_keys = **** {{(pid=107532) log_opt_values /opt/stack/data/venv/lib/python3.12/site-packages/oslo_config/cfg.py:3006}}
Apr 03 01:26:43.594147 np0000163299 nova-scheduler[107532]: DEBUG cotyledon.oslo_config_glue [-] profiler.sentinel_service_name = mymaster {{(pid=107532) log_opt_values /opt/stack/data/venv/lib/python3.12/site-packages/oslo_config/cfg.py:3006}}
Apr 03 01:26:43.594250 np0000163299 nova-scheduler[107532]: DEBUG cotyledon.oslo_config_glue [-] profiler.socket_timeout = 0.1 {{(pid=107532) log_opt_values /opt/stack/data/venv/lib/python3.12/site-packages/oslo_config/cfg.py:3006}}
Apr 03 01:26:43.594361 np0000163299 nova-scheduler[107532]: DEBUG cotyledon.oslo_config_glue [-] profiler.trace_requests = False {{(pid=107532) log_opt_values /opt/stack/data/venv/lib/python3.12/site-packages/oslo_config/cfg.py:3006}}
Apr 03 01:26:43.594588 np0000163299 nova-scheduler[107532]: DEBUG cotyledon.oslo_config_glue [-] profiler.trace_sqlalchemy = False {{(pid=107532) log_opt_values /opt/stack/data/venv/lib/python3.12/site-packages/oslo_config/cfg.py:3006}}
Apr 03 01:26:43.594704 np0000163299 nova-scheduler[107532]: DEBUG cotyledon.oslo_config_glue [-] profiler_jaeger.process_tags = {} {{(pid=107532) log_opt_values /opt/stack/data/venv/lib/python3.12/site-packages/oslo_config/cfg.py:3006}}
Apr 03 01:26:43.594775 np0000163299 nova-scheduler[107532]: DEBUG cotyledon.oslo_config_glue [-] profiler_jaeger.service_name_prefix = None {{(pid=107532) log_opt_values /opt/stack/data/venv/lib/python3.12/site-packages/oslo_config/cfg.py:3006}}
Apr 03 01:26:43.594837 np0000163299 nova-scheduler[107532]: DEBUG cotyledon.oslo_config_glue [-] profiler_otlp.service_name_prefix = None {{(pid=107532) log_opt_values /opt/stack/data/venv/lib/python3.12/site-packages/oslo_config/cfg.py:3006}}
Apr 03 01:26:43.594956 np0000163299 nova-scheduler[107532]: DEBUG cotyledon.oslo_config_glue [-] oslo_messaging_rabbit.amqp_auto_delete = False {{(pid=107532) log_opt_values /opt/stack/data/venv/lib/python3.12/site-packages/oslo_config/cfg.py:3006}}
Apr 03 01:26:43.595002 np0000163299 nova-scheduler[107532]: DEBUG cotyledon.oslo_config_glue [-] oslo_messaging_rabbit.amqp_durable_queues = False {{(pid=107532) log_opt_values /opt/stack/data/venv/lib/python3.12/site-packages/oslo_config/cfg.py:3006}}
Apr 03 01:26:43.595083 np0000163299 nova-scheduler[107532]: DEBUG cotyledon.oslo_config_glue [-] oslo_messaging_rabbit.conn_pool_min_size = 2 {{(pid=107532) log_opt_values /opt/stack/data/venv/lib/python3.12/site-packages/oslo_config/cfg.py:3006}}
Apr 03 01:26:43.595145 np0000163299 nova-scheduler[107532]: DEBUG cotyledon.oslo_config_glue [-] oslo_messaging_rabbit.conn_pool_ttl = 1200 {{(pid=107532) log_opt_values /opt/stack/data/venv/lib/python3.12/site-packages/oslo_config/cfg.py:3006}}
Apr 03 01:26:43.595191 np0000163299 nova-scheduler[107518]: DEBUG nova.service [None req-42e60312-f142-4525-ad95-69a621ae7186 None None] Join ServiceGroup membership for this service scheduler {{(pid=107518) start /opt/stack/nova/nova/service.py:221}}
Apr 03 01:26:43.595239 np0000163299 nova-scheduler[107532]: DEBUG cotyledon.oslo_config_glue [-] oslo_messaging_rabbit.direct_mandatory_flag = True {{(pid=107532) log_opt_values /opt/stack/data/venv/lib/python3.12/site-packages/oslo_config/cfg.py:3006}}
Apr 03 01:26:43.595281 np0000163299 nova-scheduler[107532]: DEBUG cotyledon.oslo_config_glue [-] oslo_messaging_rabbit.enable_cancel_on_failover = False {{(pid=107532) log_opt_values /opt/stack/data/venv/lib/python3.12/site-packages/oslo_config/cfg.py:3006}}
Apr 03 01:26:43.595331 np0000163299 nova-scheduler[107532]: DEBUG cotyledon.oslo_config_glue [-] oslo_messaging_rabbit.heartbeat_in_pthread = False {{(pid=107532) log_opt_values /opt/stack/data/venv/lib/python3.12/site-packages/oslo_config/cfg.py:3006}}
Apr 03 01:26:43.595378 np0000163299 nova-scheduler[107532]: DEBUG cotyledon.oslo_config_glue [-] oslo_messaging_rabbit.heartbeat_rate = 3 {{(pid=107532) log_opt_values /opt/stack/data/venv/lib/python3.12/site-packages/oslo_config/cfg.py:3006}}
Apr 03 01:26:43.595421 np0000163299 nova-scheduler[107532]: DEBUG cotyledon.oslo_config_glue [-] oslo_messaging_rabbit.heartbeat_timeout_threshold = 60 {{(pid=107532) log_opt_values /opt/stack/data/venv/lib/python3.12/site-packages/oslo_config/cfg.py:3006}}
Apr 03 01:26:43.595485 np0000163299 nova-scheduler[107532]: DEBUG cotyledon.oslo_config_glue [-] oslo_messaging_rabbit.hostname = np0000163299 {{(pid=107532) log_opt_values /opt/stack/data/venv/lib/python3.12/site-packages/oslo_config/cfg.py:3006}}
Apr 03 01:26:43.595536 np0000163299 nova-scheduler[107518]: DEBUG nova.servicegroup.drivers.db [None req-42e60312-f142-4525-ad95-69a621ae7186 None None] DB_Driver: join new ServiceGroup member np0000163299 to the scheduler group, service = {{(pid=107518) join /opt/stack/nova/nova/servicegroup/drivers/db.py:44}}
Apr 03 01:26:43.595573 np0000163299 nova-scheduler[107532]: DEBUG cotyledon.oslo_config_glue [-] oslo_messaging_rabbit.kombu_compression = None {{(pid=107532) log_opt_values /opt/stack/data/venv/lib/python3.12/site-packages/oslo_config/cfg.py:3006}}
Apr 03 01:26:43.595630 np0000163299 nova-scheduler[107532]: DEBUG cotyledon.oslo_config_glue [-] oslo_messaging_rabbit.kombu_failover_strategy = round-robin {{(pid=107532) log_opt_values /opt/stack/data/venv/lib/python3.12/site-packages/oslo_config/cfg.py:3006}}
Apr 03 01:26:43.595694 np0000163299 nova-scheduler[107532]: DEBUG cotyledon.oslo_config_glue [-] oslo_messaging_rabbit.kombu_missing_consumer_retry_timeout = 60 {{(pid=107532) log_opt_values /opt/stack/data/venv/lib/python3.12/site-packages/oslo_config/cfg.py:3006}}
Apr 03 01:26:43.595747 np0000163299 nova-scheduler[107532]: DEBUG cotyledon.oslo_config_glue [-] oslo_messaging_rabbit.kombu_reconnect_delay = 1.0 {{(pid=107532) log_opt_values /opt/stack/data/venv/lib/python3.12/site-packages/oslo_config/cfg.py:3006}}
Apr 03 01:26:43.595798 np0000163299 nova-scheduler[107532]: DEBUG cotyledon.oslo_config_glue [-] oslo_messaging_rabbit.kombu_reconnect_splay = 0.0 {{(pid=107532) log_opt_values /opt/stack/data/venv/lib/python3.12/site-packages/oslo_config/cfg.py:3006}}
Apr 03 01:26:43.595840 np0000163299 nova-scheduler[107532]: DEBUG cotyledon.oslo_config_glue [-] oslo_messaging_rabbit.processname = nova-scheduler {{(pid=107532) log_opt_values /opt/stack/data/venv/lib/python3.12/site-packages/oslo_config/cfg.py:3006}}
Apr 03 01:26:43.595948 np0000163299 nova-scheduler[107532]: DEBUG cotyledon.oslo_config_glue [-] oslo_messaging_rabbit.rabbit_ha_queues = False {{(pid=107532) log_opt_values /opt/stack/data/venv/lib/python3.12/site-packages/oslo_config/cfg.py:3006}}
Apr 03 01:26:43.595988 np0000163299 nova-scheduler[107532]: DEBUG cotyledon.oslo_config_glue [-] oslo_messaging_rabbit.rabbit_interval_max = 30 {{(pid=107532) log_opt_values /opt/stack/data/venv/lib/python3.12/site-packages/oslo_config/cfg.py:3006}}
Apr 03 01:26:43.596023 np0000163299 nova-scheduler[107532]: DEBUG cotyledon.oslo_config_glue [-] oslo_messaging_rabbit.rabbit_login_method = AMQPLAIN {{(pid=107532) log_opt_values /opt/stack/data/venv/lib/python3.12/site-packages/oslo_config/cfg.py:3006}}
Apr 03 01:26:43.596079 np0000163299 nova-scheduler[107532]: DEBUG cotyledon.oslo_config_glue [-] oslo_messaging_rabbit.rabbit_qos_prefetch_count = 0 {{(pid=107532) log_opt_values /opt/stack/data/venv/lib/python3.12/site-packages/oslo_config/cfg.py:3006}}
Apr 03 01:26:43.596117 np0000163299 nova-scheduler[107532]: DEBUG cotyledon.oslo_config_glue [-] oslo_messaging_rabbit.rabbit_quorum_delivery_limit = 0 {{(pid=107532) log_opt_values /opt/stack/data/venv/lib/python3.12/site-packages/oslo_config/cfg.py:3006}}
Apr 03 01:26:43.596173 np0000163299 nova-scheduler[107532]: DEBUG cotyledon.oslo_config_glue [-] oslo_messaging_rabbit.rabbit_quorum_max_memory_bytes = 0 {{(pid=107532) log_opt_values /opt/stack/data/venv/lib/python3.12/site-packages/oslo_config/cfg.py:3006}}
Apr 03 01:26:43.596207 np0000163299 nova-scheduler[107532]: DEBUG cotyledon.oslo_config_glue [-] oslo_messaging_rabbit.rabbit_quorum_max_memory_length = 0 {{(pid=107532) log_opt_values /opt/stack/data/venv/lib/python3.12/site-packages/oslo_config/cfg.py:3006}}
Apr 03 01:26:43.596261 np0000163299 nova-scheduler[107532]: DEBUG cotyledon.oslo_config_glue [-] oslo_messaging_rabbit.rabbit_quorum_queue = False {{(pid=107532) log_opt_values /opt/stack/data/venv/lib/python3.12/site-packages/oslo_config/cfg.py:3006}}
Apr 03 01:26:43.596300 np0000163299 nova-scheduler[107532]: DEBUG cotyledon.oslo_config_glue [-] oslo_messaging_rabbit.rabbit_retry_backoff = 2 {{(pid=107532) log_opt_values /opt/stack/data/venv/lib/python3.12/site-packages/oslo_config/cfg.py:3006}}
Apr 03 01:26:43.596333 np0000163299 nova-scheduler[107532]: DEBUG cotyledon.oslo_config_glue [-] oslo_messaging_rabbit.rabbit_retry_interval = 1 {{(pid=107532) log_opt_values /opt/stack/data/venv/lib/python3.12/site-packages/oslo_config/cfg.py:3006}}
Apr 03 01:26:43.596381 np0000163299 nova-scheduler[107532]: DEBUG cotyledon.oslo_config_glue [-] oslo_messaging_rabbit.rabbit_stream_fanout = False {{(pid=107532) log_opt_values /opt/stack/data/venv/lib/python3.12/site-packages/oslo_config/cfg.py:3006}}
Apr 03 01:26:43.596419 np0000163299 nova-scheduler[107532]: DEBUG cotyledon.oslo_config_glue [-] oslo_messaging_rabbit.rabbit_transient_queues_ttl = 1800 {{(pid=107532) log_opt_values /opt/stack/data/venv/lib/python3.12/site-packages/oslo_config/cfg.py:3006}}
Apr 03 01:26:43.596452 np0000163299 nova-scheduler[107532]: DEBUG cotyledon.oslo_config_glue [-] oslo_messaging_rabbit.rabbit_transient_quorum_queue = False {{(pid=107532) log_opt_values /opt/stack/data/venv/lib/python3.12/site-packages/oslo_config/cfg.py:3006}}
Apr 03 01:26:43.596504 np0000163299 nova-scheduler[107532]: DEBUG cotyledon.oslo_config_glue [-] oslo_messaging_rabbit.rpc_conn_pool_size = 30 {{(pid=107532) log_opt_values /opt/stack/data/venv/lib/python3.12/site-packages/oslo_config/cfg.py:3006}}
Apr 03 01:26:43.596542 np0000163299 nova-scheduler[107532]: DEBUG cotyledon.oslo_config_glue [-] oslo_messaging_rabbit.ssl = False {{(pid=107532) log_opt_values /opt/stack/data/venv/lib/python3.12/site-packages/oslo_config/cfg.py:3006}}
Apr 03 01:26:43.596578 np0000163299 nova-scheduler[107532]: DEBUG cotyledon.oslo_config_glue [-] oslo_messaging_rabbit.ssl_ca_file = {{(pid=107532) log_opt_values /opt/stack/data/venv/lib/python3.12/site-packages/oslo_config/cfg.py:3006}}
Apr 03 01:26:43.596608 np0000163299 nova-scheduler[107532]: DEBUG cotyledon.oslo_config_glue [-] oslo_messaging_rabbit.ssl_cert_file = {{(pid=107532) log_opt_values /opt/stack/data/venv/lib/python3.12/site-packages/oslo_config/cfg.py:3006}}
Apr 03 01:26:43.596679 np0000163299 nova-scheduler[107532]: DEBUG cotyledon.oslo_config_glue [-] oslo_messaging_rabbit.ssl_enforce_fips_mode = False {{(pid=107532) log_opt_values /opt/stack/data/venv/lib/python3.12/site-packages/oslo_config/cfg.py:3006}}
Apr 03 01:26:43.596732 np0000163299 nova-scheduler[107532]: DEBUG cotyledon.oslo_config_glue [-] oslo_messaging_rabbit.ssl_key_file = {{(pid=107532) log_opt_values /opt/stack/data/venv/lib/python3.12/site-packages/oslo_config/cfg.py:3006}}
Apr 03 01:26:43.596773 np0000163299 nova-scheduler[107532]: DEBUG cotyledon.oslo_config_glue [-] oslo_messaging_rabbit.ssl_version = {{(pid=107532) log_opt_values /opt/stack/data/venv/lib/python3.12/site-packages/oslo_config/cfg.py:3006}}
Apr 03 01:26:43.596807 np0000163299 nova-scheduler[107532]: DEBUG cotyledon.oslo_config_glue [-] oslo_messaging_rabbit.use_queue_manager = False {{(pid=107532) log_opt_values /opt/stack/data/venv/lib/python3.12/site-packages/oslo_config/cfg.py:3006}}
Apr 03 01:26:43.596873 np0000163299 nova-scheduler[107532]: DEBUG cotyledon.oslo_config_glue [-] oslo_messaging_notifications.driver = ['messagingv2'] {{(pid=107532) log_opt_values /opt/stack/data/venv/lib/python3.12/site-packages/oslo_config/cfg.py:3006}}
Apr 03 01:26:43.596931 np0000163299 nova-scheduler[107532]: DEBUG cotyledon.oslo_config_glue [-] oslo_messaging_notifications.retry = -1 {{(pid=107532) log_opt_values /opt/stack/data/venv/lib/python3.12/site-packages/oslo_config/cfg.py:3006}}
Apr 03 01:26:43.596965 np0000163299 nova-scheduler[107532]: DEBUG cotyledon.oslo_config_glue [-] oslo_messaging_notifications.topics = ['notifications'] {{(pid=107532) log_opt_values /opt/stack/data/venv/lib/python3.12/site-packages/oslo_config/cfg.py:3006}}
Apr 03 01:26:43.597022 np0000163299 nova-scheduler[107532]: DEBUG cotyledon.oslo_config_glue [-] oslo_messaging_notifications.transport_url = **** {{(pid=107532) log_opt_values /opt/stack/data/venv/lib/python3.12/site-packages/oslo_config/cfg.py:3006}}
Apr 03 01:26:43.597095 np0000163299 nova-scheduler[107532]: DEBUG cotyledon.oslo_config_glue [-] oslo_limit.auth_section = None {{(pid=107532) log_opt_values /opt/stack/data/venv/lib/python3.12/site-packages/oslo_config/cfg.py:3006}}
Apr 03 01:26:43.597147 np0000163299 nova-scheduler[107532]: DEBUG cotyledon.oslo_config_glue [-] oslo_limit.auth_type = None {{(pid=107532) log_opt_values /opt/stack/data/venv/lib/python3.12/site-packages/oslo_config/cfg.py:3006}}
Apr 03 01:26:43.597187 np0000163299 nova-scheduler[107532]: DEBUG cotyledon.oslo_config_glue [-] oslo_limit.cafile = None {{(pid=107532) log_opt_values /opt/stack/data/venv/lib/python3.12/site-packages/oslo_config/cfg.py:3006}}
Apr 03 01:26:43.597298 np0000163299 nova-scheduler[107532]: DEBUG cotyledon.oslo_config_glue [-] oslo_limit.certfile = None {{(pid=107532) log_opt_values /opt/stack/data/venv/lib/python3.12/site-packages/oslo_config/cfg.py:3006}}
Apr 03 01:26:43.597298 np0000163299 nova-scheduler[107532]: DEBUG cotyledon.oslo_config_glue [-] oslo_limit.collect_timing = False {{(pid=107532) log_opt_values /opt/stack/data/venv/lib/python3.12/site-packages/oslo_config/cfg.py:3006}}
Apr 03 01:26:43.597298 np0000163299 nova-scheduler[107532]: DEBUG cotyledon.oslo_config_glue [-] oslo_limit.connect_retries = None {{(pid=107532) log_opt_values /opt/stack/data/venv/lib/python3.12/site-packages/oslo_config/cfg.py:3006}}
Apr 03 01:26:43.597389 np0000163299 nova-scheduler[107532]: DEBUG cotyledon.oslo_config_glue [-] oslo_limit.connect_retry_delay = None {{(pid=107532) log_opt_values /opt/stack/data/venv/lib/python3.12/site-packages/oslo_config/cfg.py:3006}}
Apr 03 01:26:43.597389 np0000163299 nova-scheduler[107532]: DEBUG cotyledon.oslo_config_glue [-] oslo_limit.endpoint_id = None {{(pid=107532) log_opt_values /opt/stack/data/venv/lib/python3.12/site-packages/oslo_config/cfg.py:3006}}
Apr 03 01:26:43.597447 np0000163299 nova-scheduler[107532]: DEBUG cotyledon.oslo_config_glue [-] oslo_limit.endpoint_interface = public {{(pid=107532) log_opt_values /opt/stack/data/venv/lib/python3.12/site-packages/oslo_config/cfg.py:3006}}
Apr 03 01:26:43.597447 np0000163299 nova-scheduler[107532]: DEBUG cotyledon.oslo_config_glue [-] oslo_limit.endpoint_override = None {{(pid=107532) log_opt_values /opt/stack/data/venv/lib/python3.12/site-packages/oslo_config/cfg.py:3006}}
Apr 03 01:26:43.597500 np0000163299 nova-scheduler[107532]: DEBUG cotyledon.oslo_config_glue [-] oslo_limit.endpoint_region_name = None {{(pid=107532) log_opt_values /opt/stack/data/venv/lib/python3.12/site-packages/oslo_config/cfg.py:3006}}
Apr 03 01:26:43.597558 np0000163299 nova-scheduler[107532]: DEBUG cotyledon.oslo_config_glue [-] oslo_limit.endpoint_service_name = None {{(pid=107532) log_opt_values /opt/stack/data/venv/lib/python3.12/site-packages/oslo_config/cfg.py:3006}}
Apr 03 01:26:43.597597 np0000163299 nova-scheduler[107532]: DEBUG cotyledon.oslo_config_glue [-] oslo_limit.endpoint_service_type = None {{(pid=107532) log_opt_values /opt/stack/data/venv/lib/python3.12/site-packages/oslo_config/cfg.py:3006}}
Apr 03 01:26:43.597632 np0000163299 nova-scheduler[107532]: DEBUG cotyledon.oslo_config_glue [-] oslo_limit.insecure = False {{(pid=107532) log_opt_values /opt/stack/data/venv/lib/python3.12/site-packages/oslo_config/cfg.py:3006}}
Apr 03 01:26:43.597694 np0000163299 nova-scheduler[107532]: DEBUG cotyledon.oslo_config_glue [-] oslo_limit.keyfile = None {{(pid=107532) log_opt_values /opt/stack/data/venv/lib/python3.12/site-packages/oslo_config/cfg.py:3006}}
Apr 03 01:26:43.597729 np0000163299 nova-scheduler[107532]: DEBUG cotyledon.oslo_config_glue [-] oslo_limit.max_version = None {{(pid=107532) log_opt_values /opt/stack/data/venv/lib/python3.12/site-packages/oslo_config/cfg.py:3006}}
Apr 03 01:26:43.597781 np0000163299 nova-scheduler[107532]: DEBUG cotyledon.oslo_config_glue [-] oslo_limit.min_version = None {{(pid=107532) log_opt_values /opt/stack/data/venv/lib/python3.12/site-packages/oslo_config/cfg.py:3006}}
Apr 03 01:26:43.597822 np0000163299 nova-scheduler[107532]: DEBUG cotyledon.oslo_config_glue [-] oslo_limit.region_name = None {{(pid=107532) log_opt_values /opt/stack/data/venv/lib/python3.12/site-packages/oslo_config/cfg.py:3006}}
Apr 03 01:26:43.597864 np0000163299 nova-scheduler[107532]: DEBUG cotyledon.oslo_config_glue [-] oslo_limit.retriable_status_codes = None {{(pid=107532) log_opt_values /opt/stack/data/venv/lib/python3.12/site-packages/oslo_config/cfg.py:3006}}
Apr 03 01:26:43.597896 np0000163299 nova-scheduler[107532]: DEBUG cotyledon.oslo_config_glue [-] oslo_limit.service_name = None {{(pid=107532) log_opt_values /opt/stack/data/venv/lib/python3.12/site-packages/oslo_config/cfg.py:3006}}
Apr 03 01:26:43.597942 np0000163299 nova-scheduler[107532]: DEBUG cotyledon.oslo_config_glue [-] oslo_limit.service_type = None {{(pid=107532) log_opt_values /opt/stack/data/venv/lib/python3.12/site-packages/oslo_config/cfg.py:3006}}
Apr 03 01:26:43.597980 np0000163299 nova-scheduler[107532]: DEBUG cotyledon.oslo_config_glue [-] oslo_limit.split_loggers = False {{(pid=107532) log_opt_values /opt/stack/data/venv/lib/python3.12/site-packages/oslo_config/cfg.py:3006}}
Apr 03 01:26:43.598011 np0000163299 nova-scheduler[107532]: DEBUG cotyledon.oslo_config_glue [-] oslo_limit.status_code_retries = None {{(pid=107532) log_opt_values /opt/stack/data/venv/lib/python3.12/site-packages/oslo_config/cfg.py:3006}}
Apr 03 01:26:43.598058 np0000163299 nova-scheduler[107532]: DEBUG cotyledon.oslo_config_glue [-] oslo_limit.status_code_retry_delay = None {{(pid=107532) log_opt_values /opt/stack/data/venv/lib/python3.12/site-packages/oslo_config/cfg.py:3006}}
Apr 03 01:26:43.598091 np0000163299 nova-scheduler[107532]: DEBUG cotyledon.oslo_config_glue [-] oslo_limit.timeout = None {{(pid=107532) log_opt_values /opt/stack/data/venv/lib/python3.12/site-packages/oslo_config/cfg.py:3006}}
Apr 03 01:26:43.598134 np0000163299 nova-scheduler[107532]: DEBUG cotyledon.oslo_config_glue [-] oslo_limit.valid_interfaces = None {{(pid=107532) log_opt_values /opt/stack/data/venv/lib/python3.12/site-packages/oslo_config/cfg.py:3006}}
Apr 03 01:26:43.598166 np0000163299 nova-scheduler[107532]: DEBUG cotyledon.oslo_config_glue [-] oslo_limit.version = None {{(pid=107532) log_opt_values /opt/stack/data/venv/lib/python3.12/site-packages/oslo_config/cfg.py:3006}}
Apr 03 01:26:43.598236 np0000163299 nova-scheduler[107532]: DEBUG cotyledon.oslo_config_glue [-] oslo_reports.file_event_handler = None {{(pid=107532) log_opt_values /opt/stack/data/venv/lib/python3.12/site-packages/oslo_config/cfg.py:3006}}
Apr 03 01:26:43.598285 np0000163299 nova-scheduler[107532]: DEBUG cotyledon.oslo_config_glue [-] oslo_reports.file_event_handler_interval = 1 {{(pid=107532) log_opt_values /opt/stack/data/venv/lib/python3.12/site-packages/oslo_config/cfg.py:3006}}
Apr 03 01:26:43.598335 np0000163299 nova-scheduler[107532]: DEBUG cotyledon.oslo_config_glue [-] oslo_reports.log_dir = None {{(pid=107532) log_opt_values /opt/stack/data/venv/lib/python3.12/site-packages/oslo_config/cfg.py:3006}}
Apr 03 01:26:43.598374 np0000163299 nova-scheduler[107524]: DEBUG nova.service [None req-0f9d2990-a75f-4325-b4a9-538b594109cc None None] Join ServiceGroup membership for this service scheduler {{(pid=107524) start /opt/stack/nova/nova/service.py:221}}
Apr 03 01:26:43.598435 np0000163299 nova-scheduler[107532]: DEBUG cotyledon.oslo_config_glue [-] ******************************************************************************** {{(pid=107532) log_opt_values /opt/stack/data/venv/lib/python3.12/site-packages/oslo_config/cfg.py:3013}}
Apr 03 01:26:43.598590 np0000163299 nova-scheduler[107532]: DEBUG cotyledon._service_worker [-] Run service ServiceWrapper(2) [107532] {{(pid=107532) wait_forever /opt/stack/data/venv/lib/python3.12/site-packages/cotyledon/_service_worker.py:218}}
Apr 03 01:26:43.598775 np0000163299 nova-scheduler[107524]: DEBUG nova.servicegroup.drivers.db [None req-0f9d2990-a75f-4325-b4a9-538b594109cc None None] DB_Driver: join new ServiceGroup member np0000163299 to the scheduler group, service = {{(pid=107524) join /opt/stack/nova/nova/servicegroup/drivers/db.py:44}}
Apr 03 01:26:43.600140 np0000163299 nova-scheduler[107532]: INFO nova.service [-] Starting scheduler node (version 33.1.0)
Apr 03 01:26:43.606940 np0000163299 nova-scheduler[107532]: INFO dbcounter [None req-9516fa0e-d191-4b12-be9b-4f977879d9be None None] Registered counter for database nova_cell0
Apr 03 01:26:43.609620 np0000163299 nova-scheduler[107539]: DEBUG nova.service [None req-aa4bbf71-360e-476e-8661-75848d42f70d None None] Join ServiceGroup membership for this service scheduler {{(pid=107539) start /opt/stack/nova/nova/service.py:221}}
Apr 03 01:26:43.609864 np0000163299 nova-scheduler[107539]: DEBUG nova.servicegroup.drivers.db [None req-aa4bbf71-360e-476e-8661-75848d42f70d None None] DB_Driver: join new ServiceGroup member np0000163299 to the scheduler group, service = {{(pid=107539) join /opt/stack/nova/nova/servicegroup/drivers/db.py:44}}
Apr 03 01:26:43.620113 np0000163299 nova-scheduler[107532]: DEBUG oslo_db.sqlalchemy.engines [None req-9516fa0e-d191-4b12-be9b-4f977879d9be None None] MySQL server mode set to STRICT_TRANS_TABLES,STRICT_ALL_TABLES,NO_ZERO_IN_DATE,NO_ZERO_DATE,ERROR_FOR_DIVISION_BY_ZERO,TRADITIONAL,NO_ENGINE_SUBSTITUTION {{(pid=107532) _check_effective_sql_mode /opt/stack/data/venv/lib/python3.12/site-packages/oslo_db/sqlalchemy/engines.py:325}}
Apr 03 01:26:43.633351 np0000163299 nova-scheduler[107532]: DEBUG dbcounter [-] [107532] Writer thread running {{(pid=107532) stat_writer /opt/stack/data/venv/lib/python3.12/site-packages/dbcounter.py:102}}
Apr 03 01:26:43.636670 np0000163299 nova-scheduler[107532]: DEBUG nova.service [None req-9516fa0e-d191-4b12-be9b-4f977879d9be None None] Creating RPC server for service: nova-scheduler on topic: scheduler {{(pid=107532) start /opt/stack/nova/nova/service.py:195}}
Apr 03 01:26:43.664125 np0000163299 nova-scheduler[107532]: DEBUG nova.service [None req-9516fa0e-d191-4b12-be9b-4f977879d9be None None] Join ServiceGroup membership for this service scheduler {{(pid=107532) start /opt/stack/nova/nova/service.py:221}}
Apr 03 01:26:43.664371 np0000163299 nova-scheduler[107532]: DEBUG nova.servicegroup.drivers.db [None req-9516fa0e-d191-4b12-be9b-4f977879d9be None None] DB_Driver: join new ServiceGroup member np0000163299 to the scheduler group, service = {{(pid=107532) join /opt/stack/nova/nova/servicegroup/drivers/db.py:44}}
Apr 03 01:26:48.620833 np0000163299 nova-scheduler[107518]: DEBUG oslo.service.backend._threading.loopingcall [-] Fixed interval looping call 'nova.servicegroup.drivers.db.DbDriver._report_state' sleeping for 119.98 seconds {{(pid=107518) _run_loop /opt/stack/data/venv/lib/python3.12/site-packages/oslo_service/backend/_threading/loopingcall.py:125}}
Apr 03 01:26:48.622397 np0000163299 nova-scheduler[107524]: DEBUG oslo.service.backend._threading.loopingcall [-] Fixed interval looping call 'nova.servicegroup.drivers.db.DbDriver._report_state' sleeping for 119.98 seconds {{(pid=107524) _run_loop /opt/stack/data/venv/lib/python3.12/site-packages/oslo_service/backend/_threading/loopingcall.py:125}}
Apr 03 01:26:48.625263 np0000163299 nova-scheduler[107539]: DEBUG oslo.service.backend._threading.loopingcall [-] Fixed interval looping call 'nova.servicegroup.drivers.db.DbDriver._report_state' sleeping for 119.99 seconds {{(pid=107539) _run_loop /opt/stack/data/venv/lib/python3.12/site-packages/oslo_service/backend/_threading/loopingcall.py:125}}
Apr 03 01:26:48.680831 np0000163299 nova-scheduler[107532]: DEBUG oslo.service.backend._threading.loopingcall [-] Fixed interval looping call 'nova.servicegroup.drivers.db.DbDriver._report_state' sleeping for 119.99 seconds {{(pid=107532) _run_loop /opt/stack/data/venv/lib/python3.12/site-packages/oslo_service/backend/_threading/loopingcall.py:125}}
Apr 03 01:26:51.613063 np0000163299 nova-scheduler[107539]: DEBUG oslo.service.backend._threading.loopingcall [None req-65a7efb4-f65e-4bd4-b072-b28f224d7976 None None] Dynamic interval looping call 'nova.service.Service.periodic_tasks' sleeping for 60.00 seconds {{(pid=107539) _run_loop /opt/stack/data/venv/lib/python3.12/site-packages/oslo_service/backend/_threading/loopingcall.py:125}}
Apr 03 01:26:52.217398 np0000163299 nova-scheduler[106864]: DEBUG dbcounter [-] [106864] Writing DB stats nova_api:SELECT=3 {{(pid=106864) stat_writer /opt/stack/data/venv/lib/python3.12/site-packages/dbcounter.py:115}}
Apr 03 01:26:52.313184 np0000163299 nova-scheduler[106864]: DEBUG dbcounter [-] [106864] Writing DB stats nova_cell0:SELECT=1 {{(pid=106864) stat_writer /opt/stack/data/venv/lib/python3.12/site-packages/dbcounter.py:115}}
Apr 03 01:26:52.320093 np0000163299 nova-scheduler[106864]: DEBUG dbcounter [-] [106864] Writing DB stats nova_cell1:SELECT=1 {{(pid=106864) stat_writer /opt/stack/data/venv/lib/python3.12/site-packages/dbcounter.py:115}}
Apr 03 01:26:58.612522 np0000163299 nova-scheduler[107518]: DEBUG dbcounter [-] [107518] Writing DB stats nova_cell0:SELECT=4,nova_cell0:INSERT=1,nova_cell0:UPDATE=1 {{(pid=107518) stat_writer /opt/stack/data/venv/lib/python3.12/site-packages/dbcounter.py:115}}
Apr 03 01:26:58.619796 np0000163299 nova-scheduler[107524]: DEBUG dbcounter [-] [107524] Writing DB stats nova_cell0:SELECT=3,nova_cell0:UPDATE=1 {{(pid=107524) stat_writer /opt/stack/data/venv/lib/python3.12/site-packages/dbcounter.py:115}}
Apr 03 01:26:58.624904 np0000163299 nova-scheduler[107539]: DEBUG dbcounter [-] [107539] Writing DB stats nova_cell0:SELECT=3 {{(pid=107539) stat_writer /opt/stack/data/venv/lib/python3.12/site-packages/dbcounter.py:115}}
Apr 03 01:26:58.677466 np0000163299 nova-scheduler[107532]: DEBUG dbcounter [-] [107532] Writing DB stats nova_cell0:SELECT=3 {{(pid=107532) stat_writer /opt/stack/data/venv/lib/python3.12/site-packages/dbcounter.py:115}}
Apr 03 01:27:33.602557 np0000163299 nova-scheduler[107518]: DEBUG oslo.service.backend._threading.loopingcall [None req-cbccf592-99b9-4a24-b573-d76f6ef18d68 None None] Dynamic interval looping call 'nova.service.Service.periodic_tasks' sleeping for 60.00 seconds {{(pid=107518) _run_loop /opt/stack/data/venv/lib/python3.12/site-packages/oslo_service/backend/_threading/loopingcall.py:125}}
Apr 03 01:27:34.602341 np0000163299 nova-scheduler[107524]: DEBUG oslo.service.backend._threading.loopingcall [None req-3ef74fe2-e575-47f5-ad43-ba8b6b1b6e4a None None] Dynamic interval looping call 'nova.service.Service.periodic_tasks' sleeping for 60.00 seconds {{(pid=107524) _run_loop /opt/stack/data/venv/lib/python3.12/site-packages/oslo_service/backend/_threading/loopingcall.py:125}}
Apr 03 01:27:39.668441 np0000163299 nova-scheduler[107532]: DEBUG oslo.service.backend._threading.loopingcall [None req-aa50483f-8a62-409a-9b52-825c87fdb2e8 None None] Dynamic interval looping call 'nova.service.Service.periodic_tasks' sleeping for 60.00 seconds {{(pid=107532) _run_loop /opt/stack/data/venv/lib/python3.12/site-packages/oslo_service/backend/_threading/loopingcall.py:125}}
Apr 03 01:27:51.614176 np0000163299 nova-scheduler[107539]: DEBUG oslo.service.backend._threading.loopingcall [None req-65a7efb4-f65e-4bd4-b072-b28f224d7976 None None] Dynamic interval looping call 'nova.service.Service.periodic_tasks' sleeping for 60.00 seconds {{(pid=107539) _run_loop /opt/stack/data/venv/lib/python3.12/site-packages/oslo_service/backend/_threading/loopingcall.py:125}}
Apr 03 01:28:33.603228 np0000163299 nova-scheduler[107518]: DEBUG oslo.service.backend._threading.loopingcall [None req-cbccf592-99b9-4a24-b573-d76f6ef18d68 None None] Dynamic interval looping call 'nova.service.Service.periodic_tasks' sleeping for 60.00 seconds {{(pid=107518) _run_loop /opt/stack/data/venv/lib/python3.12/site-packages/oslo_service/backend/_threading/loopingcall.py:125}}
Apr 03 01:28:34.603476 np0000163299 nova-scheduler[107524]: DEBUG oslo.service.backend._threading.loopingcall [None req-3ef74fe2-e575-47f5-ad43-ba8b6b1b6e4a None None] Dynamic interval looping call 'nova.service.Service.periodic_tasks' sleeping for 60.00 seconds {{(pid=107524) _run_loop /opt/stack/data/venv/lib/python3.12/site-packages/oslo_service/backend/_threading/loopingcall.py:125}}
Apr 03 01:28:39.669385 np0000163299 nova-scheduler[107532]: DEBUG oslo.service.backend._threading.loopingcall [None req-aa50483f-8a62-409a-9b52-825c87fdb2e8 None None] Dynamic interval looping call 'nova.service.Service.periodic_tasks' sleeping for 60.00 seconds {{(pid=107532) _run_loop /opt/stack/data/venv/lib/python3.12/site-packages/oslo_service/backend/_threading/loopingcall.py:125}}
Apr 03 01:28:48.618327 np0000163299 nova-scheduler[107524]: DEBUG oslo.service.backend._threading.loopingcall [-] Fixed interval looping call 'nova.servicegroup.drivers.db.DbDriver._report_state' sleeping for 119.98 seconds {{(pid=107524) _run_loop /opt/stack/data/venv/lib/python3.12/site-packages/oslo_service/backend/_threading/loopingcall.py:125}}
Apr 03 01:28:48.620407 np0000163299 nova-scheduler[107518]: DEBUG oslo.service.backend._threading.loopingcall [-] Fixed interval looping call 'nova.servicegroup.drivers.db.DbDriver._report_state' sleeping for 119.98 seconds {{(pid=107518) _run_loop /opt/stack/data/venv/lib/python3.12/site-packages/oslo_service/backend/_threading/loopingcall.py:125}}
Apr 03 01:28:48.625774 np0000163299 nova-scheduler[107539]: DEBUG oslo.service.backend._threading.loopingcall [-] Fixed interval looping call 'nova.servicegroup.drivers.db.DbDriver._report_state' sleeping for 119.99 seconds {{(pid=107539) _run_loop /opt/stack/data/venv/lib/python3.12/site-packages/oslo_service/backend/_threading/loopingcall.py:125}}
Apr 03 01:28:48.675887 np0000163299 nova-scheduler[107532]: DEBUG oslo.service.backend._threading.loopingcall [-] Fixed interval looping call 'nova.servicegroup.drivers.db.DbDriver._report_state' sleeping for 120.00 seconds {{(pid=107532) _run_loop /opt/stack/data/venv/lib/python3.12/site-packages/oslo_service/backend/_threading/loopingcall.py:125}}
Apr 03 01:28:51.615253 np0000163299 nova-scheduler[107539]: DEBUG oslo.service.backend._threading.loopingcall [None req-65a7efb4-f65e-4bd4-b072-b28f224d7976 None None] Dynamic interval looping call 'nova.service.Service.periodic_tasks' sleeping for 60.00 seconds {{(pid=107539) _run_loop /opt/stack/data/venv/lib/python3.12/site-packages/oslo_service/backend/_threading/loopingcall.py:125}}
Apr 03 01:28:58.609871 np0000163299 nova-scheduler[107518]: DEBUG dbcounter [-] [107518] Writing DB stats nova_cell0:SELECT=1,nova_cell0:UPDATE=1 {{(pid=107518) stat_writer /opt/stack/data/venv/lib/python3.12/site-packages/dbcounter.py:115}}
Apr 03 01:28:58.610550 np0000163299 nova-scheduler[107524]: DEBUG dbcounter [-] [107524] Writing DB stats nova_cell0:SELECT=1,nova_cell0:UPDATE=1 {{(pid=107524) stat_writer /opt/stack/data/venv/lib/python3.12/site-packages/dbcounter.py:115}}
Apr 03 01:28:58.622546 np0000163299 nova-scheduler[107539]: DEBUG dbcounter [-] [107539] Writing DB stats nova_cell0:SELECT=1 {{(pid=107539) stat_writer /opt/stack/data/venv/lib/python3.12/site-packages/dbcounter.py:115}}
Apr 03 01:28:58.673902 np0000163299 nova-scheduler[107532]: DEBUG dbcounter [-] [107532] Writing DB stats nova_cell0:SELECT=1 {{(pid=107532) stat_writer /opt/stack/data/venv/lib/python3.12/site-packages/dbcounter.py:115}}
Apr 03 01:29:33.604201 np0000163299 nova-scheduler[107518]: DEBUG oslo.service.backend._threading.loopingcall [None req-cbccf592-99b9-4a24-b573-d76f6ef18d68 None None] Dynamic interval looping call 'nova.service.Service.periodic_tasks' sleeping for 60.00 seconds {{(pid=107518) _run_loop /opt/stack/data/venv/lib/python3.12/site-packages/oslo_service/backend/_threading/loopingcall.py:125}}
Apr 03 01:29:34.605418 np0000163299 nova-scheduler[107524]: DEBUG oslo.service.backend._threading.loopingcall [None req-3ef74fe2-e575-47f5-ad43-ba8b6b1b6e4a None None] Dynamic interval looping call 'nova.service.Service.periodic_tasks' sleeping for 60.00 seconds {{(pid=107524) _run_loop /opt/stack/data/venv/lib/python3.12/site-packages/oslo_service/backend/_threading/loopingcall.py:125}}
Apr 03 01:29:39.670233 np0000163299 nova-scheduler[107532]: DEBUG oslo.service.backend._threading.loopingcall [None req-aa50483f-8a62-409a-9b52-825c87fdb2e8 None None] Dynamic interval looping call 'nova.service.Service.periodic_tasks' sleeping for 60.00 seconds {{(pid=107532) _run_loop /opt/stack/data/venv/lib/python3.12/site-packages/oslo_service/backend/_threading/loopingcall.py:125}}
Apr 03 01:29:51.616157 np0000163299 nova-scheduler[107539]: DEBUG oslo.service.backend._threading.loopingcall [None req-65a7efb4-f65e-4bd4-b072-b28f224d7976 None None] Dynamic interval looping call 'nova.service.Service.periodic_tasks' sleeping for 60.00 seconds {{(pid=107539) _run_loop /opt/stack/data/venv/lib/python3.12/site-packages/oslo_service/backend/_threading/loopingcall.py:125}}
Apr 03 01:30:33.605391 np0000163299 nova-scheduler[107518]: DEBUG oslo.service.backend._threading.loopingcall [None req-cbccf592-99b9-4a24-b573-d76f6ef18d68 None None] Dynamic interval looping call 'nova.service.Service.periodic_tasks' sleeping for 60.00 seconds {{(pid=107518) _run_loop /opt/stack/data/venv/lib/python3.12/site-packages/oslo_service/backend/_threading/loopingcall.py:125}}
Apr 03 01:30:34.606320 np0000163299 nova-scheduler[107524]: DEBUG oslo.service.backend._threading.loopingcall [None req-3ef74fe2-e575-47f5-ad43-ba8b6b1b6e4a None None] Dynamic interval looping call 'nova.service.Service.periodic_tasks' sleeping for 60.00 seconds {{(pid=107524) _run_loop /opt/stack/data/venv/lib/python3.12/site-packages/oslo_service/backend/_threading/loopingcall.py:125}}
Apr 03 01:30:39.671025 np0000163299 nova-scheduler[107532]: DEBUG oslo.service.backend._threading.loopingcall [None req-aa50483f-8a62-409a-9b52-825c87fdb2e8 None None] Dynamic interval looping call 'nova.service.Service.periodic_tasks' sleeping for 60.00 seconds {{(pid=107532) _run_loop /opt/stack/data/venv/lib/python3.12/site-packages/oslo_service/backend/_threading/loopingcall.py:125}}
Apr 03 01:30:48.733536 np0000163299 nova-scheduler[107518]: DEBUG oslo.service.backend._threading.loopingcall [-] Fixed interval looping call 'nova.servicegroup.drivers.db.DbDriver._report_state' sleeping for 119.87 seconds {{(pid=107518) _run_loop /opt/stack/data/venv/lib/python3.12/site-packages/oslo_service/backend/_threading/loopingcall.py:125}}
Apr 03 01:30:48.734331 np0000163299 nova-scheduler[107524]: DEBUG oslo.service.backend._threading.loopingcall [-] Fixed interval looping call 'nova.servicegroup.drivers.db.DbDriver._report_state' sleeping for 119.87 seconds {{(pid=107524) _run_loop /opt/stack/data/venv/lib/python3.12/site-packages/oslo_service/backend/_threading/loopingcall.py:125}}
Apr 03 01:30:48.735149 np0000163299 nova-scheduler[107539]: DEBUG oslo.service.backend._threading.loopingcall [-] Fixed interval looping call 'nova.servicegroup.drivers.db.DbDriver._report_state' sleeping for 119.88 seconds {{(pid=107539) _run_loop /opt/stack/data/venv/lib/python3.12/site-packages/oslo_service/backend/_threading/loopingcall.py:125}}
Apr 03 01:30:48.736279 np0000163299 nova-scheduler[107532]: DEBUG oslo.service.backend._threading.loopingcall [-] Fixed interval looping call 'nova.servicegroup.drivers.db.DbDriver._report_state' sleeping for 119.94 seconds {{(pid=107532) _run_loop /opt/stack/data/venv/lib/python3.12/site-packages/oslo_service/backend/_threading/loopingcall.py:125}}
Apr 03 01:30:51.617346 np0000163299 nova-scheduler[107539]: DEBUG oslo.service.backend._threading.loopingcall [None req-65a7efb4-f65e-4bd4-b072-b28f224d7976 None None] Dynamic interval looping call 'nova.service.Service.periodic_tasks' sleeping for 60.00 seconds {{(pid=107539) _run_loop /opt/stack/data/venv/lib/python3.12/site-packages/oslo_service/backend/_threading/loopingcall.py:125}}
Apr 03 01:30:58.606384 np0000163299 nova-scheduler[107518]: DEBUG dbcounter [-] [107518] Writing DB stats nova_cell0:SELECT=1,nova_cell0:UPDATE=1 {{(pid=107518) stat_writer /opt/stack/data/venv/lib/python3.12/site-packages/dbcounter.py:115}}
Apr 03 01:30:58.606951 np0000163299 nova-scheduler[107524]: DEBUG dbcounter [-] [107524] Writing DB stats nova_cell0:SELECT=1,nova_cell0:UPDATE=1 {{(pid=107524) stat_writer /opt/stack/data/venv/lib/python3.12/site-packages/dbcounter.py:115}}
Apr 03 01:30:58.624467 np0000163299 nova-scheduler[107539]: DEBUG dbcounter [-] [107539] Writing DB stats nova_cell0:SELECT=1,nova_cell0:UPDATE=1 {{(pid=107539) stat_writer /opt/stack/data/venv/lib/python3.12/site-packages/dbcounter.py:115}}
Apr 03 01:30:58.683672 np0000163299 nova-scheduler[107532]: DEBUG dbcounter [-] [107532] Writing DB stats nova_cell0:SELECT=1,nova_cell0:UPDATE=1 {{(pid=107532) stat_writer /opt/stack/data/venv/lib/python3.12/site-packages/dbcounter.py:115}}
Apr 03 01:31:27.713826 np0000163299 nova-scheduler[107518]: DEBUG nova.scheduler.manager [None req-f21f985f-af79-4c29-a2a9-13353a2d52f5 demo demo] Starting to schedule for instances: ['c05b2c10-6992-4e77-b682-0616357b3c6c'] {{(pid=107518) select_destinations /opt/stack/nova/nova/scheduler/manager.py:210}}
