199.204.45.78 - - [02/Apr/2026:13:18:20 +0000] "GET /placement/allocations/ded20894-635e-470f-9c3b-ed6457e65841 HTTP/1.1" 200 3275 "-" "nova-compute keystoneauth1/5.13.1 python-requests/2.32.5 CPython/3.12.3"
199.204.45.78 - - [02/Apr/2026:13:18:20 +0000] "GET /placement/allocations/af376e31-2fba-4409-a7b3-eddbcd4342af HTTP/1.1" 200 3275 "-" "nova-compute keystoneauth1/5.13.1 python-requests/2.32.5 CPython/3.12.3"
172.24.5.223 - - [02/Apr/2026:13:19:12 +0000] "GET /volume/v3/volumes/detail HTTP/1.1" 200 2988 "-" "cinder-csi-plugin/v1.32.0 gophercloud/v2.5.0"
199.204.45.78 - - [02/Apr/2026:13:19:20 +0000] "GET /placement/resource_providers/238cfcd7-922b-4abe-96d7-535364dc619e/allocations HTTP/1.1" 200 3302 "-" "nova-compute keystoneauth1/5.13.1 python-requests/2.32.5 CPython/3.12.3"
199.204.45.78 - - [02/Apr/2026:13:19:20 +0000] "GET /placement/resource_providers/238cfcd7-922b-4abe-96d7-535364dc619e/allocations HTTP/1.1" 200 3302 "-" "nova-compute keystoneauth1/5.13.1 python-requests/2.32.5 CPython/3.12.3"
199.204.45.78 - - [02/Apr/2026:13:19:20 +0000] "GET /placement/allocations/f9ac82af-aa2e-4697-aa78-b1587f033634 HTTP/1.1" 200 3275 "-" "nova-compute keystoneauth1/5.13.1 python-requests/2.32.5 CPython/3.12.3"
199.204.45.78 - - [02/Apr/2026:13:19:20 +0000] "GET /placement/allocations/ded20894-635e-470f-9c3b-ed6457e65841 HTTP/1.1" 200 3275 "-" "nova-compute keystoneauth1/5.13.1 python-requests/2.32.5 CPython/3.12.3"
199.204.45.78 - - [02/Apr/2026:13:19:20 +0000] "GET /placement/allocations/af376e31-2fba-4409-a7b3-eddbcd4342af HTTP/1.1" 200 3275 "-" "nova-compute keystoneauth1/5.13.1 python-requests/2.32.5 CPython/3.12.3"
172.24.5.223 - - [02/Apr/2026:13:20:12 +0000] "GET /volume/v3/volumes/detail HTTP/1.1" 200 2988 "-" "cinder-csi-plugin/v1.32.0 gophercloud/v2.5.0"
199.204.45.78 - - [02/Apr/2026:13:20:22 +0000] "GET /placement/resource_providers/238cfcd7-922b-4abe-96d7-535364dc619e/allocations HTTP/1.1" 200 3302 "-" "nova-compute keystoneauth1/5.13.1 python-requests/2.32.5 CPython/3.12.3"
199.204.45.78 - - [02/Apr/2026:13:20:22 +0000] "GET /placement/resource_providers/238cfcd7-922b-4abe-96d7-535364dc619e/allocations HTTP/1.1" 200 3302 "-" "nova-compute keystoneauth1/5.13.1 python-requests/2.32.5 CPython/3.12.3"
199.204.45.78 - - [02/Apr/2026:13:20:22 +0000] "GET /placement/allocations/f9ac82af-aa2e-4697-aa78-b1587f033634 HTTP/1.1" 200 3275 "-" "nova-compute keystoneauth1/5.13.1 python-requests/2.32.5 CPython/3.12.3"
199.204.45.78 - - [02/Apr/2026:13:20:22 +0000] "GET /placement/allocations/ded20894-635e-470f-9c3b-ed6457e65841 HTTP/1.1" 200 3275 "-" "nova-compute keystoneauth1/5.13.1 python-requests/2.32.5 CPython/3.12.3"
199.204.45.78 - - [02/Apr/2026:13:20:22 +0000] "GET /placement/allocations/af376e31-2fba-4409-a7b3-eddbcd4342af HTTP/1.1" 200 3275 "-" "nova-compute keystoneauth1/5.13.1 python-requests/2.32.5 CPython/3.12.3"
199.204.45.78 - - [02/Apr/2026:13:20:44 +0000] "GET /identity/v3/auth/tokens HTTP/1.1" 200 8209 "-" "python-keystoneclient"
199.204.45.78 - - [02/Apr/2026:13:20:44 +0000] "GET /identity/v3/auth/tokens HTTP/1.1" 200 8083 "-" "python-keystoneclient"
199.204.45.78 - - [02/Apr/2026:13:20:44 +0000] "GET /networking/v2.0/ports?device_id=af376e31-2fba-4409-a7b3-eddbcd4342af HTTP/1.1" 200 3710 "-" "python-neutronclient"
199.204.45.78 - - [02/Apr/2026:13:20:44 +0000] "GET /networking/v2.0/security-groups?id=c75ce9cd-6a19-420c-a43b-db5d48400962&fields=id&fields=name HTTP/1.1" 200 3016 "-" "python-neutronclient"
172.24.5.223 - - [02/Apr/2026:13:20:44 +0000] "GET /compute/v2.1/servers/af376e31-2fba-4409-a7b3-eddbcd4342af HTTP/1.1" 200 4574 "-" "openstack-cloud-controller-manager/v1.33.1 gophercloud/v2.5.0"
172.24.5.223 - - [02/Apr/2026:13:20:44 +0000] "GET /compute/v2.1/flavors/4 HTTP/1.1" 200 3410 "-" "openstack-cloud-controller-manager/v1.33.1 gophercloud/v2.5.0"
172.24.5.223 - - [02/Apr/2026:13:20:44 +0000] "GET /networking/v2.0/ports?device_id=af376e31-2fba-4409-a7b3-eddbcd4342af HTTP/1.1" 200 3679 "-" "openstack-cloud-controller-manager/v1.33.1 gophercloud/v2.5.0"
199.204.45.78 - - [02/Apr/2026:13:20:44 +0000] "GET /networking/v2.0/ports?device_id=f9ac82af-aa2e-4697-aa78-b1587f033634 HTTP/1.1" 200 3732 "-" "python-neutronclient"
199.204.45.78 - - [02/Apr/2026:13:20:45 +0000] "GET /networking/v2.0/security-groups?id=51e3bec8-0f94-4d7b-917e-59b14e8986d2&fields=id&fields=name HTTP/1.1" 200 3010 "-" "python-neutronclient"
172.24.5.223 - - [02/Apr/2026:13:20:44 +0000] "GET /compute/v2.1/servers/f9ac82af-aa2e-4697-aa78-b1587f033634 HTTP/1.1" 200 4590 "-" "openstack-cloud-controller-manager/v1.33.1 gophercloud/v2.5.0"
172.24.5.223 - - [02/Apr/2026:13:20:45 +0000] "GET /compute/v2.1/flavors/4 HTTP/1.1" 200 3410 "-" "openstack-cloud-controller-manager/v1.33.1 gophercloud/v2.5.0"
172.24.5.223 - - [02/Apr/2026:13:20:45 +0000] "GET /networking/v2.0/ports?device_id=f9ac82af-aa2e-4697-aa78-b1587f033634 HTTP/1.1" 200 3701 "-" "openstack-cloud-controller-manager/v1.33.1 gophercloud/v2.5.0"
199.204.45.78 - - [02/Apr/2026:13:20:45 +0000] "GET /networking/v2.0/ports?device_id=ded20894-635e-470f-9c3b-ed6457e65841 HTTP/1.1" 200 3732 "-" "python-neutronclient"
199.204.45.78 - - [02/Apr/2026:13:20:45 +0000] "GET /networking/v2.0/security-groups?id=51e3bec8-0f94-4d7b-917e-59b14e8986d2&fields=id&fields=name HTTP/1.1" 200 3010 "-" "python-neutronclient"
172.24.5.223 - - [02/Apr/2026:13:20:45 +0000] "GET /compute/v2.1/servers/ded20894-635e-470f-9c3b-ed6457e65841 HTTP/1.1" 200 4590 "-" "openstack-cloud-controller-manager/v1.33.1 gophercloud/v2.5.0"
172.24.5.223 - - [02/Apr/2026:13:20:45 +0000] "GET /compute/v2.1/flavors/4 HTTP/1.1" 200 3410 "-" "openstack-cloud-controller-manager/v1.33.1 gophercloud/v2.5.0"
172.24.5.223 - - [02/Apr/2026:13:20:45 +0000] "GET /networking/v2.0/ports?device_id=ded20894-635e-470f-9c3b-ed6457e65841 HTTP/1.1" 200 3701 "-" "openstack-cloud-controller-manager/v1.33.1 gophercloud/v2.5.0"
172.24.5.223 - - [02/Apr/2026:13:21:12 +0000] "GET /volume/v3/volumes/detail HTTP/1.1" 200 2988 "-" "cinder-csi-plugin/v1.32.0 gophercloud/v2.5.0"
199.204.45.78 - - [02/Apr/2026:13:21:24 +0000] "GET /placement/resource_providers/238cfcd7-922b-4abe-96d7-535364dc619e/allocations HTTP/1.1" 200 3302 "-" "nova-compute keystoneauth1/5.13.1 python-requests/2.32.5 CPython/3.12.3"
199.204.45.78 - - [02/Apr/2026:13:21:24 +0000] "GET /placement/resource_providers/238cfcd7-922b-4abe-96d7-535364dc619e/allocations HTTP/1.1" 200 3302 "-" "nova-compute keystoneauth1/5.13.1 python-requests/2.32.5 CPython/3.12.3"
199.204.45.78 - - [02/Apr/2026:13:21:24 +0000] "GET /placement/allocations/f9ac82af-aa2e-4697-aa78-b1587f033634 HTTP/1.1" 200 3275 "-" "nova-compute keystoneauth1/5.13.1 python-requests/2.32.5 CPython/3.12.3"
199.204.45.78 - - [02/Apr/2026:13:21:24 +0000] "GET /placement/allocations/ded20894-635e-470f-9c3b-ed6457e65841 HTTP/1.1" 200 3275 "-" "nova-compute keystoneauth1/5.13.1 python-requests/2.32.5 CPython/3.12.3"
199.204.45.78 - - [02/Apr/2026:13:21:24 +0000] "GET /placement/allocations/af376e31-2fba-4409-a7b3-eddbcd4342af HTTP/1.1" 200 3275 "-" "nova-compute keystoneauth1/5.13.1 python-requests/2.32.5 CPython/3.12.3"
172.18.0.2 - - [02/Apr/2026:13:21:41 +0000] "GET /compute/v2.1/ HTTP/1.1" 200 3431 "-" "cluster-api-provider-openstack/v0.12.4 gophercloud/v2.7.0"
172.18.0.2 - - [02/Apr/2026:13:21:41 +0000] "GET /compute/v2.1/ HTTP/1.1" 200 3431 "-" "cluster-api-provider-openstack/v0.12.4 gophercloud/v2.7.0"
172.18.0.2 - - [02/Apr/2026:13:21:41 +0000] "GET /compute/v2.1/ HTTP/1.1" 200 3431 "-" "cluster-api-provider-openstack/v0.12.4 gophercloud/v2.7.0"
199.204.45.78 - - [02/Apr/2026:13:21:42 +0000] "GET /networking/v2.0/ports?device_id=f9ac82af-aa2e-4697-aa78-b1587f033634 HTTP/1.1" 200 3732 "-" "python-neutronclient"
199.204.45.78 - - [02/Apr/2026:13:21:42 +0000] "GET /networking/v2.0/ports?device_id=ded20894-635e-470f-9c3b-ed6457e65841 HTTP/1.1" 200 3732 "-" "python-neutronclient"
199.204.45.78 - - [02/Apr/2026:13:21:42 +0000] "GET /networking/v2.0/ports?device_id=af376e31-2fba-4409-a7b3-eddbcd4342af HTTP/1.1" 200 3710 "-" "python-neutronclient"
199.204.45.78 - - [02/Apr/2026:13:21:42 +0000] "GET /networking/v2.0/security-groups?id=51e3bec8-0f94-4d7b-917e-59b14e8986d2&fields=id&fields=name HTTP/1.1" 200 3010 "-" "python-neutronclient"
172.18.0.2 - - [02/Apr/2026:13:21:41 +0000] "GET /compute/v2.1/servers/f9ac82af-aa2e-4697-aa78-b1587f033634 HTTP/1.1" 200 4642 "-" "cluster-api-provider-openstack/v0.12.4 gophercloud/v2.7.0"
199.204.45.78 - - [02/Apr/2026:13:21:42 +0000] "GET /networking/v2.0/security-groups?id=51e3bec8-0f94-4d7b-917e-59b14e8986d2&fields=id&fields=name HTTP/1.1" 200 3010 "-" "python-neutronclient"
172.18.0.2 - - [02/Apr/2026:13:21:41 +0000] "GET /compute/v2.1/servers/ded20894-635e-470f-9c3b-ed6457e65841 HTTP/1.1" 200 4642 "-" "cluster-api-provider-openstack/v0.12.4 gophercloud/v2.7.0"
199.204.45.78 - - [02/Apr/2026:13:21:42 +0000] "GET /networking/v2.0/security-groups?id=c75ce9cd-6a19-420c-a43b-db5d48400962&fields=id&fields=name HTTP/1.1" 200 3016 "-" "python-neutronclient"
172.18.0.2 - - [02/Apr/2026:13:21:41 +0000] "GET /compute/v2.1/servers/af376e31-2fba-4409-a7b3-eddbcd4342af HTTP/1.1" 200 4626 "-" "cluster-api-provider-openstack/v0.12.4 gophercloud/v2.7.0"
199.204.45.78 - - [02/Apr/2026:13:22:12 +0000] "GET /identity/v3/auth/tokens HTTP/1.1" 200 8209 "-" "python-keystoneclient"
172.24.5.223 - - [02/Apr/2026:13:22:12 +0000] "GET /volume/v3/volumes/detail HTTP/1.1" 200 2988 "-" "cinder-csi-plugin/v1.32.0 gophercloud/v2.5.0"
199.204.45.78 - - [02/Apr/2026:13:22:24 +0000] "GET /placement/resource_providers/238cfcd7-922b-4abe-96d7-535364dc619e/allocations HTTP/1.1" 200 3302 "-" "nova-compute keystoneauth1/5.13.1 python-requests/2.32.5 CPython/3.12.3"
199.204.45.78 - - [02/Apr/2026:13:22:24 +0000] "GET /placement/resource_providers/238cfcd7-922b-4abe-96d7-535364dc619e/allocations HTTP/1.1" 200 3302 "-" "nova-compute keystoneauth1/5.13.1 python-requests/2.32.5 CPython/3.12.3"
199.204.45.78 - - [02/Apr/2026:13:22:24 +0000] "GET /placement/allocations/f9ac82af-aa2e-4697-aa78-b1587f033634 HTTP/1.1" 200 3275 "-" "nova-compute keystoneauth1/5.13.1 python-requests/2.32.5 CPython/3.12.3"
199.204.45.78 - - [02/Apr/2026:13:22:24 +0000] "GET /placement/allocations/ded20894-635e-470f-9c3b-ed6457e65841 HTTP/1.1" 200 3275 "-" "nova-compute keystoneauth1/5.13.1 python-requests/2.32.5 CPython/3.12.3"
199.204.45.78 - - [02/Apr/2026:13:22:24 +0000] "GET /placement/allocations/af376e31-2fba-4409-a7b3-eddbcd4342af HTTP/1.1" 200 3275 "-" "nova-compute keystoneauth1/5.13.1 python-requests/2.32.5 CPython/3.12.3"
172.18.0.2 - - [02/Apr/2026:13:22:28 +0000] "GET /networking/v2.0/ports?id=c04045d3-f86f-4df5-bfa7-8b953db1ac58&name=kube-2t508-4vld9-wtvxz-0&network_id=9a5972d6-4770-47c4-880c-d18fc47d4ce6 HTTP/1.1" 200 3679 "-" "cluster-api-provider-openstack/v0.12.4 gophercloud/v2.7.0"
172.18.0.2 - - [02/Apr/2026:13:22:28 +0000] "GET /networking/v2.0/ports?id=6f8e2d65-eb61-48b8-a6fc-a39bbed0f121&name=kube-2t508-default-worker-csdsp-hnljm-k6lk2-0&network_id=9a5972d6-4770-47c4-880c-d18fc47d4ce6 HTTP/1.1" 200 3701 "-" "cluster-api-provider-openstack/v0.12.4 gophercloud/v2.7.0"
172.18.0.2 - - [02/Apr/2026:13:22:28 +0000] "GET /networking/v2.0/ports?id=3404f144-4c21-4417-8522-c83c55502247&name=kube-2t508-default-worker-csdsp-hnljm-qp6zx-0&network_id=9a5972d6-4770-47c4-880c-d18fc47d4ce6 HTTP/1.1" 200 3701 "-" "cluster-api-provider-openstack/v0.12.4 gophercloud/v2.7.0"
172.18.0.2 - - [02/Apr/2026:13:22:28 +0000] "GET /compute/v2.1/ HTTP/1.1" 200 3431 "-" "cluster-api-provider-openstack/v0.12.4 gophercloud/v2.7.0"
172.18.0.2 - - [02/Apr/2026:13:22:28 +0000] "GET /compute/v2.1/ HTTP/1.1" 200 3431 "-" "cluster-api-provider-openstack/v0.12.4 gophercloud/v2.7.0"
172.18.0.2 - - [02/Apr/2026:13:22:28 +0000] "GET /compute/v2.1/ HTTP/1.1" 200 3431 "-" "cluster-api-provider-openstack/v0.12.4 gophercloud/v2.7.0"
199.204.45.78 - - [02/Apr/2026:13:22:28 +0000] "GET /networking/v2.0/ports?device_id=af376e31-2fba-4409-a7b3-eddbcd4342af HTTP/1.1" 200 3710 "-" "python-neutronclient"
199.204.45.78 - - [02/Apr/2026:13:22:28 +0000] "GET /networking/v2.0/ports?device_id=f9ac82af-aa2e-4697-aa78-b1587f033634 HTTP/1.1" 200 3732 "-" "python-neutronclient"
199.204.45.78 - - [02/Apr/2026:13:22:28 +0000] "GET /networking/v2.0/ports?device_id=ded20894-635e-470f-9c3b-ed6457e65841 HTTP/1.1" 200 3732 "-" "python-neutronclient"
199.204.45.78 - - [02/Apr/2026:13:22:28 +0000] "GET /networking/v2.0/security-groups?id=c75ce9cd-6a19-420c-a43b-db5d48400962&fields=id&fields=name HTTP/1.1" 200 3016 "-" "python-neutronclient"
199.204.45.78 - - [02/Apr/2026:13:22:28 +0000] "GET /networking/v2.0/security-groups?id=51e3bec8-0f94-4d7b-917e-59b14e8986d2&fields=id&fields=name HTTP/1.1" 200 3010 "-" "python-neutronclient"
172.18.0.2 - - [02/Apr/2026:13:22:28 +0000] "GET /compute/v2.1/servers/af376e31-2fba-4409-a7b3-eddbcd4342af HTTP/1.1" 200 4626 "-" "cluster-api-provider-openstack/v0.12.4 gophercloud/v2.7.0"
172.18.0.2 - - [02/Apr/2026:13:22:28 +0000] "GET /compute/v2.1/servers/f9ac82af-aa2e-4697-aa78-b1587f033634 HTTP/1.1" 200 4642 "-" "cluster-api-provider-openstack/v0.12.4 gophercloud/v2.7.0"
199.204.45.78 - - [02/Apr/2026:13:22:28 +0000] "GET /networking/v2.0/security-groups?id=51e3bec8-0f94-4d7b-917e-59b14e8986d2&fields=id&fields=name HTTP/1.1" 200 3010 "-" "python-neutronclient"
172.18.0.2 - - [02/Apr/2026:13:22:28 +0000] "GET /compute/v2.1/servers/ded20894-635e-470f-9c3b-ed6457e65841 HTTP/1.1" 200 4642 "-" "cluster-api-provider-openstack/v0.12.4 gophercloud/v2.7.0"
172.24.5.223 - - [02/Apr/2026:13:23:12 +0000] "GET /volume/v3/volumes/detail HTTP/1.1" 200 2988 "-" "cinder-csi-plugin/v1.32.0 gophercloud/v2.5.0"
199.204.45.78 - - [02/Apr/2026:13:23:24 +0000] "GET /identity/v3/auth/tokens HTTP/1.1" 200 8083 "-" "python-keystoneclient"
199.204.45.78 - - [02/Apr/2026:13:23:24 +0000] "GET /placement/resource_providers/238cfcd7-922b-4abe-96d7-535364dc619e/allocations HTTP/1.1" 200 3302 "-" "nova-compute keystoneauth1/5.13.1 python-requests/2.32.5 CPython/3.12.3"
199.204.45.78 - - [02/Apr/2026:13:23:24 +0000] "GET /placement/resource_providers?in_tree=238cfcd7-922b-4abe-96d7-535364dc619e HTTP/1.1" 200 3816 "-" "nova-compute keystoneauth1/5.13.1 python-requests/2.32.5 CPython/3.12.3"
199.204.45.78 - - [02/Apr/2026:13:23:24 +0000] "GET /placement/resource_providers/238cfcd7-922b-4abe-96d7-535364dc619e/inventories HTTP/1.1" 200 3344 "-" "nova-compute keystoneauth1/5.13.1 python-requests/2.32.5 CPython/3.12.3"
199.204.45.78 - - [02/Apr/2026:13:23:24 +0000] "GET /placement/resource_providers/238cfcd7-922b-4abe-96d7-535364dc619e/aggregates HTTP/1.1" 200 3068 "-" "nova-compute keystoneauth1/5.13.1 python-requests/2.32.5 CPython/3.12.3"
199.204.45.78 - - [02/Apr/2026:13:23:24 +0000] "GET /placement/resource_providers/238cfcd7-922b-4abe-96d7-535364dc619e/traits HTTP/1.1" 200 5008 "-" "nova-compute keystoneauth1/5.13.1 python-requests/2.32.5 CPython/3.12.3"
199.204.45.78 - - [02/Apr/2026:13:23:24 +0000] "GET /placement/resource_providers/238cfcd7-922b-4abe-96d7-535364dc619e/allocations HTTP/1.1" 200 3302 "-" "nova-compute keystoneauth1/5.13.1 python-requests/2.32.5 CPython/3.12.3"
199.204.45.78 - - [02/Apr/2026:13:23:24 +0000] "GET /placement/allocations/f9ac82af-aa2e-4697-aa78-b1587f033634 HTTP/1.1" 200 3275 "-" "nova-compute keystoneauth1/5.13.1 python-requests/2.32.5 CPython/3.12.3"
199.204.45.78 - - [02/Apr/2026:13:23:24 +0000] "GET /placement/allocations/ded20894-635e-470f-9c3b-ed6457e65841 HTTP/1.1" 200 3275 "-" "nova-compute keystoneauth1/5.13.1 python-requests/2.32.5 CPython/3.12.3"
199.204.45.78 - - [02/Apr/2026:13:23:24 +0000] "GET /placement/allocations/af376e31-2fba-4409-a7b3-eddbcd4342af HTTP/1.1" 200 3275 "-" "nova-compute keystoneauth1/5.13.1 python-requests/2.32.5 CPython/3.12.3"
172.24.5.223 - - [02/Apr/2026:13:24:12 +0000] "GET /volume/v3/volumes/detail HTTP/1.1" 200 2988 "-" "cinder-csi-plugin/v1.32.0 gophercloud/v2.5.0"
199.204.45.78 - - [02/Apr/2026:13:24:24 +0000] "GET /placement/resource_providers/238cfcd7-922b-4abe-96d7-535364dc619e/allocations HTTP/1.1" 200 3302 "-" "nova-compute keystoneauth1/5.13.1 python-requests/2.32.5 CPython/3.12.3"
199.204.45.78 - - [02/Apr/2026:13:24:24 +0000] "GET /placement/resource_providers/238cfcd7-922b-4abe-96d7-535364dc619e/allocations HTTP/1.1" 200 3302 "-" "nova-compute keystoneauth1/5.13.1 python-requests/2.32.5 CPython/3.12.3"
199.204.45.78 - - [02/Apr/2026:13:24:24 +0000] "GET /placement/allocations/f9ac82af-aa2e-4697-aa78-b1587f033634 HTTP/1.1" 200 3275 "-" "nova-compute keystoneauth1/5.13.1 python-requests/2.32.5 CPython/3.12.3"
199.204.45.78 - - [02/Apr/2026:13:24:24 +0000] "GET /placement/allocations/ded20894-635e-470f-9c3b-ed6457e65841 HTTP/1.1" 200 3275 "-" "nova-compute keystoneauth1/5.13.1 python-requests/2.32.5 CPython/3.12.3"
199.204.45.78 - - [02/Apr/2026:13:24:24 +0000] "GET /placement/allocations/af376e31-2fba-4409-a7b3-eddbcd4342af HTTP/1.1" 200 3275 "-" "nova-compute keystoneauth1/5.13.1 python-requests/2.32.5 CPython/3.12.3"
172.24.5.223 - - [02/Apr/2026:13:25:12 +0000] "GET /volume/v3/volumes/detail HTTP/1.1" 200 2988 "-" "cinder-csi-plugin/v1.32.0 gophercloud/v2.5.0"
199.204.45.78 - - [02/Apr/2026:13:25:25 +0000] "GET /placement/resource_providers/238cfcd7-922b-4abe-96d7-535364dc619e/allocations HTTP/1.1" 200 3302 "-" "nova-compute keystoneauth1/5.13.1 python-requests/2.32.5 CPython/3.12.3"
199.204.45.78 - - [02/Apr/2026:13:25:25 +0000] "GET /placement/resource_providers/238cfcd7-922b-4abe-96d7-535364dc619e/allocations HTTP/1.1" 200 3302 "-" "nova-compute keystoneauth1/5.13.1 python-requests/2.32.5 CPython/3.12.3"
199.204.45.78 - - [02/Apr/2026:13:25:25 +0000] "GET /placement/allocations/f9ac82af-aa2e-4697-aa78-b1587f033634 HTTP/1.1" 200 3275 "-" "nova-compute keystoneauth1/5.13.1 python-requests/2.32.5 CPython/3.12.3"
199.204.45.78 - - [02/Apr/2026:13:25:25 +0000] "GET /placement/allocations/ded20894-635e-470f-9c3b-ed6457e65841 HTTP/1.1" 200 3275 "-" "nova-compute keystoneauth1/5.13.1 python-requests/2.32.5 CPython/3.12.3"
199.204.45.78 - - [02/Apr/2026:13:25:25 +0000] "GET /placement/allocations/af376e31-2fba-4409-a7b3-eddbcd4342af HTTP/1.1" 200 3275 "-" "nova-compute keystoneauth1/5.13.1 python-requests/2.32.5 CPython/3.12.3"
199.204.45.78 - - [02/Apr/2026:13:25:45 +0000] "GET /identity/v3/auth/tokens HTTP/1.1" 200 8209 "-" "python-keystoneclient"
199.204.45.78 - - [02/Apr/2026:13:25:45 +0000] "GET /identity/v3/auth/tokens HTTP/1.1" 200 8083 "-" "python-keystoneclient"
199.204.45.78 - - [02/Apr/2026:13:25:45 +0000] "GET /networking/v2.0/ports?device_id=af376e31-2fba-4409-a7b3-eddbcd4342af HTTP/1.1" 200 3710 "-" "python-neutronclient"
199.204.45.78 - - [02/Apr/2026:13:25:45 +0000] "GET /networking/v2.0/security-groups?id=c75ce9cd-6a19-420c-a43b-db5d48400962&fields=id&fields=name HTTP/1.1" 200 3016 "-" "python-neutronclient"
172.24.5.223 - - [02/Apr/2026:13:25:45 +0000] "GET /compute/v2.1/servers/af376e31-2fba-4409-a7b3-eddbcd4342af HTTP/1.1" 200 4574 "-" "openstack-cloud-controller-manager/v1.33.1 gophercloud/v2.5.0"
172.24.5.223 - - [02/Apr/2026:13:25:45 +0000] "GET /compute/v2.1/flavors/4 HTTP/1.1" 200 3410 "-" "openstack-cloud-controller-manager/v1.33.1 gophercloud/v2.5.0"
172.24.5.223 - - [02/Apr/2026:13:25:45 +0000] "GET /networking/v2.0/ports?device_id=af376e31-2fba-4409-a7b3-eddbcd4342af HTTP/1.1" 200 3679 "-" "openstack-cloud-controller-manager/v1.33.1 gophercloud/v2.5.0"
199.204.45.78 - - [02/Apr/2026:13:25:46 +0000] "GET /identity/v3/auth/tokens HTTP/1.1" 200 8083 "-" "python-keystoneclient"
199.204.45.78 - - [02/Apr/2026:13:25:46 +0000] "GET /networking/v2.0/ports?device_id=f9ac82af-aa2e-4697-aa78-b1587f033634 HTTP/1.1" 200 3732 "-" "python-neutronclient"
199.204.45.78 - - [02/Apr/2026:13:25:46 +0000] "GET /networking/v2.0/security-groups?id=51e3bec8-0f94-4d7b-917e-59b14e8986d2&fields=id&fields=name HTTP/1.1" 200 3010 "-" "python-neutronclient"
172.24.5.223 - - [02/Apr/2026:13:25:45 +0000] "GET /compute/v2.1/servers/f9ac82af-aa2e-4697-aa78-b1587f033634 HTTP/1.1" 200 4590 "-" "openstack-cloud-controller-manager/v1.33.1 gophercloud/v2.5.0"
172.24.5.223 - - [02/Apr/2026:13:25:46 +0000] "GET /compute/v2.1/flavors/4 HTTP/1.1" 200 3410 "-" "openstack-cloud-controller-manager/v1.33.1 gophercloud/v2.5.0"
172.24.5.223 - - [02/Apr/2026:13:25:46 +0000] "GET /networking/v2.0/ports?device_id=f9ac82af-aa2e-4697-aa78-b1587f033634 HTTP/1.1" 200 3701 "-" "openstack-cloud-controller-manager/v1.33.1 gophercloud/v2.5.0"
199.204.45.78 - - [02/Apr/2026:13:25:46 +0000] "GET /networking/v2.0/ports?device_id=ded20894-635e-470f-9c3b-ed6457e65841 HTTP/1.1" 200 3732 "-" "python-neutronclient"
199.204.45.78 - - [02/Apr/2026:13:25:46 +0000] "GET /networking/v2.0/security-groups?id=51e3bec8-0f94-4d7b-917e-59b14e8986d2&fields=id&fields=name HTTP/1.1" 200 3010 "-" "python-neutronclient"
172.24.5.223 - - [02/Apr/2026:13:25:46 +0000] "GET /compute/v2.1/servers/ded20894-635e-470f-9c3b-ed6457e65841 HTTP/1.1" 200 4590 "-" "openstack-cloud-controller-manager/v1.33.1 gophercloud/v2.5.0"
172.24.5.223 - - [02/Apr/2026:13:25:46 +0000] "GET /compute/v2.1/flavors/4 HTTP/1.1" 200 3410 "-" "openstack-cloud-controller-manager/v1.33.1 gophercloud/v2.5.0"
172.24.5.223 - - [02/Apr/2026:13:25:46 +0000] "GET /networking/v2.0/ports?device_id=ded20894-635e-470f-9c3b-ed6457e65841 HTTP/1.1" 200 3701 "-" "openstack-cloud-controller-manager/v1.33.1 gophercloud/v2.5.0"
172.24.5.223 - - [02/Apr/2026:13:26:12 +0000] "GET /volume/v3/volumes/detail HTTP/1.1" 200 2988 "-" "cinder-csi-plugin/v1.32.0 gophercloud/v2.5.0"
172.18.0.2 - - [02/Apr/2026:13:26:16 +0000] "GET /identity/ HTTP/1.1" 300 3199 "-" "cluster-api-provider-openstack/v0.12.4 gophercloud/v2.7.0"
172.18.0.2 - - [02/Apr/2026:13:26:16 +0000] "POST /identity/v3/auth/tokens HTTP/1.1" 201 8183 "-" "cluster-api-provider-openstack/v0.12.4 gophercloud/v2.7.0"
172.18.0.2 - - [02/Apr/2026:13:26:16 +0000] "GET /identity/v3/auth/tokens HTTP/1.1" 200 8178 "-" "cluster-api-provider-openstack/v0.12.4 gophercloud/v2.7.0"
199.204.45.78 - - [02/Apr/2026:13:26:16 +0000] "GET /identity/v3/auth/tokens HTTP/1.1" 200 8209 "-" "python-keystoneclient"
172.18.0.2 - - [02/Apr/2026:13:26:16 +0000] "GET /networking/v2.0/networks/951eefd1-d335-48f2-8fe9-47697f5bd917 HTTP/1.1" 200 3502 "-" "cluster-api-provider-openstack/v0.12.4 gophercloud/v2.7.0"
172.18.0.2 - - [02/Apr/2026:13:26:16 +0000] "GET /networking/v2.0/networks?name=k8s-clusterapi-cluster-magnum-system-kube-2t508 HTTP/1.1" 200 3490 "-" "cluster-api-provider-openstack/v0.12.4 gophercloud/v2.7.0"
172.18.0.2 - - [02/Apr/2026:13:26:16 +0000] "GET /networking/v2.0/subnets?cidr=192.168.24.0%2F24&network_id=9a5972d6-4770-47c4-880c-d18fc47d4ce6 HTTP/1.1" 200 3614 "-" "cluster-api-provider-openstack/v0.12.4 gophercloud/v2.7.0"
172.18.0.2 - - [02/Apr/2026:13:26:16 +0000] "GET /networking/v2.0/routers/9647a799-5000-4855-9f91-d95ccfb37286 HTTP/1.1" 200 4063 "-" "cluster-api-provider-openstack/v0.12.4 gophercloud/v2.7.0"
172.18.0.2 - - [02/Apr/2026:13:26:17 +0000] "GET /networking/v2.0/ports?device_id=9647a799-5000-4855-9f91-d95ccfb37286 HTTP/1.1" 200 3569 "-" "cluster-api-provider-openstack/v0.12.4 gophercloud/v2.7.0"
172.18.0.2 - - [02/Apr/2026:13:26:17 +0000] "GET /networking/v2.0/security-groups?name=k8s-cluster-magnum-system-kube-2t508-secgroup-bastion HTTP/1.1" 200 2868 "-" "cluster-api-provider-openstack/v0.12.4 gophercloud/v2.7.0"
172.18.0.2 - - [02/Apr/2026:13:26:17 +0000] "GET /networking/v2.0/security-groups?name=k8s-cluster-magnum-system-kube-2t508-secgroup-controlplane HTTP/1.1" 200 7754 "-" "cluster-api-provider-openstack/v0.12.4 gophercloud/v2.7.0"
172.18.0.2 - - [02/Apr/2026:13:26:17 +0000] "GET /networking/v2.0/security-groups?name=k8s-cluster-magnum-system-kube-2t508-secgroup-worker HTTP/1.1" 200 11151 "-" "cluster-api-provider-openstack/v0.12.4 gophercloud/v2.7.0"
172.18.0.2 - - [02/Apr/2026:13:26:17 +0000] "GET /networking/v2.0/floatingips?floating_ip_address=172.24.5.116 HTTP/1.1" 200 3756 "-" "cluster-api-provider-openstack/v0.12.4 gophercloud/v2.7.0"
172.18.0.2 - - [02/Apr/2026:13:26:17 +0000] "GET /compute/v2.1/ HTTP/1.1" 200 3431 "-" "cluster-api-provider-openstack/v0.12.4 gophercloud/v2.7.0"
172.18.0.2 - - [02/Apr/2026:13:26:17 +0000] "GET /compute/v2.1/os-availability-zone HTTP/1.1" 200 3137 "-" "cluster-api-provider-openstack/v0.12.4 gophercloud/v2.7.0"
199.204.45.78 - - [02/Apr/2026:13:26:26 +0000] "GET /placement/resource_providers/238cfcd7-922b-4abe-96d7-535364dc619e/allocations HTTP/1.1" 200 3302 "-" "nova-compute keystoneauth1/5.13.1 python-requests/2.32.5 CPython/3.12.3"
199.204.45.78 - - [02/Apr/2026:13:26:26 +0000] "GET /placement/resource_providers/238cfcd7-922b-4abe-96d7-535364dc619e/allocations HTTP/1.1" 200 3302 "-" "nova-compute keystoneauth1/5.13.1 python-requests/2.32.5 CPython/3.12.3"
199.204.45.78 - - [02/Apr/2026:13:26:26 +0000] "GET /placement/allocations/f9ac82af-aa2e-4697-aa78-b1587f033634 HTTP/1.1" 200 3275 "-" "nova-compute keystoneauth1/5.13.1 python-requests/2.32.5 CPython/3.12.3"
199.204.45.78 - - [02/Apr/2026:13:26:26 +0000] "GET /placement/allocations/ded20894-635e-470f-9c3b-ed6457e65841 HTTP/1.1" 200 3275 "-" "nova-compute keystoneauth1/5.13.1 python-requests/2.32.5 CPython/3.12.3"
199.204.45.78 - - [02/Apr/2026:13:26:26 +0000] "GET /placement/allocations/af376e31-2fba-4409-a7b3-eddbcd4342af HTTP/1.1" 200 3275 "-" "nova-compute keystoneauth1/5.13.1 python-requests/2.32.5 CPython/3.12.3"
199.204.45.78 - - [02/Apr/2026:13:27:13 +0000] "GET /identity/v3/auth/tokens HTTP/1.1" 200 8209 "-" "python-keystoneclient"
172.24.5.223 - - [02/Apr/2026:13:27:13 +0000] "GET /volume/v3/volumes/detail HTTP/1.1" 200 2988 "-" "cinder-csi-plugin/v1.32.0 gophercloud/v2.5.0"
199.204.45.78 - - [02/Apr/2026:13:27:26 +0000] "GET /placement/resource_providers/238cfcd7-922b-4abe-96d7-535364dc619e/allocations HTTP/1.1" 200 3302 "-" "nova-compute keystoneauth1/5.13.1 python-requests/2.32.5 CPython/3.12.3"
199.204.45.78 - - [02/Apr/2026:13:27:26 +0000] "GET /placement/resource_providers/238cfcd7-922b-4abe-96d7-535364dc619e/allocations HTTP/1.1" 200 3302 "-" "nova-compute keystoneauth1/5.13.1 python-requests/2.32.5 CPython/3.12.3"
199.204.45.78 - - [02/Apr/2026:13:27:26 +0000] "GET /placement/allocations/f9ac82af-aa2e-4697-aa78-b1587f033634 HTTP/1.1" 200 3275 "-" "nova-compute keystoneauth1/5.13.1 python-requests/2.32.5 CPython/3.12.3"
199.204.45.78 - - [02/Apr/2026:13:27:26 +0000] "GET /placement/allocations/ded20894-635e-470f-9c3b-ed6457e65841 HTTP/1.1" 200 3275 "-" "nova-compute keystoneauth1/5.13.1 python-requests/2.32.5 CPython/3.12.3"
199.204.45.78 - - [02/Apr/2026:13:27:26 +0000] "GET /placement/allocations/af376e31-2fba-4409-a7b3-eddbcd4342af HTTP/1.1" 200 3275 "-" "nova-compute keystoneauth1/5.13.1 python-requests/2.32.5 CPython/3.12.3"
172.24.5.223 - - [02/Apr/2026:13:28:13 +0000] "GET /volume/v3/volumes/detail HTTP/1.1" 200 2988 "-" "cinder-csi-plugin/v1.32.0 gophercloud/v2.5.0"
199.204.45.78 - - [02/Apr/2026:13:28:26 +0000] "GET /identity/v3/auth/tokens HTTP/1.1" 200 8083 "-" "python-keystoneclient"
199.204.45.78 - - [02/Apr/2026:13:28:26 +0000] "GET /placement/resource_providers/238cfcd7-922b-4abe-96d7-535364dc619e/allocations HTTP/1.1" 200 3302 "-" "nova-compute keystoneauth1/5.13.1 python-requests/2.32.5 CPython/3.12.3"
199.204.45.78 - - [02/Apr/2026:13:28:26 +0000] "GET /placement/resource_providers?in_tree=238cfcd7-922b-4abe-96d7-535364dc619e HTTP/1.1" 200 3816 "-" "nova-compute keystoneauth1/5.13.1 python-requests/2.32.5 CPython/3.12.3"
199.204.45.78 - - [02/Apr/2026:13:28:26 +0000] "GET /placement/resource_providers/238cfcd7-922b-4abe-96d7-535364dc619e/inventories HTTP/1.1" 200 3344 "-" "nova-compute keystoneauth1/5.13.1 python-requests/2.32.5 CPython/3.12.3"
199.204.45.78 - - [02/Apr/2026:13:28:26 +0000] "GET /placement/resource_providers/238cfcd7-922b-4abe-96d7-535364dc619e/aggregates HTTP/1.1" 200 3068 "-" "nova-compute keystoneauth1/5.13.1 python-requests/2.32.5 CPython/3.12.3"
199.204.45.78 - - [02/Apr/2026:13:28:26 +0000] "GET /placement/resource_providers/238cfcd7-922b-4abe-96d7-535364dc619e/traits HTTP/1.1" 200 5008 "-" "nova-compute keystoneauth1/5.13.1 python-requests/2.32.5 CPython/3.12.3"
199.204.45.78 - - [02/Apr/2026:13:28:26 +0000] "GET /placement/resource_providers/238cfcd7-922b-4abe-96d7-535364dc619e/allocations HTTP/1.1" 200 3302 "-" "nova-compute keystoneauth1/5.13.1 python-requests/2.32.5 CPython/3.12.3"
199.204.45.78 - - [02/Apr/2026:13:28:26 +0000] "GET /placement/allocations/f9ac82af-aa2e-4697-aa78-b1587f033634 HTTP/1.1" 200 3275 "-" "nova-compute keystoneauth1/5.13.1 python-requests/2.32.5 CPython/3.12.3"
199.204.45.78 - - [02/Apr/2026:13:28:26 +0000] "GET /placement/allocations/ded20894-635e-470f-9c3b-ed6457e65841 HTTP/1.1" 200 3275 "-" "nova-compute keystoneauth1/5.13.1 python-requests/2.32.5 CPython/3.12.3"
199.204.45.78 - - [02/Apr/2026:13:28:26 +0000] "GET /placement/allocations/af376e31-2fba-4409-a7b3-eddbcd4342af HTTP/1.1" 200 3275 "-" "nova-compute keystoneauth1/5.13.1 python-requests/2.32.5 CPython/3.12.3"
172.18.0.2 - - [02/Apr/2026:13:28:29 +0000] "GET /compute/v2.1/ HTTP/1.1" 200 3431 "-" "cluster-api-provider-openstack/v0.12.4 gophercloud/v2.7.0"
172.18.0.2 - - [02/Apr/2026:13:28:29 +0000] "GET /compute/v2.1/ HTTP/1.1" 200 3431 "-" "cluster-api-provider-openstack/v0.12.4 gophercloud/v2.7.0"
172.18.0.2 - - [02/Apr/2026:13:28:29 +0000] "GET /compute/v2.1/ HTTP/1.1" 200 3431 "-" "cluster-api-provider-openstack/v0.12.4 gophercloud/v2.7.0"
199.204.45.78 - - [02/Apr/2026:13:28:29 +0000] "GET /identity/v3/auth/tokens HTTP/1.1" 200 8083 "-" "python-keystoneclient"
199.204.45.78 - - [02/Apr/2026:13:28:29 +0000] "GET /identity/v3/auth/tokens HTTP/1.1" 200 8083 "-" "python-keystoneclient"
199.204.45.78 - - [02/Apr/2026:13:28:29 +0000] "GET /networking/v2.0/ports?device_id=f9ac82af-aa2e-4697-aa78-b1587f033634 HTTP/1.1" 200 3732 "-" "python-neutronclient"
199.204.45.78 - - [02/Apr/2026:13:28:29 +0000] "GET /networking/v2.0/ports?device_id=af376e31-2fba-4409-a7b3-eddbcd4342af HTTP/1.1" 200 3710 "-" "python-neutronclient"
199.204.45.78 - - [02/Apr/2026:13:28:29 +0000] "GET /networking/v2.0/ports?device_id=ded20894-635e-470f-9c3b-ed6457e65841 HTTP/1.1" 200 3732 "-" "python-neutronclient"
199.204.45.78 - - [02/Apr/2026:13:28:30 +0000] "GET /networking/v2.0/security-groups?id=51e3bec8-0f94-4d7b-917e-59b14e8986d2&fields=id&fields=name HTTP/1.1" 200 3010 "-" "python-neutronclient"
172.18.0.2 - - [02/Apr/2026:13:28:29 +0000] "GET /compute/v2.1/servers/f9ac82af-aa2e-4697-aa78-b1587f033634 HTTP/1.1" 200 4642 "-" "cluster-api-provider-openstack/v0.12.4 gophercloud/v2.7.0"
199.204.45.78 - - [02/Apr/2026:13:28:30 +0000] "GET /networking/v2.0/security-groups?id=c75ce9cd-6a19-420c-a43b-db5d48400962&fields=id&fields=name HTTP/1.1" 200 3016 "-" "python-neutronclient"
199.204.45.78 - - [02/Apr/2026:13:28:30 +0000] "GET /networking/v2.0/security-groups?id=51e3bec8-0f94-4d7b-917e-59b14e8986d2&fields=id&fields=name HTTP/1.1" 200 3010 "-" "python-neutronclient"
172.18.0.2 - - [02/Apr/2026:13:28:29 +0000] "GET /compute/v2.1/servers/ded20894-635e-470f-9c3b-ed6457e65841 HTTP/1.1" 200 4642 "-" "cluster-api-provider-openstack/v0.12.4 gophercloud/v2.7.0"
172.18.0.2 - - [02/Apr/2026:13:28:29 +0000] "GET /compute/v2.1/servers/af376e31-2fba-4409-a7b3-eddbcd4342af HTTP/1.1" 200 4626 "-" "cluster-api-provider-openstack/v0.12.4 gophercloud/v2.7.0"
172.24.5.223 - - [02/Apr/2026:13:29:13 +0000] "GET /volume/v3/volumes/detail HTTP/1.1" 200 2988 "-" "cinder-csi-plugin/v1.32.0 gophercloud/v2.5.0"
199.204.45.78 - - [02/Apr/2026:13:29:28 +0000] "GET /placement/resource_providers/238cfcd7-922b-4abe-96d7-535364dc619e/allocations HTTP/1.1" 200 3302 "-" "nova-compute keystoneauth1/5.13.1 python-requests/2.32.5 CPython/3.12.3"
199.204.45.78 - - [02/Apr/2026:13:29:28 +0000] "GET /placement/resource_providers/238cfcd7-922b-4abe-96d7-535364dc619e/allocations HTTP/1.1" 200 3302 "-" "nova-compute keystoneauth1/5.13.1 python-requests/2.32.5 CPython/3.12.3"
199.204.45.78 - - [02/Apr/2026:13:29:28 +0000] "GET /placement/allocations/f9ac82af-aa2e-4697-aa78-b1587f033634 HTTP/1.1" 200 3275 "-" "nova-compute keystoneauth1/5.13.1 python-requests/2.32.5 CPython/3.12.3"
199.204.45.78 - - [02/Apr/2026:13:29:28 +0000] "GET /placement/allocations/ded20894-635e-470f-9c3b-ed6457e65841 HTTP/1.1" 200 3275 "-" "nova-compute keystoneauth1/5.13.1 python-requests/2.32.5 CPython/3.12.3"
199.204.45.78 - - [02/Apr/2026:13:29:28 +0000] "GET /placement/allocations/af376e31-2fba-4409-a7b3-eddbcd4342af HTTP/1.1" 200 3275 "-" "nova-compute keystoneauth1/5.13.1 python-requests/2.32.5 CPython/3.12.3"
172.24.5.223 - - [02/Apr/2026:13:30:13 +0000] "GET /volume/v3/volumes/detail HTTP/1.1" 200 2988 "-" "cinder-csi-plugin/v1.32.0 gophercloud/v2.5.0"
199.204.45.78 - - [02/Apr/2026:13:30:30 +0000] "GET /placement/resource_providers/238cfcd7-922b-4abe-96d7-535364dc619e/allocations HTTP/1.1" 200 3302 "-" "nova-compute keystoneauth1/5.13.1 python-requests/2.32.5 CPython/3.12.3"
199.204.45.78 - - [02/Apr/2026:13:30:30 +0000] "GET /placement/resource_providers/238cfcd7-922b-4abe-96d7-535364dc619e/allocations HTTP/1.1" 200 3302 "-" "nova-compute keystoneauth1/5.13.1 python-requests/2.32.5 CPython/3.12.3"
199.204.45.78 - - [02/Apr/2026:13:30:30 +0000] "GET /placement/allocations/f9ac82af-aa2e-4697-aa78-b1587f033634 HTTP/1.1" 200 3275 "-" "nova-compute keystoneauth1/5.13.1 python-requests/2.32.5 CPython/3.12.3"
199.204.45.78 - - [02/Apr/2026:13:30:30 +0000] "GET /placement/allocations/ded20894-635e-470f-9c3b-ed6457e65841 HTTP/1.1" 200 3275 "-" "nova-compute keystoneauth1/5.13.1 python-requests/2.32.5 CPython/3.12.3"
199.204.45.78 - - [02/Apr/2026:13:30:30 +0000] "GET /placement/allocations/af376e31-2fba-4409-a7b3-eddbcd4342af HTTP/1.1" 200 3275 "-" "nova-compute keystoneauth1/5.13.1 python-requests/2.32.5 CPython/3.12.3"
199.204.45.78 - - [02/Apr/2026:13:30:46 +0000] "GET /identity/v3/auth/tokens HTTP/1.1" 200 8209 "-" "python-keystoneclient"
199.204.45.78 - - [02/Apr/2026:13:30:46 +0000] "GET /identity/v3/auth/tokens HTTP/1.1" 200 8083 "-" "python-keystoneclient"
199.204.45.78 - - [02/Apr/2026:13:30:46 +0000] "GET /networking/v2.0/ports?device_id=af376e31-2fba-4409-a7b3-eddbcd4342af HTTP/1.1" 200 3710 "-" "python-neutronclient"
199.204.45.78 - - [02/Apr/2026:13:30:46 +0000] "GET /networking/v2.0/security-groups?id=c75ce9cd-6a19-420c-a43b-db5d48400962&fields=id&fields=name HTTP/1.1" 200 3016 "-" "python-neutronclient"
172.24.5.223 - - [02/Apr/2026:13:30:46 +0000] "GET /compute/v2.1/servers/af376e31-2fba-4409-a7b3-eddbcd4342af HTTP/1.1" 200 4574 "-" "openstack-cloud-controller-manager/v1.33.1 gophercloud/v2.5.0"
172.24.5.223 - - [02/Apr/2026:13:30:46 +0000] "GET /compute/v2.1/flavors/4 HTTP/1.1" 200 3410 "-" "openstack-cloud-controller-manager/v1.33.1 gophercloud/v2.5.0"
172.24.5.223 - - [02/Apr/2026:13:30:46 +0000] "GET /networking/v2.0/ports?device_id=af376e31-2fba-4409-a7b3-eddbcd4342af HTTP/1.1" 200 3679 "-" "openstack-cloud-controller-manager/v1.33.1 gophercloud/v2.5.0"
172.18.0.2 - - [02/Apr/2026:13:30:47 +0000] "GET /compute/v2.1/ HTTP/1.1" 200 3431 "-" "cluster-api-provider-openstack/v0.12.4 gophercloud/v2.7.0"
172.18.0.2 - - [02/Apr/2026:13:30:47 +0000] "GET /compute/v2.1/ HTTP/1.1" 200 3431 "-" "cluster-api-provider-openstack/v0.12.4 gophercloud/v2.7.0"
172.18.0.2 - - [02/Apr/2026:13:30:47 +0000] "GET /compute/v2.1/ HTTP/1.1" 200 3431 "-" "cluster-api-provider-openstack/v0.12.4 gophercloud/v2.7.0"
199.204.45.78 - - [02/Apr/2026:13:30:47 +0000] "GET /networking/v2.0/ports?device_id=af376e31-2fba-4409-a7b3-eddbcd4342af HTTP/1.1" 200 3710 "-" "python-neutronclient"
199.204.45.78 - - [02/Apr/2026:13:30:47 +0000] "GET /identity/v3/auth/tokens HTTP/1.1" 200 8083 "-" "python-keystoneclient"
199.204.45.78 - - [02/Apr/2026:13:30:47 +0000] "GET /networking/v2.0/ports?device_id=f9ac82af-aa2e-4697-aa78-b1587f033634 HTTP/1.1" 200 3732 "-" "python-neutronclient"
199.204.45.78 - - [02/Apr/2026:13:30:47 +0000] "GET /networking/v2.0/ports?device_id=ded20894-635e-470f-9c3b-ed6457e65841 HTTP/1.1" 200 3732 "-" "python-neutronclient"
199.204.45.78 - - [02/Apr/2026:13:30:47 +0000] "GET /networking/v2.0/ports?device_id=f9ac82af-aa2e-4697-aa78-b1587f033634 HTTP/1.1" 200 3732 "-" "python-neutronclient"
199.204.45.78 - - [02/Apr/2026:13:30:47 +0000] "GET /networking/v2.0/security-groups?id=c75ce9cd-6a19-420c-a43b-db5d48400962&fields=id&fields=name HTTP/1.1" 200 3016 "-" "python-neutronclient"
172.18.0.2 - - [02/Apr/2026:13:30:47 +0000] "GET /compute/v2.1/servers/af376e31-2fba-4409-a7b3-eddbcd4342af HTTP/1.1" 200 4626 "-" "cluster-api-provider-openstack/v0.12.4 gophercloud/v2.7.0"
199.204.45.78 - - [02/Apr/2026:13:30:47 +0000] "GET /networking/v2.0/security-groups?id=51e3bec8-0f94-4d7b-917e-59b14e8986d2&fields=id&fields=name HTTP/1.1" 200 3010 "-" "python-neutronclient"
199.204.45.78 - - [02/Apr/2026:13:30:47 +0000] "GET /networking/v2.0/security-groups?id=51e3bec8-0f94-4d7b-917e-59b14e8986d2&fields=id&fields=name HTTP/1.1" 200 3010 "-" "python-neutronclient"
172.18.0.2 - - [02/Apr/2026:13:30:47 +0000] "GET /compute/v2.1/servers/f9ac82af-aa2e-4697-aa78-b1587f033634 HTTP/1.1" 200 4642 "-" "cluster-api-provider-openstack/v0.12.4 gophercloud/v2.7.0"
199.204.45.78 - - [02/Apr/2026:13:30:47 +0000] "GET /networking/v2.0/security-groups?id=51e3bec8-0f94-4d7b-917e-59b14e8986d2&fields=id&fields=name HTTP/1.1" 200 3010 "-" "python-neutronclient"
172.18.0.2 - - [02/Apr/2026:13:30:47 +0000] "GET /compute/v2.1/servers/ded20894-635e-470f-9c3b-ed6457e65841 HTTP/1.1" 200 4642 "-" "cluster-api-provider-openstack/v0.12.4 gophercloud/v2.7.0"
172.24.5.223 - - [02/Apr/2026:13:30:47 +0000] "GET /compute/v2.1/servers/f9ac82af-aa2e-4697-aa78-b1587f033634 HTTP/1.1" 200 4590 "-" "openstack-cloud-controller-manager/v1.33.1 gophercloud/v2.5.0"
172.24.5.223 - - [02/Apr/2026:13:30:47 +0000] "GET /compute/v2.1/flavors/4 HTTP/1.1" 200 3410 "-" "openstack-cloud-controller-manager/v1.33.1 gophercloud/v2.5.0"
172.24.5.223 - - [02/Apr/2026:13:30:47 +0000] "GET /networking/v2.0/ports?device_id=f9ac82af-aa2e-4697-aa78-b1587f033634 HTTP/1.1" 200 3701 "-" "openstack-cloud-controller-manager/v1.33.1 gophercloud/v2.5.0"
199.204.45.78 - - [02/Apr/2026:13:30:47 +0000] "GET /networking/v2.0/ports?device_id=ded20894-635e-470f-9c3b-ed6457e65841 HTTP/1.1" 200 3732 "-" "python-neutronclient"
199.204.45.78 - - [02/Apr/2026:13:30:47 +0000] "GET /networking/v2.0/security-groups?id=51e3bec8-0f94-4d7b-917e-59b14e8986d2&fields=id&fields=name HTTP/1.1" 200 3010 "-" "python-neutronclient"
172.24.5.223 - - [02/Apr/2026:13:30:47 +0000] "GET /compute/v2.1/servers/ded20894-635e-470f-9c3b-ed6457e65841 HTTP/1.1" 200 4590 "-" "openstack-cloud-controller-manager/v1.33.1 gophercloud/v2.5.0"
172.24.5.223 - - [02/Apr/2026:13:30:47 +0000] "GET /compute/v2.1/flavors/4 HTTP/1.1" 200 3410 "-" "openstack-cloud-controller-manager/v1.33.1 gophercloud/v2.5.0"
172.24.5.223 - - [02/Apr/2026:13:30:47 +0000] "GET /networking/v2.0/ports?device_id=ded20894-635e-470f-9c3b-ed6457e65841 HTTP/1.1" 200 3701 "-" "openstack-cloud-controller-manager/v1.33.1 gophercloud/v2.5.0"
172.24.5.223 - - [02/Apr/2026:13:31:13 +0000] "GET /volume/v3/volumes/detail HTTP/1.1" 200 2988 "-" "cinder-csi-plugin/v1.32.0 gophercloud/v2.5.0"